2024-04-25T17:00:39.259+0000 7f2edf429700 1 -- 172.21.15.96:0/3878240607 wait complete.
2024-04-25T17:00:39.788 INFO:teuthology.orchestra.run.smithi096.stdout:Generating ssh key...
2024-04-25T17:00:39.884 INFO:journalctl@ceph.mon.a.smithi096.stdout:Apr 25 17:00:39 smithi096 ceph-mon[29131]: from='client.14128 -' entity='client.admin' cmd=[{"prefix": "orch set backend", "module_name": "cephadm", "target": ["mon-mgr", ""]}]: dispatch
2024-04-25T17:00:40.919 INFO:journalctl@ceph.mon.a.smithi096.stdout:Apr 25 17:00:40 smithi096 ceph-mon[29131]: from='client.14130 -' entity='client.admin' cmd=[{"prefix": "cephadm set-user", "user": "root", "target": ["mon-mgr", ""]}]: dispatch
2024-04-25T17:00:41.186 INFO:journalctl@ceph.mgr.x.smithi096.stdout:Apr 25 17:00:40 smithi096 ceph-1be09d02-0325-11ef-bc93-c7b262605968-mgr-x[29361]: Generating public/private rsa key pair.
2024-04-25T17:00:41.187 INFO:journalctl@ceph.mgr.x.smithi096.stdout:Apr 25 17:00:40 smithi096 ceph-1be09d02-0325-11ef-bc93-c7b262605968-mgr-x[29361]: Your identification has been saved in /tmp/tmp5cle62fc/key.
2024-04-25T17:00:41.187 INFO:journalctl@ceph.mgr.x.smithi096.stdout:Apr 25 17:00:40 smithi096 ceph-1be09d02-0325-11ef-bc93-c7b262605968-mgr-x[29361]: Your public key has been saved in /tmp/tmp5cle62fc/key.pub.
2024-04-25T17:00:41.187 INFO:journalctl@ceph.mgr.x.smithi096.stdout:Apr 25 17:00:40 smithi096 ceph-1be09d02-0325-11ef-bc93-c7b262605968-mgr-x[29361]: The key fingerprint is:
2024-04-25T17:00:41.187 INFO:journalctl@ceph.mgr.x.smithi096.stdout:Apr 25 17:00:40 smithi096 ceph-1be09d02-0325-11ef-bc93-c7b262605968-mgr-x[29361]: SHA256:hibson7JDTGlPvoYMSV+76IEJLslC/0gdc9w6T+U0C8 ceph-1be09d02-0325-11ef-bc93-c7b262605968
2024-04-25T17:00:41.187 INFO:journalctl@ceph.mgr.x.smithi096.stdout:Apr 25 17:00:40 smithi096 ceph-1be09d02-0325-11ef-bc93-c7b262605968-mgr-x[29361]: The key's randomart image is:
2024-04-25T17:00:41.187 INFO:journalctl@ceph.mgr.x.smithi096.stdout:Apr 25 17:00:40 smithi096 ceph-1be09d02-0325-11ef-bc93-c7b262605968-mgr-x[29361]: +---[RSA 3072]----+
2024-04-25T17:00:41.187 INFO:journalctl@ceph.mgr.x.smithi096.stdout:Apr 25 17:00:40 smithi096 ceph-1be09d02-0325-11ef-bc93-c7b262605968-mgr-x[29361]: | |
2024-04-25T17:00:41.187 INFO:journalctl@ceph.mgr.x.smithi096.stdout:Apr 25 17:00:40 smithi096 ceph-1be09d02-0325-11ef-bc93-c7b262605968-mgr-x[29361]: | . o |
2024-04-25T17:00:41.187 INFO:journalctl@ceph.mgr.x.smithi096.stdout:Apr 25 17:00:40 smithi096 ceph-1be09d02-0325-11ef-bc93-c7b262605968-mgr-x[29361]: |.o..= + . |
2024-04-25T17:00:41.187 INFO:journalctl@ceph.mgr.x.smithi096.stdout:Apr 25 17:00:40 smithi096 ceph-1be09d02-0325-11ef-bc93-c7b262605968-mgr-x[29361]: |++o* * o o |
2024-04-25T17:00:41.187 INFO:journalctl@ceph.mgr.x.smithi096.stdout:Apr 25 17:00:40 smithi096 ceph-1be09d02-0325-11ef-bc93-c7b262605968-mgr-x[29361]: |*+=.= * E . |
2024-04-25T17:00:41.187 INFO:journalctl@ceph.mgr.x.smithi096.stdout:Apr 25 17:00:40 smithi096 ceph-1be09d02-0325-11ef-bc93-c7b262605968-mgr-x[29361]: |o*+B.o + . |
2024-04-25T17:00:41.187 INFO:journalctl@ceph.mgr.x.smithi096.stdout:Apr 25 17:00:40 smithi096 ceph-1be09d02-0325-11ef-bc93-c7b262605968-mgr-x[29361]: |oo+ B. o |
2024-04-25T17:00:41.187 INFO:journalctl@ceph.mgr.x.smithi096.stdout:Apr 25 17:00:40 smithi096 ceph-1be09d02-0325-11ef-bc93-c7b262605968-mgr-x[29361]: |.oo*.. . |
2024-04-25T17:00:41.187 INFO:journalctl@ceph.mgr.x.smithi096.stdout:Apr 25 17:00:40 smithi096 ceph-1be09d02-0325-11ef-bc93-c7b262605968-mgr-x[29361]: |o++... |
2024-04-25T17:00:41.188 INFO:journalctl@ceph.mgr.x.smithi096.stdout:Apr 25 17:00:40 smithi096 ceph-1be09d02-0325-11ef-bc93-c7b262605968-mgr-x[29361]: +----[SHA256]-----+
2024-04-25T17:00:41.540 INFO:teuthology.orchestra.run.smithi096.stdout:/usr/bin/ceph: stderr
2024-04-25T17:00:40.205+0000 7fb68ff12700 1 Processor -- start
2024-04-25T17:00:41.540 INFO:teuthology.orchestra.run.smithi096.stdout:/usr/bin/ceph: stderr
2024-04-25T17:00:40.205+0000 7fb68ff12700 1 -- start start
2024-04-25T17:00:41.540 INFO:teuthology.orchestra.run.smithi096.stdout:/usr/bin/ceph: stderr
2024-04-25T17:00:40.205+0000 7fb68ff12700 1 --2- >> [v2:172.21.15.96:3300/0,v1:172.21.15.96:6789/0] conn(0x7fb688108860 0x7fb688108c70 unknown :-1 s=NONE pgs=0 cs=0 l=0 rev1=0 crypto rx=0 tx=0 comp rx=0 tx=0).connect
2024-04-25T17:00:41.540 INFO:teuthology.orchestra.run.smithi096.stdout:/usr/bin/ceph: stderr
2024-04-25T17:00:40.205+0000 7fb68ff12700 1 -- --> [v2:172.21.15.96:3300/0,v1:172.21.15.96:6789/0] -- mon_getmap magic: 0 -- 0x7fb688109260 con 0x7fb688108860
2024-04-25T17:00:41.540 INFO:teuthology.orchestra.run.smithi096.stdout:/usr/bin/ceph: stderr
2024-04-25T17:00:40.205+0000 7fb68dcae700 1 --2- >> [v2:172.21.15.96:3300/0,v1:172.21.15.96:6789/0] conn(0x7fb688108860 0x7fb688108c70 unknown :-1 s=BANNER_CONNECTING pgs=0 cs=0 l=0 rev1=0 crypto rx=0 tx=0 comp rx=0 tx=0)._handle_peer_banner_payload supported=3 required=0
2024-04-25T17:00:41.540 INFO:teuthology.orchestra.run.smithi096.stdout:/usr/bin/ceph: stderr
2024-04-25T17:00:40.205+0000 7fb68dcae700 1 --2- >> [v2:172.21.15.96:3300/0,v1:172.21.15.96:6789/0] conn(0x7fb688108860 0x7fb688108c70 unknown :-1 s=HELLO_CONNECTING pgs=0 cs=0 l=0 rev1=1 crypto rx=0 tx=0 comp rx=0 tx=0).handle_hello peer v2:172.21.15.96:3300/0 says I am v2:172.21.15.96:42548/0 (socket says 172.21.15.96:42548)
2024-04-25T17:00:41.540 INFO:teuthology.orchestra.run.smithi096.stdout:/usr/bin/ceph: stderr
2024-04-25T17:00:40.205+0000 7fb68dcae700 1 -- 172.21.15.96:0/933012020 learned_addr learned my addr 172.21.15.96:0/933012020 (peer_addr_for_me v2:172.21.15.96:0/0)
2024-04-25T17:00:41.540 INFO:teuthology.orchestra.run.smithi096.stdout:/usr/bin/ceph: stderr
2024-04-25T17:00:40.205+0000 7fb68dcae700 1 -- 172.21.15.96:0/933012020 --> [v2:172.21.15.96:3300/0,v1:172.21.15.96:6789/0] -- mon_subscribe({config=0+,monmap=0+}) -- 0x7fb688109a30 con 0x7fb688108860
2024-04-25T17:00:41.540 INFO:teuthology.orchestra.run.smithi096.stdout:/usr/bin/ceph: stderr
2024-04-25T17:00:40.206+0000 7fb68dcae700 1 --2- 172.21.15.96:0/933012020 >> [v2:172.21.15.96:3300/0,v1:172.21.15.96:6789/0] conn(0x7fb688108860 0x7fb688108c70 secure :-1 s=READY pgs=37 cs=0 l=1 rev1=1 crypto rx=0x7fb680009e80 tx=0x7fb68000b330 comp rx=0 tx=0).ready entity=mon.0 client_cookie=c37072720914c3ea server_cookie=0 in_seq=0 out_seq=0
2024-04-25T17:00:41.540 INFO:teuthology.orchestra.run.smithi096.stdout:/usr/bin/ceph: stderr
2024-04-25T17:00:40.206+0000 7fb68ccac700 1 -- 172.21.15.96:0/933012020 <== mon.0 v2:172.21.15.96:3300/0 1 ==== mon_map magic: 0 ==== 205+0+0 (secure 0 0 0) 0x7fb680017070 con 0x7fb688108860
2024-04-25T17:00:41.541 INFO:teuthology.orchestra.run.smithi096.stdout:/usr/bin/ceph: stderr
2024-04-25T17:00:40.206+0000 7fb68ccac700 1 -- 172.21.15.96:0/933012020 <== mon.0 v2:172.21.15.96:3300/0 2 ==== config(26 keys) ==== 1070+0+0 (secure 0 0 0) 0x7fb68000b8c0 con 0x7fb688108860
2024-04-25T17:00:41.541 INFO:teuthology.orchestra.run.smithi096.stdout:/usr/bin/ceph: stderr
2024-04-25T17:00:40.206+0000 7fb68ccac700 1 -- 172.21.15.96:0/933012020 <== mon.0 v2:172.21.15.96:3300/0 3 ==== mon_map magic: 0 ==== 205+0+0 (secure 0 0 0) 0x7fb680004490 con 0x7fb688108860
2024-04-25T17:00:41.541 INFO:teuthology.orchestra.run.smithi096.stdout:/usr/bin/ceph: stderr
2024-04-25T17:00:40.207+0000 7fb68ff12700 1 -- 172.21.15.96:0/933012020 >> [v2:172.21.15.96:3300/0,v1:172.21.15.96:6789/0] conn(0x7fb688108860 msgr2=0x7fb688108c70 secure :-1 s=STATE_CONNECTION_ESTABLISHED l=1).mark_down
2024-04-25T17:00:41.541 INFO:teuthology.orchestra.run.smithi096.stdout:/usr/bin/ceph: stderr
2024-04-25T17:00:40.207+0000 7fb68ff12700 1 --2- 172.21.15.96:0/933012020 >> [v2:172.21.15.96:3300/0,v1:172.21.15.96:6789/0] conn(0x7fb688108860 0x7fb688108c70 secure :-1 s=READY pgs=37 cs=0 l=1 rev1=1 crypto rx=0x7fb680009e80 tx=0x7fb68000b330 comp rx=0 tx=0).stop
2024-04-25T17:00:41.541 INFO:teuthology.orchestra.run.smithi096.stdout:/usr/bin/ceph: stderr
2024-04-25T17:00:40.207+0000 7fb68ff12700 1 -- 172.21.15.96:0/933012020 shutdown_connections
2024-04-25T17:00:41.541 INFO:teuthology.orchestra.run.smithi096.stdout:/usr/bin/ceph: stderr
2024-04-25T17:00:40.207+0000 7fb68ff12700 1 --2- 172.21.15.96:0/933012020 >> [v2:172.21.15.96:3300/0,v1:172.21.15.96:6789/0] conn(0x7fb688108860 0x7fb688108c70 unknown :-1 s=CLOSED pgs=37 cs=0 l=1 rev1=1 crypto rx=0 tx=0 comp rx=0 tx=0).stop
2024-04-25T17:00:41.541 INFO:teuthology.orchestra.run.smithi096.stdout:/usr/bin/ceph: stderr
2024-04-25T17:00:40.207+0000 7fb68ff12700 1 -- 172.21.15.96:0/933012020 >> 172.21.15.96:0/933012020 conn(0x7fb688103e80 msgr2=0x7fb688106350 unknown :-1 s=STATE_NONE l=0).mark_down
2024-04-25T17:00:41.541 INFO:teuthology.orchestra.run.smithi096.stdout:/usr/bin/ceph: stderr
2024-04-25T17:00:40.207+0000 7fb68ff12700 1 -- 172.21.15.96:0/933012020 shutdown_connections
2024-04-25T17:00:41.541 INFO:teuthology.orchestra.run.smithi096.stdout:/usr/bin/ceph: stderr
2024-04-25T17:00:40.207+0000 7fb68ff12700 1 -- 172.21.15.96:0/933012020 wait complete.
2024-04-25T17:00:41.541 INFO:teuthology.orchestra.run.smithi096.stdout:/usr/bin/ceph: stderr
2024-04-25T17:00:40.207+0000 7fb68ff12700 1 Processor -- start
2024-04-25T17:00:41.541 INFO:teuthology.orchestra.run.smithi096.stdout:/usr/bin/ceph: stderr
2024-04-25T17:00:40.207+0000 7fb68ff12700 1 -- start start
2024-04-25T17:00:41.541 INFO:teuthology.orchestra.run.smithi096.stdout:/usr/bin/ceph: stderr
2024-04-25T17:00:40.207+0000 7fb68ff12700 1 --2- >> [v2:172.21.15.96:3300/0,v1:172.21.15.96:6789/0] conn(0x7fb688108860 0x7fb68819de00 unknown :-1 s=NONE pgs=0 cs=0 l=1 rev1=0 crypto rx=0 tx=0 comp rx=0 tx=0).connect
2024-04-25T17:00:41.541 INFO:teuthology.orchestra.run.smithi096.stdout:/usr/bin/ceph: stderr
2024-04-25T17:00:40.208+0000 7fb68ff12700 1 -- --> [v2:172.21.15.96:3300/0,v1:172.21.15.96:6789/0] -- mon_getmap magic: 0 -- 0x7fb68810cde0 con 0x7fb688108860
2024-04-25T17:00:41.542 INFO:teuthology.orchestra.run.smithi096.stdout:/usr/bin/ceph: stderr
2024-04-25T17:00:40.208+0000 7fb68dcae700 1 --2- >> [v2:172.21.15.96:3300/0,v1:172.21.15.96:6789/0] conn(0x7fb688108860 0x7fb68819de00 unknown :-1 s=BANNER_CONNECTING pgs=0 cs=0 l=1 rev1=0 crypto rx=0 tx=0 comp rx=0 tx=0)._handle_peer_banner_payload supported=3 required=0
2024-04-25T17:00:41.542 INFO:teuthology.orchestra.run.smithi096.stdout:/usr/bin/ceph: stderr
2024-04-25T17:00:40.208+0000 7fb68dcae700 1 --2- >> [v2:172.21.15.96:3300/0,v1:172.21.15.96:6789/0] conn(0x7fb688108860 0x7fb68819de00 unknown :-1 s=HELLO_CONNECTING pgs=0 cs=0 l=1 rev1=1 crypto rx=0 tx=0 comp rx=0 tx=0).handle_hello peer v2:172.21.15.96:3300/0 says I am v2:172.21.15.96:42550/0 (socket says 172.21.15.96:42550)
2024-04-25T17:00:41.542 INFO:teuthology.orchestra.run.smithi096.stdout:/usr/bin/ceph: stderr
2024-04-25T17:00:40.208+0000 7fb68dcae700 1 -- 172.21.15.96:0/490342387 learned_addr learned my addr 172.21.15.96:0/490342387 (peer_addr_for_me v2:172.21.15.96:0/0)
2024-04-25T17:00:41.542 INFO:teuthology.orchestra.run.smithi096.stdout:/usr/bin/ceph: stderr
2024-04-25T17:00:40.208+0000 7fb68dcae700 1 -- 172.21.15.96:0/490342387 --> [v2:172.21.15.96:3300/0,v1:172.21.15.96:6789/0] -- mon_subscribe({config=0+,monmap=0+}) -- 0x7fb68819e340 con 0x7fb688108860
2024-04-25T17:00:41.542 INFO:teuthology.orchestra.run.smithi096.stdout:/usr/bin/ceph: stderr
2024-04-25T17:00:40.208+0000 7fb68dcae700 1 --2- 172.21.15.96:0/490342387 >> [v2:172.21.15.96:3300/0,v1:172.21.15.96:6789/0] conn(0x7fb688108860 0x7fb68819de00 secure :-1 s=READY pgs=38 cs=0 l=1 rev1=1 crypto rx=0x7fb680009fd0 tx=0x7fb68000bd50 comp rx=0 tx=0).ready entity=mon.0 client_cookie=0 server_cookie=0 in_seq=0 out_seq=0
2024-04-25T17:00:41.542 INFO:teuthology.orchestra.run.smithi096.stdout:/usr/bin/ceph: stderr
2024-04-25T17:00:40.208+0000 7fb686ffd700 1 -- 172.21.15.96:0/490342387 <== mon.0 v2:172.21.15.96:3300/0 1 ==== mon_map magic: 0 ==== 205+0+0 (secure 0 0 0) 0x7fb680020020 con 0x7fb688108860
2024-04-25T17:00:41.542 INFO:teuthology.orchestra.run.smithi096.stdout:/usr/bin/ceph: stderr
2024-04-25T17:00:40.208+0000 7fb686ffd700 1 -- 172.21.15.96:0/490342387 <== mon.0 v2:172.21.15.96:3300/0 2 ==== config(26 keys) ==== 1070+0+0 (secure 0 0 0) 0x7fb680012430 con 0x7fb688108860
2024-04-25T17:00:41.542 INFO:teuthology.orchestra.run.smithi096.stdout:/usr/bin/ceph: stderr
2024-04-25T17:00:40.208+0000 7fb68ff12700 1 -- 172.21.15.96:0/490342387 --> [v2:172.21.15.96:3300/0,v1:172.21.15.96:6789/0] -- mon_subscribe({mgrmap=0+}) -- 0x7fb68819e5d0 con 0x7fb688108860
2024-04-25T17:00:41.542 INFO:teuthology.orchestra.run.smithi096.stdout:/usr/bin/ceph: stderr
2024-04-25T17:00:40.208+0000 7fb686ffd700 1 -- 172.21.15.96:0/490342387 <== mon.0 v2:172.21.15.96:3300/0 3 ==== mon_map magic: 0 ==== 205+0+0 (secure 0 0 0) 0x7fb680017040 con 0x7fb688108860
2024-04-25T17:00:41.542 INFO:teuthology.orchestra.run.smithi096.stdout:/usr/bin/ceph: stderr
2024-04-25T17:00:40.208+0000 7fb68ff12700 1 -- 172.21.15.96:0/490342387 --> [v2:172.21.15.96:3300/0,v1:172.21.15.96:6789/0] -- mon_subscribe({osdmap=0}) -- 0x7fb6881a11e0 con 0x7fb688108860
2024-04-25T17:00:41.542 INFO:teuthology.orchestra.run.smithi096.stdout:/usr/bin/ceph: stderr
2024-04-25T17:00:40.209+0000 7fb686ffd700 1 -- 172.21.15.96:0/490342387 <== mon.0 v2:172.21.15.96:3300/0 4 ==== mgrmap(e 8) ==== 49516+0+0 (secure 0 0 0) 0x7fb680023020 con 0x7fb688108860
2024-04-25T17:00:41.543 INFO:teuthology.orchestra.run.smithi096.stdout:/usr/bin/ceph: stderr
2024-04-25T17:00:40.209+0000 7fb68ff12700 1 -- 172.21.15.96:0/490342387 --> [v2:172.21.15.96:3300/0,v1:172.21.15.96:6789/0] -- mon_command({"prefix": "get_command_descriptions"} v 0) -- 0x7fb688064cf0 con 0x7fb688108860
2024-04-25T17:00:41.543 INFO:teuthology.orchestra.run.smithi096.stdout:/usr/bin/ceph: stderr
2024-04-25T17:00:40.209+0000 7fb686ffd700 1 --2- 172.21.15.96:0/490342387 >> [v2:172.21.15.96:6800/1771523969,v1:172.21.15.96:6801/1771523969] conn(0x7fb67003d570 0x7fb67003fa80 unknown :-1 s=NONE pgs=0 cs=0 l=1 rev1=0 crypto rx=0 tx=0 comp rx=0 tx=0).connect
2024-04-25T17:00:41.543 INFO:teuthology.orchestra.run.smithi096.stdout:/usr/bin/ceph: stderr
2024-04-25T17:00:40.209+0000 7fb686ffd700 1 -- 172.21.15.96:0/490342387 <== mon.0 v2:172.21.15.96:3300/0 5 ==== osd_map(2..2 src has 1..2) ==== 940+0+0 (secure 0 0 0) 0x7fb68000f050 con 0x7fb688108860
2024-04-25T17:00:41.543 INFO:teuthology.orchestra.run.smithi096.stdout:/usr/bin/ceph: stderr
2024-04-25T17:00:40.210+0000 7fb68d4ad700 1 --2- 172.21.15.96:0/490342387 >> [v2:172.21.15.96:6800/1771523969,v1:172.21.15.96:6801/1771523969] conn(0x7fb67003d570 0x7fb67003fa80 unknown :-1 s=BANNER_CONNECTING pgs=0 cs=0 l=1 rev1=0 crypto rx=0 tx=0 comp rx=0 tx=0)._handle_peer_banner_payload supported=3 required=0
2024-04-25T17:00:41.543 INFO:teuthology.orchestra.run.smithi096.stdout:/usr/bin/ceph: stderr
2024-04-25T17:00:40.210+0000 7fb68d4ad700 1 --2- 172.21.15.96:0/490342387 >> [v2:172.21.15.96:6800/1771523969,v1:172.21.15.96:6801/1771523969] conn(0x7fb67003d570 0x7fb67003fa80 secure :-1 s=READY pgs=9 cs=0 l=1 rev1=1 crypto rx=0x7fb67c006fd0 tx=0x7fb67c006e40 comp rx=0 tx=0).ready entity=mgr.14116 client_cookie=0 server_cookie=0 in_seq=0 out_seq=0
2024-04-25T17:00:41.543 INFO:teuthology.orchestra.run.smithi096.stdout:/usr/bin/ceph: stderr
2024-04-25T17:00:40.215+0000 7fb686ffd700 1 -- 172.21.15.96:0/490342387 <== mon.0 v2:172.21.15.96:3300/0 6 ==== mon_command_ack([{"prefix": "get_command_descriptions"}]=0 v0) ==== 72+0+188370 (secure 0 0 0) 0x7fb68002a020 con 0x7fb688108860
2024-04-25T17:00:41.543 INFO:teuthology.orchestra.run.smithi096.stdout:/usr/bin/ceph: stderr
2024-04-25T17:00:40.409+0000 7fb68ff12700 1 -- 172.21.15.96:0/490342387 --> [v2:172.21.15.96:6800/1771523969,v1:172.21.15.96:6801/1771523969] -- mgr_command(tid 0: {"prefix": "cephadm generate-key", "target": ["mon-mgr", ""]}) -- 0x7fb68802e880 con 0x7fb67003d570
2024-04-25T17:00:41.543 INFO:teuthology.orchestra.run.smithi096.stdout:/usr/bin/ceph: stderr
2024-04-25T17:00:40.927+0000 7fb686ffd700 1 -- 172.21.15.96:0/490342387 <== mgr.14116 v2:172.21.15.96:6800/1771523969 1 ==== mgr_command_reply(tid 0: 0 ) ==== 8+0+0 (secure 0 0 0) 0x7fb68802e880 con 0x7fb67003d570
2024-04-25T17:00:41.543 INFO:teuthology.orchestra.run.smithi096.stdout:/usr/bin/ceph: stderr
2024-04-25T17:00:40.929+0000 7fb68ff12700 1 -- 172.21.15.96:0/490342387 >> [v2:172.21.15.96:6800/1771523969,v1:172.21.15.96:6801/1771523969] conn(0x7fb67003d570 msgr2=0x7fb67003fa80 secure :-1 s=STATE_CONNECTION_ESTABLISHED l=1).mark_down
2024-04-25T17:00:41.543 INFO:teuthology.orchestra.run.smithi096.stdout:/usr/bin/ceph: stderr
2024-04-25T17:00:40.929+0000 7fb68ff12700 1 --2- 172.21.15.96:0/490342387 >> [v2:172.21.15.96:6800/1771523969,v1:172.21.15.96:6801/1771523969] conn(0x7fb67003d570 0x7fb67003fa80 secure :-1 s=READY pgs=9 cs=0 l=1 rev1=1 crypto rx=0x7fb67c006fd0 tx=0x7fb67c006e40 comp rx=0 tx=0).stop
2024-04-25T17:00:41.543 INFO:teuthology.orchestra.run.smithi096.stdout:/usr/bin/ceph: stderr
2024-04-25T17:00:40.929+0000 7fb68ff12700 1 -- 172.21.15.96:0/490342387 >> [v2:172.21.15.96:3300/0,v1:172.21.15.96:6789/0] conn(0x7fb688108860 msgr2=0x7fb68819de00 secure :-1 s=STATE_CONNECTION_ESTABLISHED l=1).mark_down
2024-04-25T17:00:41.543 INFO:teuthology.orchestra.run.smithi096.stdout:/usr/bin/ceph: stderr
2024-04-25T17:00:40.929+0000 7fb68ff12700 1 --2- 172.21.15.96:0/490342387 >> [v2:172.21.15.96:3300/0,v1:172.21.15.96:6789/0] conn(0x7fb688108860 0x7fb68819de00 secure :-1 s=READY pgs=38 cs=0 l=1 rev1=1 crypto rx=0x7fb680009fd0 tx=0x7fb68000bd50 comp rx=0 tx=0).stop
2024-04-25T17:00:41.544 INFO:teuthology.orchestra.run.smithi096.stdout:/usr/bin/ceph: stderr
2024-04-25T17:00:40.929+0000 7fb68ff12700 1 -- 172.21.15.96:0/490342387 shutdown_connections
2024-04-25T17:00:41.544 INFO:teuthology.orchestra.run.smithi096.stdout:/usr/bin/ceph: stderr
2024-04-25T17:00:40.929+0000 7fb68ff12700 1 --2- 172.21.15.96:0/490342387 >> [v2:172.21.15.96:6800/1771523969,v1:172.21.15.96:6801/1771523969] conn(0x7fb67003d570 0x7fb67003fa80 unknown :-1 s=CLOSED pgs=9 cs=0 l=1 rev1=1 crypto rx=0 tx=0 comp rx=0 tx=0).stop
2024-04-25T17:00:41.544 INFO:teuthology.orchestra.run.smithi096.stdout:/usr/bin/ceph: stderr
2024-04-25T17:00:40.929+0000 7fb68ff12700 1 --2- 172.21.15.96:0/490342387 >> [v2:172.21.15.96:3300/0,v1:172.21.15.96:6789/0] conn(0x7fb688108860 0x7fb68819de00 unknown :-1 s=CLOSED pgs=38 cs=0 l=1 rev1=1 crypto rx=0 tx=0 comp rx=0 tx=0).stop
2024-04-25T17:00:41.544 INFO:teuthology.orchestra.run.smithi096.stdout:/usr/bin/ceph: stderr
2024-04-25T17:00:40.929+0000 7fb68ff12700 1 -- 172.21.15.96:0/490342387 >> 172.21.15.96:0/490342387 conn(0x7fb688103e80 msgr2=0x7fb6881943b0 unknown :-1 s=STATE_NONE l=0).mark_down
2024-04-25T17:00:41.544 INFO:teuthology.orchestra.run.smithi096.stdout:/usr/bin/ceph: stderr
2024-04-25T17:00:40.930+0000 7fb68ff12700 1 -- 172.21.15.96:0/490342387 shutdown_connections
2024-04-25T17:00:41.544 INFO:teuthology.orchestra.run.smithi096.stdout:/usr/bin/ceph: stderr
2024-04-25T17:00:40.930+0000 7fb68ff12700 1 -- 172.21.15.96:0/490342387 wait complete.
2024-04-25T17:00:41.909 INFO:journalctl@ceph.mon.a.smithi096.stdout:Apr 25 17:00:41 smithi096 ceph-mon[29131]: from='client.14132 -' entity='client.admin' cmd=[{"prefix": "cephadm generate-key", "target": ["mon-mgr", ""]}]: dispatch
2024-04-25T17:00:41.909 INFO:journalctl@ceph.mon.a.smithi096.stdout:Apr 25 17:00:41 smithi096 ceph-mon[29131]: Generating ssh key...
2024-04-25T17:00:41.909 INFO:journalctl@ceph.mon.a.smithi096.stdout:Apr 25 17:00:41 smithi096 ceph-mon[29131]: from='mgr.14116 172.21.15.96:0/2713930671' entity='mgr.x'
2024-04-25T17:00:41.909 INFO:journalctl@ceph.mon.a.smithi096.stdout:Apr 25 17:00:41 smithi096 ceph-mon[29131]: from='mgr.14116 172.21.15.96:0/2713930671' entity='mgr.x'
2024-04-25T17:00:42.771 INFO:teuthology.orchestra.run.smithi096.stdout:/usr/bin/ceph: stdout ssh-rsa AAAAB3NzaC1yc2EAAAADAQABAAABgQC0MrRAlSpiTTpC0JSNXwgHqO5EaQtn/79plIXYVqg7XcK/mTyLnh+8tDjhrGomj3LkeUGYVUq6PzTyfNPq2Ny9/OonpfAgYDwU07df6H0NnjWatHn4Jom2eSODf5eQ6rY1z7+7+B9z+n9aJFMT+4CkwQ9VNmtOTouUP5Pl3+yWCXxe6FtMRbpDfxXYy+lsaAVROxS0NLpzoaGEMd51vkQ1J5oS0fdPdodKL34gLuc1Gu8PtPKmRxYNO97uz2Njs1CTILOqGnC9WcwVrCOi7z/IQNGhGMvZYBm5PrmRad705WBNUCQEzNYRct0ZeFv50jCS65I9c0c11SRki9pEWwSDZKhbk05uUXRrph3sH0Oc2gSS99n5Hi0YeJuy1jlx4sI8pZzjdFZwLcoB++V32XZIRVNQ7IFflu0C2xxe9L1FSJbxtdLCv4p9bgiXualJ6f/Ls4y1kKvlQO03pfK80YUPa4G0ia1XD5aJEvIpkUZhpcMXr6G3M0cU2JU8UQZUXfM= ceph-1be09d02-0325-11ef-bc93-c7b262605968
2024-04-25T17:00:42.772 INFO:teuthology.orchestra.run.smithi096.stdout:/usr/bin/ceph: stderr
2024-04-25T17:00:42.026+0000 7f7ed55fa700 1 Processor -- start
2024-04-25T17:00:42.772 INFO:teuthology.orchestra.run.smithi096.stdout:/usr/bin/ceph: stderr
2024-04-25T17:00:42.026+0000 7f7ed55fa700 1 -- start start
2024-04-25T17:00:42.772 INFO:teuthology.orchestra.run.smithi096.stdout:/usr/bin/ceph: stderr
2024-04-25T17:00:42.026+0000 7f7ed55fa700 1 --2- >> [v2:172.21.15.96:3300/0,v1:172.21.15.96:6789/0] conn(0x7f7ed0108840 0x7f7ed0108c50 unknown :-1 s=NONE pgs=0 cs=0 l=0 rev1=0 crypto rx=0 tx=0 comp rx=0 tx=0).connect
2024-04-25T17:00:42.772 INFO:teuthology.orchestra.run.smithi096.stdout:/usr/bin/ceph: stderr
2024-04-25T17:00:42.026+0000 7f7ed55fa700 1 -- --> [v2:172.21.15.96:3300/0,v1:172.21.15.96:6789/0] -- mon_getmap magic: 0 -- 0x7f7ed0109240 con 0x7f7ed0108840
2024-04-25T17:00:42.772 INFO:teuthology.orchestra.run.smithi096.stdout:/usr/bin/ceph: stderr
2024-04-25T17:00:42.026+0000 7f7eceffd700 1 --2- >> [v2:172.21.15.96:3300/0,v1:172.21.15.96:6789/0] conn(0x7f7ed0108840 0x7f7ed0108c50 unknown :-1 s=BANNER_CONNECTING pgs=0 cs=0 l=0 rev1=0 crypto rx=0 tx=0 comp rx=0 tx=0)._handle_peer_banner_payload supported=3 required=0
2024-04-25T17:00:42.772 INFO:teuthology.orchestra.run.smithi096.stdout:/usr/bin/ceph: stderr
2024-04-25T17:00:42.026+0000 7f7eceffd700 1 --2- >> [v2:172.21.15.96:3300/0,v1:172.21.15.96:6789/0] conn(0x7f7ed0108840 0x7f7ed0108c50 unknown :-1 s=HELLO_CONNECTING pgs=0 cs=0 l=0 rev1=1 crypto rx=0 tx=0 comp rx=0 tx=0).handle_hello peer v2:172.21.15.96:3300/0 says I am v2:172.21.15.96:42566/0 (socket says 172.21.15.96:42566)
2024-04-25T17:00:42.772 INFO:teuthology.orchestra.run.smithi096.stdout:/usr/bin/ceph: stderr
2024-04-25T17:00:42.026+0000 7f7eceffd700 1 -- 172.21.15.96:0/4150861418 learned_addr learned my addr 172.21.15.96:0/4150861418 (peer_addr_for_me v2:172.21.15.96:0/0)
2024-04-25T17:00:42.772 INFO:teuthology.orchestra.run.smithi096.stdout:/usr/bin/ceph: stderr
2024-04-25T17:00:42.027+0000 7f7eceffd700 1 -- 172.21.15.96:0/4150861418 --> [v2:172.21.15.96:3300/0,v1:172.21.15.96:6789/0] -- mon_subscribe({config=0+,monmap=0+}) -- 0x7f7ed0109a10 con 0x7f7ed0108840
2024-04-25T17:00:42.772 INFO:teuthology.orchestra.run.smithi096.stdout:/usr/bin/ceph: stderr
2024-04-25T17:00:42.027+0000 7f7eceffd700 1 --2- 172.21.15.96:0/4150861418 >> [v2:172.21.15.96:3300/0,v1:172.21.15.96:6789/0] conn(0x7f7ed0108840 0x7f7ed0108c50 secure :-1 s=READY pgs=39 cs=0 l=1 rev1=1 crypto rx=0x7f7ec00098a0 tx=0x7f7ec0009bb0 comp rx=0 tx=0).ready entity=mon.0 client_cookie=8dc222ebd1ff392c server_cookie=0 in_seq=0 out_seq=0
2024-04-25T17:00:42.772 INFO:teuthology.orchestra.run.smithi096.stdout:/usr/bin/ceph: stderr
2024-04-25T17:00:42.027+0000 7f7ece7fc700 1 -- 172.21.15.96:0/4150861418 <== mon.0 v2:172.21.15.96:3300/0 1 ==== mon_map magic: 0 ==== 205+0+0 (secure 0 0 0) 0x7f7ec0004160 con 0x7f7ed0108840
2024-04-25T17:00:42.772 INFO:teuthology.orchestra.run.smithi096.stdout:/usr/bin/ceph: stderr
2024-04-25T17:00:42.027+0000 7f7ece7fc700 1 -- 172.21.15.96:0/4150861418 <== mon.0 v2:172.21.15.96:3300/0 2 ==== config(26 keys) ==== 1070+0+0 (secure 0 0 0) 0x7f7ec0004300 con 0x7f7ed0108840
2024-04-25T17:00:42.772 INFO:teuthology.orchestra.run.smithi096.stdout:/usr/bin/ceph: stderr
2024-04-25T17:00:42.027+0000 7f7ece7fc700 1 -- 172.21.15.96:0/4150861418 <== mon.0 v2:172.21.15.96:3300/0 3 ==== mon_map magic: 0 ==== 205+0+0 (secure 0 0 0) 0x7f7ec0011af0 con 0x7f7ed0108840
2024-04-25T17:00:42.772 INFO:teuthology.orchestra.run.smithi096.stdout:/usr/bin/ceph: stderr
2024-04-25T17:00:42.028+0000 7f7ed55fa700 1 -- 172.21.15.96:0/4150861418 >> [v2:172.21.15.96:3300/0,v1:172.21.15.96:6789/0] conn(0x7f7ed0108840 msgr2=0x7f7ed0108c50 secure :-1 s=STATE_CONNECTION_ESTABLISHED l=1).mark_down
2024-04-25T17:00:42.773 INFO:teuthology.orchestra.run.smithi096.stdout:/usr/bin/ceph: stderr
2024-04-25T17:00:42.028+0000 7f7ed55fa700 1 --2- 172.21.15.96:0/4150861418 >> [v2:172.21.15.96:3300/0,v1:172.21.15.96:6789/0] conn(0x7f7ed0108840 0x7f7ed0108c50 secure :-1 s=READY pgs=39 cs=0 l=1 rev1=1 crypto rx=0x7f7ec00098a0 tx=0x7f7ec0009bb0 comp rx=0 tx=0).stop
2024-04-25T17:00:42.773 INFO:teuthology.orchestra.run.smithi096.stdout:/usr/bin/ceph: stderr
2024-04-25T17:00:42.028+0000 7f7ed55fa700 1 -- 172.21.15.96:0/4150861418 shutdown_connections
2024-04-25T17:00:42.773 INFO:teuthology.orchestra.run.smithi096.stdout:/usr/bin/ceph: stderr
2024-04-25T17:00:42.028+0000 7f7ed55fa700 1 --2- 172.21.15.96:0/4150861418 >> [v2:172.21.15.96:3300/0,v1:172.21.15.96:6789/0] conn(0x7f7ed0108840 0x7f7ed0108c50 unknown :-1 s=CLOSED pgs=39 cs=0 l=1 rev1=1 crypto rx=0 tx=0 comp rx=0 tx=0).stop
2024-04-25T17:00:42.773 INFO:teuthology.orchestra.run.smithi096.stdout:/usr/bin/ceph: stderr
2024-04-25T17:00:42.028+0000 7f7ed55fa700 1 -- 172.21.15.96:0/4150861418 >> 172.21.15.96:0/4150861418 conn(0x7f7ed0103f00 msgr2=0x7f7ed0106350 unknown :-1 s=STATE_NONE l=0).mark_down
2024-04-25T17:00:42.773 INFO:teuthology.orchestra.run.smithi096.stdout:/usr/bin/ceph: stderr
2024-04-25T17:00:42.028+0000 7f7ed55fa700 1 -- 172.21.15.96:0/4150861418 shutdown_connections
2024-04-25T17:00:42.773 INFO:teuthology.orchestra.run.smithi096.stdout:/usr/bin/ceph: stderr
2024-04-25T17:00:42.028+0000 7f7ed55fa700 1 -- 172.21.15.96:0/4150861418 wait complete.
2024-04-25T17:00:42.773 INFO:teuthology.orchestra.run.smithi096.stdout:/usr/bin/ceph: stderr
2024-04-25T17:00:42.028+0000 7f7ed55fa700 1 Processor -- start
2024-04-25T17:00:42.773 INFO:teuthology.orchestra.run.smithi096.stdout:/usr/bin/ceph: stderr
2024-04-25T17:00:42.029+0000 7f7ed55fa700 1 -- start start
2024-04-25T17:00:42.773 INFO:teuthology.orchestra.run.smithi096.stdout:/usr/bin/ceph: stderr
2024-04-25T17:00:42.029+0000 7f7ed55fa700 1 --2- >> [v2:172.21.15.96:3300/0,v1:172.21.15.96:6789/0] conn(0x7f7ed0108840 0x7f7ed007c950 unknown :-1 s=NONE pgs=0 cs=0 l=1 rev1=0 crypto rx=0 tx=0 comp rx=0 tx=0).connect
2024-04-25T17:00:42.773 INFO:teuthology.orchestra.run.smithi096.stdout:/usr/bin/ceph: stderr
2024-04-25T17:00:42.029+0000 7f7ed55fa700 1 -- --> [v2:172.21.15.96:3300/0,v1:172.21.15.96:6789/0] -- mon_getmap magic: 0 -- 0x7f7ed010cdc0 con 0x7f7ed0108840
2024-04-25T17:00:42.773 INFO:teuthology.orchestra.run.smithi096.stdout:/usr/bin/ceph: stderr
2024-04-25T17:00:42.029+0000 7f7eceffd700 1 --2- >> [v2:172.21.15.96:3300/0,v1:172.21.15.96:6789/0] conn(0x7f7ed0108840 0x7f7ed007c950 unknown :-1 s=BANNER_CONNECTING pgs=0 cs=0 l=1 rev1=0 crypto rx=0 tx=0 comp rx=0 tx=0)._handle_peer_banner_payload supported=3 required=0
2024-04-25T17:00:42.773 INFO:teuthology.orchestra.run.smithi096.stdout:/usr/bin/ceph: stderr
2024-04-25T17:00:42.029+0000 7f7eceffd700 1 --2- >> [v2:172.21.15.96:3300/0,v1:172.21.15.96:6789/0] conn(0x7f7ed0108840 0x7f7ed007c950 unknown :-1 s=HELLO_CONNECTING pgs=0 cs=0 l=1 rev1=1 crypto rx=0 tx=0 comp rx=0 tx=0).handle_hello peer v2:172.21.15.96:3300/0 says I am v2:172.21.15.96:42572/0 (socket says 172.21.15.96:42572)
2024-04-25T17:00:42.773 INFO:teuthology.orchestra.run.smithi096.stdout:/usr/bin/ceph: stderr
2024-04-25T17:00:42.029+0000 7f7eceffd700 1 -- 172.21.15.96:0/1767731131 learned_addr learned my addr 172.21.15.96:0/1767731131 (peer_addr_for_me v2:172.21.15.96:0/0)
2024-04-25T17:00:42.773 INFO:teuthology.orchestra.run.smithi096.stdout:/usr/bin/ceph: stderr
2024-04-25T17:00:42.029+0000 7f7eceffd700 1 -- 172.21.15.96:0/1767731131 --> [v2:172.21.15.96:3300/0,v1:172.21.15.96:6789/0] -- mon_subscribe({config=0+,monmap=0+}) -- 0x7f7ed007ce90 con 0x7f7ed0108840
2024-04-25T17:00:42.773 INFO:teuthology.orchestra.run.smithi096.stdout:/usr/bin/ceph: stderr
2024-04-25T17:00:42.029+0000 7f7eceffd700 1 --2- 172.21.15.96:0/1767731131 >> [v2:172.21.15.96:3300/0,v1:172.21.15.96:6789/0] conn(0x7f7ed0108840 0x7f7ed007c950 secure :-1 s=READY pgs=40 cs=0 l=1 rev1=1 crypto rx=0x7f7ec0011670 tx=0x7f7ec0004280 comp rx=0 tx=0).ready entity=mon.0 client_cookie=0 server_cookie=0 in_seq=0 out_seq=0
2024-04-25T17:00:42.774 INFO:teuthology.orchestra.run.smithi096.stdout:/usr/bin/ceph: stderr
2024-04-25T17:00:42.030+0000 7f7eccff9700 1 -- 172.21.15.96:0/1767731131 <== mon.0 v2:172.21.15.96:3300/0 1 ==== mon_map magic: 0 ==== 205+0+0 (secure 0 0 0) 0x7f7ec00036a0 con 0x7f7ed0108840
2024-04-25T17:00:42.774 INFO:teuthology.orchestra.run.smithi096.stdout:/usr/bin/ceph: stderr
2024-04-25T17:00:42.030+0000 7f7eccff9700 1 -- 172.21.15.96:0/1767731131 <== mon.0 v2:172.21.15.96:3300/0 2 ==== config(26 keys) ==== 1070+0+0 (secure 0 0 0) 0x7f7ec0003cd0 con 0x7f7ed0108840
2024-04-25T17:00:42.774 INFO:teuthology.orchestra.run.smithi096.stdout:/usr/bin/ceph: stderr
2024-04-25T17:00:42.030+0000 7f7eccff9700 1 -- 172.21.15.96:0/1767731131 <== mon.0 v2:172.21.15.96:3300/0 3 ==== mon_map magic: 0 ==== 205+0+0 (secure 0 0 0) 0x7f7ec00193c0 con 0x7f7ed0108840
2024-04-25T17:00:42.774 INFO:teuthology.orchestra.run.smithi096.stdout:/usr/bin/ceph: stderr
2024-04-25T17:00:42.030+0000 7f7ed55fa700 1 -- 172.21.15.96:0/1767731131 --> [v2:172.21.15.96:3300/0,v1:172.21.15.96:6789/0] -- mon_subscribe({mgrmap=0+}) -- 0x7f7ed01a0be0 con 0x7f7ed0108840
2024-04-25T17:00:42.774 INFO:teuthology.orchestra.run.smithi096.stdout:/usr/bin/ceph: stderr
2024-04-25T17:00:42.030+0000 7f7ed55fa700 1 -- 172.21.15.96:0/1767731131 --> [v2:172.21.15.96:3300/0,v1:172.21.15.96:6789/0] -- mon_subscribe({osdmap=0}) -- 0x7f7ed01a1060 con 0x7f7ed0108840
2024-04-25T17:00:42.774 INFO:teuthology.orchestra.run.smithi096.stdout:/usr/bin/ceph: stderr
2024-04-25T17:00:42.030+0000 7f7ed55fa700 1 -- 172.21.15.96:0/1767731131 --> [v2:172.21.15.96:3300/0,v1:172.21.15.96:6789/0] -- mon_command({"prefix": "get_command_descriptions"} v 0) -- 0x7f7ed0064cf0 con 0x7f7ed0108840
2024-04-25T17:00:42.774 INFO:teuthology.orchestra.run.smithi096.stdout:/usr/bin/ceph: stderr
2024-04-25T17:00:42.031+0000 7f7eccff9700 1 -- 172.21.15.96:0/1767731131 <== mon.0 v2:172.21.15.96:3300/0 4 ==== mgrmap(e 8) ==== 49516+0+0 (secure 0 0 0) 0x7f7ec0019630 con 0x7f7ed0108840
2024-04-25T17:00:42.774 INFO:teuthology.orchestra.run.smithi096.stdout:/usr/bin/ceph: stderr
2024-04-25T17:00:42.031+0000 7f7eccff9700 1 --2- 172.21.15.96:0/1767731131 >> [v2:172.21.15.96:6800/1771523969,v1:172.21.15.96:6801/1771523969] conn(0x7f7ebc03d570 0x7f7ebc03fa80 unknown :-1 s=NONE pgs=0 cs=0 l=1 rev1=0 crypto rx=0 tx=0 comp rx=0 tx=0).connect
2024-04-25T17:00:42.774 INFO:teuthology.orchestra.run.smithi096.stdout:/usr/bin/ceph: stderr
2024-04-25T17:00:42.031+0000 7f7eccff9700 1 -- 172.21.15.96:0/1767731131 <== mon.0 v2:172.21.15.96:3300/0 5 ==== osd_map(2..2 src has 1..2) ==== 940+0+0 (secure 0 0 0) 0x7f7ec00524d0 con 0x7f7ed0108840
2024-04-25T17:00:42.774 INFO:teuthology.orchestra.run.smithi096.stdout:/usr/bin/ceph: stderr
2024-04-25T17:00:42.031+0000 7f7ec67fc700 1 --2- 172.21.15.96:0/1767731131 >> [v2:172.21.15.96:6800/1771523969,v1:172.21.15.96:6801/1771523969] conn(0x7f7ebc03d570 0x7f7ebc03fa80 unknown :-1 s=BANNER_CONNECTING pgs=0 cs=0 l=1 rev1=0 crypto rx=0 tx=0 comp rx=0 tx=0)._handle_peer_banner_payload supported=3 required=0
2024-04-25T17:00:42.774 INFO:teuthology.orchestra.run.smithi096.stdout:/usr/bin/ceph: stderr
2024-04-25T17:00:42.031+0000 7f7ec67fc700 1 --2- 172.21.15.96:0/1767731131 >> [v2:172.21.15.96:6800/1771523969,v1:172.21.15.96:6801/1771523969] conn(0x7f7ebc03d570 0x7f7ebc03fa80 secure :-1 s=READY pgs=10 cs=0 l=1 rev1=1 crypto rx=0x7f7eb8006fd0 tx=0x7f7eb8006e40 comp rx=0 tx=0).ready entity=mgr.14116 client_cookie=0 server_cookie=0 in_seq=0 out_seq=0
2024-04-25T17:00:42.774 INFO:teuthology.orchestra.run.smithi096.stdout:/usr/bin/ceph: stderr
2024-04-25T17:00:42.036+0000 7f7eccff9700 1 -- 172.21.15.96:0/1767731131 <== mon.0 v2:172.21.15.96:3300/0 6 ==== mon_command_ack([{"prefix": "get_command_descriptions"}]=0 v0) ==== 72+0+188370 (secure 0 0 0) 0x7f7ec0017e90 con 0x7f7ed0108840
2024-04-25T17:00:42.774 INFO:teuthology.orchestra.run.smithi096.stdout:/usr/bin/ceph: stderr
2024-04-25T17:00:42.233+0000 7f7ed55fa700 1 -- 172.21.15.96:0/1767731131 --> [v2:172.21.15.96:6800/1771523969,v1:172.21.15.96:6801/1771523969] -- mgr_command(tid 0: {"prefix": "cephadm get-pub-key", "target": ["mon-mgr", ""]}) -- 0x7f7ed0105fd0 con 0x7f7ebc03d570
2024-04-25T17:00:42.774 INFO:teuthology.orchestra.run.smithi096.stdout:/usr/bin/ceph: stderr
2024-04-25T17:00:42.234+0000 7f7eccff9700 1 -- 172.21.15.96:0/1767731131 <== mgr.14116 v2:172.21.15.96:6800/1771523969 1 ==== mgr_command_reply(tid 0: 0 ) ==== 8+0+595 (secure 0 0 0) 0x7f7ed0105fd0 con 0x7f7ebc03d570
2024-04-25T17:00:42.775 INFO:teuthology.orchestra.run.smithi096.stdout:/usr/bin/ceph: stderr
2024-04-25T17:00:42.236+0000 7f7ed55fa700 1 -- 172.21.15.96:0/1767731131 >> [v2:172.21.15.96:6800/1771523969,v1:172.21.15.96:6801/1771523969] conn(0x7f7ebc03d570 msgr2=0x7f7ebc03fa80 secure :-1 s=STATE_CONNECTION_ESTABLISHED l=1).mark_down
2024-04-25T17:00:42.775 INFO:teuthology.orchestra.run.smithi096.stdout:/usr/bin/ceph: stderr
2024-04-25T17:00:42.236+0000 7f7ed55fa700 1 --2- 172.21.15.96:0/1767731131 >> [v2:172.21.15.96:6800/1771523969,v1:172.21.15.96:6801/1771523969] conn(0x7f7ebc03d570 0x7f7ebc03fa80 secure :-1 s=READY pgs=10 cs=0 l=1 rev1=1 crypto rx=0x7f7eb8006fd0 tx=0x7f7eb8006e40 comp rx=0 tx=0).stop
2024-04-25T17:00:42.775 INFO:teuthology.orchestra.run.smithi096.stdout:/usr/bin/ceph: stderr
2024-04-25T17:00:42.236+0000 7f7ed55fa700 1 -- 172.21.15.96:0/1767731131 >> [v2:172.21.15.96:3300/0,v1:172.21.15.96:6789/0] conn(0x7f7ed0108840 msgr2=0x7f7ed007c950 secure :-1 s=STATE_CONNECTION_ESTABLISHED l=1).mark_down
2024-04-25T17:00:42.775 INFO:teuthology.orchestra.run.smithi096.stdout:/usr/bin/ceph: stderr
2024-04-25T17:00:42.236+0000 7f7ed55fa700 1 --2- 172.21.15.96:0/1767731131 >> [v2:172.21.15.96:3300/0,v1:172.21.15.96:6789/0] conn(0x7f7ed0108840 0x7f7ed007c950 secure :-1 s=READY pgs=40 cs=0 l=1 rev1=1 crypto rx=0x7f7ec0011670 tx=0x7f7ec0004280 comp rx=0 tx=0).stop
2024-04-25T17:00:42.775 INFO:teuthology.orchestra.run.smithi096.stdout:/usr/bin/ceph: stderr
2024-04-25T17:00:42.236+0000 7f7ed55fa700 1 -- 172.21.15.96:0/1767731131 shutdown_connections
2024-04-25T17:00:42.775 INFO:teuthology.orchestra.run.smithi096.stdout:/usr/bin/ceph: stderr
2024-04-25T17:00:42.236+0000 7f7ed55fa700 1 --2- 172.21.15.96:0/1767731131 >> [v2:172.21.15.96:6800/1771523969,v1:172.21.15.96:6801/1771523969] conn(0x7f7ebc03d570 0x7f7ebc03fa80 unknown :-1 s=CLOSED pgs=10 cs=0 l=1 rev1=1 crypto rx=0 tx=0 comp rx=0 tx=0).stop
2024-04-25T17:00:42.775 INFO:teuthology.orchestra.run.smithi096.stdout:/usr/bin/ceph: stderr
2024-04-25T17:00:42.236+0000 7f7ed55fa700 1 --2- 172.21.15.96:0/1767731131 >> [v2:172.21.15.96:3300/0,v1:172.21.15.96:6789/0] conn(0x7f7ed0108840 0x7f7ed007c950 unknown :-1 s=CLOSED pgs=40 cs=0 l=1 rev1=1 crypto rx=0 tx=0 comp rx=0 tx=0).stop
2024-04-25T17:00:42.775 INFO:teuthology.orchestra.run.smithi096.stdout:/usr/bin/ceph: stderr
2024-04-25T17:00:42.236+0000 7f7ed55fa700 1 -- 172.21.15.96:0/1767731131 >> 172.21.15.96:0/1767731131 conn(0x7f7ed0103f00 msgr2=0x7f7ed0105860 unknown :-1 s=STATE_NONE l=0).mark_down
2024-04-25T17:00:42.775 INFO:teuthology.orchestra.run.smithi096.stdout:/usr/bin/ceph: stderr
2024-04-25T17:00:42.236+0000 7f7ed55fa700 1 -- 172.21.15.96:0/1767731131 shutdown_connections
2024-04-25T17:00:42.775 INFO:teuthology.orchestra.run.smithi096.stdout:/usr/bin/ceph: stderr
2024-04-25T17:00:42.236+0000 7f7ed55fa700 1 -- 172.21.15.96:0/1767731131 wait complete.
2024-04-25T17:00:42.775 INFO:teuthology.orchestra.run.smithi096.stdout:Wrote public SSH key to /home/ubuntu/cephtest/ceph.pub
2024-04-25T17:00:42.775 INFO:teuthology.orchestra.run.smithi096.stdout:Adding key to root@localhost authorized_keys...
2024-04-25T17:00:42.775 INFO:teuthology.orchestra.run.smithi096.stdout:Adding host smithi096...
2024-04-25T17:00:43.124 INFO:journalctl@ceph.mon.a.smithi096.stdout:Apr 25 17:00:42 smithi096 ceph-mon[29131]: from='client.14134 -' entity='client.admin' cmd=[{"prefix": "cephadm get-pub-key", "target": ["mon-mgr", ""]}]: dispatch
2024-04-25T17:00:44.053 INFO:journalctl@ceph.mon.a.smithi096.stdout:Apr 25 17:00:43 smithi096 ceph-mon[29131]: from='client.14136 -' entity='client.admin' cmd=[{"prefix": "orch host add", "hostname": "smithi096", "addr": "172.21.15.96", "target": ["mon-mgr", ""]}]: dispatch
2024-04-25T17:00:45.186 INFO:journalctl@ceph.mon.a.smithi096.stdout:Apr 25 17:00:44 smithi096 ceph-mon[29131]: Deploying cephadm binary to smithi096
2024-04-25T17:00:48.054 INFO:teuthology.orchestra.run.smithi096.stdout:/usr/bin/ceph: stdout Added host 'smithi096' with addr '172.21.15.96'
2024-04-25T17:00:48.054 INFO:teuthology.orchestra.run.smithi096.stdout:/usr/bin/ceph: stderr
2024-04-25T17:00:43.240+0000 7f4d58c51700 1 Processor -- start
2024-04-25T17:00:48.054 INFO:teuthology.orchestra.run.smithi096.stdout:/usr/bin/ceph: stderr
2024-04-25T17:00:43.240+0000 7f4d58c51700 1 -- start start
2024-04-25T17:00:48.054 INFO:teuthology.orchestra.run.smithi096.stdout:/usr/bin/ceph: stderr
2024-04-25T17:00:43.241+0000 7f4d58c51700 1 --2- >> [v2:172.21.15.96:3300/0,v1:172.21.15.96:6789/0] conn(0x7f4d54109e10 0x7f4d5410a220 unknown :-1 s=NONE pgs=0 cs=0 l=0 rev1=0 crypto rx=0 tx=0 comp rx=0 tx=0).connect
2024-04-25T17:00:48.054 INFO:teuthology.orchestra.run.smithi096.stdout:/usr/bin/ceph: stderr
2024-04-25T17:00:43.241+0000 7f4d58c51700 1 -- --> [v2:172.21.15.96:3300/0,v1:172.21.15.96:6789/0] -- mon_getmap magic: 0 -- 0x7f4d5410a830 con 0x7f4d54109e10
2024-04-25T17:00:48.054 INFO:teuthology.orchestra.run.smithi096.stdout:/usr/bin/ceph: stderr
2024-04-25T17:00:43.241+0000 7f4d5259c700 1 --2- >> [v2:172.21.15.96:3300/0,v1:172.21.15.96:6789/0] conn(0x7f4d54109e10 0x7f4d5410a220 unknown :-1 s=BANNER_CONNECTING pgs=0 cs=0 l=0 rev1=0 crypto rx=0 tx=0 comp rx=0 tx=0)._handle_peer_banner_payload supported=3 required=0
2024-04-25T17:00:48.055 INFO:teuthology.orchestra.run.smithi096.stdout:/usr/bin/ceph: stderr
2024-04-25T17:00:43.241+0000 7f4d5259c700 1 --2- >> [v2:172.21.15.96:3300/0,v1:172.21.15.96:6789/0] conn(0x7f4d54109e10 0x7f4d5410a220 unknown :-1 s=HELLO_CONNECTING pgs=0 cs=0 l=0 rev1=1 crypto rx=0 tx=0 comp rx=0 tx=0).handle_hello peer v2:172.21.15.96:3300/0 says I am v2:172.21.15.96:42578/0 (socket says 172.21.15.96:42578)
2024-04-25T17:00:48.055 INFO:teuthology.orchestra.run.smithi096.stdout:/usr/bin/ceph: stderr
2024-04-25T17:00:43.241+0000 7f4d5259c700 1 -- 172.21.15.96:0/2309776579 learned_addr learned my addr 172.21.15.96:0/2309776579 (peer_addr_for_me v2:172.21.15.96:0/0)
2024-04-25T17:00:48.055 INFO:teuthology.orchestra.run.smithi096.stdout:/usr/bin/ceph: stderr
2024-04-25T17:00:43.241+0000 7f4d5259c700 1 -- 172.21.15.96:0/2309776579 --> [v2:172.21.15.96:3300/0,v1:172.21.15.96:6789/0] -- mon_subscribe({config=0+,monmap=0+}) -- 0x7f4d54108a40 con 0x7f4d54109e10
2024-04-25T17:00:48.055 INFO:teuthology.orchestra.run.smithi096.stdout:/usr/bin/ceph: stderr
2024-04-25T17:00:43.241+0000 7f4d5259c700 1 --2- 172.21.15.96:0/2309776579 >> [v2:172.21.15.96:3300/0,v1:172.21.15.96:6789/0] conn(0x7f4d54109e10 0x7f4d5410a220 secure :-1 s=READY pgs=41 cs=0 l=1 rev1=1 crypto rx=0x7f4d440098a0 tx=0x7f4d44009bb0 comp rx=0 tx=0).ready entity=mon.0 client_cookie=8cdbe35d3cea6a5 server_cookie=0 in_seq=0 out_seq=0
2024-04-25T17:00:48.055 INFO:teuthology.orchestra.run.smithi096.stdout:/usr/bin/ceph: stderr
2024-04-25T17:00:43.242+0000 7f4d5159a700 1 -- 172.21.15.96:0/2309776579 <== mon.0 v2:172.21.15.96:3300/0 1 ==== mon_map magic: 0 ==== 205+0+0 (secure 0 0 0) 0x7f4d44004160 con 0x7f4d54109e10
2024-04-25T17:00:48.055 INFO:teuthology.orchestra.run.smithi096.stdout:/usr/bin/ceph: stderr
2024-04-25T17:00:43.242+0000 7f4d5159a700 1 -- 172.21.15.96:0/2309776579 <== mon.0 v2:172.21.15.96:3300/0 2 ==== config(26 keys) ==== 1070+0+0 (secure 0 0 0) 0x7f4d44004300 con 0x7f4d54109e10
2024-04-25T17:00:48.055 INFO:teuthology.orchestra.run.smithi096.stdout:/usr/bin/ceph: stderr
2024-04-25T17:00:43.242+0000 7f4d5159a700 1 -- 172.21.15.96:0/2309776579 <== mon.0 v2:172.21.15.96:3300/0 3 ==== mon_map magic: 0 ==== 205+0+0 (secure 0 0 0) 0x7f4d44011af0 con 0x7f4d54109e10
2024-04-25T17:00:48.055 INFO:teuthology.orchestra.run.smithi096.stdout:/usr/bin/ceph: stderr
2024-04-25T17:00:43.242+0000 7f4d58c51700 1 -- 172.21.15.96:0/2309776579 >> [v2:172.21.15.96:3300/0,v1:172.21.15.96:6789/0] conn(0x7f4d54109e10 msgr2=0x7f4d5410a220 secure :-1 s=STATE_CONNECTION_ESTABLISHED l=1).mark_down
2024-04-25T17:00:48.055 INFO:teuthology.orchestra.run.smithi096.stdout:/usr/bin/ceph: stderr
2024-04-25T17:00:43.242+0000 7f4d58c51700 1 --2- 172.21.15.96:0/2309776579 >> [v2:172.21.15.96:3300/0,v1:172.21.15.96:6789/0] conn(0x7f4d54109e10 0x7f4d5410a220 secure :-1 s=READY pgs=41 cs=0 l=1 rev1=1 crypto rx=0x7f4d440098a0 tx=0x7f4d44009bb0 comp rx=0 tx=0).stop
2024-04-25T17:00:48.055 INFO:teuthology.orchestra.run.smithi096.stdout:/usr/bin/ceph: stderr
2024-04-25T17:00:43.242+0000 7f4d58c51700 1 -- 172.21.15.96:0/2309776579 shutdown_connections
2024-04-25T17:00:48.055 INFO:teuthology.orchestra.run.smithi096.stdout:/usr/bin/ceph: stderr
2024-04-25T17:00:43.242+0000 7f4d58c51700 1 --2- 172.21.15.96:0/2309776579 >> [v2:172.21.15.96:3300/0,v1:172.21.15.96:6789/0] conn(0x7f4d54109e10 0x7f4d5410a220 unknown :-1 s=CLOSED pgs=41 cs=0 l=1 rev1=1 crypto rx=0 tx=0 comp rx=0 tx=0).stop
2024-04-25T17:00:48.055 INFO:teuthology.orchestra.run.smithi096.stdout:/usr/bin/ceph: stderr
2024-04-25T17:00:43.242+0000 7f4d58c51700 1 -- 172.21.15.96:0/2309776579 >> 172.21.15.96:0/2309776579 conn(0x7f4d541036c0 msgr2=0x7f4d54105b10 unknown :-1 s=STATE_NONE l=0).mark_down
2024-04-25T17:00:48.055 INFO:teuthology.orchestra.run.smithi096.stdout:/usr/bin/ceph: stderr
2024-04-25T17:00:43.242+0000 7f4d58c51700 1 -- 172.21.15.96:0/2309776579 shutdown_connections
2024-04-25T17:00:48.055 INFO:teuthology.orchestra.run.smithi096.stdout:/usr/bin/ceph: stderr
2024-04-25T17:00:43.242+0000 7f4d58c51700 1 -- 172.21.15.96:0/2309776579 wait complete.
2024-04-25T17:00:48.056 INFO:teuthology.orchestra.run.smithi096.stdout:/usr/bin/ceph: stderr
2024-04-25T17:00:43.243+0000 7f4d58c51700 1 Processor -- start
2024-04-25T17:00:48.056 INFO:teuthology.orchestra.run.smithi096.stdout:/usr/bin/ceph: stderr
2024-04-25T17:00:43.243+0000 7f4d58c51700 1 -- start start
2024-04-25T17:00:48.056 INFO:teuthology.orchestra.run.smithi096.stdout:/usr/bin/ceph: stderr
2024-04-25T17:00:43.243+0000 7f4d58c51700 1 --2- >> [v2:172.21.15.96:3300/0,v1:172.21.15.96:6789/0] conn(0x7f4d54109e10 0x7f4d5419cc60 unknown :-1 s=NONE pgs=0 cs=0 l=1 rev1=0 crypto rx=0 tx=0 comp rx=0 tx=0).connect
2024-04-25T17:00:48.056 INFO:teuthology.orchestra.run.smithi096.stdout:/usr/bin/ceph: stderr
2024-04-25T17:00:43.243+0000 7f4d58c51700 1 -- --> [v2:172.21.15.96:3300/0,v1:172.21.15.96:6789/0] -- mon_getmap magic: 0 -- 0x7f4d5410ce00 con 0x7f4d54109e10
2024-04-25T17:00:48.056 INFO:teuthology.orchestra.run.smithi096.stdout:/usr/bin/ceph: stderr
2024-04-25T17:00:43.244+0000 7f4d5259c700 1 --2- >> [v2:172.21.15.96:3300/0,v1:172.21.15.96:6789/0] conn(0x7f4d54109e10 0x7f4d5419cc60 unknown :-1 s=BANNER_CONNECTING pgs=0 cs=0 l=1 rev1=0 crypto rx=0 tx=0 comp rx=0 tx=0)._handle_peer_banner_payload supported=3 required=0
2024-04-25T17:00:48.056 INFO:teuthology.orchestra.run.smithi096.stdout:/usr/bin/ceph: stderr
2024-04-25T17:00:43.244+0000 7f4d5259c700 1 --2- >> [v2:172.21.15.96:3300/0,v1:172.21.15.96:6789/0] conn(0x7f4d54109e10 0x7f4d5419cc60 unknown :-1 s=HELLO_CONNECTING pgs=0 cs=0 l=1 rev1=1 crypto rx=0 tx=0 comp rx=0 tx=0).handle_hello peer v2:172.21.15.96:3300/0 says I am v2:172.21.15.96:42582/0 (socket says 172.21.15.96:42582)
2024-04-25T17:00:48.056 INFO:teuthology.orchestra.run.smithi096.stdout:/usr/bin/ceph: stderr
2024-04-25T17:00:43.244+0000 7f4d5259c700 1 -- 172.21.15.96:0/1803363966 learned_addr learned my addr 172.21.15.96:0/1803363966 (peer_addr_for_me v2:172.21.15.96:0/0)
2024-04-25T17:00:48.056 INFO:teuthology.orchestra.run.smithi096.stdout:/usr/bin/ceph: stderr
2024-04-25T17:00:43.244+0000 7f4d5259c700 1 -- 172.21.15.96:0/1803363966 --> [v2:172.21.15.96:3300/0,v1:172.21.15.96:6789/0] -- mon_subscribe({config=0+,monmap=0+}) -- 0x7f4d5419d1a0 con 0x7f4d54109e10
2024-04-25T17:00:48.056 INFO:teuthology.orchestra.run.smithi096.stdout:/usr/bin/ceph: stderr
2024-04-25T17:00:43.244+0000 7f4d5259c700 1 --2- 172.21.15.96:0/1803363966 >> [v2:172.21.15.96:3300/0,v1:172.21.15.96:6789/0] conn(0x7f4d54109e10 0x7f4d5419cc60 secure :-1 s=READY pgs=42 cs=0 l=1 rev1=1 crypto rx=0x7f4d44009fb0 tx=0x7f4d44011940 comp rx=0 tx=0).ready entity=mon.0 client_cookie=0 server_cookie=0 in_seq=0 out_seq=0
2024-04-25T17:00:48.056 INFO:teuthology.orchestra.run.smithi096.stdout:/usr/bin/ceph: stderr
2024-04-25T17:00:43.244+0000 7f4d437fe700 1 -- 172.21.15.96:0/1803363966 <== mon.0 v2:172.21.15.96:3300/0 1 ==== mon_map magic: 0 ==== 205+0+0 (secure 0 0 0) 0x7f4d440036a0 con 0x7f4d54109e10
2024-04-25T17:00:48.056 INFO:teuthology.orchestra.run.smithi096.stdout:/usr/bin/ceph: stderr
2024-04-25T17:00:43.244+0000 7f4d437fe700 1 -- 172.21.15.96:0/1803363966 <== mon.0 v2:172.21.15.96:3300/0 2 ==== config(26 keys) ==== 1070+0+0 (secure 0 0 0) 0x7f4d4401a430 con 0x7f4d54109e10
2024-04-25T17:00:48.056 INFO:teuthology.orchestra.run.smithi096.stdout:/usr/bin/ceph: stderr
2024-04-25T17:00:43.244+0000 7f4d58c51700 1 -- 172.21.15.96:0/1803363966 --> [v2:172.21.15.96:3300/0,v1:172.21.15.96:6789/0] -- mon_subscribe({mgrmap=0+}) -- 0x7f4d5419d430 con 0x7f4d54109e10
2024-04-25T17:00:48.056 INFO:teuthology.orchestra.run.smithi096.stdout:/usr/bin/ceph: stderr
2024-04-25T17:00:43.244+0000 7f4d437fe700 1 -- 172.21.15.96:0/1803363966 <== mon.0 v2:172.21.15.96:3300/0 3 ==== mon_map magic: 0 ==== 205+0+0 (secure 0 0 0) 0x7f4d44019550 con 0x7f4d54109e10
2024-04-25T17:00:48.056 INFO:teuthology.orchestra.run.smithi096.stdout:/usr/bin/ceph: stderr
2024-04-25T17:00:43.244+0000 7f4d58c51700 1 -- 172.21.15.96:0/1803363966 --> [v2:172.21.15.96:3300/0,v1:172.21.15.96:6789/0] -- mon_subscribe({osdmap=0}) -- 0x7f4d541a0040 con 0x7f4d54109e10
2024-04-25T17:00:48.056 INFO:teuthology.orchestra.run.smithi096.stdout:/usr/bin/ceph: stderr
2024-04-25T17:00:43.245+0000 7f4d437fe700 1 -- 172.21.15.96:0/1803363966 <== mon.0 v2:172.21.15.96:3300/0 4 ==== mgrmap(e 8) ==== 49516+0+0 (secure 0 0 0) 0x7f4d44019800 con 0x7f4d54109e10
2024-04-25T17:00:48.057 INFO:teuthology.orchestra.run.smithi096.stdout:/usr/bin/ceph: stderr
2024-04-25T17:00:43.245+0000 7f4d58c51700 1 -- 172.21.15.96:0/1803363966 --> [v2:172.21.15.96:3300/0,v1:172.21.15.96:6789/0] -- mon_command({"prefix": "get_command_descriptions"} v 0) -- 0x7f4d54064cf0 con 0x7f4d54109e10
2024-04-25T17:00:48.057 INFO:teuthology.orchestra.run.smithi096.stdout:/usr/bin/ceph: stderr
2024-04-25T17:00:43.246+0000 7f4d437fe700 1 --2- 172.21.15.96:0/1803363966 >> [v2:172.21.15.96:6800/1771523969,v1:172.21.15.96:6801/1771523969] conn(0x7f4d3c03d570 0x7f4d3c03fa80 unknown :-1 s=NONE pgs=0 cs=0 l=1 rev1=0 crypto rx=0 tx=0 comp rx=0 tx=0).connect
2024-04-25T17:00:48.057 INFO:teuthology.orchestra.run.smithi096.stdout:/usr/bin/ceph: stderr
2024-04-25T17:00:43.246+0000 7f4d437fe700 1 -- 172.21.15.96:0/1803363966 <== mon.0 v2:172.21.15.96:3300/0 5 ==== osd_map(2..2 src has 1..2) ==== 940+0+0 (secure 0 0 0) 0x7f4d44052660 con 0x7f4d54109e10
2024-04-25T17:00:48.057 INFO:teuthology.orchestra.run.smithi096.stdout:/usr/bin/ceph: stderr
2024-04-25T17:00:43.246+0000 7f4d51d9b700 1 --2- 172.21.15.96:0/1803363966 >> [v2:172.21.15.96:6800/1771523969,v1:172.21.15.96:6801/1771523969] conn(0x7f4d3c03d570 0x7f4d3c03fa80 unknown :-1 s=BANNER_CONNECTING pgs=0 cs=0 l=1 rev1=0 crypto rx=0 tx=0 comp rx=0 tx=0)._handle_peer_banner_payload supported=3 required=0
2024-04-25T17:00:48.057 INFO:teuthology.orchestra.run.smithi096.stdout:/usr/bin/ceph: stderr
2024-04-25T17:00:43.246+0000 7f4d51d9b700 1 --2- 172.21.15.96:0/1803363966 >> [v2:172.21.15.96:6800/1771523969,v1:172.21.15.96:6801/1771523969] conn(0x7f4d3c03d570 0x7f4d3c03fa80 secure :-1 s=READY pgs=11 cs=0 l=1 rev1=1 crypto rx=0x7f4d48006fd0 tx=0x7f4d48006e40 comp rx=0 tx=0).ready entity=mgr.14116 client_cookie=0 server_cookie=0 in_seq=0 out_seq=0
2024-04-25T17:00:48.057 INFO:teuthology.orchestra.run.smithi096.stdout:/usr/bin/ceph: stderr
2024-04-25T17:00:43.251+0000 7f4d437fe700 1 -- 172.21.15.96:0/1803363966 <== mon.0 v2:172.21.15.96:3300/0 6 ==== mon_command_ack([{"prefix": "get_command_descriptions"}]=0 v0) ==== 72+0+188370 (secure 0 0 0) 0x7f4d44017e90 con 0x7f4d54109e10
2024-04-25T17:00:48.057 INFO:teuthology.orchestra.run.smithi096.stdout:/usr/bin/ceph: stderr
2024-04-25T17:00:43.453+0000 7f4d58c51700 1 -- 172.21.15.96:0/1803363966 --> [v2:172.21.15.96:6800/1771523969,v1:172.21.15.96:6801/1771523969] -- mgr_command(tid 0: {"prefix": "orch host add", "hostname": "smithi096", "addr": "172.21.15.96", "target": ["mon-mgr", ""]}) -- 0x7f4d54105740 con 0x7f4d3c03d570
2024-04-25T17:00:48.057 INFO:teuthology.orchestra.run.smithi096.stdout:/usr/bin/ceph: stderr
2024-04-25T17:00:47.514+0000 7f4d437fe700 1 -- 172.21.15.96:0/1803363966 <== mgr.14116 v2:172.21.15.96:6800/1771523969 1 ==== mgr_command_reply(tid 0: 0 ) ==== 8+0+48 (secure 0 0 0) 0x7f4d54105740 con 0x7f4d3c03d570
2024-04-25T17:00:48.057 INFO:teuthology.orchestra.run.smithi096.stdout:/usr/bin/ceph: stderr
2024-04-25T17:00:47.517+0000 7f4d58c51700 1 -- 172.21.15.96:0/1803363966 >> [v2:172.21.15.96:6800/1771523969,v1:172.21.15.96:6801/1771523969] conn(0x7f4d3c03d570 msgr2=0x7f4d3c03fa80 secure :-1 s=STATE_CONNECTION_ESTABLISHED l=1).mark_down
2024-04-25T17:00:48.057 INFO:teuthology.orchestra.run.smithi096.stdout:/usr/bin/ceph: stderr
