2024-04-25T17:00:52.139+0000 7f811a18a700 1 -- 172.21.15.96:0/2085630537 shutdown_connections
2024-04-25T17:00:53.276 INFO:teuthology.orchestra.run.smithi096.stdout:/usr/bin/ceph: stderr
2024-04-25T17:00:52.139+0000 7f811a18a700 1 --2- 172.21.15.96:0/2085630537 >> [v2:172.21.15.96:6800/1771523969,v1:172.21.15.96:6801/1771523969] conn(0x7f80fc03d570 0x7f80fc03fa80 unknown :-1 s=CLOSED pgs=14 cs=0 l=1 rev1=1 crypto rx=0 tx=0 comp rx=0 tx=0).stop
2024-04-25T17:00:53.276 INFO:teuthology.orchestra.run.smithi096.stdout:/usr/bin/ceph: stderr
2024-04-25T17:00:52.139+0000 7f811a18a700 1 --2- 172.21.15.96:0/2085630537 >> [v2:172.21.15.96:3300/0,v1:172.21.15.96:6789/0] conn(0x7f81141082c0 0x7f811419ff50 unknown :-1 s=CLOSED pgs=48 cs=0 l=1 rev1=1 crypto rx=0 tx=0 comp rx=0 tx=0).stop
2024-04-25T17:00:53.276 INFO:teuthology.orchestra.run.smithi096.stdout:/usr/bin/ceph: stderr
2024-04-25T17:00:52.139+0000 7f811a18a700 1 -- 172.21.15.96:0/2085630537 >> 172.21.15.96:0/2085630537 conn(0x7f8114103f50 msgr2=0x7f8114193ef0 unknown :-1 s=STATE_NONE l=0).mark_down
2024-04-25T17:00:53.276 INFO:teuthology.orchestra.run.smithi096.stdout:/usr/bin/ceph: stderr
2024-04-25T17:00:52.140+0000 7f811a18a700 1 -- 172.21.15.96:0/2085630537 shutdown_connections
2024-04-25T17:00:53.276 INFO:teuthology.orchestra.run.smithi096.stdout:/usr/bin/ceph: stderr
2024-04-25T17:00:52.140+0000 7f811a18a700 1 -- 172.21.15.96:0/2085630537 wait complete.
2024-04-25T17:00:54.186 INFO:journalctl@ceph.mon.a.smithi096.stdout:Apr 25 17:00:53 smithi096 ceph-mon[29131]: from='mgr.14116 172.21.15.96:0/2713930671' entity='mgr.x'
2024-04-25T17:00:54.476 INFO:teuthology.orchestra.run.smithi096.stdout:/usr/bin/ceph: stderr
2024-04-25T17:00:53.742+0000 7f9d9d264700 1 Processor -- start
2024-04-25T17:00:54.477 INFO:teuthology.orchestra.run.smithi096.stdout:/usr/bin/ceph: stderr
2024-04-25T17:00:53.742+0000 7f9d9d264700 1 -- start start
2024-04-25T17:00:54.477 INFO:teuthology.orchestra.run.smithi096.stdout:/usr/bin/ceph: stderr
2024-04-25T17:00:53.742+0000 7f9d9d264700 1 --2- >> [v2:172.21.15.96:3300/0,v1:172.21.15.96:6789/0] conn(0x7f9d98108280 0x7f9d98108690 unknown :-1 s=NONE pgs=0 cs=0 l=0 rev1=0 crypto rx=0 tx=0 comp rx=0 tx=0).connect
2024-04-25T17:00:54.477 INFO:teuthology.orchestra.run.smithi096.stdout:/usr/bin/ceph: stderr
2024-04-25T17:00:53.742+0000 7f9d9d264700 1 -- --> [v2:172.21.15.96:3300/0,v1:172.21.15.96:6789/0] -- mon_getmap magic: 0 -- 0x7f9d9807d6d0 con 0x7f9d98108280
2024-04-25T17:00:54.477 INFO:teuthology.orchestra.run.smithi096.stdout:/usr/bin/ceph: stderr
2024-04-25T17:00:53.742+0000 7f9d96ffd700 1 --2- >> [v2:172.21.15.96:3300/0,v1:172.21.15.96:6789/0] conn(0x7f9d98108280 0x7f9d98108690 unknown :-1 s=BANNER_CONNECTING pgs=0 cs=0 l=0 rev1=0 crypto rx=0 tx=0 comp rx=0 tx=0)._handle_peer_banner_payload supported=3 required=0
2024-04-25T17:00:54.477 INFO:teuthology.orchestra.run.smithi096.stdout:/usr/bin/ceph: stderr
2024-04-25T17:00:53.742+0000 7f9d96ffd700 1 --2- >> [v2:172.21.15.96:3300/0,v1:172.21.15.96:6789/0] conn(0x7f9d98108280 0x7f9d98108690 unknown :-1 s=HELLO_CONNECTING pgs=0 cs=0 l=0 rev1=1 crypto rx=0 tx=0 comp rx=0 tx=0).handle_hello peer v2:172.21.15.96:3300/0 says I am v2:172.21.15.96:32998/0 (socket says 172.21.15.96:32998)
2024-04-25T17:00:54.477 INFO:teuthology.orchestra.run.smithi096.stdout:/usr/bin/ceph: stderr
2024-04-25T17:00:53.742+0000 7f9d96ffd700 1 -- 172.21.15.96:0/3849323810 learned_addr learned my addr 172.21.15.96:0/3849323810 (peer_addr_for_me v2:172.21.15.96:0/0)
2024-04-25T17:00:54.477 INFO:teuthology.orchestra.run.smithi096.stdout:/usr/bin/ceph: stderr
2024-04-25T17:00:53.742+0000 7f9d96ffd700 1 -- 172.21.15.96:0/3849323810 --> [v2:172.21.15.96:3300/0,v1:172.21.15.96:6789/0] -- mon_subscribe({config=0+,monmap=0+}) -- 0x7f9d98108bd0 con 0x7f9d98108280
2024-04-25T17:00:54.477 INFO:teuthology.orchestra.run.smithi096.stdout:/usr/bin/ceph: stderr
2024-04-25T17:00:53.743+0000 7f9d96ffd700 1 --2- 172.21.15.96:0/3849323810 >> [v2:172.21.15.96:3300/0,v1:172.21.15.96:6789/0] conn(0x7f9d98108280 0x7f9d98108690 secure :-1 s=READY pgs=49 cs=0 l=1 rev1=1 crypto rx=0x7f9d880098a0 tx=0x7f9d88009bb0 comp rx=0 tx=0).ready entity=mon.0 client_cookie=37c882d93aebdbe4 server_cookie=0 in_seq=0 out_seq=0
2024-04-25T17:00:54.477 INFO:teuthology.orchestra.run.smithi096.stdout:/usr/bin/ceph: stderr
2024-04-25T17:00:53.743+0000 7f9d95ffb700 1 -- 172.21.15.96:0/3849323810 <== mon.0 v2:172.21.15.96:3300/0 1 ==== mon_map magic: 0 ==== 205+0+0 (secure 0 0 0) 0x7f9d88004160 con 0x7f9d98108280
2024-04-25T17:00:54.477 INFO:teuthology.orchestra.run.smithi096.stdout:/usr/bin/ceph: stderr
2024-04-25T17:00:53.743+0000 7f9d95ffb700 1 -- 172.21.15.96:0/3849323810 <== mon.0 v2:172.21.15.96:3300/0 2 ==== config(26 keys) ==== 1101+0+0 (secure 0 0 0) 0x7f9d88004300 con 0x7f9d98108280
2024-04-25T17:00:54.477 INFO:teuthology.orchestra.run.smithi096.stdout:/usr/bin/ceph: stderr
2024-04-25T17:00:53.743+0000 7f9d95ffb700 1 -- 172.21.15.96:0/3849323810 <== mon.0 v2:172.21.15.96:3300/0 3 ==== mon_map magic: 0 ==== 205+0+0 (secure 0 0 0) 0x7f9d88011a20 con 0x7f9d98108280
2024-04-25T17:00:54.477 INFO:teuthology.orchestra.run.smithi096.stdout:/usr/bin/ceph: stderr
2024-04-25T17:00:53.744+0000 7f9d9d264700 1 -- 172.21.15.96:0/3849323810 >> [v2:172.21.15.96:3300/0,v1:172.21.15.96:6789/0] conn(0x7f9d98108280 msgr2=0x7f9d98108690 secure :-1 s=STATE_CONNECTION_ESTABLISHED l=1).mark_down
2024-04-25T17:00:54.478 INFO:teuthology.orchestra.run.smithi096.stdout:/usr/bin/ceph: stderr
2024-04-25T17:00:53.744+0000 7f9d9d264700 1 --2- 172.21.15.96:0/3849323810 >> [v2:172.21.15.96:3300/0,v1:172.21.15.96:6789/0] conn(0x7f9d98108280 0x7f9d98108690 secure :-1 s=READY pgs=49 cs=0 l=1 rev1=1 crypto rx=0x7f9d880098a0 tx=0x7f9d88009bb0 comp rx=0 tx=0).stop
2024-04-25T17:00:54.478 INFO:teuthology.orchestra.run.smithi096.stdout:/usr/bin/ceph: stderr
2024-04-25T17:00:53.744+0000 7f9d9d264700 1 -- 172.21.15.96:0/3849323810 shutdown_connections
2024-04-25T17:00:54.478 INFO:teuthology.orchestra.run.smithi096.stdout:/usr/bin/ceph: stderr
2024-04-25T17:00:53.744+0000 7f9d9d264700 1 --2- 172.21.15.96:0/3849323810 >> [v2:172.21.15.96:3300/0,v1:172.21.15.96:6789/0] conn(0x7f9d98108280 0x7f9d98108690 unknown :-1 s=CLOSED pgs=49 cs=0 l=1 rev1=1 crypto rx=0 tx=0 comp rx=0 tx=0).stop
2024-04-25T17:00:54.478 INFO:teuthology.orchestra.run.smithi096.stdout:/usr/bin/ceph: stderr
2024-04-25T17:00:53.744+0000 7f9d9d264700 1 -- 172.21.15.96:0/3849323810 >> 172.21.15.96:0/3849323810 conn(0x7f9d98103ed0 msgr2=0x7f9d98106360 unknown :-1 s=STATE_NONE l=0).mark_down
2024-04-25T17:00:54.478 INFO:teuthology.orchestra.run.smithi096.stdout:/usr/bin/ceph: stderr
2024-04-25T17:00:53.744+0000 7f9d9d264700 1 -- 172.21.15.96:0/3849323810 shutdown_connections
2024-04-25T17:00:54.478 INFO:teuthology.orchestra.run.smithi096.stdout:/usr/bin/ceph: stderr
2024-04-25T17:00:53.744+0000 7f9d9d264700 1 -- 172.21.15.96:0/3849323810 wait complete.
2024-04-25T17:00:54.478 INFO:teuthology.orchestra.run.smithi096.stdout:/usr/bin/ceph: stderr
2024-04-25T17:00:53.745+0000 7f9d9d264700 1 Processor -- start
2024-04-25T17:00:54.478 INFO:teuthology.orchestra.run.smithi096.stdout:/usr/bin/ceph: stderr
2024-04-25T17:00:53.745+0000 7f9d9d264700 1 -- start start
2024-04-25T17:00:54.478 INFO:teuthology.orchestra.run.smithi096.stdout:/usr/bin/ceph: stderr
2024-04-25T17:00:53.745+0000 7f9d9d264700 1 --2- >> [v2:172.21.15.96:3300/0,v1:172.21.15.96:6789/0] conn(0x7f9d98108280 0x7f9d9819ff40 unknown :-1 s=NONE pgs=0 cs=0 l=1 rev1=0 crypto rx=0 tx=0 comp rx=0 tx=0).connect
2024-04-25T17:00:54.478 INFO:teuthology.orchestra.run.smithi096.stdout:/usr/bin/ceph: stderr
2024-04-25T17:00:53.745+0000 7f9d9d264700 1 -- --> [v2:172.21.15.96:3300/0,v1:172.21.15.96:6789/0] -- mon_getmap magic: 0 -- 0x7f9d98109c90 con 0x7f9d98108280
2024-04-25T17:00:54.478 INFO:teuthology.orchestra.run.smithi096.stdout:/usr/bin/ceph: stderr
2024-04-25T17:00:53.745+0000 7f9d96ffd700 1 --2- >> [v2:172.21.15.96:3300/0,v1:172.21.15.96:6789/0] conn(0x7f9d98108280 0x7f9d9819ff40 unknown :-1 s=BANNER_CONNECTING pgs=0 cs=0 l=1 rev1=0 crypto rx=0 tx=0 comp rx=0 tx=0)._handle_peer_banner_payload supported=3 required=0
2024-04-25T17:00:54.478 INFO:teuthology.orchestra.run.smithi096.stdout:/usr/bin/ceph: stderr
2024-04-25T17:00:53.745+0000 7f9d96ffd700 1 --2- >> [v2:172.21.15.96:3300/0,v1:172.21.15.96:6789/0] conn(0x7f9d98108280 0x7f9d9819ff40 unknown :-1 s=HELLO_CONNECTING pgs=0 cs=0 l=1 rev1=1 crypto rx=0 tx=0 comp rx=0 tx=0).handle_hello peer v2:172.21.15.96:3300/0 says I am v2:172.21.15.96:33010/0 (socket says 172.21.15.96:33010)
2024-04-25T17:00:54.478 INFO:teuthology.orchestra.run.smithi096.stdout:/usr/bin/ceph: stderr
2024-04-25T17:00:53.745+0000 7f9d96ffd700 1 -- 172.21.15.96:0/1381305060 learned_addr learned my addr 172.21.15.96:0/1381305060 (peer_addr_for_me v2:172.21.15.96:0/0)
2024-04-25T17:00:54.478 INFO:teuthology.orchestra.run.smithi096.stdout:/usr/bin/ceph: stderr
2024-04-25T17:00:53.745+0000 7f9d96ffd700 1 -- 172.21.15.96:0/1381305060 --> [v2:172.21.15.96:3300/0,v1:172.21.15.96:6789/0] -- mon_subscribe({config=0+,monmap=0+}) -- 0x7f9d981a0480 con 0x7f9d98108280
2024-04-25T17:00:54.479 INFO:teuthology.orchestra.run.smithi096.stdout:/usr/bin/ceph: stderr
2024-04-25T17:00:53.746+0000 7f9d96ffd700 1 --2- 172.21.15.96:0/1381305060 >> [v2:172.21.15.96:3300/0,v1:172.21.15.96:6789/0] conn(0x7f9d98108280 0x7f9d9819ff40 secure :-1 s=READY pgs=50 cs=0 l=1 rev1=1 crypto rx=0x7f9d88004660 tx=0x7f9d88011aa0 comp rx=0 tx=0).ready entity=mon.0 client_cookie=0 server_cookie=0 in_seq=0 out_seq=0
2024-04-25T17:00:54.479 INFO:teuthology.orchestra.run.smithi096.stdout:/usr/bin/ceph: stderr
2024-04-25T17:00:53.746+0000 7f9d8ffff700 1 -- 172.21.15.96:0/1381305060 <== mon.0 v2:172.21.15.96:3300/0 1 ==== mon_map magic: 0 ==== 205+0+0 (secure 0 0 0) 0x7f9d88003a60 con 0x7f9d98108280
2024-04-25T17:00:54.479 INFO:teuthology.orchestra.run.smithi096.stdout:/usr/bin/ceph: stderr
2024-04-25T17:00:53.746+0000 7f9d8ffff700 1 -- 172.21.15.96:0/1381305060 <== mon.0 v2:172.21.15.96:3300/0 2 ==== config(26 keys) ==== 1101+0+0 (secure 0 0 0) 0x7f9d8801b8f0 con 0x7f9d98108280
2024-04-25T17:00:54.479 INFO:teuthology.orchestra.run.smithi096.stdout:/usr/bin/ceph: stderr
2024-04-25T17:00:53.746+0000 7f9d8ffff700 1 -- 172.21.15.96:0/1381305060 <== mon.0 v2:172.21.15.96:3300/0 3 ==== mon_map magic: 0 ==== 205+0+0 (secure 0 0 0) 0x7f9d88023890 con 0x7f9d98108280
2024-04-25T17:00:54.479 INFO:teuthology.orchestra.run.smithi096.stdout:/usr/bin/ceph: stderr
2024-04-25T17:00:53.746+0000 7f9d9d264700 1 -- 172.21.15.96:0/1381305060 --> [v2:172.21.15.96:3300/0,v1:172.21.15.96:6789/0] -- mon_subscribe({mgrmap=0+}) -- 0x7f9d981a0710 con 0x7f9d98108280
2024-04-25T17:00:54.479 INFO:teuthology.orchestra.run.smithi096.stdout:/usr/bin/ceph: stderr
2024-04-25T17:00:53.746+0000 7f9d9d264700 1 -- 172.21.15.96:0/1381305060 --> [v2:172.21.15.96:3300/0,v1:172.21.15.96:6789/0] -- mon_subscribe({osdmap=0}) -- 0x7f9d981a3320 con 0x7f9d98108280
2024-04-25T17:00:54.479 INFO:teuthology.orchestra.run.smithi096.stdout:/usr/bin/ceph: stderr
2024-04-25T17:00:53.747+0000 7f9d8ffff700 1 -- 172.21.15.96:0/1381305060 <== mon.0 v2:172.21.15.96:3300/0 4 ==== mgrmap(e 8) ==== 49516+0+0 (secure 0 0 0) 0x7f9d8802c3f0 con 0x7f9d98108280
2024-04-25T17:00:54.479 INFO:teuthology.orchestra.run.smithi096.stdout:/usr/bin/ceph: stderr
2024-04-25T17:00:53.747+0000 7f9d9d264700 1 -- 172.21.15.96:0/1381305060 --> [v2:172.21.15.96:3300/0,v1:172.21.15.96:6789/0] -- mon_command({"prefix": "get_command_descriptions"} v 0) -- 0x7f9d98064cf0 con 0x7f9d98108280
2024-04-25T17:00:54.479 INFO:teuthology.orchestra.run.smithi096.stdout:/usr/bin/ceph: stderr
2024-04-25T17:00:53.747+0000 7f9d8ffff700 1 --2- 172.21.15.96:0/1381305060 >> [v2:172.21.15.96:6800/1771523969,v1:172.21.15.96:6801/1771523969] conn(0x7f9d8403d520 0x7f9d8403fa30 unknown :-1 s=NONE pgs=0 cs=0 l=1 rev1=0 crypto rx=0 tx=0 comp rx=0 tx=0).connect
2024-04-25T17:00:54.479 INFO:teuthology.orchestra.run.smithi096.stdout:/usr/bin/ceph: stderr
2024-04-25T17:00:53.747+0000 7f9d8ffff700 1 -- 172.21.15.96:0/1381305060 <== mon.0 v2:172.21.15.96:3300/0 5 ==== osd_map(2..2 src has 1..2) ==== 940+0+0 (secure 0 0 0) 0x7f9d88052d80 con 0x7f9d98108280
2024-04-25T17:00:54.479 INFO:teuthology.orchestra.run.smithi096.stdout:/usr/bin/ceph: stderr
2024-04-25T17:00:53.747+0000 7f9d967fc700 1 --2- 172.21.15.96:0/1381305060 >> [v2:172.21.15.96:6800/1771523969,v1:172.21.15.96:6801/1771523969] conn(0x7f9d8403d520 0x7f9d8403fa30 unknown :-1 s=BANNER_CONNECTING pgs=0 cs=0 l=1 rev1=0 crypto rx=0 tx=0 comp rx=0 tx=0)._handle_peer_banner_payload supported=3 required=0
2024-04-25T17:00:54.479 INFO:teuthology.orchestra.run.smithi096.stdout:/usr/bin/ceph: stderr
2024-04-25T17:00:53.748+0000 7f9d967fc700 1 --2- 172.21.15.96:0/1381305060 >> [v2:172.21.15.96:6800/1771523969,v1:172.21.15.96:6801/1771523969] conn(0x7f9d8403d520 0x7f9d8403fa30 secure :-1 s=READY pgs=15 cs=0 l=1 rev1=1 crypto rx=0x7f9d80006fd0 tx=0x7f9d80006e40 comp rx=0 tx=0).ready entity=mgr.14116 client_cookie=0 server_cookie=0 in_seq=0 out_seq=0
2024-04-25T17:00:54.479 INFO:teuthology.orchestra.run.smithi096.stdout:/usr/bin/ceph: stderr
2024-04-25T17:00:53.757+0000 7f9d8ffff700 1 -- 172.21.15.96:0/1381305060 <== mon.0 v2:172.21.15.96:3300/0 6 ==== mon_command_ack([{"prefix": "get_command_descriptions"}]=0 v0) ==== 72+0+188370 (secure 0 0 0) 0x7f9d8801f030 con 0x7f9d98108280
2024-04-25T17:00:54.479 INFO:teuthology.orchestra.run.smithi096.stdout:/usr/bin/ceph: stderr
2024-04-25T17:00:53.965+0000 7f9d9d264700 1 -- 172.21.15.96:0/1381305060 --> [v2:172.21.15.96:3300/0,v1:172.21.15.96:6789/0] -- mon_command([{prefix=config set, name=mgr/dashboard/ssl_server_port}] v 0) -- 0x7f9d9802e850 con 0x7f9d98108280
2024-04-25T17:00:54.480 INFO:teuthology.orchestra.run.smithi096.stdout:/usr/bin/ceph: stderr
2024-04-25T17:00:53.969+0000 7f9d8ffff700 1 -- 172.21.15.96:0/1381305060 <== mon.0 v2:172.21.15.96:3300/0 7 ==== mon_command_ack([{prefix=config set, name=mgr/dashboard/ssl_server_port}]=0 v8)=0 v8) ==== 130+0+0 (secure 0 0 0) 0x7f9d880172b0 con 0x7f9d98108280
2024-04-25T17:00:54.480 INFO:teuthology.orchestra.run.smithi096.stdout:/usr/bin/ceph: stderr
2024-04-25T17:00:53.971+0000 7f9d9d264700 1 -- 172.21.15.96:0/1381305060 >> [v2:172.21.15.96:6800/1771523969,v1:172.21.15.96:6801/1771523969] conn(0x7f9d8403d520 msgr2=0x7f9d8403fa30 secure :-1 s=STATE_CONNECTION_ESTABLISHED l=1).mark_down
2024-04-25T17:00:54.480 INFO:teuthology.orchestra.run.smithi096.stdout:/usr/bin/ceph: stderr
2024-04-25T17:00:53.971+0000 7f9d9d264700 1 --2- 172.21.15.96:0/1381305060 >> [v2:172.21.15.96:6800/1771523969,v1:172.21.15.96:6801/1771523969] conn(0x7f9d8403d520 0x7f9d8403fa30 secure :-1 s=READY pgs=15 cs=0 l=1 rev1=1 crypto rx=0x7f9d80006fd0 tx=0x7f9d80006e40 comp rx=0 tx=0).stop
2024-04-25T17:00:54.480 INFO:teuthology.orchestra.run.smithi096.stdout:/usr/bin/ceph: stderr
2024-04-25T17:00:53.971+0000 7f9d9d264700 1 -- 172.21.15.96:0/1381305060 >> [v2:172.21.15.96:3300/0,v1:172.21.15.96:6789/0] conn(0x7f9d98108280 msgr2=0x7f9d9819ff40 secure :-1 s=STATE_CONNECTION_ESTABLISHED l=1).mark_down
2024-04-25T17:00:54.480 INFO:teuthology.orchestra.run.smithi096.stdout:/usr/bin/ceph: stderr
2024-04-25T17:00:53.971+0000 7f9d9d264700 1 --2- 172.21.15.96:0/1381305060 >> [v2:172.21.15.96:3300/0,v1:172.21.15.96:6789/0] conn(0x7f9d98108280 0x7f9d9819ff40 secure :-1 s=READY pgs=50 cs=0 l=1 rev1=1 crypto rx=0x7f9d88004660 tx=0x7f9d88011aa0 comp rx=0 tx=0).stop
2024-04-25T17:00:54.480 INFO:teuthology.orchestra.run.smithi096.stdout:/usr/bin/ceph: stderr
2024-04-25T17:00:53.971+0000 7f9d9d264700 1 -- 172.21.15.96:0/1381305060 shutdown_connections
2024-04-25T17:00:54.480 INFO:teuthology.orchestra.run.smithi096.stdout:/usr/bin/ceph: stderr
2024-04-25T17:00:53.971+0000 7f9d9d264700 1 --2- 172.21.15.96:0/1381305060 >> [v2:172.21.15.96:6800/1771523969,v1:172.21.15.96:6801/1771523969] conn(0x7f9d8403d520 0x7f9d8403fa30 unknown :-1 s=CLOSED pgs=15 cs=0 l=1 rev1=1 crypto rx=0 tx=0 comp rx=0 tx=0).stop
2024-04-25T17:00:54.480 INFO:teuthology.orchestra.run.smithi096.stdout:/usr/bin/ceph: stderr
2024-04-25T17:00:53.971+0000 7f9d9d264700 1 --2- 172.21.15.96:0/1381305060 >> [v2:172.21.15.96:3300/0,v1:172.21.15.96:6789/0] conn(0x7f9d98108280 0x7f9d9819ff40 unknown :-1 s=CLOSED pgs=50 cs=0 l=1 rev1=1 crypto rx=0 tx=0 comp rx=0 tx=0).stop
2024-04-25T17:00:54.480 INFO:teuthology.orchestra.run.smithi096.stdout:/usr/bin/ceph: stderr
2024-04-25T17:00:53.971+0000 7f9d9d264700 1 -- 172.21.15.96:0/1381305060 >> 172.21.15.96:0/1381305060 conn(0x7f9d98103ed0 msgr2=0x7f9d98193f50 unknown :-1 s=STATE_NONE l=0).mark_down
2024-04-25T17:00:54.480 INFO:teuthology.orchestra.run.smithi096.stdout:/usr/bin/ceph: stderr
2024-04-25T17:00:53.971+0000 7f9d9d264700 1 -- 172.21.15.96:0/1381305060 shutdown_connections
2024-04-25T17:00:54.480 INFO:teuthology.orchestra.run.smithi096.stdout:/usr/bin/ceph: stderr
2024-04-25T17:00:53.971+0000 7f9d9d264700 1 -- 172.21.15.96:0/1381305060 wait complete.
2024-04-25T17:00:54.480 INFO:teuthology.orchestra.run.smithi096.stdout:Enabling the dashboard module...
2024-04-25T17:00:55.122 INFO:journalctl@ceph.mon.a.smithi096.stdout:Apr 25 17:00:54 smithi096 ceph-mon[29131]: from='client.? 172.21.15.96:0/1381305060' entity='client.admin'
2024-04-25T17:00:55.122 INFO:journalctl@ceph.mon.a.smithi096.stdout:Apr 25 17:00:54 smithi096 ceph-mon[29131]: from='mgr.14116 172.21.15.96:0/2713930671' entity='mgr.x'
2024-04-25T17:00:56.186 INFO:journalctl@ceph.mon.a.smithi096.stdout:Apr 25 17:00:55 smithi096 ceph-mon[29131]: from='client.? 172.21.15.96:0/895945924' entity='client.admin' cmd=[{"prefix": "mgr module enable", "module": "dashboard"}]: dispatch
2024-04-25T17:00:56.187 INFO:journalctl@ceph.mon.a.smithi096.stdout:Apr 25 17:00:55 smithi096 ceph-mon[29131]: pgmap v3: 0 pgs: ; 0 B data, 0 B used, 0 B / 0 B avail
2024-04-25T17:00:56.187 INFO:journalctl@ceph.mgr.x.smithi096.stdout:Apr 25 17:00:56 smithi096 ceph-1be09d02-0325-11ef-bc93-c7b262605968-mgr-x[29361]: ignoring --setuser ceph since I am not root
2024-04-25T17:00:56.187 INFO:journalctl@ceph.mgr.x.smithi096.stdout:Apr 25 17:00:56 smithi096 ceph-1be09d02-0325-11ef-bc93-c7b262605968-mgr-x[29361]: ignoring --setgroup ceph since I am not root
2024-04-25T17:00:56.488 INFO:journalctl@ceph.mgr.x.smithi096.stdout:Apr 25 17:00:56 smithi096 ceph-1be09d02-0325-11ef-bc93-c7b262605968-mgr-x[29361]:
2024-04-25T17:00:56.191+0000 7ff8f10a8200 -1 mgr[py] Module balancer has missing NOTIFY_TYPES member
2024-04-25T17:00:56.489 INFO:journalctl@ceph.mgr.x.smithi096.stdout:Apr 25 17:00:56 smithi096 ceph-1be09d02-0325-11ef-bc93-c7b262605968-mgr-x[29361]:
2024-04-25T17:00:56.385+0000 7ff8f10a8200 -1 mgr[py] Module orchestrator has missing NOTIFY_TYPES member
2024-04-25T17:00:56.489 INFO:journalctl@ceph.mgr.x.smithi096.stdout:Apr 25 17:00:56 smithi096 ceph-1be09d02-0325-11ef-bc93-c7b262605968-mgr-x[29361]:
2024-04-25T17:00:56.489+0000 7ff8f10a8200 -1 mgr[py] Module snap_schedule has missing NOTIFY_TYPES member
2024-04-25T17:00:56.593 INFO:teuthology.orchestra.run.smithi096.stdout:/usr/bin/ceph: stderr
2024-04-25T17:00:54.863+0000 7ff9d9372700 1 Processor -- start
2024-04-25T17:00:56.598 INFO:teuthology.orchestra.run.smithi096.stdout:/usr/bin/ceph: stderr
2024-04-25T17:00:54.863+0000 7ff9d9372700 1 -- start start
2024-04-25T17:00:56.599 INFO:teuthology.orchestra.run.smithi096.stdout:/usr/bin/ceph: stderr
2024-04-25T17:00:54.863+0000 7ff9d9372700 1 --2- >> [v2:172.21.15.96:3300/0,v1:172.21.15.96:6789/0] conn(0x7ff9d4107d00 0x7ff9d4108110 unknown :-1 s=NONE pgs=0 cs=0 l=0 rev1=0 crypto rx=0 tx=0 comp rx=0 tx=0).connect
2024-04-25T17:00:56.599 INFO:teuthology.orchestra.run.smithi096.stdout:/usr/bin/ceph: stderr
2024-04-25T17:00:54.863+0000 7ff9d9372700 1 -- --> [v2:172.21.15.96:3300/0,v1:172.21.15.96:6789/0] -- mon_getmap magic: 0 -- 0x7ff9d4108700 con 0x7ff9d4107d00
2024-04-25T17:00:56.599 INFO:teuthology.orchestra.run.smithi096.stdout:/usr/bin/ceph: stderr
2024-04-25T17:00:54.864+0000 7ff9d2ffd700 1 --2- >> [v2:172.21.15.96:3300/0,v1:172.21.15.96:6789/0] conn(0x7ff9d4107d00 0x7ff9d4108110 unknown :-1 s=BANNER_CONNECTING pgs=0 cs=0 l=0 rev1=0 crypto rx=0 tx=0 comp rx=0 tx=0)._handle_peer_banner_payload supported=3 required=0
2024-04-25T17:00:56.599 INFO:teuthology.orchestra.run.smithi096.stdout:/usr/bin/ceph: stderr
2024-04-25T17:00:54.864+0000 7ff9d2ffd700 1 --2- >> [v2:172.21.15.96:3300/0,v1:172.21.15.96:6789/0] conn(0x7ff9d4107d00 0x7ff9d4108110 unknown :-1 s=HELLO_CONNECTING pgs=0 cs=0 l=0 rev1=1 crypto rx=0 tx=0 comp rx=0 tx=0).handle_hello peer v2:172.21.15.96:3300/0 says I am v2:172.21.15.96:33012/0 (socket says 172.21.15.96:33012)
2024-04-25T17:00:56.599 INFO:teuthology.orchestra.run.smithi096.stdout:/usr/bin/ceph: stderr
2024-04-25T17:00:54.864+0000 7ff9d2ffd700 1 -- 172.21.15.96:0/1083225329 learned_addr learned my addr 172.21.15.96:0/1083225329 (peer_addr_for_me v2:172.21.15.96:0/0)
2024-04-25T17:00:56.599 INFO:teuthology.orchestra.run.smithi096.stdout:/usr/bin/ceph: stderr
2024-04-25T17:00:54.864+0000 7ff9d2ffd700 1 -- 172.21.15.96:0/1083225329 --> [v2:172.21.15.96:3300/0,v1:172.21.15.96:6789/0] -- mon_subscribe({config=0+,monmap=0+}) -- 0x7ff9d4108880 con 0x7ff9d4107d00
2024-04-25T17:00:56.599 INFO:teuthology.orchestra.run.smithi096.stdout:/usr/bin/ceph: stderr
2024-04-25T17:00:54.864+0000 7ff9d2ffd700 1 --2- 172.21.15.96:0/1083225329 >> [v2:172.21.15.96:3300/0,v1:172.21.15.96:6789/0] conn(0x7ff9d4107d00 0x7ff9d4108110 secure :-1 s=READY pgs=51 cs=0 l=1 rev1=1 crypto rx=0x7ff9c40098a0 tx=0x7ff9c4009bb0 comp rx=0 tx=0).ready entity=mon.0 client_cookie=45ad6319ddd5fff0 server_cookie=0 in_seq=0 out_seq=0
2024-04-25T17:00:56.599 INFO:teuthology.orchestra.run.smithi096.stdout:/usr/bin/ceph: stderr
2024-04-25T17:00:54.864+0000 7ff9d1ffb700 1 -- 172.21.15.96:0/1083225329 <== mon.0 v2:172.21.15.96:3300/0 1 ==== mon_map magic: 0 ==== 205+0+0 (secure 0 0 0) 0x7ff9c4004160 con 0x7ff9d4107d00
2024-04-25T17:00:56.599 INFO:teuthology.orchestra.run.smithi096.stdout:/usr/bin/ceph: stderr
2024-04-25T17:00:54.864+0000 7ff9d1ffb700 1 -- 172.21.15.96:0/1083225329 <== mon.0 v2:172.21.15.96:3300/0 2 ==== config(26 keys) ==== 1101+0+0 (secure 0 0 0) 0x7ff9c4004300 con 0x7ff9d4107d00
2024-04-25T17:00:56.599 INFO:teuthology.orchestra.run.smithi096.stdout:/usr/bin/ceph: stderr
2024-04-25T17:00:54.864+0000 7ff9d1ffb700 1 -- 172.21.15.96:0/1083225329 <== mon.0 v2:172.21.15.96:3300/0 3 ==== mon_map magic: 0 ==== 205+0+0 (secure 0 0 0) 0x7ff9c4011a20 con 0x7ff9d4107d00
2024-04-25T17:00:56.599 INFO:teuthology.orchestra.run.smithi096.stdout:/usr/bin/ceph: stderr
2024-04-25T17:00:54.865+0000 7ff9d9372700 1 -- 172.21.15.96:0/1083225329 >> [v2:172.21.15.96:3300/0,v1:172.21.15.96:6789/0] conn(0x7ff9d4107d00 msgr2=0x7ff9d4108110 secure :-1 s=STATE_CONNECTION_ESTABLISHED l=1).mark_down
2024-04-25T17:00:56.599 INFO:teuthology.orchestra.run.smithi096.stdout:/usr/bin/ceph: stderr
2024-04-25T17:00:54.865+0000 7ff9d9372700 1 --2- 172.21.15.96:0/1083225329 >> [v2:172.21.15.96:3300/0,v1:172.21.15.96:6789/0] conn(0x7ff9d4107d00 0x7ff9d4108110 secure :-1 s=READY pgs=51 cs=0 l=1 rev1=1 crypto rx=0x7ff9c40098a0 tx=0x7ff9c4009bb0 comp rx=0 tx=0).stop
2024-04-25T17:00:56.600 INFO:teuthology.orchestra.run.smithi096.stdout:/usr/bin/ceph: stderr
2024-04-25T17:00:54.865+0000 7ff9d9372700 1 -- 172.21.15.96:0/1083225329 shutdown_connections
2024-04-25T17:00:56.600 INFO:teuthology.orchestra.run.smithi096.stdout:/usr/bin/ceph: stderr
2024-04-25T17:00:54.865+0000 7ff9d9372700 1 --2- 172.21.15.96:0/1083225329 >> [v2:172.21.15.96:3300/0,v1:172.21.15.96:6789/0] conn(0x7ff9d4107d00 0x7ff9d4108110 unknown :-1 s=CLOSED pgs=51 cs=0 l=1 rev1=1 crypto rx=0 tx=0 comp rx=0 tx=0).stop
2024-04-25T17:00:56.600 INFO:teuthology.orchestra.run.smithi096.stdout:/usr/bin/ceph: stderr
2024-04-25T17:00:54.865+0000 7ff9d9372700 1 -- 172.21.15.96:0/1083225329 >> 172.21.15.96:0/1083225329 conn(0x7ff9d41036c0 msgr2=0x7ff9d4105b10 unknown :-1 s=STATE_NONE l=0).mark_down
2024-04-25T17:00:56.600 INFO:teuthology.orchestra.run.smithi096.stdout:/usr/bin/ceph: stderr
2024-04-25T17:00:54.865+0000 7ff9d9372700 1 -- 172.21.15.96:0/1083225329 shutdown_connections
2024-04-25T17:00:56.600 INFO:teuthology.orchestra.run.smithi096.stdout:/usr/bin/ceph: stderr
2024-04-25T17:00:54.865+0000 7ff9d9372700 1 -- 172.21.15.96:0/1083225329 wait complete.
2024-04-25T17:00:56.600 INFO:teuthology.orchestra.run.smithi096.stdout:/usr/bin/ceph: stderr
2024-04-25T17:00:54.866+0000 7ff9d9372700 1 Processor -- start
2024-04-25T17:00:56.600 INFO:teuthology.orchestra.run.smithi096.stdout:/usr/bin/ceph: stderr
2024-04-25T17:00:54.867+0000 7ff9d9372700 1 -- start start
2024-04-25T17:00:56.600 INFO:teuthology.orchestra.run.smithi096.stdout:/usr/bin/ceph: stderr
2024-04-25T17:00:54.867+0000 7ff9d9372700 1 --2- >> [v2:172.21.15.96:3300/0,v1:172.21.15.96:6789/0] conn(0x7ff9d4107d00 0x7ff9d410a510 unknown :-1 s=NONE pgs=0 cs=0 l=1 rev1=0 crypto rx=0 tx=0 comp rx=0 tx=0).connect
2024-04-25T17:00:56.600 INFO:teuthology.orchestra.run.smithi096.stdout:/usr/bin/ceph: stderr
2024-04-25T17:00:54.867+0000 7ff9d9372700 1 -- --> [v2:172.21.15.96:3300/0,v1:172.21.15.96:6789/0] -- mon_getmap magic: 0 -- 0x7ff9d410ddc0 con 0x7ff9d4107d00
2024-04-25T17:00:56.600 INFO:teuthology.orchestra.run.smithi096.stdout:/usr/bin/ceph: stderr
2024-04-25T17:00:54.867+0000 7ff9d2ffd700 1 --2- >> [v2:172.21.15.96:3300/0,v1:172.21.15.96:6789/0] conn(0x7ff9d4107d00 0x7ff9d410a510 unknown :-1 s=BANNER_CONNECTING pgs=0 cs=0 l=1 rev1=0 crypto rx=0 tx=0 comp rx=0 tx=0)._handle_peer_banner_payload supported=3 required=0
2024-04-25T17:00:56.600 INFO:teuthology.orchestra.run.smithi096.stdout:/usr/bin/ceph: stderr
2024-04-25T17:00:54.867+0000 7ff9d2ffd700 1 --2- >> [v2:172.21.15.96:3300/0,v1:172.21.15.96:6789/0] conn(0x7ff9d4107d00 0x7ff9d410a510 unknown :-1 s=HELLO_CONNECTING pgs=0 cs=0 l=1 rev1=1 crypto rx=0 tx=0 comp rx=0 tx=0).handle_hello peer v2:172.21.15.96:3300/0 says I am v2:172.21.15.96:33016/0 (socket says 172.21.15.96:33016)
2024-04-25T17:00:56.600 INFO:teuthology.orchestra.run.smithi096.stdout:/usr/bin/ceph: stderr
2024-04-25T17:00:54.867+0000 7ff9d2ffd700 1 -- 172.21.15.96:0/895945924 learned_addr learned my addr 172.21.15.96:0/895945924 (peer_addr_for_me v2:172.21.15.96:0/0)
2024-04-25T17:00:56.600 INFO:teuthology.orchestra.run.smithi096.stdout:/usr/bin/ceph: stderr
2024-04-25T17:00:54.867+0000 7ff9d2ffd700 1 -- 172.21.15.96:0/895945924 --> [v2:172.21.15.96:3300/0,v1:172.21.15.96:6789/0] -- mon_subscribe({config=0+,monmap=0+}) -- 0x7ff9d410aa50 con 0x7ff9d4107d00
2024-04-25T17:00:56.600 INFO:teuthology.orchestra.run.smithi096.stdout:/usr/bin/ceph: stderr
2024-04-25T17:00:54.867+0000 7ff9d2ffd700 1 --2- 172.21.15.96:0/895945924 >> [v2:172.21.15.96:3300/0,v1:172.21.15.96:6789/0] conn(0x7ff9d4107d00 0x7ff9d410a510 secure :-1 s=READY pgs=52 cs=0 l=1 rev1=1 crypto rx=0x7ff9c4003f00 tx=0x7ff9c4011aa0 comp rx=0 tx=0).ready entity=mon.0 client_cookie=0 server_cookie=0 in_seq=0 out_seq=0
2024-04-25T17:00:56.600 INFO:teuthology.orchestra.run.smithi096.stdout:/usr/bin/ceph: stderr
2024-04-25T17:00:54.867+0000 7ff9bbfff700 1 -- 172.21.15.96:0/895945924 <== mon.0 v2:172.21.15.96:3300/0 1 ==== mon_map magic: 0 ==== 205+0+0 (secure 0 0 0) 0x7ff9c4003aa0 con 0x7ff9d4107d00
2024-04-25T17:00:56.601 INFO:teuthology.orchestra.run.smithi096.stdout:/usr/bin/ceph: stderr
2024-04-25T17:00:54.868+0000 7ff9bbfff700 1 -- 172.21.15.96:0/895945924 <== mon.0 v2:172.21.15.96:3300/0 2 ==== config(26 keys) ==== 1101+0+0 (secure 0 0 0) 0x7ff9c401b8f0 con 0x7ff9d4107d00
2024-04-25T17:00:56.601 INFO:teuthology.orchestra.run.smithi096.stdout:/usr/bin/ceph: stderr
2024-04-25T17:00:54.868+0000 7ff9d9372700 1 -- 172.21.15.96:0/895945924 --> [v2:172.21.15.96:3300/0,v1:172.21.15.96:6789/0] -- mon_subscribe({mgrmap=0+}) -- 0x7ff9d4108ca0 con 0x7ff9d4107d00
2024-04-25T17:00:56.601 INFO:teuthology.orchestra.run.smithi096.stdout:/usr/bin/ceph: stderr
2024-04-25T17:00:54.868+0000 7ff9d9372700 1 -- 172.21.15.96:0/895945924 --> [v2:172.21.15.96:3300/0,v1:172.21.15.96:6789/0] -- mon_subscribe({osdmap=0}) -- 0x7ff9d4109180 con 0x7ff9d4107d00
2024-04-25T17:00:56.601 INFO:teuthology.orchestra.run.smithi096.stdout:/usr/bin/ceph: stderr
2024-04-25T17:00:54.868+0000 7ff9bbfff700 1 -- 172.21.15.96:0/895945924 <== mon.0 v2:172.21.15.96:3300/0 3 ==== mon_map magic: 0 ==== 205+0+0 (secure 0 0 0) 0x7ff9c4023890 con 0x7ff9d4107d00
2024-04-25T17:00:56.601 INFO:teuthology.orchestra.run.smithi096.stdout:/usr/bin/ceph: stderr
2024-04-25T17:00:54.869+0000 7ff9bbfff700 1 -- 172.21.15.96:0/895945924 <== mon.0 v2:172.21.15.96:3300/0 4 ==== mgrmap(e 8) ==== 49516+0+0 (secure 0 0 0) 0x7ff9c402c3f0 con 0x7ff9d4107d00
2024-04-25T17:00:56.601 INFO:teuthology.orchestra.run.smithi096.stdout:/usr/bin/ceph: stderr
2024-04-25T17:00:54.869+0000 7ff9d9372700 1 -- 172.21.15.96:0/895945924 --> [v2:172.21.15.96:3300/0,v1:172.21.15.96:6789/0] -- mon_command({"prefix": "get_command_descriptions"} v 0) -- 0x7ff9d4064cf0 con 0x7ff9d4107d00
2024-04-25T17:00:56.601 INFO:teuthology.orchestra.run.smithi096.stdout:/usr/bin/ceph: stderr
2024-04-25T17:00:54.869+0000 7ff9bbfff700 1 --2- 172.21.15.96:0/895945924 >> [v2:172.21.15.96:6800/1771523969,v1:172.21.15.96:6801/1771523969] conn(0x7ff9bc03d5c0 0x7ff9bc03fad0 unknown :-1 s=NONE pgs=0 cs=0 l=1 rev1=0 crypto rx=0 tx=0 comp rx=0 tx=0).connect
2024-04-25T17:00:56.601 INFO:teuthology.orchestra.run.smithi096.stdout:/usr/bin/ceph: stderr
2024-04-25T17:00:54.869+0000 7ff9bbfff700 1 -- 172.21.15.96:0/895945924 <== mon.0 v2:172.21.15.96:3300/0 5 ==== osd_map(2..2 src has 1..2) ==== 940+0+0 (secure 0 0 0) 0x7ff9c4052c70 con 0x7ff9d4107d00
2024-04-25T17:00:56.601 INFO:teuthology.orchestra.run.smithi096.stdout:/usr/bin/ceph: stderr
2024-04-25T17:00:54.869+0000 7ff9d27fc700 1 --2- 172.21.15.96:0/895945924 >> [v2:172.21.15.96:6800/1771523969,v1:172.21.15.96:6801/1771523969] conn(0x7ff9bc03d5c0 0x7ff9bc03fad0 unknown :-1 s=BANNER_CONNECTING pgs=0 cs=0 l=1 rev1=0 crypto rx=0 tx=0 comp rx=0 tx=0)._handle_peer_banner_payload supported=3 required=0
2024-04-25T17:00:56.601 INFO:teuthology.orchestra.run.smithi096.stdout:/usr/bin/ceph: stderr
2024-04-25T17:00:54.870+0000 7ff9d27fc700 1 --2- 172.21.15.96:0/895945924 >> [v2:172.21.15.96:6800/1771523969,v1:172.21.15.96:6801/1771523969] conn(0x7ff9bc03d5c0 0x7ff9bc03fad0 secure :-1 s=READY pgs=16 cs=0 l=1 rev1=1 crypto rx=0x7ff9c8006fd0 tx=0x7ff9c8006e40 comp rx=0 tx=0).ready entity=mgr.14116 client_cookie=0 server_cookie=0 in_seq=0 out_seq=0
2024-04-25T17:00:56.601 INFO:teuthology.orchestra.run.smithi096.stdout:/usr/bin/ceph: stderr
2024-04-25T17:00:54.875+0000 7ff9bbfff700 1 -- 172.21.15.96:0/895945924 <== mon.0 v2:172.21.15.96:3300/0 6 ==== mon_command_ack([{"prefix": "get_command_descriptions"}]=0 v0) ==== 72+0+188370 (secure 0 0 0) 0x7ff9c401f030 con 0x7ff9d4107d00
2024-04-25T17:00:56.601 INFO:teuthology.orchestra.run.smithi096.stdout:/usr/bin/ceph: stderr
2024-04-25T17:00:55.147+0000 7ff9d9372700 1 -- 172.21.15.96:0/895945924 --> [v2:172.21.15.96:3300/0,v1:172.21.15.96:6789/0] -- mon_command({"prefix": "mgr module enable", "module": "dashboard"} v 0) -- 0x7ff9d4109870 con 0x7ff9d4107d00
2024-04-25T17:00:56.601 INFO:teuthology.orchestra.run.smithi096.stdout:/usr/bin/ceph: stderr
2024-04-25T17:00:55.972+0000 7ff9bbfff700 1 -- 172.21.15.96:0/895945924 <== mon.0 v2:172.21.15.96:3300/0 7 ==== mon_command_ack([{"prefix": "mgr module enable", "module": "dashboard"}]=0 v9) ==== 88+0+0 (secure 0 0 0) 0x7ff9c401bda0 con 0x7ff9d4107d00
2024-04-25T17:00:56.601 INFO:teuthology.orchestra.run.smithi096.stdout:/usr/bin/ceph: stderr
2024-04-25T17:00:55.974+0000 7ff9bbfff700 1 -- 172.21.15.96:0/895945924 <== mon.0 v2:172.21.15.96:3300/0 8 ==== mgrmap(e 9) ==== 49529+0+0 (secure 0 0 0) 0x7ff9c40193d0 con 0x7ff9d4107d00
2024-04-25T17:00:56.601 INFO:teuthology.orchestra.run.smithi096.stdout:/usr/bin/ceph: stderr
2024-04-25T17:00:55.975+0000 7ff9d9372700 1 -- 172.21.15.96:0/895945924 >> [v2:172.21.15.96:6800/1771523969,v1:172.21.15.96:6801/1771523969] conn(0x7ff9bc03d5c0 msgr2=0x7ff9bc03fad0 secure :-1 s=STATE_CONNECTION_ESTABLISHED l=1).mark_down
2024-04-25T17:00:56.602 INFO:teuthology.orchestra.run.smithi096.stdout:/usr/bin/ceph: stderr
2024-04-25T17:00:55.975+0000 7ff9d9372700 1 --2- 172.21.15.96:0/895945924 >> [v2:172.21.15.96:6800/1771523969,v1:172.21.15.96:6801/1771523969] conn(0x7ff9bc03d5c0 0x7ff9bc03fad0 secure :-1 s=READY pgs=16 cs=0 l=1 rev1=1 crypto rx=0x7ff9c8006fd0 tx=0x7ff9c8006e40 comp rx=0 tx=0).stop
2024-04-25T17:00:56.602 INFO:teuthology.orchestra.run.smithi096.stdout:/usr/bin/ceph: stderr
2024-04-25T17:00:55.975+0000 7ff9d9372700 1 -- 172.21.15.96:0/895945924 >> [v2:172.21.15.96:3300/0,v1:172.21.15.96:6789/0] conn(0x7ff9d4107d00 msgr2=0x7ff9d410a510 secure :-1 s=STATE_CONNECTION_ESTABLISHED l=1).mark_down
2024-04-25T17:00:56.602 INFO:teuthology.orchestra.run.smithi096.stdout:/usr/bin/ceph: stderr
2024-04-25T17:00:55.975+0000 7ff9d9372700 1 --2- 172.21.15.96:0/895945924 >> [v2:172.21.15.96:3300/0,v1:172.21.15.96:6789/0] conn(0x7ff9d4107d00 0x7ff9d410a510 secure :-1 s=READY pgs=52 cs=0 l=1 rev1=1 crypto rx=0x7ff9c4003f00 tx=0x7ff9c4011aa0 comp rx=0 tx=0).stop
2024-04-25T17:00:56.602 INFO:teuthology.orchestra.run.smithi096.stdout:/usr/bin/ceph: stderr
2024-04-25T17:00:55.975+0000 7ff9d9372700 1 -- 172.21.15.96:0/895945924 shutdown_connections
2024-04-25T17:00:56.602 INFO:teuthology.orchestra.run.smithi096.stdout:/usr/bin/ceph: stderr
2024-04-25T17:00:55.975+0000 7ff9d9372700 1 --2- 172.21.15.96:0/895945924 >> [v2:172.21.15.96:6800/1771523969,v1:172.21.15.96:6801/1771523969] conn(0x7ff9bc03d5c0 0x7ff9bc03fad0 unknown :-1 s=CLOSED pgs=16 cs=0 l=1 rev1=1 crypto rx=0 tx=0 comp rx=0 tx=0).stop
2024-04-25T17:00:56.602 INFO:teuthology.orchestra.run.smithi096.stdout:/usr/bin/ceph: stderr
2024-04-25T17:00:55.975+0000 7ff9d9372700 1 --2- 172.21.15.96:0/895945924 >> [v2:172.21.15.96:3300/0,v1:172.21.15.96:6789/0] conn(0x7ff9d4107d00 0x7ff9d410a510 unknown :-1 s=CLOSED pgs=52 cs=0 l=1 rev1=1 crypto rx=0 tx=0 comp rx=0 tx=0).stop
2024-04-25T17:00:56.602 INFO:teuthology.orchestra.run.smithi096.stdout:/usr/bin/ceph: stderr
2024-04-25T17:00:55.975+0000 7ff9d9372700 1 -- 172.21.15.96:0/895945924 >> 172.21.15.96:0/895945924 conn(0x7ff9d41036c0 msgr2=0x7ff9d41050a0 unknown :-1 s=STATE_NONE l=0).mark_down
2024-04-25T17:00:56.602 INFO:teuthology.orchestra.run.smithi096.stdout:/usr/bin/ceph: stderr
2024-04-25T17:00:55.975+0000 7ff9d9372700 1 -- 172.21.15.96:0/895945924 shutdown_connections
2024-04-25T17:00:56.602 INFO:teuthology.orchestra.run.smithi096.stdout:/usr/bin/ceph: stderr
2024-04-25T17:00:55.976+0000 7ff9d9372700 1 -- 172.21.15.96:0/895945924 wait complete.
2024-04-25T17:00:57.059 INFO:journalctl@ceph.mon.a.smithi096.stdout:Apr 25 17:00:56 smithi096 ceph-mon[29131]: from='client.? 172.21.15.96:0/895945924' entity='client.admin' cmd='[{"prefix": "mgr module enable", "module": "dashboard"}]': finished
2024-04-25T17:00:57.059 INFO:journalctl@ceph.mon.a.smithi096.stdout:Apr 25 17:00:56 smithi096 ceph-mon[29131]: mgrmap e9: x(active, since 20s)
2024-04-25T17:00:57.059 INFO:journalctl@ceph.mgr.x.smithi096.stdout:Apr 25 17:00:56 smithi096 ceph-1be09d02-0325-11ef-bc93-c7b262605968-mgr-x[29361]:
2024-04-25T17:00:56.810+0000 7ff8f10a8200 -1 mgr[py] Module progress has missing NOTIFY_TYPES member
2024-04-25T17:00:57.059 INFO:journalctl@ceph.mgr.x.smithi096.stdout:Apr 25 17:00:56 smithi096 ceph-1be09d02-0325-11ef-bc93-c7b262605968-mgr-x[29361]:
2024-04-25T17:00:56.900+0000 7ff8f10a8200 -1 mgr[py] Module influx has missing NOTIFY_TYPES member
2024-04-25T17:00:57.981 INFO:teuthology.orchestra.run.smithi096.stdout:/usr/bin/ceph: stdout {
2024-04-25T17:00:57.982 INFO:teuthology.orchestra.run.smithi096.stdout:/usr/bin/ceph: stdout "epoch": 9,
2024-04-25T17:00:57.982 INFO:teuthology.orchestra.run.smithi096.stdout:/usr/bin/ceph: stdout "available": true,
2024-04-25T17:00:57.982 INFO:teuthology.orchestra.run.smithi096.stdout:/usr/bin/ceph: stdout "active_name": "x",
2024-04-25T17:00:57.982 INFO:teuthology.orchestra.run.smithi096.stdout:/usr/bin/ceph: stdout "num_standby": 0
2024-04-25T17:00:57.982 INFO:teuthology.orchestra.run.smithi096.stdout:/usr/bin/ceph: stdout }
2024-04-25T17:00:57.982 INFO:teuthology.orchestra.run.smithi096.stdout:/usr/bin/ceph: stderr
2024-04-25T17:00:57.058+0000 7fa449d89700 1 Processor -- start
2024-04-25T17:00:57.982 INFO:teuthology.orchestra.run.smithi096.stdout:/usr/bin/ceph: stderr
2024-04-25T17:00:57.058+0000 7fa449d89700 1 -- start start
2024-04-25T17:00:57.982 INFO:teuthology.orchestra.run.smithi096.stdout:/usr/bin/ceph: stderr
2024-04-25T17:00:57.058+0000 7fa449d89700 1 --2- >> [v2:172.21.15.96:3300/0,v1:172.21.15.96:6789/0] conn(0x7fa44410af80 0x7fa44410b390 unknown :-1 s=NONE pgs=0 cs=0 l=0 rev1=0 crypto rx=0 tx=0 comp rx=0 tx=0).connect
2024-04-25T17:00:57.982 INFO:teuthology.orchestra.run.smithi096.stdout:/usr/bin/ceph: stderr
2024-04-25T17:00:57.058+0000 7fa449d89700 1 -- --> [v2:172.21.15.96:3300/0,v1:172.21.15.96:6789/0] -- mon_getmap magic: 0 -- 0x7fa44410b960 con 0x7fa44410af80
2024-04-25T17:00:57.982 INFO:teuthology.orchestra.run.smithi096.stdout:/usr/bin/ceph: stderr
2024-04-25T17:00:57.059+0000 7fa4437fe700 1 --2- >> [v2:172.21.15.96:3300/0,v1:172.21.15.96:6789/0] conn(0x7fa44410af80 0x7fa44410b390 unknown :-1 s=BANNER_CONNECTING pgs=0 cs=0 l=0 rev1=0 crypto rx=0 tx=0 comp rx=0 tx=0)._handle_peer_banner_payload supported=3 required=0
2024-04-25T17:00:57.982 INFO:teuthology.orchestra.run.smithi096.stdout:/usr/bin/ceph: stderr
2024-04-25T17:00:57.059+0000 7fa4437fe700 1 --2- >> [v2:172.21.15.96:3300/0,v1:172.21.15.96:6789/0] conn(0x7fa44410af80 0x7fa44410b390 unknown :-1 s=HELLO_CONNECTING pgs=0 cs=0 l=0 rev1=1 crypto rx=0 tx=0 comp rx=0 tx=0).handle_hello peer v2:172.21.15.96:3300/0 says I am v2:172.21.15.96:33044/0 (socket says 172.21.15.96:33044)
2024-04-25T17:00:57.982 INFO:teuthology.orchestra.run.smithi096.stdout:/usr/bin/ceph: stderr
2024-04-25T17:00:57.059+0000 7fa4437fe700 1 -- 172.21.15.96:0/3412658024 learned_addr learned my addr 172.21.15.96:0/3412658024 (peer_addr_for_me v2:172.21.15.96:0/0)
2024-04-25T17:00:57.982 INFO:teuthology.orchestra.run.smithi096.stdout:/usr/bin/ceph: stderr
2024-04-25T17:00:57.059+0000 7fa4437fe700 1 -- 172.21.15.96:0/3412658024 --> [v2:172.21.15.96:3300/0,v1:172.21.15.96:6789/0] -- mon_subscribe({config=0+,monmap=0+}) -- 0x7fa44410bae0 con 0x7fa44410af80
2024-04-25T17:00:57.983 INFO:teuthology.orchestra.run.smithi096.stdout:/usr/bin/ceph: stderr
2024-04-25T17:00:57.059+0000 7fa4437fe700 1 --2- 172.21.15.96:0/3412658024 >> [v2:172.21.15.96:3300/0,v1:172.21.15.96:6789/0] conn(0x7fa44410af80 0x7fa44410b390 secure :-1 s=READY pgs=55 cs=0 l=1 rev1=1 crypto rx=0x7fa4340098a0 tx=0x7fa434009bb0 comp rx=0 tx=0).ready entity=mon.0 client_cookie=8803794218102a23 server_cookie=0 in_seq=0 out_seq=0
2024-04-25T17:00:57.983 INFO:teuthology.orchestra.run.smithi096.stdout:/usr/bin/ceph: stderr
2024-04-25T17:00:57.059+0000 7fa442ffd700 1 -- 172.21.15.96:0/3412658024 <== mon.0 v2:172.21.15.96:3300/0 1 ==== mon_map magic: 0 ==== 205+0+0 (secure 0 0 0) 0x7fa434004160 con 0x7fa44410af80
2024-04-25T17:00:57.983 INFO:teuthology.orchestra.run.smithi096.stdout:/usr/bin/ceph: stderr
2024-04-25T17:00:57.059+0000 7fa442ffd700 1 -- 172.21.15.96:0/3412658024 <== mon.0 v2:172.21.15.96:3300/0 2 ==== config(26 keys) ==== 1101+0+0 (secure 0 0 0) 0x7fa434004300 con 0x7fa44410af80
2024-04-25T17:00:57.983 INFO:teuthology.orchestra.run.smithi096.stdout:/usr/bin/ceph: stderr
2024-04-25T17:00:57.059+0000 7fa442ffd700 1 -- 172.21.15.96:0/3412658024 <== mon.0 v2:172.21.15.96:3300/0 3 ==== mon_map magic: 0 ==== 205+0+0 (secure 0 0 0) 0x7fa434011a20 con 0x7fa44410af80
2024-04-25T17:00:57.983 INFO:teuthology.orchestra.run.smithi096.stdout:/usr/bin/ceph: stderr
2024-04-25T17:00:57.060+0000 7fa449d89700 1 -- 172.21.15.96:0/3412658024 >> [v2:172.21.15.96:3300/0,v1:172.21.15.96:6789/0] conn(0x7fa44410af80 msgr2=0x7fa44410b390 secure :-1 s=STATE_CONNECTION_ESTABLISHED l=1).mark_down
2024-04-25T17:00:57.983 INFO:teuthology.orchestra.run.smithi096.stdout:/usr/bin/ceph: stderr
2024-04-25T17:00:57.060+0000 7fa449d89700 1 --2- 172.21.15.96:0/3412658024 >> [v2:172.21.15.96:3300/0,v1:172.21.15.96:6789/0] conn(0x7fa44410af80 0x7fa44410b390 secure :-1 s=READY pgs=55 cs=0 l=1 rev1=1 crypto rx=0x7fa4340098a0 tx=0x7fa434009bb0 comp rx=0 tx=0).stop
2024-04-25T17:00:57.983 INFO:teuthology.orchestra.run.smithi096.stdout:/usr/bin/ceph: stderr
2024-04-25T17:00:57.060+0000 7fa449d89700 1 -- 172.21.15.96:0/3412658024 shutdown_connections
2024-04-25T17:00:57.983 INFO:teuthology.orchestra.run.smithi096.stdout:/usr/bin/ceph: stderr
2024-04-25T17:00:57.060+0000 7fa449d89700 1 --2- 172.21.15.96:0/3412658024 >> [v2:172.21.15.96:3300/0,v1:172.21.15.96:6789/0] conn(0x7fa44410af80 0x7fa44410b390 unknown :-1 s=CLOSED pgs=55 cs=0 l=1 rev1=1 crypto rx=0 tx=0 comp rx=0 tx=0).stop
2024-04-25T17:00:57.983 INFO:teuthology.orchestra.run.smithi096.stdout:/usr/bin/ceph: stderr
2024-04-25T17:00:57.060+0000 7fa449d89700 1 -- 172.21.15.96:0/3412658024 >> 172.21.15.96:0/3412658024 conn(0x7fa4441036c0 msgr2=0x7fa444105b10 unknown :-1 s=STATE_NONE l=0).mark_down
2024-04-25T17:00:57.983 INFO:teuthology.orchestra.run.smithi096.stdout:/usr/bin/ceph: stderr
2024-04-25T17:00:57.061+0000 7fa449d89700 1 -- 172.21.15.96:0/3412658024 shutdown_connections
2024-04-25T17:00:57.983 INFO:teuthology.orchestra.run.smithi096.stdout:/usr/bin/ceph: stderr
2024-04-25T17:00:57.061+0000 7fa449d89700 1 -- 172.21.15.96:0/3412658024 wait complete.
2024-04-25T17:00:57.983 INFO:teuthology.orchestra.run.smithi096.stdout:/usr/bin/ceph: stderr
2024-04-25T17:00:57.061+0000 7fa449d89700 1 Processor -- start
2024-04-25T17:00:57.983 INFO:teuthology.orchestra.run.smithi096.stdout:/usr/bin/ceph: stderr
2024-04-25T17:00:57.061+0000 7fa449d89700 1 -- start start
2024-04-25T17:00:57.983 INFO:teuthology.orchestra.run.smithi096.stdout:/usr/bin/ceph: stderr
2024-04-25T17:00:57.062+0000 7fa449d89700 1 --2- >> [v2:172.21.15.96:3300/0,v1:172.21.15.96:6789/0] conn(0x7fa44410af80 0x7fa44419dd20 unknown :-1 s=NONE pgs=0 cs=0 l=1 rev1=0 crypto rx=0 tx=0 comp rx=0 tx=0).connect
2024-04-25T17:00:57.983 INFO:teuthology.orchestra.run.smithi096.stdout:/usr/bin/ceph: stderr
2024-04-25T17:00:57.062+0000 7fa449d89700 1 -- --> [v2:172.21.15.96:3300/0,v1:172.21.15.96:6789/0] -- mon_getmap magic: 0 -- 0x7fa44410df20 con 0x7fa44410af80
2024-04-25T17:00:57.984 INFO:teuthology.orchestra.run.smithi096.stdout:/usr/bin/ceph: stderr
2024-04-25T17:00:57.062+0000 7fa4437fe700 1 --2- >> [v2:172.21.15.96:3300/0,v1:172.21.15.96:6789/0] conn(0x7fa44410af80 0x7fa44419dd20 unknown :-1 s=BANNER_CONNECTING pgs=0 cs=0 l=1 rev1=0 crypto rx=0 tx=0 comp rx=0 tx=0)._handle_peer_banner_payload supported=3 required=0
2024-04-25T17:00:57.984 INFO:teuthology.orchestra.run.smithi096.stdout:/usr/bin/ceph: stderr
2024-04-25T17:00:57.062+0000 7fa4437fe700 1 --2- >> [v2:172.21.15.96:3300/0,v1:172.21.15.96:6789/0] conn(0x7fa44410af80 0x7fa44419dd20 unknown :-1 s=HELLO_CONNECTING pgs=0 cs=0 l=1 rev1=1 crypto rx=0 tx=0 comp rx=0 tx=0).handle_hello peer v2:172.21.15.96:3300/0 says I am v2:172.21.15.96:33054/0 (socket says 172.21.15.96:33054)
2024-04-25T17:00:57.984 INFO:teuthology.orchestra.run.smithi096.stdout:/usr/bin/ceph: stderr
2024-04-25T17:00:57.062+0000 7fa4437fe700 1 -- 172.21.15.96:0/3074993869 learned_addr learned my addr 172.21.15.96:0/3074993869 (peer_addr_for_me v2:172.21.15.96:0/0)
2024-04-25T17:00:57.984 INFO:teuthology.orchestra.run.smithi096.stdout:/usr/bin/ceph: stderr
2024-04-25T17:00:57.062+0000 7fa4437fe700 1 -- 172.21.15.96:0/3074993869 --> [v2:172.21.15.96:3300/0,v1:172.21.15.96:6789/0] -- mon_subscribe({config=0+,monmap=0+}) -- 0x7fa44419e260 con 0x7fa44410af80
2024-04-25T17:00:57.984 INFO:teuthology.orchestra.run.smithi096.stdout:/usr/bin/ceph: stderr
2024-04-25T17:00:57.062+0000 7fa4437fe700 1 --2- 172.21.15.96:0/3074993869 >> [v2:172.21.15.96:3300/0,v1:172.21.15.96:6789/0] conn(0x7fa44410af80 0x7fa44419dd20 secure :-1 s=READY pgs=56 cs=0 l=1 rev1=1 crypto rx=0x7fa4340119f0 tx=0x7fa434011ad0 comp rx=0 tx=0).ready entity=mon.0 client_cookie=0 server_cookie=0 in_seq=0 out_seq=0
2024-04-25T17:00:57.984 INFO:teuthology.orchestra.run.smithi096.stdout:/usr/bin/ceph: stderr
2024-04-25T17:00:57.063+0000 7fa4417fa700 1 -- 172.21.15.96:0/3074993869 <== mon.0 v2:172.21.15.96:3300/0 1 ==== mon_map magic: 0 ==== 205+0+0 (secure 0 0 0) 0x7fa4340039e0 con 0x7fa44410af80
2024-04-25T17:00:57.984 INFO:teuthology.orchestra.run.smithi096.stdout:/usr/bin/ceph: stderr
2024-04-25T17:00:57.063+0000 7fa4417fa700 1 -- 172.21.15.96:0/3074993869 <== mon.0 v2:172.21.15.96:3300/0 2 ==== config(26 keys) ==== 1101+0+0 (secure 0 0 0) 0x7fa43401b8f0 con 0x7fa44410af80
2024-04-25T17:00:57.984 INFO:teuthology.orchestra.run.smithi096.stdout:/usr/bin/ceph: stderr
2024-04-25T17:00:57.063+0000 7fa449d89700 1 -- 172.21.15.96:0/3074993869 --> [v2:172.21.15.96:3300/0,v1:172.21.15.96:6789/0] -- mon_subscribe({mgrmap=0+}) -- 0x7fa44419e4f0 con 0x7fa44410af80
2024-04-25T17:00:57.984 INFO:teuthology.orchestra.run.smithi096.stdout:/usr/bin/ceph: stderr
2024-04-25T17:00:57.063+0000 7fa4417fa700 1 -- 172.21.15.96:0/3074993869 <== mon.0 v2:172.21.15.96:3300/0 3 ==== mon_map magic: 0 ==== 205+0+0 (secure 0 0 0) 0x7fa4340237a0 con 0x7fa44410af80
2024-04-25T17:00:57.984 INFO:teuthology.orchestra.run.smithi096.stdout:/usr/bin/ceph: stderr
2024-04-25T17:00:57.063+0000 7fa449d89700 1 -- 172.21.15.96:0/3074993869 --> [v2:172.21.15.96:3300/0,v1:172.21.15.96:6789/0] -- mon_subscribe({osdmap=0}) -- 0x7fa4441a10f0 con 0x7fa44410af80
2024-04-25T17:00:57.984 INFO:teuthology.orchestra.run.smithi096.stdout:/usr/bin/ceph: stderr
2024-04-25T17:00:57.064+0000 7fa449d89700 1 -- 172.21.15.96:0/3074993869 --> [v2:172.21.15.96:3300/0,v1:172.21.15.96:6789/0] -- mon_command({"prefix": "get_command_descriptions"} v 0) -- 0x7fa444064cf0 con 0x7fa44410af80
2024-04-25T17:00:57.984 INFO:teuthology.orchestra.run.smithi096.stdout:/usr/bin/ceph: stderr
2024-04-25T17:00:57.064+0000 7fa4417fa700 1 -- 172.21.15.96:0/3074993869 <== mon.0 v2:172.21.15.96:3300/0 4 ==== mgrmap(e 9) ==== 49529+0+0 (secure 0 0 0) 0x7fa434023aa0 con 0x7fa44410af80
2024-04-25T17:00:57.984 INFO:teuthology.orchestra.run.smithi096.stdout:/usr/bin/ceph: stderr
2024-04-25T17:00:57.064+0000 7fa4417fa700 1 --2- 172.21.15.96:0/3074993869 >> [v2:172.21.15.96:6800/1771523969,v1:172.21.15.96:6801/1771523969] conn(0x7fa43003d570 0x7fa43003fa80 unknown :-1 s=NONE pgs=0 cs=0 l=1 rev1=0 crypto rx=0 tx=0 comp rx=0 tx=0).connect
2024-04-25T17:00:57.984 INFO:teuthology.orchestra.run.smithi096.stdout:/usr/bin/ceph: stderr
2024-04-25T17:00:57.064+0000 7fa4417fa700 1 -- 172.21.15.96:0/3074993869 <== mon.0 v2:172.21.15.96:3300/0 5 ==== osd_map(2..2 src has 1..2) ==== 940+0+0 (secure 0 0 0) 0x7fa434052cd0 con 0x7fa44410af80
2024-04-25T17:00:57.984 INFO:teuthology.orchestra.run.smithi096.stdout:/usr/bin/ceph: stderr
2024-04-25T17:00:57.064+0000 7fa43affd700 1 -- 172.21.15.96:0/3074993869 >> [v2:172.21.15.96:6800/1771523969,v1:172.21.15.96:6801/1771523969] conn(0x7fa43003d570 msgr2=0x7fa43003fa80 unknown :-1 s=STATE_CONNECTING_RE l=1).process reconnect failed to v2:172.21.15.96:6800/1771523969
2024-04-25T17:00:57.985 INFO:teuthology.orchestra.run.smithi096.stdout:/usr/bin/ceph: stderr
2024-04-25T17:00:57.064+0000 7fa43affd700 1 --2- 172.21.15.96:0/3074993869 >> [v2:172.21.15.96:6800/1771523969,v1:172.21.15.96:6801/1771523969] conn(0x7fa43003d570 0x7fa43003fa80 unknown :-1 s=START_CONNECT pgs=0 cs=0 l=1 rev1=0 crypto rx=0 tx=0 comp rx=0 tx=0)._fault waiting 0.200000
2024-04-25T17:00:57.985 INFO:teuthology.orchestra.run.smithi096.stdout:/usr/bin/ceph: stderr
2024-04-25T17:00:57.070+0000 7fa4417fa700 1 -- 172.21.15.96:0/3074993869 <== mon.0 v2:172.21.15.96:3300/0 6 ==== mon_command_ack([{"prefix": "get_command_descriptions"}]=0 v0) ==== 72+0+188370 (secure 0 0 0) 0x7fa43401f030 con 0x7fa44410af80
2024-04-25T17:00:57.985 INFO:teuthology.orchestra.run.smithi096.stdout:/usr/bin/ceph: stderr
2024-04-25T17:00:57.265+0000 7fa43affd700 1 -- 172.21.15.96:0/3074993869 >> [v2:172.21.15.96:6800/1771523969,v1:172.21.15.96:6801/1771523969] conn(0x7fa43003d570 msgr2=0x7fa43003fa80 unknown :-1 s=STATE_CONNECTING_RE l=1).process reconnect failed to v2:172.21.15.96:6800/1771523969
2024-04-25T17:00:57.985 INFO:teuthology.orchestra.run.smithi096.stdout:/usr/bin/ceph: stderr
2024-04-25T17:00:57.265+0000 7fa43affd700 1 --2- 172.21.15.96:0/3074993869 >> [v2:172.21.15.96:6800/1771523969,v1:172.21.15.96:6801/1771523969] conn(0x7fa43003d570 0x7fa43003fa80 unknown :-1 s=START_CONNECT pgs=0 cs=0 l=1 rev1=0 crypto rx=0 tx=0 comp rx=0 tx=0)._fault waiting 0.400000
2024-04-25T17:00:57.985 INFO:teuthology.orchestra.run.smithi096.stdout:/usr/bin/ceph: stderr
2024-04-25T17:00:57.365+0000 7fa449d89700 1 -- 172.21.15.96:0/3074993869 --> [v2:172.21.15.96:3300/0,v1:172.21.15.96:6789/0] -- mon_command({"prefix": "mgr stat"} v 0) -- 0x7fa4441a13e0 con 0x7fa44410af80
2024-04-25T17:00:57.985 INFO:teuthology.orchestra.run.smithi096.stdout:/usr/bin/ceph: stderr
2024-04-25T17:00:57.366+0000 7fa4417fa700 1 -- 172.21.15.96:0/3074993869 <== mon.0 v2:172.21.15.96:3300/0 7 ==== mon_command_ack([{"prefix": "mgr stat"}]=0 v9) ==== 56+0+88 (secure 0 0 0) 0x7fa434019e20 con 0x7fa44410af80
2024-04-25T17:00:57.985 INFO:teuthology.orchestra.run.smithi096.stdout:/usr/bin/ceph: stderr
2024-04-25T17:00:57.370+0000 7fa449d89700 1 -- 172.21.15.96:0/3074993869 >> [v2:172.21.15.96:6800/1771523969,v1:172.21.15.96:6801/1771523969] conn(0x7fa43003d570 msgr2=0x7fa43003fa80 unknown :-1 s=STATE_CONNECTING l=1).mark_down
2024-04-25T17:00:57.985 INFO:teuthology.orchestra.run.smithi096.stdout:/usr/bin/ceph: stderr
