2024-04-25T17:06:21.863 INFO:teuthology.orchestra.run.smithi028.stdout:/usr/bin/ceph: stderr
2024-04-25T17:06:21.311+0000 7fcb2b8d7700 1 -- 172.21.15.28:0/3389188364 shutdown_connections
2024-04-25T17:06:21.863 INFO:teuthology.orchestra.run.smithi028.stdout:/usr/bin/ceph: stderr
2024-04-25T17:06:21.311+0000 7fcb2b8d7700 1 --2- 172.21.15.28:0/3389188364 >> [v2:172.21.15.28:6800/3754186796,v1:172.21.15.28:6801/3754186796] conn(0x7fcb1003d5e0 0x7fcb1003faf0 unknown :-1 s=CLOSED pgs=15 cs=0 l=1 rev1=1 crypto rx=0 tx=0 comp rx=0 tx=0).stop
2024-04-25T17:06:21.863 INFO:teuthology.orchestra.run.smithi028.stdout:/usr/bin/ceph: stderr
2024-04-25T17:06:21.311+0000 7fcb2b8d7700 1 --2- 172.21.15.28:0/3389188364 >> [v2:172.21.15.28:3300/0,v1:172.21.15.28:6789/0] conn(0x7fcb2410a400 0x7fcb2419fd50 unknown :-1 s=CLOSED pgs=52 cs=0 l=1 rev1=1 crypto rx=0 tx=0 comp rx=0 tx=0).stop
2024-04-25T17:06:21.863 INFO:teuthology.orchestra.run.smithi028.stdout:/usr/bin/ceph: stderr
2024-04-25T17:06:21.311+0000 7fcb2b8d7700 1 -- 172.21.15.28:0/3389188364 >> 172.21.15.28:0/3389188364 conn(0x7fcb24103f20 msgr2=0x7fcb24105e20 unknown :-1 s=STATE_NONE l=0).mark_down
2024-04-25T17:06:21.863 INFO:teuthology.orchestra.run.smithi028.stdout:/usr/bin/ceph: stderr
2024-04-25T17:06:21.311+0000 7fcb2b8d7700 1 -- 172.21.15.28:0/3389188364 shutdown_connections
2024-04-25T17:06:21.863 INFO:teuthology.orchestra.run.smithi028.stdout:/usr/bin/ceph: stderr
2024-04-25T17:06:21.311+0000 7fcb2b8d7700 1 -- 172.21.15.28:0/3389188364 wait complete.
2024-04-25T17:06:21.863 INFO:teuthology.orchestra.run.smithi028.stdout:Enabling the dashboard module...
2024-04-25T17:06:22.569 INFO:journalctl@ceph.mon.a.smithi028.stdout:Apr 25 17:06:22 smithi028 ceph-mon[29207]: from='client.? 172.21.15.28:0/3389188364' entity='client.admin'
2024-04-25T17:06:23.570 INFO:journalctl@ceph.mon.a.smithi028.stdout:Apr 25 17:06:23 smithi028 ceph-mon[29207]: from='client.? 172.21.15.28:0/3699170756' entity='client.admin' cmd=[{"prefix": "mgr module enable", "module": "dashboard"}]: dispatch
2024-04-25T17:06:23.570 INFO:journalctl@ceph.mon.a.smithi028.stdout:Apr 25 17:06:23 smithi028 ceph-mon[29207]: from='mgr.14118 172.21.15.28:0/3843655874' entity='mgr.x'
2024-04-25T17:06:23.571 INFO:journalctl@ceph.mgr.x.smithi028.stdout:Apr 25 17:06:23 smithi028 ceph-dfbd4644-0325-11ef-bc93-c7b262605968-mgr-x[29440]: ignoring --setuser ceph since I am not root
2024-04-25T17:06:23.571 INFO:journalctl@ceph.mgr.x.smithi028.stdout:Apr 25 17:06:23 smithi028 ceph-dfbd4644-0325-11ef-bc93-c7b262605968-mgr-x[29440]: ignoring --setgroup ceph since I am not root
2024-04-25T17:06:23.571 INFO:journalctl@ceph.mgr.x.smithi028.stdout:Apr 25 17:06:23 smithi028 ceph-dfbd4644-0325-11ef-bc93-c7b262605968-mgr-x[29440]:
2024-04-25T17:06:23.570+0000 7f8cca46f200 -1 mgr[py] Module balancer has missing NOTIFY_TYPES member
2024-04-25T17:06:23.876 INFO:journalctl@ceph.mgr.x.smithi028.stdout:Apr 25 17:06:23 smithi028 ceph-dfbd4644-0325-11ef-bc93-c7b262605968-mgr-x[29440]:
2024-04-25T17:06:23.769+0000 7f8cca46f200 -1 mgr[py] Module orchestrator has missing NOTIFY_TYPES member
2024-04-25T17:06:23.877 INFO:journalctl@ceph.mgr.x.smithi028.stdout:Apr 25 17:06:23 smithi028 ceph-dfbd4644-0325-11ef-bc93-c7b262605968-mgr-x[29440]:
2024-04-25T17:06:23.877+0000 7f8cca46f200 -1 mgr[py] Module snap_schedule has missing NOTIFY_TYPES member
2024-04-25T17:06:23.910 INFO:teuthology.orchestra.run.smithi028.stdout:/usr/bin/ceph: stderr
2024-04-25T17:06:22.313+0000 7fa069cb6700 1 Processor -- start
2024-04-25T17:06:23.910 INFO:teuthology.orchestra.run.smithi028.stdout:/usr/bin/ceph: stderr
2024-04-25T17:06:22.313+0000 7fa069cb6700 1 -- start start
2024-04-25T17:06:23.910 INFO:teuthology.orchestra.run.smithi028.stdout:/usr/bin/ceph: stderr
2024-04-25T17:06:22.313+0000 7fa069cb6700 1 --2- >> [v2:172.21.15.28:3300/0,v1:172.21.15.28:6789/0] conn(0x7fa06407f7a0 0x7fa06407dc70 unknown :-1 s=NONE pgs=0 cs=0 l=0 rev1=0 crypto rx=0 tx=0 comp rx=0 tx=0).connect
2024-04-25T17:06:23.910 INFO:teuthology.orchestra.run.smithi028.stdout:/usr/bin/ceph: stderr
2024-04-25T17:06:22.313+0000 7fa069cb6700 1 -- --> [v2:172.21.15.28:3300/0,v1:172.21.15.28:6789/0] -- mon_getmap magic: 0 -- 0x7fa06407e1b0 con 0x7fa06407f7a0
2024-04-25T17:06:23.910 INFO:teuthology.orchestra.run.smithi028.stdout:/usr/bin/ceph: stderr
2024-04-25T17:06:22.313+0000 7fa0637fe700 1 --2- >> [v2:172.21.15.28:3300/0,v1:172.21.15.28:6789/0] conn(0x7fa06407f7a0 0x7fa06407dc70 unknown :-1 s=BANNER_CONNECTING pgs=0 cs=0 l=0 rev1=0 crypto rx=0 tx=0 comp rx=0 tx=0)._handle_peer_banner_payload supported=3 required=0
2024-04-25T17:06:23.911 INFO:teuthology.orchestra.run.smithi028.stdout:/usr/bin/ceph: stderr
2024-04-25T17:06:22.313+0000 7fa0637fe700 1 --2- >> [v2:172.21.15.28:3300/0,v1:172.21.15.28:6789/0] conn(0x7fa06407f7a0 0x7fa06407dc70 unknown :-1 s=HELLO_CONNECTING pgs=0 cs=0 l=0 rev1=1 crypto rx=0 tx=0 comp rx=0 tx=0).handle_hello peer v2:172.21.15.28:3300/0 says I am v2:172.21.15.28:33722/0 (socket says 172.21.15.28:33722)
2024-04-25T17:06:23.911 INFO:teuthology.orchestra.run.smithi028.stdout:/usr/bin/ceph: stderr
2024-04-25T17:06:22.313+0000 7fa0637fe700 1 -- 172.21.15.28:0/3346666943 learned_addr learned my addr 172.21.15.28:0/3346666943 (peer_addr_for_me v2:172.21.15.28:0/0)
2024-04-25T17:06:23.911 INFO:teuthology.orchestra.run.smithi028.stdout:/usr/bin/ceph: stderr
2024-04-25T17:06:22.314+0000 7fa0637fe700 1 -- 172.21.15.28:0/3346666943 --> [v2:172.21.15.28:3300/0,v1:172.21.15.28:6789/0] -- mon_subscribe({config=0+,monmap=0+}) -- 0x7fa06407e330 con 0x7fa06407f7a0
2024-04-25T17:06:23.911 INFO:teuthology.orchestra.run.smithi028.stdout:/usr/bin/ceph: stderr
2024-04-25T17:06:22.314+0000 7fa0637fe700 1 --2- 172.21.15.28:0/3346666943 >> [v2:172.21.15.28:3300/0,v1:172.21.15.28:6789/0] conn(0x7fa06407f7a0 0x7fa06407dc70 secure :-1 s=READY pgs=53 cs=0 l=1 rev1=1 crypto rx=0x7fa0540098a0 tx=0x7fa054009bb0 comp rx=0 tx=0).ready entity=mon.0 client_cookie=68b29d4b2a208c51 server_cookie=0 in_seq=0 out_seq=0
2024-04-25T17:06:23.911 INFO:teuthology.orchestra.run.smithi028.stdout:/usr/bin/ceph: stderr
2024-04-25T17:06:22.314+0000 7fa0627fc700 1 -- 172.21.15.28:0/3346666943 <== mon.0 v2:172.21.15.28:3300/0 1 ==== mon_map magic: 0 ==== 205+0+0 (secure 0 0 0) 0x7fa054004160 con 0x7fa06407f7a0
2024-04-25T17:06:23.911 INFO:teuthology.orchestra.run.smithi028.stdout:/usr/bin/ceph: stderr
2024-04-25T17:06:22.314+0000 7fa0627fc700 1 -- 172.21.15.28:0/3346666943 <== mon.0 v2:172.21.15.28:3300/0 2 ==== config(25 keys) ==== 1063+0+0 (secure 0 0 0) 0x7fa054004300 con 0x7fa06407f7a0
2024-04-25T17:06:23.911 INFO:teuthology.orchestra.run.smithi028.stdout:/usr/bin/ceph: stderr
2024-04-25T17:06:22.314+0000 7fa0627fc700 1 -- 172.21.15.28:0/3346666943 <== mon.0 v2:172.21.15.28:3300/0 3 ==== mon_map magic: 0 ==== 205+0+0 (secure 0 0 0) 0x7fa054011960 con 0x7fa06407f7a0
2024-04-25T17:06:23.911 INFO:teuthology.orchestra.run.smithi028.stdout:/usr/bin/ceph: stderr
2024-04-25T17:06:22.315+0000 7fa069cb6700 1 -- 172.21.15.28:0/3346666943 >> [v2:172.21.15.28:3300/0,v1:172.21.15.28:6789/0] conn(0x7fa06407f7a0 msgr2=0x7fa06407dc70 secure :-1 s=STATE_CONNECTION_ESTABLISHED l=1).mark_down
2024-04-25T17:06:23.911 INFO:teuthology.orchestra.run.smithi028.stdout:/usr/bin/ceph: stderr
2024-04-25T17:06:22.315+0000 7fa069cb6700 1 --2- 172.21.15.28:0/3346666943 >> [v2:172.21.15.28:3300/0,v1:172.21.15.28:6789/0] conn(0x7fa06407f7a0 0x7fa06407dc70 secure :-1 s=READY pgs=53 cs=0 l=1 rev1=1 crypto rx=0x7fa0540098a0 tx=0x7fa054009bb0 comp rx=0 tx=0).stop
2024-04-25T17:06:23.911 INFO:teuthology.orchestra.run.smithi028.stdout:/usr/bin/ceph: stderr
2024-04-25T17:06:22.315+0000 7fa069cb6700 1 -- 172.21.15.28:0/3346666943 shutdown_connections
2024-04-25T17:06:23.911 INFO:teuthology.orchestra.run.smithi028.stdout:/usr/bin/ceph: stderr
2024-04-25T17:06:22.315+0000 7fa069cb6700 1 --2- 172.21.15.28:0/3346666943 >> [v2:172.21.15.28:3300/0,v1:172.21.15.28:6789/0] conn(0x7fa06407f7a0 0x7fa06407dc70 unknown :-1 s=CLOSED pgs=53 cs=0 l=1 rev1=1 crypto rx=0 tx=0 comp rx=0 tx=0).stop
2024-04-25T17:06:23.911 INFO:teuthology.orchestra.run.smithi028.stdout:/usr/bin/ceph: stderr
2024-04-25T17:06:22.315+0000 7fa069cb6700 1 -- 172.21.15.28:0/3346666943 >> 172.21.15.28:0/3346666943 conn(0x7fa064105080 msgr2=0x7fa0641074f0 unknown :-1 s=STATE_NONE l=0).mark_down
2024-04-25T17:06:23.911 INFO:teuthology.orchestra.run.smithi028.stdout:/usr/bin/ceph: stderr
2024-04-25T17:06:22.315+0000 7fa069cb6700 1 -- 172.21.15.28:0/3346666943 shutdown_connections
2024-04-25T17:06:23.912 INFO:teuthology.orchestra.run.smithi028.stdout:/usr/bin/ceph: stderr
2024-04-25T17:06:22.315+0000 7fa069cb6700 1 -- 172.21.15.28:0/3346666943 wait complete.
2024-04-25T17:06:23.912 INFO:teuthology.orchestra.run.smithi028.stdout:/usr/bin/ceph: stderr
2024-04-25T17:06:22.315+0000 7fa069cb6700 1 Processor -- start
2024-04-25T17:06:23.912 INFO:teuthology.orchestra.run.smithi028.stdout:/usr/bin/ceph: stderr
2024-04-25T17:06:22.316+0000 7fa069cb6700 1 -- start start
2024-04-25T17:06:23.912 INFO:teuthology.orchestra.run.smithi028.stdout:/usr/bin/ceph: stderr
2024-04-25T17:06:22.316+0000 7fa069cb6700 1 --2- >> [v2:172.21.15.28:3300/0,v1:172.21.15.28:6789/0] conn(0x7fa06407f7a0 0x7fa06419fe30 unknown :-1 s=NONE pgs=0 cs=0 l=1 rev1=0 crypto rx=0 tx=0 comp rx=0 tx=0).connect
2024-04-25T17:06:23.912 INFO:teuthology.orchestra.run.smithi028.stdout:/usr/bin/ceph: stderr
2024-04-25T17:06:22.316+0000 7fa069cb6700 1 -- --> [v2:172.21.15.28:3300/0,v1:172.21.15.28:6789/0] -- mon_getmap magic: 0 -- 0x7fa06410ff20 con 0x7fa06407f7a0
2024-04-25T17:06:23.912 INFO:teuthology.orchestra.run.smithi028.stdout:/usr/bin/ceph: stderr
2024-04-25T17:06:22.316+0000 7fa0637fe700 1 --2- >> [v2:172.21.15.28:3300/0,v1:172.21.15.28:6789/0] conn(0x7fa06407f7a0 0x7fa06419fe30 unknown :-1 s=BANNER_CONNECTING pgs=0 cs=0 l=1 rev1=0 crypto rx=0 tx=0 comp rx=0 tx=0)._handle_peer_banner_payload supported=3 required=0
2024-04-25T17:06:23.912 INFO:teuthology.orchestra.run.smithi028.stdout:/usr/bin/ceph: stderr
2024-04-25T17:06:22.316+0000 7fa0637fe700 1 --2- >> [v2:172.21.15.28:3300/0,v1:172.21.15.28:6789/0] conn(0x7fa06407f7a0 0x7fa06419fe30 unknown :-1 s=HELLO_CONNECTING pgs=0 cs=0 l=1 rev1=1 crypto rx=0 tx=0 comp rx=0 tx=0).handle_hello peer v2:172.21.15.28:3300/0 says I am v2:172.21.15.28:33728/0 (socket says 172.21.15.28:33728)
2024-04-25T17:06:23.912 INFO:teuthology.orchestra.run.smithi028.stdout:/usr/bin/ceph: stderr
2024-04-25T17:06:22.316+0000 7fa0637fe700 1 -- 172.21.15.28:0/3699170756 learned_addr learned my addr 172.21.15.28:0/3699170756 (peer_addr_for_me v2:172.21.15.28:0/0)
2024-04-25T17:06:23.912 INFO:teuthology.orchestra.run.smithi028.stdout:/usr/bin/ceph: stderr
2024-04-25T17:06:22.316+0000 7fa0637fe700 1 -- 172.21.15.28:0/3699170756 --> [v2:172.21.15.28:3300/0,v1:172.21.15.28:6789/0] -- mon_subscribe({config=0+,monmap=0+}) -- 0x7fa0641a0370 con 0x7fa06407f7a0
2024-04-25T17:06:23.912 INFO:teuthology.orchestra.run.smithi028.stdout:/usr/bin/ceph: stderr
2024-04-25T17:06:22.317+0000 7fa0637fe700 1 --2- 172.21.15.28:0/3699170756 >> [v2:172.21.15.28:3300/0,v1:172.21.15.28:6789/0] conn(0x7fa06407f7a0 0x7fa06419fe30 secure :-1 s=READY pgs=54 cs=0 l=1 rev1=1 crypto rx=0x7fa054011670 tx=0x7fa054011a30 comp rx=0 tx=0).ready entity=mon.0 client_cookie=0 server_cookie=0 in_seq=0 out_seq=0
2024-04-25T17:06:23.912 INFO:teuthology.orchestra.run.smithi028.stdout:/usr/bin/ceph: stderr
2024-04-25T17:06:22.317+0000 7fa060ff9700 1 -- 172.21.15.28:0/3699170756 <== mon.0 v2:172.21.15.28:3300/0 1 ==== mon_map magic: 0 ==== 205+0+0 (secure 0 0 0) 0x7fa054003a60 con 0x7fa06407f7a0
2024-04-25T17:06:23.912 INFO:teuthology.orchestra.run.smithi028.stdout:/usr/bin/ceph: stderr
2024-04-25T17:06:22.317+0000 7fa069cb6700 1 -- 172.21.15.28:0/3699170756 --> [v2:172.21.15.28:3300/0,v1:172.21.15.28:6789/0] -- mon_subscribe({mgrmap=0+}) -- 0x7fa0641a0600 con 0x7fa06407f7a0
2024-04-25T17:06:23.912 INFO:teuthology.orchestra.run.smithi028.stdout:/usr/bin/ceph: stderr
2024-04-25T17:06:22.317+0000 7fa060ff9700 1 -- 172.21.15.28:0/3699170756 <== mon.0 v2:172.21.15.28:3300/0 2 ==== config(25 keys) ==== 1063+0+0 (secure 0 0 0) 0x7fa05401b8d0 con 0x7fa06407f7a0
2024-04-25T17:06:23.913 INFO:teuthology.orchestra.run.smithi028.stdout:/usr/bin/ceph: stderr
2024-04-25T17:06:22.317+0000 7fa060ff9700 1 -- 172.21.15.28:0/3699170756 <== mon.0 v2:172.21.15.28:3300/0 3 ==== mon_map magic: 0 ==== 205+0+0 (secure 0 0 0) 0x7fa054023790 con 0x7fa06407f7a0
2024-04-25T17:06:23.913 INFO:teuthology.orchestra.run.smithi028.stdout:/usr/bin/ceph: stderr
2024-04-25T17:06:22.317+0000 7fa069cb6700 1 -- 172.21.15.28:0/3699170756 --> [v2:172.21.15.28:3300/0,v1:172.21.15.28:6789/0] -- mon_subscribe({osdmap=0}) -- 0x7fa0641a3210 con 0x7fa06407f7a0
2024-04-25T17:06:23.913 INFO:teuthology.orchestra.run.smithi028.stdout:/usr/bin/ceph: stderr
2024-04-25T17:06:22.318+0000 7fa060ff9700 1 -- 172.21.15.28:0/3699170756 <== mon.0 v2:172.21.15.28:3300/0 4 ==== mgrmap(e 8) ==== 49516+0+0 (secure 0 0 0) 0x7fa054023a90 con 0x7fa06407f7a0
2024-04-25T17:06:23.913 INFO:teuthology.orchestra.run.smithi028.stdout:/usr/bin/ceph: stderr
2024-04-25T17:06:22.318+0000 7fa060ff9700 1 --2- 172.21.15.28:0/3699170756 >> [v2:172.21.15.28:6800/3754186796,v1:172.21.15.28:6801/3754186796] conn(0x7fa04c03d630 0x7fa04c03fb40 unknown :-1 s=NONE pgs=0 cs=0 l=1 rev1=0 crypto rx=0 tx=0 comp rx=0 tx=0).connect
2024-04-25T17:06:23.913 INFO:teuthology.orchestra.run.smithi028.stdout:/usr/bin/ceph: stderr
2024-04-25T17:06:22.318+0000 7fa060ff9700 1 -- 172.21.15.28:0/3699170756 <== mon.0 v2:172.21.15.28:3300/0 5 ==== osd_map(2..2 src has 1..2) ==== 940+0+0 (secure 0 0 0) 0x7fa054053b90 con 0x7fa06407f7a0
2024-04-25T17:06:23.913 INFO:teuthology.orchestra.run.smithi028.stdout:/usr/bin/ceph: stderr
2024-04-25T17:06:22.318+0000 7fa062ffd700 1 --2- 172.21.15.28:0/3699170756 >> [v2:172.21.15.28:6800/3754186796,v1:172.21.15.28:6801/3754186796] conn(0x7fa04c03d630 0x7fa04c03fb40 unknown :-1 s=BANNER_CONNECTING pgs=0 cs=0 l=1 rev1=0 crypto rx=0 tx=0 comp rx=0 tx=0)._handle_peer_banner_payload supported=3 required=0
2024-04-25T17:06:23.913 INFO:teuthology.orchestra.run.smithi028.stdout:/usr/bin/ceph: stderr
2024-04-25T17:06:22.318+0000 7fa069cb6700 1 -- 172.21.15.28:0/3699170756 --> [v2:172.21.15.28:3300/0,v1:172.21.15.28:6789/0] -- mon_command({"prefix": "get_command_descriptions"} v 0) -- 0x7fa064064cf0 con 0x7fa06407f7a0
2024-04-25T17:06:23.913 INFO:teuthology.orchestra.run.smithi028.stdout:/usr/bin/ceph: stderr
2024-04-25T17:06:22.319+0000 7fa062ffd700 1 --2- 172.21.15.28:0/3699170756 >> [v2:172.21.15.28:6800/3754186796,v1:172.21.15.28:6801/3754186796] conn(0x7fa04c03d630 0x7fa04c03fb40 secure :-1 s=READY pgs=16 cs=0 l=1 rev1=1 crypto rx=0x7fa058006fd0 tx=0x7fa058006e40 comp rx=0 tx=0).ready entity=mgr.14118 client_cookie=0 server_cookie=0 in_seq=0 out_seq=0
2024-04-25T17:06:23.913 INFO:teuthology.orchestra.run.smithi028.stdout:/usr/bin/ceph: stderr
2024-04-25T17:06:22.324+0000 7fa060ff9700 1 -- 172.21.15.28:0/3699170756 <== mon.0 v2:172.21.15.28:3300/0 6 ==== mon_command_ack([{"prefix": "get_command_descriptions"}]=0 v0) ==== 72+0+188370 (secure 0 0 0) 0x7fa05401f030 con 0x7fa06407f7a0
2024-04-25T17:06:23.913 INFO:teuthology.orchestra.run.smithi028.stdout:/usr/bin/ceph: stderr
2024-04-25T17:06:22.593+0000 7fa069cb6700 1 -- 172.21.15.28:0/3699170756 --> [v2:172.21.15.28:3300/0,v1:172.21.15.28:6789/0] -- mon_command({"prefix": "mgr module enable", "module": "dashboard"} v 0) -- 0x7fa0641a33e0 con 0x7fa06407f7a0
2024-04-25T17:06:23.913 INFO:teuthology.orchestra.run.smithi028.stdout:/usr/bin/ceph: stderr
2024-04-25T17:06:23.312+0000 7fa060ff9700 1 -- 172.21.15.28:0/3699170756 <== mon.0 v2:172.21.15.28:3300/0 7 ==== mon_command_ack([{"prefix": "mgr module enable", "module": "dashboard"}]=0 v9) ==== 88+0+0 (secure 0 0 0) 0x7fa05400b3e0 con 0x7fa06407f7a0
2024-04-25T17:06:23.913 INFO:teuthology.orchestra.run.smithi028.stdout:/usr/bin/ceph: stderr
2024-04-25T17:06:23.315+0000 7fa060ff9700 1 -- 172.21.15.28:0/3699170756 <== mon.0 v2:172.21.15.28:3300/0 8 ==== mgrmap(e 9) ==== 49529+0+0 (secure 0 0 0) 0x7fa05402c3f0 con 0x7fa06407f7a0
2024-04-25T17:06:23.913 INFO:teuthology.orchestra.run.smithi028.stdout:/usr/bin/ceph: stderr
2024-04-25T17:06:23.315+0000 7fa069cb6700 1 -- 172.21.15.28:0/3699170756 >> [v2:172.21.15.28:6800/3754186796,v1:172.21.15.28:6801/3754186796] conn(0x7fa04c03d630 msgr2=0x7fa04c03fb40 secure :-1 s=STATE_CONNECTION_ESTABLISHED l=1).mark_down
2024-04-25T17:06:23.914 INFO:teuthology.orchestra.run.smithi028.stdout:/usr/bin/ceph: stderr
2024-04-25T17:06:23.315+0000 7fa069cb6700 1 --2- 172.21.15.28:0/3699170756 >> [v2:172.21.15.28:6800/3754186796,v1:172.21.15.28:6801/3754186796] conn(0x7fa04c03d630 0x7fa04c03fb40 secure :-1 s=READY pgs=16 cs=0 l=1 rev1=1 crypto rx=0x7fa058006fd0 tx=0x7fa058006e40 comp rx=0 tx=0).stop
2024-04-25T17:06:23.914 INFO:teuthology.orchestra.run.smithi028.stdout:/usr/bin/ceph: stderr
2024-04-25T17:06:23.315+0000 7fa069cb6700 1 -- 172.21.15.28:0/3699170756 >> [v2:172.21.15.28:3300/0,v1:172.21.15.28:6789/0] conn(0x7fa06407f7a0 msgr2=0x7fa06419fe30 secure :-1 s=STATE_CONNECTION_ESTABLISHED l=1).mark_down
2024-04-25T17:06:23.914 INFO:teuthology.orchestra.run.smithi028.stdout:/usr/bin/ceph: stderr
2024-04-25T17:06:23.315+0000 7fa069cb6700 1 --2- 172.21.15.28:0/3699170756 >> [v2:172.21.15.28:3300/0,v1:172.21.15.28:6789/0] conn(0x7fa06407f7a0 0x7fa06419fe30 secure :-1 s=READY pgs=54 cs=0 l=1 rev1=1 crypto rx=0x7fa054011670 tx=0x7fa054011a30 comp rx=0 tx=0).stop
2024-04-25T17:06:23.914 INFO:teuthology.orchestra.run.smithi028.stdout:/usr/bin/ceph: stderr
2024-04-25T17:06:23.315+0000 7fa069cb6700 1 -- 172.21.15.28:0/3699170756 shutdown_connections
2024-04-25T17:06:23.914 INFO:teuthology.orchestra.run.smithi028.stdout:/usr/bin/ceph: stderr
2024-04-25T17:06:23.315+0000 7fa069cb6700 1 --2- 172.21.15.28:0/3699170756 >> [v2:172.21.15.28:6800/3754186796,v1:172.21.15.28:6801/3754186796] conn(0x7fa04c03d630 0x7fa04c03fb40 unknown :-1 s=CLOSED pgs=16 cs=0 l=1 rev1=1 crypto rx=0 tx=0 comp rx=0 tx=0).stop
2024-04-25T17:06:23.914 INFO:teuthology.orchestra.run.smithi028.stdout:/usr/bin/ceph: stderr
2024-04-25T17:06:23.315+0000 7fa069cb6700 1 --2- 172.21.15.28:0/3699170756 >> [v2:172.21.15.28:3300/0,v1:172.21.15.28:6789/0] conn(0x7fa06407f7a0 0x7fa06419fe30 secure :-1 s=CLOSED pgs=54 cs=0 l=1 rev1=1 crypto rx=0x7fa054011670 tx=0x7fa054011a30 comp rx=0 tx=0).stop
2024-04-25T17:06:23.914 INFO:teuthology.orchestra.run.smithi028.stdout:/usr/bin/ceph: stderr
2024-04-25T17:06:23.315+0000 7fa069cb6700 1 -- 172.21.15.28:0/3699170756 >> 172.21.15.28:0/3699170756 conn(0x7fa064105080 msgr2=0x7fa064105870 unknown :-1 s=STATE_NONE l=0).mark_down
2024-04-25T17:06:23.914 INFO:teuthology.orchestra.run.smithi028.stdout:/usr/bin/ceph: stderr
2024-04-25T17:06:23.316+0000 7fa069cb6700 1 -- 172.21.15.28:0/3699170756 shutdown_connections
2024-04-25T17:06:23.914 INFO:teuthology.orchestra.run.smithi028.stdout:/usr/bin/ceph: stderr
2024-04-25T17:06:23.316+0000 7fa069cb6700 1 -- 172.21.15.28:0/3699170756 wait complete.
2024-04-25T17:06:24.423 INFO:journalctl@ceph.mon.a.smithi028.stdout:Apr 25 17:06:24 smithi028 ceph-mon[29207]: from='client.? 172.21.15.28:0/3699170756' entity='client.admin' cmd='[{"prefix": "mgr module enable", "module": "dashboard"}]': finished
2024-04-25T17:06:24.423 INFO:journalctl@ceph.mon.a.smithi028.stdout:Apr 25 17:06:24 smithi028 ceph-mon[29207]: mgrmap e9: x(active, since 19s)
2024-04-25T17:06:24.423 INFO:journalctl@ceph.mgr.x.smithi028.stdout:Apr 25 17:06:24 smithi028 ceph-dfbd4644-0325-11ef-bc93-c7b262605968-mgr-x[29440]:
2024-04-25T17:06:24.211+0000 7f8cca46f200 -1 mgr[py] Module progress has missing NOTIFY_TYPES member
2024-04-25T17:06:24.423 INFO:journalctl@ceph.mgr.x.smithi028.stdout:Apr 25 17:06:24 smithi028 ceph-dfbd4644-0325-11ef-bc93-c7b262605968-mgr-x[29440]:
2024-04-25T17:06:24.303+0000 7f8cca46f200 -1 mgr[py] Module influx has missing NOTIFY_TYPES member
2024-04-25T17:06:25.225 INFO:teuthology.orchestra.run.smithi028.stdout:/usr/bin/ceph: stdout {
2024-04-25T17:06:25.225 INFO:teuthology.orchestra.run.smithi028.stdout:/usr/bin/ceph: stdout "epoch": 9,
2024-04-25T17:06:25.225 INFO:teuthology.orchestra.run.smithi028.stdout:/usr/bin/ceph: stdout "available": true,
2024-04-25T17:06:25.225 INFO:teuthology.orchestra.run.smithi028.stdout:/usr/bin/ceph: stdout "active_name": "x",
2024-04-25T17:06:25.225 INFO:teuthology.orchestra.run.smithi028.stdout:/usr/bin/ceph: stdout "num_standby": 0
2024-04-25T17:06:25.226 INFO:teuthology.orchestra.run.smithi028.stdout:/usr/bin/ceph: stdout }
2024-04-25T17:06:25.226 INFO:teuthology.orchestra.run.smithi028.stdout:/usr/bin/ceph: stderr
2024-04-25T17:06:24.378+0000 7f3757c3e700 1 Processor -- start
2024-04-25T17:06:25.226 INFO:teuthology.orchestra.run.smithi028.stdout:/usr/bin/ceph: stderr
2024-04-25T17:06:24.379+0000 7f3757c3e700 1 -- start start
2024-04-25T17:06:25.226 INFO:teuthology.orchestra.run.smithi028.stdout:/usr/bin/ceph: stderr
2024-04-25T17:06:24.379+0000 7f3757c3e700 1 --2- >> [v2:172.21.15.28:3300/0,v1:172.21.15.28:6789/0] conn(0x7f37501098f0 0x7f3750109d00 unknown :-1 s=NONE pgs=0 cs=0 l=0 rev1=0 crypto rx=0 tx=0 comp rx=0 tx=0).connect
2024-04-25T17:06:25.226 INFO:teuthology.orchestra.run.smithi028.stdout:/usr/bin/ceph: stderr
2024-04-25T17:06:24.379+0000 7f3757c3e700 1 -- --> [v2:172.21.15.28:3300/0,v1:172.21.15.28:6789/0] -- mon_getmap magic: 0 -- 0x7f375010a2f0 con 0x7f37501098f0
2024-04-25T17:06:25.226 INFO:teuthology.orchestra.run.smithi028.stdout:/usr/bin/ceph: stderr
2024-04-25T17:06:24.379+0000 7f37559da700 1 --2- >> [v2:172.21.15.28:3300/0,v1:172.21.15.28:6789/0] conn(0x7f37501098f0 0x7f3750109d00 unknown :-1 s=BANNER_CONNECTING pgs=0 cs=0 l=0 rev1=0 crypto rx=0 tx=0 comp rx=0 tx=0)._handle_peer_banner_payload supported=3 required=0
2024-04-25T17:06:25.226 INFO:teuthology.orchestra.run.smithi028.stdout:/usr/bin/ceph: stderr
2024-04-25T17:06:24.379+0000 7f37559da700 1 --2- >> [v2:172.21.15.28:3300/0,v1:172.21.15.28:6789/0] conn(0x7f37501098f0 0x7f3750109d00 unknown :-1 s=HELLO_CONNECTING pgs=0 cs=0 l=0 rev1=1 crypto rx=0 tx=0 comp rx=0 tx=0).handle_hello peer v2:172.21.15.28:3300/0 says I am v2:172.21.15.28:33762/0 (socket says 172.21.15.28:33762)
2024-04-25T17:06:25.226 INFO:teuthology.orchestra.run.smithi028.stdout:/usr/bin/ceph: stderr
2024-04-25T17:06:24.379+0000 7f37559da700 1 -- 172.21.15.28:0/1968074247 learned_addr learned my addr 172.21.15.28:0/1968074247 (peer_addr_for_me v2:172.21.15.28:0/0)
2024-04-25T17:06:25.226 INFO:teuthology.orchestra.run.smithi028.stdout:/usr/bin/ceph: stderr
2024-04-25T17:06:24.380+0000 7f37559da700 1 -- 172.21.15.28:0/1968074247 --> [v2:172.21.15.28:3300/0,v1:172.21.15.28:6789/0] -- mon_subscribe({config=0+,monmap=0+}) -- 0x7f375010aa20 con 0x7f37501098f0
2024-04-25T17:06:25.226 INFO:teuthology.orchestra.run.smithi028.stdout:/usr/bin/ceph: stderr
2024-04-25T17:06:24.380+0000 7f37559da700 1 --2- 172.21.15.28:0/1968074247 >> [v2:172.21.15.28:3300/0,v1:172.21.15.28:6789/0] conn(0x7f37501098f0 0x7f3750109d00 secure :-1 s=READY pgs=57 cs=0 l=1 rev1=1 crypto rx=0x7f374c0098a0 tx=0x7f374c009bb0 comp rx=0 tx=0).ready entity=mon.0 client_cookie=befddf879ec8066a server_cookie=0 in_seq=0 out_seq=0
2024-04-25T17:06:25.226 INFO:teuthology.orchestra.run.smithi028.stdout:/usr/bin/ceph: stderr
2024-04-25T17:06:24.380+0000 7f37549d8700 1 -- 172.21.15.28:0/1968074247 <== mon.0 v2:172.21.15.28:3300/0 1 ==== mon_map magic: 0 ==== 205+0+0 (secure 0 0 0) 0x7f374c004160 con 0x7f37501098f0
2024-04-25T17:06:25.226 INFO:teuthology.orchestra.run.smithi028.stdout:/usr/bin/ceph: stderr
2024-04-25T17:06:24.380+0000 7f37549d8700 1 -- 172.21.15.28:0/1968074247 <== mon.0 v2:172.21.15.28:3300/0 2 ==== config(25 keys) ==== 1063+0+0 (secure 0 0 0) 0x7f374c004300 con 0x7f37501098f0
2024-04-25T17:06:25.227 INFO:teuthology.orchestra.run.smithi028.stdout:/usr/bin/ceph: stderr
2024-04-25T17:06:24.380+0000 7f37549d8700 1 -- 172.21.15.28:0/1968074247 <== mon.0 v2:172.21.15.28:3300/0 3 ==== mon_map magic: 0 ==== 205+0+0 (secure 0 0 0) 0x7f374c011960 con 0x7f37501098f0
2024-04-25T17:06:25.227 INFO:teuthology.orchestra.run.smithi028.stdout:/usr/bin/ceph: stderr
2024-04-25T17:06:24.381+0000 7f3757c3e700 1 -- 172.21.15.28:0/1968074247 >> [v2:172.21.15.28:3300/0,v1:172.21.15.28:6789/0] conn(0x7f37501098f0 msgr2=0x7f3750109d00 secure :-1 s=STATE_CONNECTION_ESTABLISHED l=1).mark_down
2024-04-25T17:06:25.227 INFO:teuthology.orchestra.run.smithi028.stdout:/usr/bin/ceph: stderr
2024-04-25T17:06:24.381+0000 7f3757c3e700 1 --2- 172.21.15.28:0/1968074247 >> [v2:172.21.15.28:3300/0,v1:172.21.15.28:6789/0] conn(0x7f37501098f0 0x7f3750109d00 secure :-1 s=READY pgs=57 cs=0 l=1 rev1=1 crypto rx=0x7f374c0098a0 tx=0x7f374c009bb0 comp rx=0 tx=0).stop
2024-04-25T17:06:25.227 INFO:teuthology.orchestra.run.smithi028.stdout:/usr/bin/ceph: stderr
2024-04-25T17:06:24.381+0000 7f3757c3e700 1 -- 172.21.15.28:0/1968074247 shutdown_connections
2024-04-25T17:06:25.227 INFO:teuthology.orchestra.run.smithi028.stdout:/usr/bin/ceph: stderr
2024-04-25T17:06:24.381+0000 7f3757c3e700 1 --2- 172.21.15.28:0/1968074247 >> [v2:172.21.15.28:3300/0,v1:172.21.15.28:6789/0] conn(0x7f37501098f0 0x7f3750109d00 unknown :-1 s=CLOSED pgs=57 cs=0 l=1 rev1=1 crypto rx=0 tx=0 comp rx=0 tx=0).stop
2024-04-25T17:06:25.227 INFO:teuthology.orchestra.run.smithi028.stdout:/usr/bin/ceph: stderr
2024-04-25T17:06:24.381+0000 7f3757c3e700 1 -- 172.21.15.28:0/1968074247 >> 172.21.15.28:0/1968074247 conn(0x7f3750104f50 msgr2=0x7f37501073e0 unknown :-1 s=STATE_NONE l=0).mark_down
2024-04-25T17:06:25.227 INFO:teuthology.orchestra.run.smithi028.stdout:/usr/bin/ceph: stderr
2024-04-25T17:06:24.381+0000 7f3757c3e700 1 -- 172.21.15.28:0/1968074247 shutdown_connections
2024-04-25T17:06:25.227 INFO:teuthology.orchestra.run.smithi028.stdout:/usr/bin/ceph: stderr
2024-04-25T17:06:24.381+0000 7f3757c3e700 1 -- 172.21.15.28:0/1968074247 wait complete.
2024-04-25T17:06:25.228 INFO:teuthology.orchestra.run.smithi028.stdout:/usr/bin/ceph: stderr
2024-04-25T17:06:24.382+0000 7f3757c3e700 1 Processor -- start
2024-04-25T17:06:25.228 INFO:teuthology.orchestra.run.smithi028.stdout:/usr/bin/ceph: stderr
2024-04-25T17:06:24.382+0000 7f3757c3e700 1 -- start start
2024-04-25T17:06:25.228 INFO:teuthology.orchestra.run.smithi028.stdout:/usr/bin/ceph: stderr
2024-04-25T17:06:24.382+0000 7f3757c3e700 1 --2- >> [v2:172.21.15.28:3300/0,v1:172.21.15.28:6789/0] conn(0x7f37501098f0 0x7f375019db00 unknown :-1 s=NONE pgs=0 cs=0 l=1 rev1=0 crypto rx=0 tx=0 comp rx=0 tx=0).connect
2024-04-25T17:06:25.228 INFO:teuthology.orchestra.run.smithi028.stdout:/usr/bin/ceph: stderr
2024-04-25T17:06:24.382+0000 7f3757c3e700 1 -- --> [v2:172.21.15.28:3300/0,v1:172.21.15.28:6789/0] -- mon_getmap magic: 0 -- 0x7f375010ddd0 con 0x7f37501098f0
2024-04-25T17:06:25.228 INFO:teuthology.orchestra.run.smithi028.stdout:/usr/bin/ceph: stderr
2024-04-25T17:06:24.382+0000 7f37559da700 1 --2- >> [v2:172.21.15.28:3300/0,v1:172.21.15.28:6789/0] conn(0x7f37501098f0 0x7f375019db00 unknown :-1 s=BANNER_CONNECTING pgs=0 cs=0 l=1 rev1=0 crypto rx=0 tx=0 comp rx=0 tx=0)._handle_peer_banner_payload supported=3 required=0
2024-04-25T17:06:25.228 INFO:teuthology.orchestra.run.smithi028.stdout:/usr/bin/ceph: stderr
2024-04-25T17:06:24.382+0000 7f37559da700 1 --2- >> [v2:172.21.15.28:3300/0,v1:172.21.15.28:6789/0] conn(0x7f37501098f0 0x7f375019db00 unknown :-1 s=HELLO_CONNECTING pgs=0 cs=0 l=1 rev1=1 crypto rx=0 tx=0 comp rx=0 tx=0).handle_hello peer v2:172.21.15.28:3300/0 says I am v2:172.21.15.28:33778/0 (socket says 172.21.15.28:33778)
2024-04-25T17:06:25.228 INFO:teuthology.orchestra.run.smithi028.stdout:/usr/bin/ceph: stderr
2024-04-25T17:06:24.382+0000 7f37559da700 1 -- 172.21.15.28:0/518330482 learned_addr learned my addr 172.21.15.28:0/518330482 (peer_addr_for_me v2:172.21.15.28:0/0)
2024-04-25T17:06:25.228 INFO:teuthology.orchestra.run.smithi028.stdout:/usr/bin/ceph: stderr
2024-04-25T17:06:24.383+0000 7f37559da700 1 -- 172.21.15.28:0/518330482 --> [v2:172.21.15.28:3300/0,v1:172.21.15.28:6789/0] -- mon_subscribe({config=0+,monmap=0+}) -- 0x7f375019e040 con 0x7f37501098f0
2024-04-25T17:06:25.228 INFO:teuthology.orchestra.run.smithi028.stdout:/usr/bin/ceph: stderr
2024-04-25T17:06:24.383+0000 7f37559da700 1 --2- 172.21.15.28:0/518330482 >> [v2:172.21.15.28:3300/0,v1:172.21.15.28:6789/0] conn(0x7f37501098f0 0x7f375019db00 secure :-1 s=READY pgs=58 cs=0 l=1 rev1=1 crypto rx=0x7f374c011980 tx=0x7f374c011a60 comp rx=0 tx=0).ready entity=mon.0 client_cookie=0 server_cookie=0 in_seq=0 out_seq=0
2024-04-25T17:06:25.229 INFO:teuthology.orchestra.run.smithi028.stdout:/usr/bin/ceph: stderr
2024-04-25T17:06:24.383+0000 7f3742ffd700 1 -- 172.21.15.28:0/518330482 <== mon.0 v2:172.21.15.28:3300/0 1 ==== mon_map magic: 0 ==== 205+0+0 (secure 0 0 0) 0x7f374c01f070 con 0x7f37501098f0
2024-04-25T17:06:25.229 INFO:teuthology.orchestra.run.smithi028.stdout:/usr/bin/ceph: stderr
2024-04-25T17:06:24.383+0000 7f3742ffd700 1 -- 172.21.15.28:0/518330482 <== mon.0 v2:172.21.15.28:3300/0 2 ==== config(25 keys) ==== 1063+0+0 (secure 0 0 0) 0x7f374c003aa0 con 0x7f37501098f0
2024-04-25T17:06:25.229 INFO:teuthology.orchestra.run.smithi028.stdout:/usr/bin/ceph: stderr
2024-04-25T17:06:24.383+0000 7f3757c3e700 1 -- 172.21.15.28:0/518330482 --> [v2:172.21.15.28:3300/0,v1:172.21.15.28:6789/0] -- mon_subscribe({mgrmap=0+}) -- 0x7f375019e2d0 con 0x7f37501098f0
2024-04-25T17:06:25.229 INFO:teuthology.orchestra.run.smithi028.stdout:/usr/bin/ceph: stderr
2024-04-25T17:06:24.383+0000 7f3742ffd700 1 -- 172.21.15.28:0/518330482 <== mon.0 v2:172.21.15.28:3300/0 3 ==== mon_map magic: 0 ==== 205+0+0 (secure 0 0 0) 0x7f374c019560 con 0x7f37501098f0
2024-04-25T17:06:25.229 INFO:teuthology.orchestra.run.smithi028.stdout:/usr/bin/ceph: stderr
2024-04-25T17:06:24.383+0000 7f3757c3e700 1 -- 172.21.15.28:0/518330482 --> [v2:172.21.15.28:3300/0,v1:172.21.15.28:6789/0] -- mon_subscribe({osdmap=0}) -- 0x7f37501a0ee0 con 0x7f37501098f0
2024-04-25T17:06:25.229 INFO:teuthology.orchestra.run.smithi028.stdout:/usr/bin/ceph: stderr
2024-04-25T17:06:24.384+0000 7f3757c3e700 1 -- 172.21.15.28:0/518330482 --> [v2:172.21.15.28:3300/0,v1:172.21.15.28:6789/0] -- mon_command({"prefix": "get_command_descriptions"} v 0) -- 0x7f3750064cf0 con 0x7f37501098f0
2024-04-25T17:06:25.229 INFO:teuthology.orchestra.run.smithi028.stdout:/usr/bin/ceph: stderr
2024-04-25T17:06:24.384+0000 7f3742ffd700 1 -- 172.21.15.28:0/518330482 <== mon.0 v2:172.21.15.28:3300/0 4 ==== mgrmap(e 9) ==== 49529+0+0 (secure 0 0 0) 0x7f374c022070 con 0x7f37501098f0
2024-04-25T17:06:25.229 INFO:teuthology.orchestra.run.smithi028.stdout:/usr/bin/ceph: stderr
2024-04-25T17:06:24.385+0000 7f3742ffd700 1 --2- 172.21.15.28:0/518330482 >> [v2:172.21.15.28:6800/3754186796,v1:172.21.15.28:6801/3754186796] conn(0x7f373c03d680 0x7f373c03fb90 unknown :-1 s=NONE pgs=0 cs=0 l=1 rev1=0 crypto rx=0 tx=0 comp rx=0 tx=0).connect
2024-04-25T17:06:25.229 INFO:teuthology.orchestra.run.smithi028.stdout:/usr/bin/ceph: stderr
2024-04-25T17:06:24.385+0000 7f3742ffd700 1 -- 172.21.15.28:0/518330482 <== mon.0 v2:172.21.15.28:3300/0 5 ==== osd_map(2..2 src has 1..2) ==== 940+0+0 (secure 0 0 0) 0x7f374c0527d0 con 0x7f37501098f0
2024-04-25T17:06:25.229 INFO:teuthology.orchestra.run.smithi028.stdout:/usr/bin/ceph: stderr
2024-04-25T17:06:24.385+0000 7f37551d9700 1 -- 172.21.15.28:0/518330482 >> [v2:172.21.15.28:6800/3754186796,v1:172.21.15.28:6801/3754186796] conn(0x7f373c03d680 msgr2=0x7f373c03fb90 unknown :-1 s=STATE_CONNECTING_RE l=1).process reconnect failed to v2:172.21.15.28:6800/3754186796
2024-04-25T17:06:25.229 INFO:teuthology.orchestra.run.smithi028.stdout:/usr/bin/ceph: stderr
2024-04-25T17:06:24.385+0000 7f37551d9700 1 --2- 172.21.15.28:0/518330482 >> [v2:172.21.15.28:6800/3754186796,v1:172.21.15.28:6801/3754186796] conn(0x7f373c03d680 0x7f373c03fb90 unknown :-1 s=START_CONNECT pgs=0 cs=0 l=1 rev1=0 crypto rx=0 tx=0 comp rx=0 tx=0)._fault waiting 0.200000
2024-04-25T17:06:25.229 INFO:teuthology.orchestra.run.smithi028.stdout:/usr/bin/ceph: stderr
2024-04-25T17:06:24.390+0000 7f3742ffd700 1 -- 172.21.15.28:0/518330482 <== mon.0 v2:172.21.15.28:3300/0 6 ==== mon_command_ack([{"prefix": "get_command_descriptions"}]=0 v0) ==== 72+0+188370 (secure 0 0 0) 0x7f374c0212c0 con 0x7f37501098f0
2024-04-25T17:06:25.229 INFO:teuthology.orchestra.run.smithi028.stdout:/usr/bin/ceph: stderr
2024-04-25T17:06:24.586+0000 7f37551d9700 1 -- 172.21.15.28:0/518330482 >> [v2:172.21.15.28:6800/3754186796,v1:172.21.15.28:6801/3754186796] conn(0x7f373c03d680 msgr2=0x7f373c03fb90 unknown :-1 s=STATE_CONNECTING_RE l=1).process reconnect failed to v2:172.21.15.28:6800/3754186796
2024-04-25T17:06:25.230 INFO:teuthology.orchestra.run.smithi028.stdout:/usr/bin/ceph: stderr
2024-04-25T17:06:24.586+0000 7f37551d9700 1 --2- 172.21.15.28:0/518330482 >> [v2:172.21.15.28:6800/3754186796,v1:172.21.15.28:6801/3754186796] conn(0x7f373c03d680 0x7f373c03fb90 unknown :-1 s=START_CONNECT pgs=0 cs=0 l=1 rev1=0 crypto rx=0 tx=0 comp rx=0 tx=0)._fault waiting 0.400000
2024-04-25T17:06:25.230 INFO:teuthology.orchestra.run.smithi028.stdout:/usr/bin/ceph: stderr
2024-04-25T17:06:24.677+0000 7f3757c3e700 1 -- 172.21.15.28:0/518330482 --> [v2:172.21.15.28:3300/0,v1:172.21.15.28:6789/0] -- mon_command({"prefix": "mgr stat"} v 0) -- 0x7f37501a10b0 con 0x7f37501098f0
2024-04-25T17:06:25.230 INFO:teuthology.orchestra.run.smithi028.stdout:/usr/bin/ceph: stderr
2024-04-25T17:06:24.677+0000 7f3742ffd700 1 -- 172.21.15.28:0/518330482 <== mon.0 v2:172.21.15.28:3300/0 7 ==== mon_command_ack([{"prefix": "mgr stat"}]=0 v9) ==== 56+0+88 (secure 0 0 0) 0x7f374c019d90 con 0x7f37501098f0
2024-04-25T17:06:25.230 INFO:teuthology.orchestra.run.smithi028.stdout:/usr/bin/ceph: stderr
2024-04-25T17:06:24.680+0000 7f3757c3e700 1 -- 172.21.15.28:0/518330482 >> [v2:172.21.15.28:6800/3754186796,v1:172.21.15.28:6801/3754186796] conn(0x7f373c03d680 msgr2=0x7f373c03fb90 unknown :-1 s=STATE_CONNECTING l=1).mark_down
2024-04-25T17:06:25.230 INFO:teuthology.orchestra.run.smithi028.stdout:/usr/bin/ceph: stderr
2024-04-25T17:06:24.680+0000 7f3757c3e700 1 --2- 172.21.15.28:0/518330482 >> [v2:172.21.15.28:6800/3754186796,v1:172.21.15.28:6801/3754186796] conn(0x7f373c03d680 0x7f373c03fb90 unknown :-1 s=START_CONNECT pgs=0 cs=0 l=1 rev1=0 crypto rx=0 tx=0 comp rx=0 tx=0).stop
2024-04-25T17:06:25.230 INFO:teuthology.orchestra.run.smithi028.stdout:/usr/bin/ceph: stderr
2024-04-25T17:06:24.680+0000 7f3757c3e700 1 -- 172.21.15.28:0/518330482 >> [v2:172.21.15.28:3300/0,v1:172.21.15.28:6789/0] conn(0x7f37501098f0 msgr2=0x7f375019db00 secure :-1 s=STATE_CONNECTION_ESTABLISHED l=1).mark_down
2024-04-25T17:06:25.230 INFO:teuthology.orchestra.run.smithi028.stdout:/usr/bin/ceph: stderr
2024-04-25T17:06:24.680+0000 7f3757c3e700 1 --2- 172.21.15.28:0/518330482 >> [v2:172.21.15.28:3300/0,v1:172.21.15.28:6789/0] conn(0x7f37501098f0 0x7f375019db00 secure :-1 s=READY pgs=58 cs=0 l=1 rev1=1 crypto rx=0x7f374c011980 tx=0x7f374c011a60 comp rx=0 tx=0).stop
2024-04-25T17:06:25.230 INFO:teuthology.orchestra.run.smithi028.stdout:/usr/bin/ceph: stderr
2024-04-25T17:06:24.680+0000 7f3757c3e700 1 -- 172.21.15.28:0/518330482 shutdown_connections
2024-04-25T17:06:25.230 INFO:teuthology.orchestra.run.smithi028.stdout:/usr/bin/ceph: stderr
2024-04-25T17:06:24.680+0000 7f3757c3e700 1 --2- 172.21.15.28:0/518330482 >> [v2:172.21.15.28:6800/3754186796,v1:172.21.15.28:6801/3754186796] conn(0x7f373c03d680 0x7f373c03fb90 unknown :-1 s=CLOSED pgs=0 cs=0 l=1 rev1=0 crypto rx=0 tx=0 comp rx=0 tx=0).stop
2024-04-25T17:06:25.230 INFO:teuthology.orchestra.run.smithi028.stdout:/usr/bin/ceph: stderr
2024-04-25T17:06:24.680+0000 7f3757c3e700 1 --2- 172.21.15.28:0/518330482 >> [v2:172.21.15.28:3300/0,v1:172.21.15.28:6789/0] conn(0x7f37501098f0 0x7f375019db00 unknown :-1 s=CLOSED pgs=58 cs=0 l=1 rev1=1 crypto rx=0 tx=0 comp rx=0 tx=0).stop
2024-04-25T17:06:25.230 INFO:teuthology.orchestra.run.smithi028.stdout:/usr/bin/ceph: stderr
2024-04-25T17:06:24.680+0000 7f3757c3e700 1 -- 172.21.15.28:0/518330482 >> 172.21.15.28:0/518330482 conn(0x7f3750104f50 msgr2=0x7f3750105760 unknown :-1 s=STATE_NONE l=0).mark_down
2024-04-25T17:06:25.230 INFO:teuthology.orchestra.run.smithi028.stdout:/usr/bin/ceph: stderr
2024-04-25T17:06:24.680+0000 7f3757c3e700 1 -- 172.21.15.28:0/518330482 shutdown_connections
2024-04-25T17:06:25.230 INFO:teuthology.orchestra.run.smithi028.stdout:/usr/bin/ceph: stderr
2024-04-25T17:06:24.680+0000 7f3757c3e700 1 -- 172.21.15.28:0/518330482 wait complete.
2024-04-25T17:06:25.231 INFO:teuthology.orchestra.run.smithi028.stdout:Waiting for the mgr to restart...
2024-04-25T17:06:25.231 INFO:teuthology.orchestra.run.smithi028.stdout:Waiting for mgr epoch 9...
2024-04-25T17:06:25.594 INFO:journalctl@ceph.mon.a.smithi028.stdout:Apr 25 17:06:25 smithi028 ceph-mon[29207]: from='client.? 172.21.15.28:0/518330482' entity='client.admin' cmd=[{"prefix": "mgr stat"}]: dispatch
2024-04-25T17:06:25.923 INFO:journalctl@ceph.mgr.x.smithi028.stdout:Apr 25 17:06:25 smithi028 ceph-dfbd4644-0325-11ef-bc93-c7b262605968-mgr-x[29440]:
2024-04-25T17:06:25.603+0000 7f8cca46f200 -1 mgr[py] Module telegraf has missing NOTIFY_TYPES member
2024-04-25T17:06:25.923 INFO:journalctl@ceph.mgr.x.smithi028.stdout:Apr 25 17:06:25 smithi028 ceph-dfbd4644-0325-11ef-bc93-c7b262605968-mgr-x[29440]:
2024-04-25T17:06:25.786+0000 7f8cca46f200 -1 mgr[py] Module osd_support has missing NOTIFY_TYPES member
2024-04-25T17:06:26.243 INFO:journalctl@ceph.mgr.x.smithi028.stdout:Apr 25 17:06:25 smithi028 ceph-dfbd4644-0325-11ef-bc93-c7b262605968-mgr-x[29440]:
2024-04-25T17:06:25.963+0000 7f8cca46f200 -1 mgr[py] Module iostat has missing NOTIFY_TYPES member
2024-04-25T17:06:26.576 INFO:journalctl@ceph.mgr.x.smithi028.stdout:Apr 25 17:06:26 smithi028 ceph-dfbd4644-0325-11ef-bc93-c7b262605968-mgr-x[29440]:
2024-04-25T17:06:26.269+0000 7f8cca46f200 -1 mgr[py] Module alerts has missing NOTIFY_TYPES member
2024-04-25T17:06:26.576 INFO:journalctl@ceph.mgr.x.smithi028.stdout:Apr 25 17:06:26 smithi028 ceph-dfbd4644-0325-11ef-bc93-c7b262605968-mgr-x[29440]:
2024-04-25T17:06:26.365+0000 7f8cca46f200 -1 mgr[py] Module selftest has missing NOTIFY_TYPES member
2024-04-25T17:06:26.576 INFO:journalctl@ceph.mgr.x.smithi028.stdout:Apr 25 17:06:26 smithi028 ceph-dfbd4644-0325-11ef-bc93-c7b262605968-mgr-x[29440]:
2024-04-25T17:06:26.576+0000 7f8cca46f200 -1 mgr[py] Module pg_autoscaler has missing NOTIFY_TYPES member
2024-04-25T17:06:26.923 INFO:journalctl@ceph.mgr.x.smithi028.stdout:Apr 25 17:06:26 smithi028 ceph-dfbd4644-0325-11ef-bc93-c7b262605968-mgr-x[29440]:
2024-04-25T17:06:26.780+0000 7f8cca46f200 -1 mgr[py] Module test_orchestrator has missing NOTIFY_TYPES member
2024-04-25T17:06:27.673 INFO:journalctl@ceph.mgr.x.smithi028.stdout:Apr 25 17:06:27 smithi028 ceph-dfbd4644-0325-11ef-bc93-c7b262605968-mgr-x[29440]:
2024-04-25T17:06:27.410+0000 7f8cca46f200 -1 mgr[py] Module rook has missing NOTIFY_TYPES member
2024-04-25T17:06:28.171 INFO:journalctl@ceph.mgr.x.smithi028.stdout:Apr 25 17:06:27 smithi028 ceph-dfbd4644-0325-11ef-bc93-c7b262605968-mgr-x[29440]:
2024-04-25T17:06:27.856+0000 7f8cca46f200 -1 mgr[py] Module volumes has missing NOTIFY_TYPES member
2024-04-25T17:06:28.171 INFO:journalctl@ceph.mgr.x.smithi028.stdout:Apr 25 17:06:27 smithi028 ceph-dfbd4644-0325-11ef-bc93-c7b262605968-mgr-x[29440]:
2024-04-25T17:06:27.958+0000 7f8cca46f200 -1 mgr[py] Module crash has missing NOTIFY_TYPES member
2024-04-25T17:06:28.171 INFO:journalctl@ceph.mgr.x.smithi028.stdout:Apr 25 17:06:28 smithi028 ceph-dfbd4644-0325-11ef-bc93-c7b262605968-mgr-x[29440]:
2024-04-25T17:06:28.171+0000 7f8cca46f200 -1 mgr[py] Module rgw has missing NOTIFY_TYPES member
2024-04-25T17:06:28.923 INFO:journalctl@ceph.mgr.x.smithi028.stdout:Apr 25 17:06:28 smithi028 ceph-dfbd4644-0325-11ef-bc93-c7b262605968-mgr-x[29440]:
2024-04-25T17:06:28.716+0000 7f8cca46f200 -1 mgr[py] Module prometheus has missing NOTIFY_TYPES member
2024-04-25T17:06:28.923 INFO:journalctl@ceph.mgr.x.smithi028.stdout:Apr 25 17:06:28 smithi028 ceph-dfbd4644-0325-11ef-bc93-c7b262605968-mgr-x[29440]:
2024-04-25T17:06:28.814+0000 7f8cca46f200 -1 mgr[py] Module devicehealth has missing NOTIFY_TYPES member
2024-04-25T17:06:29.423 INFO:journalctl@ceph.mgr.x.smithi028.stdout:Apr 25 17:06:29 smithi028 ceph-dfbd4644-0325-11ef-bc93-c7b262605968-mgr-x[29440]:
2024-04-25T17:06:29.071+0000 7f8cca46f200 -1 mgr[py] Module telemetry has missing NOTIFY_TYPES member
2024-04-25T17:06:29.423 INFO:journalctl@ceph.mgr.x.smithi028.stdout:Apr 25 17:06:29 smithi028 ceph-dfbd4644-0325-11ef-bc93-c7b262605968-mgr-x[29440]:
2024-04-25T17:06:29.212+0000 7f8cca46f200 -1 mgr[py] Module diskprediction_local has missing NOTIFY_TYPES member
2024-04-25T17:06:29.423 INFO:journalctl@ceph.mgr.x.smithi028.stdout:Apr 25 17:06:29 smithi028 ceph-dfbd4644-0325-11ef-bc93-c7b262605968-mgr-x[29440]:
2024-04-25T17:06:29.312+0000 7f8cca46f200 -1 mgr[py] Module osd_perf_query has missing NOTIFY_TYPES member
2024-04-25T17:06:29.748 INFO:journalctl@ceph.mgr.x.smithi028.stdout:Apr 25 17:06:29 smithi028 ceph-dfbd4644-0325-11ef-bc93-c7b262605968-mgr-x[29440]:
2024-04-25T17:06:29.435+0000 7f8cca46f200 -1 mgr[py] Module rbd_support has missing NOTIFY_TYPES member
2024-04-25T17:06:29.748 INFO:journalctl@ceph.mgr.x.smithi028.stdout:Apr 25 17:06:29 smithi028 ceph-dfbd4644-0325-11ef-bc93-c7b262605968-mgr-x[29440]:
2024-04-25T17:06:29.748+0000 7f8cca46f200 -1 mgr[py] Module zabbix has missing NOTIFY_TYPES member
2024-04-25T17:06:30.661 INFO:journalctl@ceph.mgr.x.smithi028.stdout:Apr 25 17:06:30 smithi028 ceph-dfbd4644-0325-11ef-bc93-c7b262605968-mgr-x[29440]:
2024-04-25T17:06:30.381+0000 7f8cca46f200 -1 mgr[py] Module status has missing NOTIFY_TYPES member
2024-04-25T17:06:30.662 INFO:journalctl@ceph.mgr.x.smithi028.stdout:Apr 25 17:06:30 smithi028 ceph-dfbd4644-0325-11ef-bc93-c7b262605968-mgr-x[29440]:
2024-04-25T17:06:30.609+0000 7f8cca46f200 -1 mgr[py] Module nfs has missing NOTIFY_TYPES member
2024-04-25T17:06:30.923 INFO:journalctl@ceph.mon.a.smithi028.stdout:Apr 25 17:06:30 smithi028 ceph-mon[29207]: Active manager daemon x restarted
2024-04-25T17:06:30.923 INFO:journalctl@ceph.mon.a.smithi028.stdout:Apr 25 17:06:30 smithi028 ceph-mon[29207]: Activating manager daemon x
2024-04-25T17:06:30.923 INFO:journalctl@ceph.mon.a.smithi028.stdout:Apr 25 17:06:30 smithi028 ceph-mon[29207]: osdmap e3: 0 total, 0 up, 0 in
2024-04-25T17:06:30.923 INFO:journalctl@ceph.mon.a.smithi028.stdout:Apr 25 17:06:30 smithi028 ceph-mon[29207]: mgrmap e10: x(active, starting, since 0.00413396s)
2024-04-25T17:06:30.923 INFO:journalctl@ceph.mon.a.smithi028.stdout:Apr 25 17:06:30 smithi028 ceph-mon[29207]: from='mgr.14150 172.21.15.28:0/3570685141' entity='mgr.x' cmd=[{"prefix": "mon metadata", "id": "a"}]: dispatch
2024-04-25T17:06:30.923 INFO:journalctl@ceph.mon.a.smithi028.stdout:Apr 25 17:06:30 smithi028 ceph-mon[29207]: from='mgr.14150 172.21.15.28:0/3570685141' entity='mgr.x' cmd=[{"prefix": "mgr metadata", "who": "x", "id": "x"}]: dispatch
2024-04-25T17:06:30.923 INFO:journalctl@ceph.mon.a.smithi028.stdout:Apr 25 17:06:30 smithi028 ceph-mon[29207]: from='mgr.14150 172.21.15.28:0/3570685141' entity='mgr.x' cmd=[{"prefix": "mds metadata"}]: dispatch
2024-04-25T17:06:30.923 INFO:journalctl@ceph.mon.a.smithi028.stdout:Apr 25 17:06:30 smithi028 ceph-mon[29207]: from='mgr.14150 172.21.15.28:0/3570685141' entity='mgr.x' cmd=[{"prefix": "osd metadata"}]: dispatch
2024-04-25T17:06:30.923 INFO:journalctl@ceph.mon.a.smithi028.stdout:Apr 25 17:06:30 smithi028 ceph-mon[29207]: from='mgr.14150 172.21.15.28:0/3570685141' entity='mgr.x' cmd=[{"prefix": "mon metadata"}]: dispatch
2024-04-25T17:06:30.924 INFO:journalctl@ceph.mon.a.smithi028.stdout:Apr 25 17:06:30 smithi028 ceph-mon[29207]: Manager daemon x is now available
2024-04-25T17:06:30.924 INFO:journalctl@ceph.mon.a.smithi028.stdout:Apr 25 17:06:30 smithi028 ceph-mon[29207]: from='mgr.14150 172.21.15.28:0/3570685141' entity='mgr.x' cmd=[{"prefix": "config dump", "format": "json"}]: dispatch
2024-04-25T17:06:31.923 INFO:journalctl@ceph.mon.a.smithi028.stdout:Apr 25 17:06:31 smithi028 ceph-mon[29207]: from='mgr.14150 172.21.15.28:0/3570685141' entity='mgr.x' cmd=[{"prefix":"config rm","who":"mgr","name":"mgr/rbd_support/x/mirror_snapshot_schedule"}]: dispatch
2024-04-25T17:06:31.923 INFO:journalctl@ceph.mon.a.smithi028.stdout:Apr 25 17:06:31 smithi028 ceph-mon[29207]: from='mgr.14150 172.21.15.28:0/3570685141' entity='mgr.x' cmd=[{"prefix":"config rm","who":"mgr","name":"mgr/rbd_support/x/trash_purge_schedule"}]: dispatch
2024-04-25T17:06:31.923 INFO:journalctl@ceph.mon.a.smithi028.stdout:Apr 25 17:06:31 smithi028 ceph-mon[29207]: mgrmap e11: x(active, since 1.00735s)
2024-04-25T17:06:32.471 INFO:teuthology.orchestra.run.smithi028.stdout:/usr/bin/ceph: stdout {
2024-04-25T17:06:32.471 INFO:teuthology.orchestra.run.smithi028.stdout:/usr/bin/ceph: stdout "mgrmap_epoch": 11,
2024-04-25T17:06:32.472 INFO:teuthology.orchestra.run.smithi028.stdout:/usr/bin/ceph: stdout "initialized": true
2024-04-25T17:06:32.472 INFO:teuthology.orchestra.run.smithi028.stdout:/usr/bin/ceph: stdout }
2024-04-25T17:06:32.472 INFO:teuthology.orchestra.run.smithi028.stdout:/usr/bin/ceph: stderr
2024-04-25T17:06:25.636+0000 7f6f5c8bf700 1 Processor -- start
2024-04-25T17:06:32.472 INFO:teuthology.orchestra.run.smithi028.stdout:/usr/bin/ceph: stderr
2024-04-25T17:06:25.636+0000 7f6f5c8bf700 1 -- start start
2024-04-25T17:06:32.472 INFO:teuthology.orchestra.run.smithi028.stdout:/usr/bin/ceph: stderr
2024-04-25T17:06:25.636+0000 7f6f5c8bf700 1 --2- >> [v2:172.21.15.28:3300/0,v1:172.21.15.28:6789/0] conn(0x7f6f5807ed90 0x7f6f5807d260 unknown :-1 s=NONE pgs=0 cs=0 l=0 rev1=0 crypto rx=0 tx=0 comp rx=0 tx=0).connect
2024-04-25T17:06:32.481 INFO:teuthology.orchestra.run.smithi028.stdout:/usr/bin/ceph: stderr
2024-04-25T17:06:25.637+0000 7f6f5c8bf700 1 -- --> [v2:172.21.15.28:3300/0,v1:172.21.15.28:6789/0] -- mon_getmap magic: 0 -- 0x7f6f5807d7a0 con 0x7f6f5807ed90
2024-04-25T17:06:32.481 INFO:teuthology.orchestra.run.smithi028.stdout:/usr/bin/ceph: stderr
2024-04-25T17:06:25.637+0000 7f6f5659c700 1 --2- >> [v2:172.21.15.28:3300/0,v1:172.21.15.28:6789/0] conn(0x7f6f5807ed90 0x7f6f5807d260 unknown :-1 s=BANNER_CONNECTING pgs=0 cs=0 l=0 rev1=0 crypto rx=0 tx=0 comp rx=0 tx=0)._handle_peer_banner_payload supported=3 required=0
2024-04-25T17:06:32.482 INFO:teuthology.orchestra.run.smithi028.stdout:/usr/bin/ceph: stderr
2024-04-25T17:06:25.637+0000 7f6f5659c700 1 --2- >> [v2:172.21.15.28:3300/0,v1:172.21.15.28:6789/0] conn(0x7f6f5807ed90 0x7f6f5807d260 unknown :-1 s=HELLO_CONNECTING pgs=0 cs=0 l=0 rev1=1 crypto rx=0 tx=0 comp rx=0 tx=0).handle_hello peer v2:172.21.15.28:3300/0 says I am v2:172.21.15.28:56922/0 (socket says 172.21.15.28:56922)
2024-04-25T17:06:32.482 INFO:teuthology.orchestra.run.smithi028.stdout:/usr/bin/ceph: stderr
2024-04-25T17:06:25.637+0000 7f6f5659c700 1 -- 172.21.15.28:0/1293871638 learned_addr learned my addr 172.21.15.28:0/1293871638 (peer_addr_for_me v2:172.21.15.28:0/0)
2024-04-25T17:06:32.482 INFO:teuthology.orchestra.run.smithi028.stdout:/usr/bin/ceph: stderr
2024-04-25T17:06:25.637+0000 7f6f5659c700 1 -- 172.21.15.28:0/1293871638 --> [v2:172.21.15.28:3300/0,v1:172.21.15.28:6789/0] -- mon_subscribe({config=0+,monmap=0+}) -- 0x7f6f5807d920 con 0x7f6f5807ed90
2024-04-25T17:06:32.482 INFO:teuthology.orchestra.run.smithi028.stdout:/usr/bin/ceph: stderr
2024-04-25T17:06:25.637+0000 7f6f5659c700 1 --2- 172.21.15.28:0/1293871638 >> [v2:172.21.15.28:3300/0,v1:172.21.15.28:6789/0] conn(0x7f6f5807ed90 0x7f6f5807d260 secure :-1 s=READY pgs=59 cs=0 l=1 rev1=1 crypto rx=0x7f6f4c0098a0 tx=0x7f6f4c009bb0 comp rx=0 tx=0).ready entity=mon.0 client_cookie=3b13dbc6bd351c6c server_cookie=0 in_seq=0 out_seq=0
2024-04-25T17:06:32.482 INFO:teuthology.orchestra.run.smithi028.stdout:/usr/bin/ceph: stderr
2024-04-25T17:06:25.637+0000 7f6f5559a700 1 -- 172.21.15.28:0/1293871638 <== mon.0 v2:172.21.15.28:3300/0 1 ==== mon_map magic: 0 ==== 205+0+0 (secure 0 0 0) 0x7f6f4c004160 con 0x7f6f5807ed90
2024-04-25T17:06:32.482 INFO:teuthology.orchestra.run.smithi028.stdout:/usr/bin/ceph: stderr
2024-04-25T17:06:25.637+0000 7f6f5559a700 1 -- 172.21.15.28:0/1293871638 <== mon.0 v2:172.21.15.28:3300/0 2 ==== config(25 keys) ==== 1063+0+0 (secure 0 0 0) 0x7f6f4c004300 con 0x7f6f5807ed90
2024-04-25T17:06:32.482 INFO:teuthology.orchestra.run.smithi028.stdout:/usr/bin/ceph: stderr
2024-04-25T17:06:25.637+0000 7f6f5559a700 1 -- 172.21.15.28:0/1293871638 <== mon.0 v2:172.21.15.28:3300/0 3 ==== mon_map magic: 0 ==== 205+0+0 (secure 0 0 0) 0x7f6f4c011960 con 0x7f6f5807ed90
2024-04-25T17:06:32.482 INFO:teuthology.orchestra.run.smithi028.stdout:/usr/bin/ceph: stderr
2024-04-25T17:06:25.638+0000 7f6f5c8bf700 1 -- 172.21.15.28:0/1293871638 >> [v2:172.21.15.28:3300/0,v1:172.21.15.28:6789/0] conn(0x7f6f5807ed90 msgr2=0x7f6f5807d260 secure :-1 s=STATE_CONNECTION_ESTABLISHED l=1).mark_down
2024-04-25T17:06:32.482 INFO:teuthology.orchestra.run.smithi028.stdout:/usr/bin/ceph: stderr
2024-04-25T17:06:25.638+0000 7f6f5c8bf700 1 --2- 172.21.15.28:0/1293871638 >> [v2:172.21.15.28:3300/0,v1:172.21.15.28:6789/0] conn(0x7f6f5807ed90 0x7f6f5807d260 secure :-1 s=READY pgs=59 cs=0 l=1 rev1=1 crypto rx=0x7f6f4c0098a0 tx=0x7f6f4c009bb0 comp rx=0 tx=0).stop
2024-04-25T17:06:32.482 INFO:teuthology.orchestra.run.smithi028.stdout:/usr/bin/ceph: stderr
2024-04-25T17:06:25.638+0000 7f6f5c8bf700 1 -- 172.21.15.28:0/1293871638 shutdown_connections
2024-04-25T17:06:32.483 INFO:teuthology.orchestra.run.smithi028.stdout:/usr/bin/ceph: stderr
2024-04-25T17:06:25.638+0000 7f6f5c8bf700 1 --2- 172.21.15.28:0/1293871638 >> [v2:172.21.15.28:3300/0,v1:172.21.15.28:6789/0] conn(0x7f6f5807ed90 0x7f6f5807d260 unknown :-1 s=CLOSED pgs=59 cs=0 l=1 rev1=1 crypto rx=0 tx=0 comp rx=0 tx=0).stop
2024-04-25T17:06:32.483 INFO:teuthology.orchestra.run.smithi028.stdout:/usr/bin/ceph: stderr
