2024-04-25T17:05:54.625 INFO:teuthology.orchestra.run.smithi028.stdout:/usr/bin/ceph: stdout "epoch": 1,
2024-04-25T17:05:54.625 INFO:teuthology.orchestra.run.smithi028.stdout:/usr/bin/ceph: stdout "by_rank": [],
2024-04-25T17:05:54.625 INFO:teuthology.orchestra.run.smithi028.stdout:/usr/bin/ceph: stdout "up:standby": 0
2024-04-25T17:05:54.625 INFO:teuthology.orchestra.run.smithi028.stdout:/usr/bin/ceph: stdout },
2024-04-25T17:05:54.625 INFO:teuthology.orchestra.run.smithi028.stdout:/usr/bin/ceph: stdout "mgrmap": {
2024-04-25T17:05:54.625 INFO:teuthology.orchestra.run.smithi028.stdout:/usr/bin/ceph: stdout "available": true,
2024-04-25T17:05:54.625 INFO:teuthology.orchestra.run.smithi028.stdout:/usr/bin/ceph: stdout "num_standbys": 0,
2024-04-25T17:05:54.625 INFO:teuthology.orchestra.run.smithi028.stdout:/usr/bin/ceph: stdout "modules": [
2024-04-25T17:05:54.626 INFO:teuthology.orchestra.run.smithi028.stdout:/usr/bin/ceph: stdout "iostat",
2024-04-25T17:05:54.626 INFO:teuthology.orchestra.run.smithi028.stdout:/usr/bin/ceph: stdout "nfs",
2024-04-25T17:05:54.626 INFO:teuthology.orchestra.run.smithi028.stdout:/usr/bin/ceph: stdout "restful"
2024-04-25T17:05:54.626 INFO:teuthology.orchestra.run.smithi028.stdout:/usr/bin/ceph: stdout ],
2024-04-25T17:05:54.626 INFO:teuthology.orchestra.run.smithi028.stdout:/usr/bin/ceph: stdout "services": {}
2024-04-25T17:05:54.626 INFO:teuthology.orchestra.run.smithi028.stdout:/usr/bin/ceph: stdout },
2024-04-25T17:05:54.626 INFO:teuthology.orchestra.run.smithi028.stdout:/usr/bin/ceph: stdout "servicemap": {
2024-04-25T17:05:54.626 INFO:teuthology.orchestra.run.smithi028.stdout:/usr/bin/ceph: stdout "epoch": 1,
2024-04-25T17:05:54.626 INFO:teuthology.orchestra.run.smithi028.stdout:/usr/bin/ceph: stdout "modified": "2024-04-25T17:05:31.998300+0000",
2024-04-25T17:05:54.626 INFO:teuthology.orchestra.run.smithi028.stdout:/usr/bin/ceph: stdout "services": {}
2024-04-25T17:05:54.626 INFO:teuthology.orchestra.run.smithi028.stdout:/usr/bin/ceph: stdout },
2024-04-25T17:05:54.626 INFO:teuthology.orchestra.run.smithi028.stdout:/usr/bin/ceph: stdout "progress_events": {}
2024-04-25T17:05:54.626 INFO:teuthology.orchestra.run.smithi028.stdout:/usr/bin/ceph: stdout }
2024-04-25T17:05:54.626 INFO:teuthology.orchestra.run.smithi028.stdout:/usr/bin/ceph: stderr
2024-04-25T17:05:53.749+0000 7f59c4ccc700 1 Processor -- start
2024-04-25T17:05:54.627 INFO:teuthology.orchestra.run.smithi028.stdout:/usr/bin/ceph: stderr
2024-04-25T17:05:53.749+0000 7f59c4ccc700 1 -- start start
2024-04-25T17:05:54.627 INFO:teuthology.orchestra.run.smithi028.stdout:/usr/bin/ceph: stderr
2024-04-25T17:05:53.749+0000 7f59c4ccc700 1 --2- >> [v2:172.21.15.28:3300/0,v1:172.21.15.28:6789/0] conn(0x7f59c0108830 0x7f59c0108c40 unknown :-1 s=NONE pgs=0 cs=0 l=0 rev1=0 crypto rx=0 tx=0 comp rx=0 tx=0).connect
2024-04-25T17:05:54.627 INFO:teuthology.orchestra.run.smithi028.stdout:/usr/bin/ceph: stderr
2024-04-25T17:05:53.749+0000 7f59c4ccc700 1 -- --> [v2:172.21.15.28:3300/0,v1:172.21.15.28:6789/0] -- mon_getmap magic: 0 -- 0x7f59c0109230 con 0x7f59c0108830
2024-04-25T17:05:54.627 INFO:teuthology.orchestra.run.smithi028.stdout:/usr/bin/ceph: stderr
2024-04-25T17:05:53.749+0000 7f59be59c700 1 --2- >> [v2:172.21.15.28:3300/0,v1:172.21.15.28:6789/0] conn(0x7f59c0108830 0x7f59c0108c40 unknown :-1 s=BANNER_CONNECTING pgs=0 cs=0 l=0 rev1=0 crypto rx=0 tx=0 comp rx=0 tx=0)._handle_peer_banner_payload supported=3 required=0
2024-04-25T17:05:54.627 INFO:teuthology.orchestra.run.smithi028.stdout:/usr/bin/ceph: stderr
2024-04-25T17:05:53.750+0000 7f59be59c700 1 --2- >> [v2:172.21.15.28:3300/0,v1:172.21.15.28:6789/0] conn(0x7f59c0108830 0x7f59c0108c40 unknown :-1 s=HELLO_CONNECTING pgs=0 cs=0 l=0 rev1=1 crypto rx=0 tx=0 comp rx=0 tx=0).handle_hello peer v2:172.21.15.28:3300/0 says I am v2:172.21.15.28:58946/0 (socket says 172.21.15.28:58946)
2024-04-25T17:05:54.627 INFO:teuthology.orchestra.run.smithi028.stdout:/usr/bin/ceph: stderr
2024-04-25T17:05:53.750+0000 7f59be59c700 1 -- 172.21.15.28:0/2442129411 learned_addr learned my addr 172.21.15.28:0/2442129411 (peer_addr_for_me v2:172.21.15.28:0/0)
2024-04-25T17:05:54.627 INFO:teuthology.orchestra.run.smithi028.stdout:/usr/bin/ceph: stderr
2024-04-25T17:05:53.750+0000 7f59be59c700 1 -- 172.21.15.28:0/2442129411 --> [v2:172.21.15.28:3300/0,v1:172.21.15.28:6789/0] -- mon_subscribe({config=0+,monmap=0+}) -- 0x7f59c0109960 con 0x7f59c0108830
2024-04-25T17:05:54.627 INFO:teuthology.orchestra.run.smithi028.stdout:/usr/bin/ceph: stderr
2024-04-25T17:05:53.750+0000 7f59be59c700 1 --2- 172.21.15.28:0/2442129411 >> [v2:172.21.15.28:3300/0,v1:172.21.15.28:6789/0] conn(0x7f59c0108830 0x7f59c0108c40 secure :-1 s=READY pgs=16 cs=0 l=1 rev1=1 crypto rx=0x7f59b00098a0 tx=0x7f59b0009bb0 comp rx=0 tx=0).ready entity=mon.0 client_cookie=84527919f3d1a2ca server_cookie=0 in_seq=0 out_seq=0
2024-04-25T17:05:54.627 INFO:teuthology.orchestra.run.smithi028.stdout:/usr/bin/ceph: stderr
2024-04-25T17:05:53.750+0000 7f59bd59a700 1 -- 172.21.15.28:0/2442129411 <== mon.0 v2:172.21.15.28:3300/0 1 ==== mon_map magic: 0 ==== 205+0+0 (secure 0 0 0) 0x7f59b0004160 con 0x7f59c0108830
2024-04-25T17:05:54.627 INFO:teuthology.orchestra.run.smithi028.stdout:/usr/bin/ceph: stderr
2024-04-25T17:05:53.750+0000 7f59bd59a700 1 -- 172.21.15.28:0/2442129411 <== mon.0 v2:172.21.15.28:3300/0 2 ==== config(25 keys) ==== 1032+0+0 (secure 0 0 0) 0x7f59b0004300 con 0x7f59c0108830
2024-04-25T17:05:54.627 INFO:teuthology.orchestra.run.smithi028.stdout:/usr/bin/ceph: stderr
2024-04-25T17:05:53.750+0000 7f59bd59a700 1 -- 172.21.15.28:0/2442129411 <== mon.0 v2:172.21.15.28:3300/0 3 ==== mon_map magic: 0 ==== 205+0+0 (secure 0 0 0) 0x7f59b00119e0 con 0x7f59c0108830
2024-04-25T17:05:54.627 INFO:teuthology.orchestra.run.smithi028.stdout:/usr/bin/ceph: stderr
2024-04-25T17:05:53.751+0000 7f59c4ccc700 1 -- 172.21.15.28:0/2442129411 >> [v2:172.21.15.28:3300/0,v1:172.21.15.28:6789/0] conn(0x7f59c0108830 msgr2=0x7f59c0108c40 secure :-1 s=STATE_CONNECTION_ESTABLISHED l=1).mark_down
2024-04-25T17:05:54.627 INFO:teuthology.orchestra.run.smithi028.stdout:/usr/bin/ceph: stderr
2024-04-25T17:05:53.751+0000 7f59c4ccc700 1 --2- 172.21.15.28:0/2442129411 >> [v2:172.21.15.28:3300/0,v1:172.21.15.28:6789/0] conn(0x7f59c0108830 0x7f59c0108c40 secure :-1 s=READY pgs=16 cs=0 l=1 rev1=1 crypto rx=0x7f59b00098a0 tx=0x7f59b0009bb0 comp rx=0 tx=0).stop
2024-04-25T17:05:54.627 INFO:teuthology.orchestra.run.smithi028.stdout:/usr/bin/ceph: stderr
2024-04-25T17:05:53.751+0000 7f59c4ccc700 1 -- 172.21.15.28:0/2442129411 shutdown_connections
2024-04-25T17:05:54.628 INFO:teuthology.orchestra.run.smithi028.stdout:/usr/bin/ceph: stderr
2024-04-25T17:05:53.751+0000 7f59c4ccc700 1 --2- 172.21.15.28:0/2442129411 >> [v2:172.21.15.28:3300/0,v1:172.21.15.28:6789/0] conn(0x7f59c0108830 0x7f59c0108c40 unknown :-1 s=CLOSED pgs=16 cs=0 l=1 rev1=1 crypto rx=0 tx=0 comp rx=0 tx=0).stop
2024-04-25T17:05:54.628 INFO:teuthology.orchestra.run.smithi028.stdout:/usr/bin/ceph: stderr
2024-04-25T17:05:53.751+0000 7f59c4ccc700 1 -- 172.21.15.28:0/2442129411 >> 172.21.15.28:0/2442129411 conn(0x7f59c0103e90 msgr2=0x7f59c0106320 unknown :-1 s=STATE_NONE l=0).mark_down
2024-04-25T17:05:54.628 INFO:teuthology.orchestra.run.smithi028.stdout:/usr/bin/ceph: stderr
2024-04-25T17:05:53.751+0000 7f59c4ccc700 1 -- 172.21.15.28:0/2442129411 shutdown_connections
2024-04-25T17:05:54.628 INFO:teuthology.orchestra.run.smithi028.stdout:/usr/bin/ceph: stderr
2024-04-25T17:05:53.751+0000 7f59c4ccc700 1 -- 172.21.15.28:0/2442129411 wait complete.
2024-04-25T17:05:54.628 INFO:teuthology.orchestra.run.smithi028.stdout:/usr/bin/ceph: stderr
2024-04-25T17:05:53.752+0000 7f59c4ccc700 1 Processor -- start
2024-04-25T17:05:54.628 INFO:teuthology.orchestra.run.smithi028.stdout:/usr/bin/ceph: stderr
2024-04-25T17:05:53.752+0000 7f59c4ccc700 1 -- start start
2024-04-25T17:05:54.628 INFO:teuthology.orchestra.run.smithi028.stdout:/usr/bin/ceph: stderr
2024-04-25T17:05:53.752+0000 7f59c4ccc700 1 --2- >> [v2:172.21.15.28:3300/0,v1:172.21.15.28:6789/0] conn(0x7f59c0108830 0x7f59c007d260 unknown :-1 s=NONE pgs=0 cs=0 l=1 rev1=0 crypto rx=0 tx=0 comp rx=0 tx=0).connect
2024-04-25T17:05:54.628 INFO:teuthology.orchestra.run.smithi028.stdout:/usr/bin/ceph: stderr
2024-04-25T17:05:53.752+0000 7f59c4ccc700 1 -- --> [v2:172.21.15.28:3300/0,v1:172.21.15.28:6789/0] -- mon_getmap magic: 0 -- 0x7f59c010cb90 con 0x7f59c0108830
2024-04-25T17:05:54.628 INFO:teuthology.orchestra.run.smithi028.stdout:/usr/bin/ceph: stderr
2024-04-25T17:05:53.752+0000 7f59be59c700 1 --2- >> [v2:172.21.15.28:3300/0,v1:172.21.15.28:6789/0] conn(0x7f59c0108830 0x7f59c007d260 unknown :-1 s=BANNER_CONNECTING pgs=0 cs=0 l=1 rev1=0 crypto rx=0 tx=0 comp rx=0 tx=0)._handle_peer_banner_payload supported=3 required=0
2024-04-25T17:05:54.628 INFO:teuthology.orchestra.run.smithi028.stdout:/usr/bin/ceph: stderr
2024-04-25T17:05:53.752+0000 7f59be59c700 1 --2- >> [v2:172.21.15.28:3300/0,v1:172.21.15.28:6789/0] conn(0x7f59c0108830 0x7f59c007d260 unknown :-1 s=HELLO_CONNECTING pgs=0 cs=0 l=1 rev1=1 crypto rx=0 tx=0 comp rx=0 tx=0).handle_hello peer v2:172.21.15.28:3300/0 says I am v2:172.21.15.28:58950/0 (socket says 172.21.15.28:58950)
2024-04-25T17:05:54.628 INFO:teuthology.orchestra.run.smithi028.stdout:/usr/bin/ceph: stderr
2024-04-25T17:05:53.752+0000 7f59be59c700 1 -- 172.21.15.28:0/2637065738 learned_addr learned my addr 172.21.15.28:0/2637065738 (peer_addr_for_me v2:172.21.15.28:0/0)
2024-04-25T17:05:54.628 INFO:teuthology.orchestra.run.smithi028.stdout:/usr/bin/ceph: stderr
2024-04-25T17:05:53.753+0000 7f59be59c700 1 -- 172.21.15.28:0/2637065738 --> [v2:172.21.15.28:3300/0,v1:172.21.15.28:6789/0] -- mon_subscribe({config=0+,monmap=0+}) -- 0x7f59c007d7a0 con 0x7f59c0108830
2024-04-25T17:05:54.628 INFO:teuthology.orchestra.run.smithi028.stdout:/usr/bin/ceph: stderr
2024-04-25T17:05:53.753+0000 7f59be59c700 1 --2- 172.21.15.28:0/2637065738 >> [v2:172.21.15.28:3300/0,v1:172.21.15.28:6789/0] conn(0x7f59c0108830 0x7f59c007d260 secure :-1 s=READY pgs=17 cs=0 l=1 rev1=1 crypto rx=0x7f59b0009fb0 tx=0x7f59b0011a60 comp rx=0 tx=0).ready entity=mon.0 client_cookie=0 server_cookie=0 in_seq=0 out_seq=0
2024-04-25T17:05:54.629 INFO:teuthology.orchestra.run.smithi028.stdout:/usr/bin/ceph: stderr
2024-04-25T17:05:53.753+0000 7f59af7fe700 1 -- 172.21.15.28:0/2637065738 <== mon.0 v2:172.21.15.28:3300/0 1 ==== mon_map magic: 0 ==== 205+0+0 (secure 0 0 0) 0x7f59b00038b0 con 0x7f59c0108830
2024-04-25T17:05:54.629 INFO:teuthology.orchestra.run.smithi028.stdout:/usr/bin/ceph: stderr
2024-04-25T17:05:53.753+0000 7f59af7fe700 1 -- 172.21.15.28:0/2637065738 <== mon.0 v2:172.21.15.28:3300/0 2 ==== config(25 keys) ==== 1032+0+0 (secure 0 0 0) 0x7f59b0003a50 con 0x7f59c0108830
2024-04-25T17:05:54.629 INFO:teuthology.orchestra.run.smithi028.stdout:/usr/bin/ceph: stderr
2024-04-25T17:05:53.753+0000 7f59c4ccc700 1 -- 172.21.15.28:0/2637065738 --> [v2:172.21.15.28:3300/0,v1:172.21.15.28:6789/0] -- mon_subscribe({mgrmap=0+}) -- 0x7f59c01a0880 con 0x7f59c0108830
2024-04-25T17:05:54.629 INFO:teuthology.orchestra.run.smithi028.stdout:/usr/bin/ceph: stderr
2024-04-25T17:05:53.753+0000 7f59af7fe700 1 -- 172.21.15.28:0/2637065738 <== mon.0 v2:172.21.15.28:3300/0 3 ==== mon_map magic: 0 ==== 205+0+0 (secure 0 0 0) 0x7f59b001a5c0 con 0x7f59c0108830
2024-04-25T17:05:54.629 INFO:teuthology.orchestra.run.smithi028.stdout:/usr/bin/ceph: stderr
2024-04-25T17:05:53.753+0000 7f59c4ccc700 1 -- 172.21.15.28:0/2637065738 --> [v2:172.21.15.28:3300/0,v1:172.21.15.28:6789/0] -- mon_subscribe({osdmap=0}) -- 0x7f59c01a0d60 con 0x7f59c0108830
2024-04-25T17:05:54.629 INFO:teuthology.orchestra.run.smithi028.stdout:/usr/bin/ceph: stderr
2024-04-25T17:05:53.754+0000 7f59c4ccc700 1 -- 172.21.15.28:0/2637065738 --> [v2:172.21.15.28:3300/0,v1:172.21.15.28:6789/0] -- mon_command({"prefix": "get_command_descriptions"} v 0) -- 0x7f59c0064cf0 con 0x7f59c0108830
2024-04-25T17:05:54.629 INFO:teuthology.orchestra.run.smithi028.stdout:/usr/bin/ceph: stderr
2024-04-25T17:05:53.754+0000 7f59af7fe700 1 -- 172.21.15.28:0/2637065738 <== mon.0 v2:172.21.15.28:3300/0 4 ==== mgrmap(e 4) ==== 49505+0+0 (secure 0 0 0) 0x7f59b001a870 con 0x7f59c0108830
2024-04-25T17:05:54.629 INFO:teuthology.orchestra.run.smithi028.stdout:/usr/bin/ceph: stderr
2024-04-25T17:05:53.754+0000 7f59af7fe700 1 --2- 172.21.15.28:0/2637065738 >> [v2:172.21.15.28:6800/1955324952,v1:172.21.15.28:6801/1955324952] conn(0x7f59a803d5e0 0x7f59a803faf0 unknown :-1 s=NONE pgs=0 cs=0 l=1 rev1=0 crypto rx=0 tx=0 comp rx=0 tx=0).connect
2024-04-25T17:05:54.629 INFO:teuthology.orchestra.run.smithi028.stdout:/usr/bin/ceph: stderr
2024-04-25T17:05:53.754+0000 7f59af7fe700 1 -- 172.21.15.28:0/2637065738 <== mon.0 v2:172.21.15.28:3300/0 5 ==== osd_map(1..1 src has 1..1) ==== 725+0+0 (secure 0 0 0) 0x7f59b00528a0 con 0x7f59c0108830
2024-04-25T17:05:54.629 INFO:teuthology.orchestra.run.smithi028.stdout:/usr/bin/ceph: stderr
2024-04-25T17:05:53.755+0000 7f59bdd9b700 1 --2- 172.21.15.28:0/2637065738 >> [v2:172.21.15.28:6800/1955324952,v1:172.21.15.28:6801/1955324952] conn(0x7f59a803d5e0 0x7f59a803faf0 unknown :-1 s=BANNER_CONNECTING pgs=0 cs=0 l=1 rev1=0 crypto rx=0 tx=0 comp rx=0 tx=0)._handle_peer_banner_payload supported=3 required=0
2024-04-25T17:05:54.629 INFO:teuthology.orchestra.run.smithi028.stdout:/usr/bin/ceph: stderr
2024-04-25T17:05:53.755+0000 7f59bdd9b700 1 --2- 172.21.15.28:0/2637065738 >> [v2:172.21.15.28:6800/1955324952,v1:172.21.15.28:6801/1955324952] conn(0x7f59a803d5e0 0x7f59a803faf0 secure :-1 s=READY pgs=6 cs=0 l=1 rev1=1 crypto rx=0x7f59b4006fd0 tx=0x7f59b4006e40 comp rx=0 tx=0).ready entity=mgr.14100 client_cookie=0 server_cookie=0 in_seq=0 out_seq=0
2024-04-25T17:05:54.629 INFO:teuthology.orchestra.run.smithi028.stdout:/usr/bin/ceph: stderr
2024-04-25T17:05:53.760+0000 7f59af7fe700 1 -- 172.21.15.28:0/2637065738 <== mon.0 v2:172.21.15.28:3300/0 6 ==== mon_command_ack([{"prefix": "get_command_descriptions"}]=0 v0) ==== 72+0+188370 (secure 0 0 0) 0x7f59b0017e90 con 0x7f59c0108830
2024-04-25T17:05:54.629 INFO:teuthology.orchestra.run.smithi028.stdout:/usr/bin/ceph: stderr
2024-04-25T17:05:54.054+0000 7f59c4ccc700 1 -- 172.21.15.28:0/2637065738 --> [v2:172.21.15.28:3300/0,v1:172.21.15.28:6789/0] -- mon_command({"prefix": "status", "format": "json-pretty"} v 0) -- 0x7f59c01a1170 con 0x7f59c0108830
2024-04-25T17:05:54.629 INFO:teuthology.orchestra.run.smithi028.stdout:/usr/bin/ceph: stderr
2024-04-25T17:05:54.055+0000 7f59af7fe700 1 -- 172.21.15.28:0/2637065738 <== mon.0 v2:172.21.15.28:3300/0 7 ==== mon_command_ack([{"prefix": "status", "format": "json-pretty"}]=0 v0) ==== 79+0+1239 (secure 0 0 0) 0x7f59c01a1170 con 0x7f59c0108830
2024-04-25T17:05:54.630 INFO:teuthology.orchestra.run.smithi028.stdout:/usr/bin/ceph: stderr
2024-04-25T17:05:54.057+0000 7f59c4ccc700 1 -- 172.21.15.28:0/2637065738 >> [v2:172.21.15.28:6800/1955324952,v1:172.21.15.28:6801/1955324952] conn(0x7f59a803d5e0 msgr2=0x7f59a803faf0 secure :-1 s=STATE_CONNECTION_ESTABLISHED l=1).mark_down
2024-04-25T17:05:54.630 INFO:teuthology.orchestra.run.smithi028.stdout:/usr/bin/ceph: stderr
2024-04-25T17:05:54.057+0000 7f59c4ccc700 1 --2- 172.21.15.28:0/2637065738 >> [v2:172.21.15.28:6800/1955324952,v1:172.21.15.28:6801/1955324952] conn(0x7f59a803d5e0 0x7f59a803faf0 secure :-1 s=READY pgs=6 cs=0 l=1 rev1=1 crypto rx=0x7f59b4006fd0 tx=0x7f59b4006e40 comp rx=0 tx=0).stop
2024-04-25T17:05:54.630 INFO:teuthology.orchestra.run.smithi028.stdout:/usr/bin/ceph: stderr
2024-04-25T17:05:54.057+0000 7f59c4ccc700 1 -- 172.21.15.28:0/2637065738 >> [v2:172.21.15.28:3300/0,v1:172.21.15.28:6789/0] conn(0x7f59c0108830 msgr2=0x7f59c007d260 secure :-1 s=STATE_CONNECTION_ESTABLISHED l=1).mark_down
2024-04-25T17:05:54.630 INFO:teuthology.orchestra.run.smithi028.stdout:/usr/bin/ceph: stderr
2024-04-25T17:05:54.057+0000 7f59c4ccc700 1 --2- 172.21.15.28:0/2637065738 >> [v2:172.21.15.28:3300/0,v1:172.21.15.28:6789/0] conn(0x7f59c0108830 0x7f59c007d260 secure :-1 s=READY pgs=17 cs=0 l=1 rev1=1 crypto rx=0x7f59b0009fb0 tx=0x7f59b0011a60 comp rx=0 tx=0).stop
2024-04-25T17:05:54.630 INFO:teuthology.orchestra.run.smithi028.stdout:/usr/bin/ceph: stderr
2024-04-25T17:05:54.057+0000 7f59c4ccc700 1 -- 172.21.15.28:0/2637065738 shutdown_connections
2024-04-25T17:05:54.630 INFO:teuthology.orchestra.run.smithi028.stdout:/usr/bin/ceph: stderr
2024-04-25T17:05:54.057+0000 7f59c4ccc700 1 --2- 172.21.15.28:0/2637065738 >> [v2:172.21.15.28:6800/1955324952,v1:172.21.15.28:6801/1955324952] conn(0x7f59a803d5e0 0x7f59a803faf0 unknown :-1 s=CLOSED pgs=6 cs=0 l=1 rev1=1 crypto rx=0 tx=0 comp rx=0 tx=0).stop
2024-04-25T17:05:54.630 INFO:teuthology.orchestra.run.smithi028.stdout:/usr/bin/ceph: stderr
2024-04-25T17:05:54.057+0000 7f59c4ccc700 1 --2- 172.21.15.28:0/2637065738 >> [v2:172.21.15.28:3300/0,v1:172.21.15.28:6789/0] conn(0x7f59c0108830 0x7f59c007d260 unknown :-1 s=CLOSED pgs=17 cs=0 l=1 rev1=1 crypto rx=0 tx=0 comp rx=0 tx=0).stop
2024-04-25T17:05:54.630 INFO:teuthology.orchestra.run.smithi028.stdout:/usr/bin/ceph: stderr
2024-04-25T17:05:54.058+0000 7f59c4ccc700 1 -- 172.21.15.28:0/2637065738 >> 172.21.15.28:0/2637065738 conn(0x7f59c0103e90 msgr2=0x7f59c0104610 unknown :-1 s=STATE_NONE l=0).mark_down
2024-04-25T17:05:54.630 INFO:teuthology.orchestra.run.smithi028.stdout:/usr/bin/ceph: stderr
2024-04-25T17:05:54.058+0000 7f59c4ccc700 1 -- 172.21.15.28:0/2637065738 shutdown_connections
2024-04-25T17:05:54.630 INFO:teuthology.orchestra.run.smithi028.stdout:/usr/bin/ceph: stderr
2024-04-25T17:05:54.058+0000 7f59c4ccc700 1 -- 172.21.15.28:0/2637065738 wait complete.
2024-04-25T17:05:54.630 INFO:teuthology.orchestra.run.smithi028.stdout:mgr is available
2024-04-25T17:05:55.604 INFO:journalctl@ceph.mon.a.smithi028.stdout:Apr 25 17:05:55 smithi028 ceph-mon[29207]: from='client.? 172.21.15.28:0/718531982' entity='client.admin' cmd=[{"prefix": "config assimilate-conf"}]: dispatch
2024-04-25T17:05:55.831 INFO:teuthology.orchestra.run.smithi028.stdout:/usr/bin/ceph: stdout
2024-04-25T17:05:55.832 INFO:teuthology.orchestra.run.smithi028.stdout:/usr/bin/ceph: stdout [global]
2024-04-25T17:05:55.832 INFO:teuthology.orchestra.run.smithi028.stdout:/usr/bin/ceph: stdout fsid = dfbd4644-0325-11ef-bc93-c7b262605968
2024-04-25T17:05:55.832 INFO:teuthology.orchestra.run.smithi028.stdout:/usr/bin/ceph: stdout mon_cluster_log_file_level = debug
2024-04-25T17:05:55.832 INFO:teuthology.orchestra.run.smithi028.stdout:/usr/bin/ceph: stdout mon_osd_allow_pg_remap = true
2024-04-25T17:05:55.832 INFO:teuthology.orchestra.run.smithi028.stdout:/usr/bin/ceph: stdout mon_osd_allow_primary_affinity = true
2024-04-25T17:05:55.832 INFO:teuthology.orchestra.run.smithi028.stdout:/usr/bin/ceph: stdout mon_warn_on_no_sortbitwise = false
2024-04-25T17:05:55.832 INFO:teuthology.orchestra.run.smithi028.stdout:/usr/bin/ceph: stdout osd_crush_chooseleaf_type = 0
2024-04-25T17:05:55.832 INFO:teuthology.orchestra.run.smithi028.stdout:/usr/bin/ceph: stdout
2024-04-25T17:05:55.832 INFO:teuthology.orchestra.run.smithi028.stdout:/usr/bin/ceph: stdout [mgr]
2024-04-25T17:05:55.832 INFO:teuthology.orchestra.run.smithi028.stdout:/usr/bin/ceph: stdout mgr/telemetry/nag = false
2024-04-25T17:05:55.832 INFO:teuthology.orchestra.run.smithi028.stdout:/usr/bin/ceph: stdout
2024-04-25T17:05:55.832 INFO:teuthology.orchestra.run.smithi028.stdout:/usr/bin/ceph: stdout [osd]
2024-04-25T17:05:55.832 INFO:teuthology.orchestra.run.smithi028.stdout:/usr/bin/ceph: stdout mon_osd_backfillfull_ratio = 0.85
2024-04-25T17:05:55.832 INFO:teuthology.orchestra.run.smithi028.stdout:/usr/bin/ceph: stdout mon_osd_full_ratio = 0.9
2024-04-25T17:05:55.833 INFO:teuthology.orchestra.run.smithi028.stdout:/usr/bin/ceph: stdout mon_osd_nearfull_ratio = 0.8
2024-04-25T17:05:55.833 INFO:teuthology.orchestra.run.smithi028.stdout:/usr/bin/ceph: stdout osd_map_max_advance = 10
2024-04-25T17:05:55.833 INFO:teuthology.orchestra.run.smithi028.stdout:/usr/bin/ceph: stdout osd_sloppy_crc = true
2024-04-25T17:05:55.833 INFO:teuthology.orchestra.run.smithi028.stdout:/usr/bin/ceph: stderr
2024-04-25T17:05:55.022+0000 7f85517a3700 1 Processor -- start
2024-04-25T17:05:55.833 INFO:teuthology.orchestra.run.smithi028.stdout:/usr/bin/ceph: stderr
2024-04-25T17:05:55.022+0000 7f85517a3700 1 -- start start
2024-04-25T17:05:55.833 INFO:teuthology.orchestra.run.smithi028.stdout:/usr/bin/ceph: stderr
2024-04-25T17:05:55.022+0000 7f85517a3700 1 --2- >> [v2:172.21.15.28:3300/0,v1:172.21.15.28:6789/0] conn(0x7f854c07f640 0x7f854c07db10 unknown :-1 s=NONE pgs=0 cs=0 l=0 rev1=0 crypto rx=0 tx=0 comp rx=0 tx=0).connect
2024-04-25T17:05:55.833 INFO:teuthology.orchestra.run.smithi028.stdout:/usr/bin/ceph: stderr
2024-04-25T17:05:55.022+0000 7f85517a3700 1 -- --> [v2:172.21.15.28:3300/0,v1:172.21.15.28:6789/0] -- mon_getmap magic: 0 -- 0x7f854c07e050 con 0x7f854c07f640
2024-04-25T17:05:55.833 INFO:teuthology.orchestra.run.smithi028.stdout:/usr/bin/ceph: stderr
2024-04-25T17:05:55.022+0000 7f854affd700 1 --2- >> [v2:172.21.15.28:3300/0,v1:172.21.15.28:6789/0] conn(0x7f854c07f640 0x7f854c07db10 unknown :-1 s=BANNER_CONNECTING pgs=0 cs=0 l=0 rev1=0 crypto rx=0 tx=0 comp rx=0 tx=0)._handle_peer_banner_payload supported=3 required=0
2024-04-25T17:05:55.833 INFO:teuthology.orchestra.run.smithi028.stdout:/usr/bin/ceph: stderr
2024-04-25T17:05:55.022+0000 7f854affd700 1 --2- >> [v2:172.21.15.28:3300/0,v1:172.21.15.28:6789/0] conn(0x7f854c07f640 0x7f854c07db10 unknown :-1 s=HELLO_CONNECTING pgs=0 cs=0 l=0 rev1=1 crypto rx=0 tx=0 comp rx=0 tx=0).handle_hello peer v2:172.21.15.28:3300/0 says I am v2:172.21.15.28:36348/0 (socket says 172.21.15.28:36348)
2024-04-25T17:05:55.833 INFO:teuthology.orchestra.run.smithi028.stdout:/usr/bin/ceph: stderr
2024-04-25T17:05:55.022+0000 7f854affd700 1 -- 172.21.15.28:0/2995655167 learned_addr learned my addr 172.21.15.28:0/2995655167 (peer_addr_for_me v2:172.21.15.28:0/0)
2024-04-25T17:05:55.833 INFO:teuthology.orchestra.run.smithi028.stdout:/usr/bin/ceph: stderr
2024-04-25T17:05:55.023+0000 7f854affd700 1 -- 172.21.15.28:0/2995655167 --> [v2:172.21.15.28:3300/0,v1:172.21.15.28:6789/0] -- mon_subscribe({config=0+,monmap=0+}) -- 0x7f854c07e1d0 con 0x7f854c07f640
2024-04-25T17:05:55.833 INFO:teuthology.orchestra.run.smithi028.stdout:/usr/bin/ceph: stderr
2024-04-25T17:05:55.023+0000 7f854affd700 1 --2- 172.21.15.28:0/2995655167 >> [v2:172.21.15.28:3300/0,v1:172.21.15.28:6789/0] conn(0x7f854c07f640 0x7f854c07db10 secure :-1 s=READY pgs=18 cs=0 l=1 rev1=1 crypto rx=0x7f8544009e80 tx=0x7f854400b330 comp rx=0 tx=0).ready entity=mon.0 client_cookie=3d3d86af2fb57f59 server_cookie=0 in_seq=0 out_seq=0
2024-04-25T17:05:55.833 INFO:teuthology.orchestra.run.smithi028.stdout:/usr/bin/ceph: stderr
2024-04-25T17:05:55.023+0000 7f8549ffb700 1 -- 172.21.15.28:0/2995655167 <== mon.0 v2:172.21.15.28:3300/0 1 ==== mon_map magic: 0 ==== 205+0+0 (secure 0 0 0) 0x7f8544017070 con 0x7f854c07f640
2024-04-25T17:05:55.833 INFO:teuthology.orchestra.run.smithi028.stdout:/usr/bin/ceph: stderr
2024-04-25T17:05:55.023+0000 7f8549ffb700 1 -- 172.21.15.28:0/2995655167 <== mon.0 v2:172.21.15.28:3300/0 2 ==== config(25 keys) ==== 1032+0+0 (secure 0 0 0) 0x7f854400b8c0 con 0x7f854c07f640
2024-04-25T17:05:55.834 INFO:teuthology.orchestra.run.smithi028.stdout:/usr/bin/ceph: stderr
2024-04-25T17:05:55.023+0000 7f8549ffb700 1 -- 172.21.15.28:0/2995655167 <== mon.0 v2:172.21.15.28:3300/0 3 ==== mon_map magic: 0 ==== 205+0+0 (secure 0 0 0) 0x7f8544004420 con 0x7f854c07f640
2024-04-25T17:05:55.834 INFO:teuthology.orchestra.run.smithi028.stdout:/usr/bin/ceph: stderr
2024-04-25T17:05:55.024+0000 7f85517a3700 1 -- 172.21.15.28:0/2995655167 >> [v2:172.21.15.28:3300/0,v1:172.21.15.28:6789/0] conn(0x7f854c07f640 msgr2=0x7f854c07db10 secure :-1 s=STATE_CONNECTION_ESTABLISHED l=1).mark_down
2024-04-25T17:05:55.834 INFO:teuthology.orchestra.run.smithi028.stdout:/usr/bin/ceph: stderr
2024-04-25T17:05:55.024+0000 7f85517a3700 1 --2- 172.21.15.28:0/2995655167 >> [v2:172.21.15.28:3300/0,v1:172.21.15.28:6789/0] conn(0x7f854c07f640 0x7f854c07db10 secure :-1 s=READY pgs=18 cs=0 l=1 rev1=1 crypto rx=0x7f8544009e80 tx=0x7f854400b330 comp rx=0 tx=0).stop
2024-04-25T17:05:55.834 INFO:teuthology.orchestra.run.smithi028.stdout:/usr/bin/ceph: stderr
2024-04-25T17:05:55.024+0000 7f85517a3700 1 -- 172.21.15.28:0/2995655167 shutdown_connections
2024-04-25T17:05:55.834 INFO:teuthology.orchestra.run.smithi028.stdout:/usr/bin/ceph: stderr
2024-04-25T17:05:55.024+0000 7f85517a3700 1 --2- 172.21.15.28:0/2995655167 >> [v2:172.21.15.28:3300/0,v1:172.21.15.28:6789/0] conn(0x7f854c07f640 0x7f854c07db10 unknown :-1 s=CLOSED pgs=18 cs=0 l=1 rev1=1 crypto rx=0 tx=0 comp rx=0 tx=0).stop
2024-04-25T17:05:55.834 INFO:teuthology.orchestra.run.smithi028.stdout:/usr/bin/ceph: stderr
2024-04-25T17:05:55.024+0000 7f85517a3700 1 -- 172.21.15.28:0/2995655167 >> 172.21.15.28:0/2995655167 conn(0x7f854c105010 msgr2=0x7f854c107460 unknown :-1 s=STATE_NONE l=0).mark_down
2024-04-25T17:05:55.834 INFO:teuthology.orchestra.run.smithi028.stdout:/usr/bin/ceph: stderr
2024-04-25T17:05:55.024+0000 7f85517a3700 1 -- 172.21.15.28:0/2995655167 shutdown_connections
2024-04-25T17:05:55.834 INFO:teuthology.orchestra.run.smithi028.stdout:/usr/bin/ceph: stderr
2024-04-25T17:05:55.024+0000 7f85517a3700 1 -- 172.21.15.28:0/2995655167 wait complete.
2024-04-25T17:05:55.834 INFO:teuthology.orchestra.run.smithi028.stdout:/usr/bin/ceph: stderr
2024-04-25T17:05:55.025+0000 7f85517a3700 1 Processor -- start
2024-04-25T17:05:55.834 INFO:teuthology.orchestra.run.smithi028.stdout:/usr/bin/ceph: stderr
2024-04-25T17:05:55.025+0000 7f85517a3700 1 -- start start
2024-04-25T17:05:55.834 INFO:teuthology.orchestra.run.smithi028.stdout:/usr/bin/ceph: stderr
2024-04-25T17:05:55.025+0000 7f85517a3700 1 --2- >> [v2:172.21.15.28:3300/0,v1:172.21.15.28:6789/0] conn(0x7f854c07f640 0x7f854c19fd50 unknown :-1 s=NONE pgs=0 cs=0 l=1 rev1=0 crypto rx=0 tx=0 comp rx=0 tx=0).connect
2024-04-25T17:05:55.834 INFO:teuthology.orchestra.run.smithi028.stdout:/usr/bin/ceph: stderr
2024-04-25T17:05:55.025+0000 7f85517a3700 1 -- --> [v2:172.21.15.28:3300/0,v1:172.21.15.28:6789/0] -- mon_getmap magic: 0 -- 0x7f854c10fe00 con 0x7f854c07f640
2024-04-25T17:05:55.834 INFO:teuthology.orchestra.run.smithi028.stdout:/usr/bin/ceph: stderr
2024-04-25T17:05:55.025+0000 7f854affd700 1 --2- >> [v2:172.21.15.28:3300/0,v1:172.21.15.28:6789/0] conn(0x7f854c07f640 0x7f854c19fd50 unknown :-1 s=BANNER_CONNECTING pgs=0 cs=0 l=1 rev1=0 crypto rx=0 tx=0 comp rx=0 tx=0)._handle_peer_banner_payload supported=3 required=0
2024-04-25T17:05:55.835 INFO:teuthology.orchestra.run.smithi028.stdout:/usr/bin/ceph: stderr
2024-04-25T17:05:55.025+0000 7f854affd700 1 --2- >> [v2:172.21.15.28:3300/0,v1:172.21.15.28:6789/0] conn(0x7f854c07f640 0x7f854c19fd50 unknown :-1 s=HELLO_CONNECTING pgs=0 cs=0 l=1 rev1=1 crypto rx=0 tx=0 comp rx=0 tx=0).handle_hello peer v2:172.21.15.28:3300/0 says I am v2:172.21.15.28:36364/0 (socket says 172.21.15.28:36364)
2024-04-25T17:05:55.835 INFO:teuthology.orchestra.run.smithi028.stdout:/usr/bin/ceph: stderr
2024-04-25T17:05:55.025+0000 7f854affd700 1 -- 172.21.15.28:0/718531982 learned_addr learned my addr 172.21.15.28:0/718531982 (peer_addr_for_me v2:172.21.15.28:0/0)
2024-04-25T17:05:55.835 INFO:teuthology.orchestra.run.smithi028.stdout:/usr/bin/ceph: stderr
2024-04-25T17:05:55.025+0000 7f854affd700 1 -- 172.21.15.28:0/718531982 --> [v2:172.21.15.28:3300/0,v1:172.21.15.28:6789/0] -- mon_subscribe({config=0+,monmap=0+}) -- 0x7f854c1a0290 con 0x7f854c07f640
2024-04-25T17:05:55.835 INFO:teuthology.orchestra.run.smithi028.stdout:/usr/bin/ceph: stderr
2024-04-25T17:05:55.026+0000 7f854affd700 1 --2- 172.21.15.28:0/718531982 >> [v2:172.21.15.28:3300/0,v1:172.21.15.28:6789/0] conn(0x7f854c07f640 0x7f854c19fd50 secure :-1 s=READY pgs=19 cs=0 l=1 rev1=1 crypto rx=0x7f8544009680 tx=0x7f8544003a20 comp rx=0 tx=0).ready entity=mon.0 client_cookie=0 server_cookie=0 in_seq=0 out_seq=0
2024-04-25T17:05:55.835 INFO:teuthology.orchestra.run.smithi028.stdout:/usr/bin/ceph: stderr
2024-04-25T17:05:55.026+0000 7f8543fff700 1 -- 172.21.15.28:0/718531982 <== mon.0 v2:172.21.15.28:3300/0 1 ==== mon_map magic: 0 ==== 205+0+0 (secure 0 0 0) 0x7f8544020020 con 0x7f854c07f640
2024-04-25T17:05:55.835 INFO:teuthology.orchestra.run.smithi028.stdout:/usr/bin/ceph: stderr
2024-04-25T17:05:55.026+0000 7f8543fff700 1 -- 172.21.15.28:0/718531982 <== mon.0 v2:172.21.15.28:3300/0 2 ==== config(25 keys) ==== 1032+0+0 (secure 0 0 0) 0x7f8544003da0 con 0x7f854c07f640
2024-04-25T17:05:55.835 INFO:teuthology.orchestra.run.smithi028.stdout:/usr/bin/ceph: stderr
2024-04-25T17:05:55.026+0000 7f85517a3700 1 -- 172.21.15.28:0/718531982 --> [v2:172.21.15.28:3300/0,v1:172.21.15.28:6789/0] -- mon_subscribe({mgrmap=0+}) -- 0x7f854c1a0520 con 0x7f854c07f640
2024-04-25T17:05:55.835 INFO:teuthology.orchestra.run.smithi028.stdout:/usr/bin/ceph: stderr
2024-04-25T17:05:55.026+0000 7f8543fff700 1 -- 172.21.15.28:0/718531982 <== mon.0 v2:172.21.15.28:3300/0 3 ==== mon_map magic: 0 ==== 205+0+0 (secure 0 0 0) 0x7f8544017040 con 0x7f854c07f640
2024-04-25T17:05:55.835 INFO:teuthology.orchestra.run.smithi028.stdout:/usr/bin/ceph: stderr
2024-04-25T17:05:55.026+0000 7f85517a3700 1 -- 172.21.15.28:0/718531982 --> [v2:172.21.15.28:3300/0,v1:172.21.15.28:6789/0] -- mon_subscribe({osdmap=0}) -- 0x7f854c1a3120 con 0x7f854c07f640
2024-04-25T17:05:55.835 INFO:teuthology.orchestra.run.smithi028.stdout:/usr/bin/ceph: stderr
2024-04-25T17:05:55.027+0000 7f8543fff700 1 -- 172.21.15.28:0/718531982 <== mon.0 v2:172.21.15.28:3300/0 4 ==== mgrmap(e 4) ==== 49505+0+0 (secure 0 0 0) 0x7f8544023020 con 0x7f854c07f640
2024-04-25T17:05:55.835 INFO:teuthology.orchestra.run.smithi028.stdout:/usr/bin/ceph: stderr
2024-04-25T17:05:55.027+0000 7f85517a3700 1 -- 172.21.15.28:0/718531982 --> [v2:172.21.15.28:3300/0,v1:172.21.15.28:6789/0] -- mon_command({"prefix": "get_command_descriptions"} v 0) -- 0x7f854c064cf0 con 0x7f854c07f640
2024-04-25T17:05:55.835 INFO:teuthology.orchestra.run.smithi028.stdout:/usr/bin/ceph: stderr
2024-04-25T17:05:55.027+0000 7f8543fff700 1 --2- 172.21.15.28:0/718531982 >> [v2:172.21.15.28:6800/1955324952,v1:172.21.15.28:6801/1955324952] conn(0x7f853803d630 0x7f853803fb40 unknown :-1 s=NONE pgs=0 cs=0 l=1 rev1=0 crypto rx=0 tx=0 comp rx=0 tx=0).connect
2024-04-25T17:05:55.835 INFO:teuthology.orchestra.run.smithi028.stdout:/usr/bin/ceph: stderr
2024-04-25T17:05:55.027+0000 7f8543fff700 1 -- 172.21.15.28:0/718531982 <== mon.0 v2:172.21.15.28:3300/0 5 ==== osd_map(1..1 src has 1..1) ==== 725+0+0 (secure 0 0 0) 0x7f854400f050 con 0x7f854c07f640
2024-04-25T17:05:55.835 INFO:teuthology.orchestra.run.smithi028.stdout:/usr/bin/ceph: stderr
2024-04-25T17:05:55.027+0000 7f854a7fc700 1 --2- 172.21.15.28:0/718531982 >> [v2:172.21.15.28:6800/1955324952,v1:172.21.15.28:6801/1955324952] conn(0x7f853803d630 0x7f853803fb40 unknown :-1 s=BANNER_CONNECTING pgs=0 cs=0 l=1 rev1=0 crypto rx=0 tx=0 comp rx=0 tx=0)._handle_peer_banner_payload supported=3 required=0
2024-04-25T17:05:55.836 INFO:teuthology.orchestra.run.smithi028.stdout:/usr/bin/ceph: stderr
2024-04-25T17:05:55.027+0000 7f854a7fc700 1 --2- 172.21.15.28:0/718531982 >> [v2:172.21.15.28:6800/1955324952,v1:172.21.15.28:6801/1955324952] conn(0x7f853803d630 0x7f853803fb40 secure :-1 s=READY pgs=7 cs=0 l=1 rev1=1 crypto rx=0x7f8534006fd0 tx=0x7f8534006e40 comp rx=0 tx=0).ready entity=mgr.14100 client_cookie=0 server_cookie=0 in_seq=0 out_seq=0
2024-04-25T17:05:55.836 INFO:teuthology.orchestra.run.smithi028.stdout:/usr/bin/ceph: stderr
2024-04-25T17:05:55.033+0000 7f8543fff700 1 -- 172.21.15.28:0/718531982 <== mon.0 v2:172.21.15.28:3300/0 6 ==== mon_command_ack([{"prefix": "get_command_descriptions"}]=0 v0) ==== 72+0+188370 (secure 0 0 0) 0x7f854402a020 con 0x7f854c07f640
2024-04-25T17:05:55.836 INFO:teuthology.orchestra.run.smithi028.stdout:/usr/bin/ceph: stderr
2024-04-25T17:05:55.240+0000 7f85517a3700 1 -- 172.21.15.28:0/718531982 --> [v2:172.21.15.28:3300/0,v1:172.21.15.28:6789/0] -- mon_command({"prefix": "config assimilate-conf"} v 0) -- 0x7f854c1a4a00 con 0x7f854c07f640
2024-04-25T17:05:55.836 INFO:teuthology.orchestra.run.smithi028.stdout:/usr/bin/ceph: stderr
2024-04-25T17:05:55.242+0000 7f8543fff700 1 -- 172.21.15.28:0/718531982 <== mon.0 v2:172.21.15.28:3300/0 7 ==== mon_command_ack([{"prefix": "config assimilate-conf"}]=0 v3) ==== 70+0+409 (secure 0 0 0) 0x7f85440102f0 con 0x7f854c07f640
2024-04-25T17:05:55.836 INFO:teuthology.orchestra.run.smithi028.stdout:/usr/bin/ceph: stderr
2024-04-25T17:05:55.244+0000 7f85517a3700 1 -- 172.21.15.28:0/718531982 >> [v2:172.21.15.28:6800/1955324952,v1:172.21.15.28:6801/1955324952] conn(0x7f853803d630 msgr2=0x7f853803fb40 secure :-1 s=STATE_CONNECTION_ESTABLISHED l=1).mark_down
2024-04-25T17:05:55.836 INFO:teuthology.orchestra.run.smithi028.stdout:/usr/bin/ceph: stderr
2024-04-25T17:05:55.244+0000 7f85517a3700 1 --2- 172.21.15.28:0/718531982 >> [v2:172.21.15.28:6800/1955324952,v1:172.21.15.28:6801/1955324952] conn(0x7f853803d630 0x7f853803fb40 secure :-1 s=READY pgs=7 cs=0 l=1 rev1=1 crypto rx=0x7f8534006fd0 tx=0x7f8534006e40 comp rx=0 tx=0).stop
2024-04-25T17:05:55.836 INFO:teuthology.orchestra.run.smithi028.stdout:/usr/bin/ceph: stderr
2024-04-25T17:05:55.244+0000 7f85517a3700 1 -- 172.21.15.28:0/718531982 >> [v2:172.21.15.28:3300/0,v1:172.21.15.28:6789/0] conn(0x7f854c07f640 msgr2=0x7f854c19fd50 secure :-1 s=STATE_CONNECTION_ESTABLISHED l=1).mark_down
2024-04-25T17:05:55.836 INFO:teuthology.orchestra.run.smithi028.stdout:/usr/bin/ceph: stderr
2024-04-25T17:05:55.244+0000 7f85517a3700 1 --2- 172.21.15.28:0/718531982 >> [v2:172.21.15.28:3300/0,v1:172.21.15.28:6789/0] conn(0x7f854c07f640 0x7f854c19fd50 secure :-1 s=READY pgs=19 cs=0 l=1 rev1=1 crypto rx=0x7f8544009680 tx=0x7f8544003a20 comp rx=0 tx=0).stop
2024-04-25T17:05:55.836 INFO:teuthology.orchestra.run.smithi028.stdout:/usr/bin/ceph: stderr
2024-04-25T17:05:55.244+0000 7f85517a3700 1 -- 172.21.15.28:0/718531982 shutdown_connections
2024-04-25T17:05:55.836 INFO:teuthology.orchestra.run.smithi028.stdout:/usr/bin/ceph: stderr
2024-04-25T17:05:55.244+0000 7f85517a3700 1 --2- 172.21.15.28:0/718531982 >> [v2:172.21.15.28:6800/1955324952,v1:172.21.15.28:6801/1955324952] conn(0x7f853803d630 0x7f853803fb40 unknown :-1 s=CLOSED pgs=7 cs=0 l=1 rev1=1 crypto rx=0 tx=0 comp rx=0 tx=0).stop
2024-04-25T17:05:55.836 INFO:teuthology.orchestra.run.smithi028.stdout:/usr/bin/ceph: stderr
2024-04-25T17:05:55.244+0000 7f85517a3700 1 --2- 172.21.15.28:0/718531982 >> [v2:172.21.15.28:3300/0,v1:172.21.15.28:6789/0] conn(0x7f854c07f640 0x7f854c19fd50 unknown :-1 s=CLOSED pgs=19 cs=0 l=1 rev1=1 crypto rx=0 tx=0 comp rx=0 tx=0).stop
2024-04-25T17:05:55.836 INFO:teuthology.orchestra.run.smithi028.stdout:/usr/bin/ceph: stderr
2024-04-25T17:05:55.244+0000 7f85517a3700 1 -- 172.21.15.28:0/718531982 >> 172.21.15.28:0/718531982 conn(0x7f854c105010 msgr2=0x7f854c105850 unknown :-1 s=STATE_NONE l=0).mark_down
2024-04-25T17:05:55.836 INFO:teuthology.orchestra.run.smithi028.stdout:/usr/bin/ceph: stderr
2024-04-25T17:05:55.244+0000 7f85517a3700 1 -- 172.21.15.28:0/718531982 shutdown_connections
2024-04-25T17:05:55.836 INFO:teuthology.orchestra.run.smithi028.stdout:/usr/bin/ceph: stderr
2024-04-25T17:05:55.244+0000 7f85517a3700 1 -- 172.21.15.28:0/718531982 wait complete.
2024-04-25T17:05:55.837 INFO:teuthology.orchestra.run.smithi028.stdout:Enabling cephadm module...
2024-04-25T17:05:56.810 INFO:journalctl@ceph.mon.a.smithi028.stdout:Apr 25 17:05:56 smithi028 ceph-mon[29207]: from='client.? 172.21.15.28:0/177160154' entity='client.admin' cmd=[{"prefix": "mgr module enable", "module": "cephadm"}]: dispatch
2024-04-25T17:05:56.810 INFO:journalctl@ceph.mgr.x.smithi028.stdout:Apr 25 17:05:56 smithi028 ceph-dfbd4644-0325-11ef-bc93-c7b262605968-mgr-x[29440]: ignoring --setuser ceph since I am not root
2024-04-25T17:05:56.810 INFO:journalctl@ceph.mgr.x.smithi028.stdout:Apr 25 17:05:56 smithi028 ceph-dfbd4644-0325-11ef-bc93-c7b262605968-mgr-x[29440]: ignoring --setgroup ceph since I am not root
2024-04-25T17:05:56.811 INFO:journalctl@ceph.mgr.x.smithi028.stdout:Apr 25 17:05:56 smithi028 ceph-dfbd4644-0325-11ef-bc93-c7b262605968-mgr-x[29440]:
2024-04-25T17:05:56.811+0000 7fe0e5d8e200 -1 mgr[py] Module balancer has missing NOTIFY_TYPES member
2024-04-25T17:05:57.112 INFO:journalctl@ceph.mgr.x.smithi028.stdout:Apr 25 17:05:57 smithi028 ceph-dfbd4644-0325-11ef-bc93-c7b262605968-mgr-x[29440]:
2024-04-25T17:05:57.006+0000 7fe0e5d8e200 -1 mgr[py] Module orchestrator has missing NOTIFY_TYPES member
2024-04-25T17:05:57.113 INFO:journalctl@ceph.mgr.x.smithi028.stdout:Apr 25 17:05:57 smithi028 ceph-dfbd4644-0325-11ef-bc93-c7b262605968-mgr-x[29440]:
2024-04-25T17:05:57.113+0000 7fe0e5d8e200 -1 mgr[py] Module snap_schedule has missing NOTIFY_TYPES member
2024-04-25T17:05:57.923 INFO:journalctl@ceph.mon.a.smithi028.stdout:Apr 25 17:05:57 smithi028 ceph-mon[29207]: from='client.? 172.21.15.28:0/177160154' entity='client.admin' cmd='[{"prefix": "mgr module enable", "module": "cephadm"}]': finished
2024-04-25T17:05:57.923 INFO:journalctl@ceph.mon.a.smithi028.stdout:Apr 25 17:05:57 smithi028 ceph-mon[29207]: mgrmap e5: x(active, since 10s)
2024-04-25T17:05:57.923 INFO:journalctl@ceph.mgr.x.smithi028.stdout:Apr 25 17:05:57 smithi028 ceph-dfbd4644-0325-11ef-bc93-c7b262605968-mgr-x[29440]:
2024-04-25T17:05:57.435+0000 7fe0e5d8e200 -1 mgr[py] Module progress has missing NOTIFY_TYPES member
2024-04-25T17:05:57.923 INFO:journalctl@ceph.mgr.x.smithi028.stdout:Apr 25 17:05:57 smithi028 ceph-dfbd4644-0325-11ef-bc93-c7b262605968-mgr-x[29440]:
2024-04-25T17:05:57.524+0000 7fe0e5d8e200 -1 mgr[py] Module influx has missing NOTIFY_TYPES member
2024-04-25T17:05:58.910 INFO:teuthology.orchestra.run.smithi028.stdout:/usr/bin/ceph: stderr
2024-04-25T17:05:56.274+0000 7fa977898700 1 Processor -- start
2024-04-25T17:05:58.911 INFO:teuthology.orchestra.run.smithi028.stdout:/usr/bin/ceph: stderr
2024-04-25T17:05:56.274+0000 7fa977898700 1 -- start start
2024-04-25T17:05:58.911 INFO:teuthology.orchestra.run.smithi028.stdout:/usr/bin/ceph: stderr
2024-04-25T17:05:56.274+0000 7fa977898700 1 --2- >> [v2:172.21.15.28:3300/0,v1:172.21.15.28:6789/0] conn(0x7fa970109970 0x7fa970109d80 unknown :-1 s=NONE pgs=0 cs=0 l=0 rev1=0 crypto rx=0 tx=0 comp rx=0 tx=0).connect
2024-04-25T17:05:58.911 INFO:teuthology.orchestra.run.smithi028.stdout:/usr/bin/ceph: stderr
2024-04-25T17:05:56.274+0000 7fa977898700 1 -- --> [v2:172.21.15.28:3300/0,v1:172.21.15.28:6789/0] -- mon_getmap magic: 0 -- 0x7fa97010a370 con 0x7fa970109970
2024-04-25T17:05:58.911 INFO:teuthology.orchestra.run.smithi028.stdout:/usr/bin/ceph: stderr
2024-04-25T17:05:56.274+0000 7fa975634700 1 --2- >> [v2:172.21.15.28:3300/0,v1:172.21.15.28:6789/0] conn(0x7fa970109970 0x7fa970109d80 unknown :-1 s=BANNER_CONNECTING pgs=0 cs=0 l=0 rev1=0 crypto rx=0 tx=0 comp rx=0 tx=0)._handle_peer_banner_payload supported=3 required=0
2024-04-25T17:05:58.911 INFO:teuthology.orchestra.run.smithi028.stdout:/usr/bin/ceph: stderr
2024-04-25T17:05:56.274+0000 7fa975634700 1 --2- >> [v2:172.21.15.28:3300/0,v1:172.21.15.28:6789/0] conn(0x7fa970109970 0x7fa970109d80 unknown :-1 s=HELLO_CONNECTING pgs=0 cs=0 l=0 rev1=1 crypto rx=0 tx=0 comp rx=0 tx=0).handle_hello peer v2:172.21.15.28:3300/0 says I am v2:172.21.15.28:36380/0 (socket says 172.21.15.28:36380)
2024-04-25T17:05:58.911 INFO:teuthology.orchestra.run.smithi028.stdout:/usr/bin/ceph: stderr
2024-04-25T17:05:56.274+0000 7fa975634700 1 -- 172.21.15.28:0/462917754 learned_addr learned my addr 172.21.15.28:0/462917754 (peer_addr_for_me v2:172.21.15.28:0/0)
2024-04-25T17:05:58.911 INFO:teuthology.orchestra.run.smithi028.stdout:/usr/bin/ceph: stderr
2024-04-25T17:05:56.275+0000 7fa975634700 1 -- 172.21.15.28:0/462917754 --> [v2:172.21.15.28:3300/0,v1:172.21.15.28:6789/0] -- mon_subscribe({config=0+,monmap=0+}) -- 0x7fa97010aaa0 con 0x7fa970109970
2024-04-25T17:05:58.911 INFO:teuthology.orchestra.run.smithi028.stdout:/usr/bin/ceph: stderr
2024-04-25T17:05:56.275+0000 7fa975634700 1 --2- 172.21.15.28:0/462917754 >> [v2:172.21.15.28:3300/0,v1:172.21.15.28:6789/0] conn(0x7fa970109970 0x7fa970109d80 secure :-1 s=READY pgs=20 cs=0 l=1 rev1=1 crypto rx=0x7fa96c0098a0 tx=0x7fa96c009bb0 comp rx=0 tx=0).ready entity=mon.0 client_cookie=ae6891c16cd2e686 server_cookie=0 in_seq=0 out_seq=0
2024-04-25T17:05:58.911 INFO:teuthology.orchestra.run.smithi028.stdout:/usr/bin/ceph: stderr
2024-04-25T17:05:56.275+0000 7fa967fff700 1 -- 172.21.15.28:0/462917754 <== mon.0 v2:172.21.15.28:3300/0 1 ==== mon_map magic: 0 ==== 205+0+0 (secure 0 0 0) 0x7fa96c004160 con 0x7fa970109970
2024-04-25T17:05:58.911 INFO:teuthology.orchestra.run.smithi028.stdout:/usr/bin/ceph: stderr
2024-04-25T17:05:56.275+0000 7fa967fff700 1 -- 172.21.15.28:0/462917754 <== mon.0 v2:172.21.15.28:3300/0 2 ==== config(25 keys) ==== 1032+0+0 (secure 0 0 0) 0x7fa96c004300 con 0x7fa970109970
2024-04-25T17:05:58.911 INFO:teuthology.orchestra.run.smithi028.stdout:/usr/bin/ceph: stderr
2024-04-25T17:05:56.275+0000 7fa967fff700 1 -- 172.21.15.28:0/462917754 <== mon.0 v2:172.21.15.28:3300/0 3 ==== mon_map magic: 0 ==== 205+0+0 (secure 0 0 0) 0x7fa96c0119e0 con 0x7fa970109970
2024-04-25T17:05:58.911 INFO:teuthology.orchestra.run.smithi028.stdout:/usr/bin/ceph: stderr
2024-04-25T17:05:56.276+0000 7fa977898700 1 -- 172.21.15.28:0/462917754 >> [v2:172.21.15.28:3300/0,v1:172.21.15.28:6789/0] conn(0x7fa970109970 msgr2=0x7fa970109d80 secure :-1 s=STATE_CONNECTION_ESTABLISHED l=1).mark_down
2024-04-25T17:05:58.912 INFO:teuthology.orchestra.run.smithi028.stdout:/usr/bin/ceph: stderr
2024-04-25T17:05:56.276+0000 7fa977898700 1 --2- 172.21.15.28:0/462917754 >> [v2:172.21.15.28:3300/0,v1:172.21.15.28:6789/0] conn(0x7fa970109970 0x7fa970109d80 secure :-1 s=READY pgs=20 cs=0 l=1 rev1=1 crypto rx=0x7fa96c0098a0 tx=0x7fa96c009bb0 comp rx=0 tx=0).stop
2024-04-25T17:05:58.912 INFO:teuthology.orchestra.run.smithi028.stdout:/usr/bin/ceph: stderr
2024-04-25T17:05:56.276+0000 7fa977898700 1 -- 172.21.15.28:0/462917754 shutdown_connections
2024-04-25T17:05:58.912 INFO:teuthology.orchestra.run.smithi028.stdout:/usr/bin/ceph: stderr
2024-04-25T17:05:56.276+0000 7fa977898700 1 --2- 172.21.15.28:0/462917754 >> [v2:172.21.15.28:3300/0,v1:172.21.15.28:6789/0] conn(0x7fa970109970 0x7fa970109d80 unknown :-1 s=CLOSED pgs=20 cs=0 l=1 rev1=1 crypto rx=0 tx=0 comp rx=0 tx=0).stop
2024-04-25T17:05:58.912 INFO:teuthology.orchestra.run.smithi028.stdout:/usr/bin/ceph: stderr
2024-04-25T17:05:56.276+0000 7fa977898700 1 -- 172.21.15.28:0/462917754 >> 172.21.15.28:0/462917754 conn(0x7fa970105010 msgr2=0x7fa970107460 unknown :-1 s=STATE_NONE l=0).mark_down
2024-04-25T17:05:58.912 INFO:teuthology.orchestra.run.smithi028.stdout:/usr/bin/ceph: stderr
2024-04-25T17:05:56.276+0000 7fa977898700 1 -- 172.21.15.28:0/462917754 shutdown_connections
2024-04-25T17:05:58.912 INFO:teuthology.orchestra.run.smithi028.stdout:/usr/bin/ceph: stderr
2024-04-25T17:05:56.276+0000 7fa977898700 1 -- 172.21.15.28:0/462917754 wait complete.
2024-04-25T17:05:58.912 INFO:teuthology.orchestra.run.smithi028.stdout:/usr/bin/ceph: stderr
2024-04-25T17:05:56.277+0000 7fa977898700 1 Processor -- start
2024-04-25T17:05:58.912 INFO:teuthology.orchestra.run.smithi028.stdout:/usr/bin/ceph: stderr
2024-04-25T17:05:56.277+0000 7fa977898700 1 -- start start
2024-04-25T17:05:58.912 INFO:teuthology.orchestra.run.smithi028.stdout:/usr/bin/ceph: stderr
2024-04-25T17:05:56.277+0000 7fa977898700 1 --2- >> [v2:172.21.15.28:3300/0,v1:172.21.15.28:6789/0] conn(0x7fa970109970 0x7fa97019db90 unknown :-1 s=NONE pgs=0 cs=0 l=1 rev1=0 crypto rx=0 tx=0 comp rx=0 tx=0).connect
2024-04-25T17:05:58.912 INFO:teuthology.orchestra.run.smithi028.stdout:/usr/bin/ceph: stderr
2024-04-25T17:05:56.277+0000 7fa977898700 1 -- --> [v2:172.21.15.28:3300/0,v1:172.21.15.28:6789/0] -- mon_getmap magic: 0 -- 0x7fa97010dcd0 con 0x7fa970109970
2024-04-25T17:05:58.912 INFO:teuthology.orchestra.run.smithi028.stdout:/usr/bin/ceph: stderr
2024-04-25T17:05:56.277+0000 7fa975634700 1 --2- >> [v2:172.21.15.28:3300/0,v1:172.21.15.28:6789/0] conn(0x7fa970109970 0x7fa97019db90 unknown :-1 s=BANNER_CONNECTING pgs=0 cs=0 l=1 rev1=0 crypto rx=0 tx=0 comp rx=0 tx=0)._handle_peer_banner_payload supported=3 required=0
2024-04-25T17:05:58.912 INFO:teuthology.orchestra.run.smithi028.stdout:/usr/bin/ceph: stderr
2024-04-25T17:05:56.277+0000 7fa975634700 1 --2- >> [v2:172.21.15.28:3300/0,v1:172.21.15.28:6789/0] conn(0x7fa970109970 0x7fa97019db90 unknown :-1 s=HELLO_CONNECTING pgs=0 cs=0 l=1 rev1=1 crypto rx=0 tx=0 comp rx=0 tx=0).handle_hello peer v2:172.21.15.28:3300/0 says I am v2:172.21.15.28:36386/0 (socket says 172.21.15.28:36386)
2024-04-25T17:05:58.912 INFO:teuthology.orchestra.run.smithi028.stdout:/usr/bin/ceph: stderr
2024-04-25T17:05:56.277+0000 7fa975634700 1 -- 172.21.15.28:0/177160154 learned_addr learned my addr 172.21.15.28:0/177160154 (peer_addr_for_me v2:172.21.15.28:0/0)
2024-04-25T17:05:58.913 INFO:teuthology.orchestra.run.smithi028.stdout:/usr/bin/ceph: stderr
2024-04-25T17:05:56.277+0000 7fa975634700 1 -- 172.21.15.28:0/177160154 --> [v2:172.21.15.28:3300/0,v1:172.21.15.28:6789/0] -- mon_subscribe({config=0+,monmap=0+}) -- 0x7fa97019e0d0 con 0x7fa970109970
2024-04-25T17:05:58.913 INFO:teuthology.orchestra.run.smithi028.stdout:/usr/bin/ceph: stderr
2024-04-25T17:05:56.277+0000 7fa975634700 1 --2- 172.21.15.28:0/177160154 >> [v2:172.21.15.28:3300/0,v1:172.21.15.28:6789/0] conn(0x7fa970109970 0x7fa97019db90 secure :-1 s=READY pgs=21 cs=0 l=1 rev1=1 crypto rx=0x7fa96c009fb0 tx=0x7fa96c011a60 comp rx=0 tx=0).ready entity=mon.0 client_cookie=0 server_cookie=0 in_seq=0 out_seq=0
2024-04-25T17:05:58.913 INFO:teuthology.orchestra.run.smithi028.stdout:/usr/bin/ceph: stderr
2024-04-25T17:05:56.278+0000 7fa9667fc700 1 -- 172.21.15.28:0/177160154 <== mon.0 v2:172.21.15.28:3300/0 1 ==== mon_map magic: 0 ==== 205+0+0 (secure 0 0 0) 0x7fa96c0038b0 con 0x7fa970109970
2024-04-25T17:05:58.913 INFO:teuthology.orchestra.run.smithi028.stdout:/usr/bin/ceph: stderr
2024-04-25T17:05:56.278+0000 7fa9667fc700 1 -- 172.21.15.28:0/177160154 <== mon.0 v2:172.21.15.28:3300/0 2 ==== config(25 keys) ==== 1032+0+0 (secure 0 0 0) 0x7fa96c003a50 con 0x7fa970109970
2024-04-25T17:05:58.913 INFO:teuthology.orchestra.run.smithi028.stdout:/usr/bin/ceph: stderr
2024-04-25T17:05:56.278+0000 7fa977898700 1 -- 172.21.15.28:0/177160154 --> [v2:172.21.15.28:3300/0,v1:172.21.15.28:6789/0] -- mon_subscribe({mgrmap=0+}) -- 0x7fa97019e360 con 0x7fa970109970
2024-04-25T17:05:58.913 INFO:teuthology.orchestra.run.smithi028.stdout:/usr/bin/ceph: stderr
2024-04-25T17:05:56.278+0000 7fa9667fc700 1 -- 172.21.15.28:0/177160154 <== mon.0 v2:172.21.15.28:3300/0 3 ==== mon_map magic: 0 ==== 205+0+0 (secure 0 0 0) 0x7fa96c019550 con 0x7fa970109970
2024-04-25T17:05:58.913 INFO:teuthology.orchestra.run.smithi028.stdout:/usr/bin/ceph: stderr
2024-04-25T17:05:56.278+0000 7fa977898700 1 -- 172.21.15.28:0/177160154 --> [v2:172.21.15.28:3300/0,v1:172.21.15.28:6789/0] -- mon_subscribe({osdmap=0}) -- 0x7fa9701a0f70 con 0x7fa970109970
2024-04-25T17:05:58.913 INFO:teuthology.orchestra.run.smithi028.stdout:/usr/bin/ceph: stderr
2024-04-25T17:05:56.279+0000 7fa977898700 1 -- 172.21.15.28:0/177160154 --> [v2:172.21.15.28:3300/0,v1:172.21.15.28:6789/0] -- mon_command({"prefix": "get_command_descriptions"} v 0) -- 0x7fa970064cf0 con 0x7fa970109970
2024-04-25T17:05:58.913 INFO:teuthology.orchestra.run.smithi028.stdout:/usr/bin/ceph: stderr
2024-04-25T17:05:56.279+0000 7fa9667fc700 1 -- 172.21.15.28:0/177160154 <== mon.0 v2:172.21.15.28:3300/0 4 ==== mgrmap(e 4) ==== 49505+0+0 (secure 0 0 0) 0x7fa96c019800 con 0x7fa970109970
2024-04-25T17:05:58.913 INFO:teuthology.orchestra.run.smithi028.stdout:/usr/bin/ceph: stderr
2024-04-25T17:05:56.279+0000 7fa9667fc700 1 --2- 172.21.15.28:0/177160154 >> [v2:172.21.15.28:6800/1955324952,v1:172.21.15.28:6801/1955324952] conn(0x7fa95c03d5e0 0x7fa95c03faf0 unknown :-1 s=NONE pgs=0 cs=0 l=1 rev1=0 crypto rx=0 tx=0 comp rx=0 tx=0).connect
2024-04-25T17:05:58.913 INFO:teuthology.orchestra.run.smithi028.stdout:/usr/bin/ceph: stderr
2024-04-25T17:05:56.279+0000 7fa9667fc700 1 -- 172.21.15.28:0/177160154 <== mon.0 v2:172.21.15.28:3300/0 5 ==== osd_map(1..1 src has 1..1) ==== 725+0+0 (secure 0 0 0) 0x7fa96c0528e0 con 0x7fa970109970
2024-04-25T17:05:58.913 INFO:teuthology.orchestra.run.smithi028.stdout:/usr/bin/ceph: stderr
2024-04-25T17:05:56.279+0000 7fa974e33700 1 --2- 172.21.15.28:0/177160154 >> [v2:172.21.15.28:6800/1955324952,v1:172.21.15.28:6801/1955324952] conn(0x7fa95c03d5e0 0x7fa95c03faf0 unknown :-1 s=BANNER_CONNECTING pgs=0 cs=0 l=1 rev1=0 crypto rx=0 tx=0 comp rx=0 tx=0)._handle_peer_banner_payload supported=3 required=0
2024-04-25T17:05:58.913 INFO:teuthology.orchestra.run.smithi028.stdout:/usr/bin/ceph: stderr
2024-04-25T17:05:56.280+0000 7fa974e33700 1 --2- 172.21.15.28:0/177160154 >> [v2:172.21.15.28:6800/1955324952,v1:172.21.15.28:6801/1955324952] conn(0x7fa95c03d5e0 0x7fa95c03faf0 secure :-1 s=READY pgs=8 cs=0 l=1 rev1=1 crypto rx=0x7fa960006fd0 tx=0x7fa960006e40 comp rx=0 tx=0).ready entity=mgr.14100 client_cookie=0 server_cookie=0 in_seq=0 out_seq=0
2024-04-25T17:05:58.913 INFO:teuthology.orchestra.run.smithi028.stdout:/usr/bin/ceph: stderr
2024-04-25T17:05:56.284+0000 7fa9667fc700 1 -- 172.21.15.28:0/177160154 <== mon.0 v2:172.21.15.28:3300/0 6 ==== mon_command_ack([{"prefix": "get_command_descriptions"}]=0 v0) ==== 72+0+188370 (secure 0 0 0) 0x7fa96c017e90 con 0x7fa970109970
2024-04-25T17:05:58.914 INFO:teuthology.orchestra.run.smithi028.stdout:/usr/bin/ceph: stderr
2024-04-25T17:05:56.552+0000 7fa977898700 1 -- 172.21.15.28:0/177160154 --> [v2:172.21.15.28:3300/0,v1:172.21.15.28:6789/0] -- mon_command({"prefix": "mgr module enable", "module": "cephadm"} v 0) -- 0x7fa9701a1190 con 0x7fa970109970
