2024-04-25T17:09:12.435+0000 7f86b40fa700 1 --2- 172.21.15.37:0/8114225 >> [v2:172.21.15.37:3300/0,v1:172.21.15.37:6789/0] conn(0x7f86ac100c90 0x7f86ac1036c0 unknown :-1 s=CLOSED pgs=38 cs=0 l=1 rev1=1 crypto rx=0 tx=0 comp rx=0 tx=0).stop
2024-04-25T17:09:12.999 INFO:teuthology.orchestra.run.smithi037.stdout:/usr/bin/ceph: stderr
2024-04-25T17:09:12.435+0000 7f86b40fa700 1 -- 172.21.15.37:0/8114225 >> 172.21.15.37:0/8114225 conn(0x7f86ac0fc6f0 msgr2=0x7f86ac0fd180 unknown :-1 s=STATE_NONE l=0).mark_down
2024-04-25T17:09:12.999 INFO:teuthology.orchestra.run.smithi037.stdout:/usr/bin/ceph: stderr
2024-04-25T17:09:12.435+0000 7f86b40fa700 1 -- 172.21.15.37:0/8114225 shutdown_connections
2024-04-25T17:09:12.999 INFO:teuthology.orchestra.run.smithi037.stdout:/usr/bin/ceph: stderr
2024-04-25T17:09:12.435+0000 7f86b40fa700 1 -- 172.21.15.37:0/8114225 wait complete.
2024-04-25T17:09:12.999 INFO:teuthology.orchestra.run.smithi037.stdout:Generating ssh key...
2024-04-25T17:09:13.570 INFO:journalctl@ceph.mon.smithi037.smithi037.stdout:Apr 25 17:09:13 smithi037 ceph-mon[26472]: from='client.14132 -' entity='client.admin' cmd=[{"prefix": "cephadm set-user", "user": "root", "target": ["mon-mgr", ""]}]: dispatch
2024-04-25T17:09:14.393 INFO:teuthology.orchestra.run.smithi037.stdout:/usr/bin/ceph: stderr
2024-04-25T17:09:13.409+0000 7f7c86bc1700 1 Processor -- start
2024-04-25T17:09:14.393 INFO:teuthology.orchestra.run.smithi037.stdout:/usr/bin/ceph: stderr
2024-04-25T17:09:13.409+0000 7f7c86bc1700 1 -- start start
2024-04-25T17:09:14.393 INFO:teuthology.orchestra.run.smithi037.stdout:/usr/bin/ceph: stderr
2024-04-25T17:09:13.409+0000 7f7c86bc1700 1 --2- >> [v2:172.21.15.37:3300/0,v1:172.21.15.37:6789/0] conn(0x7f7c80102880 0x7f7c80102c90 unknown :-1 s=NONE pgs=0 cs=0 l=0 rev1=0 crypto rx=0 tx=0 comp rx=0 tx=0).connect
2024-04-25T17:09:14.393 INFO:teuthology.orchestra.run.smithi037.stdout:/usr/bin/ceph: stderr
2024-04-25T17:09:13.409+0000 7f7c86bc1700 1 -- --> [v2:172.21.15.37:3300/0,v1:172.21.15.37:6789/0] -- mon_getmap magic: 0 v1 -- 0x7f7c801031d0 con 0x7f7c80102880
2024-04-25T17:09:14.393 INFO:teuthology.orchestra.run.smithi037.stdout:/usr/bin/ceph: stderr
2024-04-25T17:09:13.409+0000 7f7c8495d700 1 --2- >> [v2:172.21.15.37:3300/0,v1:172.21.15.37:6789/0] conn(0x7f7c80102880 0x7f7c80102c90 unknown :-1 s=BANNER_CONNECTING pgs=0 cs=0 l=0 rev1=0 crypto rx=0 tx=0 comp rx=0 tx=0)._handle_peer_banner_payload supported=3 required=0
2024-04-25T17:09:14.394 INFO:teuthology.orchestra.run.smithi037.stdout:/usr/bin/ceph: stderr
2024-04-25T17:09:13.409+0000 7f7c8495d700 1 --2- >> [v2:172.21.15.37:3300/0,v1:172.21.15.37:6789/0] conn(0x7f7c80102880 0x7f7c80102c90 unknown :-1 s=HELLO_CONNECTING pgs=0 cs=0 l=0 rev1=1 crypto rx=0 tx=0 comp rx=0 tx=0).handle_hello peer v2:172.21.15.37:3300/0 says I am v2:172.21.15.37:46742/0 (socket says 172.21.15.37:46742)
2024-04-25T17:09:14.394 INFO:teuthology.orchestra.run.smithi037.stdout:/usr/bin/ceph: stderr
2024-04-25T17:09:13.409+0000 7f7c8495d700 1 -- 172.21.15.37:0/2475504815 learned_addr learned my addr 172.21.15.37:0/2475504815 (peer_addr_for_me v2:172.21.15.37:0/0)
2024-04-25T17:09:14.394 INFO:teuthology.orchestra.run.smithi037.stdout:/usr/bin/ceph: stderr
2024-04-25T17:09:13.410+0000 7f7c8495d700 1 -- 172.21.15.37:0/2475504815 --> [v2:172.21.15.37:3300/0,v1:172.21.15.37:6789/0] -- mon_subscribe({config=0+,monmap=0+}) v3 -- 0x7f7c80103310 con 0x7f7c80102880
2024-04-25T17:09:14.394 INFO:teuthology.orchestra.run.smithi037.stdout:/usr/bin/ceph: stderr
2024-04-25T17:09:13.410+0000 7f7c8495d700 1 --2- 172.21.15.37:0/2475504815 >> [v2:172.21.15.37:3300/0,v1:172.21.15.37:6789/0] conn(0x7f7c80102880 0x7f7c80102c90 secure :-1 s=READY pgs=39 cs=0 l=1 rev1=1 crypto rx=0x7f7c740098e0 tx=0x7f7c74009250 comp rx=0 tx=0).ready entity=mon.0 client_cookie=de921f6c1c550fa8 server_cookie=0 in_seq=0 out_seq=0
2024-04-25T17:09:14.394 INFO:teuthology.orchestra.run.smithi037.stdout:/usr/bin/ceph: stderr
2024-04-25T17:09:13.410+0000 7f7c7f7fe700 1 -- 172.21.15.37:0/2475504815 <== mon.0 v2:172.21.15.37:3300/0 1 ==== mon_map magic: 0 v1 ==== 229+0+0 (secure 0 0 0) 0x7f7c7400b860 con 0x7f7c80102880
2024-04-25T17:09:14.394 INFO:teuthology.orchestra.run.smithi037.stdout:/usr/bin/ceph: stderr
2024-04-25T17:09:13.410+0000 7f7c7f7fe700 1 -- 172.21.15.37:0/2475504815 <== mon.0 v2:172.21.15.37:3300/0 2 ==== config(27 keys) v1 ==== 1044+0+0 (secure 0 0 0) 0x7f7c7400be50 con 0x7f7c80102880
2024-04-25T17:09:14.394 INFO:teuthology.orchestra.run.smithi037.stdout:/usr/bin/ceph: stderr
2024-04-25T17:09:13.410+0000 7f7c7f7fe700 1 -- 172.21.15.37:0/2475504815 <== mon.0 v2:172.21.15.37:3300/0 3 ==== mon_map magic: 0 v1 ==== 229+0+0 (secure 0 0 0) 0x7f7c74010380 con 0x7f7c80102880
2024-04-25T17:09:14.394 INFO:teuthology.orchestra.run.smithi037.stdout:/usr/bin/ceph: stderr
2024-04-25T17:09:13.410+0000 7f7c86bc1700 1 -- 172.21.15.37:0/2475504815 >> [v2:172.21.15.37:3300/0,v1:172.21.15.37:6789/0] conn(0x7f7c80102880 msgr2=0x7f7c80102c90 secure :-1 s=STATE_CONNECTION_ESTABLISHED l=1).mark_down
2024-04-25T17:09:14.394 INFO:teuthology.orchestra.run.smithi037.stdout:/usr/bin/ceph: stderr
2024-04-25T17:09:13.410+0000 7f7c86bc1700 1 --2- 172.21.15.37:0/2475504815 >> [v2:172.21.15.37:3300/0,v1:172.21.15.37:6789/0] conn(0x7f7c80102880 0x7f7c80102c90 secure :-1 s=READY pgs=39 cs=0 l=1 rev1=1 crypto rx=0x7f7c740098e0 tx=0x7f7c74009250 comp rx=0 tx=0).stop
2024-04-25T17:09:14.394 INFO:teuthology.orchestra.run.smithi037.stdout:/usr/bin/ceph: stderr
2024-04-25T17:09:13.410+0000 7f7c86bc1700 1 -- 172.21.15.37:0/2475504815 shutdown_connections
2024-04-25T17:09:14.394 INFO:teuthology.orchestra.run.smithi037.stdout:/usr/bin/ceph: stderr
2024-04-25T17:09:13.410+0000 7f7c86bc1700 1 --2- 172.21.15.37:0/2475504815 >> [v2:172.21.15.37:3300/0,v1:172.21.15.37:6789/0] conn(0x7f7c80102880 0x7f7c80102c90 unknown :-1 s=CLOSED pgs=39 cs=0 l=1 rev1=1 crypto rx=0 tx=0 comp rx=0 tx=0).stop
2024-04-25T17:09:14.394 INFO:teuthology.orchestra.run.smithi037.stdout:/usr/bin/ceph: stderr
2024-04-25T17:09:13.410+0000 7f7c86bc1700 1 -- 172.21.15.37:0/2475504815 >> 172.21.15.37:0/2475504815 conn(0x7f7c800fe060 msgr2=0x7f7c80100470 unknown :-1 s=STATE_NONE l=0).mark_down
2024-04-25T17:09:14.394 INFO:teuthology.orchestra.run.smithi037.stdout:/usr/bin/ceph: stderr
2024-04-25T17:09:13.411+0000 7f7c86bc1700 1 -- 172.21.15.37:0/2475504815 shutdown_connections
2024-04-25T17:09:14.395 INFO:teuthology.orchestra.run.smithi037.stdout:/usr/bin/ceph: stderr
2024-04-25T17:09:13.411+0000 7f7c86bc1700 1 -- 172.21.15.37:0/2475504815 wait complete.
2024-04-25T17:09:14.395 INFO:teuthology.orchestra.run.smithi037.stdout:/usr/bin/ceph: stderr
2024-04-25T17:09:13.411+0000 7f7c86bc1700 1 Processor -- start
2024-04-25T17:09:14.395 INFO:teuthology.orchestra.run.smithi037.stdout:/usr/bin/ceph: stderr
2024-04-25T17:09:13.411+0000 7f7c86bc1700 1 -- start start
2024-04-25T17:09:14.395 INFO:teuthology.orchestra.run.smithi037.stdout:/usr/bin/ceph: stderr
2024-04-25T17:09:13.411+0000 7f7c86bc1700 1 --2- >> [v2:172.21.15.37:3300/0,v1:172.21.15.37:6789/0] conn(0x7f7c80102880 0x7f7c80078c20 unknown :-1 s=NONE pgs=0 cs=0 l=1 rev1=0 crypto rx=0 tx=0 comp rx=0 tx=0).connect
2024-04-25T17:09:14.395 INFO:teuthology.orchestra.run.smithi037.stdout:/usr/bin/ceph: stderr
2024-04-25T17:09:13.412+0000 7f7c86bc1700 1 -- --> [v2:172.21.15.37:3300/0,v1:172.21.15.37:6789/0] -- mon_getmap magic: 0 v1 -- 0x7f7c80079160 con 0x7f7c80102880
2024-04-25T17:09:14.395 INFO:teuthology.orchestra.run.smithi037.stdout:/usr/bin/ceph: stderr
2024-04-25T17:09:13.412+0000 7f7c8495d700 1 --2- >> [v2:172.21.15.37:3300/0,v1:172.21.15.37:6789/0] conn(0x7f7c80102880 0x7f7c80078c20 unknown :-1 s=BANNER_CONNECTING pgs=0 cs=0 l=1 rev1=0 crypto rx=0 tx=0 comp rx=0 tx=0)._handle_peer_banner_payload supported=3 required=0
2024-04-25T17:09:14.395 INFO:teuthology.orchestra.run.smithi037.stdout:/usr/bin/ceph: stderr
2024-04-25T17:09:13.412+0000 7f7c8495d700 1 --2- >> [v2:172.21.15.37:3300/0,v1:172.21.15.37:6789/0] conn(0x7f7c80102880 0x7f7c80078c20 unknown :-1 s=HELLO_CONNECTING pgs=0 cs=0 l=1 rev1=1 crypto rx=0 tx=0 comp rx=0 tx=0).handle_hello peer v2:172.21.15.37:3300/0 says I am v2:172.21.15.37:46752/0 (socket says 172.21.15.37:46752)
2024-04-25T17:09:14.395 INFO:teuthology.orchestra.run.smithi037.stdout:/usr/bin/ceph: stderr
2024-04-25T17:09:13.412+0000 7f7c8495d700 1 -- 172.21.15.37:0/3768740636 learned_addr learned my addr 172.21.15.37:0/3768740636 (peer_addr_for_me v2:172.21.15.37:0/0)
2024-04-25T17:09:14.395 INFO:teuthology.orchestra.run.smithi037.stdout:/usr/bin/ceph: stderr
2024-04-25T17:09:13.412+0000 7f7c8495d700 1 -- 172.21.15.37:0/3768740636 --> [v2:172.21.15.37:3300/0,v1:172.21.15.37:6789/0] -- mon_subscribe({config=0+,monmap=0+}) v3 -- 0x7f7c740094f0 con 0x7f7c80102880
2024-04-25T17:09:14.395 INFO:teuthology.orchestra.run.smithi037.stdout:/usr/bin/ceph: stderr
2024-04-25T17:09:13.412+0000 7f7c8495d700 1 --2- 172.21.15.37:0/3768740636 >> [v2:172.21.15.37:3300/0,v1:172.21.15.37:6789/0] conn(0x7f7c80102880 0x7f7c80078c20 secure :-1 s=READY pgs=40 cs=0 l=1 rev1=1 crypto rx=0x7f7c74000c00 tx=0x7f7c74009250 comp rx=0 tx=0).ready entity=mon.0 client_cookie=0 server_cookie=0 in_seq=0 out_seq=0
2024-04-25T17:09:14.395 INFO:teuthology.orchestra.run.smithi037.stdout:/usr/bin/ceph: stderr
2024-04-25T17:09:13.412+0000 7f7c7d7fa700 1 -- 172.21.15.37:0/3768740636 <== mon.0 v2:172.21.15.37:3300/0 1 ==== mon_map magic: 0 v1 ==== 229+0+0 (secure 0 0 0) 0x7f7c740107c0 con 0x7f7c80102880
2024-04-25T17:09:14.395 INFO:teuthology.orchestra.run.smithi037.stdout:/usr/bin/ceph: stderr
2024-04-25T17:09:13.412+0000 7f7c7d7fa700 1 -- 172.21.15.37:0/3768740636 <== mon.0 v2:172.21.15.37:3300/0 2 ==== config(27 keys) v1 ==== 1044+0+0 (secure 0 0 0) 0x7f7c74010db0 con 0x7f7c80102880
2024-04-25T17:09:14.395 INFO:teuthology.orchestra.run.smithi037.stdout:/usr/bin/ceph: stderr
2024-04-25T17:09:13.412+0000 7f7c7d7fa700 1 -- 172.21.15.37:0/3768740636 <== mon.0 v2:172.21.15.37:3300/0 3 ==== mon_map magic: 0 v1 ==== 229+0+0 (secure 0 0 0) 0x7f7c7401ad00 con 0x7f7c80102880
2024-04-25T17:09:14.395 INFO:teuthology.orchestra.run.smithi037.stdout:/usr/bin/ceph: stderr
2024-04-25T17:09:13.412+0000 7f7c86bc1700 1 -- 172.21.15.37:0/3768740636 --> [v2:172.21.15.37:3300/0,v1:172.21.15.37:6789/0] -- mon_subscribe({mgrmap=0+}) v3 -- 0x7f7c800771d0 con 0x7f7c80102880
2024-04-25T17:09:14.395 INFO:teuthology.orchestra.run.smithi037.stdout:/usr/bin/ceph: stderr
2024-04-25T17:09:13.412+0000 7f7c86bc1700 1 -- 172.21.15.37:0/3768740636 --> [v2:172.21.15.37:3300/0,v1:172.21.15.37:6789/0] -- mon_subscribe({osdmap=0}) v3 -- 0x7f7c800776c0 con 0x7f7c80102880
2024-04-25T17:09:14.396 INFO:teuthology.orchestra.run.smithi037.stdout:/usr/bin/ceph: stderr
2024-04-25T17:09:13.413+0000 7f7c7d7fa700 1 -- 172.21.15.37:0/3768740636 <== mon.0 v2:172.21.15.37:3300/0 4 ==== mgrmap(e 8) v1 ==== 43376+0+0 (secure 0 0 0) 0x7f7c74010920 con 0x7f7c80102880
2024-04-25T17:09:14.396 INFO:teuthology.orchestra.run.smithi037.stdout:/usr/bin/ceph: stderr
2024-04-25T17:09:13.413+0000 7f7c7d7fa700 1 --2- 172.21.15.37:0/3768740636 >> [v2:172.21.15.37:6800/3653320894,v1:172.21.15.37:6801/3653320894] conn(0x7f7c70036850 0x7f7c70038d00 unknown :-1 s=NONE pgs=0 cs=0 l=1 rev1=0 crypto rx=0 tx=0 comp rx=0 tx=0).connect
2024-04-25T17:09:14.396 INFO:teuthology.orchestra.run.smithi037.stdout:/usr/bin/ceph: stderr
2024-04-25T17:09:13.413+0000 7f7c86bc1700 1 -- 172.21.15.37:0/3768740636 --> [v2:172.21.15.37:3300/0,v1:172.21.15.37:6789/0] -- mon_command({"prefix": "get_command_descriptions"} v 0) v1 -- 0x7f7c8004bed0 con 0x7f7c80102880
2024-04-25T17:09:14.396 INFO:teuthology.orchestra.run.smithi037.stdout:/usr/bin/ceph: stderr
2024-04-25T17:09:13.413+0000 7f7c7d7fa700 1 -- 172.21.15.37:0/3768740636 <== mon.0 v2:172.21.15.37:3300/0 5 ==== osd_map(2..2 src has 1..2) v4 ==== 936+0+0 (secure 0 0 0) 0x7f7c7404a600 con 0x7f7c80102880
2024-04-25T17:09:14.396 INFO:teuthology.orchestra.run.smithi037.stdout:/usr/bin/ceph: stderr
2024-04-25T17:09:13.413+0000 7f7c7ffff700 1 --2- 172.21.15.37:0/3768740636 >> [v2:172.21.15.37:6800/3653320894,v1:172.21.15.37:6801/3653320894] conn(0x7f7c70036850 0x7f7c70038d00 unknown :-1 s=BANNER_CONNECTING pgs=0 cs=0 l=1 rev1=0 crypto rx=0 tx=0 comp rx=0 tx=0)._handle_peer_banner_payload supported=3 required=0
2024-04-25T17:09:14.396 INFO:teuthology.orchestra.run.smithi037.stdout:/usr/bin/ceph: stderr
2024-04-25T17:09:13.414+0000 7f7c7ffff700 1 --2- 172.21.15.37:0/3768740636 >> [v2:172.21.15.37:6800/3653320894,v1:172.21.15.37:6801/3653320894] conn(0x7f7c70036850 0x7f7c70038d00 secure :-1 s=READY pgs=9 cs=0 l=1 rev1=1 crypto rx=0x7f7c6c009990 tx=0x7f7c6c006e40 comp rx=0 tx=0).ready entity=mgr.14118 client_cookie=0 server_cookie=0 in_seq=0 out_seq=0
2024-04-25T17:09:14.396 INFO:teuthology.orchestra.run.smithi037.stdout:/usr/bin/ceph: stderr
2024-04-25T17:09:13.418+0000 7f7c7d7fa700 1 -- 172.21.15.37:0/3768740636 <== mon.0 v2:172.21.15.37:3300/0 6 ==== mon_command_ack([{"prefix": "get_command_descriptions"}]=0 v0) v1 ==== 72+0+176702 (secure 0 0 0) 0x7f7c7401a530 con 0x7f7c80102880
2024-04-25T17:09:14.396 INFO:teuthology.orchestra.run.smithi037.stdout:/usr/bin/ceph: stderr
2024-04-25T17:09:13.618+0000 7f7c86bc1700 1 -- 172.21.15.37:0/3768740636 --> [v2:172.21.15.37:6800/3653320894,v1:172.21.15.37:6801/3653320894] -- mgr_command(tid 0: {"prefix": "cephadm generate-key", "target": ["mon-mgr", ""]}) v1 -- 0x7f7c80077dd0 con 0x7f7c70036850
2024-04-25T17:09:14.396 INFO:teuthology.orchestra.run.smithi037.stdout:/usr/bin/ceph: stderr
2024-04-25T17:09:13.821+0000 7f7c7d7fa700 1 -- 172.21.15.37:0/3768740636 <== mgr.14118 v2:172.21.15.37:6800/3653320894 1 ==== mgr_command_reply(tid 0: 0 ) v1 ==== 8+0+0 (secure 0 0 0) 0x7f7c80077dd0 con 0x7f7c70036850
2024-04-25T17:09:14.396 INFO:teuthology.orchestra.run.smithi037.stdout:/usr/bin/ceph: stderr
2024-04-25T17:09:13.823+0000 7f7c86bc1700 1 -- 172.21.15.37:0/3768740636 >> [v2:172.21.15.37:6800/3653320894,v1:172.21.15.37:6801/3653320894] conn(0x7f7c70036850 msgr2=0x7f7c70038d00 secure :-1 s=STATE_CONNECTION_ESTABLISHED l=1).mark_down
2024-04-25T17:09:14.396 INFO:teuthology.orchestra.run.smithi037.stdout:/usr/bin/ceph: stderr
2024-04-25T17:09:13.823+0000 7f7c86bc1700 1 --2- 172.21.15.37:0/3768740636 >> [v2:172.21.15.37:6800/3653320894,v1:172.21.15.37:6801/3653320894] conn(0x7f7c70036850 0x7f7c70038d00 secure :-1 s=READY pgs=9 cs=0 l=1 rev1=1 crypto rx=0x7f7c6c009990 tx=0x7f7c6c006e40 comp rx=0 tx=0).stop
2024-04-25T17:09:14.396 INFO:teuthology.orchestra.run.smithi037.stdout:/usr/bin/ceph: stderr
2024-04-25T17:09:13.823+0000 7f7c86bc1700 1 -- 172.21.15.37:0/3768740636 >> [v2:172.21.15.37:3300/0,v1:172.21.15.37:6789/0] conn(0x7f7c80102880 msgr2=0x7f7c80078c20 secure :-1 s=STATE_CONNECTION_ESTABLISHED l=1).mark_down
2024-04-25T17:09:14.396 INFO:teuthology.orchestra.run.smithi037.stdout:/usr/bin/ceph: stderr
2024-04-25T17:09:13.823+0000 7f7c86bc1700 1 --2- 172.21.15.37:0/3768740636 >> [v2:172.21.15.37:3300/0,v1:172.21.15.37:6789/0] conn(0x7f7c80102880 0x7f7c80078c20 secure :-1 s=READY pgs=40 cs=0 l=1 rev1=1 crypto rx=0x7f7c74000c00 tx=0x7f7c74009250 comp rx=0 tx=0).stop
2024-04-25T17:09:14.396 INFO:teuthology.orchestra.run.smithi037.stdout:/usr/bin/ceph: stderr
2024-04-25T17:09:13.823+0000 7f7c86bc1700 1 -- 172.21.15.37:0/3768740636 shutdown_connections
2024-04-25T17:09:14.396 INFO:teuthology.orchestra.run.smithi037.stdout:/usr/bin/ceph: stderr
2024-04-25T17:09:13.824+0000 7f7c86bc1700 1 --2- 172.21.15.37:0/3768740636 >> [v2:172.21.15.37:6800/3653320894,v1:172.21.15.37:6801/3653320894] conn(0x7f7c70036850 0x7f7c70038d00 unknown :-1 s=CLOSED pgs=9 cs=0 l=1 rev1=1 crypto rx=0 tx=0 comp rx=0 tx=0).stop
2024-04-25T17:09:14.396 INFO:teuthology.orchestra.run.smithi037.stdout:/usr/bin/ceph: stderr
2024-04-25T17:09:13.824+0000 7f7c86bc1700 1 --2- 172.21.15.37:0/3768740636 >> [v2:172.21.15.37:3300/0,v1:172.21.15.37:6789/0] conn(0x7f7c80102880 0x7f7c80078c20 unknown :-1 s=CLOSED pgs=40 cs=0 l=1 rev1=1 crypto rx=0 tx=0 comp rx=0 tx=0).stop
2024-04-25T17:09:14.397 INFO:teuthology.orchestra.run.smithi037.stdout:/usr/bin/ceph: stderr
2024-04-25T17:09:13.824+0000 7f7c86bc1700 1 -- 172.21.15.37:0/3768740636 >> 172.21.15.37:0/3768740636 conn(0x7f7c800fe060 msgr2=0x7f7c800feaf0 unknown :-1 s=STATE_NONE l=0).mark_down
2024-04-25T17:09:14.397 INFO:teuthology.orchestra.run.smithi037.stdout:/usr/bin/ceph: stderr
2024-04-25T17:09:13.824+0000 7f7c86bc1700 1 -- 172.21.15.37:0/3768740636 shutdown_connections
2024-04-25T17:09:14.397 INFO:teuthology.orchestra.run.smithi037.stdout:/usr/bin/ceph: stderr
2024-04-25T17:09:13.824+0000 7f7c86bc1700 1 -- 172.21.15.37:0/3768740636 wait complete.
2024-04-25T17:09:15.001 INFO:journalctl@ceph.mon.smithi037.smithi037.stdout:Apr 25 17:09:14 smithi037 ceph-mon[26472]: from='client.14134 -' entity='client.admin' cmd=[{"prefix": "cephadm generate-key", "target": ["mon-mgr", ""]}]: dispatch
2024-04-25T17:09:15.001 INFO:journalctl@ceph.mon.smithi037.smithi037.stdout:Apr 25 17:09:14 smithi037 ceph-mon[26472]: Generating ssh key...
2024-04-25T17:09:15.002 INFO:journalctl@ceph.mon.smithi037.smithi037.stdout:Apr 25 17:09:14 smithi037 ceph-mon[26472]: from='mgr.14118 172.21.15.37:0/1694910703' entity='mgr.smithi037.txrgxl'
2024-04-25T17:09:15.002 INFO:journalctl@ceph.mon.smithi037.smithi037.stdout:Apr 25 17:09:14 smithi037 ceph-mon[26472]: from='mgr.14118 172.21.15.37:0/1694910703' entity='mgr.smithi037.txrgxl'
2024-04-25T17:09:15.549 INFO:teuthology.orchestra.run.smithi037.stdout:/usr/bin/ceph: stdout ssh-rsa AAAAB3NzaC1yc2EAAAADAQABAAABgQCqWAym/EOuZXfuHvw402aT3Wn2g1TwR0L33NU8pQwgBTmHMCmclf9RM2AZmDLSOfC24yigqHc5G+hZq2Lvvq7TBvHGP21YeI+Akzs8yOE9J6duG9aTwAhg0ruNDTXm6nvswZH2RP5kElSryJDVvPh+A+QVLppGm3Ikv4vV5vlQKqabKiwL2K6XS3JKGe9h09HYcpsfKHGU372Yl8dpAgYIOWHSwNp5O3kKsNjU05VGNPMUI/ch5zPUUIF08uGCPsNlinFHwfiMpZb1L/xwZwicgJdTAvsi82WiJUv0IGyhLQudg5/NMN/J7AeD11QURr54sr6Kl9YTL1l4TyKoZ4IQtLoeL0jAu7pTOUCFSmfiWOg2pR8sTOvTYUPpw0Ew1OawRIKoy13N9a5+WeNc6oxzfQXyfXPdLoo3LgFbQUv511+8YvxkTyqP+9YZWj8I6JQTY6usDZfy1IhSbRReRpJT4vllCmyRLM9q6arsGF7nMPSA8I+tjbzYWt1NZxN8vYM= ceph-599bb7fc-0326-11ef-bc93-c7b262605968
2024-04-25T17:09:15.549 INFO:teuthology.orchestra.run.smithi037.stdout:/usr/bin/ceph: stderr
2024-04-25T17:09:14.792+0000 7fd2cd44a700 1 Processor -- start
2024-04-25T17:09:15.549 INFO:teuthology.orchestra.run.smithi037.stdout:/usr/bin/ceph: stderr
2024-04-25T17:09:14.792+0000 7fd2cd44a700 1 -- start start
2024-04-25T17:09:15.549 INFO:teuthology.orchestra.run.smithi037.stdout:/usr/bin/ceph: stderr
2024-04-25T17:09:14.792+0000 7fd2cd44a700 1 --2- >> [v2:172.21.15.37:3300/0,v1:172.21.15.37:6789/0] conn(0x7fd2c8102880 0x7fd2c8102c90 unknown :-1 s=NONE pgs=0 cs=0 l=0 rev1=0 crypto rx=0 tx=0 comp rx=0 tx=0).connect
2024-04-25T17:09:15.549 INFO:teuthology.orchestra.run.smithi037.stdout:/usr/bin/ceph: stderr
2024-04-25T17:09:14.792+0000 7fd2cd44a700 1 -- --> [v2:172.21.15.37:3300/0,v1:172.21.15.37:6789/0] -- mon_getmap magic: 0 v1 -- 0x7fd2c81031d0 con 0x7fd2c8102880
2024-04-25T17:09:15.549 INFO:teuthology.orchestra.run.smithi037.stdout:/usr/bin/ceph: stderr
2024-04-25T17:09:14.792+0000 7fd2c6ffd700 1 --2- >> [v2:172.21.15.37:3300/0,v1:172.21.15.37:6789/0] conn(0x7fd2c8102880 0x7fd2c8102c90 unknown :-1 s=BANNER_CONNECTING pgs=0 cs=0 l=0 rev1=0 crypto rx=0 tx=0 comp rx=0 tx=0)._handle_peer_banner_payload supported=3 required=0
2024-04-25T17:09:15.549 INFO:teuthology.orchestra.run.smithi037.stdout:/usr/bin/ceph: stderr
2024-04-25T17:09:14.793+0000 7fd2c6ffd700 1 --2- >> [v2:172.21.15.37:3300/0,v1:172.21.15.37:6789/0] conn(0x7fd2c8102880 0x7fd2c8102c90 unknown :-1 s=HELLO_CONNECTING pgs=0 cs=0 l=0 rev1=1 crypto rx=0 tx=0 comp rx=0 tx=0).handle_hello peer v2:172.21.15.37:3300/0 says I am v2:172.21.15.37:46766/0 (socket says 172.21.15.37:46766)
2024-04-25T17:09:15.550 INFO:teuthology.orchestra.run.smithi037.stdout:/usr/bin/ceph: stderr
2024-04-25T17:09:14.793+0000 7fd2c6ffd700 1 -- 172.21.15.37:0/678463051 learned_addr learned my addr 172.21.15.37:0/678463051 (peer_addr_for_me v2:172.21.15.37:0/0)
2024-04-25T17:09:15.550 INFO:teuthology.orchestra.run.smithi037.stdout:/usr/bin/ceph: stderr
2024-04-25T17:09:14.793+0000 7fd2c6ffd700 1 -- 172.21.15.37:0/678463051 --> [v2:172.21.15.37:3300/0,v1:172.21.15.37:6789/0] -- mon_subscribe({config=0+,monmap=0+}) v3 -- 0x7fd2c8103310 con 0x7fd2c8102880
2024-04-25T17:09:15.550 INFO:teuthology.orchestra.run.smithi037.stdout:/usr/bin/ceph: stderr
2024-04-25T17:09:14.793+0000 7fd2c6ffd700 1 --2- 172.21.15.37:0/678463051 >> [v2:172.21.15.37:3300/0,v1:172.21.15.37:6789/0] conn(0x7fd2c8102880 0x7fd2c8102c90 secure :-1 s=READY pgs=41 cs=0 l=1 rev1=1 crypto rx=0x7fd2b80098e0 tx=0x7fd2b8009250 comp rx=0 tx=0).ready entity=mon.0 client_cookie=3df6df52bda4c9da server_cookie=0 in_seq=0 out_seq=0
2024-04-25T17:09:15.550 INFO:teuthology.orchestra.run.smithi037.stdout:/usr/bin/ceph: stderr
2024-04-25T17:09:14.793+0000 7fd2c5ffb700 1 -- 172.21.15.37:0/678463051 <== mon.0 v2:172.21.15.37:3300/0 1 ==== mon_map magic: 0 v1 ==== 229+0+0 (secure 0 0 0) 0x7fd2b800b860 con 0x7fd2c8102880
2024-04-25T17:09:15.550 INFO:teuthology.orchestra.run.smithi037.stdout:/usr/bin/ceph: stderr
2024-04-25T17:09:14.793+0000 7fd2c5ffb700 1 -- 172.21.15.37:0/678463051 <== mon.0 v2:172.21.15.37:3300/0 2 ==== config(27 keys) v1 ==== 1044+0+0 (secure 0 0 0) 0x7fd2b800be50 con 0x7fd2c8102880
2024-04-25T17:09:15.550 INFO:teuthology.orchestra.run.smithi037.stdout:/usr/bin/ceph: stderr
2024-04-25T17:09:14.793+0000 7fd2c5ffb700 1 -- 172.21.15.37:0/678463051 <== mon.0 v2:172.21.15.37:3300/0 3 ==== mon_map magic: 0 v1 ==== 229+0+0 (secure 0 0 0) 0x7fd2b8010380 con 0x7fd2c8102880
2024-04-25T17:09:15.550 INFO:teuthology.orchestra.run.smithi037.stdout:/usr/bin/ceph: stderr
2024-04-25T17:09:14.794+0000 7fd2cd44a700 1 -- 172.21.15.37:0/678463051 >> [v2:172.21.15.37:3300/0,v1:172.21.15.37:6789/0] conn(0x7fd2c8102880 msgr2=0x7fd2c8102c90 secure :-1 s=STATE_CONNECTION_ESTABLISHED l=1).mark_down
2024-04-25T17:09:15.550 INFO:teuthology.orchestra.run.smithi037.stdout:/usr/bin/ceph: stderr
2024-04-25T17:09:14.794+0000 7fd2cd44a700 1 --2- 172.21.15.37:0/678463051 >> [v2:172.21.15.37:3300/0,v1:172.21.15.37:6789/0] conn(0x7fd2c8102880 0x7fd2c8102c90 secure :-1 s=READY pgs=41 cs=0 l=1 rev1=1 crypto rx=0x7fd2b80098e0 tx=0x7fd2b8009250 comp rx=0 tx=0).stop
2024-04-25T17:09:15.550 INFO:teuthology.orchestra.run.smithi037.stdout:/usr/bin/ceph: stderr
2024-04-25T17:09:14.794+0000 7fd2cd44a700 1 -- 172.21.15.37:0/678463051 shutdown_connections
2024-04-25T17:09:15.550 INFO:teuthology.orchestra.run.smithi037.stdout:/usr/bin/ceph: stderr
2024-04-25T17:09:14.794+0000 7fd2cd44a700 1 --2- 172.21.15.37:0/678463051 >> [v2:172.21.15.37:3300/0,v1:172.21.15.37:6789/0] conn(0x7fd2c8102880 0x7fd2c8102c90 unknown :-1 s=CLOSED pgs=41 cs=0 l=1 rev1=1 crypto rx=0 tx=0 comp rx=0 tx=0).stop
2024-04-25T17:09:15.550 INFO:teuthology.orchestra.run.smithi037.stdout:/usr/bin/ceph: stderr
2024-04-25T17:09:14.794+0000 7fd2cd44a700 1 -- 172.21.15.37:0/678463051 >> 172.21.15.37:0/678463051 conn(0x7fd2c80fe060 msgr2=0x7fd2c8100470 unknown :-1 s=STATE_NONE l=0).mark_down
2024-04-25T17:09:15.550 INFO:teuthology.orchestra.run.smithi037.stdout:/usr/bin/ceph: stderr
2024-04-25T17:09:14.794+0000 7fd2cd44a700 1 -- 172.21.15.37:0/678463051 shutdown_connections
2024-04-25T17:09:15.550 INFO:teuthology.orchestra.run.smithi037.stdout:/usr/bin/ceph: stderr
2024-04-25T17:09:14.794+0000 7fd2cd44a700 1 -- 172.21.15.37:0/678463051 wait complete.
2024-04-25T17:09:15.551 INFO:teuthology.orchestra.run.smithi037.stdout:/usr/bin/ceph: stderr
2024-04-25T17:09:14.795+0000 7fd2cd44a700 1 Processor -- start
2024-04-25T17:09:15.551 INFO:teuthology.orchestra.run.smithi037.stdout:/usr/bin/ceph: stderr
2024-04-25T17:09:14.795+0000 7fd2cd44a700 1 -- start start
2024-04-25T17:09:15.551 INFO:teuthology.orchestra.run.smithi037.stdout:/usr/bin/ceph: stderr
2024-04-25T17:09:14.795+0000 7fd2cd44a700 1 --2- >> [v2:172.21.15.37:3300/0,v1:172.21.15.37:6789/0] conn(0x7fd2c8102880 0x7fd2c81115f0 unknown :-1 s=NONE pgs=0 cs=0 l=1 rev1=0 crypto rx=0 tx=0 comp rx=0 tx=0).connect
2024-04-25T17:09:15.551 INFO:teuthology.orchestra.run.smithi037.stdout:/usr/bin/ceph: stderr
2024-04-25T17:09:14.795+0000 7fd2cd44a700 1 -- --> [v2:172.21.15.37:3300/0,v1:172.21.15.37:6789/0] -- mon_getmap magic: 0 v1 -- 0x7fd2c8111b30 con 0x7fd2c8102880
2024-04-25T17:09:15.551 INFO:teuthology.orchestra.run.smithi037.stdout:/usr/bin/ceph: stderr
2024-04-25T17:09:14.795+0000 7fd2c6ffd700 1 --2- >> [v2:172.21.15.37:3300/0,v1:172.21.15.37:6789/0] conn(0x7fd2c8102880 0x7fd2c81115f0 unknown :-1 s=BANNER_CONNECTING pgs=0 cs=0 l=1 rev1=0 crypto rx=0 tx=0 comp rx=0 tx=0)._handle_peer_banner_payload supported=3 required=0
2024-04-25T17:09:15.551 INFO:teuthology.orchestra.run.smithi037.stdout:/usr/bin/ceph: stderr
2024-04-25T17:09:14.795+0000 7fd2c6ffd700 1 --2- >> [v2:172.21.15.37:3300/0,v1:172.21.15.37:6789/0] conn(0x7fd2c8102880 0x7fd2c81115f0 unknown :-1 s=HELLO_CONNECTING pgs=0 cs=0 l=1 rev1=1 crypto rx=0 tx=0 comp rx=0 tx=0).handle_hello peer v2:172.21.15.37:3300/0 says I am v2:172.21.15.37:46782/0 (socket says 172.21.15.37:46782)
2024-04-25T17:09:15.551 INFO:teuthology.orchestra.run.smithi037.stdout:/usr/bin/ceph: stderr
2024-04-25T17:09:14.795+0000 7fd2c6ffd700 1 -- 172.21.15.37:0/1229641713 learned_addr learned my addr 172.21.15.37:0/1229641713 (peer_addr_for_me v2:172.21.15.37:0/0)
2024-04-25T17:09:15.551 INFO:teuthology.orchestra.run.smithi037.stdout:/usr/bin/ceph: stderr
2024-04-25T17:09:14.795+0000 7fd2c6ffd700 1 -- 172.21.15.37:0/1229641713 --> [v2:172.21.15.37:3300/0,v1:172.21.15.37:6789/0] -- mon_subscribe({config=0+,monmap=0+}) v3 -- 0x7fd2b80094f0 con 0x7fd2c8102880
2024-04-25T17:09:15.551 INFO:teuthology.orchestra.run.smithi037.stdout:/usr/bin/ceph: stderr
2024-04-25T17:09:14.796+0000 7fd2c6ffd700 1 --2- 172.21.15.37:0/1229641713 >> [v2:172.21.15.37:3300/0,v1:172.21.15.37:6789/0] conn(0x7fd2c8102880 0x7fd2c81115f0 secure :-1 s=READY pgs=42 cs=0 l=1 rev1=1 crypto rx=0x7fd2b800b440 tx=0x7fd2b8009250 comp rx=0 tx=0).ready entity=mon.0 client_cookie=0 server_cookie=0 in_seq=0 out_seq=0
2024-04-25T17:09:15.551 INFO:teuthology.orchestra.run.smithi037.stdout:/usr/bin/ceph: stderr
2024-04-25T17:09:14.796+0000 7fd2af7fe700 1 -- 172.21.15.37:0/1229641713 <== mon.0 v2:172.21.15.37:3300/0 1 ==== mon_map magic: 0 v1 ==== 229+0+0 (secure 0 0 0) 0x7fd2b8010760 con 0x7fd2c8102880
2024-04-25T17:09:15.551 INFO:teuthology.orchestra.run.smithi037.stdout:/usr/bin/ceph: stderr
2024-04-25T17:09:14.796+0000 7fd2af7fe700 1 -- 172.21.15.37:0/1229641713 <== mon.0 v2:172.21.15.37:3300/0 2 ==== config(27 keys) v1 ==== 1044+0+0 (secure 0 0 0) 0x7fd2b8010d50 con 0x7fd2c8102880
2024-04-25T17:09:15.551 INFO:teuthology.orchestra.run.smithi037.stdout:/usr/bin/ceph: stderr
2024-04-25T17:09:14.796+0000 7fd2cd44a700 1 -- 172.21.15.37:0/1229641713 --> [v2:172.21.15.37:3300/0,v1:172.21.15.37:6789/0] -- mon_subscribe({mgrmap=0+}) v3 -- 0x7fd2c8111d30 con 0x7fd2c8102880
2024-04-25T17:09:15.551 INFO:teuthology.orchestra.run.smithi037.stdout:/usr/bin/ceph: stderr
2024-04-25T17:09:14.796+0000 7fd2af7fe700 1 -- 172.21.15.37:0/1229641713 <== mon.0 v2:172.21.15.37:3300/0 3 ==== mon_map magic: 0 v1 ==== 229+0+0 (secure 0 0 0) 0x7fd2b801ae20 con 0x7fd2c8102880
2024-04-25T17:09:15.551 INFO:teuthology.orchestra.run.smithi037.stdout:/usr/bin/ceph: stderr
2024-04-25T17:09:14.796+0000 7fd2cd44a700 1 -- 172.21.15.37:0/1229641713 --> [v2:172.21.15.37:3300/0,v1:172.21.15.37:6789/0] -- mon_subscribe({osdmap=0}) v3 -- 0x7fd2c81128a0 con 0x7fd2c8102880
2024-04-25T17:09:15.551 INFO:teuthology.orchestra.run.smithi037.stdout:/usr/bin/ceph: stderr
2024-04-25T17:09:14.797+0000 7fd2af7fe700 1 -- 172.21.15.37:0/1229641713 <== mon.0 v2:172.21.15.37:3300/0 4 ==== mgrmap(e 8) v1 ==== 43376+0+0 (secure 0 0 0) 0x7fd2b802e440 con 0x7fd2c8102880
2024-04-25T17:09:15.552 INFO:teuthology.orchestra.run.smithi037.stdout:/usr/bin/ceph: stderr
2024-04-25T17:09:14.797+0000 7fd2af7fe700 1 --2- 172.21.15.37:0/1229641713 >> [v2:172.21.15.37:6800/3653320894,v1:172.21.15.37:6801/3653320894] conn(0x7fd2b00368a0 0x7fd2b0038d50 unknown :-1 s=NONE pgs=0 cs=0 l=1 rev1=0 crypto rx=0 tx=0 comp rx=0 tx=0).connect
2024-04-25T17:09:15.552 INFO:teuthology.orchestra.run.smithi037.stdout:/usr/bin/ceph: stderr
2024-04-25T17:09:14.797+0000 7fd2cd44a700 1 -- 172.21.15.37:0/1229641713 --> [v2:172.21.15.37:3300/0,v1:172.21.15.37:6789/0] -- mon_command({"prefix": "get_command_descriptions"} v 0) v1 -- 0x7fd2c805f5c0 con 0x7fd2c8102880
2024-04-25T17:09:15.552 INFO:teuthology.orchestra.run.smithi037.stdout:/usr/bin/ceph: stderr
2024-04-25T17:09:14.797+0000 7fd2af7fe700 1 -- 172.21.15.37:0/1229641713 <== mon.0 v2:172.21.15.37:3300/0 5 ==== osd_map(2..2 src has 1..2) v4 ==== 936+0+0 (secure 0 0 0) 0x7fd2b804a6a0 con 0x7fd2c8102880
2024-04-25T17:09:15.552 INFO:teuthology.orchestra.run.smithi037.stdout:/usr/bin/ceph: stderr
2024-04-25T17:09:14.797+0000 7fd2c67fc700 1 --2- 172.21.15.37:0/1229641713 >> [v2:172.21.15.37:6800/3653320894,v1:172.21.15.37:6801/3653320894] conn(0x7fd2b00368a0 0x7fd2b0038d50 unknown :-1 s=BANNER_CONNECTING pgs=0 cs=0 l=1 rev1=0 crypto rx=0 tx=0 comp rx=0 tx=0)._handle_peer_banner_payload supported=3 required=0
2024-04-25T17:09:15.552 INFO:teuthology.orchestra.run.smithi037.stdout:/usr/bin/ceph: stderr
2024-04-25T17:09:14.797+0000 7fd2c67fc700 1 --2- 172.21.15.37:0/1229641713 >> [v2:172.21.15.37:6800/3653320894,v1:172.21.15.37:6801/3653320894] conn(0x7fd2b00368a0 0x7fd2b0038d50 secure :-1 s=READY pgs=10 cs=0 l=1 rev1=1 crypto rx=0x7fd2bc009990 tx=0x7fd2bc006e40 comp rx=0 tx=0).ready entity=mgr.14118 client_cookie=0 server_cookie=0 in_seq=0 out_seq=0
2024-04-25T17:09:15.552 INFO:teuthology.orchestra.run.smithi037.stdout:/usr/bin/ceph: stderr
2024-04-25T17:09:14.802+0000 7fd2af7fe700 1 -- 172.21.15.37:0/1229641713 <== mon.0 v2:172.21.15.37:3300/0 6 ==== mon_command_ack([{"prefix": "get_command_descriptions"}]=0 v0) v1 ==== 72+0+176702 (secure 0 0 0) 0x7fd2b8023ce0 con 0x7fd2c8102880
2024-04-25T17:09:15.552 INFO:teuthology.orchestra.run.smithi037.stdout:/usr/bin/ceph: stderr
2024-04-25T17:09:15.001+0000 7fd2cd44a700 1 -- 172.21.15.37:0/1229641713 --> [v2:172.21.15.37:6800/3653320894,v1:172.21.15.37:6801/3653320894] -- mgr_command(tid 0: {"prefix": "cephadm get-pub-key", "target": ["mon-mgr", ""]}) v1 -- 0x7fd2c80ff200 con 0x7fd2b00368a0
2024-04-25T17:09:15.552 INFO:teuthology.orchestra.run.smithi037.stdout:/usr/bin/ceph: stderr
2024-04-25T17:09:15.002+0000 7fd2af7fe700 1 -- 172.21.15.37:0/1229641713 <== mgr.14118 v2:172.21.15.37:6800/3653320894 1 ==== mgr_command_reply(tid 0: 0 ) v1 ==== 8+0+595 (secure 0 0 0) 0x7fd2c80ff200 con 0x7fd2b00368a0
2024-04-25T17:09:15.552 INFO:teuthology.orchestra.run.smithi037.stdout:/usr/bin/ceph: stderr
2024-04-25T17:09:15.004+0000 7fd2cd44a700 1 -- 172.21.15.37:0/1229641713 >> [v2:172.21.15.37:6800/3653320894,v1:172.21.15.37:6801/3653320894] conn(0x7fd2b00368a0 msgr2=0x7fd2b0038d50 secure :-1 s=STATE_CONNECTION_ESTABLISHED l=1).mark_down
2024-04-25T17:09:15.552 INFO:teuthology.orchestra.run.smithi037.stdout:/usr/bin/ceph: stderr
2024-04-25T17:09:15.004+0000 7fd2cd44a700 1 --2- 172.21.15.37:0/1229641713 >> [v2:172.21.15.37:6800/3653320894,v1:172.21.15.37:6801/3653320894] conn(0x7fd2b00368a0 0x7fd2b0038d50 secure :-1 s=READY pgs=10 cs=0 l=1 rev1=1 crypto rx=0x7fd2bc009990 tx=0x7fd2bc006e40 comp rx=0 tx=0).stop
2024-04-25T17:09:15.552 INFO:teuthology.orchestra.run.smithi037.stdout:/usr/bin/ceph: stderr
2024-04-25T17:09:15.004+0000 7fd2cd44a700 1 -- 172.21.15.37:0/1229641713 >> [v2:172.21.15.37:3300/0,v1:172.21.15.37:6789/0] conn(0x7fd2c8102880 msgr2=0x7fd2c81115f0 secure :-1 s=STATE_CONNECTION_ESTABLISHED l=1).mark_down
2024-04-25T17:09:15.552 INFO:teuthology.orchestra.run.smithi037.stdout:/usr/bin/ceph: stderr
2024-04-25T17:09:15.004+0000 7fd2cd44a700 1 --2- 172.21.15.37:0/1229641713 >> [v2:172.21.15.37:3300/0,v1:172.21.15.37:6789/0] conn(0x7fd2c8102880 0x7fd2c81115f0 secure :-1 s=READY pgs=42 cs=0 l=1 rev1=1 crypto rx=0x7fd2b800b440 tx=0x7fd2b8009250 comp rx=0 tx=0).stop
2024-04-25T17:09:15.552 INFO:teuthology.orchestra.run.smithi037.stdout:/usr/bin/ceph: stderr
2024-04-25T17:09:15.004+0000 7fd2cd44a700 1 -- 172.21.15.37:0/1229641713 shutdown_connections
2024-04-25T17:09:15.552 INFO:teuthology.orchestra.run.smithi037.stdout:/usr/bin/ceph: stderr
2024-04-25T17:09:15.004+0000 7fd2cd44a700 1 --2- 172.21.15.37:0/1229641713 >> [v2:172.21.15.37:6800/3653320894,v1:172.21.15.37:6801/3653320894] conn(0x7fd2b00368a0 0x7fd2b0038d50 unknown :-1 s=CLOSED pgs=10 cs=0 l=1 rev1=1 crypto rx=0 tx=0 comp rx=0 tx=0).stop
2024-04-25T17:09:15.553 INFO:teuthology.orchestra.run.smithi037.stdout:/usr/bin/ceph: stderr
2024-04-25T17:09:15.004+0000 7fd2cd44a700 1 --2- 172.21.15.37:0/1229641713 >> [v2:172.21.15.37:3300/0,v1:172.21.15.37:6789/0] conn(0x7fd2c8102880 0x7fd2c81115f0 unknown :-1 s=CLOSED pgs=42 cs=0 l=1 rev1=1 crypto rx=0 tx=0 comp rx=0 tx=0).stop
2024-04-25T17:09:15.553 INFO:teuthology.orchestra.run.smithi037.stdout:/usr/bin/ceph: stderr
2024-04-25T17:09:15.004+0000 7fd2cd44a700 1 -- 172.21.15.37:0/1229641713 >> 172.21.15.37:0/1229641713 conn(0x7fd2c80fe060 msgr2=0x7fd2c80feaf0 unknown :-1 s=STATE_NONE l=0).mark_down
2024-04-25T17:09:15.553 INFO:teuthology.orchestra.run.smithi037.stdout:/usr/bin/ceph: stderr
2024-04-25T17:09:15.004+0000 7fd2cd44a700 1 -- 172.21.15.37:0/1229641713 shutdown_connections
2024-04-25T17:09:15.553 INFO:teuthology.orchestra.run.smithi037.stdout:/usr/bin/ceph: stderr
2024-04-25T17:09:15.004+0000 7fd2cd44a700 1 -- 172.21.15.37:0/1229641713 wait complete.
2024-04-25T17:09:15.553 INFO:teuthology.orchestra.run.smithi037.stdout:Wrote public SSH key to /home/ubuntu/cephtest/ceph.pub
2024-04-25T17:09:15.553 INFO:teuthology.orchestra.run.smithi037.stdout:Adding key to root@localhost authorized_keys...
2024-04-25T17:09:15.553 INFO:teuthology.orchestra.run.smithi037.stdout:Adding host smithi037...
2024-04-25T17:09:16.070 INFO:journalctl@ceph.mon.smithi037.smithi037.stdout:Apr 25 17:09:15 smithi037 ceph-mon[26472]: from='client.14136 -' entity='client.admin' cmd=[{"prefix": "cephadm get-pub-key", "target": ["mon-mgr", ""]}]: dispatch
2024-04-25T17:09:17.063 INFO:journalctl@ceph.mon.smithi037.smithi037.stdout:Apr 25 17:09:16 smithi037 ceph-mon[26472]: from='client.14138 -' entity='client.admin' cmd=[{"prefix": "orch host add", "hostname": "smithi037", "addr": "172.21.15.37", "target": ["mon-mgr", ""]}]: dispatch
2024-04-25T17:09:17.820 INFO:journalctl@ceph.mon.smithi037.smithi037.stdout:Apr 25 17:09:17 smithi037 ceph-mon[26472]: Deploying cephadm binary to smithi037
2024-04-25T17:09:18.615 INFO:teuthology.orchestra.run.smithi037.stdout:/usr/bin/ceph: stdout Added host 'smithi037' with addr '172.21.15.37'
2024-04-25T17:09:18.615 INFO:teuthology.orchestra.run.smithi037.stdout:/usr/bin/ceph: stderr
2024-04-25T17:09:15.964+0000 7fe43b3e7700 1 Processor -- start
2024-04-25T17:09:18.615 INFO:teuthology.orchestra.run.smithi037.stdout:/usr/bin/ceph: stderr
2024-04-25T17:09:15.964+0000 7fe43b3e7700 1 -- start start
2024-04-25T17:09:18.615 INFO:teuthology.orchestra.run.smithi037.stdout:/usr/bin/ceph: stderr
2024-04-25T17:09:15.965+0000 7fe43b3e7700 1 --2- >> [v2:172.21.15.37:3300/0,v1:172.21.15.37:6789/0] conn(0x7fe434076c20 0x7fe434107840 unknown :-1 s=NONE pgs=0 cs=0 l=0 rev1=0 crypto rx=0 tx=0 comp rx=0 tx=0).connect
2024-04-25T17:09:18.615 INFO:teuthology.orchestra.run.smithi037.stdout:/usr/bin/ceph: stderr
2024-04-25T17:09:15.965+0000 7fe43b3e7700 1 -- --> [v2:172.21.15.37:3300/0,v1:172.21.15.37:6789/0] -- mon_getmap magic: 0 v1 -- 0x7fe434103230 con 0x7fe434076c20
2024-04-25T17:09:18.615 INFO:teuthology.orchestra.run.smithi037.stdout:/usr/bin/ceph: stderr
2024-04-25T17:09:15.965+0000 7fe439183700 1 --2- >> [v2:172.21.15.37:3300/0,v1:172.21.15.37:6789/0] conn(0x7fe434076c20 0x7fe434107840 unknown :-1 s=BANNER_CONNECTING pgs=0 cs=0 l=0 rev1=0 crypto rx=0 tx=0 comp rx=0 tx=0)._handle_peer_banner_payload supported=3 required=0
2024-04-25T17:09:18.616 INFO:teuthology.orchestra.run.smithi037.stdout:/usr/bin/ceph: stderr
2024-04-25T17:09:15.965+0000 7fe439183700 1 --2- >> [v2:172.21.15.37:3300/0,v1:172.21.15.37:6789/0] conn(0x7fe434076c20 0x7fe434107840 unknown :-1 s=HELLO_CONNECTING pgs=0 cs=0 l=0 rev1=1 crypto rx=0 tx=0 comp rx=0 tx=0).handle_hello peer v2:172.21.15.37:3300/0 says I am v2:172.21.15.37:46790/0 (socket says 172.21.15.37:46790)
2024-04-25T17:09:18.616 INFO:teuthology.orchestra.run.smithi037.stdout:/usr/bin/ceph: stderr
2024-04-25T17:09:15.965+0000 7fe439183700 1 -- 172.21.15.37:0/1118140260 learned_addr learned my addr 172.21.15.37:0/1118140260 (peer_addr_for_me v2:172.21.15.37:0/0)
2024-04-25T17:09:18.616 INFO:teuthology.orchestra.run.smithi037.stdout:/usr/bin/ceph: stderr
2024-04-25T17:09:15.965+0000 7fe439183700 1 -- 172.21.15.37:0/1118140260 --> [v2:172.21.15.37:3300/0,v1:172.21.15.37:6789/0] -- mon_subscribe({config=0+,monmap=0+}) v3 -- 0x7fe434107d80 con 0x7fe434076c20
2024-04-25T17:09:18.616 INFO:teuthology.orchestra.run.smithi037.stdout:/usr/bin/ceph: stderr
2024-04-25T17:09:15.965+0000 7fe439183700 1 --2- 172.21.15.37:0/1118140260 >> [v2:172.21.15.37:3300/0,v1:172.21.15.37:6789/0] conn(0x7fe434076c20 0x7fe434107840 secure :-1 s=READY pgs=43 cs=0 l=1 rev1=1 crypto rx=0x7fe4280098e0 tx=0x7fe428009250 comp rx=0 tx=0).ready entity=mon.0 client_cookie=59cf650f16ab460e server_cookie=0 in_seq=0 out_seq=0
2024-04-25T17:09:18.616 INFO:teuthology.orchestra.run.smithi037.stdout:/usr/bin/ceph: stderr
2024-04-25T17:09:15.965+0000 7fe427fff700 1 -- 172.21.15.37:0/1118140260 <== mon.0 v2:172.21.15.37:3300/0 1 ==== mon_map magic: 0 v1 ==== 229+0+0 (secure 0 0 0) 0x7fe42800b860 con 0x7fe434076c20
2024-04-25T17:09:18.616 INFO:teuthology.orchestra.run.smithi037.stdout:/usr/bin/ceph: stderr
2024-04-25T17:09:15.965+0000 7fe427fff700 1 -- 172.21.15.37:0/1118140260 <== mon.0 v2:172.21.15.37:3300/0 2 ==== config(27 keys) v1 ==== 1044+0+0 (secure 0 0 0) 0x7fe42800be50 con 0x7fe434076c20
2024-04-25T17:09:18.616 INFO:teuthology.orchestra.run.smithi037.stdout:/usr/bin/ceph: stderr
2024-04-25T17:09:15.965+0000 7fe427fff700 1 -- 172.21.15.37:0/1118140260 <== mon.0 v2:172.21.15.37:3300/0 3 ==== mon_map magic: 0 v1 ==== 229+0+0 (secure 0 0 0) 0x7fe428010380 con 0x7fe434076c20
2024-04-25T17:09:18.616 INFO:teuthology.orchestra.run.smithi037.stdout:/usr/bin/ceph: stderr
2024-04-25T17:09:15.966+0000 7fe43b3e7700 1 -- 172.21.15.37:0/1118140260 >> [v2:172.21.15.37:3300/0,v1:172.21.15.37:6789/0] conn(0x7fe434076c20 msgr2=0x7fe434107840 secure :-1 s=STATE_CONNECTION_ESTABLISHED l=1).mark_down
2024-04-25T17:09:18.616 INFO:teuthology.orchestra.run.smithi037.stdout:/usr/bin/ceph: stderr
2024-04-25T17:09:15.966+0000 7fe43b3e7700 1 --2- 172.21.15.37:0/1118140260 >> [v2:172.21.15.37:3300/0,v1:172.21.15.37:6789/0] conn(0x7fe434076c20 0x7fe434107840 secure :-1 s=READY pgs=43 cs=0 l=1 rev1=1 crypto rx=0x7fe4280098e0 tx=0x7fe428009250 comp rx=0 tx=0).stop
2024-04-25T17:09:18.616 INFO:teuthology.orchestra.run.smithi037.stdout:/usr/bin/ceph: stderr
2024-04-25T17:09:15.966+0000 7fe43b3e7700 1 -- 172.21.15.37:0/1118140260 shutdown_connections
2024-04-25T17:09:18.616 INFO:teuthology.orchestra.run.smithi037.stdout:/usr/bin/ceph: stderr
2024-04-25T17:09:15.966+0000 7fe43b3e7700 1 --2- 172.21.15.37:0/1118140260 >> [v2:172.21.15.37:3300/0,v1:172.21.15.37:6789/0] conn(0x7fe434076c20 0x7fe434107840 unknown :-1 s=CLOSED pgs=43 cs=0 l=1 rev1=1 crypto rx=0 tx=0 comp rx=0 tx=0).stop
2024-04-25T17:09:18.616 INFO:teuthology.orchestra.run.smithi037.stdout:/usr/bin/ceph: stderr
2024-04-25T17:09:15.966+0000 7fe43b3e7700 1 -- 172.21.15.37:0/1118140260 >> 172.21.15.37:0/1118140260 conn(0x7fe4340fced0 msgr2=0x7fe4340ff2e0 unknown :-1 s=STATE_NONE l=0).mark_down
2024-04-25T17:09:18.616 INFO:teuthology.orchestra.run.smithi037.stdout:/usr/bin/ceph: stderr
2024-04-25T17:09:15.966+0000 7fe43b3e7700 1 -- 172.21.15.37:0/1118140260 shutdown_connections
2024-04-25T17:09:18.616 INFO:teuthology.orchestra.run.smithi037.stdout:/usr/bin/ceph: stderr
2024-04-25T17:09:15.966+0000 7fe43b3e7700 1 -- 172.21.15.37:0/1118140260 wait complete.
2024-04-25T17:09:18.617 INFO:teuthology.orchestra.run.smithi037.stdout:/usr/bin/ceph: stderr
2024-04-25T17:09:15.967+0000 7fe43b3e7700 1 Processor -- start
2024-04-25T17:09:18.617 INFO:teuthology.orchestra.run.smithi037.stdout:/usr/bin/ceph: stderr
2024-04-25T17:09:15.967+0000 7fe43b3e7700 1 -- start start
2024-04-25T17:09:18.617 INFO:teuthology.orchestra.run.smithi037.stdout:/usr/bin/ceph: stderr
2024-04-25T17:09:15.967+0000 7fe43b3e7700 1 --2- >> [v2:172.21.15.37:3300/0,v1:172.21.15.37:6789/0] conn(0x7fe434076c20 0x7fe4341137d0 unknown :-1 s=NONE pgs=0 cs=0 l=1 rev1=0 crypto rx=0 tx=0 comp rx=0 tx=0).connect
2024-04-25T17:09:18.617 INFO:teuthology.orchestra.run.smithi037.stdout:/usr/bin/ceph: stderr
2024-04-25T17:09:15.967+0000 7fe43b3e7700 1 -- --> [v2:172.21.15.37:3300/0,v1:172.21.15.37:6789/0] -- mon_getmap magic: 0 v1 -- 0x7fe434113d10 con 0x7fe434076c20
2024-04-25T17:09:18.617 INFO:teuthology.orchestra.run.smithi037.stdout:/usr/bin/ceph: stderr
2024-04-25T17:09:15.967+0000 7fe439183700 1 --2- >> [v2:172.21.15.37:3300/0,v1:172.21.15.37:6789/0] conn(0x7fe434076c20 0x7fe4341137d0 unknown :-1 s=BANNER_CONNECTING pgs=0 cs=0 l=1 rev1=0 crypto rx=0 tx=0 comp rx=0 tx=0)._handle_peer_banner_payload supported=3 required=0
2024-04-25T17:09:18.617 INFO:teuthology.orchestra.run.smithi037.stdout:/usr/bin/ceph: stderr
2024-04-25T17:09:15.967+0000 7fe439183700 1 --2- >> [v2:172.21.15.37:3300/0,v1:172.21.15.37:6789/0] conn(0x7fe434076c20 0x7fe4341137d0 unknown :-1 s=HELLO_CONNECTING pgs=0 cs=0 l=1 rev1=1 crypto rx=0 tx=0 comp rx=0 tx=0).handle_hello peer v2:172.21.15.37:3300/0 says I am v2:172.21.15.37:46804/0 (socket says 172.21.15.37:46804)
2024-04-25T17:09:18.617 INFO:teuthology.orchestra.run.smithi037.stdout:/usr/bin/ceph: stderr
2024-04-25T17:09:15.967+0000 7fe439183700 1 -- 172.21.15.37:0/4091659829 learned_addr learned my addr 172.21.15.37:0/4091659829 (peer_addr_for_me v2:172.21.15.37:0/0)
2024-04-25T17:09:18.617 INFO:teuthology.orchestra.run.smithi037.stdout:/usr/bin/ceph: stderr
2024-04-25T17:09:15.967+0000 7fe439183700 1 -- 172.21.15.37:0/4091659829 --> [v2:172.21.15.37:3300/0,v1:172.21.15.37:6789/0] -- mon_subscribe({config=0+,monmap=0+}) v3 -- 0x7fe4280094f0 con 0x7fe434076c20
2024-04-25T17:09:18.617 INFO:teuthology.orchestra.run.smithi037.stdout:/usr/bin/ceph: stderr
2024-04-25T17:09:15.967+0000 7fe439183700 1 --2- 172.21.15.37:0/4091659829 >> [v2:172.21.15.37:3300/0,v1:172.21.15.37:6789/0] conn(0x7fe434076c20 0x7fe4341137d0 secure :-1 s=READY pgs=44 cs=0 l=1 rev1=1 crypto rx=0x7fe428006b00 tx=0x7fe428009250 comp rx=0 tx=0).ready entity=mon.0 client_cookie=0 server_cookie=0 in_seq=0 out_seq=0
2024-04-25T17:09:18.617 INFO:teuthology.orchestra.run.smithi037.stdout:/usr/bin/ceph: stderr
2024-04-25T17:09:15.968+0000 7fe425ffb700 1 -- 172.21.15.37:0/4091659829 <== mon.0 v2:172.21.15.37:3300/0 1 ==== mon_map magic: 0 v1 ==== 229+0+0 (secure 0 0 0) 0x7fe4280107c0 con 0x7fe434076c20
2024-04-25T17:09:18.617 INFO:teuthology.orchestra.run.smithi037.stdout:/usr/bin/ceph: stderr
2024-04-25T17:09:15.968+0000 7fe425ffb700 1 -- 172.21.15.37:0/4091659829 <== mon.0 v2:172.21.15.37:3300/0 2 ==== config(27 keys) v1 ==== 1044+0+0 (secure 0 0 0) 0x7fe428010db0 con 0x7fe434076c20
2024-04-25T17:09:18.617 INFO:teuthology.orchestra.run.smithi037.stdout:/usr/bin/ceph: stderr
2024-04-25T17:09:15.968+0000 7fe43b3e7700 1 -- 172.21.15.37:0/4091659829 --> [v2:172.21.15.37:3300/0,v1:172.21.15.37:6789/0] -- mon_subscribe({mgrmap=0+}) v3 -- 0x7fe434113f10 con 0x7fe434076c20
2024-04-25T17:09:18.617 INFO:teuthology.orchestra.run.smithi037.stdout:/usr/bin/ceph: stderr
2024-04-25T17:09:15.968+0000 7fe425ffb700 1 -- 172.21.15.37:0/4091659829 <== mon.0 v2:172.21.15.37:3300/0 3 ==== mon_map magic: 0 v1 ==== 229+0+0 (secure 0 0 0) 0x7fe42801acf0 con 0x7fe434076c20
2024-04-25T17:09:18.617 INFO:teuthology.orchestra.run.smithi037.stdout:/usr/bin/ceph: stderr
2024-04-25T17:09:15.968+0000 7fe43b3e7700 1 -- 172.21.15.37:0/4091659829 --> [v2:172.21.15.37:3300/0,v1:172.21.15.37:6789/0] -- mon_subscribe({osdmap=0}) v3 -- 0x7fe434114a80 con 0x7fe434076c20
2024-04-25T17:09:18.618 INFO:teuthology.orchestra.run.smithi037.stdout:/usr/bin/ceph: stderr
2024-04-25T17:09:15.969+0000 7fe425ffb700 1 -- 172.21.15.37:0/4091659829 <== mon.0 v2:172.21.15.37:3300/0 4 ==== mgrmap(e 8) v1 ==== 43376+0+0 (secure 0 0 0) 0x7fe428010920 con 0x7fe434076c20
2024-04-25T17:09:18.618 INFO:teuthology.orchestra.run.smithi037.stdout:/usr/bin/ceph: stderr
2024-04-25T17:09:15.969+0000 7fe43b3e7700 1 -- 172.21.15.37:0/4091659829 --> [v2:172.21.15.37:3300/0,v1:172.21.15.37:6789/0] -- mon_command({"prefix": "get_command_descriptions"} v 0) v1 -- 0x7fe43405f5c0 con 0x7fe434076c20
2024-04-25T17:09:18.618 INFO:teuthology.orchestra.run.smithi037.stdout:/usr/bin/ceph: stderr
2024-04-25T17:09:15.969+0000 7fe425ffb700 1 --2- 172.21.15.37:0/4091659829 >> [v2:172.21.15.37:6800/3653320894,v1:172.21.15.37:6801/3653320894] conn(0x7fe4200368a0 0x7fe420038d50 unknown :-1 s=NONE pgs=0 cs=0 l=1 rev1=0 crypto rx=0 tx=0 comp rx=0 tx=0).connect
2024-04-25T17:09:18.618 INFO:teuthology.orchestra.run.smithi037.stdout:/usr/bin/ceph: stderr
2024-04-25T17:09:15.969+0000 7fe425ffb700 1 -- 172.21.15.37:0/4091659829 <== mon.0 v2:172.21.15.37:3300/0 5 ==== osd_map(2..2 src has 1..2) v4 ==== 936+0+0 (secure 0 0 0) 0x7fe42804a590 con 0x7fe434076c20
2024-04-25T17:09:18.618 INFO:teuthology.orchestra.run.smithi037.stdout:/usr/bin/ceph: stderr
2024-04-25T17:09:15.969+0000 7fe438982700 1 --2- 172.21.15.37:0/4091659829 >> [v2:172.21.15.37:6800/3653320894,v1:172.21.15.37:6801/3653320894] conn(0x7fe4200368a0 0x7fe420038d50 unknown :-1 s=BANNER_CONNECTING pgs=0 cs=0 l=1 rev1=0 crypto rx=0 tx=0 comp rx=0 tx=0)._handle_peer_banner_payload supported=3 required=0
2024-04-25T17:09:18.618 INFO:teuthology.orchestra.run.smithi037.stdout:/usr/bin/ceph: stderr
2024-04-25T17:09:15.970+0000 7fe438982700 1 --2- 172.21.15.37:0/4091659829 >> [v2:172.21.15.37:6800/3653320894,v1:172.21.15.37:6801/3653320894] conn(0x7fe4200368a0 0x7fe420038d50 secure :-1 s=READY pgs=11 cs=0 l=1 rev1=1 crypto rx=0x7fe430009990 tx=0x7fe430006e40 comp rx=0 tx=0).ready entity=mgr.14118 client_cookie=0 server_cookie=0 in_seq=0 out_seq=0
2024-04-25T17:09:18.618 INFO:teuthology.orchestra.run.smithi037.stdout:/usr/bin/ceph: stderr
2024-04-25T17:09:15.974+0000 7fe425ffb700 1 -- 172.21.15.37:0/4091659829 <== mon.0 v2:172.21.15.37:3300/0 6 ==== mon_command_ack([{"prefix": "get_command_descriptions"}]=0 v0) v1 ==== 72+0+176702 (secure 0 0 0) 0x7fe42801a530 con 0x7fe434076c20
2024-04-25T17:09:18.618 INFO:teuthology.orchestra.run.smithi037.stdout:/usr/bin/ceph: stderr
2024-04-25T17:09:16.172+0000 7fe43b3e7700 1 -- 172.21.15.37:0/4091659829 --> [v2:172.21.15.37:6800/3653320894,v1:172.21.15.37:6801/3653320894] -- mgr_command(tid 0: {"prefix": "orch host add", "hostname": "smithi037", "addr": "172.21.15.37", "target": ["mon-mgr", ""]}) v1 -- 0x7fe4340fe090 con 0x7fe4200368a0
2024-04-25T17:09:18.618 INFO:teuthology.orchestra.run.smithi037.stdout:/usr/bin/ceph: stderr
2024-04-25T17:09:18.059+0000 7fe425ffb700 1 -- 172.21.15.37:0/4091659829 <== mgr.14118 v2:172.21.15.37:6800/3653320894 1 ==== mgr_command_reply(tid 0: 0 ) v1 ==== 8+0+48 (secure 0 0 0) 0x7fe4340fe090 con 0x7fe4200368a0
2024-04-25T17:09:18.618 INFO:teuthology.orchestra.run.smithi037.stdout:/usr/bin/ceph: stderr
2024-04-25T17:09:18.061+0000 7fe43b3e7700 1 -- 172.21.15.37:0/4091659829 >> [v2:172.21.15.37:6800/3653320894,v1:172.21.15.37:6801/3653320894] conn(0x7fe4200368a0 msgr2=0x7fe420038d50 secure :-1 s=STATE_CONNECTION_ESTABLISHED l=1).mark_down
2024-04-25T17:09:18.618 INFO:teuthology.orchestra.run.smithi037.stdout:/usr/bin/ceph: stderr
2024-04-25T17:09:18.061+0000 7fe43b3e7700 1 --2- 172.21.15.37:0/4091659829 >> [v2:172.21.15.37:6800/3653320894,v1:172.21.15.37:6801/3653320894] conn(0x7fe4200368a0 0x7fe420038d50 secure :-1 s=READY pgs=11 cs=0 l=1 rev1=1 crypto rx=0x7fe430009990 tx=0x7fe430006e40 comp rx=0 tx=0).stop
2024-04-25T17:09:18.618 INFO:teuthology.orchestra.run.smithi037.stdout:/usr/bin/ceph: stderr
2024-04-25T17:09:18.061+0000 7fe43b3e7700 1 -- 172.21.15.37:0/4091659829 >> [v2:172.21.15.37:3300/0,v1:172.21.15.37:6789/0] conn(0x7fe434076c20 msgr2=0x7fe4341137d0 secure :-1 s=STATE_CONNECTION_ESTABLISHED l=1).mark_down
2024-04-25T17:09:18.618 INFO:teuthology.orchestra.run.smithi037.stdout:/usr/bin/ceph: stderr
2024-04-25T17:09:18.061+0000 7fe43b3e7700 1 --2- 172.21.15.37:0/4091659829 >> [v2:172.21.15.37:3300/0,v1:172.21.15.37:6789/0] conn(0x7fe434076c20 0x7fe4341137d0 secure :-1 s=READY pgs=44 cs=0 l=1 rev1=1 crypto rx=0x7fe428006b00 tx=0x7fe428009250 comp rx=0 tx=0).stop
2024-04-25T17:09:18.618 INFO:teuthology.orchestra.run.smithi037.stdout:/usr/bin/ceph: stderr
2024-04-25T17:09:18.061+0000 7fe43b3e7700 1 -- 172.21.15.37:0/4091659829 shutdown_connections
2024-04-25T17:09:18.618 INFO:teuthology.orchestra.run.smithi037.stdout:/usr/bin/ceph: stderr
2024-04-25T17:09:18.061+0000 7fe43b3e7700 1 --2- 172.21.15.37:0/4091659829 >> [v2:172.21.15.37:6800/3653320894,v1:172.21.15.37:6801/3653320894] conn(0x7fe4200368a0 0x7fe420038d50 unknown :-1 s=CLOSED pgs=11 cs=0 l=1 rev1=1 crypto rx=0 tx=0 comp rx=0 tx=0).stop
2024-04-25T17:09:18.619 INFO:teuthology.orchestra.run.smithi037.stdout:/usr/bin/ceph: stderr
2024-04-25T17:09:18.061+0000 7fe43b3e7700 1 --2- 172.21.15.37:0/4091659829 >> [v2:172.21.15.37:3300/0,v1:172.21.15.37:6789/0] conn(0x7fe434076c20 0x7fe4341137d0 unknown :-1 s=CLOSED pgs=44 cs=0 l=1 rev1=1 crypto rx=0 tx=0 comp rx=0 tx=0).stop
2024-04-25T17:09:18.619 INFO:teuthology.orchestra.run.smithi037.stdout:/usr/bin/ceph: stderr
2024-04-25T17:09:18.061+0000 7fe43b3e7700 1 -- 172.21.15.37:0/4091659829 >> 172.21.15.37:0/4091659829 conn(0x7fe4340fced0 msgr2=0x7fe4340fd980 unknown :-1 s=STATE_NONE l=0).mark_down
