2024-04-25T17:09:38.084+0000 7fe58affd700 1 --2- 172.21.15.37:0/2073241655 >> [v2:172.21.15.37:6800/3653320894,v1:172.21.15.37:6801/3653320894] conn(0x7fe5740368a0 0x7fe574038d50 unknown :-1 s=START_CONNECT pgs=0 cs=0 l=1 rev1=0 crypto rx=0 tx=0 comp rx=0 tx=0)._fault waiting 3.200000
2024-04-25T17:09:41.227 INFO:teuthology.orchestra.run.smithi037.stdout:/usr/bin/ceph: stderr
2024-04-25T17:09:39.482+0000 7fe573fff700 1 -- 172.21.15.37:0/2073241655 <== mon.0 v2:172.21.15.37:3300/0 6 ==== mgrmap(e 10) v1 ==== 43156+0+0 (secure 0 0 0) 0x7fe57c0193c0 con 0x7fe58c071310
2024-04-25T17:09:41.227 INFO:teuthology.orchestra.run.smithi037.stdout:/usr/bin/ceph: stderr
2024-04-25T17:09:39.482+0000 7fe573fff700 1 -- 172.21.15.37:0/2073241655 >> [v2:172.21.15.37:6800/3653320894,v1:172.21.15.37:6801/3653320894] conn(0x7fe5740368a0 msgr2=0x7fe574038d50 unknown :-1 s=STATE_CONNECTING l=1).mark_down
2024-04-25T17:09:41.227 INFO:teuthology.orchestra.run.smithi037.stdout:/usr/bin/ceph: stderr
2024-04-25T17:09:39.482+0000 7fe573fff700 1 --2- 172.21.15.37:0/2073241655 >> [v2:172.21.15.37:6800/3653320894,v1:172.21.15.37:6801/3653320894] conn(0x7fe5740368a0 0x7fe574038d50 unknown :-1 s=START_CONNECT pgs=0 cs=0 l=1 rev1=0 crypto rx=0 tx=0 comp rx=0 tx=0).stop
2024-04-25T17:09:41.227 INFO:teuthology.orchestra.run.smithi037.stdout:/usr/bin/ceph: stderr
2024-04-25T17:09:40.483+0000 7fe573fff700 1 -- 172.21.15.37:0/2073241655 <== mon.0 v2:172.21.15.37:3300/0 7 ==== mgrmap(e 11) v1 ==== 43283+0+0 (secure 0 0 0) 0x7fe57c01a7e0 con 0x7fe58c071310
2024-04-25T17:09:41.227 INFO:teuthology.orchestra.run.smithi037.stdout:/usr/bin/ceph: stderr
2024-04-25T17:09:40.483+0000 7fe573fff700 1 --2- 172.21.15.37:0/2073241655 >> [v2:172.21.15.37:6800/1299348474,v1:172.21.15.37:6801/1299348474] conn(0x7fe574039fc0 0x7fe57403c3a0 unknown :-1 s=NONE pgs=0 cs=0 l=1 rev1=0 crypto rx=0 tx=0 comp rx=0 tx=0).connect
2024-04-25T17:09:41.227 INFO:teuthology.orchestra.run.smithi037.stdout:/usr/bin/ceph: stderr
2024-04-25T17:09:40.484+0000 7fe573fff700 1 -- 172.21.15.37:0/2073241655 --> [v2:172.21.15.37:6800/1299348474,v1:172.21.15.37:6801/1299348474] -- command(tid 0: {"prefix": "get_command_descriptions"}) v1 -- 0x7fe58c04bed0 con 0x7fe574039fc0
2024-04-25T17:09:41.228 INFO:teuthology.orchestra.run.smithi037.stdout:/usr/bin/ceph: stderr
2024-04-25T17:09:40.484+0000 7fe58affd700 1 --2- 172.21.15.37:0/2073241655 >> [v2:172.21.15.37:6800/1299348474,v1:172.21.15.37:6801/1299348474] conn(0x7fe574039fc0 0x7fe57403c3a0 unknown :-1 s=BANNER_CONNECTING pgs=0 cs=0 l=1 rev1=0 crypto rx=0 tx=0 comp rx=0 tx=0)._handle_peer_banner_payload supported=3 required=0
2024-04-25T17:09:41.228 INFO:teuthology.orchestra.run.smithi037.stdout:/usr/bin/ceph: stderr
2024-04-25T17:09:40.484+0000 7fe58affd700 1 --2- 172.21.15.37:0/2073241655 >> [v2:172.21.15.37:6800/1299348474,v1:172.21.15.37:6801/1299348474] conn(0x7fe574039fc0 0x7fe57403c3a0 secure :-1 s=READY pgs=3 cs=0 l=1 rev1=1 crypto rx=0x7fe5800039d0 tx=0x7fe5800092f0 comp rx=0 tx=0).ready entity=mgr.14160 client_cookie=0 server_cookie=0 in_seq=0 out_seq=0
2024-04-25T17:09:41.228 INFO:teuthology.orchestra.run.smithi037.stdout:/usr/bin/ceph: stderr
2024-04-25T17:09:40.485+0000 7fe573fff700 1 -- 172.21.15.37:0/2073241655 <== mgr.14160 v2:172.21.15.37:6800/1299348474 1 ==== command_reply(tid 0: 0 ) v1 ==== 8+0+6549 (secure 0 0 0) 0x7fe58c04bed0 con 0x7fe574039fc0
2024-04-25T17:09:41.228 INFO:teuthology.orchestra.run.smithi037.stdout:/usr/bin/ceph: stderr
2024-04-25T17:09:40.491+0000 7fe591aec700 1 -- 172.21.15.37:0/2073241655 --> [v2:172.21.15.37:6800/1299348474,v1:172.21.15.37:6801/1299348474] -- command(tid 1: {"prefix": "mgr_status"}) v1 -- 0x7fe58c106830 con 0x7fe574039fc0
2024-04-25T17:09:41.228 INFO:teuthology.orchestra.run.smithi037.stdout:/usr/bin/ceph: stderr
2024-04-25T17:09:40.492+0000 7fe573fff700 1 -- 172.21.15.37:0/2073241655 <== mgr.14160 v2:172.21.15.37:6800/1299348474 2 ==== command_reply(tid 1: 0 ) v1 ==== 8+0+52 (secure 0 0 0) 0x7fe58c106830 con 0x7fe574039fc0
2024-04-25T17:09:41.228 INFO:teuthology.orchestra.run.smithi037.stdout:/usr/bin/ceph: stderr
2024-04-25T17:09:40.492+0000 7fe591aec700 1 -- 172.21.15.37:0/2073241655 >> [v2:172.21.15.37:6800/1299348474,v1:172.21.15.37:6801/1299348474] conn(0x7fe574039fc0 msgr2=0x7fe57403c3a0 secure :-1 s=STATE_CONNECTION_ESTABLISHED l=1).mark_down
2024-04-25T17:09:41.228 INFO:teuthology.orchestra.run.smithi037.stdout:/usr/bin/ceph: stderr
2024-04-25T17:09:40.492+0000 7fe591aec700 1 --2- 172.21.15.37:0/2073241655 >> [v2:172.21.15.37:6800/1299348474,v1:172.21.15.37:6801/1299348474] conn(0x7fe574039fc0 0x7fe57403c3a0 secure :-1 s=READY pgs=3 cs=0 l=1 rev1=1 crypto rx=0x7fe5800039d0 tx=0x7fe5800092f0 comp rx=0 tx=0).stop
2024-04-25T17:09:41.228 INFO:teuthology.orchestra.run.smithi037.stdout:/usr/bin/ceph: stderr
2024-04-25T17:09:40.492+0000 7fe591aec700 1 -- 172.21.15.37:0/2073241655 >> [v2:172.21.15.37:3300/0,v1:172.21.15.37:6789/0] conn(0x7fe58c071310 msgr2=0x7fe58c102d80 secure :-1 s=STATE_CONNECTION_ESTABLISHED l=1).mark_down
2024-04-25T17:09:41.228 INFO:teuthology.orchestra.run.smithi037.stdout:/usr/bin/ceph: stderr
2024-04-25T17:09:40.492+0000 7fe591aec700 1 --2- 172.21.15.37:0/2073241655 >> [v2:172.21.15.37:3300/0,v1:172.21.15.37:6789/0] conn(0x7fe58c071310 0x7fe58c102d80 secure :-1 s=READY pgs=70 cs=0 l=1 rev1=1 crypto rx=0x7fe57c0094c0 tx=0x7fe57c009250 comp rx=0 tx=0).stop
2024-04-25T17:09:41.228 INFO:teuthology.orchestra.run.smithi037.stdout:/usr/bin/ceph: stderr
2024-04-25T17:09:40.492+0000 7fe591aec700 1 -- 172.21.15.37:0/2073241655 shutdown_connections
2024-04-25T17:09:41.228 INFO:teuthology.orchestra.run.smithi037.stdout:/usr/bin/ceph: stderr
2024-04-25T17:09:40.492+0000 7fe591aec700 1 --2- 172.21.15.37:0/2073241655 >> [v2:172.21.15.37:6800/1299348474,v1:172.21.15.37:6801/1299348474] conn(0x7fe574039fc0 0x7fe57403c3a0 unknown :-1 s=CLOSED pgs=3 cs=0 l=1 rev1=1 crypto rx=0 tx=0 comp rx=0 tx=0).stop
2024-04-25T17:09:41.228 INFO:teuthology.orchestra.run.smithi037.stdout:/usr/bin/ceph: stderr
2024-04-25T17:09:40.492+0000 7fe591aec700 1 --2- 172.21.15.37:0/2073241655 >> [v2:172.21.15.37:3300/0,v1:172.21.15.37:6789/0] conn(0x7fe58c071310 0x7fe58c102d80 unknown :-1 s=CLOSED pgs=70 cs=0 l=1 rev1=1 crypto rx=0 tx=0 comp rx=0 tx=0).stop
2024-04-25T17:09:41.228 INFO:teuthology.orchestra.run.smithi037.stdout:/usr/bin/ceph: stderr
2024-04-25T17:09:40.492+0000 7fe591aec700 1 --2- 172.21.15.37:0/2073241655 >> [v2:172.21.15.37:6800/3653320894,v1:172.21.15.37:6801/3653320894] conn(0x7fe5740368a0 0x7fe574038d50 unknown :-1 s=CLOSED pgs=0 cs=0 l=1 rev1=0 crypto rx=0 tx=0 comp rx=0 tx=0).stop
2024-04-25T17:09:41.228 INFO:teuthology.orchestra.run.smithi037.stdout:/usr/bin/ceph: stderr
2024-04-25T17:09:40.492+0000 7fe591aec700 1 -- 172.21.15.37:0/2073241655 >> 172.21.15.37:0/2073241655 conn(0x7fe58c0fcea0 msgr2=0x7fe58c0fda30 unknown :-1 s=STATE_NONE l=0).mark_down
2024-04-25T17:09:41.228 INFO:teuthology.orchestra.run.smithi037.stdout:/usr/bin/ceph: stderr
2024-04-25T17:09:40.492+0000 7fe591aec700 1 -- 172.21.15.37:0/2073241655 shutdown_connections
2024-04-25T17:09:41.229 INFO:teuthology.orchestra.run.smithi037.stdout:/usr/bin/ceph: stderr
2024-04-25T17:09:40.492+0000 7fe591aec700 1 -- 172.21.15.37:0/2073241655 wait complete.
2024-04-25T17:09:41.229 INFO:teuthology.orchestra.run.smithi037.stdout:mgr epoch 9 is available
2024-04-25T17:09:41.229 INFO:teuthology.orchestra.run.smithi037.stdout:Generating a dashboard self-signed certificate...
2024-04-25T17:09:41.733 INFO:journalctl@ceph.mon.smithi037.smithi037.stdout:Apr 25 17:09:41 smithi037 ceph-mon[26472]: [25/Apr/2024:17:09:40] ENGINE Bus STARTING
2024-04-25T17:09:41.733 INFO:journalctl@ceph.mon.smithi037.smithi037.stdout:Apr 25 17:09:41 smithi037 ceph-mon[26472]: [25/Apr/2024:17:09:40] ENGINE Serving on https://172.21.15.37:7150
2024-04-25T17:09:41.734 INFO:journalctl@ceph.mon.smithi037.smithi037.stdout:Apr 25 17:09:41 smithi037 ceph-mon[26472]: [25/Apr/2024:17:09:40] ENGINE Bus STARTED
2024-04-25T17:09:41.734 INFO:journalctl@ceph.mon.smithi037.smithi037.stdout:Apr 25 17:09:41 smithi037 ceph-mon[26472]: from='client.14164 -' entity='client.admin' cmd=[{"prefix": "get_command_descriptions"}]: dispatch
2024-04-25T17:09:41.734 INFO:journalctl@ceph.mon.smithi037.smithi037.stdout:Apr 25 17:09:41 smithi037 ceph-mon[26472]: mgrmap e11: smithi037.txrgxl(active, since 1.00564s)
2024-04-25T17:09:41.734 INFO:journalctl@ceph.mon.smithi037.smithi037.stdout:Apr 25 17:09:41 smithi037 ceph-mon[26472]: from='mgr.14160 172.21.15.37:0/1872577945' entity='mgr.smithi037.txrgxl'
2024-04-25T17:09:41.734 INFO:journalctl@ceph.mon.smithi037.smithi037.stdout:Apr 25 17:09:41 smithi037 ceph-mon[26472]: from='client.14164 -' entity='client.admin' cmd=[{"prefix": "mgr_status"}]: dispatch
2024-04-25T17:09:41.734 INFO:journalctl@ceph.mon.smithi037.smithi037.stdout:Apr 25 17:09:41 smithi037 ceph-mon[26472]: from='mgr.14160 172.21.15.37:0/1872577945' entity='mgr.smithi037.txrgxl'
2024-04-25T17:09:42.545 INFO:teuthology.orchestra.run.smithi037.stdout:/usr/bin/ceph: stdout Self-signed certificate created
2024-04-25T17:09:42.546 INFO:teuthology.orchestra.run.smithi037.stdout:/usr/bin/ceph: stderr
2024-04-25T17:09:41.669+0000 7f9576cf9700 1 Processor -- start
2024-04-25T17:09:42.546 INFO:teuthology.orchestra.run.smithi037.stdout:/usr/bin/ceph: stderr
2024-04-25T17:09:41.669+0000 7f9576cf9700 1 -- start start
2024-04-25T17:09:42.546 INFO:teuthology.orchestra.run.smithi037.stdout:/usr/bin/ceph: stderr
2024-04-25T17:09:41.669+0000 7f9576cf9700 1 --2- >> [v2:172.21.15.37:3300/0,v1:172.21.15.37:6789/0] conn(0x7f9570101730 0x7f9570101b40 unknown :-1 s=NONE pgs=0 cs=0 l=0 rev1=0 crypto rx=0 tx=0 comp rx=0 tx=0).connect
2024-04-25T17:09:42.546 INFO:teuthology.orchestra.run.smithi037.stdout:/usr/bin/ceph: stderr
2024-04-25T17:09:41.669+0000 7f9576cf9700 1 -- --> [v2:172.21.15.37:3300/0,v1:172.21.15.37:6789/0] -- mon_getmap magic: 0 v1 -- 0x7f9570102080 con 0x7f9570101730
2024-04-25T17:09:42.546 INFO:teuthology.orchestra.run.smithi037.stdout:/usr/bin/ceph: stderr
2024-04-25T17:09:41.669+0000 7f9574a95700 1 --2- >> [v2:172.21.15.37:3300/0,v1:172.21.15.37:6789/0] conn(0x7f9570101730 0x7f9570101b40 unknown :-1 s=BANNER_CONNECTING pgs=0 cs=0 l=0 rev1=0 crypto rx=0 tx=0 comp rx=0 tx=0)._handle_peer_banner_payload supported=3 required=0
2024-04-25T17:09:42.546 INFO:teuthology.orchestra.run.smithi037.stdout:/usr/bin/ceph: stderr
2024-04-25T17:09:41.669+0000 7f9574a95700 1 --2- >> [v2:172.21.15.37:3300/0,v1:172.21.15.37:6789/0] conn(0x7f9570101730 0x7f9570101b40 unknown :-1 s=HELLO_CONNECTING pgs=0 cs=0 l=0 rev1=1 crypto rx=0 tx=0 comp rx=0 tx=0).handle_hello peer v2:172.21.15.37:3300/0 says I am v2:172.21.15.37:37848/0 (socket says 172.21.15.37:37848)
2024-04-25T17:09:42.546 INFO:teuthology.orchestra.run.smithi037.stdout:/usr/bin/ceph: stderr
2024-04-25T17:09:41.669+0000 7f9574a95700 1 -- 172.21.15.37:0/2416984866 learned_addr learned my addr 172.21.15.37:0/2416984866 (peer_addr_for_me v2:172.21.15.37:0/0)
2024-04-25T17:09:42.546 INFO:teuthology.orchestra.run.smithi037.stdout:/usr/bin/ceph: stderr
2024-04-25T17:09:41.670+0000 7f9574a95700 1 -- 172.21.15.37:0/2416984866 --> [v2:172.21.15.37:3300/0,v1:172.21.15.37:6789/0] -- mon_subscribe({config=0+,monmap=0+}) v3 -- 0x7f95701021c0 con 0x7f9570101730
2024-04-25T17:09:42.546 INFO:teuthology.orchestra.run.smithi037.stdout:/usr/bin/ceph: stderr
2024-04-25T17:09:41.670+0000 7f9574a95700 1 --2- 172.21.15.37:0/2416984866 >> [v2:172.21.15.37:3300/0,v1:172.21.15.37:6789/0] conn(0x7f9570101730 0x7f9570101b40 secure :-1 s=READY pgs=78 cs=0 l=1 rev1=1 crypto rx=0x7f956400bb80 tx=0x7f956400b4f0 comp rx=0 tx=0).ready entity=mon.0 client_cookie=4488173373375c48 server_cookie=0 in_seq=0 out_seq=0
2024-04-25T17:09:42.546 INFO:teuthology.orchestra.run.smithi037.stdout:/usr/bin/ceph: stderr
2024-04-25T17:09:41.670+0000 7f956f7fe700 1 -- 172.21.15.37:0/2416984866 <== mon.0 v2:172.21.15.37:3300/0 1 ==== mon_map magic: 0 v1 ==== 229+0+0 (secure 0 0 0) 0x7f956400dd00 con 0x7f9570101730
2024-04-25T17:09:42.546 INFO:teuthology.orchestra.run.smithi037.stdout:/usr/bin/ceph: stderr
2024-04-25T17:09:41.670+0000 7f956f7fe700 1 -- 172.21.15.37:0/2416984866 <== mon.0 v2:172.21.15.37:3300/0 2 ==== config(27 keys) v1 ==== 1109+0+0 (secure 0 0 0) 0x7f956400de60 con 0x7f9570101730
2024-04-25T17:09:42.546 INFO:teuthology.orchestra.run.smithi037.stdout:/usr/bin/ceph: stderr
2024-04-25T17:09:41.670+0000 7f956f7fe700 1 -- 172.21.15.37:0/2416984866 <== mon.0 v2:172.21.15.37:3300/0 3 ==== mon_map magic: 0 v1 ==== 229+0+0 (secure 0 0 0) 0x7f9564018920 con 0x7f9570101730
2024-04-25T17:09:42.546 INFO:teuthology.orchestra.run.smithi037.stdout:/usr/bin/ceph: stderr
2024-04-25T17:09:41.670+0000 7f9576cf9700 1 -- 172.21.15.37:0/2416984866 >> [v2:172.21.15.37:3300/0,v1:172.21.15.37:6789/0] conn(0x7f9570101730 msgr2=0x7f9570101b40 secure :-1 s=STATE_CONNECTION_ESTABLISHED l=1).mark_down
2024-04-25T17:09:42.547 INFO:teuthology.orchestra.run.smithi037.stdout:/usr/bin/ceph: stderr
2024-04-25T17:09:41.670+0000 7f9576cf9700 1 --2- 172.21.15.37:0/2416984866 >> [v2:172.21.15.37:3300/0,v1:172.21.15.37:6789/0] conn(0x7f9570101730 0x7f9570101b40 secure :-1 s=READY pgs=78 cs=0 l=1 rev1=1 crypto rx=0x7f956400bb80 tx=0x7f956400b4f0 comp rx=0 tx=0).stop
2024-04-25T17:09:42.547 INFO:teuthology.orchestra.run.smithi037.stdout:/usr/bin/ceph: stderr
2024-04-25T17:09:41.671+0000 7f9576cf9700 1 -- 172.21.15.37:0/2416984866 shutdown_connections
2024-04-25T17:09:42.547 INFO:teuthology.orchestra.run.smithi037.stdout:/usr/bin/ceph: stderr
2024-04-25T17:09:41.671+0000 7f9576cf9700 1 --2- 172.21.15.37:0/2416984866 >> [v2:172.21.15.37:3300/0,v1:172.21.15.37:6789/0] conn(0x7f9570101730 0x7f9570101b40 unknown :-1 s=CLOSED pgs=78 cs=0 l=1 rev1=1 crypto rx=0 tx=0 comp rx=0 tx=0).stop
2024-04-25T17:09:42.547 INFO:teuthology.orchestra.run.smithi037.stdout:/usr/bin/ceph: stderr
2024-04-25T17:09:41.671+0000 7f9576cf9700 1 -- 172.21.15.37:0/2416984866 >> 172.21.15.37:0/2416984866 conn(0x7f95700fcef0 msgr2=0x7f95700ff300 unknown :-1 s=STATE_NONE l=0).mark_down
2024-04-25T17:09:42.547 INFO:teuthology.orchestra.run.smithi037.stdout:/usr/bin/ceph: stderr
2024-04-25T17:09:41.671+0000 7f9576cf9700 1 -- 172.21.15.37:0/2416984866 shutdown_connections
2024-04-25T17:09:42.547 INFO:teuthology.orchestra.run.smithi037.stdout:/usr/bin/ceph: stderr
2024-04-25T17:09:41.671+0000 7f9576cf9700 1 -- 172.21.15.37:0/2416984866 wait complete.
2024-04-25T17:09:42.547 INFO:teuthology.orchestra.run.smithi037.stdout:/usr/bin/ceph: stderr
2024-04-25T17:09:41.671+0000 7f9576cf9700 1 Processor -- start
2024-04-25T17:09:42.547 INFO:teuthology.orchestra.run.smithi037.stdout:/usr/bin/ceph: stderr
2024-04-25T17:09:41.671+0000 7f9576cf9700 1 -- start start
2024-04-25T17:09:42.547 INFO:teuthology.orchestra.run.smithi037.stdout:/usr/bin/ceph: stderr
2024-04-25T17:09:41.671+0000 7f9576cf9700 1 --2- >> [v2:172.21.15.37:3300/0,v1:172.21.15.37:6789/0] conn(0x7f9570101730 0x7f957010f3d0 unknown :-1 s=NONE pgs=0 cs=0 l=1 rev1=0 crypto rx=0 tx=0 comp rx=0 tx=0).connect
2024-04-25T17:09:42.547 INFO:teuthology.orchestra.run.smithi037.stdout:/usr/bin/ceph: stderr
2024-04-25T17:09:41.671+0000 7f9576cf9700 1 -- --> [v2:172.21.15.37:3300/0,v1:172.21.15.37:6789/0] -- mon_getmap magic: 0 v1 -- 0x7f957010f910 con 0x7f9570101730
2024-04-25T17:09:42.547 INFO:teuthology.orchestra.run.smithi037.stdout:/usr/bin/ceph: stderr
2024-04-25T17:09:41.672+0000 7f9574a95700 1 --2- >> [v2:172.21.15.37:3300/0,v1:172.21.15.37:6789/0] conn(0x7f9570101730 0x7f957010f3d0 unknown :-1 s=BANNER_CONNECTING pgs=0 cs=0 l=1 rev1=0 crypto rx=0 tx=0 comp rx=0 tx=0)._handle_peer_banner_payload supported=3 required=0
2024-04-25T17:09:42.547 INFO:teuthology.orchestra.run.smithi037.stdout:/usr/bin/ceph: stderr
2024-04-25T17:09:41.672+0000 7f9574a95700 1 --2- >> [v2:172.21.15.37:3300/0,v1:172.21.15.37:6789/0] conn(0x7f9570101730 0x7f957010f3d0 unknown :-1 s=HELLO_CONNECTING pgs=0 cs=0 l=1 rev1=1 crypto rx=0 tx=0 comp rx=0 tx=0).handle_hello peer v2:172.21.15.37:3300/0 says I am v2:172.21.15.37:37862/0 (socket says 172.21.15.37:37862)
2024-04-25T17:09:42.547 INFO:teuthology.orchestra.run.smithi037.stdout:/usr/bin/ceph: stderr
2024-04-25T17:09:41.672+0000 7f9574a95700 1 -- 172.21.15.37:0/1847496378 learned_addr learned my addr 172.21.15.37:0/1847496378 (peer_addr_for_me v2:172.21.15.37:0/0)
2024-04-25T17:09:42.548 INFO:teuthology.orchestra.run.smithi037.stdout:/usr/bin/ceph: stderr
2024-04-25T17:09:41.672+0000 7f9574a95700 1 -- 172.21.15.37:0/1847496378 --> [v2:172.21.15.37:3300/0,v1:172.21.15.37:6789/0] -- mon_subscribe({config=0+,monmap=0+}) v3 -- 0x7f956400b790 con 0x7f9570101730
2024-04-25T17:09:42.548 INFO:teuthology.orchestra.run.smithi037.stdout:/usr/bin/ceph: stderr
2024-04-25T17:09:41.672+0000 7f9574a95700 1 --2- 172.21.15.37:0/1847496378 >> [v2:172.21.15.37:3300/0,v1:172.21.15.37:6789/0] conn(0x7f9570101730 0x7f957010f3d0 secure :-1 s=READY pgs=79 cs=0 l=1 rev1=1 crypto rx=0x7f9564006d40 tx=0x7f956400b4f0 comp rx=0 tx=0).ready entity=mon.0 client_cookie=0 server_cookie=0 in_seq=0 out_seq=0
2024-04-25T17:09:42.548 INFO:teuthology.orchestra.run.smithi037.stdout:/usr/bin/ceph: stderr
2024-04-25T17:09:41.672+0000 7f956d7fa700 1 -- 172.21.15.37:0/1847496378 <== mon.0 v2:172.21.15.37:3300/0 1 ==== mon_map magic: 0 v1 ==== 229+0+0 (secure 0 0 0) 0x7f956400dc70 con 0x7f9570101730
2024-04-25T17:09:42.548 INFO:teuthology.orchestra.run.smithi037.stdout:/usr/bin/ceph: stderr
2024-04-25T17:09:41.672+0000 7f956d7fa700 1 -- 172.21.15.37:0/1847496378 <== mon.0 v2:172.21.15.37:3300/0 2 ==== config(27 keys) v1 ==== 1109+0+0 (secure 0 0 0) 0x7f956401d050 con 0x7f9570101730
2024-04-25T17:09:42.548 INFO:teuthology.orchestra.run.smithi037.stdout:/usr/bin/ceph: stderr
2024-04-25T17:09:41.672+0000 7f9576cf9700 1 -- 172.21.15.37:0/1847496378 --> [v2:172.21.15.37:3300/0,v1:172.21.15.37:6789/0] -- mon_subscribe({mgrmap=0+}) v3 -- 0x7f957010fb10 con 0x7f9570101730
2024-04-25T17:09:42.548 INFO:teuthology.orchestra.run.smithi037.stdout:/usr/bin/ceph: stderr
2024-04-25T17:09:41.672+0000 7f956d7fa700 1 -- 172.21.15.37:0/1847496378 <== mon.0 v2:172.21.15.37:3300/0 3 ==== mon_map magic: 0 v1 ==== 229+0+0 (secure 0 0 0) 0x7f95640223d0 con 0x7f9570101730
2024-04-25T17:09:42.548 INFO:teuthology.orchestra.run.smithi037.stdout:/usr/bin/ceph: stderr
2024-04-25T17:09:41.672+0000 7f9576cf9700 1 -- 172.21.15.37:0/1847496378 --> [v2:172.21.15.37:3300/0,v1:172.21.15.37:6789/0] -- mon_subscribe({osdmap=0}) v3 -- 0x7f9570110680 con 0x7f9570101730
2024-04-25T17:09:42.548 INFO:teuthology.orchestra.run.smithi037.stdout:/usr/bin/ceph: stderr
2024-04-25T17:09:41.673+0000 7f956d7fa700 1 -- 172.21.15.37:0/1847496378 <== mon.0 v2:172.21.15.37:3300/0 4 ==== mgrmap(e 11) v1 ==== 43283+0+0 (secure 0 0 0) 0x7f9564022600 con 0x7f9570101730
2024-04-25T17:09:42.548 INFO:teuthology.orchestra.run.smithi037.stdout:/usr/bin/ceph: stderr
2024-04-25T17:09:41.673+0000 7f9576cf9700 1 -- 172.21.15.37:0/1847496378 --> [v2:172.21.15.37:3300/0,v1:172.21.15.37:6789/0] -- mon_command({"prefix": "get_command_descriptions"} v 0) v1 -- 0x7f957005f5c0 con 0x7f9570101730
2024-04-25T17:09:42.548 INFO:teuthology.orchestra.run.smithi037.stdout:/usr/bin/ceph: stderr
2024-04-25T17:09:41.673+0000 7f956d7fa700 1 --2- 172.21.15.37:0/1847496378 >> [v2:172.21.15.37:6800/1299348474,v1:172.21.15.37:6801/1299348474] conn(0x7f95600367d0 0x7f9560038c80 unknown :-1 s=NONE pgs=0 cs=0 l=1 rev1=0 crypto rx=0 tx=0 comp rx=0 tx=0).connect
2024-04-25T17:09:42.548 INFO:teuthology.orchestra.run.smithi037.stdout:/usr/bin/ceph: stderr
2024-04-25T17:09:41.673+0000 7f956d7fa700 1 -- 172.21.15.37:0/1847496378 <== mon.0 v2:172.21.15.37:3300/0 5 ==== osd_map(3..3 src has 1..3) v4 ==== 1151+0+0 (secure 0 0 0) 0x7f9564014070 con 0x7f9570101730
2024-04-25T17:09:42.548 INFO:teuthology.orchestra.run.smithi037.stdout:/usr/bin/ceph: stderr
2024-04-25T17:09:41.673+0000 7f956ffff700 1 --2- 172.21.15.37:0/1847496378 >> [v2:172.21.15.37:6800/1299348474,v1:172.21.15.37:6801/1299348474] conn(0x7f95600367d0 0x7f9560038c80 unknown :-1 s=BANNER_CONNECTING pgs=0 cs=0 l=1 rev1=0 crypto rx=0 tx=0 comp rx=0 tx=0)._handle_peer_banner_payload supported=3 required=0
2024-04-25T17:09:42.548 INFO:teuthology.orchestra.run.smithi037.stdout:/usr/bin/ceph: stderr
2024-04-25T17:09:41.674+0000 7f956ffff700 1 --2- 172.21.15.37:0/1847496378 >> [v2:172.21.15.37:6800/1299348474,v1:172.21.15.37:6801/1299348474] conn(0x7f95600367d0 0x7f9560038c80 secure :-1 s=READY pgs=7 cs=0 l=1 rev1=1 crypto rx=0x7f955c009990 tx=0x7f955c006e40 comp rx=0 tx=0).ready entity=mgr.14160 client_cookie=0 server_cookie=0 in_seq=0 out_seq=0
2024-04-25T17:09:42.548 INFO:teuthology.orchestra.run.smithi037.stdout:/usr/bin/ceph: stderr
2024-04-25T17:09:41.678+0000 7f956d7fa700 1 -- 172.21.15.37:0/1847496378 <== mon.0 v2:172.21.15.37:3300/0 6 ==== mon_command_ack([{"prefix": "get_command_descriptions"}]=0 v0) v1 ==== 72+0+176702 (secure 0 0 0) 0x7f956402c410 con 0x7f9570101730
2024-04-25T17:09:42.549 INFO:teuthology.orchestra.run.smithi037.stdout:/usr/bin/ceph: stderr
2024-04-25T17:09:41.734+0000 7f956d7fa700 1 -- 172.21.15.37:0/1847496378 <== mon.0 v2:172.21.15.37:3300/0 7 ==== mgrmap(e 12) v1 ==== 43389+0+0 (secure 0 0 0) 0x7f956402c990 con 0x7f9570101730
2024-04-25T17:09:42.549 INFO:teuthology.orchestra.run.smithi037.stdout:/usr/bin/ceph: stderr
2024-04-25T17:09:41.883+0000 7f9576cf9700 1 -- 172.21.15.37:0/1847496378 --> [v2:172.21.15.37:6800/1299348474,v1:172.21.15.37:6801/1299348474] -- mgr_command(tid 0: {"prefix": "dashboard create-self-signed-cert", "target": ["mon-mgr", ""]}) v1 -- 0x7f9570110a90 con 0x7f95600367d0
2024-04-25T17:09:42.549 INFO:teuthology.orchestra.run.smithi037.stdout:/usr/bin/ceph: stderr
2024-04-25T17:09:41.924+0000 7f956d7fa700 1 -- 172.21.15.37:0/1847496378 <== mgr.14160 v2:172.21.15.37:6800/1299348474 1 ==== mgr_command_reply(tid 0: 0 ) v1 ==== 8+0+32 (secure 0 0 0) 0x7f9570110a90 con 0x7f95600367d0
2024-04-25T17:09:42.549 INFO:teuthology.orchestra.run.smithi037.stdout:/usr/bin/ceph: stderr
2024-04-25T17:09:41.926+0000 7f9576cf9700 1 -- 172.21.15.37:0/1847496378 >> [v2:172.21.15.37:6800/1299348474,v1:172.21.15.37:6801/1299348474] conn(0x7f95600367d0 msgr2=0x7f9560038c80 secure :-1 s=STATE_CONNECTION_ESTABLISHED l=1).mark_down
2024-04-25T17:09:42.549 INFO:teuthology.orchestra.run.smithi037.stdout:/usr/bin/ceph: stderr
2024-04-25T17:09:41.926+0000 7f9576cf9700 1 --2- 172.21.15.37:0/1847496378 >> [v2:172.21.15.37:6800/1299348474,v1:172.21.15.37:6801/1299348474] conn(0x7f95600367d0 0x7f9560038c80 secure :-1 s=READY pgs=7 cs=0 l=1 rev1=1 crypto rx=0x7f955c009990 tx=0x7f955c006e40 comp rx=0 tx=0).stop
2024-04-25T17:09:42.549 INFO:teuthology.orchestra.run.smithi037.stdout:/usr/bin/ceph: stderr
2024-04-25T17:09:41.926+0000 7f9576cf9700 1 -- 172.21.15.37:0/1847496378 >> [v2:172.21.15.37:3300/0,v1:172.21.15.37:6789/0] conn(0x7f9570101730 msgr2=0x7f957010f3d0 secure :-1 s=STATE_CONNECTION_ESTABLISHED l=1).mark_down
2024-04-25T17:09:42.549 INFO:teuthology.orchestra.run.smithi037.stdout:/usr/bin/ceph: stderr
2024-04-25T17:09:41.926+0000 7f9576cf9700 1 --2- 172.21.15.37:0/1847496378 >> [v2:172.21.15.37:3300/0,v1:172.21.15.37:6789/0] conn(0x7f9570101730 0x7f957010f3d0 secure :-1 s=READY pgs=79 cs=0 l=1 rev1=1 crypto rx=0x7f9564006d40 tx=0x7f956400b4f0 comp rx=0 tx=0).stop
2024-04-25T17:09:42.549 INFO:teuthology.orchestra.run.smithi037.stdout:/usr/bin/ceph: stderr
2024-04-25T17:09:41.927+0000 7f9576cf9700 1 -- 172.21.15.37:0/1847496378 shutdown_connections
2024-04-25T17:09:42.549 INFO:teuthology.orchestra.run.smithi037.stdout:/usr/bin/ceph: stderr
2024-04-25T17:09:41.927+0000 7f9576cf9700 1 --2- 172.21.15.37:0/1847496378 >> [v2:172.21.15.37:6800/1299348474,v1:172.21.15.37:6801/1299348474] conn(0x7f95600367d0 0x7f9560038c80 unknown :-1 s=CLOSED pgs=7 cs=0 l=1 rev1=1 crypto rx=0 tx=0 comp rx=0 tx=0).stop
2024-04-25T17:09:42.549 INFO:teuthology.orchestra.run.smithi037.stdout:/usr/bin/ceph: stderr
2024-04-25T17:09:41.927+0000 7f9576cf9700 1 --2- 172.21.15.37:0/1847496378 >> [v2:172.21.15.37:3300/0,v1:172.21.15.37:6789/0] conn(0x7f9570101730 0x7f957010f3d0 unknown :-1 s=CLOSED pgs=79 cs=0 l=1 rev1=1 crypto rx=0 tx=0 comp rx=0 tx=0).stop
2024-04-25T17:09:42.549 INFO:teuthology.orchestra.run.smithi037.stdout:/usr/bin/ceph: stderr
2024-04-25T17:09:41.927+0000 7f9576cf9700 1 -- 172.21.15.37:0/1847496378 >> 172.21.15.37:0/1847496378 conn(0x7f95700fcef0 msgr2=0x7f9570105bc0 unknown :-1 s=STATE_NONE l=0).mark_down
2024-04-25T17:09:42.549 INFO:teuthology.orchestra.run.smithi037.stdout:/usr/bin/ceph: stderr
2024-04-25T17:09:41.927+0000 7f9576cf9700 1 -- 172.21.15.37:0/1847496378 shutdown_connections
2024-04-25T17:09:42.549 INFO:teuthology.orchestra.run.smithi037.stdout:/usr/bin/ceph: stderr
2024-04-25T17:09:41.927+0000 7f9576cf9700 1 -- 172.21.15.37:0/1847496378 wait complete.
2024-04-25T17:09:42.549 INFO:teuthology.orchestra.run.smithi037.stdout:Creating initial admin user...
2024-04-25T17:09:42.907 INFO:journalctl@ceph.mon.smithi037.smithi037.stdout:Apr 25 17:09:42 smithi037 ceph-mon[26472]: mgrmap e12: smithi037.txrgxl(active, since 2s)
2024-04-25T17:09:42.907 INFO:journalctl@ceph.mon.smithi037.smithi037.stdout:Apr 25 17:09:42 smithi037 ceph-mon[26472]: from='mgr.14160 172.21.15.37:0/1872577945' entity='mgr.smithi037.txrgxl'
2024-04-25T17:09:42.907 INFO:journalctl@ceph.mon.smithi037.smithi037.stdout:Apr 25 17:09:42 smithi037 ceph-mon[26472]: from='mgr.14160 172.21.15.37:0/1872577945' entity='mgr.smithi037.txrgxl'
2024-04-25T17:09:42.907 INFO:journalctl@ceph.mon.smithi037.smithi037.stdout:Apr 25 17:09:42 smithi037 ceph-mon[26472]: from='mgr.14160 172.21.15.37:0/1872577945' entity='mgr.smithi037.txrgxl'
2024-04-25T17:09:43.939 INFO:journalctl@ceph.mon.smithi037.smithi037.stdout:Apr 25 17:09:43 smithi037 ceph-mon[26472]: from='client.14172 -' entity='client.admin' cmd=[{"prefix": "dashboard create-self-signed-cert", "target": ["mon-mgr", ""]}]: dispatch
2024-04-25T17:09:43.939 INFO:journalctl@ceph.mon.smithi037.smithi037.stdout:Apr 25 17:09:43 smithi037 ceph-mon[26472]: from='mgr.14160 172.21.15.37:0/1872577945' entity='mgr.smithi037.txrgxl'
2024-04-25T17:09:44.700 INFO:teuthology.orchestra.run.smithi037.stdout:/usr/bin/ceph: stdout {"username": "admin", "password": "$2b$12$aIr5rqqQEcrC6kfmV0gGGOzwD4sD59.r5mX.kaS8pMpNaAaCGVuia", "roles": ["administrator"], "name": null, "email": null, "lastUpdate": 1714064983, "enabled": true, "pwdExpirationDate": null, "pwdUpdateRequired": true}
2024-04-25T17:09:44.700 INFO:teuthology.orchestra.run.smithi037.stdout:/usr/bin/ceph: stderr
2024-04-25T17:09:42.910+0000 7f82843fd700 1 Processor -- start
2024-04-25T17:09:44.700 INFO:teuthology.orchestra.run.smithi037.stdout:/usr/bin/ceph: stderr
2024-04-25T17:09:42.910+0000 7f82843fd700 1 -- start start
2024-04-25T17:09:44.700 INFO:teuthology.orchestra.run.smithi037.stdout:/usr/bin/ceph: stderr
2024-04-25T17:09:42.911+0000 7f82843fd700 1 --2- >> [v2:172.21.15.37:3300/0,v1:172.21.15.37:6789/0] conn(0x7f827c101d90 0x7f827c104170 unknown :-1 s=NONE pgs=0 cs=0 l=0 rev1=0 crypto rx=0 tx=0 comp rx=0 tx=0).connect
2024-04-25T17:09:44.700 INFO:teuthology.orchestra.run.smithi037.stdout:/usr/bin/ceph: stderr
2024-04-25T17:09:42.911+0000 7f82843fd700 1 -- --> [v2:172.21.15.37:3300/0,v1:172.21.15.37:6789/0] -- mon_getmap magic: 0 v1 -- 0x7f827c104780 con 0x7f827c101d90
2024-04-25T17:09:44.700 INFO:teuthology.orchestra.run.smithi037.stdout:/usr/bin/ceph: stderr
2024-04-25T17:09:42.911+0000 7f8282199700 1 --2- >> [v2:172.21.15.37:3300/0,v1:172.21.15.37:6789/0] conn(0x7f827c101d90 0x7f827c104170 unknown :-1 s=BANNER_CONNECTING pgs=0 cs=0 l=0 rev1=0 crypto rx=0 tx=0 comp rx=0 tx=0)._handle_peer_banner_payload supported=3 required=0
2024-04-25T17:09:44.700 INFO:teuthology.orchestra.run.smithi037.stdout:/usr/bin/ceph: stderr
2024-04-25T17:09:42.911+0000 7f8282199700 1 --2- >> [v2:172.21.15.37:3300/0,v1:172.21.15.37:6789/0] conn(0x7f827c101d90 0x7f827c104170 unknown :-1 s=HELLO_CONNECTING pgs=0 cs=0 l=0 rev1=1 crypto rx=0 tx=0 comp rx=0 tx=0).handle_hello peer v2:172.21.15.37:3300/0 says I am v2:172.21.15.37:37866/0 (socket says 172.21.15.37:37866)
2024-04-25T17:09:44.700 INFO:teuthology.orchestra.run.smithi037.stdout:/usr/bin/ceph: stderr
2024-04-25T17:09:42.911+0000 7f8282199700 1 -- 172.21.15.37:0/2723340413 learned_addr learned my addr 172.21.15.37:0/2723340413 (peer_addr_for_me v2:172.21.15.37:0/0)
2024-04-25T17:09:44.700 INFO:teuthology.orchestra.run.smithi037.stdout:/usr/bin/ceph: stderr
2024-04-25T17:09:42.911+0000 7f8282199700 1 -- 172.21.15.37:0/2723340413 --> [v2:172.21.15.37:3300/0,v1:172.21.15.37:6789/0] -- mon_subscribe({config=0+,monmap=0+}) v3 -- 0x7f827c1048c0 con 0x7f827c101d90
2024-04-25T17:09:44.700 INFO:teuthology.orchestra.run.smithi037.stdout:/usr/bin/ceph: stderr
2024-04-25T17:09:42.911+0000 7f8282199700 1 --2- 172.21.15.37:0/2723340413 >> [v2:172.21.15.37:3300/0,v1:172.21.15.37:6789/0] conn(0x7f827c101d90 0x7f827c104170 secure :-1 s=READY pgs=80 cs=0 l=1 rev1=1 crypto rx=0x7f827800bb80 tx=0x7f827800b4f0 comp rx=0 tx=0).ready entity=mon.0 client_cookie=8f9eff3ae09356eb server_cookie=0 in_seq=0 out_seq=0
2024-04-25T17:09:44.701 INFO:teuthology.orchestra.run.smithi037.stdout:/usr/bin/ceph: stderr
2024-04-25T17:09:42.911+0000 7f8281197700 1 -- 172.21.15.37:0/2723340413 <== mon.0 v2:172.21.15.37:3300/0 1 ==== mon_map magic: 0 v1 ==== 229+0+0 (secure 0 0 0) 0x7f827800dd00 con 0x7f827c101d90
2024-04-25T17:09:44.701 INFO:teuthology.orchestra.run.smithi037.stdout:/usr/bin/ceph: stderr
2024-04-25T17:09:42.911+0000 7f8281197700 1 -- 172.21.15.37:0/2723340413 <== mon.0 v2:172.21.15.37:3300/0 2 ==== config(27 keys) v1 ==== 1109+0+0 (secure 0 0 0) 0x7f827800de60 con 0x7f827c101d90
2024-04-25T17:09:44.701 INFO:teuthology.orchestra.run.smithi037.stdout:/usr/bin/ceph: stderr
2024-04-25T17:09:42.912+0000 7f8281197700 1 -- 172.21.15.37:0/2723340413 <== mon.0 v2:172.21.15.37:3300/0 3 ==== mon_map magic: 0 v1 ==== 229+0+0 (secure 0 0 0) 0x7f8278018920 con 0x7f827c101d90
2024-04-25T17:09:44.701 INFO:teuthology.orchestra.run.smithi037.stdout:/usr/bin/ceph: stderr
2024-04-25T17:09:42.912+0000 7f82843fd700 1 -- 172.21.15.37:0/2723340413 >> [v2:172.21.15.37:3300/0,v1:172.21.15.37:6789/0] conn(0x7f827c101d90 msgr2=0x7f827c104170 secure :-1 s=STATE_CONNECTION_ESTABLISHED l=1).mark_down
2024-04-25T17:09:44.701 INFO:teuthology.orchestra.run.smithi037.stdout:/usr/bin/ceph: stderr
2024-04-25T17:09:42.912+0000 7f82843fd700 1 --2- 172.21.15.37:0/2723340413 >> [v2:172.21.15.37:3300/0,v1:172.21.15.37:6789/0] conn(0x7f827c101d90 0x7f827c104170 secure :-1 s=READY pgs=80 cs=0 l=1 rev1=1 crypto rx=0x7f827800bb80 tx=0x7f827800b4f0 comp rx=0 tx=0).stop
2024-04-25T17:09:44.701 INFO:teuthology.orchestra.run.smithi037.stdout:/usr/bin/ceph: stderr
2024-04-25T17:09:42.912+0000 7f82843fd700 1 -- 172.21.15.37:0/2723340413 shutdown_connections
2024-04-25T17:09:44.701 INFO:teuthology.orchestra.run.smithi037.stdout:/usr/bin/ceph: stderr
2024-04-25T17:09:42.912+0000 7f82843fd700 1 --2- 172.21.15.37:0/2723340413 >> [v2:172.21.15.37:3300/0,v1:172.21.15.37:6789/0] conn(0x7f827c101d90 0x7f827c104170 unknown :-1 s=CLOSED pgs=80 cs=0 l=1 rev1=1 crypto rx=0 tx=0 comp rx=0 tx=0).stop
2024-04-25T17:09:44.701 INFO:teuthology.orchestra.run.smithi037.stdout:/usr/bin/ceph: stderr
2024-04-25T17:09:42.912+0000 7f82843fd700 1 -- 172.21.15.37:0/2723340413 >> 172.21.15.37:0/2723340413 conn(0x7f827c0fc6f0 msgr2=0x7f827c0feb00 unknown :-1 s=STATE_NONE l=0).mark_down
2024-04-25T17:09:44.701 INFO:teuthology.orchestra.run.smithi037.stdout:/usr/bin/ceph: stderr
2024-04-25T17:09:42.912+0000 7f82843fd700 1 -- 172.21.15.37:0/2723340413 shutdown_connections
2024-04-25T17:09:44.701 INFO:teuthology.orchestra.run.smithi037.stdout:/usr/bin/ceph: stderr
2024-04-25T17:09:42.912+0000 7f82843fd700 1 -- 172.21.15.37:0/2723340413 wait complete.
2024-04-25T17:09:44.701 INFO:teuthology.orchestra.run.smithi037.stdout:/usr/bin/ceph: stderr
2024-04-25T17:09:42.913+0000 7f82843fd700 1 Processor -- start
2024-04-25T17:09:44.701 INFO:teuthology.orchestra.run.smithi037.stdout:/usr/bin/ceph: stderr
2024-04-25T17:09:42.913+0000 7f82843fd700 1 -- start start
2024-04-25T17:09:44.702 INFO:teuthology.orchestra.run.smithi037.stdout:/usr/bin/ceph: stderr
2024-04-25T17:09:42.913+0000 7f82843fd700 1 --2- >> [v2:172.21.15.37:3300/0,v1:172.21.15.37:6789/0] conn(0x7f827c101d90 0x7f827c10f370 unknown :-1 s=NONE pgs=0 cs=0 l=1 rev1=0 crypto rx=0 tx=0 comp rx=0 tx=0).connect
2024-04-25T17:09:44.702 INFO:teuthology.orchestra.run.smithi037.stdout:/usr/bin/ceph: stderr
2024-04-25T17:09:42.913+0000 7f82843fd700 1 -- --> [v2:172.21.15.37:3300/0,v1:172.21.15.37:6789/0] -- mon_getmap magic: 0 v1 -- 0x7f827c10f8b0 con 0x7f827c101d90
2024-04-25T17:09:44.702 INFO:teuthology.orchestra.run.smithi037.stdout:/usr/bin/ceph: stderr
2024-04-25T17:09:42.913+0000 7f8282199700 1 --2- >> [v2:172.21.15.37:3300/0,v1:172.21.15.37:6789/0] conn(0x7f827c101d90 0x7f827c10f370 unknown :-1 s=BANNER_CONNECTING pgs=0 cs=0 l=1 rev1=0 crypto rx=0 tx=0 comp rx=0 tx=0)._handle_peer_banner_payload supported=3 required=0
2024-04-25T17:09:44.702 INFO:teuthology.orchestra.run.smithi037.stdout:/usr/bin/ceph: stderr
2024-04-25T17:09:42.913+0000 7f8282199700 1 --2- >> [v2:172.21.15.37:3300/0,v1:172.21.15.37:6789/0] conn(0x7f827c101d90 0x7f827c10f370 unknown :-1 s=HELLO_CONNECTING pgs=0 cs=0 l=1 rev1=1 crypto rx=0 tx=0 comp rx=0 tx=0).handle_hello peer v2:172.21.15.37:3300/0 says I am v2:172.21.15.37:37872/0 (socket says 172.21.15.37:37872)
2024-04-25T17:09:44.702 INFO:teuthology.orchestra.run.smithi037.stdout:/usr/bin/ceph: stderr
2024-04-25T17:09:42.913+0000 7f8282199700 1 -- 172.21.15.37:0/1359669287 learned_addr learned my addr 172.21.15.37:0/1359669287 (peer_addr_for_me v2:172.21.15.37:0/0)
2024-04-25T17:09:44.702 INFO:teuthology.orchestra.run.smithi037.stdout:/usr/bin/ceph: stderr
2024-04-25T17:09:42.913+0000 7f8282199700 1 -- 172.21.15.37:0/1359669287 --> [v2:172.21.15.37:3300/0,v1:172.21.15.37:6789/0] -- mon_subscribe({config=0+,monmap=0+}) v3 -- 0x7f827800b790 con 0x7f827c101d90
2024-04-25T17:09:44.702 INFO:teuthology.orchestra.run.smithi037.stdout:/usr/bin/ceph: stderr
2024-04-25T17:09:42.914+0000 7f8282199700 1 --2- 172.21.15.37:0/1359669287 >> [v2:172.21.15.37:3300/0,v1:172.21.15.37:6789/0] conn(0x7f827c101d90 0x7f827c10f370 secure :-1 s=READY pgs=81 cs=0 l=1 rev1=1 crypto rx=0x7f8278006b00 tx=0x7f827800b4f0 comp rx=0 tx=0).ready entity=mon.0 client_cookie=0 server_cookie=0 in_seq=0 out_seq=0
2024-04-25T17:09:44.702 INFO:teuthology.orchestra.run.smithi037.stdout:/usr/bin/ceph: stderr
2024-04-25T17:09:42.914+0000 7f8272ffd700 1 -- 172.21.15.37:0/1359669287 <== mon.0 v2:172.21.15.37:3300/0 1 ==== mon_map magic: 0 v1 ==== 229+0+0 (secure 0 0 0) 0x7f8278010bd0 con 0x7f827c101d90
2024-04-25T17:09:44.702 INFO:teuthology.orchestra.run.smithi037.stdout:/usr/bin/ceph: stderr
2024-04-25T17:09:42.914+0000 7f8272ffd700 1 -- 172.21.15.37:0/1359669287 <== mon.0 v2:172.21.15.37:3300/0 2 ==== config(27 keys) v1 ==== 1109+0+0 (secure 0 0 0) 0x7f827801d050 con 0x7f827c101d90
2024-04-25T17:09:44.702 INFO:teuthology.orchestra.run.smithi037.stdout:/usr/bin/ceph: stderr
2024-04-25T17:09:42.914+0000 7f82843fd700 1 -- 172.21.15.37:0/1359669287 --> [v2:172.21.15.37:3300/0,v1:172.21.15.37:6789/0] -- mon_subscribe({mgrmap=0+}) v3 -- 0x7f827c10fab0 con 0x7f827c101d90
2024-04-25T17:09:44.702 INFO:teuthology.orchestra.run.smithi037.stdout:/usr/bin/ceph: stderr
2024-04-25T17:09:42.914+0000 7f8272ffd700 1 -- 172.21.15.37:0/1359669287 <== mon.0 v2:172.21.15.37:3300/0 3 ==== mon_map magic: 0 v1 ==== 229+0+0 (secure 0 0 0) 0x7f8278022590 con 0x7f827c101d90
2024-04-25T17:09:44.702 INFO:teuthology.orchestra.run.smithi037.stdout:/usr/bin/ceph: stderr
2024-04-25T17:09:42.914+0000 7f82843fd700 1 -- 172.21.15.37:0/1359669287 --> [v2:172.21.15.37:3300/0,v1:172.21.15.37:6789/0] -- mon_subscribe({osdmap=0}) v3 -- 0x7f827c110620 con 0x7f827c101d90
2024-04-25T17:09:44.702 INFO:teuthology.orchestra.run.smithi037.stdout:/usr/bin/ceph: stderr
2024-04-25T17:09:42.915+0000 7f8272ffd700 1 -- 172.21.15.37:0/1359669287 <== mon.0 v2:172.21.15.37:3300/0 4 ==== mgrmap(e 12) v1 ==== 43389+0+0 (secure 0 0 0) 0x7f82780227c0 con 0x7f827c101d90
2024-04-25T17:09:44.702 INFO:teuthology.orchestra.run.smithi037.stdout:/usr/bin/ceph: stderr
2024-04-25T17:09:42.915+0000 7f8272ffd700 1 --2- 172.21.15.37:0/1359669287 >> [v2:172.21.15.37:6800/1299348474,v1:172.21.15.37:6801/1299348474] conn(0x7f82680368f0 0x7f8268038da0 unknown :-1 s=NONE pgs=0 cs=0 l=1 rev1=0 crypto rx=0 tx=0 comp rx=0 tx=0).connect
2024-04-25T17:09:44.702 INFO:teuthology.orchestra.run.smithi037.stdout:/usr/bin/ceph: stderr
2024-04-25T17:09:42.915+0000 7f8272ffd700 1 -- 172.21.15.37:0/1359669287 <== mon.0 v2:172.21.15.37:3300/0 5 ==== osd_map(3..3 src has 1..3) v4 ==== 1151+0+0 (secure 0 0 0) 0x7f8278014070 con 0x7f827c101d90
2024-04-25T17:09:44.703 INFO:teuthology.orchestra.run.smithi037.stdout:/usr/bin/ceph: stderr
2024-04-25T17:09:42.915+0000 7f82843fd700 1 -- 172.21.15.37:0/1359669287 --> [v2:172.21.15.37:3300/0,v1:172.21.15.37:6789/0] -- mon_command({"prefix": "get_command_descriptions"} v 0) v1 -- 0x7f827c05f5c0 con 0x7f827c101d90
2024-04-25T17:09:44.703 INFO:teuthology.orchestra.run.smithi037.stdout:/usr/bin/ceph: stderr
2024-04-25T17:09:42.915+0000 7f8281998700 1 --2- 172.21.15.37:0/1359669287 >> [v2:172.21.15.37:6800/1299348474,v1:172.21.15.37:6801/1299348474] conn(0x7f82680368f0 0x7f8268038da0 unknown :-1 s=BANNER_CONNECTING pgs=0 cs=0 l=1 rev1=0 crypto rx=0 tx=0 comp rx=0 tx=0)._handle_peer_banner_payload supported=3 required=0
2024-04-25T17:09:44.703 INFO:teuthology.orchestra.run.smithi037.stdout:/usr/bin/ceph: stderr
2024-04-25T17:09:42.915+0000 7f8281998700 1 --2- 172.21.15.37:0/1359669287 >> [v2:172.21.15.37:6800/1299348474,v1:172.21.15.37:6801/1299348474] conn(0x7f82680368f0 0x7f8268038da0 secure :-1 s=READY pgs=8 cs=0 l=1 rev1=1 crypto rx=0x7f826c009990 tx=0x7f826c006e40 comp rx=0 tx=0).ready entity=mgr.14160 client_cookie=0 server_cookie=0 in_seq=0 out_seq=0
2024-04-25T17:09:44.703 INFO:teuthology.orchestra.run.smithi037.stdout:/usr/bin/ceph: stderr
2024-04-25T17:09:42.920+0000 7f8272ffd700 1 -- 172.21.15.37:0/1359669287 <== mon.0 v2:172.21.15.37:3300/0 6 ==== mon_command_ack([{"prefix": "get_command_descriptions"}]=0 v0) v1 ==== 72+0+176702 (secure 0 0 0) 0x7f827800e360 con 0x7f827c101d90
2024-04-25T17:09:44.703 INFO:teuthology.orchestra.run.smithi037.stdout:/usr/bin/ceph: stderr
2024-04-25T17:09:43.137+0000 7f82843fd700 1 -- 172.21.15.37:0/1359669287 --> [v2:172.21.15.37:6800/1299348474,v1:172.21.15.37:6801/1299348474] -- mgr_command(tid 0: {"prefix": "dashboard ac-user-create", "username": "admin", "rolename": "administrator", "force_password": true, "pwd_update_required": true, "target": ["mon-mgr", ""]}) v1 -- 0x7f827c05f3b0 con 0x7f82680368f0
2024-04-25T17:09:44.703 INFO:teuthology.orchestra.run.smithi037.stdout:/usr/bin/ceph: stderr
2024-04-25T17:09:43.384+0000 7f8272ffd700 1 -- 172.21.15.37:0/1359669287 <== mgr.14160 v2:172.21.15.37:6800/1299348474 1 ==== mgr_command_reply(tid 0: 0 ) v1 ==== 8+0+252 (secure 0 0 0) 0x7f827c05f3b0 con 0x7f82680368f0
2024-04-25T17:09:44.703 INFO:teuthology.orchestra.run.smithi037.stdout:/usr/bin/ceph: stderr
2024-04-25T17:09:43.386+0000 7f82843fd700 1 -- 172.21.15.37:0/1359669287 >> [v2:172.21.15.37:6800/1299348474,v1:172.21.15.37:6801/1299348474] conn(0x7f82680368f0 msgr2=0x7f8268038da0 secure :-1 s=STATE_CONNECTION_ESTABLISHED l=1).mark_down
2024-04-25T17:09:44.703 INFO:teuthology.orchestra.run.smithi037.stdout:/usr/bin/ceph: stderr
2024-04-25T17:09:43.386+0000 7f82843fd700 1 --2- 172.21.15.37:0/1359669287 >> [v2:172.21.15.37:6800/1299348474,v1:172.21.15.37:6801/1299348474] conn(0x7f82680368f0 0x7f8268038da0 secure :-1 s=READY pgs=8 cs=0 l=1 rev1=1 crypto rx=0x7f826c009990 tx=0x7f826c006e40 comp rx=0 tx=0).stop
2024-04-25T17:09:44.703 INFO:teuthology.orchestra.run.smithi037.stdout:/usr/bin/ceph: stderr
2024-04-25T17:09:43.386+0000 7f82843fd700 1 -- 172.21.15.37:0/1359669287 >> [v2:172.21.15.37:3300/0,v1:172.21.15.37:6789/0] conn(0x7f827c101d90 msgr2=0x7f827c10f370 secure :-1 s=STATE_CONNECTION_ESTABLISHED l=1).mark_down
2024-04-25T17:09:44.703 INFO:teuthology.orchestra.run.smithi037.stdout:/usr/bin/ceph: stderr
2024-04-25T17:09:43.386+0000 7f82843fd700 1 --2- 172.21.15.37:0/1359669287 >> [v2:172.21.15.37:3300/0,v1:172.21.15.37:6789/0] conn(0x7f827c101d90 0x7f827c10f370 secure :-1 s=READY pgs=81 cs=0 l=1 rev1=1 crypto rx=0x7f8278006b00 tx=0x7f827800b4f0 comp rx=0 tx=0).stop
2024-04-25T17:09:44.703 INFO:teuthology.orchestra.run.smithi037.stdout:/usr/bin/ceph: stderr
2024-04-25T17:09:43.386+0000 7f82843fd700 1 -- 172.21.15.37:0/1359669287 shutdown_connections
2024-04-25T17:09:44.703 INFO:teuthology.orchestra.run.smithi037.stdout:/usr/bin/ceph: stderr
2024-04-25T17:09:43.386+0000 7f82843fd700 1 --2- 172.21.15.37:0/1359669287 >> [v2:172.21.15.37:6800/1299348474,v1:172.21.15.37:6801/1299348474] conn(0x7f82680368f0 0x7f8268038da0 unknown :-1 s=CLOSED pgs=8 cs=0 l=1 rev1=1 crypto rx=0 tx=0 comp rx=0 tx=0).stop
2024-04-25T17:09:44.704 INFO:teuthology.orchestra.run.smithi037.stdout:/usr/bin/ceph: stderr
2024-04-25T17:09:43.386+0000 7f82843fd700 1 --2- 172.21.15.37:0/1359669287 >> [v2:172.21.15.37:3300/0,v1:172.21.15.37:6789/0] conn(0x7f827c101d90 0x7f827c10f370 unknown :-1 s=CLOSED pgs=81 cs=0 l=1 rev1=1 crypto rx=0 tx=0 comp rx=0 tx=0).stop
2024-04-25T17:09:44.704 INFO:teuthology.orchestra.run.smithi037.stdout:/usr/bin/ceph: stderr
2024-04-25T17:09:43.386+0000 7f82843fd700 1 -- 172.21.15.37:0/1359669287 >> 172.21.15.37:0/1359669287 conn(0x7f827c0fc6f0 msgr2=0x7f827c0fd150 unknown :-1 s=STATE_NONE l=0).mark_down
2024-04-25T17:09:44.704 INFO:teuthology.orchestra.run.smithi037.stdout:/usr/bin/ceph: stderr
2024-04-25T17:09:43.386+0000 7f82843fd700 1 -- 172.21.15.37:0/1359669287 shutdown_connections
2024-04-25T17:09:44.704 INFO:teuthology.orchestra.run.smithi037.stdout:/usr/bin/ceph: stderr
2024-04-25T17:09:43.386+0000 7f82843fd700 1 -- 172.21.15.37:0/1359669287 wait complete.
2024-04-25T17:09:44.704 INFO:teuthology.orchestra.run.smithi037.stdout:Fetching dashboard port number...
2024-04-25T17:09:44.951 INFO:journalctl@ceph.mon.smithi037.smithi037.stdout:Apr 25 17:09:44 smithi037 ceph-mon[26472]: from='client.14174 -' entity='client.admin' cmd=[{"prefix": "dashboard ac-user-create", "username": "admin", "rolename": "administrator", "force_password": true, "pwd_update_required": true, "target": ["mon-mgr", ""]}]: dispatch
2024-04-25T17:09:45.823 INFO:teuthology.orchestra.run.smithi037.stdout:/usr/bin/ceph: stdout 8443
2024-04-25T17:09:45.823 INFO:teuthology.orchestra.run.smithi037.stdout:/usr/bin/ceph: stderr
2024-04-25T17:09:45.146+0000 7f8e711a9700 1 Processor -- start
2024-04-25T17:09:45.823 INFO:teuthology.orchestra.run.smithi037.stdout:/usr/bin/ceph: stderr
2024-04-25T17:09:45.146+0000 7f8e711a9700 1 -- start start
2024-04-25T17:09:45.823 INFO:teuthology.orchestra.run.smithi037.stdout:/usr/bin/ceph: stderr
2024-04-25T17:09:45.146+0000 7f8e711a9700 1 --2- >> [v2:172.21.15.37:3300/0,v1:172.21.15.37:6789/0] conn(0x7f8e6c1016f0 0x7f8e6c101b00 unknown :-1 s=NONE pgs=0 cs=0 l=0 rev1=0 crypto rx=0 tx=0 comp rx=0 tx=0).connect
2024-04-25T17:09:45.823 INFO:teuthology.orchestra.run.smithi037.stdout:/usr/bin/ceph: stderr
2024-04-25T17:09:45.146+0000 7f8e711a9700 1 -- --> [v2:172.21.15.37:3300/0,v1:172.21.15.37:6789/0] -- mon_getmap magic: 0 v1 -- 0x7f8e6c102040 con 0x7f8e6c1016f0
2024-04-25T17:09:45.823 INFO:teuthology.orchestra.run.smithi037.stdout:/usr/bin/ceph: stderr
2024-04-25T17:09:45.147+0000 7f8e6ad9d700 1 --2- >> [v2:172.21.15.37:3300/0,v1:172.21.15.37:6789/0] conn(0x7f8e6c1016f0 0x7f8e6c101b00 unknown :-1 s=BANNER_CONNECTING pgs=0 cs=0 l=0 rev1=0 crypto rx=0 tx=0 comp rx=0 tx=0)._handle_peer_banner_payload supported=3 required=0
2024-04-25T17:09:45.823 INFO:teuthology.orchestra.run.smithi037.stdout:/usr/bin/ceph: stderr
2024-04-25T17:09:45.147+0000 7f8e6ad9d700 1 --2- >> [v2:172.21.15.37:3300/0,v1:172.21.15.37:6789/0] conn(0x7f8e6c1016f0 0x7f8e6c101b00 unknown :-1 s=HELLO_CONNECTING pgs=0 cs=0 l=0 rev1=1 crypto rx=0 tx=0 comp rx=0 tx=0).handle_hello peer v2:172.21.15.37:3300/0 says I am v2:172.21.15.37:37884/0 (socket says 172.21.15.37:37884)
2024-04-25T17:09:45.823 INFO:teuthology.orchestra.run.smithi037.stdout:/usr/bin/ceph: stderr
2024-04-25T17:09:45.147+0000 7f8e6ad9d700 1 -- 172.21.15.37:0/1168996601 learned_addr learned my addr 172.21.15.37:0/1168996601 (peer_addr_for_me v2:172.21.15.37:0/0)
2024-04-25T17:09:45.823 INFO:teuthology.orchestra.run.smithi037.stdout:/usr/bin/ceph: stderr
2024-04-25T17:09:45.147+0000 7f8e6ad9d700 1 -- 172.21.15.37:0/1168996601 --> [v2:172.21.15.37:3300/0,v1:172.21.15.37:6789/0] -- mon_subscribe({config=0+,monmap=0+}) v3 -- 0x7f8e6c102180 con 0x7f8e6c1016f0
2024-04-25T17:09:45.824 INFO:teuthology.orchestra.run.smithi037.stdout:/usr/bin/ceph: stderr
2024-04-25T17:09:45.147+0000 7f8e6ad9d700 1 --2- 172.21.15.37:0/1168996601 >> [v2:172.21.15.37:3300/0,v1:172.21.15.37:6789/0] conn(0x7f8e6c1016f0 0x7f8e6c101b00 secure :-1 s=READY pgs=82 cs=0 l=1 rev1=1 crypto rx=0x7f8e5c0098e0 tx=0x7f8e5c009250 comp rx=0 tx=0).ready entity=mon.0 client_cookie=7449b2c1d3c8b19b server_cookie=0 in_seq=0 out_seq=0
2024-04-25T17:09:45.824 INFO:teuthology.orchestra.run.smithi037.stdout:/usr/bin/ceph: stderr
2024-04-25T17:09:45.147+0000 7f8e69d9b700 1 -- 172.21.15.37:0/1168996601 <== mon.0 v2:172.21.15.37:3300/0 1 ==== mon_map magic: 0 v1 ==== 229+0+0 (secure 0 0 0) 0x7f8e5c00b860 con 0x7f8e6c1016f0
2024-04-25T17:09:45.824 INFO:teuthology.orchestra.run.smithi037.stdout:/usr/bin/ceph: stderr
2024-04-25T17:09:45.147+0000 7f8e69d9b700 1 -- 172.21.15.37:0/1168996601 <== mon.0 v2:172.21.15.37:3300/0 2 ==== config(27 keys) v1 ==== 1109+0+0 (secure 0 0 0) 0x7f8e5c00be90 con 0x7f8e6c1016f0
2024-04-25T17:09:45.824 INFO:teuthology.orchestra.run.smithi037.stdout:/usr/bin/ceph: stderr
2024-04-25T17:09:45.147+0000 7f8e69d9b700 1 -- 172.21.15.37:0/1168996601 <== mon.0 v2:172.21.15.37:3300/0 3 ==== mon_map magic: 0 v1 ==== 229+0+0 (secure 0 0 0) 0x7f8e5c0103c0 con 0x7f8e6c1016f0
2024-04-25T17:09:45.824 INFO:teuthology.orchestra.run.smithi037.stdout:/usr/bin/ceph: stderr
2024-04-25T17:09:45.148+0000 7f8e711a9700 1 -- 172.21.15.37:0/1168996601 >> [v2:172.21.15.37:3300/0,v1:172.21.15.37:6789/0] conn(0x7f8e6c1016f0 msgr2=0x7f8e6c101b00 secure :-1 s=STATE_CONNECTION_ESTABLISHED l=1).mark_down
2024-04-25T17:09:45.824 INFO:teuthology.orchestra.run.smithi037.stdout:/usr/bin/ceph: stderr
2024-04-25T17:09:45.148+0000 7f8e711a9700 1 --2- 172.21.15.37:0/1168996601 >> [v2:172.21.15.37:3300/0,v1:172.21.15.37:6789/0] conn(0x7f8e6c1016f0 0x7f8e6c101b00 secure :-1 s=READY pgs=82 cs=0 l=1 rev1=1 crypto rx=0x7f8e5c0098e0 tx=0x7f8e5c009250 comp rx=0 tx=0).stop
2024-04-25T17:09:45.824 INFO:teuthology.orchestra.run.smithi037.stdout:/usr/bin/ceph: stderr
2024-04-25T17:09:45.148+0000 7f8e711a9700 1 -- 172.21.15.37:0/1168996601 shutdown_connections
2024-04-25T17:09:45.824 INFO:teuthology.orchestra.run.smithi037.stdout:/usr/bin/ceph: stderr
2024-04-25T17:09:45.148+0000 7f8e711a9700 1 --2- 172.21.15.37:0/1168996601 >> [v2:172.21.15.37:3300/0,v1:172.21.15.37:6789/0] conn(0x7f8e6c1016f0 0x7f8e6c101b00 unknown :-1 s=CLOSED pgs=82 cs=0 l=1 rev1=1 crypto rx=0 tx=0 comp rx=0 tx=0).stop
2024-04-25T17:09:45.824 INFO:teuthology.orchestra.run.smithi037.stdout:/usr/bin/ceph: stderr
2024-04-25T17:09:45.148+0000 7f8e711a9700 1 -- 172.21.15.37:0/1168996601 >> 172.21.15.37:0/1168996601 conn(0x7f8e6c0fced0 msgr2=0x7f8e6c0ff2e0 unknown :-1 s=STATE_NONE l=0).mark_down
2024-04-25T17:09:45.824 INFO:teuthology.orchestra.run.smithi037.stdout:/usr/bin/ceph: stderr
2024-04-25T17:09:45.148+0000 7f8e711a9700 1 -- 172.21.15.37:0/1168996601 shutdown_connections
2024-04-25T17:09:45.824 INFO:teuthology.orchestra.run.smithi037.stdout:/usr/bin/ceph: stderr
2024-04-25T17:09:45.148+0000 7f8e711a9700 1 -- 172.21.15.37:0/1168996601 wait complete.
2024-04-25T17:09:45.824 INFO:teuthology.orchestra.run.smithi037.stdout:/usr/bin/ceph: stderr
2024-04-25T17:09:45.149+0000 7f8e711a9700 1 Processor -- start
2024-04-25T17:09:45.824 INFO:teuthology.orchestra.run.smithi037.stdout:/usr/bin/ceph: stderr
2024-04-25T17:09:45.149+0000 7f8e711a9700 1 -- start start
2024-04-25T17:09:45.824 INFO:teuthology.orchestra.run.smithi037.stdout:/usr/bin/ceph: stderr
2024-04-25T17:09:45.149+0000 7f8e711a9700 1 --2- >> [v2:172.21.15.37:3300/0,v1:172.21.15.37:6789/0] conn(0x7f8e6c1016f0 0x7f8e6c1104d0 unknown :-1 s=NONE pgs=0 cs=0 l=1 rev1=0 crypto rx=0 tx=0 comp rx=0 tx=0).connect
2024-04-25T17:09:45.825 INFO:teuthology.orchestra.run.smithi037.stdout:/usr/bin/ceph: stderr
2024-04-25T17:09:45.149+0000 7f8e711a9700 1 -- --> [v2:172.21.15.37:3300/0,v1:172.21.15.37:6789/0] -- mon_getmap magic: 0 v1 -- 0x7f8e6c110a10 con 0x7f8e6c1016f0
2024-04-25T17:09:45.825 INFO:teuthology.orchestra.run.smithi037.stdout:/usr/bin/ceph: stderr
2024-04-25T17:09:45.149+0000 7f8e6ad9d700 1 --2- >> [v2:172.21.15.37:3300/0,v1:172.21.15.37:6789/0] conn(0x7f8e6c1016f0 0x7f8e6c1104d0 unknown :-1 s=BANNER_CONNECTING pgs=0 cs=0 l=1 rev1=0 crypto rx=0 tx=0 comp rx=0 tx=0)._handle_peer_banner_payload supported=3 required=0
2024-04-25T17:09:45.825 INFO:teuthology.orchestra.run.smithi037.stdout:/usr/bin/ceph: stderr
2024-04-25T17:09:45.149+0000 7f8e6ad9d700 1 --2- >> [v2:172.21.15.37:3300/0,v1:172.21.15.37:6789/0] conn(0x7f8e6c1016f0 0x7f8e6c1104d0 unknown :-1 s=HELLO_CONNECTING pgs=0 cs=0 l=1 rev1=1 crypto rx=0 tx=0 comp rx=0 tx=0).handle_hello peer v2:172.21.15.37:3300/0 says I am v2:172.21.15.37:37900/0 (socket says 172.21.15.37:37900)
2024-04-25T17:09:45.825 INFO:teuthology.orchestra.run.smithi037.stdout:/usr/bin/ceph: stderr
2024-04-25T17:09:45.149+0000 7f8e6ad9d700 1 -- 172.21.15.37:0/1739186382 learned_addr learned my addr 172.21.15.37:0/1739186382 (peer_addr_for_me v2:172.21.15.37:0/0)
