2024-04-25T17:09:18.619 INFO:teuthology.orchestra.run.smithi037.stdout:/usr/bin/ceph: stderr
2024-04-25T17:09:18.062+0000 7fe43b3e7700 1 -- 172.21.15.37:0/4091659829 shutdown_connections
2024-04-25T17:09:18.619 INFO:teuthology.orchestra.run.smithi037.stdout:/usr/bin/ceph: stderr
2024-04-25T17:09:18.062+0000 7fe43b3e7700 1 -- 172.21.15.37:0/4091659829 wait complete.
2024-04-25T17:09:18.619 INFO:teuthology.orchestra.run.smithi037.stdout:Deploying mon service with default placement...
2024-04-25T17:09:19.253 INFO:journalctl@ceph.mon.smithi037.smithi037.stdout:Apr 25 17:09:19 smithi037 ceph-mon[26472]: from='mgr.14118 172.21.15.37:0/1694910703' entity='mgr.smithi037.txrgxl'
2024-04-25T17:09:19.253 INFO:journalctl@ceph.mon.smithi037.smithi037.stdout:Apr 25 17:09:19 smithi037 ceph-mon[26472]: Added host smithi037
2024-04-25T17:09:19.253 INFO:journalctl@ceph.mon.smithi037.smithi037.stdout:Apr 25 17:09:19 smithi037 ceph-mon[26472]: from='mgr.14118 172.21.15.37:0/1694910703' entity='mgr.smithi037.txrgxl' cmd=[{"prefix": "config dump", "format": "json"}]: dispatch
2024-04-25T17:09:19.999 INFO:teuthology.orchestra.run.smithi037.stdout:/usr/bin/ceph: stdout Scheduled mon update...
2024-04-25T17:09:19.999 INFO:teuthology.orchestra.run.smithi037.stdout:/usr/bin/ceph: stderr
2024-04-25T17:09:19.017+0000 7f8005112700 1 Processor -- start
2024-04-25T17:09:19.999 INFO:teuthology.orchestra.run.smithi037.stdout:/usr/bin/ceph: stderr
2024-04-25T17:09:19.017+0000 7f8005112700 1 -- start start
2024-04-25T17:09:19.999 INFO:teuthology.orchestra.run.smithi037.stdout:/usr/bin/ceph: stderr
2024-04-25T17:09:19.018+0000 7f8005112700 1 --2- >> [v2:172.21.15.37:3300/0,v1:172.21.15.37:6789/0] conn(0x7f8000102c90 0x7f80001030a0 unknown :-1 s=NONE pgs=0 cs=0 l=0 rev1=0 crypto rx=0 tx=0 comp rx=0 tx=0).connect
2024-04-25T17:09:19.999 INFO:teuthology.orchestra.run.smithi037.stdout:/usr/bin/ceph: stderr
2024-04-25T17:09:19.018+0000 7f8005112700 1 -- --> [v2:172.21.15.37:3300/0,v1:172.21.15.37:6789/0] -- mon_getmap magic: 0 v1 -- 0x7f8000103670 con 0x7f8000102c90
2024-04-25T17:09:19.999 INFO:teuthology.orchestra.run.smithi037.stdout:/usr/bin/ceph: stderr
2024-04-25T17:09:19.018+0000 7f7ffed9d700 1 --2- >> [v2:172.21.15.37:3300/0,v1:172.21.15.37:6789/0] conn(0x7f8000102c90 0x7f80001030a0 unknown :-1 s=BANNER_CONNECTING pgs=0 cs=0 l=0 rev1=0 crypto rx=0 tx=0 comp rx=0 tx=0)._handle_peer_banner_payload supported=3 required=0
2024-04-25T17:09:19.999 INFO:teuthology.orchestra.run.smithi037.stdout:/usr/bin/ceph: stderr
2024-04-25T17:09:19.018+0000 7f7ffed9d700 1 --2- >> [v2:172.21.15.37:3300/0,v1:172.21.15.37:6789/0] conn(0x7f8000102c90 0x7f80001030a0 unknown :-1 s=HELLO_CONNECTING pgs=0 cs=0 l=0 rev1=1 crypto rx=0 tx=0 comp rx=0 tx=0).handle_hello peer v2:172.21.15.37:3300/0 says I am v2:172.21.15.37:50972/0 (socket says 172.21.15.37:50972)
2024-04-25T17:09:19.999 INFO:teuthology.orchestra.run.smithi037.stdout:/usr/bin/ceph: stderr
2024-04-25T17:09:19.018+0000 7f7ffed9d700 1 -- 172.21.15.37:0/538733866 learned_addr learned my addr 172.21.15.37:0/538733866 (peer_addr_for_me v2:172.21.15.37:0/0)
2024-04-25T17:09:19.999 INFO:teuthology.orchestra.run.smithi037.stdout:/usr/bin/ceph: stderr
2024-04-25T17:09:19.018+0000 7f7ffed9d700 1 -- 172.21.15.37:0/538733866 --> [v2:172.21.15.37:3300/0,v1:172.21.15.37:6789/0] -- mon_subscribe({config=0+,monmap=0+}) v3 -- 0x7f80001037b0 con 0x7f8000102c90
2024-04-25T17:09:19.999 INFO:teuthology.orchestra.run.smithi037.stdout:/usr/bin/ceph: stderr
2024-04-25T17:09:19.018+0000 7f7ffed9d700 1 --2- 172.21.15.37:0/538733866 >> [v2:172.21.15.37:3300/0,v1:172.21.15.37:6789/0] conn(0x7f8000102c90 0x7f80001030a0 secure :-1 s=READY pgs=45 cs=0 l=1 rev1=1 crypto rx=0x7f7ff00098e0 tx=0x7f7ff0009250 comp rx=0 tx=0).ready entity=mon.0 client_cookie=d25037fdd7da91a4 server_cookie=0 in_seq=0 out_seq=0
2024-04-25T17:09:19.999 INFO:teuthology.orchestra.run.smithi037.stdout:/usr/bin/ceph: stderr
2024-04-25T17:09:19.018+0000 7f7ffdd9b700 1 -- 172.21.15.37:0/538733866 <== mon.0 v2:172.21.15.37:3300/0 1 ==== mon_map magic: 0 v1 ==== 229+0+0 (secure 0 0 0) 0x7f7ff000b860 con 0x7f8000102c90
2024-04-25T17:09:20.000 INFO:teuthology.orchestra.run.smithi037.stdout:/usr/bin/ceph: stderr
2024-04-25T17:09:19.018+0000 7f7ffdd9b700 1 -- 172.21.15.37:0/538733866 <== mon.0 v2:172.21.15.37:3300/0 2 ==== config(27 keys) v1 ==== 1044+0+0 (secure 0 0 0) 0x7f7ff000be50 con 0x7f8000102c90
2024-04-25T17:09:20.000 INFO:teuthology.orchestra.run.smithi037.stdout:/usr/bin/ceph: stderr
2024-04-25T17:09:19.018+0000 7f7ffdd9b700 1 -- 172.21.15.37:0/538733866 <== mon.0 v2:172.21.15.37:3300/0 3 ==== mon_map magic: 0 v1 ==== 229+0+0 (secure 0 0 0) 0x7f7ff0010380 con 0x7f8000102c90
2024-04-25T17:09:20.000 INFO:teuthology.orchestra.run.smithi037.stdout:/usr/bin/ceph: stderr
2024-04-25T17:09:19.019+0000 7f8005112700 1 -- 172.21.15.37:0/538733866 >> [v2:172.21.15.37:3300/0,v1:172.21.15.37:6789/0] conn(0x7f8000102c90 msgr2=0x7f80001030a0 secure :-1 s=STATE_CONNECTION_ESTABLISHED l=1).mark_down
2024-04-25T17:09:20.000 INFO:teuthology.orchestra.run.smithi037.stdout:/usr/bin/ceph: stderr
2024-04-25T17:09:19.019+0000 7f8005112700 1 --2- 172.21.15.37:0/538733866 >> [v2:172.21.15.37:3300/0,v1:172.21.15.37:6789/0] conn(0x7f8000102c90 0x7f80001030a0 secure :-1 s=READY pgs=45 cs=0 l=1 rev1=1 crypto rx=0x7f7ff00098e0 tx=0x7f7ff0009250 comp rx=0 tx=0).stop
2024-04-25T17:09:20.000 INFO:teuthology.orchestra.run.smithi037.stdout:/usr/bin/ceph: stderr
2024-04-25T17:09:19.019+0000 7f8005112700 1 -- 172.21.15.37:0/538733866 shutdown_connections
2024-04-25T17:09:20.000 INFO:teuthology.orchestra.run.smithi037.stdout:/usr/bin/ceph: stderr
2024-04-25T17:09:19.019+0000 7f8005112700 1 --2- 172.21.15.37:0/538733866 >> [v2:172.21.15.37:3300/0,v1:172.21.15.37:6789/0] conn(0x7f8000102c90 0x7f80001030a0 unknown :-1 s=CLOSED pgs=45 cs=0 l=1 rev1=1 crypto rx=0 tx=0 comp rx=0 tx=0).stop
2024-04-25T17:09:20.000 INFO:teuthology.orchestra.run.smithi037.stdout:/usr/bin/ceph: stderr
2024-04-25T17:09:19.019+0000 7f8005112700 1 -- 172.21.15.37:0/538733866 >> 172.21.15.37:0/538733866 conn(0x7f80000fc6f0 msgr2=0x7f80000feb00 unknown :-1 s=STATE_NONE l=0).mark_down
2024-04-25T17:09:20.000 INFO:teuthology.orchestra.run.smithi037.stdout:/usr/bin/ceph: stderr
2024-04-25T17:09:19.019+0000 7f8005112700 1 -- 172.21.15.37:0/538733866 shutdown_connections
2024-04-25T17:09:20.000 INFO:teuthology.orchestra.run.smithi037.stdout:/usr/bin/ceph: stderr
2024-04-25T17:09:19.019+0000 7f8005112700 1 -- 172.21.15.37:0/538733866 wait complete.
2024-04-25T17:09:20.000 INFO:teuthology.orchestra.run.smithi037.stdout:/usr/bin/ceph: stderr
2024-04-25T17:09:19.020+0000 7f8005112700 1 Processor -- start
2024-04-25T17:09:20.000 INFO:teuthology.orchestra.run.smithi037.stdout:/usr/bin/ceph: stderr
2024-04-25T17:09:19.020+0000 7f8005112700 1 -- start start
2024-04-25T17:09:20.000 INFO:teuthology.orchestra.run.smithi037.stdout:/usr/bin/ceph: stderr
2024-04-25T17:09:19.020+0000 7f8005112700 1 --2- >> [v2:172.21.15.37:3300/0,v1:172.21.15.37:6789/0] conn(0x7f8000102c90 0x7f80001137d0 unknown :-1 s=NONE pgs=0 cs=0 l=1 rev1=0 crypto rx=0 tx=0 comp rx=0 tx=0).connect
2024-04-25T17:09:20.000 INFO:teuthology.orchestra.run.smithi037.stdout:/usr/bin/ceph: stderr
2024-04-25T17:09:19.020+0000 7f8005112700 1 -- --> [v2:172.21.15.37:3300/0,v1:172.21.15.37:6789/0] -- mon_getmap magic: 0 v1 -- 0x7f8000113d10 con 0x7f8000102c90
2024-04-25T17:09:20.000 INFO:teuthology.orchestra.run.smithi037.stdout:/usr/bin/ceph: stderr
2024-04-25T17:09:19.020+0000 7f7ffed9d700 1 --2- >> [v2:172.21.15.37:3300/0,v1:172.21.15.37:6789/0] conn(0x7f8000102c90 0x7f80001137d0 unknown :-1 s=BANNER_CONNECTING pgs=0 cs=0 l=1 rev1=0 crypto rx=0 tx=0 comp rx=0 tx=0)._handle_peer_banner_payload supported=3 required=0
2024-04-25T17:09:20.000 INFO:teuthology.orchestra.run.smithi037.stdout:/usr/bin/ceph: stderr
2024-04-25T17:09:19.020+0000 7f7ffed9d700 1 --2- >> [v2:172.21.15.37:3300/0,v1:172.21.15.37:6789/0] conn(0x7f8000102c90 0x7f80001137d0 unknown :-1 s=HELLO_CONNECTING pgs=0 cs=0 l=1 rev1=1 crypto rx=0 tx=0 comp rx=0 tx=0).handle_hello peer v2:172.21.15.37:3300/0 says I am v2:172.21.15.37:50986/0 (socket says 172.21.15.37:50986)
2024-04-25T17:09:20.001 INFO:teuthology.orchestra.run.smithi037.stdout:/usr/bin/ceph: stderr
2024-04-25T17:09:19.020+0000 7f7ffed9d700 1 -- 172.21.15.37:0/3523377582 learned_addr learned my addr 172.21.15.37:0/3523377582 (peer_addr_for_me v2:172.21.15.37:0/0)
2024-04-25T17:09:20.001 INFO:teuthology.orchestra.run.smithi037.stdout:/usr/bin/ceph: stderr
2024-04-25T17:09:19.020+0000 7f7ffed9d700 1 -- 172.21.15.37:0/3523377582 --> [v2:172.21.15.37:3300/0,v1:172.21.15.37:6789/0] -- mon_subscribe({config=0+,monmap=0+}) v3 -- 0x7f7ff00094f0 con 0x7f8000102c90
2024-04-25T17:09:20.001 INFO:teuthology.orchestra.run.smithi037.stdout:/usr/bin/ceph: stderr
2024-04-25T17:09:19.021+0000 7f7ffed9d700 1 --2- 172.21.15.37:0/3523377582 >> [v2:172.21.15.37:3300/0,v1:172.21.15.37:6789/0] conn(0x7f8000102c90 0x7f80001137d0 secure :-1 s=READY pgs=46 cs=0 l=1 rev1=1 crypto rx=0x7f7ff0000c00 tx=0x7f7ff0009250 comp rx=0 tx=0).ready entity=mon.0 client_cookie=0 server_cookie=0 in_seq=0 out_seq=0
2024-04-25T17:09:20.001 INFO:teuthology.orchestra.run.smithi037.stdout:/usr/bin/ceph: stderr
2024-04-25T17:09:19.021+0000 7f7ff77fe700 1 -- 172.21.15.37:0/3523377582 <== mon.0 v2:172.21.15.37:3300/0 1 ==== mon_map magic: 0 v1 ==== 229+0+0 (secure 0 0 0) 0x7f7ff00107c0 con 0x7f8000102c90
2024-04-25T17:09:20.001 INFO:teuthology.orchestra.run.smithi037.stdout:/usr/bin/ceph: stderr
2024-04-25T17:09:19.021+0000 7f7ff77fe700 1 -- 172.21.15.37:0/3523377582 <== mon.0 v2:172.21.15.37:3300/0 2 ==== config(27 keys) v1 ==== 1044+0+0 (secure 0 0 0) 0x7f7ff0010db0 con 0x7f8000102c90
2024-04-25T17:09:20.001 INFO:teuthology.orchestra.run.smithi037.stdout:/usr/bin/ceph: stderr
2024-04-25T17:09:19.021+0000 7f8005112700 1 -- 172.21.15.37:0/3523377582 --> [v2:172.21.15.37:3300/0,v1:172.21.15.37:6789/0] -- mon_subscribe({mgrmap=0+}) v3 -- 0x7f8000113f10 con 0x7f8000102c90
2024-04-25T17:09:20.001 INFO:teuthology.orchestra.run.smithi037.stdout:/usr/bin/ceph: stderr
2024-04-25T17:09:19.021+0000 7f7ff77fe700 1 -- 172.21.15.37:0/3523377582 <== mon.0 v2:172.21.15.37:3300/0 3 ==== mon_map magic: 0 v1 ==== 229+0+0 (secure 0 0 0) 0x7f7ff001ad00 con 0x7f8000102c90
2024-04-25T17:09:20.001 INFO:teuthology.orchestra.run.smithi037.stdout:/usr/bin/ceph: stderr
2024-04-25T17:09:19.021+0000 7f8005112700 1 -- 172.21.15.37:0/3523377582 --> [v2:172.21.15.37:3300/0,v1:172.21.15.37:6789/0] -- mon_subscribe({osdmap=0}) v3 -- 0x7f8000114a80 con 0x7f8000102c90
2024-04-25T17:09:20.001 INFO:teuthology.orchestra.run.smithi037.stdout:/usr/bin/ceph: stderr
2024-04-25T17:09:19.022+0000 7f7ff77fe700 1 -- 172.21.15.37:0/3523377582 <== mon.0 v2:172.21.15.37:3300/0 4 ==== mgrmap(e 8) v1 ==== 43376+0+0 (secure 0 0 0) 0x7f7ff00193c0 con 0x7f8000102c90
2024-04-25T17:09:20.001 INFO:teuthology.orchestra.run.smithi037.stdout:/usr/bin/ceph: stderr
2024-04-25T17:09:19.022+0000 7f8005112700 1 -- 172.21.15.37:0/3523377582 --> [v2:172.21.15.37:3300/0,v1:172.21.15.37:6789/0] -- mon_command({"prefix": "get_command_descriptions"} v 0) v1 -- 0x7f800005f5c0 con 0x7f8000102c90
2024-04-25T17:09:20.001 INFO:teuthology.orchestra.run.smithi037.stdout:/usr/bin/ceph: stderr
2024-04-25T17:09:19.022+0000 7f7ff77fe700 1 --2- 172.21.15.37:0/3523377582 >> [v2:172.21.15.37:6800/3653320894,v1:172.21.15.37:6801/3653320894] conn(0x7f7fec0368a0 0x7f7fec038d50 unknown :-1 s=NONE pgs=0 cs=0 l=1 rev1=0 crypto rx=0 tx=0 comp rx=0 tx=0).connect
2024-04-25T17:09:20.001 INFO:teuthology.orchestra.run.smithi037.stdout:/usr/bin/ceph: stderr
2024-04-25T17:09:19.022+0000 7f7ff77fe700 1 -- 172.21.15.37:0/3523377582 <== mon.0 v2:172.21.15.37:3300/0 5 ==== osd_map(2..2 src has 1..2) v4 ==== 936+0+0 (secure 0 0 0) 0x7f7ff004a850 con 0x7f8000102c90
2024-04-25T17:09:20.001 INFO:teuthology.orchestra.run.smithi037.stdout:/usr/bin/ceph: stderr
2024-04-25T17:09:19.022+0000 7f7ffe59c700 1 --2- 172.21.15.37:0/3523377582 >> [v2:172.21.15.37:6800/3653320894,v1:172.21.15.37:6801/3653320894] conn(0x7f7fec0368a0 0x7f7fec038d50 unknown :-1 s=BANNER_CONNECTING pgs=0 cs=0 l=1 rev1=0 crypto rx=0 tx=0 comp rx=0 tx=0)._handle_peer_banner_payload supported=3 required=0
2024-04-25T17:09:20.001 INFO:teuthology.orchestra.run.smithi037.stdout:/usr/bin/ceph: stderr
2024-04-25T17:09:19.022+0000 7f7ffe59c700 1 --2- 172.21.15.37:0/3523377582 >> [v2:172.21.15.37:6800/3653320894,v1:172.21.15.37:6801/3653320894] conn(0x7f7fec0368a0 0x7f7fec038d50 secure :-1 s=READY pgs=12 cs=0 l=1 rev1=1 crypto rx=0x7f7fe8009990 tx=0x7f7fe8006e40 comp rx=0 tx=0).ready entity=mgr.14118 client_cookie=0 server_cookie=0 in_seq=0 out_seq=0
2024-04-25T17:09:20.001 INFO:teuthology.orchestra.run.smithi037.stdout:/usr/bin/ceph: stderr
2024-04-25T17:09:19.027+0000 7f7ff77fe700 1 -- 172.21.15.37:0/3523377582 <== mon.0 v2:172.21.15.37:3300/0 6 ==== mon_command_ack([{"prefix": "get_command_descriptions"}]=0 v0) v1 ==== 72+0+176702 (secure 0 0 0) 0x7f7ff0022930 con 0x7f8000102c90
2024-04-25T17:09:20.002 INFO:teuthology.orchestra.run.smithi037.stdout:/usr/bin/ceph: stderr
2024-04-25T17:09:19.244+0000 7f8005112700 1 -- 172.21.15.37:0/3523377582 --> [v2:172.21.15.37:6800/3653320894,v1:172.21.15.37:6801/3653320894] -- mgr_command(tid 0: {"prefix": "orch apply", "service_type": "mon", "target": ["mon-mgr", ""]}) v1 -- 0x7f80000fd8b0 con 0x7f7fec0368a0
2024-04-25T17:09:20.002 INFO:teuthology.orchestra.run.smithi037.stdout:/usr/bin/ceph: stderr
2024-04-25T17:09:19.250+0000 7f7ff77fe700 1 -- 172.21.15.37:0/3523377582 <== mgr.14118 v2:172.21.15.37:6800/3653320894 1 ==== mgr_command_reply(tid 0: 0 ) v1 ==== 8+0+24 (secure 0 0 0) 0x7f80000fd8b0 con 0x7f7fec0368a0
2024-04-25T17:09:20.002 INFO:teuthology.orchestra.run.smithi037.stdout:/usr/bin/ceph: stderr
2024-04-25T17:09:19.252+0000 7f8005112700 1 -- 172.21.15.37:0/3523377582 >> [v2:172.21.15.37:6800/3653320894,v1:172.21.15.37:6801/3653320894] conn(0x7f7fec0368a0 msgr2=0x7f7fec038d50 secure :-1 s=STATE_CONNECTION_ESTABLISHED l=1).mark_down
2024-04-25T17:09:20.002 INFO:teuthology.orchestra.run.smithi037.stdout:/usr/bin/ceph: stderr
2024-04-25T17:09:19.252+0000 7f8005112700 1 --2- 172.21.15.37:0/3523377582 >> [v2:172.21.15.37:6800/3653320894,v1:172.21.15.37:6801/3653320894] conn(0x7f7fec0368a0 0x7f7fec038d50 secure :-1 s=READY pgs=12 cs=0 l=1 rev1=1 crypto rx=0x7f7fe8009990 tx=0x7f7fe8006e40 comp rx=0 tx=0).stop
2024-04-25T17:09:20.002 INFO:teuthology.orchestra.run.smithi037.stdout:/usr/bin/ceph: stderr
2024-04-25T17:09:19.252+0000 7f8005112700 1 -- 172.21.15.37:0/3523377582 >> [v2:172.21.15.37:3300/0,v1:172.21.15.37:6789/0] conn(0x7f8000102c90 msgr2=0x7f80001137d0 secure :-1 s=STATE_CONNECTION_ESTABLISHED l=1).mark_down
2024-04-25T17:09:20.002 INFO:teuthology.orchestra.run.smithi037.stdout:/usr/bin/ceph: stderr
2024-04-25T17:09:19.252+0000 7f8005112700 1 --2- 172.21.15.37:0/3523377582 >> [v2:172.21.15.37:3300/0,v1:172.21.15.37:6789/0] conn(0x7f8000102c90 0x7f80001137d0 secure :-1 s=READY pgs=46 cs=0 l=1 rev1=1 crypto rx=0x7f7ff0000c00 tx=0x7f7ff0009250 comp rx=0 tx=0).stop
2024-04-25T17:09:20.002 INFO:teuthology.orchestra.run.smithi037.stdout:/usr/bin/ceph: stderr
2024-04-25T17:09:19.252+0000 7f8005112700 1 -- 172.21.15.37:0/3523377582 shutdown_connections
2024-04-25T17:09:20.002 INFO:teuthology.orchestra.run.smithi037.stdout:/usr/bin/ceph: stderr
2024-04-25T17:09:19.252+0000 7f8005112700 1 --2- 172.21.15.37:0/3523377582 >> [v2:172.21.15.37:6800/3653320894,v1:172.21.15.37:6801/3653320894] conn(0x7f7fec0368a0 0x7f7fec038d50 unknown :-1 s=CLOSED pgs=12 cs=0 l=1 rev1=1 crypto rx=0 tx=0 comp rx=0 tx=0).stop
2024-04-25T17:09:20.002 INFO:teuthology.orchestra.run.smithi037.stdout:/usr/bin/ceph: stderr
2024-04-25T17:09:19.252+0000 7f8005112700 1 --2- 172.21.15.37:0/3523377582 >> [v2:172.21.15.37:3300/0,v1:172.21.15.37:6789/0] conn(0x7f8000102c90 0x7f80001137d0 unknown :-1 s=CLOSED pgs=46 cs=0 l=1 rev1=1 crypto rx=0 tx=0 comp rx=0 tx=0).stop
2024-04-25T17:09:20.002 INFO:teuthology.orchestra.run.smithi037.stdout:/usr/bin/ceph: stderr
2024-04-25T17:09:19.252+0000 7f8005112700 1 -- 172.21.15.37:0/3523377582 >> 172.21.15.37:0/3523377582 conn(0x7f80000fc6f0 msgr2=0x7f80000fd1a0 unknown :-1 s=STATE_NONE l=0).mark_down
2024-04-25T17:09:20.002 INFO:teuthology.orchestra.run.smithi037.stdout:/usr/bin/ceph: stderr
2024-04-25T17:09:19.253+0000 7f8005112700 1 -- 172.21.15.37:0/3523377582 shutdown_connections
2024-04-25T17:09:20.002 INFO:teuthology.orchestra.run.smithi037.stdout:/usr/bin/ceph: stderr
2024-04-25T17:09:19.253+0000 7f8005112700 1 -- 172.21.15.37:0/3523377582 wait complete.
2024-04-25T17:09:20.002 INFO:teuthology.orchestra.run.smithi037.stdout:Deploying mgr service with default placement...
2024-04-25T17:09:20.501 INFO:journalctl@ceph.mon.smithi037.smithi037.stdout:Apr 25 17:09:20 smithi037 ceph-mon[26472]: from='client.14140 -' entity='client.admin' cmd=[{"prefix": "orch apply", "service_type": "mon", "target": ["mon-mgr", ""]}]: dispatch
2024-04-25T17:09:20.501 INFO:journalctl@ceph.mon.smithi037.smithi037.stdout:Apr 25 17:09:20 smithi037 ceph-mon[26472]: Saving service mon spec with placement count:5
2024-04-25T17:09:20.501 INFO:journalctl@ceph.mon.smithi037.smithi037.stdout:Apr 25 17:09:20 smithi037 ceph-mon[26472]: from='mgr.14118 172.21.15.37:0/1694910703' entity='mgr.smithi037.txrgxl'
2024-04-25T17:09:21.232 INFO:teuthology.orchestra.run.smithi037.stdout:/usr/bin/ceph: stdout Scheduled mgr update...
2024-04-25T17:09:21.232 INFO:teuthology.orchestra.run.smithi037.stdout:/usr/bin/ceph: stderr
2024-04-25T17:09:20.491+0000 7f607e271700 1 Processor -- start
2024-04-25T17:09:21.232 INFO:teuthology.orchestra.run.smithi037.stdout:/usr/bin/ceph: stderr
2024-04-25T17:09:20.491+0000 7f607e271700 1 -- start start
2024-04-25T17:09:21.233 INFO:teuthology.orchestra.run.smithi037.stdout:/usr/bin/ceph: stderr
2024-04-25T17:09:20.491+0000 7f607e271700 1 --2- >> [v2:172.21.15.37:3300/0,v1:172.21.15.37:6789/0] conn(0x7f6078076bf0 0x7f6078105480 unknown :-1 s=NONE pgs=0 cs=0 l=0 rev1=0 crypto rx=0 tx=0 comp rx=0 tx=0).connect
2024-04-25T17:09:21.233 INFO:teuthology.orchestra.run.smithi037.stdout:/usr/bin/ceph: stderr
2024-04-25T17:09:20.491+0000 7f607e271700 1 -- --> [v2:172.21.15.37:3300/0,v1:172.21.15.37:6789/0] -- mon_getmap magic: 0 v1 -- 0x7f60781059c0 con 0x7f6078076bf0
2024-04-25T17:09:21.233 INFO:teuthology.orchestra.run.smithi037.stdout:/usr/bin/ceph: stderr
2024-04-25T17:09:20.491+0000 7f6077fff700 1 --2- >> [v2:172.21.15.37:3300/0,v1:172.21.15.37:6789/0] conn(0x7f6078076bf0 0x7f6078105480 unknown :-1 s=BANNER_CONNECTING pgs=0 cs=0 l=0 rev1=0 crypto rx=0 tx=0 comp rx=0 tx=0)._handle_peer_banner_payload supported=3 required=0
2024-04-25T17:09:21.233 INFO:teuthology.orchestra.run.smithi037.stdout:/usr/bin/ceph: stderr
2024-04-25T17:09:20.491+0000 7f6077fff700 1 --2- >> [v2:172.21.15.37:3300/0,v1:172.21.15.37:6789/0] conn(0x7f6078076bf0 0x7f6078105480 unknown :-1 s=HELLO_CONNECTING pgs=0 cs=0 l=0 rev1=1 crypto rx=0 tx=0 comp rx=0 tx=0).handle_hello peer v2:172.21.15.37:3300/0 says I am v2:172.21.15.37:50996/0 (socket says 172.21.15.37:50996)
2024-04-25T17:09:21.233 INFO:teuthology.orchestra.run.smithi037.stdout:/usr/bin/ceph: stderr
2024-04-25T17:09:20.491+0000 7f6077fff700 1 -- 172.21.15.37:0/4177895894 learned_addr learned my addr 172.21.15.37:0/4177895894 (peer_addr_for_me v2:172.21.15.37:0/0)
2024-04-25T17:09:21.233 INFO:teuthology.orchestra.run.smithi037.stdout:/usr/bin/ceph: stderr
2024-04-25T17:09:20.492+0000 7f6077fff700 1 -- 172.21.15.37:0/4177895894 --> [v2:172.21.15.37:3300/0,v1:172.21.15.37:6789/0] -- mon_subscribe({config=0+,monmap=0+}) v3 -- 0x7f6078105b00 con 0x7f6078076bf0
2024-04-25T17:09:21.233 INFO:teuthology.orchestra.run.smithi037.stdout:/usr/bin/ceph: stderr
2024-04-25T17:09:20.492+0000 7f6077fff700 1 --2- 172.21.15.37:0/4177895894 >> [v2:172.21.15.37:3300/0,v1:172.21.15.37:6789/0] conn(0x7f6078076bf0 0x7f6078105480 secure :-1 s=READY pgs=47 cs=0 l=1 rev1=1 crypto rx=0x7f60680098e0 tx=0x7f6068009250 comp rx=0 tx=0).ready entity=mon.0 client_cookie=3f96e45298753d85 server_cookie=0 in_seq=0 out_seq=0
2024-04-25T17:09:21.233 INFO:teuthology.orchestra.run.smithi037.stdout:/usr/bin/ceph: stderr
2024-04-25T17:09:20.492+0000 7f6076ffd700 1 -- 172.21.15.37:0/4177895894 <== mon.0 v2:172.21.15.37:3300/0 1 ==== mon_map magic: 0 v1 ==== 229+0+0 (secure 0 0 0) 0x7f606800b860 con 0x7f6078076bf0
2024-04-25T17:09:21.233 INFO:teuthology.orchestra.run.smithi037.stdout:/usr/bin/ceph: stderr
2024-04-25T17:09:20.492+0000 7f6076ffd700 1 -- 172.21.15.37:0/4177895894 <== mon.0 v2:172.21.15.37:3300/0 2 ==== config(27 keys) v1 ==== 1044+0+0 (secure 0 0 0) 0x7f606800be50 con 0x7f6078076bf0
2024-04-25T17:09:21.233 INFO:teuthology.orchestra.run.smithi037.stdout:/usr/bin/ceph: stderr
2024-04-25T17:09:20.492+0000 7f6076ffd700 1 -- 172.21.15.37:0/4177895894 <== mon.0 v2:172.21.15.37:3300/0 3 ==== mon_map magic: 0 v1 ==== 229+0+0 (secure 0 0 0) 0x7f6068010380 con 0x7f6078076bf0
2024-04-25T17:09:21.233 INFO:teuthology.orchestra.run.smithi037.stdout:/usr/bin/ceph: stderr
2024-04-25T17:09:20.492+0000 7f607e271700 1 -- 172.21.15.37:0/4177895894 >> [v2:172.21.15.37:3300/0,v1:172.21.15.37:6789/0] conn(0x7f6078076bf0 msgr2=0x7f6078105480 secure :-1 s=STATE_CONNECTION_ESTABLISHED l=1).mark_down
2024-04-25T17:09:21.233 INFO:teuthology.orchestra.run.smithi037.stdout:/usr/bin/ceph: stderr
2024-04-25T17:09:20.492+0000 7f607e271700 1 --2- 172.21.15.37:0/4177895894 >> [v2:172.21.15.37:3300/0,v1:172.21.15.37:6789/0] conn(0x7f6078076bf0 0x7f6078105480 secure :-1 s=READY pgs=47 cs=0 l=1 rev1=1 crypto rx=0x7f60680098e0 tx=0x7f6068009250 comp rx=0 tx=0).stop
2024-04-25T17:09:21.233 INFO:teuthology.orchestra.run.smithi037.stdout:/usr/bin/ceph: stderr
2024-04-25T17:09:20.492+0000 7f607e271700 1 -- 172.21.15.37:0/4177895894 shutdown_connections
2024-04-25T17:09:21.233 INFO:teuthology.orchestra.run.smithi037.stdout:/usr/bin/ceph: stderr
2024-04-25T17:09:20.492+0000 7f607e271700 1 --2- 172.21.15.37:0/4177895894 >> [v2:172.21.15.37:3300/0,v1:172.21.15.37:6789/0] conn(0x7f6078076bf0 0x7f6078105480 unknown :-1 s=CLOSED pgs=47 cs=0 l=1 rev1=1 crypto rx=0 tx=0 comp rx=0 tx=0).stop
2024-04-25T17:09:21.234 INFO:teuthology.orchestra.run.smithi037.stdout:/usr/bin/ceph: stderr
2024-04-25T17:09:20.492+0000 7f607e271700 1 -- 172.21.15.37:0/4177895894 >> 172.21.15.37:0/4177895894 conn(0x7f60780fcef0 msgr2=0x7f60780ff300 unknown :-1 s=STATE_NONE l=0).mark_down
2024-04-25T17:09:21.234 INFO:teuthology.orchestra.run.smithi037.stdout:/usr/bin/ceph: stderr
2024-04-25T17:09:20.493+0000 7f607e271700 1 -- 172.21.15.37:0/4177895894 shutdown_connections
2024-04-25T17:09:21.234 INFO:teuthology.orchestra.run.smithi037.stdout:/usr/bin/ceph: stderr
2024-04-25T17:09:20.493+0000 7f607e271700 1 -- 172.21.15.37:0/4177895894 wait complete.
2024-04-25T17:09:21.234 INFO:teuthology.orchestra.run.smithi037.stdout:/usr/bin/ceph: stderr
2024-04-25T17:09:20.493+0000 7f607e271700 1 Processor -- start
2024-04-25T17:09:21.234 INFO:teuthology.orchestra.run.smithi037.stdout:/usr/bin/ceph: stderr
2024-04-25T17:09:20.493+0000 7f607e271700 1 -- start start
2024-04-25T17:09:21.234 INFO:teuthology.orchestra.run.smithi037.stdout:/usr/bin/ceph: stderr
2024-04-25T17:09:20.493+0000 7f607e271700 1 --2- >> [v2:172.21.15.37:3300/0,v1:172.21.15.37:6789/0] conn(0x7f6078076bf0 0x7f6078111620 unknown :-1 s=NONE pgs=0 cs=0 l=1 rev1=0 crypto rx=0 tx=0 comp rx=0 tx=0).connect
2024-04-25T17:09:21.234 INFO:teuthology.orchestra.run.smithi037.stdout:/usr/bin/ceph: stderr
2024-04-25T17:09:20.493+0000 7f607e271700 1 -- --> [v2:172.21.15.37:3300/0,v1:172.21.15.37:6789/0] -- mon_getmap magic: 0 v1 -- 0x7f6078111b60 con 0x7f6078076bf0
2024-04-25T17:09:21.234 INFO:teuthology.orchestra.run.smithi037.stdout:/usr/bin/ceph: stderr
2024-04-25T17:09:20.494+0000 7f6077fff700 1 --2- >> [v2:172.21.15.37:3300/0,v1:172.21.15.37:6789/0] conn(0x7f6078076bf0 0x7f6078111620 unknown :-1 s=BANNER_CONNECTING pgs=0 cs=0 l=1 rev1=0 crypto rx=0 tx=0 comp rx=0 tx=0)._handle_peer_banner_payload supported=3 required=0
2024-04-25T17:09:21.234 INFO:teuthology.orchestra.run.smithi037.stdout:/usr/bin/ceph: stderr
2024-04-25T17:09:20.494+0000 7f6077fff700 1 --2- >> [v2:172.21.15.37:3300/0,v1:172.21.15.37:6789/0] conn(0x7f6078076bf0 0x7f6078111620 unknown :-1 s=HELLO_CONNECTING pgs=0 cs=0 l=1 rev1=1 crypto rx=0 tx=0 comp rx=0 tx=0).handle_hello peer v2:172.21.15.37:3300/0 says I am v2:172.21.15.37:51010/0 (socket says 172.21.15.37:51010)
2024-04-25T17:09:21.234 INFO:teuthology.orchestra.run.smithi037.stdout:/usr/bin/ceph: stderr
2024-04-25T17:09:20.494+0000 7f6077fff700 1 -- 172.21.15.37:0/3852454952 learned_addr learned my addr 172.21.15.37:0/3852454952 (peer_addr_for_me v2:172.21.15.37:0/0)
2024-04-25T17:09:21.234 INFO:teuthology.orchestra.run.smithi037.stdout:/usr/bin/ceph: stderr
2024-04-25T17:09:20.494+0000 7f6077fff700 1 -- 172.21.15.37:0/3852454952 --> [v2:172.21.15.37:3300/0,v1:172.21.15.37:6789/0] -- mon_subscribe({config=0+,monmap=0+}) v3 -- 0x7f60680094f0 con 0x7f6078076bf0
2024-04-25T17:09:21.234 INFO:teuthology.orchestra.run.smithi037.stdout:/usr/bin/ceph: stderr
2024-04-25T17:09:20.494+0000 7f6077fff700 1 --2- 172.21.15.37:0/3852454952 >> [v2:172.21.15.37:3300/0,v1:172.21.15.37:6789/0] conn(0x7f6078076bf0 0x7f6078111620 secure :-1 s=READY pgs=48 cs=0 l=1 rev1=1 crypto rx=0x7f6068006b00 tx=0x7f6068009250 comp rx=0 tx=0).ready entity=mon.0 client_cookie=0 server_cookie=0 in_seq=0 out_seq=0
2024-04-25T17:09:21.234 INFO:teuthology.orchestra.run.smithi037.stdout:/usr/bin/ceph: stderr
2024-04-25T17:09:20.494+0000 7f6074ff9700 1 -- 172.21.15.37:0/3852454952 <== mon.0 v2:172.21.15.37:3300/0 1 ==== mon_map magic: 0 v1 ==== 229+0+0 (secure 0 0 0) 0x7f60680107c0 con 0x7f6078076bf0
2024-04-25T17:09:21.234 INFO:teuthology.orchestra.run.smithi037.stdout:/usr/bin/ceph: stderr
2024-04-25T17:09:20.494+0000 7f6074ff9700 1 -- 172.21.15.37:0/3852454952 <== mon.0 v2:172.21.15.37:3300/0 2 ==== config(27 keys) v1 ==== 1044+0+0 (secure 0 0 0) 0x7f6068010db0 con 0x7f6078076bf0
2024-04-25T17:09:21.235 INFO:teuthology.orchestra.run.smithi037.stdout:/usr/bin/ceph: stderr
2024-04-25T17:09:20.494+0000 7f607e271700 1 -- 172.21.15.37:0/3852454952 --> [v2:172.21.15.37:3300/0,v1:172.21.15.37:6789/0] -- mon_subscribe({mgrmap=0+}) v3 -- 0x7f6078111d60 con 0x7f6078076bf0
2024-04-25T17:09:21.235 INFO:teuthology.orchestra.run.smithi037.stdout:/usr/bin/ceph: stderr
2024-04-25T17:09:20.494+0000 7f6074ff9700 1 -- 172.21.15.37:0/3852454952 <== mon.0 v2:172.21.15.37:3300/0 3 ==== mon_map magic: 0 v1 ==== 229+0+0 (secure 0 0 0) 0x7f606801acf0 con 0x7f6078076bf0
2024-04-25T17:09:21.235 INFO:teuthology.orchestra.run.smithi037.stdout:/usr/bin/ceph: stderr
2024-04-25T17:09:20.494+0000 7f607e271700 1 -- 172.21.15.37:0/3852454952 --> [v2:172.21.15.37:3300/0,v1:172.21.15.37:6789/0] -- mon_subscribe({osdmap=0}) v3 -- 0x7f60781128d0 con 0x7f6078076bf0
2024-04-25T17:09:21.235 INFO:teuthology.orchestra.run.smithi037.stdout:/usr/bin/ceph: stderr
2024-04-25T17:09:20.495+0000 7f6074ff9700 1 -- 172.21.15.37:0/3852454952 <== mon.0 v2:172.21.15.37:3300/0 4 ==== mgrmap(e 8) v1 ==== 43376+0+0 (secure 0 0 0) 0x7f6068010920 con 0x7f6078076bf0
2024-04-25T17:09:21.235 INFO:teuthology.orchestra.run.smithi037.stdout:/usr/bin/ceph: stderr
2024-04-25T17:09:20.495+0000 7f6074ff9700 1 --2- 172.21.15.37:0/3852454952 >> [v2:172.21.15.37:6800/3653320894,v1:172.21.15.37:6801/3653320894] conn(0x7f6060036850 0x7f6060038d00 unknown :-1 s=NONE pgs=0 cs=0 l=1 rev1=0 crypto rx=0 tx=0 comp rx=0 tx=0).connect
2024-04-25T17:09:21.235 INFO:teuthology.orchestra.run.smithi037.stdout:/usr/bin/ceph: stderr
2024-04-25T17:09:20.495+0000 7f607e271700 1 -- 172.21.15.37:0/3852454952 --> [v2:172.21.15.37:3300/0,v1:172.21.15.37:6789/0] -- mon_command({"prefix": "get_command_descriptions"} v 0) v1 -- 0x7f607805f5c0 con 0x7f6078076bf0
2024-04-25T17:09:21.235 INFO:teuthology.orchestra.run.smithi037.stdout:/usr/bin/ceph: stderr
2024-04-25T17:09:20.495+0000 7f6074ff9700 1 -- 172.21.15.37:0/3852454952 <== mon.0 v2:172.21.15.37:3300/0 5 ==== osd_map(2..2 src has 1..2) v4 ==== 936+0+0 (secure 0 0 0) 0x7f606804a620 con 0x7f6078076bf0
2024-04-25T17:09:21.235 INFO:teuthology.orchestra.run.smithi037.stdout:/usr/bin/ceph: stderr
2024-04-25T17:09:20.496+0000 7f60777fe700 1 --2- 172.21.15.37:0/3852454952 >> [v2:172.21.15.37:6800/3653320894,v1:172.21.15.37:6801/3653320894] conn(0x7f6060036850 0x7f6060038d00 unknown :-1 s=BANNER_CONNECTING pgs=0 cs=0 l=1 rev1=0 crypto rx=0 tx=0 comp rx=0 tx=0)._handle_peer_banner_payload supported=3 required=0
2024-04-25T17:09:21.235 INFO:teuthology.orchestra.run.smithi037.stdout:/usr/bin/ceph: stderr
2024-04-25T17:09:20.496+0000 7f60777fe700 1 --2- 172.21.15.37:0/3852454952 >> [v2:172.21.15.37:6800/3653320894,v1:172.21.15.37:6801/3653320894] conn(0x7f6060036850 0x7f6060038d00 secure :-1 s=READY pgs=13 cs=0 l=1 rev1=1 crypto rx=0x7f606c009990 tx=0x7f606c006e40 comp rx=0 tx=0).ready entity=mgr.14118 client_cookie=0 server_cookie=0 in_seq=0 out_seq=0
2024-04-25T17:09:21.235 INFO:teuthology.orchestra.run.smithi037.stdout:/usr/bin/ceph: stderr
2024-04-25T17:09:20.500+0000 7f6074ff9700 1 -- 172.21.15.37:0/3852454952 <== mon.0 v2:172.21.15.37:3300/0 6 ==== mon_command_ack([{"prefix": "get_command_descriptions"}]=0 v0) v1 ==== 72+0+176702 (secure 0 0 0) 0x7f6068022340 con 0x7f6078076bf0
2024-04-25T17:09:21.235 INFO:teuthology.orchestra.run.smithi037.stdout:/usr/bin/ceph: stderr
2024-04-25T17:09:20.711+0000 7f607e271700 1 -- 172.21.15.37:0/3852454952 --> [v2:172.21.15.37:6800/3653320894,v1:172.21.15.37:6801/3653320894] -- mgr_command(tid 0: {"prefix": "orch apply", "service_type": "mgr", "target": ["mon-mgr", ""]}) v1 -- 0x7f60780fe0c0 con 0x7f6060036850
2024-04-25T17:09:21.235 INFO:teuthology.orchestra.run.smithi037.stdout:/usr/bin/ceph: stderr
2024-04-25T17:09:20.718+0000 7f6074ff9700 1 -- 172.21.15.37:0/3852454952 <== mgr.14118 v2:172.21.15.37:6800/3653320894 1 ==== mgr_command_reply(tid 0: 0 ) v1 ==== 8+0+24 (secure 0 0 0) 0x7f60780fe0c0 con 0x7f6060036850
2024-04-25T17:09:21.235 INFO:teuthology.orchestra.run.smithi037.stdout:/usr/bin/ceph: stderr
2024-04-25T17:09:20.720+0000 7f607e271700 1 -- 172.21.15.37:0/3852454952 >> [v2:172.21.15.37:6800/3653320894,v1:172.21.15.37:6801/3653320894] conn(0x7f6060036850 msgr2=0x7f6060038d00 secure :-1 s=STATE_CONNECTION_ESTABLISHED l=1).mark_down
2024-04-25T17:09:21.235 INFO:teuthology.orchestra.run.smithi037.stdout:/usr/bin/ceph: stderr
2024-04-25T17:09:20.720+0000 7f607e271700 1 --2- 172.21.15.37:0/3852454952 >> [v2:172.21.15.37:6800/3653320894,v1:172.21.15.37:6801/3653320894] conn(0x7f6060036850 0x7f6060038d00 secure :-1 s=READY pgs=13 cs=0 l=1 rev1=1 crypto rx=0x7f606c009990 tx=0x7f606c006e40 comp rx=0 tx=0).stop
2024-04-25T17:09:21.236 INFO:teuthology.orchestra.run.smithi037.stdout:/usr/bin/ceph: stderr
2024-04-25T17:09:20.720+0000 7f607e271700 1 -- 172.21.15.37:0/3852454952 >> [v2:172.21.15.37:3300/0,v1:172.21.15.37:6789/0] conn(0x7f6078076bf0 msgr2=0x7f6078111620 secure :-1 s=STATE_CONNECTION_ESTABLISHED l=1).mark_down
2024-04-25T17:09:21.236 INFO:teuthology.orchestra.run.smithi037.stdout:/usr/bin/ceph: stderr
2024-04-25T17:09:20.720+0000 7f607e271700 1 --2- 172.21.15.37:0/3852454952 >> [v2:172.21.15.37:3300/0,v1:172.21.15.37:6789/0] conn(0x7f6078076bf0 0x7f6078111620 secure :-1 s=READY pgs=48 cs=0 l=1 rev1=1 crypto rx=0x7f6068006b00 tx=0x7f6068009250 comp rx=0 tx=0).stop
2024-04-25T17:09:21.236 INFO:teuthology.orchestra.run.smithi037.stdout:/usr/bin/ceph: stderr
2024-04-25T17:09:20.720+0000 7f607e271700 1 -- 172.21.15.37:0/3852454952 shutdown_connections
2024-04-25T17:09:21.236 INFO:teuthology.orchestra.run.smithi037.stdout:/usr/bin/ceph: stderr
2024-04-25T17:09:20.720+0000 7f607e271700 1 --2- 172.21.15.37:0/3852454952 >> [v2:172.21.15.37:6800/3653320894,v1:172.21.15.37:6801/3653320894] conn(0x7f6060036850 0x7f6060038d00 unknown :-1 s=CLOSED pgs=13 cs=0 l=1 rev1=1 crypto rx=0 tx=0 comp rx=0 tx=0).stop
2024-04-25T17:09:21.236 INFO:teuthology.orchestra.run.smithi037.stdout:/usr/bin/ceph: stderr
2024-04-25T17:09:20.720+0000 7f607e271700 1 --2- 172.21.15.37:0/3852454952 >> [v2:172.21.15.37:3300/0,v1:172.21.15.37:6789/0] conn(0x7f6078076bf0 0x7f6078111620 unknown :-1 s=CLOSED pgs=48 cs=0 l=1 rev1=1 crypto rx=0 tx=0 comp rx=0 tx=0).stop
2024-04-25T17:09:21.236 INFO:teuthology.orchestra.run.smithi037.stdout:/usr/bin/ceph: stderr
2024-04-25T17:09:20.720+0000 7f607e271700 1 -- 172.21.15.37:0/3852454952 >> 172.21.15.37:0/3852454952 conn(0x7f60780fcef0 msgr2=0x7f60780fd9b0 unknown :-1 s=STATE_NONE l=0).mark_down
2024-04-25T17:09:21.236 INFO:teuthology.orchestra.run.smithi037.stdout:/usr/bin/ceph: stderr
2024-04-25T17:09:20.720+0000 7f607e271700 1 -- 172.21.15.37:0/3852454952 shutdown_connections
2024-04-25T17:09:21.236 INFO:teuthology.orchestra.run.smithi037.stdout:/usr/bin/ceph: stderr
2024-04-25T17:09:20.720+0000 7f607e271700 1 -- 172.21.15.37:0/3852454952 wait complete.
2024-04-25T17:09:21.236 INFO:teuthology.orchestra.run.smithi037.stdout:Deploying crash service with default placement...
2024-04-25T17:09:22.003 INFO:journalctl@ceph.mon.smithi037.smithi037.stdout:Apr 25 17:09:21 smithi037 ceph-mon[26472]: from='client.14142 -' entity='client.admin' cmd=[{"prefix": "orch apply", "service_type": "mgr", "target": ["mon-mgr", ""]}]: dispatch
2024-04-25T17:09:22.003 INFO:journalctl@ceph.mon.smithi037.smithi037.stdout:Apr 25 17:09:21 smithi037 ceph-mon[26472]: Saving service mgr spec with placement count:2
2024-04-25T17:09:22.003 INFO:journalctl@ceph.mon.smithi037.smithi037.stdout:Apr 25 17:09:21 smithi037 ceph-mon[26472]: from='mgr.14118 172.21.15.37:0/1694910703' entity='mgr.smithi037.txrgxl'
2024-04-25T17:09:23.109 INFO:journalctl@ceph.mon.smithi037.smithi037.stdout:Apr 25 17:09:22 smithi037 ceph-mon[26472]: from='mgr.14118 172.21.15.37:0/1694910703' entity='mgr.smithi037.txrgxl'
2024-04-25T17:09:23.109 INFO:journalctl@ceph.mon.smithi037.smithi037.stdout:Apr 25 17:09:22 smithi037 ceph-mon[26472]: from='mgr.14118 172.21.15.37:0/1694910703' entity='mgr.smithi037.txrgxl'
2024-04-25T17:09:23.109 INFO:journalctl@ceph.mon.smithi037.smithi037.stdout:Apr 25 17:09:22 smithi037 ceph-mon[26472]: from='mgr.14118 172.21.15.37:0/1694910703' entity='mgr.smithi037.txrgxl'
2024-04-25T17:09:23.117 INFO:teuthology.orchestra.run.smithi037.stdout:/usr/bin/ceph: stdout Scheduled crash update...
2024-04-25T17:09:23.117 INFO:teuthology.orchestra.run.smithi037.stdout:/usr/bin/ceph: stderr
2024-04-25T17:09:22.313+0000 7f523497e700 1 Processor -- start
2024-04-25T17:09:23.117 INFO:teuthology.orchestra.run.smithi037.stdout:/usr/bin/ceph: stderr
2024-04-25T17:09:22.313+0000 7f523497e700 1 -- start start
2024-04-25T17:09:23.117 INFO:teuthology.orchestra.run.smithi037.stdout:/usr/bin/ceph: stderr
2024-04-25T17:09:22.313+0000 7f523497e700 1 --2- >> [v2:172.21.15.37:3300/0,v1:172.21.15.37:6789/0] conn(0x7f5230100c20 0x7f5230101030 unknown :-1 s=NONE pgs=0 cs=0 l=0 rev1=0 crypto rx=0 tx=0 comp rx=0 tx=0).connect
2024-04-25T17:09:23.117 INFO:teuthology.orchestra.run.smithi037.stdout:/usr/bin/ceph: stderr
2024-04-25T17:09:22.313+0000 7f523497e700 1 -- --> [v2:172.21.15.37:3300/0,v1:172.21.15.37:6789/0] -- mon_getmap magic: 0 v1 -- 0x7f5230101570 con 0x7f5230100c20
2024-04-25T17:09:23.117 INFO:teuthology.orchestra.run.smithi037.stdout:/usr/bin/ceph: stderr
2024-04-25T17:09:22.313+0000 7f522e59c700 1 --2- >> [v2:172.21.15.37:3300/0,v1:172.21.15.37:6789/0] conn(0x7f5230100c20 0x7f5230101030 unknown :-1 s=BANNER_CONNECTING pgs=0 cs=0 l=0 rev1=0 crypto rx=0 tx=0 comp rx=0 tx=0)._handle_peer_banner_payload supported=3 required=0
2024-04-25T17:09:23.117 INFO:teuthology.orchestra.run.smithi037.stdout:/usr/bin/ceph: stderr
2024-04-25T17:09:22.313+0000 7f522e59c700 1 --2- >> [v2:172.21.15.37:3300/0,v1:172.21.15.37:6789/0] conn(0x7f5230100c20 0x7f5230101030 unknown :-1 s=HELLO_CONNECTING pgs=0 cs=0 l=0 rev1=1 crypto rx=0 tx=0 comp rx=0 tx=0).handle_hello peer v2:172.21.15.37:3300/0 says I am v2:172.21.15.37:51012/0 (socket says 172.21.15.37:51012)
2024-04-25T17:09:23.117 INFO:teuthology.orchestra.run.smithi037.stdout:/usr/bin/ceph: stderr
2024-04-25T17:09:22.313+0000 7f522e59c700 1 -- 172.21.15.37:0/3584824035 learned_addr learned my addr 172.21.15.37:0/3584824035 (peer_addr_for_me v2:172.21.15.37:0/0)
2024-04-25T17:09:23.117 INFO:teuthology.orchestra.run.smithi037.stdout:/usr/bin/ceph: stderr
2024-04-25T17:09:22.313+0000 7f522e59c700 1 -- 172.21.15.37:0/3584824035 --> [v2:172.21.15.37:3300/0,v1:172.21.15.37:6789/0] -- mon_subscribe({config=0+,monmap=0+}) v3 -- 0x7f52301016b0 con 0x7f5230100c20
2024-04-25T17:09:23.117 INFO:teuthology.orchestra.run.smithi037.stdout:/usr/bin/ceph: stderr
2024-04-25T17:09:22.314+0000 7f522e59c700 1 --2- 172.21.15.37:0/3584824035 >> [v2:172.21.15.37:3300/0,v1:172.21.15.37:6789/0] conn(0x7f5230100c20 0x7f5230101030 secure :-1 s=READY pgs=49 cs=0 l=1 rev1=1 crypto rx=0x7f52200098e0 tx=0x7f5220009250 comp rx=0 tx=0).ready entity=mon.0 client_cookie=b43ed360c056831e server_cookie=0 in_seq=0 out_seq=0
2024-04-25T17:09:23.117 INFO:teuthology.orchestra.run.smithi037.stdout:/usr/bin/ceph: stderr
2024-04-25T17:09:22.314+0000 7f522d59a700 1 -- 172.21.15.37:0/3584824035 <== mon.0 v2:172.21.15.37:3300/0 1 ==== mon_map magic: 0 v1 ==== 229+0+0 (secure 0 0 0) 0x7f522000b860 con 0x7f5230100c20
2024-04-25T17:09:23.117 INFO:teuthology.orchestra.run.smithi037.stdout:/usr/bin/ceph: stderr
2024-04-25T17:09:22.314+0000 7f522d59a700 1 -- 172.21.15.37:0/3584824035 <== mon.0 v2:172.21.15.37:3300/0 2 ==== config(27 keys) v1 ==== 1109+0+0 (secure 0 0 0) 0x7f522000be90 con 0x7f5230100c20
2024-04-25T17:09:23.117 INFO:teuthology.orchestra.run.smithi037.stdout:/usr/bin/ceph: stderr
2024-04-25T17:09:22.314+0000 7f522d59a700 1 -- 172.21.15.37:0/3584824035 <== mon.0 v2:172.21.15.37:3300/0 3 ==== mon_map magic: 0 v1 ==== 229+0+0 (secure 0 0 0) 0x7f52200103c0 con 0x7f5230100c20
2024-04-25T17:09:23.118 INFO:teuthology.orchestra.run.smithi037.stdout:/usr/bin/ceph: stderr
2024-04-25T17:09:22.314+0000 7f523497e700 1 -- 172.21.15.37:0/3584824035 >> [v2:172.21.15.37:3300/0,v1:172.21.15.37:6789/0] conn(0x7f5230100c20 msgr2=0x7f5230101030 secure :-1 s=STATE_CONNECTION_ESTABLISHED l=1).mark_down
2024-04-25T17:09:23.118 INFO:teuthology.orchestra.run.smithi037.stdout:/usr/bin/ceph: stderr
2024-04-25T17:09:22.314+0000 7f523497e700 1 --2- 172.21.15.37:0/3584824035 >> [v2:172.21.15.37:3300/0,v1:172.21.15.37:6789/0] conn(0x7f5230100c20 0x7f5230101030 secure :-1 s=READY pgs=49 cs=0 l=1 rev1=1 crypto rx=0x7f52200098e0 tx=0x7f5220009250 comp rx=0 tx=0).stop
2024-04-25T17:09:23.118 INFO:teuthology.orchestra.run.smithi037.stdout:/usr/bin/ceph: stderr
2024-04-25T17:09:22.314+0000 7f523497e700 1 -- 172.21.15.37:0/3584824035 shutdown_connections
2024-04-25T17:09:23.118 INFO:teuthology.orchestra.run.smithi037.stdout:/usr/bin/ceph: stderr
2024-04-25T17:09:22.314+0000 7f523497e700 1 --2- 172.21.15.37:0/3584824035 >> [v2:172.21.15.37:3300/0,v1:172.21.15.37:6789/0] conn(0x7f5230100c20 0x7f5230101030 unknown :-1 s=CLOSED pgs=49 cs=0 l=1 rev1=1 crypto rx=0 tx=0 comp rx=0 tx=0).stop
2024-04-25T17:09:23.118 INFO:teuthology.orchestra.run.smithi037.stdout:/usr/bin/ceph: stderr
2024-04-25T17:09:22.314+0000 7f523497e700 1 -- 172.21.15.37:0/3584824035 >> 172.21.15.37:0/3584824035 conn(0x7f52300fc6f0 msgr2=0x7f52300feb00 unknown :-1 s=STATE_NONE l=0).mark_down
2024-04-25T17:09:23.118 INFO:teuthology.orchestra.run.smithi037.stdout:/usr/bin/ceph: stderr
2024-04-25T17:09:22.315+0000 7f523497e700 1 -- 172.21.15.37:0/3584824035 shutdown_connections
2024-04-25T17:09:23.118 INFO:teuthology.orchestra.run.smithi037.stdout:/usr/bin/ceph: stderr
2024-04-25T17:09:22.315+0000 7f523497e700 1 -- 172.21.15.37:0/3584824035 wait complete.
2024-04-25T17:09:23.118 INFO:teuthology.orchestra.run.smithi037.stdout:/usr/bin/ceph: stderr
2024-04-25T17:09:22.315+0000 7f523497e700 1 Processor -- start
2024-04-25T17:09:23.118 INFO:teuthology.orchestra.run.smithi037.stdout:/usr/bin/ceph: stderr
2024-04-25T17:09:22.315+0000 7f523497e700 1 -- start start
2024-04-25T17:09:23.118 INFO:teuthology.orchestra.run.smithi037.stdout:/usr/bin/ceph: stderr
2024-04-25T17:09:22.315+0000 7f523497e700 1 --2- >> [v2:172.21.15.37:3300/0,v1:172.21.15.37:6789/0] conn(0x7f5230100c20 0x7f52301115f0 unknown :-1 s=NONE pgs=0 cs=0 l=1 rev1=0 crypto rx=0 tx=0 comp rx=0 tx=0).connect
2024-04-25T17:09:23.118 INFO:teuthology.orchestra.run.smithi037.stdout:/usr/bin/ceph: stderr
2024-04-25T17:09:22.315+0000 7f523497e700 1 -- --> [v2:172.21.15.37:3300/0,v1:172.21.15.37:6789/0] -- mon_getmap magic: 0 v1 -- 0x7f5230111b30 con 0x7f5230100c20
2024-04-25T17:09:23.118 INFO:teuthology.orchestra.run.smithi037.stdout:/usr/bin/ceph: stderr
2024-04-25T17:09:22.315+0000 7f522e59c700 1 --2- >> [v2:172.21.15.37:3300/0,v1:172.21.15.37:6789/0] conn(0x7f5230100c20 0x7f52301115f0 unknown :-1 s=BANNER_CONNECTING pgs=0 cs=0 l=1 rev1=0 crypto rx=0 tx=0 comp rx=0 tx=0)._handle_peer_banner_payload supported=3 required=0
2024-04-25T17:09:23.118 INFO:teuthology.orchestra.run.smithi037.stdout:/usr/bin/ceph: stderr
2024-04-25T17:09:22.315+0000 7f522e59c700 1 --2- >> [v2:172.21.15.37:3300/0,v1:172.21.15.37:6789/0] conn(0x7f5230100c20 0x7f52301115f0 unknown :-1 s=HELLO_CONNECTING pgs=0 cs=0 l=1 rev1=1 crypto rx=0 tx=0 comp rx=0 tx=0).handle_hello peer v2:172.21.15.37:3300/0 says I am v2:172.21.15.37:51024/0 (socket says 172.21.15.37:51024)
2024-04-25T17:09:23.118 INFO:teuthology.orchestra.run.smithi037.stdout:/usr/bin/ceph: stderr
2024-04-25T17:09:22.315+0000 7f522e59c700 1 -- 172.21.15.37:0/4104722164 learned_addr learned my addr 172.21.15.37:0/4104722164 (peer_addr_for_me v2:172.21.15.37:0/0)
2024-04-25T17:09:23.119 INFO:teuthology.orchestra.run.smithi037.stdout:/usr/bin/ceph: stderr
2024-04-25T17:09:22.316+0000 7f522e59c700 1 -- 172.21.15.37:0/4104722164 --> [v2:172.21.15.37:3300/0,v1:172.21.15.37:6789/0] -- mon_subscribe({config=0+,monmap=0+}) v3 -- 0x7f52200094f0 con 0x7f5230100c20
2024-04-25T17:09:23.119 INFO:teuthology.orchestra.run.smithi037.stdout:/usr/bin/ceph: stderr
2024-04-25T17:09:22.316+0000 7f522e59c700 1 --2- 172.21.15.37:0/4104722164 >> [v2:172.21.15.37:3300/0,v1:172.21.15.37:6789/0] conn(0x7f5230100c20 0x7f52301115f0 secure :-1 s=READY pgs=50 cs=0 l=1 rev1=1 crypto rx=0x7f52200090b0 tx=0x7f5220009250 comp rx=0 tx=0).ready entity=mon.0 client_cookie=0 server_cookie=0 in_seq=0 out_seq=0
2024-04-25T17:09:23.119 INFO:teuthology.orchestra.run.smithi037.stdout:/usr/bin/ceph: stderr
2024-04-25T17:09:22.316+0000 7f521effd700 1 -- 172.21.15.37:0/4104722164 <== mon.0 v2:172.21.15.37:3300/0 1 ==== mon_map magic: 0 v1 ==== 229+0+0 (secure 0 0 0) 0x7f5220010840 con 0x7f5230100c20
2024-04-25T17:09:23.119 INFO:teuthology.orchestra.run.smithi037.stdout:/usr/bin/ceph: stderr
2024-04-25T17:09:22.316+0000 7f521effd700 1 -- 172.21.15.37:0/4104722164 <== mon.0 v2:172.21.15.37:3300/0 2 ==== config(27 keys) v1 ==== 1109+0+0 (secure 0 0 0) 0x7f5220010e70 con 0x7f5230100c20
2024-04-25T17:09:23.119 INFO:teuthology.orchestra.run.smithi037.stdout:/usr/bin/ceph: stderr
2024-04-25T17:09:22.316+0000 7f523497e700 1 -- 172.21.15.37:0/4104722164 --> [v2:172.21.15.37:3300/0,v1:172.21.15.37:6789/0] -- mon_subscribe({mgrmap=0+}) v3 -- 0x7f5230111d30 con 0x7f5230100c20
2024-04-25T17:09:23.119 INFO:teuthology.orchestra.run.smithi037.stdout:/usr/bin/ceph: stderr
2024-04-25T17:09:22.316+0000 7f521effd700 1 -- 172.21.15.37:0/4104722164 <== mon.0 v2:172.21.15.37:3300/0 3 ==== mon_map magic: 0 v1 ==== 229+0+0 (secure 0 0 0) 0x7f5220024e40 con 0x7f5230100c20
2024-04-25T17:09:23.119 INFO:teuthology.orchestra.run.smithi037.stdout:/usr/bin/ceph: stderr
2024-04-25T17:09:22.316+0000 7f523497e700 1 -- 172.21.15.37:0/4104722164 --> [v2:172.21.15.37:3300/0,v1:172.21.15.37:6789/0] -- mon_subscribe({osdmap=0}) v3 -- 0x7f52301128a0 con 0x7f5230100c20
2024-04-25T17:09:23.119 INFO:teuthology.orchestra.run.smithi037.stdout:/usr/bin/ceph: stderr
2024-04-25T17:09:22.317+0000 7f521effd700 1 -- 172.21.15.37:0/4104722164 <== mon.0 v2:172.21.15.37:3300/0 4 ==== mgrmap(e 8) v1 ==== 43376+0+0 (secure 0 0 0) 0x7f522001a510 con 0x7f5230100c20
2024-04-25T17:09:23.119 INFO:teuthology.orchestra.run.smithi037.stdout:/usr/bin/ceph: stderr
2024-04-25T17:09:22.317+0000 7f523497e700 1 -- 172.21.15.37:0/4104722164 --> [v2:172.21.15.37:3300/0,v1:172.21.15.37:6789/0] -- mon_command({"prefix": "get_command_descriptions"} v 0) v1 -- 0x7f523005f5c0 con 0x7f5230100c20
2024-04-25T17:09:23.119 INFO:teuthology.orchestra.run.smithi037.stdout:/usr/bin/ceph: stderr
2024-04-25T17:09:22.317+0000 7f521effd700 1 --2- 172.21.15.37:0/4104722164 >> [v2:172.21.15.37:6800/3653320894,v1:172.21.15.37:6801/3653320894] conn(0x7f5218036800 0x7f5218038cb0 unknown :-1 s=NONE pgs=0 cs=0 l=1 rev1=0 crypto rx=0 tx=0 comp rx=0 tx=0).connect
2024-04-25T17:09:23.119 INFO:teuthology.orchestra.run.smithi037.stdout:/usr/bin/ceph: stderr
2024-04-25T17:09:22.317+0000 7f521effd700 1 -- 172.21.15.37:0/4104722164 <== mon.0 v2:172.21.15.37:3300/0 5 ==== osd_map(2..2 src has 1..2) v4 ==== 936+0+0 (secure 0 0 0) 0x7f522004a7b0 con 0x7f5230100c20
2024-04-25T17:09:23.119 INFO:teuthology.orchestra.run.smithi037.stdout:/usr/bin/ceph: stderr
2024-04-25T17:09:22.317+0000 7f522dd9b700 1 --2- 172.21.15.37:0/4104722164 >> [v2:172.21.15.37:6800/3653320894,v1:172.21.15.37:6801/3653320894] conn(0x7f5218036800 0x7f5218038cb0 unknown :-1 s=BANNER_CONNECTING pgs=0 cs=0 l=1 rev1=0 crypto rx=0 tx=0 comp rx=0 tx=0)._handle_peer_banner_payload supported=3 required=0
2024-04-25T17:09:23.119 INFO:teuthology.orchestra.run.smithi037.stdout:/usr/bin/ceph: stderr
2024-04-25T17:09:22.318+0000 7f522dd9b700 1 --2- 172.21.15.37:0/4104722164 >> [v2:172.21.15.37:6800/3653320894,v1:172.21.15.37:6801/3653320894] conn(0x7f5218036800 0x7f5218038cb0 secure :-1 s=READY pgs=14 cs=0 l=1 rev1=1 crypto rx=0x7f5224009990 tx=0x7f5224006e40 comp rx=0 tx=0).ready entity=mgr.14118 client_cookie=0 server_cookie=0 in_seq=0 out_seq=0
2024-04-25T17:09:23.119 INFO:teuthology.orchestra.run.smithi037.stdout:/usr/bin/ceph: stderr
2024-04-25T17:09:22.322+0000 7f521effd700 1 -- 172.21.15.37:0/4104722164 <== mon.0 v2:172.21.15.37:3300/0 6 ==== mon_command_ack([{"prefix": "get_command_descriptions"}]=0 v0) v1 ==== 72+0+176702 (secure 0 0 0) 0x7f522002c520 con 0x7f5230100c20
2024-04-25T17:09:23.119 INFO:teuthology.orchestra.run.smithi037.stdout:/usr/bin/ceph: stderr
2024-04-25T17:09:22.538+0000 7f523497e700 1 -- 172.21.15.37:0/4104722164 --> [v2:172.21.15.37:6800/3653320894,v1:172.21.15.37:6801/3653320894] -- mgr_command(tid 0: {"prefix": "orch apply", "service_type": "crash", "target": ["mon-mgr", ""]}) v1 -- 0x7f52300fd8c0 con 0x7f5218036800
2024-04-25T17:09:23.119 INFO:teuthology.orchestra.run.smithi037.stdout:/usr/bin/ceph: stderr
2024-04-25T17:09:22.545+0000 7f521effd700 1 -- 172.21.15.37:0/4104722164 <== mgr.14118 v2:172.21.15.37:6800/3653320894 1 ==== mgr_command_reply(tid 0: 0 ) v1 ==== 8+0+26 (secure 0 0 0) 0x7f52300fd8c0 con 0x7f5218036800
2024-04-25T17:09:23.120 INFO:teuthology.orchestra.run.smithi037.stdout:/usr/bin/ceph: stderr
2024-04-25T17:09:22.547+0000 7f523497e700 1 -- 172.21.15.37:0/4104722164 >> [v2:172.21.15.37:6800/3653320894,v1:172.21.15.37:6801/3653320894] conn(0x7f5218036800 msgr2=0x7f5218038cb0 secure :-1 s=STATE_CONNECTION_ESTABLISHED l=1).mark_down
2024-04-25T17:09:23.120 INFO:teuthology.orchestra.run.smithi037.stdout:/usr/bin/ceph: stderr
2024-04-25T17:09:22.547+0000 7f523497e700 1 --2- 172.21.15.37:0/4104722164 >> [v2:172.21.15.37:6800/3653320894,v1:172.21.15.37:6801/3653320894] conn(0x7f5218036800 0x7f5218038cb0 secure :-1 s=READY pgs=14 cs=0 l=1 rev1=1 crypto rx=0x7f5224009990 tx=0x7f5224006e40 comp rx=0 tx=0).stop
2024-04-25T17:09:23.120 INFO:teuthology.orchestra.run.smithi037.stdout:/usr/bin/ceph: stderr
2024-04-25T17:09:22.547+0000 7f523497e700 1 -- 172.21.15.37:0/4104722164 >> [v2:172.21.15.37:3300/0,v1:172.21.15.37:6789/0] conn(0x7f5230100c20 msgr2=0x7f52301115f0 secure :-1 s=STATE_CONNECTION_ESTABLISHED l=1).mark_down
2024-04-25T17:09:23.120 INFO:teuthology.orchestra.run.smithi037.stdout:/usr/bin/ceph: stderr
2024-04-25T17:09:22.547+0000 7f523497e700 1 --2- 172.21.15.37:0/4104722164 >> [v2:172.21.15.37:3300/0,v1:172.21.15.37:6789/0] conn(0x7f5230100c20 0x7f52301115f0 secure :-1 s=READY pgs=50 cs=0 l=1 rev1=1 crypto rx=0x7f52200090b0 tx=0x7f5220009250 comp rx=0 tx=0).stop
2024-04-25T17:09:23.120 INFO:teuthology.orchestra.run.smithi037.stdout:/usr/bin/ceph: stderr
2024-04-25T17:09:22.547+0000 7f523497e700 1 -- 172.21.15.37:0/4104722164 shutdown_connections
2024-04-25T17:09:23.120 INFO:teuthology.orchestra.run.smithi037.stdout:/usr/bin/ceph: stderr
2024-04-25T17:09:22.547+0000 7f523497e700 1 --2- 172.21.15.37:0/4104722164 >> [v2:172.21.15.37:6800/3653320894,v1:172.21.15.37:6801/3653320894] conn(0x7f5218036800 0x7f5218038cb0 unknown :-1 s=CLOSED pgs=14 cs=0 l=1 rev1=1 crypto rx=0 tx=0 comp rx=0 tx=0).stop
2024-04-25T17:09:23.120 INFO:teuthology.orchestra.run.smithi037.stdout:/usr/bin/ceph: stderr
2024-04-25T17:09:22.547+0000 7f523497e700 1 --2- 172.21.15.37:0/4104722164 >> [v2:172.21.15.37:3300/0,v1:172.21.15.37:6789/0] conn(0x7f5230100c20 0x7f52301115f0 unknown :-1 s=CLOSED pgs=50 cs=0 l=1 rev1=1 crypto rx=0 tx=0 comp rx=0 tx=0).stop
2024-04-25T17:09:23.120 INFO:teuthology.orchestra.run.smithi037.stdout:/usr/bin/ceph: stderr
2024-04-25T17:09:22.547+0000 7f523497e700 1 -- 172.21.15.37:0/4104722164 >> 172.21.15.37:0/4104722164 conn(0x7f52300fc6f0 msgr2=0x7f52300fd1b0 unknown :-1 s=STATE_NONE l=0).mark_down
2024-04-25T17:09:23.120 INFO:teuthology.orchestra.run.smithi037.stdout:/usr/bin/ceph: stderr
2024-04-25T17:09:22.547+0000 7f523497e700 1 -- 172.21.15.37:0/4104722164 shutdown_connections
2024-04-25T17:09:23.120 INFO:teuthology.orchestra.run.smithi037.stdout:/usr/bin/ceph: stderr
2024-04-25T17:09:22.547+0000 7f523497e700 1 -- 172.21.15.37:0/4104722164 wait complete.
