2024-04-25T19:06:34.924 INFO:journalctl@ceph.mon.a.smithi116.stdout:Apr 25 19:06:34 smithi116 ceph-mon[29168]: Manager daemon x is now available
2024-04-25T19:06:34.924 INFO:journalctl@ceph.mon.a.smithi116.stdout:Apr 25 19:06:34 smithi116 ceph-mon[29168]: from='mgr.14120 172.21.15.116:0/1664616621' entity='mgr.x'
2024-04-25T19:06:34.924 INFO:journalctl@ceph.mon.a.smithi116.stdout:Apr 25 19:06:34 smithi116 ceph-mon[29168]: from='mgr.14120 172.21.15.116:0/1664616621' entity='mgr.x'
2024-04-25T19:06:34.925 INFO:journalctl@ceph.mon.a.smithi116.stdout:Apr 25 19:06:34 smithi116 ceph-mon[29168]: from='mgr.14120 172.21.15.116:0/1664616621' entity='mgr.x' cmd=[{"prefix": "config dump", "format": "json"}]: dispatch
2024-04-25T19:06:34.925 INFO:journalctl@ceph.mon.a.smithi116.stdout:Apr 25 19:06:34 smithi116 ceph-mon[29168]: from='mgr.14120 172.21.15.116:0/1664616621' entity='mgr.x' cmd=[{"prefix": "config dump", "format": "json"}]: dispatch
2024-04-25T19:06:34.925 INFO:journalctl@ceph.mon.a.smithi116.stdout:Apr 25 19:06:34 smithi116 ceph-mon[29168]: from='mgr.14120 172.21.15.116:0/1664616621' entity='mgr.x' cmd=[{"prefix":"config rm","who":"mgr","name":"mgr/rbd_support/x/mirror_snapshot_schedule"}]: dispatch
2024-04-25T19:06:35.674 INFO:journalctl@ceph.mon.a.smithi116.stdout:Apr 25 19:06:35 smithi116 ceph-mon[29168]: Found migration_current of "None". Setting to last migration.
2024-04-25T19:06:35.674 INFO:journalctl@ceph.mon.a.smithi116.stdout:Apr 25 19:06:35 smithi116 ceph-mon[29168]: from='mgr.14120 172.21.15.116:0/1664616621' entity='mgr.x' cmd=[{"prefix":"config rm","who":"mgr","name":"mgr/rbd_support/x/trash_purge_schedule"}]: dispatch
2024-04-25T19:06:35.674 INFO:journalctl@ceph.mon.a.smithi116.stdout:Apr 25 19:06:35 smithi116 ceph-mon[29168]: mgrmap e7: x(active, since 1.00631s)
2024-04-25T19:06:35.998 INFO:teuthology.orchestra.run.smithi116.stdout:/usr/bin/ceph: stdout {
2024-04-25T19:06:35.998 INFO:teuthology.orchestra.run.smithi116.stdout:/usr/bin/ceph: stdout "mgrmap_epoch": 7,
2024-04-25T19:06:35.998 INFO:teuthology.orchestra.run.smithi116.stdout:/usr/bin/ceph: stdout "initialized": true
2024-04-25T19:06:35.998 INFO:teuthology.orchestra.run.smithi116.stdout:/usr/bin/ceph: stdout }
2024-04-25T19:06:35.998 INFO:teuthology.orchestra.run.smithi116.stdout:/usr/bin/ceph: stderr
2024-04-25T19:06:30.276+0000 7f50e79d3700 1 Processor -- start
2024-04-25T19:06:35.998 INFO:teuthology.orchestra.run.smithi116.stdout:/usr/bin/ceph: stderr
2024-04-25T19:06:30.276+0000 7f50e79d3700 1 -- start start
2024-04-25T19:06:35.999 INFO:teuthology.orchestra.run.smithi116.stdout:/usr/bin/ceph: stderr
2024-04-25T19:06:30.276+0000 7f50e79d3700 1 --2- >> [v2:172.21.15.116:3300/0,v1:172.21.15.116:6789/0] conn(0x7f50e010a600 0x7f50e010ca20 unknown :-1 s=NONE pgs=0 cs=0 l=0 rev1=0 crypto rx=0 tx=0 comp rx=0 tx=0).connect
2024-04-25T19:06:35.999 INFO:teuthology.orchestra.run.smithi116.stdout:/usr/bin/ceph: stderr
2024-04-25T19:06:30.276+0000 7f50e79d3700 1 -- --> [v2:172.21.15.116:3300/0,v1:172.21.15.116:6789/0] -- mon_getmap magic: 0 -- 0x7f50e007ce30 con 0x7f50e010a600
2024-04-25T19:06:35.999 INFO:teuthology.orchestra.run.smithi116.stdout:/usr/bin/ceph: stderr
2024-04-25T19:06:30.277+0000 7f50e576f700 1 --2- >> [v2:172.21.15.116:3300/0,v1:172.21.15.116:6789/0] conn(0x7f50e010a600 0x7f50e010ca20 unknown :-1 s=BANNER_CONNECTING pgs=0 cs=0 l=0 rev1=0 crypto rx=0 tx=0 comp rx=0 tx=0)._handle_peer_banner_payload supported=3 required=0
2024-04-25T19:06:35.999 INFO:teuthology.orchestra.run.smithi116.stdout:/usr/bin/ceph: stderr
2024-04-25T19:06:30.277+0000 7f50e576f700 1 --2- >> [v2:172.21.15.116:3300/0,v1:172.21.15.116:6789/0] conn(0x7f50e010a600 0x7f50e010ca20 unknown :-1 s=HELLO_CONNECTING pgs=0 cs=0 l=0 rev1=1 crypto rx=0 tx=0 comp rx=0 tx=0).handle_hello peer v2:172.21.15.116:3300/0 says I am v2:172.21.15.116:60734/0 (socket says 172.21.15.116:60734)
2024-04-25T19:06:35.999 INFO:teuthology.orchestra.run.smithi116.stdout:/usr/bin/ceph: stderr
2024-04-25T19:06:30.277+0000 7f50e576f700 1 -- 172.21.15.116:0/138832240 learned_addr learned my addr 172.21.15.116:0/138832240 (peer_addr_for_me v2:172.21.15.116:0/0)
2024-04-25T19:06:35.999 INFO:teuthology.orchestra.run.smithi116.stdout:/usr/bin/ceph: stderr
2024-04-25T19:06:30.277+0000 7f50e576f700 1 -- 172.21.15.116:0/138832240 --> [v2:172.21.15.116:3300/0,v1:172.21.15.116:6789/0] -- mon_subscribe({config=0+,monmap=0+}) -- 0x7f50e010cf60 con 0x7f50e010a600
2024-04-25T19:06:35.999 INFO:teuthology.orchestra.run.smithi116.stdout:/usr/bin/ceph: stderr
2024-04-25T19:06:30.277+0000 7f50e576f700 1 --2- 172.21.15.116:0/138832240 >> [v2:172.21.15.116:3300/0,v1:172.21.15.116:6789/0] conn(0x7f50e010a600 0x7f50e010ca20 secure :-1 s=READY pgs=28 cs=0 l=1 rev1=1 crypto rx=0x7f50d00098a0 tx=0x7f50d0009bb0 comp rx=0 tx=0).ready entity=mon.0 client_cookie=80639f64975ecfca server_cookie=0 in_seq=0 out_seq=0
2024-04-25T19:06:35.999 INFO:teuthology.orchestra.run.smithi116.stdout:/usr/bin/ceph: stderr
2024-04-25T19:06:30.277+0000 7f50d7fff700 1 -- 172.21.15.116:0/138832240 <== mon.0 v2:172.21.15.116:3300/0 1 ==== mon_map magic: 0 ==== 205+0+0 (secure 0 0 0) 0x7f50d0004160 con 0x7f50e010a600
2024-04-25T19:06:35.999 INFO:teuthology.orchestra.run.smithi116.stdout:/usr/bin/ceph: stderr
2024-04-25T19:06:30.277+0000 7f50d7fff700 1 -- 172.21.15.116:0/138832240 <== mon.0 v2:172.21.15.116:3300/0 2 ==== config(27 keys) ==== 1101+0+0 (secure 0 0 0) 0x7f50d0004300 con 0x7f50e010a600
2024-04-25T19:06:35.999 INFO:teuthology.orchestra.run.smithi116.stdout:/usr/bin/ceph: stderr
2024-04-25T19:06:30.277+0000 7f50d7fff700 1 -- 172.21.15.116:0/138832240 <== mon.0 v2:172.21.15.116:3300/0 3 ==== mon_map magic: 0 ==== 205+0+0 (secure 0 0 0) 0x7f50d0011b30 con 0x7f50e010a600
2024-04-25T19:06:35.999 INFO:teuthology.orchestra.run.smithi116.stdout:/usr/bin/ceph: stderr
2024-04-25T19:06:30.278+0000 7f50e79d3700 1 -- 172.21.15.116:0/138832240 >> [v2:172.21.15.116:3300/0,v1:172.21.15.116:6789/0] conn(0x7f50e010a600 msgr2=0x7f50e010ca20 secure :-1 s=STATE_CONNECTION_ESTABLISHED l=1).mark_down
2024-04-25T19:06:35.999 INFO:teuthology.orchestra.run.smithi116.stdout:/usr/bin/ceph: stderr
2024-04-25T19:06:30.278+0000 7f50e79d3700 1 --2- 172.21.15.116:0/138832240 >> [v2:172.21.15.116:3300/0,v1:172.21.15.116:6789/0] conn(0x7f50e010a600 0x7f50e010ca20 secure :-1 s=READY pgs=28 cs=0 l=1 rev1=1 crypto rx=0x7f50d00098a0 tx=0x7f50d0009bb0 comp rx=0 tx=0).stop
2024-04-25T19:06:35.999 INFO:teuthology.orchestra.run.smithi116.stdout:/usr/bin/ceph: stderr
2024-04-25T19:06:30.278+0000 7f50e79d3700 1 -- 172.21.15.116:0/138832240 shutdown_connections
2024-04-25T19:06:35.999 INFO:teuthology.orchestra.run.smithi116.stdout:/usr/bin/ceph: stderr
2024-04-25T19:06:30.278+0000 7f50e79d3700 1 --2- 172.21.15.116:0/138832240 >> [v2:172.21.15.116:3300/0,v1:172.21.15.116:6789/0] conn(0x7f50e010a600 0x7f50e010ca20 unknown :-1 s=CLOSED pgs=28 cs=0 l=1 rev1=1 crypto rx=0 tx=0 comp rx=0 tx=0).stop
2024-04-25T19:06:36.000 INFO:teuthology.orchestra.run.smithi116.stdout:/usr/bin/ceph: stderr
2024-04-25T19:06:30.278+0000 7f50e79d3700 1 -- 172.21.15.116:0/138832240 >> 172.21.15.116:0/138832240 conn(0x7f50e0104120 msgr2=0x7f50e0106570 unknown :-1 s=STATE_NONE l=0).mark_down
2024-04-25T19:06:36.000 INFO:teuthology.orchestra.run.smithi116.stdout:/usr/bin/ceph: stderr
2024-04-25T19:06:30.278+0000 7f50e79d3700 1 -- 172.21.15.116:0/138832240 shutdown_connections
2024-04-25T19:06:36.000 INFO:teuthology.orchestra.run.smithi116.stdout:/usr/bin/ceph: stderr
2024-04-25T19:06:30.278+0000 7f50e79d3700 1 -- 172.21.15.116:0/138832240 wait complete.
2024-04-25T19:06:36.000 INFO:teuthology.orchestra.run.smithi116.stdout:/usr/bin/ceph: stderr
2024-04-25T19:06:30.279+0000 7f50e79d3700 1 Processor -- start
2024-04-25T19:06:36.000 INFO:teuthology.orchestra.run.smithi116.stdout:/usr/bin/ceph: stderr
2024-04-25T19:06:30.279+0000 7f50e79d3700 1 -- start start
2024-04-25T19:06:36.000 INFO:teuthology.orchestra.run.smithi116.stdout:/usr/bin/ceph: stderr
2024-04-25T19:06:30.279+0000 7f50e79d3700 1 --2- >> [v2:172.21.15.116:3300/0,v1:172.21.15.116:6789/0] conn(0x7f50e010a600 0x7f50e019dee0 unknown :-1 s=NONE pgs=0 cs=0 l=1 rev1=0 crypto rx=0 tx=0 comp rx=0 tx=0).connect
2024-04-25T19:06:36.000 INFO:teuthology.orchestra.run.smithi116.stdout:/usr/bin/ceph: stderr
2024-04-25T19:06:30.279+0000 7f50e79d3700 1 -- --> [v2:172.21.15.116:3300/0,v1:172.21.15.116:6789/0] -- mon_getmap magic: 0 -- 0x7f50e010df20 con 0x7f50e010a600
2024-04-25T19:06:36.000 INFO:teuthology.orchestra.run.smithi116.stdout:/usr/bin/ceph: stderr
2024-04-25T19:06:30.279+0000 7f50e576f700 1 --2- >> [v2:172.21.15.116:3300/0,v1:172.21.15.116:6789/0] conn(0x7f50e010a600 0x7f50e019dee0 unknown :-1 s=BANNER_CONNECTING pgs=0 cs=0 l=1 rev1=0 crypto rx=0 tx=0 comp rx=0 tx=0)._handle_peer_banner_payload supported=3 required=0
2024-04-25T19:06:36.000 INFO:teuthology.orchestra.run.smithi116.stdout:/usr/bin/ceph: stderr
2024-04-25T19:06:30.279+0000 7f50e576f700 1 --2- >> [v2:172.21.15.116:3300/0,v1:172.21.15.116:6789/0] conn(0x7f50e010a600 0x7f50e019dee0 unknown :-1 s=HELLO_CONNECTING pgs=0 cs=0 l=1 rev1=1 crypto rx=0 tx=0 comp rx=0 tx=0).handle_hello peer v2:172.21.15.116:3300/0 says I am v2:172.21.15.116:60742/0 (socket says 172.21.15.116:60742)
2024-04-25T19:06:36.000 INFO:teuthology.orchestra.run.smithi116.stdout:/usr/bin/ceph: stderr
2024-04-25T19:06:30.279+0000 7f50e576f700 1 -- 172.21.15.116:0/1890225758 learned_addr learned my addr 172.21.15.116:0/1890225758 (peer_addr_for_me v2:172.21.15.116:0/0)
2024-04-25T19:06:36.001 INFO:teuthology.orchestra.run.smithi116.stdout:/usr/bin/ceph: stderr
2024-04-25T19:06:30.280+0000 7f50e576f700 1 -- 172.21.15.116:0/1890225758 --> [v2:172.21.15.116:3300/0,v1:172.21.15.116:6789/0] -- mon_subscribe({config=0+,monmap=0+}) -- 0x7f50e019e420 con 0x7f50e010a600
2024-04-25T19:06:36.001 INFO:teuthology.orchestra.run.smithi116.stdout:/usr/bin/ceph: stderr
2024-04-25T19:06:30.280+0000 7f50e576f700 1 --2- 172.21.15.116:0/1890225758 >> [v2:172.21.15.116:3300/0,v1:172.21.15.116:6789/0] conn(0x7f50e010a600 0x7f50e019dee0 secure :-1 s=READY pgs=29 cs=0 l=1 rev1=1 crypto rx=0x7f50d0006af0 tx=0x7f50d0011c00 comp rx=0 tx=0).ready entity=mon.0 client_cookie=0 server_cookie=0 in_seq=0 out_seq=0
2024-04-25T19:06:36.001 INFO:teuthology.orchestra.run.smithi116.stdout:/usr/bin/ceph: stderr
2024-04-25T19:06:30.280+0000 7f50d67fc700 1 -- 172.21.15.116:0/1890225758 <== mon.0 v2:172.21.15.116:3300/0 1 ==== mon_map magic: 0 ==== 205+0+0 (secure 0 0 0) 0x7f50d00038b0 con 0x7f50e010a600
2024-04-25T19:06:36.001 INFO:teuthology.orchestra.run.smithi116.stdout:/usr/bin/ceph: stderr
2024-04-25T19:06:30.280+0000 7f50d67fc700 1 -- 172.21.15.116:0/1890225758 <== mon.0 v2:172.21.15.116:3300/0 2 ==== config(27 keys) ==== 1101+0+0 (secure 0 0 0) 0x7f50d001a430 con 0x7f50e010a600
2024-04-25T19:06:36.001 INFO:teuthology.orchestra.run.smithi116.stdout:/usr/bin/ceph: stderr
2024-04-25T19:06:30.280+0000 7f50d67fc700 1 -- 172.21.15.116:0/1890225758 <== mon.0 v2:172.21.15.116:3300/0 3 ==== mon_map magic: 0 ==== 205+0+0 (secure 0 0 0) 0x7f50d0019550 con 0x7f50e010a600
2024-04-25T19:06:36.001 INFO:teuthology.orchestra.run.smithi116.stdout:/usr/bin/ceph: stderr
2024-04-25T19:06:30.280+0000 7f50e79d3700 1 -- 172.21.15.116:0/1890225758 --> [v2:172.21.15.116:3300/0,v1:172.21.15.116:6789/0] -- mon_subscribe({mgrmap=0+}) -- 0x7f50e019e6b0 con 0x7f50e010a600
2024-04-25T19:06:36.001 INFO:teuthology.orchestra.run.smithi116.stdout:/usr/bin/ceph: stderr
2024-04-25T19:06:30.280+0000 7f50e79d3700 1 -- 172.21.15.116:0/1890225758 --> [v2:172.21.15.116:3300/0,v1:172.21.15.116:6789/0] -- mon_subscribe({osdmap=0}) -- 0x7f50e01a12c0 con 0x7f50e010a600
2024-04-25T19:06:36.001 INFO:teuthology.orchestra.run.smithi116.stdout:/usr/bin/ceph: stderr
2024-04-25T19:06:30.281+0000 7f50d67fc700 1 -- 172.21.15.116:0/1890225758 <== mon.0 v2:172.21.15.116:3300/0 4 ==== mgrmap(e 5) ==== 49516+0+0 (secure 0 0 0) 0x7f50d0019780 con 0x7f50e010a600
2024-04-25T19:06:36.001 INFO:teuthology.orchestra.run.smithi116.stdout:/usr/bin/ceph: stderr
2024-04-25T19:06:30.281+0000 7f50d67fc700 1 --2- 172.21.15.116:0/1890225758 >> [v2:172.21.15.116:6800/2596637282,v1:172.21.15.116:6801/2596637282] conn(0x7f50cc03d630 0x7f50cc03fb40 unknown :-1 s=NONE pgs=0 cs=0 l=1 rev1=0 crypto rx=0 tx=0 comp rx=0 tx=0).connect
2024-04-25T19:06:36.001 INFO:teuthology.orchestra.run.smithi116.stdout:/usr/bin/ceph: stderr
2024-04-25T19:06:30.281+0000 7f50d67fc700 1 -- 172.21.15.116:0/1890225758 --> [v2:172.21.15.116:6800/2596637282,v1:172.21.15.116:6801/2596637282] -- command(tid 0: {"prefix": "get_command_descriptions"}) -- 0x7f50cc040250 con 0x7f50cc03d630
2024-04-25T19:06:36.002 INFO:teuthology.orchestra.run.smithi116.stdout:/usr/bin/ceph: stderr
2024-04-25T19:06:30.281+0000 7f50e4f6e700 1 -- 172.21.15.116:0/1890225758 >> [v2:172.21.15.116:6800/2596637282,v1:172.21.15.116:6801/2596637282] conn(0x7f50cc03d630 msgr2=0x7f50cc03fb40 unknown :-1 s=STATE_CONNECTING_RE l=1).process reconnect failed to v2:172.21.15.116:6800/2596637282
2024-04-25T19:06:36.002 INFO:teuthology.orchestra.run.smithi116.stdout:/usr/bin/ceph: stderr
2024-04-25T19:06:30.281+0000 7f50d67fc700 1 -- 172.21.15.116:0/1890225758 <== mon.0 v2:172.21.15.116:3300/0 5 ==== osd_map(1..1 src has 1..1) ==== 725+0+0 (secure 0 0 0) 0x7f50d0052940 con 0x7f50e010a600
2024-04-25T19:06:36.002 INFO:teuthology.orchestra.run.smithi116.stdout:/usr/bin/ceph: stderr
2024-04-25T19:06:30.281+0000 7f50e4f6e700 1 --2- 172.21.15.116:0/1890225758 >> [v2:172.21.15.116:6800/2596637282,v1:172.21.15.116:6801/2596637282] conn(0x7f50cc03d630 0x7f50cc03fb40 unknown :-1 s=START_CONNECT pgs=0 cs=0 l=1 rev1=0 crypto rx=0 tx=0 comp rx=0 tx=0)._fault waiting 0.200000
2024-04-25T19:06:36.002 INFO:teuthology.orchestra.run.smithi116.stdout:/usr/bin/ceph: stderr
2024-04-25T19:06:30.482+0000 7f50e4f6e700 1 -- 172.21.15.116:0/1890225758 >> [v2:172.21.15.116:6800/2596637282,v1:172.21.15.116:6801/2596637282] conn(0x7f50cc03d630 msgr2=0x7f50cc03fb40 unknown :-1 s=STATE_CONNECTING_RE l=1).process reconnect failed to v2:172.21.15.116:6800/2596637282
2024-04-25T19:06:36.002 INFO:teuthology.orchestra.run.smithi116.stdout:/usr/bin/ceph: stderr
2024-04-25T19:06:30.482+0000 7f50e4f6e700 1 --2- 172.21.15.116:0/1890225758 >> [v2:172.21.15.116:6800/2596637282,v1:172.21.15.116:6801/2596637282] conn(0x7f50cc03d630 0x7f50cc03fb40 unknown :-1 s=START_CONNECT pgs=0 cs=0 l=1 rev1=0 crypto rx=0 tx=0 comp rx=0 tx=0)._fault waiting 0.400000
2024-04-25T19:06:36.002 INFO:teuthology.orchestra.run.smithi116.stdout:/usr/bin/ceph: stderr
2024-04-25T19:06:30.883+0000 7f50e4f6e700 1 -- 172.21.15.116:0/1890225758 >> [v2:172.21.15.116:6800/2596637282,v1:172.21.15.116:6801/2596637282] conn(0x7f50cc03d630 msgr2=0x7f50cc03fb40 unknown :-1 s=STATE_CONNECTING_RE l=1).process reconnect failed to v2:172.21.15.116:6800/2596637282
2024-04-25T19:06:36.002 INFO:teuthology.orchestra.run.smithi116.stdout:/usr/bin/ceph: stderr
2024-04-25T19:06:30.883+0000 7f50e4f6e700 1 --2- 172.21.15.116:0/1890225758 >> [v2:172.21.15.116:6800/2596637282,v1:172.21.15.116:6801/2596637282] conn(0x7f50cc03d630 0x7f50cc03fb40 unknown :-1 s=START_CONNECT pgs=0 cs=0 l=1 rev1=0 crypto rx=0 tx=0 comp rx=0 tx=0)._fault waiting 0.800000
2024-04-25T19:06:36.002 INFO:teuthology.orchestra.run.smithi116.stdout:/usr/bin/ceph: stderr
2024-04-25T19:06:31.684+0000 7f50e4f6e700 1 -- 172.21.15.116:0/1890225758 >> [v2:172.21.15.116:6800/2596637282,v1:172.21.15.116:6801/2596637282] conn(0x7f50cc03d630 msgr2=0x7f50cc03fb40 unknown :-1 s=STATE_CONNECTING_RE l=1).process reconnect failed to v2:172.21.15.116:6800/2596637282
2024-04-25T19:06:36.002 INFO:teuthology.orchestra.run.smithi116.stdout:/usr/bin/ceph: stderr
2024-04-25T19:06:31.684+0000 7f50e4f6e700 1 --2- 172.21.15.116:0/1890225758 >> [v2:172.21.15.116:6800/2596637282,v1:172.21.15.116:6801/2596637282] conn(0x7f50cc03d630 0x7f50cc03fb40 unknown :-1 s=START_CONNECT pgs=0 cs=0 l=1 rev1=0 crypto rx=0 tx=0 comp rx=0 tx=0)._fault waiting 1.600000
2024-04-25T19:06:36.002 INFO:teuthology.orchestra.run.smithi116.stdout:/usr/bin/ceph: stderr
2024-04-25T19:06:33.285+0000 7f50e4f6e700 1 -- 172.21.15.116:0/1890225758 >> [v2:172.21.15.116:6800/2596637282,v1:172.21.15.116:6801/2596637282] conn(0x7f50cc03d630 msgr2=0x7f50cc03fb40 unknown :-1 s=STATE_CONNECTING_RE l=1).process reconnect failed to v2:172.21.15.116:6800/2596637282
2024-04-25T19:06:36.002 INFO:teuthology.orchestra.run.smithi116.stdout:/usr/bin/ceph: stderr
2024-04-25T19:06:33.285+0000 7f50e4f6e700 1 --2- 172.21.15.116:0/1890225758 >> [v2:172.21.15.116:6800/2596637282,v1:172.21.15.116:6801/2596637282] conn(0x7f50cc03d630 0x7f50cc03fb40 unknown :-1 s=START_CONNECT pgs=0 cs=0 l=1 rev1=0 crypto rx=0 tx=0 comp rx=0 tx=0)._fault waiting 3.200000
2024-04-25T19:06:36.002 INFO:teuthology.orchestra.run.smithi116.stdout:/usr/bin/ceph: stderr
2024-04-25T19:06:34.416+0000 7f50d67fc700 1 -- 172.21.15.116:0/1890225758 <== mon.0 v2:172.21.15.116:3300/0 6 ==== mgrmap(e 6) ==== 49283+0+0 (secure 0 0 0) 0x7f50d0019ac0 con 0x7f50e010a600
2024-04-25T19:06:36.002 INFO:teuthology.orchestra.run.smithi116.stdout:/usr/bin/ceph: stderr
2024-04-25T19:06:34.416+0000 7f50d67fc700 1 -- 172.21.15.116:0/1890225758 >> [v2:172.21.15.116:6800/2596637282,v1:172.21.15.116:6801/2596637282] conn(0x7f50cc03d630 msgr2=0x7f50cc03fb40 unknown :-1 s=STATE_CONNECTING l=1).mark_down
2024-04-25T19:06:36.003 INFO:teuthology.orchestra.run.smithi116.stdout:/usr/bin/ceph: stderr
2024-04-25T19:06:34.416+0000 7f50d67fc700 1 --2- 172.21.15.116:0/1890225758 >> [v2:172.21.15.116:6800/2596637282,v1:172.21.15.116:6801/2596637282] conn(0x7f50cc03d630 0x7f50cc03fb40 unknown :-1 s=START_CONNECT pgs=0 cs=0 l=1 rev1=0 crypto rx=0 tx=0 comp rx=0 tx=0).stop
2024-04-25T19:06:36.003 INFO:teuthology.orchestra.run.smithi116.stdout:/usr/bin/ceph: stderr
2024-04-25T19:06:35.417+0000 7f50d67fc700 1 -- 172.21.15.116:0/1890225758 <== mon.0 v2:172.21.15.116:3300/0 7 ==== mgrmap(e 7) ==== 49410+0+0 (secure 0 0 0) 0x7f50d00543f0 con 0x7f50e010a600
2024-04-25T19:06:36.003 INFO:teuthology.orchestra.run.smithi116.stdout:/usr/bin/ceph: stderr
2024-04-25T19:06:35.417+0000 7f50d67fc700 1 --2- 172.21.15.116:0/1890225758 >> [v2:172.21.15.116:6800/1634552487,v1:172.21.15.116:6801/1634552487] conn(0x7f50cc040f70 0x7f50cc043390 unknown :-1 s=NONE pgs=0 cs=0 l=1 rev1=0 crypto rx=0 tx=0 comp rx=0 tx=0).connect
2024-04-25T19:06:36.003 INFO:teuthology.orchestra.run.smithi116.stdout:/usr/bin/ceph: stderr
2024-04-25T19:06:35.417+0000 7f50d67fc700 1 -- 172.21.15.116:0/1890225758 --> [v2:172.21.15.116:6800/1634552487,v1:172.21.15.116:6801/1634552487] -- command(tid 0: {"prefix": "get_command_descriptions"}) -- 0x7f50cc040250 con 0x7f50cc040f70
2024-04-25T19:06:36.003 INFO:teuthology.orchestra.run.smithi116.stdout:/usr/bin/ceph: stderr
2024-04-25T19:06:35.418+0000 7f50e4f6e700 1 --2- 172.21.15.116:0/1890225758 >> [v2:172.21.15.116:6800/1634552487,v1:172.21.15.116:6801/1634552487] conn(0x7f50cc040f70 0x7f50cc043390 unknown :-1 s=BANNER_CONNECTING pgs=0 cs=0 l=1 rev1=0 crypto rx=0 tx=0 comp rx=0 tx=0)._handle_peer_banner_payload supported=3 required=0
2024-04-25T19:06:36.003 INFO:teuthology.orchestra.run.smithi116.stdout:/usr/bin/ceph: stderr
2024-04-25T19:06:35.418+0000 7f50e4f6e700 1 --2- 172.21.15.116:0/1890225758 >> [v2:172.21.15.116:6800/1634552487,v1:172.21.15.116:6801/1634552487] conn(0x7f50cc040f70 0x7f50cc043390 secure :-1 s=READY pgs=2 cs=0 l=1 rev1=1 crypto rx=0x7f50dc003a10 tx=0x7f50dc0092b0 comp rx=0 tx=0).ready entity=mgr.14120 client_cookie=0 server_cookie=0 in_seq=0 out_seq=0
2024-04-25T19:06:36.003 INFO:teuthology.orchestra.run.smithi116.stdout:/usr/bin/ceph: stderr
2024-04-25T19:06:35.419+0000 7f50d67fc700 1 -- 172.21.15.116:0/1890225758 <== mgr.14120 v2:172.21.15.116:6800/1634552487 1 ==== command_reply(tid 0: 0 ) ==== 8+0+9564 (secure 0 0 0) 0x7f50cc040250 con 0x7f50cc040f70
2024-04-25T19:06:36.003 INFO:teuthology.orchestra.run.smithi116.stdout:/usr/bin/ceph: stderr
2024-04-25T19:06:35.427+0000 7f50e79d3700 1 -- 172.21.15.116:0/1890225758 --> [v2:172.21.15.116:6800/1634552487,v1:172.21.15.116:6801/1634552487] -- command(tid 1: {"prefix": "mgr_status"}) -- 0x7f50e0064cf0 con 0x7f50cc040f70
2024-04-25T19:06:36.003 INFO:teuthology.orchestra.run.smithi116.stdout:/usr/bin/ceph: stderr
2024-04-25T19:06:35.427+0000 7f50d67fc700 1 -- 172.21.15.116:0/1890225758 <== mgr.14120 v2:172.21.15.116:6800/1634552487 2 ==== command_reply(tid 1: 0 ) ==== 8+0+51 (secure 0 0 0) 0x7f50e0064cf0 con 0x7f50cc040f70
2024-04-25T19:06:36.003 INFO:teuthology.orchestra.run.smithi116.stdout:/usr/bin/ceph: stderr
2024-04-25T19:06:35.428+0000 7f50e79d3700 1 -- 172.21.15.116:0/1890225758 >> [v2:172.21.15.116:6800/1634552487,v1:172.21.15.116:6801/1634552487] conn(0x7f50cc040f70 msgr2=0x7f50cc043390 secure :-1 s=STATE_CONNECTION_ESTABLISHED l=1).mark_down
2024-04-25T19:06:36.003 INFO:teuthology.orchestra.run.smithi116.stdout:/usr/bin/ceph: stderr
2024-04-25T19:06:35.428+0000 7f50e79d3700 1 --2- 172.21.15.116:0/1890225758 >> [v2:172.21.15.116:6800/1634552487,v1:172.21.15.116:6801/1634552487] conn(0x7f50cc040f70 0x7f50cc043390 secure :-1 s=READY pgs=2 cs=0 l=1 rev1=1 crypto rx=0x7f50dc003a10 tx=0x7f50dc0092b0 comp rx=0 tx=0).stop
2024-04-25T19:06:36.003 INFO:teuthology.orchestra.run.smithi116.stdout:/usr/bin/ceph: stderr
2024-04-25T19:06:35.428+0000 7f50e79d3700 1 -- 172.21.15.116:0/1890225758 >> [v2:172.21.15.116:3300/0,v1:172.21.15.116:6789/0] conn(0x7f50e010a600 msgr2=0x7f50e019dee0 secure :-1 s=STATE_CONNECTION_ESTABLISHED l=1).mark_down
2024-04-25T19:06:36.003 INFO:teuthology.orchestra.run.smithi116.stdout:/usr/bin/ceph: stderr
2024-04-25T19:06:35.428+0000 7f50e79d3700 1 --2- 172.21.15.116:0/1890225758 >> [v2:172.21.15.116:3300/0,v1:172.21.15.116:6789/0] conn(0x7f50e010a600 0x7f50e019dee0 secure :-1 s=READY pgs=29 cs=0 l=1 rev1=1 crypto rx=0x7f50d0006af0 tx=0x7f50d0011c00 comp rx=0 tx=0).stop
2024-04-25T19:06:36.003 INFO:teuthology.orchestra.run.smithi116.stdout:/usr/bin/ceph: stderr
2024-04-25T19:06:35.428+0000 7f50e79d3700 1 -- 172.21.15.116:0/1890225758 shutdown_connections
2024-04-25T19:06:36.004 INFO:teuthology.orchestra.run.smithi116.stdout:/usr/bin/ceph: stderr
2024-04-25T19:06:35.428+0000 7f50e79d3700 1 --2- 172.21.15.116:0/1890225758 >> [v2:172.21.15.116:3300/0,v1:172.21.15.116:6789/0] conn(0x7f50e010a600 0x7f50e019dee0 unknown :-1 s=CLOSED pgs=29 cs=0 l=1 rev1=1 crypto rx=0 tx=0 comp rx=0 tx=0).stop
2024-04-25T19:06:36.004 INFO:teuthology.orchestra.run.smithi116.stdout:/usr/bin/ceph: stderr
2024-04-25T19:06:35.428+0000 7f50e79d3700 1 --2- 172.21.15.116:0/1890225758 >> [v2:172.21.15.116:6800/1634552487,v1:172.21.15.116:6801/1634552487] conn(0x7f50cc040f70 0x7f50cc043390 unknown :-1 s=CLOSED pgs=2 cs=0 l=1 rev1=1 crypto rx=0 tx=0 comp rx=0 tx=0).stop
2024-04-25T19:06:36.004 INFO:teuthology.orchestra.run.smithi116.stdout:/usr/bin/ceph: stderr
2024-04-25T19:06:35.428+0000 7f50e79d3700 1 --2- 172.21.15.116:0/1890225758 >> [v2:172.21.15.116:6800/2596637282,v1:172.21.15.116:6801/2596637282] conn(0x7f50cc03d630 0x7f50cc03fb40 unknown :-1 s=CLOSED pgs=0 cs=0 l=1 rev1=0 crypto rx=0 tx=0 comp rx=0 tx=0).stop
2024-04-25T19:06:36.004 INFO:teuthology.orchestra.run.smithi116.stdout:/usr/bin/ceph: stderr
2024-04-25T19:06:35.428+0000 7f50e79d3700 1 -- 172.21.15.116:0/1890225758 >> 172.21.15.116:0/1890225758 conn(0x7f50e0104120 msgr2=0x7f50e0105a70 unknown :-1 s=STATE_NONE l=0).mark_down
2024-04-25T19:06:36.004 INFO:teuthology.orchestra.run.smithi116.stdout:/usr/bin/ceph: stderr
2024-04-25T19:06:35.428+0000 7f50e79d3700 1 -- 172.21.15.116:0/1890225758 shutdown_connections
2024-04-25T19:06:36.004 INFO:teuthology.orchestra.run.smithi116.stdout:/usr/bin/ceph: stderr
2024-04-25T19:06:35.428+0000 7f50e79d3700 1 -- 172.21.15.116:0/1890225758 wait complete.
2024-04-25T19:06:36.004 INFO:teuthology.orchestra.run.smithi116.stdout:mgr epoch 5 is available
2024-04-25T19:06:36.004 INFO:teuthology.orchestra.run.smithi116.stdout:Setting orchestrator backend to cephadm...
2024-04-25T19:06:36.622 INFO:journalctl@ceph.mon.a.smithi116.stdout:Apr 25 19:06:36 smithi116 ceph-mon[29168]: from='client.14124 -' entity='client.admin' cmd=[{"prefix": "get_command_descriptions"}]: dispatch
2024-04-25T19:06:36.623 INFO:journalctl@ceph.mon.a.smithi116.stdout:Apr 25 19:06:36 smithi116 ceph-mon[29168]: from='client.14124 -' entity='client.admin' cmd=[{"prefix": "mgr_status"}]: dispatch
2024-04-25T19:06:36.623 INFO:journalctl@ceph.mon.a.smithi116.stdout:Apr 25 19:06:36 smithi116 ceph-mon[29168]: from='mgr.14120 172.21.15.116:0/1664616621' entity='mgr.x'
2024-04-25T19:06:36.623 INFO:journalctl@ceph.mon.a.smithi116.stdout:Apr 25 19:06:36 smithi116 ceph-mon[29168]: from='mgr.14120 172.21.15.116:0/1664616621' entity='mgr.x'
2024-04-25T19:06:37.218 INFO:teuthology.orchestra.run.smithi116.stdout:/usr/bin/ceph: stderr
2024-04-25T19:06:36.396+0000 7f2856d7d700 1 Processor -- start
2024-04-25T19:06:37.219 INFO:teuthology.orchestra.run.smithi116.stdout:/usr/bin/ceph: stderr
2024-04-25T19:06:36.396+0000 7f2856d7d700 1 -- start start
2024-04-25T19:06:37.219 INFO:teuthology.orchestra.run.smithi116.stdout:/usr/bin/ceph: stderr
2024-04-25T19:06:36.396+0000 7f2856d7d700 1 --2- >> [v2:172.21.15.116:3300/0,v1:172.21.15.116:6789/0] conn(0x7f285010a5f0 0x7f285010ca10 unknown :-1 s=NONE pgs=0 cs=0 l=0 rev1=0 crypto rx=0 tx=0 comp rx=0 tx=0).connect
2024-04-25T19:06:37.219 INFO:teuthology.orchestra.run.smithi116.stdout:/usr/bin/ceph: stderr
2024-04-25T19:06:36.396+0000 7f2856d7d700 1 -- --> [v2:172.21.15.116:3300/0,v1:172.21.15.116:6789/0] -- mon_getmap magic: 0 -- 0x7f285007ce30 con 0x7f285010a5f0
2024-04-25T19:06:37.219 INFO:teuthology.orchestra.run.smithi116.stdout:/usr/bin/ceph: stderr
2024-04-25T19:06:36.397+0000 7f2854b19700 1 --2- >> [v2:172.21.15.116:3300/0,v1:172.21.15.116:6789/0] conn(0x7f285010a5f0 0x7f285010ca10 unknown :-1 s=BANNER_CONNECTING pgs=0 cs=0 l=0 rev1=0 crypto rx=0 tx=0 comp rx=0 tx=0)._handle_peer_banner_payload supported=3 required=0
2024-04-25T19:06:37.219 INFO:teuthology.orchestra.run.smithi116.stdout:/usr/bin/ceph: stderr
2024-04-25T19:06:36.397+0000 7f2854b19700 1 --2- >> [v2:172.21.15.116:3300/0,v1:172.21.15.116:6789/0] conn(0x7f285010a5f0 0x7f285010ca10 unknown :-1 s=HELLO_CONNECTING pgs=0 cs=0 l=0 rev1=1 crypto rx=0 tx=0 comp rx=0 tx=0).handle_hello peer v2:172.21.15.116:3300/0 says I am v2:172.21.15.116:60826/0 (socket says 172.21.15.116:60826)
2024-04-25T19:06:37.219 INFO:teuthology.orchestra.run.smithi116.stdout:/usr/bin/ceph: stderr
2024-04-25T19:06:36.397+0000 7f2854b19700 1 -- 172.21.15.116:0/377769772 learned_addr learned my addr 172.21.15.116:0/377769772 (peer_addr_for_me v2:172.21.15.116:0/0)
2024-04-25T19:06:37.220 INFO:teuthology.orchestra.run.smithi116.stdout:/usr/bin/ceph: stderr
2024-04-25T19:06:36.397+0000 7f2854b19700 1 -- 172.21.15.116:0/377769772 --> [v2:172.21.15.116:3300/0,v1:172.21.15.116:6789/0] -- mon_subscribe({config=0+,monmap=0+}) -- 0x7f285010cf50 con 0x7f285010a5f0
2024-04-25T19:06:37.220 INFO:teuthology.orchestra.run.smithi116.stdout:/usr/bin/ceph: stderr
2024-04-25T19:06:36.397+0000 7f2854b19700 1 --2- 172.21.15.116:0/377769772 >> [v2:172.21.15.116:3300/0,v1:172.21.15.116:6789/0] conn(0x7f285010a5f0 0x7f285010ca10 secure :-1 s=READY pgs=37 cs=0 l=1 rev1=1 crypto rx=0x7f28440098a0 tx=0x7f2844009bb0 comp rx=0 tx=0).ready entity=mon.0 client_cookie=77cd7130c2508e4c server_cookie=0 in_seq=0 out_seq=0
2024-04-25T19:06:37.220 INFO:teuthology.orchestra.run.smithi116.stdout:/usr/bin/ceph: stderr
2024-04-25T19:06:36.397+0000 7f284f7fe700 1 -- 172.21.15.116:0/377769772 <== mon.0 v2:172.21.15.116:3300/0 1 ==== mon_map magic: 0 ==== 205+0+0 (secure 0 0 0) 0x7f2844004160 con 0x7f285010a5f0
2024-04-25T19:06:37.220 INFO:teuthology.orchestra.run.smithi116.stdout:/usr/bin/ceph: stderr
2024-04-25T19:06:36.397+0000 7f284f7fe700 1 -- 172.21.15.116:0/377769772 <== mon.0 v2:172.21.15.116:3300/0 2 ==== config(27 keys) ==== 1101+0+0 (secure 0 0 0) 0x7f2844004300 con 0x7f285010a5f0
2024-04-25T19:06:37.220 INFO:teuthology.orchestra.run.smithi116.stdout:/usr/bin/ceph: stderr
2024-04-25T19:06:36.397+0000 7f284f7fe700 1 -- 172.21.15.116:0/377769772 <== mon.0 v2:172.21.15.116:3300/0 3 ==== mon_map magic: 0 ==== 205+0+0 (secure 0 0 0) 0x7f2844011b30 con 0x7f285010a5f0
2024-04-25T19:06:37.220 INFO:teuthology.orchestra.run.smithi116.stdout:/usr/bin/ceph: stderr
2024-04-25T19:06:36.398+0000 7f2856d7d700 1 -- 172.21.15.116:0/377769772 >> [v2:172.21.15.116:3300/0,v1:172.21.15.116:6789/0] conn(0x7f285010a5f0 msgr2=0x7f285010ca10 secure :-1 s=STATE_CONNECTION_ESTABLISHED l=1).mark_down
2024-04-25T19:06:37.220 INFO:teuthology.orchestra.run.smithi116.stdout:/usr/bin/ceph: stderr
2024-04-25T19:06:36.398+0000 7f2856d7d700 1 --2- 172.21.15.116:0/377769772 >> [v2:172.21.15.116:3300/0,v1:172.21.15.116:6789/0] conn(0x7f285010a5f0 0x7f285010ca10 secure :-1 s=READY pgs=37 cs=0 l=1 rev1=1 crypto rx=0x7f28440098a0 tx=0x7f2844009bb0 comp rx=0 tx=0).stop
2024-04-25T19:06:37.220 INFO:teuthology.orchestra.run.smithi116.stdout:/usr/bin/ceph: stderr
2024-04-25T19:06:36.398+0000 7f2856d7d700 1 -- 172.21.15.116:0/377769772 shutdown_connections
2024-04-25T19:06:37.220 INFO:teuthology.orchestra.run.smithi116.stdout:/usr/bin/ceph: stderr
2024-04-25T19:06:36.398+0000 7f2856d7d700 1 --2- 172.21.15.116:0/377769772 >> [v2:172.21.15.116:3300/0,v1:172.21.15.116:6789/0] conn(0x7f285010a5f0 0x7f285010ca10 unknown :-1 s=CLOSED pgs=37 cs=0 l=1 rev1=1 crypto rx=0 tx=0 comp rx=0 tx=0).stop
2024-04-25T19:06:37.220 INFO:teuthology.orchestra.run.smithi116.stdout:/usr/bin/ceph: stderr
2024-04-25T19:06:36.398+0000 7f2856d7d700 1 -- 172.21.15.116:0/377769772 >> 172.21.15.116:0/377769772 conn(0x7f28501040b0 msgr2=0x7f2850106500 unknown :-1 s=STATE_NONE l=0).mark_down
2024-04-25T19:06:37.220 INFO:teuthology.orchestra.run.smithi116.stdout:/usr/bin/ceph: stderr
2024-04-25T19:06:36.398+0000 7f2856d7d700 1 -- 172.21.15.116:0/377769772 shutdown_connections
2024-04-25T19:06:37.220 INFO:teuthology.orchestra.run.smithi116.stdout:/usr/bin/ceph: stderr
2024-04-25T19:06:36.398+0000 7f2856d7d700 1 -- 172.21.15.116:0/377769772 wait complete.
2024-04-25T19:06:37.221 INFO:teuthology.orchestra.run.smithi116.stdout:/usr/bin/ceph: stderr
2024-04-25T19:06:36.399+0000 7f2856d7d700 1 Processor -- start
2024-04-25T19:06:37.221 INFO:teuthology.orchestra.run.smithi116.stdout:/usr/bin/ceph: stderr
2024-04-25T19:06:36.399+0000 7f2856d7d700 1 -- start start
2024-04-25T19:06:37.221 INFO:teuthology.orchestra.run.smithi116.stdout:/usr/bin/ceph: stderr
2024-04-25T19:06:36.399+0000 7f2856d7d700 1 --2- >> [v2:172.21.15.116:3300/0,v1:172.21.15.116:6789/0] conn(0x7f285010a5f0 0x7f285019de50 unknown :-1 s=NONE pgs=0 cs=0 l=1 rev1=0 crypto rx=0 tx=0 comp rx=0 tx=0).connect
2024-04-25T19:06:37.221 INFO:teuthology.orchestra.run.smithi116.stdout:/usr/bin/ceph: stderr
2024-04-25T19:06:36.399+0000 7f2856d7d700 1 -- --> [v2:172.21.15.116:3300/0,v1:172.21.15.116:6789/0] -- mon_getmap magic: 0 -- 0x7f285010df10 con 0x7f285010a5f0
2024-04-25T19:06:37.221 INFO:teuthology.orchestra.run.smithi116.stdout:/usr/bin/ceph: stderr
2024-04-25T19:06:36.399+0000 7f2854b19700 1 --2- >> [v2:172.21.15.116:3300/0,v1:172.21.15.116:6789/0] conn(0x7f285010a5f0 0x7f285019de50 unknown :-1 s=BANNER_CONNECTING pgs=0 cs=0 l=1 rev1=0 crypto rx=0 tx=0 comp rx=0 tx=0)._handle_peer_banner_payload supported=3 required=0
2024-04-25T19:06:37.221 INFO:teuthology.orchestra.run.smithi116.stdout:/usr/bin/ceph: stderr
2024-04-25T19:06:36.399+0000 7f2854b19700 1 --2- >> [v2:172.21.15.116:3300/0,v1:172.21.15.116:6789/0] conn(0x7f285010a5f0 0x7f285019de50 unknown :-1 s=HELLO_CONNECTING pgs=0 cs=0 l=1 rev1=1 crypto rx=0 tx=0 comp rx=0 tx=0).handle_hello peer v2:172.21.15.116:3300/0 says I am v2:172.21.15.116:60830/0 (socket says 172.21.15.116:60830)
2024-04-25T19:06:37.221 INFO:teuthology.orchestra.run.smithi116.stdout:/usr/bin/ceph: stderr
2024-04-25T19:06:36.399+0000 7f2854b19700 1 -- 172.21.15.116:0/1619143206 learned_addr learned my addr 172.21.15.116:0/1619143206 (peer_addr_for_me v2:172.21.15.116:0/0)
2024-04-25T19:06:37.221 INFO:teuthology.orchestra.run.smithi116.stdout:/usr/bin/ceph: stderr
2024-04-25T19:06:36.400+0000 7f2854b19700 1 -- 172.21.15.116:0/1619143206 --> [v2:172.21.15.116:3300/0,v1:172.21.15.116:6789/0] -- mon_subscribe({config=0+,monmap=0+}) -- 0x7f285019e390 con 0x7f285010a5f0
2024-04-25T19:06:37.221 INFO:teuthology.orchestra.run.smithi116.stdout:/usr/bin/ceph: stderr
2024-04-25T19:06:36.400+0000 7f2854b19700 1 --2- 172.21.15.116:0/1619143206 >> [v2:172.21.15.116:3300/0,v1:172.21.15.116:6789/0] conn(0x7f285010a5f0 0x7f285019de50 secure :-1 s=READY pgs=38 cs=0 l=1 rev1=1 crypto rx=0x7f2844011670 tx=0x7f2844011c00 comp rx=0 tx=0).ready entity=mon.0 client_cookie=0 server_cookie=0 in_seq=0 out_seq=0
2024-04-25T19:06:37.221 INFO:teuthology.orchestra.run.smithi116.stdout:/usr/bin/ceph: stderr
2024-04-25T19:06:36.400+0000 7f284dffb700 1 -- 172.21.15.116:0/1619143206 <== mon.0 v2:172.21.15.116:3300/0 1 ==== mon_map magic: 0 ==== 205+0+0 (secure 0 0 0) 0x7f28440038b0 con 0x7f285010a5f0
2024-04-25T19:06:37.221 INFO:teuthology.orchestra.run.smithi116.stdout:/usr/bin/ceph: stderr
2024-04-25T19:06:36.400+0000 7f284dffb700 1 -- 172.21.15.116:0/1619143206 <== mon.0 v2:172.21.15.116:3300/0 2 ==== config(27 keys) ==== 1101+0+0 (secure 0 0 0) 0x7f284401a430 con 0x7f285010a5f0
2024-04-25T19:06:37.221 INFO:teuthology.orchestra.run.smithi116.stdout:/usr/bin/ceph: stderr
2024-04-25T19:06:36.400+0000 7f2856d7d700 1 -- 172.21.15.116:0/1619143206 --> [v2:172.21.15.116:3300/0,v1:172.21.15.116:6789/0] -- mon_subscribe({mgrmap=0+}) -- 0x7f285019e620 con 0x7f285010a5f0
2024-04-25T19:06:37.221 INFO:teuthology.orchestra.run.smithi116.stdout:/usr/bin/ceph: stderr
2024-04-25T19:06:36.400+0000 7f284dffb700 1 -- 172.21.15.116:0/1619143206 <== mon.0 v2:172.21.15.116:3300/0 3 ==== mon_map magic: 0 ==== 205+0+0 (secure 0 0 0) 0x7f28440195a0 con 0x7f285010a5f0
2024-04-25T19:06:37.221 INFO:teuthology.orchestra.run.smithi116.stdout:/usr/bin/ceph: stderr
2024-04-25T19:06:36.400+0000 7f2856d7d700 1 -- 172.21.15.116:0/1619143206 --> [v2:172.21.15.116:3300/0,v1:172.21.15.116:6789/0] -- mon_subscribe({osdmap=0}) -- 0x7f28501a1230 con 0x7f285010a5f0
2024-04-25T19:06:37.222 INFO:teuthology.orchestra.run.smithi116.stdout:/usr/bin/ceph: stderr
2024-04-25T19:06:36.401+0000 7f284dffb700 1 -- 172.21.15.116:0/1619143206 <== mon.0 v2:172.21.15.116:3300/0 4 ==== mgrmap(e 7) ==== 49410+0+0 (secure 0 0 0) 0x7f28440197d0 con 0x7f285010a5f0
2024-04-25T19:06:37.222 INFO:teuthology.orchestra.run.smithi116.stdout:/usr/bin/ceph: stderr
2024-04-25T19:06:36.401+0000 7f2856d7d700 1 -- 172.21.15.116:0/1619143206 --> [v2:172.21.15.116:3300/0,v1:172.21.15.116:6789/0] -- mon_command({"prefix": "get_command_descriptions"} v 0) -- 0x7f2850064cf0 con 0x7f285010a5f0
2024-04-25T19:06:37.222 INFO:teuthology.orchestra.run.smithi116.stdout:/usr/bin/ceph: stderr
2024-04-25T19:06:36.401+0000 7f284dffb700 1 --2- 172.21.15.116:0/1619143206 >> [v2:172.21.15.116:6800/1634552487,v1:172.21.15.116:6801/1634552487] conn(0x7f284003d520 0x7f284003fa30 unknown :-1 s=NONE pgs=0 cs=0 l=1 rev1=0 crypto rx=0 tx=0 comp rx=0 tx=0).connect
2024-04-25T19:06:37.222 INFO:teuthology.orchestra.run.smithi116.stdout:/usr/bin/ceph: stderr
2024-04-25T19:06:36.401+0000 7f284dffb700 1 -- 172.21.15.116:0/1619143206 <== mon.0 v2:172.21.15.116:3300/0 5 ==== osd_map(2..2 src has 1..2) ==== 940+0+0 (secure 0 0 0) 0x7f2844052550 con 0x7f285010a5f0
2024-04-25T19:06:37.222 INFO:teuthology.orchestra.run.smithi116.stdout:/usr/bin/ceph: stderr
2024-04-25T19:06:36.402+0000 7f284ffff700 1 --2- 172.21.15.116:0/1619143206 >> [v2:172.21.15.116:6800/1634552487,v1:172.21.15.116:6801/1634552487] conn(0x7f284003d520 0x7f284003fa30 unknown :-1 s=BANNER_CONNECTING pgs=0 cs=0 l=1 rev1=0 crypto rx=0 tx=0 comp rx=0 tx=0)._handle_peer_banner_payload supported=3 required=0
2024-04-25T19:06:37.222 INFO:teuthology.orchestra.run.smithi116.stdout:/usr/bin/ceph: stderr
2024-04-25T19:06:36.402+0000 7f284ffff700 1 --2- 172.21.15.116:0/1619143206 >> [v2:172.21.15.116:6800/1634552487,v1:172.21.15.116:6801/1634552487] conn(0x7f284003d520 0x7f284003fa30 secure :-1 s=READY pgs=7 cs=0 l=1 rev1=1 crypto rx=0x7f283c006fd0 tx=0x7f283c006e40 comp rx=0 tx=0).ready entity=mgr.14120 client_cookie=0 server_cookie=0 in_seq=0 out_seq=0
2024-04-25T19:06:37.222 INFO:teuthology.orchestra.run.smithi116.stdout:/usr/bin/ceph: stderr
2024-04-25T19:06:36.407+0000 7f284dffb700 1 -- 172.21.15.116:0/1619143206 <== mon.0 v2:172.21.15.116:3300/0 6 ==== mon_command_ack([{"prefix": "get_command_descriptions"}]=0 v0) ==== 72+0+188370 (secure 0 0 0) 0x7f2844023390 con 0x7f285010a5f0
2024-04-25T19:06:37.222 INFO:teuthology.orchestra.run.smithi116.stdout:/usr/bin/ceph: stderr
2024-04-25T19:06:36.620+0000 7f2856d7d700 1 -- 172.21.15.116:0/1619143206 --> [v2:172.21.15.116:6800/1634552487,v1:172.21.15.116:6801/1634552487] -- mgr_command(tid 0: {"prefix": "orch set backend", "module_name": "cephadm", "target": ["mon-mgr", ""]}) -- 0x7f28501060b0 con 0x7f284003d520
2024-04-25T19:06:37.222 INFO:teuthology.orchestra.run.smithi116.stdout:/usr/bin/ceph: stderr
2024-04-25T19:06:36.625+0000 7f284dffb700 1 -- 172.21.15.116:0/1619143206 <== mgr.14120 v2:172.21.15.116:6800/1634552487 1 ==== mgr_command_reply(tid 0: 0 ) ==== 8+0+0 (secure 0 0 0) 0x7f28501060b0 con 0x7f284003d520
2024-04-25T19:06:37.222 INFO:teuthology.orchestra.run.smithi116.stdout:/usr/bin/ceph: stderr
2024-04-25T19:06:36.627+0000 7f2856d7d700 1 -- 172.21.15.116:0/1619143206 >> [v2:172.21.15.116:6800/1634552487,v1:172.21.15.116:6801/1634552487] conn(0x7f284003d520 msgr2=0x7f284003fa30 secure :-1 s=STATE_CONNECTION_ESTABLISHED l=1).mark_down
2024-04-25T19:06:37.222 INFO:teuthology.orchestra.run.smithi116.stdout:/usr/bin/ceph: stderr
2024-04-25T19:06:36.627+0000 7f2856d7d700 1 --2- 172.21.15.116:0/1619143206 >> [v2:172.21.15.116:6800/1634552487,v1:172.21.15.116:6801/1634552487] conn(0x7f284003d520 0x7f284003fa30 secure :-1 s=READY pgs=7 cs=0 l=1 rev1=1 crypto rx=0x7f283c006fd0 tx=0x7f283c006e40 comp rx=0 tx=0).stop
2024-04-25T19:06:37.222 INFO:teuthology.orchestra.run.smithi116.stdout:/usr/bin/ceph: stderr
2024-04-25T19:06:36.628+0000 7f2856d7d700 1 -- 172.21.15.116:0/1619143206 >> [v2:172.21.15.116:3300/0,v1:172.21.15.116:6789/0] conn(0x7f285010a5f0 msgr2=0x7f285019de50 secure :-1 s=STATE_CONNECTION_ESTABLISHED l=1).mark_down
2024-04-25T19:06:37.222 INFO:teuthology.orchestra.run.smithi116.stdout:/usr/bin/ceph: stderr
2024-04-25T19:06:36.628+0000 7f2856d7d700 1 --2- 172.21.15.116:0/1619143206 >> [v2:172.21.15.116:3300/0,v1:172.21.15.116:6789/0] conn(0x7f285010a5f0 0x7f285019de50 secure :-1 s=READY pgs=38 cs=0 l=1 rev1=1 crypto rx=0x7f2844011670 tx=0x7f2844011c00 comp rx=0 tx=0).stop
2024-04-25T19:06:37.223 INFO:teuthology.orchestra.run.smithi116.stdout:/usr/bin/ceph: stderr
2024-04-25T19:06:36.628+0000 7f2856d7d700 1 -- 172.21.15.116:0/1619143206 shutdown_connections
2024-04-25T19:06:37.223 INFO:teuthology.orchestra.run.smithi116.stdout:/usr/bin/ceph: stderr
2024-04-25T19:06:36.628+0000 7f2856d7d700 1 --2- 172.21.15.116:0/1619143206 >> [v2:172.21.15.116:6800/1634552487,v1:172.21.15.116:6801/1634552487] conn(0x7f284003d520 0x7f284003fa30 unknown :-1 s=CLOSED pgs=7 cs=0 l=1 rev1=1 crypto rx=0 tx=0 comp rx=0 tx=0).stop
2024-04-25T19:06:37.223 INFO:teuthology.orchestra.run.smithi116.stdout:/usr/bin/ceph: stderr
2024-04-25T19:06:36.628+0000 7f2856d7d700 1 --2- 172.21.15.116:0/1619143206 >> [v2:172.21.15.116:3300/0,v1:172.21.15.116:6789/0] conn(0x7f285010a5f0 0x7f285019de50 unknown :-1 s=CLOSED pgs=38 cs=0 l=1 rev1=1 crypto rx=0 tx=0 comp rx=0 tx=0).stop
2024-04-25T19:06:37.223 INFO:teuthology.orchestra.run.smithi116.stdout:/usr/bin/ceph: stderr
2024-04-25T19:06:36.628+0000 7f2856d7d700 1 -- 172.21.15.116:0/1619143206 >> 172.21.15.116:0/1619143206 conn(0x7f28501040b0 msgr2=0x7f28501059a0 unknown :-1 s=STATE_NONE l=0).mark_down
2024-04-25T19:06:37.223 INFO:teuthology.orchestra.run.smithi116.stdout:/usr/bin/ceph: stderr
2024-04-25T19:06:36.628+0000 7f2856d7d700 1 -- 172.21.15.116:0/1619143206 shutdown_connections
2024-04-25T19:06:37.223 INFO:teuthology.orchestra.run.smithi116.stdout:/usr/bin/ceph: stderr
2024-04-25T19:06:36.628+0000 7f2856d7d700 1 -- 172.21.15.116:0/1619143206 wait complete.
2024-04-25T19:06:37.876 INFO:journalctl@ceph.mon.a.smithi116.stdout:Apr 25 19:06:37 smithi116 ceph-mon[29168]: [25/Apr/2024:19:06:36] ENGINE Bus STARTING
2024-04-25T19:06:37.876 INFO:journalctl@ceph.mon.a.smithi116.stdout:Apr 25 19:06:37 smithi116 ceph-mon[29168]: [25/Apr/2024:19:06:36] ENGINE Serving on http://172.21.15.116:8765
2024-04-25T19:06:37.876 INFO:journalctl@ceph.mon.a.smithi116.stdout:Apr 25 19:06:37 smithi116 ceph-mon[29168]: [25/Apr/2024:19:06:36] ENGINE Serving on https://172.21.15.116:7150
2024-04-25T19:06:37.876 INFO:journalctl@ceph.mon.a.smithi116.stdout:Apr 25 19:06:37 smithi116 ceph-mon[29168]: [25/Apr/2024:19:06:36] ENGINE Bus STARTED
2024-04-25T19:06:37.876 INFO:journalctl@ceph.mon.a.smithi116.stdout:Apr 25 19:06:37 smithi116 ceph-mon[29168]: from='mgr.14120 172.21.15.116:0/1664616621' entity='mgr.x' cmd=[{"prefix": "config dump", "format": "json"}]: dispatch
2024-04-25T19:06:37.876 INFO:journalctl@ceph.mon.a.smithi116.stdout:Apr 25 19:06:37 smithi116 ceph-mon[29168]: from='mgr.14120 172.21.15.116:0/1664616621' entity='mgr.x'
2024-04-25T19:06:37.877 INFO:journalctl@ceph.mon.a.smithi116.stdout:Apr 25 19:06:37 smithi116 ceph-mon[29168]: from='mgr.14120 172.21.15.116:0/1664616621' entity='mgr.x' cmd=[{"prefix": "config dump", "format": "json"}]: dispatch
2024-04-25T19:06:37.877 INFO:journalctl@ceph.mon.a.smithi116.stdout:Apr 25 19:06:37 smithi116 ceph-mon[29168]: mgrmap e8: x(active, since 2s)
2024-04-25T19:06:38.409 INFO:teuthology.orchestra.run.smithi116.stdout:/usr/bin/ceph: stdout value unchanged
2024-04-25T19:06:38.409 INFO:teuthology.orchestra.run.smithi116.stdout:/usr/bin/ceph: stderr
2024-04-25T19:06:37.666+0000 7f6633477700 1 Processor -- start
2024-04-25T19:06:38.409 INFO:teuthology.orchestra.run.smithi116.stdout:/usr/bin/ceph: stderr
2024-04-25T19:06:37.667+0000 7f6633477700 1 -- start start
2024-04-25T19:06:38.409 INFO:teuthology.orchestra.run.smithi116.stdout:/usr/bin/ceph: stderr
2024-04-25T19:06:37.667+0000 7f6633477700 1 --2- >> [v2:172.21.15.116:3300/0,v1:172.21.15.116:6789/0] conn(0x7f662c07f660 0x7f662c07dae0 unknown :-1 s=NONE pgs=0 cs=0 l=0 rev1=0 crypto rx=0 tx=0 comp rx=0 tx=0).connect
2024-04-25T19:06:38.409 INFO:teuthology.orchestra.run.smithi116.stdout:/usr/bin/ceph: stderr
2024-04-25T19:06:37.667+0000 7f6633477700 1 -- --> [v2:172.21.15.116:3300/0,v1:172.21.15.116:6789/0] -- mon_getmap magic: 0 -- 0x7f662c07e020 con 0x7f662c07f660
2024-04-25T19:06:38.409 INFO:teuthology.orchestra.run.smithi116.stdout:/usr/bin/ceph: stderr
2024-04-25T19:06:37.667+0000 7f6631213700 1 --2- >> [v2:172.21.15.116:3300/0,v1:172.21.15.116:6789/0] conn(0x7f662c07f660 0x7f662c07dae0 unknown :-1 s=BANNER_CONNECTING pgs=0 cs=0 l=0 rev1=0 crypto rx=0 tx=0 comp rx=0 tx=0)._handle_peer_banner_payload supported=3 required=0
2024-04-25T19:06:38.409 INFO:teuthology.orchestra.run.smithi116.stdout:/usr/bin/ceph: stderr
2024-04-25T19:06:37.667+0000 7f6631213700 1 --2- >> [v2:172.21.15.116:3300/0,v1:172.21.15.116:6789/0] conn(0x7f662c07f660 0x7f662c07dae0 unknown :-1 s=HELLO_CONNECTING pgs=0 cs=0 l=0 rev1=1 crypto rx=0 tx=0 comp rx=0 tx=0).handle_hello peer v2:172.21.15.116:3300/0 says I am v2:172.21.15.116:60844/0 (socket says 172.21.15.116:60844)
2024-04-25T19:06:38.409 INFO:teuthology.orchestra.run.smithi116.stdout:/usr/bin/ceph: stderr
2024-04-25T19:06:37.667+0000 7f6631213700 1 -- 172.21.15.116:0/2923742934 learned_addr learned my addr 172.21.15.116:0/2923742934 (peer_addr_for_me v2:172.21.15.116:0/0)
2024-04-25T19:06:38.409 INFO:teuthology.orchestra.run.smithi116.stdout:/usr/bin/ceph: stderr
2024-04-25T19:06:37.667+0000 7f6631213700 1 -- 172.21.15.116:0/2923742934 --> [v2:172.21.15.116:3300/0,v1:172.21.15.116:6789/0] -- mon_subscribe({config=0+,monmap=0+}) -- 0x7f662c07e1a0 con 0x7f662c07f660
2024-04-25T19:06:38.410 INFO:teuthology.orchestra.run.smithi116.stdout:/usr/bin/ceph: stderr
2024-04-25T19:06:37.668+0000 7f6631213700 1 --2- 172.21.15.116:0/2923742934 >> [v2:172.21.15.116:3300/0,v1:172.21.15.116:6789/0] conn(0x7f662c07f660 0x7f662c07dae0 secure :-1 s=READY pgs=39 cs=0 l=1 rev1=1 crypto rx=0x7f6624009e80 tx=0x7f662400b330 comp rx=0 tx=0).ready entity=mon.0 client_cookie=c260cb66b8139700 server_cookie=0 in_seq=0 out_seq=0
2024-04-25T19:06:38.410 INFO:teuthology.orchestra.run.smithi116.stdout:/usr/bin/ceph: stderr
2024-04-25T19:06:37.668+0000 7f662bfff700 1 -- 172.21.15.116:0/2923742934 <== mon.0 v2:172.21.15.116:3300/0 1 ==== mon_map magic: 0 ==== 205+0+0 (secure 0 0 0) 0x7f6624017070 con 0x7f662c07f660
2024-04-25T19:06:38.410 INFO:teuthology.orchestra.run.smithi116.stdout:/usr/bin/ceph: stderr
2024-04-25T19:06:37.668+0000 7f662bfff700 1 -- 172.21.15.116:0/2923742934 <== mon.0 v2:172.21.15.116:3300/0 2 ==== config(27 keys) ==== 1101+0+0 (secure 0 0 0) 0x7f662400b8c0 con 0x7f662c07f660
2024-04-25T19:06:38.410 INFO:teuthology.orchestra.run.smithi116.stdout:/usr/bin/ceph: stderr
2024-04-25T19:06:37.668+0000 7f662bfff700 1 -- 172.21.15.116:0/2923742934 <== mon.0 v2:172.21.15.116:3300/0 3 ==== mon_map magic: 0 ==== 205+0+0 (secure 0 0 0) 0x7f66240045a0 con 0x7f662c07f660
2024-04-25T19:06:38.410 INFO:teuthology.orchestra.run.smithi116.stdout:/usr/bin/ceph: stderr
2024-04-25T19:06:37.668+0000 7f6633477700 1 -- 172.21.15.116:0/2923742934 >> [v2:172.21.15.116:3300/0,v1:172.21.15.116:6789/0] conn(0x7f662c07f660 msgr2=0x7f662c07dae0 secure :-1 s=STATE_CONNECTION_ESTABLISHED l=1).mark_down
2024-04-25T19:06:38.410 INFO:teuthology.orchestra.run.smithi116.stdout:/usr/bin/ceph: stderr
2024-04-25T19:06:37.668+0000 7f6633477700 1 --2- 172.21.15.116:0/2923742934 >> [v2:172.21.15.116:3300/0,v1:172.21.15.116:6789/0] conn(0x7f662c07f660 0x7f662c07dae0 secure :-1 s=READY pgs=39 cs=0 l=1 rev1=1 crypto rx=0x7f6624009e80 tx=0x7f662400b330 comp rx=0 tx=0).stop
2024-04-25T19:06:38.410 INFO:teuthology.orchestra.run.smithi116.stdout:/usr/bin/ceph: stderr
2024-04-25T19:06:37.669+0000 7f6633477700 1 -- 172.21.15.116:0/2923742934 shutdown_connections
2024-04-25T19:06:38.410 INFO:teuthology.orchestra.run.smithi116.stdout:/usr/bin/ceph: stderr
2024-04-25T19:06:37.669+0000 7f6633477700 1 --2- 172.21.15.116:0/2923742934 >> [v2:172.21.15.116:3300/0,v1:172.21.15.116:6789/0] conn(0x7f662c07f660 0x7f662c07dae0 unknown :-1 s=CLOSED pgs=39 cs=0 l=1 rev1=1 crypto rx=0 tx=0 comp rx=0 tx=0).stop
2024-04-25T19:06:38.410 INFO:teuthology.orchestra.run.smithi116.stdout:/usr/bin/ceph: stderr
2024-04-25T19:06:37.669+0000 7f6633477700 1 -- 172.21.15.116:0/2923742934 >> 172.21.15.116:0/2923742934 conn(0x7f662c105240 msgr2=0x7f662c107690 unknown :-1 s=STATE_NONE l=0).mark_down
2024-04-25T19:06:38.410 INFO:teuthology.orchestra.run.smithi116.stdout:/usr/bin/ceph: stderr
2024-04-25T19:06:37.669+0000 7f6633477700 1 -- 172.21.15.116:0/2923742934 shutdown_connections
2024-04-25T19:06:38.410 INFO:teuthology.orchestra.run.smithi116.stdout:/usr/bin/ceph: stderr
2024-04-25T19:06:37.669+0000 7f6633477700 1 -- 172.21.15.116:0/2923742934 wait complete.
2024-04-25T19:06:38.410 INFO:teuthology.orchestra.run.smithi116.stdout:/usr/bin/ceph: stderr
2024-04-25T19:06:37.669+0000 7f6633477700 1 Processor -- start
2024-04-25T19:06:38.410 INFO:teuthology.orchestra.run.smithi116.stdout:/usr/bin/ceph: stderr
2024-04-25T19:06:37.669+0000 7f6633477700 1 -- start start
2024-04-25T19:06:38.410 INFO:teuthology.orchestra.run.smithi116.stdout:/usr/bin/ceph: stderr
2024-04-25T19:06:37.670+0000 7f6633477700 1 --2- >> [v2:172.21.15.116:3300/0,v1:172.21.15.116:6789/0] conn(0x7f662c07f660 0x7f662c1a00f0 unknown :-1 s=NONE pgs=0 cs=0 l=1 rev1=0 crypto rx=0 tx=0 comp rx=0 tx=0).connect
2024-04-25T19:06:38.411 INFO:teuthology.orchestra.run.smithi116.stdout:/usr/bin/ceph: stderr
2024-04-25T19:06:37.670+0000 7f6633477700 1 -- --> [v2:172.21.15.116:3300/0,v1:172.21.15.116:6789/0] -- mon_getmap magic: 0 -- 0x7f662c110180 con 0x7f662c07f660
2024-04-25T19:06:38.411 INFO:teuthology.orchestra.run.smithi116.stdout:/usr/bin/ceph: stderr
2024-04-25T19:06:37.670+0000 7f6631213700 1 --2- >> [v2:172.21.15.116:3300/0,v1:172.21.15.116:6789/0] conn(0x7f662c07f660 0x7f662c1a00f0 unknown :-1 s=BANNER_CONNECTING pgs=0 cs=0 l=1 rev1=0 crypto rx=0 tx=0 comp rx=0 tx=0)._handle_peer_banner_payload supported=3 required=0
2024-04-25T19:06:38.411 INFO:teuthology.orchestra.run.smithi116.stdout:/usr/bin/ceph: stderr
2024-04-25T19:06:37.670+0000 7f6631213700 1 --2- >> [v2:172.21.15.116:3300/0,v1:172.21.15.116:6789/0] conn(0x7f662c07f660 0x7f662c1a00f0 unknown :-1 s=HELLO_CONNECTING pgs=0 cs=0 l=1 rev1=1 crypto rx=0 tx=0 comp rx=0 tx=0).handle_hello peer v2:172.21.15.116:3300/0 says I am v2:172.21.15.116:60848/0 (socket says 172.21.15.116:60848)
2024-04-25T19:06:38.411 INFO:teuthology.orchestra.run.smithi116.stdout:/usr/bin/ceph: stderr
2024-04-25T19:06:37.670+0000 7f6631213700 1 -- 172.21.15.116:0/701028723 learned_addr learned my addr 172.21.15.116:0/701028723 (peer_addr_for_me v2:172.21.15.116:0/0)
2024-04-25T19:06:38.411 INFO:teuthology.orchestra.run.smithi116.stdout:/usr/bin/ceph: stderr
2024-04-25T19:06:37.670+0000 7f6631213700 1 -- 172.21.15.116:0/701028723 --> [v2:172.21.15.116:3300/0,v1:172.21.15.116:6789/0] -- mon_subscribe({config=0+,monmap=0+}) -- 0x7f662c1a0630 con 0x7f662c07f660
2024-04-25T19:06:38.411 INFO:teuthology.orchestra.run.smithi116.stdout:/usr/bin/ceph: stderr
2024-04-25T19:06:37.670+0000 7f6631213700 1 --2- 172.21.15.116:0/701028723 >> [v2:172.21.15.116:3300/0,v1:172.21.15.116:6789/0] conn(0x7f662c07f660 0x7f662c1a00f0 secure :-1 s=READY pgs=40 cs=0 l=1 rev1=1 crypto rx=0x7f6624000f80 tx=0x7f6624003d00 comp rx=0 tx=0).ready entity=mon.0 client_cookie=0 server_cookie=0 in_seq=0 out_seq=0
2024-04-25T19:06:38.411 INFO:teuthology.orchestra.run.smithi116.stdout:/usr/bin/ceph: stderr
