2024-04-30T08:23:00.516+0000 7fa576800700 1 --2- 172.21.15.32:0/2639463111 >> [v2:172.21.15.32:3300/0,v1:172.21.15.32:6789/0] conn(0x7fa57007cc60 0x7fa57019ff60 secure :-1 s=READY pgs=42 cs=0 l=1 rev1=1 crypto rx=0x7fa5640117b0 tx=0x7fa564011b70 comp rx=0 tx=0).stop
2024-04-30T08:23:01.229 INFO:teuthology.orchestra.run.smithi032.stdout:/usr/bin/ceph: stderr
2024-04-30T08:23:00.516+0000 7fa576800700 1 -- 172.21.15.32:0/2639463111 shutdown_connections
2024-04-30T08:23:01.229 INFO:teuthology.orchestra.run.smithi032.stdout:/usr/bin/ceph: stderr
2024-04-30T08:23:00.516+0000 7fa576800700 1 --2- 172.21.15.32:0/2639463111 >> [v2:172.21.15.32:6800/4019351306,v1:172.21.15.32:6801/4019351306] conn(0x7fa55803d5c0 0x7fa55803fad0 unknown :-1 s=CLOSED pgs=9 cs=0 l=1 rev1=1 crypto rx=0 tx=0 comp rx=0 tx=0).stop
2024-04-30T08:23:01.229 INFO:teuthology.orchestra.run.smithi032.stdout:/usr/bin/ceph: stderr
2024-04-30T08:23:00.516+0000 7fa576800700 1 --2- 172.21.15.32:0/2639463111 >> [v2:172.21.15.32:3300/0,v1:172.21.15.32:6789/0] conn(0x7fa57007cc60 0x7fa57019ff60 unknown :-1 s=CLOSED pgs=42 cs=0 l=1 rev1=1 crypto rx=0 tx=0 comp rx=0 tx=0).stop
2024-04-30T08:23:01.229 INFO:teuthology.orchestra.run.smithi032.stdout:/usr/bin/ceph: stderr
2024-04-30T08:23:00.516+0000 7fa576800700 1 -- 172.21.15.32:0/2639463111 >> 172.21.15.32:0/2639463111 conn(0x7fa570103fa0 msgr2=0x7fa5701048e0 unknown :-1 s=STATE_NONE l=0).mark_down
2024-04-30T08:23:01.229 INFO:teuthology.orchestra.run.smithi032.stdout:/usr/bin/ceph: stderr
2024-04-30T08:23:00.517+0000 7fa576800700 1 -- 172.21.15.32:0/2639463111 shutdown_connections
2024-04-30T08:23:01.229 INFO:teuthology.orchestra.run.smithi032.stdout:/usr/bin/ceph: stderr
2024-04-30T08:23:00.517+0000 7fa576800700 1 -- 172.21.15.32:0/2639463111 wait complete.
2024-04-30T08:23:01.755 INFO:journalctl@ceph.mon.a.smithi032.stdout:Apr 30 08:23:01 smithi032 ceph-mon[28331]: from='client.14136 -' entity='client.admin' cmd=[{"prefix": "cephadm generate-key", "target": ["mon-mgr", ""]}]: dispatch
2024-04-30T08:23:01.755 INFO:journalctl@ceph.mon.a.smithi032.stdout:Apr 30 08:23:01 smithi032 ceph-mon[28331]: Generating ssh key...
2024-04-30T08:23:01.755 INFO:journalctl@ceph.mon.a.smithi032.stdout:Apr 30 08:23:01 smithi032 ceph-mon[28331]: from='mgr.14120 172.21.15.32:0/1220014720' entity='mgr.x'
2024-04-30T08:23:01.756 INFO:journalctl@ceph.mon.a.smithi032.stdout:Apr 30 08:23:01 smithi032 ceph-mon[28331]: from='mgr.14120 172.21.15.32:0/1220014720' entity='mgr.x'
2024-04-30T08:23:02.833 INFO:journalctl@ceph.mon.a.smithi032.stdout:Apr 30 08:23:02 smithi032 ceph-mon[28331]: from='client.14138 -' entity='client.admin' cmd=[{"prefix": "cephadm get-pub-key", "target": ["mon-mgr", ""]}]: dispatch
2024-04-30T08:23:02.843 INFO:teuthology.orchestra.run.smithi032.stdout:/usr/bin/ceph: stdout ssh-rsa AAAAB3NzaC1yc2EAAAADAQABAAABgQDAebVzc5PNbSUQhRM83qqlc+1tN2IJZ3mtGdHIQzTNbXelQTm4K61cFqb2kCuL2ZS8TTReRVjyNDsYaJ8HLj4JQ2SclnBwIKshH2vXnqUKzACxDLFYe5ajSupZZCPJqF4+NUMF5ZATa5UQcPRJ+fxt//dHsJqYS2oN1aqT35RL+xL3KVQI4kjSKwndp4twbZNMXc8ABdplGqgkjKgfpWhz0mfEIwmUQOVxazLnH0UPSdQjKgAI/YbLRD28Lv0wnkPWwGRjcmrIVzQh43oqWSqSSuB4FI+HTfU/auTHSXdMDLmuf3nIB+FiC/f9lGW81Ko5nj3qM6uMy1eNHIj1XiuQj2dUHnDqYQJEt52JHMC7IFSyYDoLF2oUNNj6FVJTTV2JgTXzGk1XL6alaTG5qDm5DT4hDM/aSeg8fjOhxsbMe9pewleloEDy4ocg/N8lc5/eu9M3ad2cbE60FDjW0ibIAoCW7KIrq75d2FtK2ca3jUvlIYgi0IZ8Z3CFjntsltc= ceph-98c0a670-06ca-11ef-bc93-c7b262605968
2024-04-30T08:23:02.845 INFO:teuthology.orchestra.run.smithi032.stdout:/usr/bin/ceph: stderr
2024-04-30T08:23:01.914+0000 7f0070800700 1 Processor -- start
2024-04-30T08:23:02.845 INFO:teuthology.orchestra.run.smithi032.stdout:/usr/bin/ceph: stderr
2024-04-30T08:23:01.914+0000 7f0070800700 1 -- start start
2024-04-30T08:23:02.845 INFO:teuthology.orchestra.run.smithi032.stdout:/usr/bin/ceph: stderr
2024-04-30T08:23:01.915+0000 7f0070800700 1 --2- >> [v2:172.21.15.32:3300/0,v1:172.21.15.32:6789/0] conn(0x7f006807ed40 0x7f006807d210 unknown :-1 s=NONE pgs=0 cs=0 l=0 rev1=0 crypto rx=0 tx=0 comp rx=0 tx=0).connect
2024-04-30T08:23:02.846 INFO:teuthology.orchestra.run.smithi032.stdout:/usr/bin/ceph: stderr
2024-04-30T08:23:01.915+0000 7f0070800700 1 -- --> [v2:172.21.15.32:3300/0,v1:172.21.15.32:6789/0] -- mon_getmap magic: 0 -- 0x7f006807d750 con 0x7f006807ed40
2024-04-30T08:23:02.846 INFO:teuthology.orchestra.run.smithi032.stdout:/usr/bin/ceph: stderr
2024-04-30T08:23:01.915+0000 7f006de00700 1 --2- >> [v2:172.21.15.32:3300/0,v1:172.21.15.32:6789/0] conn(0x7f006807ed40 0x7f006807d210 unknown :-1 s=BANNER_CONNECTING pgs=0 cs=0 l=0 rev1=0 crypto rx=0 tx=0 comp rx=0 tx=0)._handle_peer_banner_payload supported=3 required=0
2024-04-30T08:23:02.846 INFO:teuthology.orchestra.run.smithi032.stdout:/usr/bin/ceph: stderr
2024-04-30T08:23:01.915+0000 7f006de00700 1 --2- >> [v2:172.21.15.32:3300/0,v1:172.21.15.32:6789/0] conn(0x7f006807ed40 0x7f006807d210 unknown :-1 s=HELLO_CONNECTING pgs=0 cs=0 l=0 rev1=1 crypto rx=0 tx=0 comp rx=0 tx=0).handle_hello peer v2:172.21.15.32:3300/0 says I am v2:172.21.15.32:37804/0 (socket says 172.21.15.32:37804)
2024-04-30T08:23:02.846 INFO:teuthology.orchestra.run.smithi032.stdout:/usr/bin/ceph: stderr
2024-04-30T08:23:01.915+0000 7f006de00700 1 -- 172.21.15.32:0/4035716574 learned_addr learned my addr 172.21.15.32:0/4035716574 (peer_addr_for_me v2:172.21.15.32:0/0)
2024-04-30T08:23:02.846 INFO:teuthology.orchestra.run.smithi032.stdout:/usr/bin/ceph: stderr
2024-04-30T08:23:01.916+0000 7f006de00700 1 -- 172.21.15.32:0/4035716574 --> [v2:172.21.15.32:3300/0,v1:172.21.15.32:6789/0] -- mon_subscribe({config=0+,monmap=0+}) -- 0x7f006807d8d0 con 0x7f006807ed40
2024-04-30T08:23:02.846 INFO:teuthology.orchestra.run.smithi032.stdout:/usr/bin/ceph: stderr
2024-04-30T08:23:01.916+0000 7f006de00700 1 --2- 172.21.15.32:0/4035716574 >> [v2:172.21.15.32:3300/0,v1:172.21.15.32:6789/0] conn(0x7f006807ed40 0x7f006807d210 secure :-1 s=READY pgs=43 cs=0 l=1 rev1=1 crypto rx=0x7f005c0098a0 tx=0x7f005c009bb0 comp rx=0 tx=0).ready entity=mon.0 client_cookie=fabd6a34681d6402 server_cookie=0 in_seq=0 out_seq=0
2024-04-30T08:23:02.846 INFO:teuthology.orchestra.run.smithi032.stdout:/usr/bin/ceph: stderr
2024-04-30T08:23:01.916+0000 7f006ca00700 1 -- 172.21.15.32:0/4035716574 <== mon.0 v2:172.21.15.32:3300/0 1 ==== mon_map magic: 0 ==== 205+0+0 (secure 0 0 0) 0x7f005c004160 con 0x7f006807ed40
2024-04-30T08:23:02.846 INFO:teuthology.orchestra.run.smithi032.stdout:/usr/bin/ceph: stderr
2024-04-30T08:23:01.917+0000 7f006ca00700 1 -- 172.21.15.32:0/4035716574 <== mon.0 v2:172.21.15.32:3300/0 2 ==== config(26 keys) ==== 1070+0+0 (secure 0 0 0) 0x7f005c004300 con 0x7f006807ed40
2024-04-30T08:23:02.846 INFO:teuthology.orchestra.run.smithi032.stdout:/usr/bin/ceph: stderr
2024-04-30T08:23:01.917+0000 7f006ca00700 1 -- 172.21.15.32:0/4035716574 <== mon.0 v2:172.21.15.32:3300/0 3 ==== mon_map magic: 0 ==== 205+0+0 (secure 0 0 0) 0x7f005c011af0 con 0x7f006807ed40
2024-04-30T08:23:02.846 INFO:teuthology.orchestra.run.smithi032.stdout:/usr/bin/ceph: stderr
2024-04-30T08:23:01.917+0000 7f0070800700 1 -- 172.21.15.32:0/4035716574 >> [v2:172.21.15.32:3300/0,v1:172.21.15.32:6789/0] conn(0x7f006807ed40 msgr2=0x7f006807d210 secure :-1 s=STATE_CONNECTION_ESTABLISHED l=1).mark_down
2024-04-30T08:23:02.846 INFO:teuthology.orchestra.run.smithi032.stdout:/usr/bin/ceph: stderr
2024-04-30T08:23:01.917+0000 7f0070800700 1 --2- 172.21.15.32:0/4035716574 >> [v2:172.21.15.32:3300/0,v1:172.21.15.32:6789/0] conn(0x7f006807ed40 0x7f006807d210 secure :-1 s=READY pgs=43 cs=0 l=1 rev1=1 crypto rx=0x7f005c0098a0 tx=0x7f005c009bb0 comp rx=0 tx=0).stop
2024-04-30T08:23:02.846 INFO:teuthology.orchestra.run.smithi032.stdout:/usr/bin/ceph: stderr
2024-04-30T08:23:01.918+0000 7f0070800700 1 -- 172.21.15.32:0/4035716574 shutdown_connections
2024-04-30T08:23:02.847 INFO:teuthology.orchestra.run.smithi032.stdout:/usr/bin/ceph: stderr
2024-04-30T08:23:01.918+0000 7f0070800700 1 --2- 172.21.15.32:0/4035716574 >> [v2:172.21.15.32:3300/0,v1:172.21.15.32:6789/0] conn(0x7f006807ed40 0x7f006807d210 unknown :-1 s=CLOSED pgs=43 cs=0 l=1 rev1=1 crypto rx=0 tx=0 comp rx=0 tx=0).stop
2024-04-30T08:23:02.850 INFO:teuthology.orchestra.run.smithi032.stdout:/usr/bin/ceph: stderr
2024-04-30T08:23:01.918+0000 7f0070800700 1 -- 172.21.15.32:0/4035716574 >> 172.21.15.32:0/4035716574 conn(0x7f00681052f0 msgr2=0x7f0068107740 unknown :-1 s=STATE_NONE l=0).mark_down
2024-04-30T08:23:02.850 INFO:teuthology.orchestra.run.smithi032.stdout:/usr/bin/ceph: stderr
2024-04-30T08:23:01.918+0000 7f0070800700 1 -- 172.21.15.32:0/4035716574 shutdown_connections
2024-04-30T08:23:02.850 INFO:teuthology.orchestra.run.smithi032.stdout:/usr/bin/ceph: stderr
2024-04-30T08:23:01.918+0000 7f0070800700 1 -- 172.21.15.32:0/4035716574 wait complete.
2024-04-30T08:23:02.850 INFO:teuthology.orchestra.run.smithi032.stdout:/usr/bin/ceph: stderr
2024-04-30T08:23:01.919+0000 7f0070800700 1 Processor -- start
2024-04-30T08:23:02.851 INFO:teuthology.orchestra.run.smithi032.stdout:/usr/bin/ceph: stderr
2024-04-30T08:23:01.919+0000 7f0070800700 1 -- start start
2024-04-30T08:23:02.851 INFO:teuthology.orchestra.run.smithi032.stdout:/usr/bin/ceph: stderr
2024-04-30T08:23:01.919+0000 7f0070800700 1 --2- >> [v2:172.21.15.32:3300/0,v1:172.21.15.32:6789/0] conn(0x7f006807ed40 0x7f00681a0180 unknown :-1 s=NONE pgs=0 cs=0 l=1 rev1=0 crypto rx=0 tx=0 comp rx=0 tx=0).connect
2024-04-30T08:23:02.851 INFO:teuthology.orchestra.run.smithi032.stdout:/usr/bin/ceph: stderr
2024-04-30T08:23:01.919+0000 7f0070800700 1 -- --> [v2:172.21.15.32:3300/0,v1:172.21.15.32:6789/0] -- mon_getmap magic: 0 -- 0x7f0068110130 con 0x7f006807ed40
2024-04-30T08:23:02.851 INFO:teuthology.orchestra.run.smithi032.stdout:/usr/bin/ceph: stderr
2024-04-30T08:23:01.920+0000 7f006de00700 1 --2- >> [v2:172.21.15.32:3300/0,v1:172.21.15.32:6789/0] conn(0x7f006807ed40 0x7f00681a0180 unknown :-1 s=BANNER_CONNECTING pgs=0 cs=0 l=1 rev1=0 crypto rx=0 tx=0 comp rx=0 tx=0)._handle_peer_banner_payload supported=3 required=0
2024-04-30T08:23:02.851 INFO:teuthology.orchestra.run.smithi032.stdout:/usr/bin/ceph: stderr
2024-04-30T08:23:01.920+0000 7f006de00700 1 --2- >> [v2:172.21.15.32:3300/0,v1:172.21.15.32:6789/0] conn(0x7f006807ed40 0x7f00681a0180 unknown :-1 s=HELLO_CONNECTING pgs=0 cs=0 l=1 rev1=1 crypto rx=0 tx=0 comp rx=0 tx=0).handle_hello peer v2:172.21.15.32:3300/0 says I am v2:172.21.15.32:37814/0 (socket says 172.21.15.32:37814)
2024-04-30T08:23:02.851 INFO:teuthology.orchestra.run.smithi032.stdout:/usr/bin/ceph: stderr
2024-04-30T08:23:01.920+0000 7f006de00700 1 -- 172.21.15.32:0/2448696324 learned_addr learned my addr 172.21.15.32:0/2448696324 (peer_addr_for_me v2:172.21.15.32:0/0)
2024-04-30T08:23:02.851 INFO:teuthology.orchestra.run.smithi032.stdout:/usr/bin/ceph: stderr
2024-04-30T08:23:01.920+0000 7f006de00700 1 -- 172.21.15.32:0/2448696324 --> [v2:172.21.15.32:3300/0,v1:172.21.15.32:6789/0] -- mon_subscribe({config=0+,monmap=0+}) -- 0x7f00681a06c0 con 0x7f006807ed40
2024-04-30T08:23:02.851 INFO:teuthology.orchestra.run.smithi032.stdout:/usr/bin/ceph: stderr
2024-04-30T08:23:01.921+0000 7f006de00700 1 --2- 172.21.15.32:0/2448696324 >> [v2:172.21.15.32:3300/0,v1:172.21.15.32:6789/0] conn(0x7f006807ed40 0x7f00681a0180 secure :-1 s=READY pgs=44 cs=0 l=1 rev1=1 crypto rx=0x7f005c0117b0 tx=0x7f005c011b70 comp rx=0 tx=0).ready entity=mon.0 client_cookie=0 server_cookie=0 in_seq=0 out_seq=0
2024-04-30T08:23:02.851 INFO:teuthology.orchestra.run.smithi032.stdout:/usr/bin/ceph: stderr
2024-04-30T08:23:01.921+0000 7f0062a00700 1 -- 172.21.15.32:0/2448696324 <== mon.0 v2:172.21.15.32:3300/0 1 ==== mon_map magic: 0 ==== 205+0+0 (secure 0 0 0) 0x7f005c003af0 con 0x7f006807ed40
2024-04-30T08:23:02.851 INFO:teuthology.orchestra.run.smithi032.stdout:/usr/bin/ceph: stderr
2024-04-30T08:23:01.921+0000 7f0062a00700 1 -- 172.21.15.32:0/2448696324 <== mon.0 v2:172.21.15.32:3300/0 2 ==== config(26 keys) ==== 1070+0+0 (secure 0 0 0) 0x7f005c020070 con 0x7f006807ed40
2024-04-30T08:23:02.851 INFO:teuthology.orchestra.run.smithi032.stdout:/usr/bin/ceph: stderr
2024-04-30T08:23:01.921+0000 7f0070800700 1 -- 172.21.15.32:0/2448696324 --> [v2:172.21.15.32:3300/0,v1:172.21.15.32:6789/0] -- mon_subscribe({mgrmap=0+}) -- 0x7f00681a0950 con 0x7f006807ed40
2024-04-30T08:23:02.851 INFO:teuthology.orchestra.run.smithi032.stdout:/usr/bin/ceph: stderr
2024-04-30T08:23:01.921+0000 7f0062a00700 1 -- 172.21.15.32:0/2448696324 <== mon.0 v2:172.21.15.32:3300/0 3 ==== mon_map magic: 0 ==== 205+0+0 (secure 0 0 0) 0x7f005c019630 con 0x7f006807ed40
2024-04-30T08:23:02.851 INFO:teuthology.orchestra.run.smithi032.stdout:/usr/bin/ceph: stderr
2024-04-30T08:23:01.921+0000 7f0070800700 1 -- 172.21.15.32:0/2448696324 --> [v2:172.21.15.32:3300/0,v1:172.21.15.32:6789/0] -- mon_subscribe({osdmap=0}) -- 0x7f00681a3560 con 0x7f006807ed40
2024-04-30T08:23:02.852 INFO:teuthology.orchestra.run.smithi032.stdout:/usr/bin/ceph: stderr
2024-04-30T08:23:01.922+0000 7f0070800700 1 -- 172.21.15.32:0/2448696324 --> [v2:172.21.15.32:3300/0,v1:172.21.15.32:6789/0] -- mon_command({"prefix": "get_command_descriptions"} v 0) -- 0x7f0068064d70 con 0x7f006807ed40
2024-04-30T08:23:02.852 INFO:teuthology.orchestra.run.smithi032.stdout:/usr/bin/ceph: stderr
2024-04-30T08:23:01.923+0000 7f0062a00700 1 -- 172.21.15.32:0/2448696324 <== mon.0 v2:172.21.15.32:3300/0 4 ==== mgrmap(e 8) ==== 49516+0+0 (secure 0 0 0) 0x7f005c01a430 con 0x7f006807ed40
2024-04-30T08:23:02.852 INFO:teuthology.orchestra.run.smithi032.stdout:/usr/bin/ceph: stderr
2024-04-30T08:23:01.923+0000 7f0062a00700 1 --2- 172.21.15.32:0/2448696324 >> [v2:172.21.15.32:6800/4019351306,v1:172.21.15.32:6801/4019351306] conn(0x7f005003d5c0 0x7f005003fad0 unknown :-1 s=NONE pgs=0 cs=0 l=1 rev1=0 crypto rx=0 tx=0 comp rx=0 tx=0).connect
2024-04-30T08:23:02.852 INFO:teuthology.orchestra.run.smithi032.stdout:/usr/bin/ceph: stderr
2024-04-30T08:23:01.923+0000 7f0062a00700 1 -- 172.21.15.32:0/2448696324 <== mon.0 v2:172.21.15.32:3300/0 5 ==== osd_map(2..2 src has 1..2) ==== 940+0+0 (secure 0 0 0) 0x7f005c0528d0 con 0x7f006807ed40
2024-04-30T08:23:02.852 INFO:teuthology.orchestra.run.smithi032.stdout:/usr/bin/ceph: stderr
2024-04-30T08:23:01.924+0000 7f006d400700 1 --2- 172.21.15.32:0/2448696324 >> [v2:172.21.15.32:6800/4019351306,v1:172.21.15.32:6801/4019351306] conn(0x7f005003d5c0 0x7f005003fad0 unknown :-1 s=BANNER_CONNECTING pgs=0 cs=0 l=1 rev1=0 crypto rx=0 tx=0 comp rx=0 tx=0)._handle_peer_banner_payload supported=3 required=0
2024-04-30T08:23:02.852 INFO:teuthology.orchestra.run.smithi032.stdout:/usr/bin/ceph: stderr
2024-04-30T08:23:01.925+0000 7f006d400700 1 --2- 172.21.15.32:0/2448696324 >> [v2:172.21.15.32:6800/4019351306,v1:172.21.15.32:6801/4019351306] conn(0x7f005003d5c0 0x7f005003fad0 secure :-1 s=READY pgs=10 cs=0 l=1 rev1=1 crypto rx=0x7f0058006fd0 tx=0x7f0058006e40 comp rx=0 tx=0).ready entity=mgr.14120 client_cookie=0 server_cookie=0 in_seq=0 out_seq=0
2024-04-30T08:23:02.852 INFO:teuthology.orchestra.run.smithi032.stdout:/usr/bin/ceph: stderr
2024-04-30T08:23:01.931+0000 7f0062a00700 1 -- 172.21.15.32:0/2448696324 <== mon.0 v2:172.21.15.32:3300/0 6 ==== mon_command_ack([{"prefix": "get_command_descriptions"}]=0 v0) ==== 72+0+188370 (secure 0 0 0) 0x7f005c0042a0 con 0x7f006807ed40
2024-04-30T08:23:02.852 INFO:teuthology.orchestra.run.smithi032.stdout:/usr/bin/ceph: stderr
2024-04-30T08:23:02.161+0000 7f0070800700 1 -- 172.21.15.32:0/2448696324 --> [v2:172.21.15.32:6800/4019351306,v1:172.21.15.32:6801/4019351306] -- mgr_command(tid 0: {"prefix": "cephadm get-pub-key", "target": ["mon-mgr", ""]}) -- 0x7f0068107520 con 0x7f005003d5c0
2024-04-30T08:23:02.852 INFO:teuthology.orchestra.run.smithi032.stdout:/usr/bin/ceph: stderr
2024-04-30T08:23:02.164+0000 7f0062a00700 1 -- 172.21.15.32:0/2448696324 <== mgr.14120 v2:172.21.15.32:6800/4019351306 1 ==== mgr_command_reply(tid 0: 0 ) ==== 8+0+595 (secure 0 0 0) 0x7f0068107520 con 0x7f005003d5c0
2024-04-30T08:23:02.852 INFO:teuthology.orchestra.run.smithi032.stdout:/usr/bin/ceph: stderr
2024-04-30T08:23:02.167+0000 7f0070800700 1 -- 172.21.15.32:0/2448696324 >> [v2:172.21.15.32:6800/4019351306,v1:172.21.15.32:6801/4019351306] conn(0x7f005003d5c0 msgr2=0x7f005003fad0 secure :-1 s=STATE_CONNECTION_ESTABLISHED l=1).mark_down
2024-04-30T08:23:02.852 INFO:teuthology.orchestra.run.smithi032.stdout:/usr/bin/ceph: stderr
2024-04-30T08:23:02.167+0000 7f0070800700 1 --2- 172.21.15.32:0/2448696324 >> [v2:172.21.15.32:6800/4019351306,v1:172.21.15.32:6801/4019351306] conn(0x7f005003d5c0 0x7f005003fad0 secure :-1 s=READY pgs=10 cs=0 l=1 rev1=1 crypto rx=0x7f0058006fd0 tx=0x7f0058006e40 comp rx=0 tx=0).stop
2024-04-30T08:23:02.852 INFO:teuthology.orchestra.run.smithi032.stdout:/usr/bin/ceph: stderr
2024-04-30T08:23:02.167+0000 7f0070800700 1 -- 172.21.15.32:0/2448696324 >> [v2:172.21.15.32:3300/0,v1:172.21.15.32:6789/0] conn(0x7f006807ed40 msgr2=0x7f00681a0180 secure :-1 s=STATE_CONNECTION_ESTABLISHED l=1).mark_down
2024-04-30T08:23:02.852 INFO:teuthology.orchestra.run.smithi032.stdout:/usr/bin/ceph: stderr
2024-04-30T08:23:02.167+0000 7f0070800700 1 --2- 172.21.15.32:0/2448696324 >> [v2:172.21.15.32:3300/0,v1:172.21.15.32:6789/0] conn(0x7f006807ed40 0x7f00681a0180 secure :-1 s=READY pgs=44 cs=0 l=1 rev1=1 crypto rx=0x7f005c0117b0 tx=0x7f005c011b70 comp rx=0 tx=0).stop
2024-04-30T08:23:02.853 INFO:teuthology.orchestra.run.smithi032.stdout:/usr/bin/ceph: stderr
2024-04-30T08:23:02.168+0000 7f0070800700 1 -- 172.21.15.32:0/2448696324 shutdown_connections
2024-04-30T08:23:02.853 INFO:teuthology.orchestra.run.smithi032.stdout:/usr/bin/ceph: stderr
2024-04-30T08:23:02.168+0000 7f0070800700 1 --2- 172.21.15.32:0/2448696324 >> [v2:172.21.15.32:6800/4019351306,v1:172.21.15.32:6801/4019351306] conn(0x7f005003d5c0 0x7f005003fad0 unknown :-1 s=CLOSED pgs=10 cs=0 l=1 rev1=1 crypto rx=0 tx=0 comp rx=0 tx=0).stop
2024-04-30T08:23:02.853 INFO:teuthology.orchestra.run.smithi032.stdout:/usr/bin/ceph: stderr
2024-04-30T08:23:02.168+0000 7f0070800700 1 --2- 172.21.15.32:0/2448696324 >> [v2:172.21.15.32:3300/0,v1:172.21.15.32:6789/0] conn(0x7f006807ed40 0x7f00681a0180 unknown :-1 s=CLOSED pgs=44 cs=0 l=1 rev1=1 crypto rx=0 tx=0 comp rx=0 tx=0).stop
2024-04-30T08:23:02.853 INFO:teuthology.orchestra.run.smithi032.stdout:/usr/bin/ceph: stderr
2024-04-30T08:23:02.168+0000 7f0070800700 1 -- 172.21.15.32:0/2448696324 >> 172.21.15.32:0/2448696324 conn(0x7f00681052f0 msgr2=0x7f0068106d90 unknown :-1 s=STATE_NONE l=0).mark_down
2024-04-30T08:23:02.853 INFO:teuthology.orchestra.run.smithi032.stdout:/usr/bin/ceph: stderr
2024-04-30T08:23:02.168+0000 7f0070800700 1 -- 172.21.15.32:0/2448696324 shutdown_connections
2024-04-30T08:23:02.853 INFO:teuthology.orchestra.run.smithi032.stdout:/usr/bin/ceph: stderr
2024-04-30T08:23:02.168+0000 7f0070800700 1 -- 172.21.15.32:0/2448696324 wait complete.
2024-04-30T08:23:02.854 INFO:teuthology.orchestra.run.smithi032.stdout:Wrote public SSH key to /home/ubuntu/cephtest/ceph.pub
2024-04-30T08:23:02.854 INFO:teuthology.orchestra.run.smithi032.stdout:Adding key to root@localhost authorized_keys...
2024-04-30T08:23:02.854 INFO:teuthology.orchestra.run.smithi032.stdout:Adding host smithi032...
2024-04-30T08:23:04.862 INFO:journalctl@ceph.mon.a.smithi032.stdout:Apr 30 08:23:04 smithi032 ceph-mon[28331]: from='client.14140 -' entity='client.admin' cmd=[{"prefix": "orch host add", "hostname": "smithi032", "addr": "172.21.15.32", "target": ["mon-mgr", ""]}]: dispatch
2024-04-30T08:23:05.765 INFO:journalctl@ceph.mon.a.smithi032.stdout:Apr 30 08:23:05 smithi032 ceph-mon[28331]: Deploying cephadm binary to smithi032
2024-04-30T08:23:10.737 INFO:teuthology.orchestra.run.smithi032.stdout:/usr/bin/ceph: stdout Added host 'smithi032' with addr '172.21.15.32'
2024-04-30T08:23:10.737 INFO:teuthology.orchestra.run.smithi032.stdout:/usr/bin/ceph: stderr
2024-04-30T08:23:03.503+0000 7f1396000700 1 Processor -- start
2024-04-30T08:23:10.737 INFO:teuthology.orchestra.run.smithi032.stdout:/usr/bin/ceph: stderr
2024-04-30T08:23:03.503+0000 7f1396000700 1 -- start start
2024-04-30T08:23:10.738 INFO:teuthology.orchestra.run.smithi032.stdout:/usr/bin/ceph: stderr
2024-04-30T08:23:03.504+0000 7f1396000700 1 --2- >> [v2:172.21.15.32:3300/0,v1:172.21.15.32:6789/0] conn(0x7f139007cca0 0x7f139010e970 unknown :-1 s=NONE pgs=0 cs=0 l=0 rev1=0 crypto rx=0 tx=0 comp rx=0 tx=0).connect
2024-04-30T08:23:10.738 INFO:teuthology.orchestra.run.smithi032.stdout:/usr/bin/ceph: stderr
2024-04-30T08:23:03.504+0000 7f1396000700 1 -- --> [v2:172.21.15.32:3300/0,v1:172.21.15.32:6789/0] -- mon_getmap magic: 0 -- 0x7f139010eeb0 con 0x7f139007cca0
2024-04-30T08:23:10.738 INFO:teuthology.orchestra.run.smithi032.stdout:/usr/bin/ceph: stderr
2024-04-30T08:23:03.504+0000 7f1394c00700 1 --2- >> [v2:172.21.15.32:3300/0,v1:172.21.15.32:6789/0] conn(0x7f139007cca0 0x7f139010e970 unknown :-1 s=BANNER_CONNECTING pgs=0 cs=0 l=0 rev1=0 crypto rx=0 tx=0 comp rx=0 tx=0)._handle_peer_banner_payload supported=3 required=0
2024-04-30T08:23:10.738 INFO:teuthology.orchestra.run.smithi032.stdout:/usr/bin/ceph: stderr
2024-04-30T08:23:03.504+0000 7f1394c00700 1 --2- >> [v2:172.21.15.32:3300/0,v1:172.21.15.32:6789/0] conn(0x7f139007cca0 0x7f139010e970 unknown :-1 s=HELLO_CONNECTING pgs=0 cs=0 l=0 rev1=1 crypto rx=0 tx=0 comp rx=0 tx=0).handle_hello peer v2:172.21.15.32:3300/0 says I am v2:172.21.15.32:37820/0 (socket says 172.21.15.32:37820)
2024-04-30T08:23:10.738 INFO:teuthology.orchestra.run.smithi032.stdout:/usr/bin/ceph: stderr
2024-04-30T08:23:03.504+0000 7f1394c00700 1 -- 172.21.15.32:0/1982171590 learned_addr learned my addr 172.21.15.32:0/1982171590 (peer_addr_for_me v2:172.21.15.32:0/0)
2024-04-30T08:23:10.738 INFO:teuthology.orchestra.run.smithi032.stdout:/usr/bin/ceph: stderr
2024-04-30T08:23:03.505+0000 7f1394c00700 1 -- 172.21.15.32:0/1982171590 --> [v2:172.21.15.32:3300/0,v1:172.21.15.32:6789/0] -- mon_subscribe({config=0+,monmap=0+}) -- 0x7f139010f030 con 0x7f139007cca0
2024-04-30T08:23:10.738 INFO:teuthology.orchestra.run.smithi032.stdout:/usr/bin/ceph: stderr
2024-04-30T08:23:03.505+0000 7f1394c00700 1 --2- 172.21.15.32:0/1982171590 >> [v2:172.21.15.32:3300/0,v1:172.21.15.32:6789/0] conn(0x7f139007cca0 0x7f139010e970 secure :-1 s=READY pgs=45 cs=0 l=1 rev1=1 crypto rx=0x7f13840098a0 tx=0x7f1384009bb0 comp rx=0 tx=0).ready entity=mon.0 client_cookie=4356d60a66a2488f server_cookie=0 in_seq=0 out_seq=0
2024-04-30T08:23:10.738 INFO:teuthology.orchestra.run.smithi032.stdout:/usr/bin/ceph: stderr
2024-04-30T08:23:03.505+0000 7f138f400700 1 -- 172.21.15.32:0/1982171590 <== mon.0 v2:172.21.15.32:3300/0 1 ==== mon_map magic: 0 ==== 205+0+0 (secure 0 0 0) 0x7f1384004160 con 0x7f139007cca0
2024-04-30T08:23:10.738 INFO:teuthology.orchestra.run.smithi032.stdout:/usr/bin/ceph: stderr
2024-04-30T08:23:03.506+0000 7f138f400700 1 -- 172.21.15.32:0/1982171590 <== mon.0 v2:172.21.15.32:3300/0 2 ==== config(26 keys) ==== 1070+0+0 (secure 0 0 0) 0x7f1384004300 con 0x7f139007cca0
2024-04-30T08:23:10.738 INFO:teuthology.orchestra.run.smithi032.stdout:/usr/bin/ceph: stderr
2024-04-30T08:23:03.506+0000 7f138f400700 1 -- 172.21.15.32:0/1982171590 <== mon.0 v2:172.21.15.32:3300/0 3 ==== mon_map magic: 0 ==== 205+0+0 (secure 0 0 0) 0x7f1384011af0 con 0x7f139007cca0
2024-04-30T08:23:10.738 INFO:teuthology.orchestra.run.smithi032.stdout:/usr/bin/ceph: stderr
2024-04-30T08:23:03.506+0000 7f1396000700 1 -- 172.21.15.32:0/1982171590 >> [v2:172.21.15.32:3300/0,v1:172.21.15.32:6789/0] conn(0x7f139007cca0 msgr2=0x7f139010e970 secure :-1 s=STATE_CONNECTION_ESTABLISHED l=1).mark_down
2024-04-30T08:23:10.738 INFO:teuthology.orchestra.run.smithi032.stdout:/usr/bin/ceph: stderr
2024-04-30T08:23:03.506+0000 7f1396000700 1 --2- 172.21.15.32:0/1982171590 >> [v2:172.21.15.32:3300/0,v1:172.21.15.32:6789/0] conn(0x7f139007cca0 0x7f139010e970 secure :-1 s=READY pgs=45 cs=0 l=1 rev1=1 crypto rx=0x7f13840098a0 tx=0x7f1384009bb0 comp rx=0 tx=0).stop
2024-04-30T08:23:10.739 INFO:teuthology.orchestra.run.smithi032.stdout:/usr/bin/ceph: stderr
2024-04-30T08:23:03.507+0000 7f1396000700 1 -- 172.21.15.32:0/1982171590 shutdown_connections
2024-04-30T08:23:10.739 INFO:teuthology.orchestra.run.smithi032.stdout:/usr/bin/ceph: stderr
2024-04-30T08:23:03.507+0000 7f1396000700 1 --2- 172.21.15.32:0/1982171590 >> [v2:172.21.15.32:3300/0,v1:172.21.15.32:6789/0] conn(0x7f139007cca0 0x7f139010e970 unknown :-1 s=CLOSED pgs=45 cs=0 l=1 rev1=1 crypto rx=0 tx=0 comp rx=0 tx=0).stop
2024-04-30T08:23:10.739 INFO:teuthology.orchestra.run.smithi032.stdout:/usr/bin/ceph: stderr
2024-04-30T08:23:03.507+0000 7f1396000700 1 -- 172.21.15.32:0/1982171590 >> 172.21.15.32:0/1982171590 conn(0x7f1390103fa0 msgr2=0x7f1390106410 unknown :-1 s=STATE_NONE l=0).mark_down
2024-04-30T08:23:10.739 INFO:teuthology.orchestra.run.smithi032.stdout:/usr/bin/ceph: stderr
2024-04-30T08:23:03.507+0000 7f1396000700 1 -- 172.21.15.32:0/1982171590 shutdown_connections
2024-04-30T08:23:10.739 INFO:teuthology.orchestra.run.smithi032.stdout:/usr/bin/ceph: stderr
2024-04-30T08:23:03.507+0000 7f1396000700 1 -- 172.21.15.32:0/1982171590 wait complete.
2024-04-30T08:23:10.739 INFO:teuthology.orchestra.run.smithi032.stdout:/usr/bin/ceph: stderr
2024-04-30T08:23:03.508+0000 7f1396000700 1 Processor -- start
2024-04-30T08:23:10.739 INFO:teuthology.orchestra.run.smithi032.stdout:/usr/bin/ceph: stderr
2024-04-30T08:23:03.508+0000 7f1396000700 1 -- start start
2024-04-30T08:23:10.739 INFO:teuthology.orchestra.run.smithi032.stdout:/usr/bin/ceph: stderr
2024-04-30T08:23:03.508+0000 7f1396000700 1 --2- >> [v2:172.21.15.32:3300/0,v1:172.21.15.32:6789/0] conn(0x7f139007cca0 0x7f139019ff40 unknown :-1 s=NONE pgs=0 cs=0 l=1 rev1=0 crypto rx=0 tx=0 comp rx=0 tx=0).connect
2024-04-30T08:23:10.739 INFO:teuthology.orchestra.run.smithi032.stdout:/usr/bin/ceph: stderr
2024-04-30T08:23:03.508+0000 7f1396000700 1 -- --> [v2:172.21.15.32:3300/0,v1:172.21.15.32:6789/0] -- mon_getmap magic: 0 -- 0x7f139010ff90 con 0x7f139007cca0
2024-04-30T08:23:10.739 INFO:teuthology.orchestra.run.smithi032.stdout:/usr/bin/ceph: stderr
2024-04-30T08:23:03.509+0000 7f1394c00700 1 --2- >> [v2:172.21.15.32:3300/0,v1:172.21.15.32:6789/0] conn(0x7f139007cca0 0x7f139019ff40 unknown :-1 s=BANNER_CONNECTING pgs=0 cs=0 l=1 rev1=0 crypto rx=0 tx=0 comp rx=0 tx=0)._handle_peer_banner_payload supported=3 required=0
2024-04-30T08:23:10.739 INFO:teuthology.orchestra.run.smithi032.stdout:/usr/bin/ceph: stderr
2024-04-30T08:23:03.509+0000 7f1394c00700 1 --2- >> [v2:172.21.15.32:3300/0,v1:172.21.15.32:6789/0] conn(0x7f139007cca0 0x7f139019ff40 unknown :-1 s=HELLO_CONNECTING pgs=0 cs=0 l=1 rev1=1 crypto rx=0 tx=0 comp rx=0 tx=0).handle_hello peer v2:172.21.15.32:3300/0 says I am v2:172.21.15.32:37824/0 (socket says 172.21.15.32:37824)
2024-04-30T08:23:10.739 INFO:teuthology.orchestra.run.smithi032.stdout:/usr/bin/ceph: stderr
2024-04-30T08:23:03.509+0000 7f1394c00700 1 -- 172.21.15.32:0/3523967701 learned_addr learned my addr 172.21.15.32:0/3523967701 (peer_addr_for_me v2:172.21.15.32:0/0)
2024-04-30T08:23:10.739 INFO:teuthology.orchestra.run.smithi032.stdout:/usr/bin/ceph: stderr
2024-04-30T08:23:03.509+0000 7f1394c00700 1 -- 172.21.15.32:0/3523967701 --> [v2:172.21.15.32:3300/0,v1:172.21.15.32:6789/0] -- mon_subscribe({config=0+,monmap=0+}) -- 0x7f13901a0480 con 0x7f139007cca0
2024-04-30T08:23:10.739 INFO:teuthology.orchestra.run.smithi032.stdout:/usr/bin/ceph: stderr
2024-04-30T08:23:03.510+0000 7f1394c00700 1 --2- 172.21.15.32:0/3523967701 >> [v2:172.21.15.32:3300/0,v1:172.21.15.32:6789/0] conn(0x7f139007cca0 0x7f139019ff40 secure :-1 s=READY pgs=46 cs=0 l=1 rev1=1 crypto rx=0x7f13840117b0 tx=0x7f1384011b70 comp rx=0 tx=0).ready entity=mon.0 client_cookie=0 server_cookie=0 in_seq=0 out_seq=0
2024-04-30T08:23:10.740 INFO:teuthology.orchestra.run.smithi032.stdout:/usr/bin/ceph: stderr
2024-04-30T08:23:03.510+0000 7f138d600700 1 -- 172.21.15.32:0/3523967701 <== mon.0 v2:172.21.15.32:3300/0 1 ==== mon_map magic: 0 ==== 205+0+0 (secure 0 0 0) 0x7f1384003af0 con 0x7f139007cca0
2024-04-30T08:23:10.740 INFO:teuthology.orchestra.run.smithi032.stdout:/usr/bin/ceph: stderr
2024-04-30T08:23:03.510+0000 7f138d600700 1 -- 172.21.15.32:0/3523967701 <== mon.0 v2:172.21.15.32:3300/0 2 ==== config(26 keys) ==== 1070+0+0 (secure 0 0 0) 0x7f1384020070 con 0x7f139007cca0
2024-04-30T08:23:10.740 INFO:teuthology.orchestra.run.smithi032.stdout:/usr/bin/ceph: stderr
2024-04-30T08:23:03.510+0000 7f138d600700 1 -- 172.21.15.32:0/3523967701 <== mon.0 v2:172.21.15.32:3300/0 3 ==== mon_map magic: 0 ==== 205+0+0 (secure 0 0 0) 0x7f1384019630 con 0x7f139007cca0
2024-04-30T08:23:10.740 INFO:teuthology.orchestra.run.smithi032.stdout:/usr/bin/ceph: stderr
2024-04-30T08:23:03.510+0000 7f1396000700 1 -- 172.21.15.32:0/3523967701 --> [v2:172.21.15.32:3300/0,v1:172.21.15.32:6789/0] -- mon_subscribe({mgrmap=0+}) -- 0x7f13901a0710 con 0x7f139007cca0
2024-04-30T08:23:10.740 INFO:teuthology.orchestra.run.smithi032.stdout:/usr/bin/ceph: stderr
2024-04-30T08:23:03.510+0000 7f1396000700 1 -- 172.21.15.32:0/3523967701 --> [v2:172.21.15.32:3300/0,v1:172.21.15.32:6789/0] -- mon_subscribe({osdmap=0}) -- 0x7f13901a3320 con 0x7f139007cca0
2024-04-30T08:23:10.740 INFO:teuthology.orchestra.run.smithi032.stdout:/usr/bin/ceph: stderr
2024-04-30T08:23:03.511+0000 7f1396000700 1 -- 172.21.15.32:0/3523967701 --> [v2:172.21.15.32:3300/0,v1:172.21.15.32:6789/0] -- mon_command({"prefix": "get_command_descriptions"} v 0) -- 0x7f1390064d70 con 0x7f139007cca0
2024-04-30T08:23:10.740 INFO:teuthology.orchestra.run.smithi032.stdout:/usr/bin/ceph: stderr
2024-04-30T08:23:03.511+0000 7f138d600700 1 -- 172.21.15.32:0/3523967701 <== mon.0 v2:172.21.15.32:3300/0 4 ==== mgrmap(e 8) ==== 49516+0+0 (secure 0 0 0) 0x7f138401a9c0 con 0x7f139007cca0
2024-04-30T08:23:10.741 INFO:teuthology.orchestra.run.smithi032.stdout:/usr/bin/ceph: stderr
2024-04-30T08:23:03.512+0000 7f138d600700 1 --2- 172.21.15.32:0/3523967701 >> [v2:172.21.15.32:6800/4019351306,v1:172.21.15.32:6801/4019351306] conn(0x7f137803d5c0 0x7f137803fad0 unknown :-1 s=NONE pgs=0 cs=0 l=1 rev1=0 crypto rx=0 tx=0 comp rx=0 tx=0).connect
2024-04-30T08:23:10.741 INFO:teuthology.orchestra.run.smithi032.stdout:/usr/bin/ceph: stderr
2024-04-30T08:23:03.512+0000 7f138d600700 1 -- 172.21.15.32:0/3523967701 <== mon.0 v2:172.21.15.32:3300/0 5 ==== osd_map(2..2 src has 1..2) ==== 940+0+0 (secure 0 0 0) 0x7f13840529a0 con 0x7f139007cca0
2024-04-30T08:23:10.741 INFO:teuthology.orchestra.run.smithi032.stdout:/usr/bin/ceph: stderr
2024-04-30T08:23:03.512+0000 7f138fe00700 1 --2- 172.21.15.32:0/3523967701 >> [v2:172.21.15.32:6800/4019351306,v1:172.21.15.32:6801/4019351306] conn(0x7f137803d5c0 0x7f137803fad0 unknown :-1 s=BANNER_CONNECTING pgs=0 cs=0 l=1 rev1=0 crypto rx=0 tx=0 comp rx=0 tx=0)._handle_peer_banner_payload supported=3 required=0
2024-04-30T08:23:10.741 INFO:teuthology.orchestra.run.smithi032.stdout:/usr/bin/ceph: stderr
2024-04-30T08:23:03.513+0000 7f138fe00700 1 --2- 172.21.15.32:0/3523967701 >> [v2:172.21.15.32:6800/4019351306,v1:172.21.15.32:6801/4019351306] conn(0x7f137803d5c0 0x7f137803fad0 secure :-1 s=READY pgs=11 cs=0 l=1 rev1=1 crypto rx=0x7f137c006fd0 tx=0x7f137c006e40 comp rx=0 tx=0).ready entity=mgr.14120 client_cookie=0 server_cookie=0 in_seq=0 out_seq=0
2024-04-30T08:23:10.741 INFO:teuthology.orchestra.run.smithi032.stdout:/usr/bin/ceph: stderr
2024-04-30T08:23:03.518+0000 7f138d600700 1 -- 172.21.15.32:0/3523967701 <== mon.0 v2:172.21.15.32:3300/0 6 ==== mon_command_ack([{"prefix": "get_command_descriptions"}]=0 v0) ==== 72+0+188370 (secure 0 0 0) 0x7f13840172b0 con 0x7f139007cca0
2024-04-30T08:23:10.741 INFO:teuthology.orchestra.run.smithi032.stdout:/usr/bin/ceph: stderr
2024-04-30T08:23:03.754+0000 7f1396000700 1 -- 172.21.15.32:0/3523967701 --> [v2:172.21.15.32:6800/4019351306,v1:172.21.15.32:6801/4019351306] -- mgr_command(tid 0: {"prefix": "orch host add", "hostname": "smithi032", "addr": "172.21.15.32", "target": ["mon-mgr", ""]}) -- 0x7f1390104f20 con 0x7f137803d5c0
2024-04-30T08:23:10.742 INFO:teuthology.orchestra.run.smithi032.stdout:/usr/bin/ceph: stderr
2024-04-30T08:23:10.004+0000 7f138d600700 1 -- 172.21.15.32:0/3523967701 <== mgr.14120 v2:172.21.15.32:6800/4019351306 1 ==== mgr_command_reply(tid 0: 0 ) ==== 8+0+48 (secure 0 0 0) 0x7f1390104f20 con 0x7f137803d5c0
2024-04-30T08:23:10.742 INFO:teuthology.orchestra.run.smithi032.stdout:/usr/bin/ceph: stderr
2024-04-30T08:23:10.008+0000 7f1396000700 1 -- 172.21.15.32:0/3523967701 >> [v2:172.21.15.32:6800/4019351306,v1:172.21.15.32:6801/4019351306] conn(0x7f137803d5c0 msgr2=0x7f137803fad0 secure :-1 s=STATE_CONNECTION_ESTABLISHED l=1).mark_down
2024-04-30T08:23:10.742 INFO:teuthology.orchestra.run.smithi032.stdout:/usr/bin/ceph: stderr
2024-04-30T08:23:10.008+0000 7f1396000700 1 --2- 172.21.15.32:0/3523967701 >> [v2:172.21.15.32:6800/4019351306,v1:172.21.15.32:6801/4019351306] conn(0x7f137803d5c0 0x7f137803fad0 secure :-1 s=READY pgs=11 cs=0 l=1 rev1=1 crypto rx=0x7f137c006fd0 tx=0x7f137c006e40 comp rx=0 tx=0).stop
2024-04-30T08:23:10.742 INFO:teuthology.orchestra.run.smithi032.stdout:/usr/bin/ceph: stderr
2024-04-30T08:23:10.008+0000 7f1396000700 1 -- 172.21.15.32:0/3523967701 >> [v2:172.21.15.32:3300/0,v1:172.21.15.32:6789/0] conn(0x7f139007cca0 msgr2=0x7f139019ff40 secure :-1 s=STATE_CONNECTION_ESTABLISHED l=1).mark_down
2024-04-30T08:23:10.742 INFO:teuthology.orchestra.run.smithi032.stdout:/usr/bin/ceph: stderr
2024-04-30T08:23:10.008+0000 7f1396000700 1 --2- 172.21.15.32:0/3523967701 >> [v2:172.21.15.32:3300/0,v1:172.21.15.32:6789/0] conn(0x7f139007cca0 0x7f139019ff40 secure :-1 s=READY pgs=46 cs=0 l=1 rev1=1 crypto rx=0x7f13840117b0 tx=0x7f1384011b70 comp rx=0 tx=0).stop
2024-04-30T08:23:10.742 INFO:teuthology.orchestra.run.smithi032.stdout:/usr/bin/ceph: stderr
2024-04-30T08:23:10.008+0000 7f1396000700 1 -- 172.21.15.32:0/3523967701 shutdown_connections
2024-04-30T08:23:10.743 INFO:teuthology.orchestra.run.smithi032.stdout:/usr/bin/ceph: stderr
2024-04-30T08:23:10.008+0000 7f1396000700 1 --2- 172.21.15.32:0/3523967701 >> [v2:172.21.15.32:6800/4019351306,v1:172.21.15.32:6801/4019351306] conn(0x7f137803d5c0 0x7f137803fad0 unknown :-1 s=CLOSED pgs=11 cs=0 l=1 rev1=1 crypto rx=0 tx=0 comp rx=0 tx=0).stop
2024-04-30T08:23:10.743 INFO:teuthology.orchestra.run.smithi032.stdout:/usr/bin/ceph: stderr
2024-04-30T08:23:10.008+0000 7f1396000700 1 --2- 172.21.15.32:0/3523967701 >> [v2:172.21.15.32:3300/0,v1:172.21.15.32:6789/0] conn(0x7f139007cca0 0x7f139019ff40 unknown :-1 s=CLOSED pgs=46 cs=0 l=1 rev1=1 crypto rx=0 tx=0 comp rx=0 tx=0).stop
2024-04-30T08:23:10.743 INFO:teuthology.orchestra.run.smithi032.stdout:/usr/bin/ceph: stderr
2024-04-30T08:23:10.008+0000 7f1396000700 1 -- 172.21.15.32:0/3523967701 >> 172.21.15.32:0/3523967701 conn(0x7f1390103fa0 msgr2=0x7f1390104810 unknown :-1 s=STATE_NONE l=0).mark_down
2024-04-30T08:23:10.743 INFO:teuthology.orchestra.run.smithi032.stdout:/usr/bin/ceph: stderr
2024-04-30T08:23:10.008+0000 7f1396000700 1 -- 172.21.15.32:0/3523967701 shutdown_connections
2024-04-30T08:23:10.743 INFO:teuthology.orchestra.run.smithi032.stdout:/usr/bin/ceph: stderr
2024-04-30T08:23:10.008+0000 7f1396000700 1 -- 172.21.15.32:0/3523967701 wait complete.
2024-04-30T08:23:10.743 INFO:teuthology.orchestra.run.smithi032.stdout:Deploying unmanaged mon service...
2024-04-30T08:23:11.380 INFO:journalctl@ceph.mon.a.smithi032.stdout:Apr 30 08:23:11 smithi032 ceph-mon[28331]: from='mgr.14120 172.21.15.32:0/1220014720' entity='mgr.x'
2024-04-30T08:23:11.380 INFO:journalctl@ceph.mon.a.smithi032.stdout:Apr 30 08:23:11 smithi032 ceph-mon[28331]: Added host smithi032
2024-04-30T08:23:11.381 INFO:journalctl@ceph.mon.a.smithi032.stdout:Apr 30 08:23:11 smithi032 ceph-mon[28331]: from='mgr.14120 172.21.15.32:0/1220014720' entity='mgr.x' cmd=[{"prefix": "config dump", "format": "json"}]: dispatch
2024-04-30T08:23:12.941 INFO:journalctl@ceph.mon.a.smithi032.stdout:Apr 30 08:23:12 smithi032 ceph-mon[28331]: from='client.14142 -' entity='client.admin' cmd=[{"prefix": "orch apply", "service_type": "mon", "unmanaged": true, "target": ["mon-mgr", ""]}]: dispatch
2024-04-30T08:23:12.941 INFO:journalctl@ceph.mon.a.smithi032.stdout:Apr 30 08:23:12 smithi032 ceph-mon[28331]: Saving service mon spec with placement count:5
2024-04-30T08:23:12.941 INFO:journalctl@ceph.mon.a.smithi032.stdout:Apr 30 08:23:12 smithi032 ceph-mon[28331]: from='mgr.14120 172.21.15.32:0/1220014720' entity='mgr.x'
2024-04-30T08:23:13.288 INFO:teuthology.orchestra.run.smithi032.stdout:/usr/bin/ceph: stdout Scheduled mon update...
2024-04-30T08:23:13.300 INFO:teuthology.orchestra.run.smithi032.stdout:/usr/bin/ceph: stderr
2024-04-30T08:23:11.487+0000 7f5d96000700 1 Processor -- start
2024-04-30T08:23:13.300 INFO:teuthology.orchestra.run.smithi032.stdout:/usr/bin/ceph: stderr
2024-04-30T08:23:11.488+0000 7f5d96000700 1 -- start start
2024-04-30T08:23:13.300 INFO:teuthology.orchestra.run.smithi032.stdout:/usr/bin/ceph: stderr
2024-04-30T08:23:11.488+0000 7f5d96000700 1 --2- >> [v2:172.21.15.32:3300/0,v1:172.21.15.32:6789/0] conn(0x7f5d90110160 0x7f5d90110590 unknown :-1 s=NONE pgs=0 cs=0 l=0 rev1=0 crypto rx=0 tx=0 comp rx=0 tx=0).connect
2024-04-30T08:23:13.300 INFO:teuthology.orchestra.run.smithi032.stdout:/usr/bin/ceph: stderr
2024-04-30T08:23:11.488+0000 7f5d96000700 1 -- --> [v2:172.21.15.32:3300/0,v1:172.21.15.32:6789/0] -- mon_getmap magic: 0 -- 0x7f5d90110ba0 con 0x7f5d90110160
2024-04-30T08:23:13.300 INFO:teuthology.orchestra.run.smithi032.stdout:/usr/bin/ceph: stderr
2024-04-30T08:23:11.489+0000 7f5d8f400700 1 --2- >> [v2:172.21.15.32:3300/0,v1:172.21.15.32:6789/0] conn(0x7f5d90110160 0x7f5d90110590 unknown :-1 s=BANNER_CONNECTING pgs=0 cs=0 l=0 rev1=0 crypto rx=0 tx=0 comp rx=0 tx=0)._handle_peer_banner_payload supported=3 required=0
2024-04-30T08:23:13.301 INFO:teuthology.orchestra.run.smithi032.stdout:/usr/bin/ceph: stderr
2024-04-30T08:23:11.489+0000 7f5d8f400700 1 --2- >> [v2:172.21.15.32:3300/0,v1:172.21.15.32:6789/0] conn(0x7f5d90110160 0x7f5d90110590 unknown :-1 s=HELLO_CONNECTING pgs=0 cs=0 l=0 rev1=1 crypto rx=0 tx=0 comp rx=0 tx=0).handle_hello peer v2:172.21.15.32:3300/0 says I am v2:172.21.15.32:52110/0 (socket says 172.21.15.32:52110)
2024-04-30T08:23:13.301 INFO:teuthology.orchestra.run.smithi032.stdout:/usr/bin/ceph: stderr
2024-04-30T08:23:11.489+0000 7f5d8f400700 1 -- 172.21.15.32:0/4229013238 learned_addr learned my addr 172.21.15.32:0/4229013238 (peer_addr_for_me v2:172.21.15.32:0/0)
2024-04-30T08:23:13.302 INFO:teuthology.orchestra.run.smithi032.stdout:/usr/bin/ceph: stderr
2024-04-30T08:23:11.489+0000 7f5d8f400700 1 -- 172.21.15.32:0/4229013238 --> [v2:172.21.15.32:3300/0,v1:172.21.15.32:6789/0] -- mon_subscribe({config=0+,monmap=0+}) -- 0x7f5d90111300 con 0x7f5d90110160
2024-04-30T08:23:13.303 INFO:teuthology.orchestra.run.smithi032.stdout:/usr/bin/ceph: stderr
2024-04-30T08:23:11.490+0000 7f5d8f400700 1 --2- 172.21.15.32:0/4229013238 >> [v2:172.21.15.32:3300/0,v1:172.21.15.32:6789/0] conn(0x7f5d90110160 0x7f5d90110590 secure :-1 s=READY pgs=47 cs=0 l=1 rev1=1 crypto rx=0x7f5d800098a0 tx=0x7f5d80009bb0 comp rx=0 tx=0).ready entity=mon.0 client_cookie=4131b13b460fb586 server_cookie=0 in_seq=0 out_seq=0
2024-04-30T08:23:13.303 INFO:teuthology.orchestra.run.smithi032.stdout:/usr/bin/ceph: stderr
2024-04-30T08:23:11.490+0000 7f5d8ea00700 1 -- 172.21.15.32:0/4229013238 <== mon.0 v2:172.21.15.32:3300/0 1 ==== mon_map magic: 0 ==== 205+0+0 (secure 0 0 0) 0x7f5d80004160 con 0x7f5d90110160
2024-04-30T08:23:13.303 INFO:teuthology.orchestra.run.smithi032.stdout:/usr/bin/ceph: stderr
2024-04-30T08:23:11.490+0000 7f5d8ea00700 1 -- 172.21.15.32:0/4229013238 <== mon.0 v2:172.21.15.32:3300/0 2 ==== config(26 keys) ==== 1070+0+0 (secure 0 0 0) 0x7f5d80004300 con 0x7f5d90110160
2024-04-30T08:23:13.303 INFO:teuthology.orchestra.run.smithi032.stdout:/usr/bin/ceph: stderr
2024-04-30T08:23:11.490+0000 7f5d8ea00700 1 -- 172.21.15.32:0/4229013238 <== mon.0 v2:172.21.15.32:3300/0 3 ==== mon_map magic: 0 ==== 205+0+0 (secure 0 0 0) 0x7f5d80011af0 con 0x7f5d90110160
2024-04-30T08:23:13.303 INFO:teuthology.orchestra.run.smithi032.stdout:/usr/bin/ceph: stderr
2024-04-30T08:23:11.491+0000 7f5d96000700 1 -- 172.21.15.32:0/4229013238 >> [v2:172.21.15.32:3300/0,v1:172.21.15.32:6789/0] conn(0x7f5d90110160 msgr2=0x7f5d90110590 secure :-1 s=STATE_CONNECTION_ESTABLISHED l=1).mark_down
2024-04-30T08:23:13.303 INFO:teuthology.orchestra.run.smithi032.stdout:/usr/bin/ceph: stderr
2024-04-30T08:23:11.491+0000 7f5d96000700 1 --2- 172.21.15.32:0/4229013238 >> [v2:172.21.15.32:3300/0,v1:172.21.15.32:6789/0] conn(0x7f5d90110160 0x7f5d90110590 secure :-1 s=READY pgs=47 cs=0 l=1 rev1=1 crypto rx=0x7f5d800098a0 tx=0x7f5d80009bb0 comp rx=0 tx=0).stop
2024-04-30T08:23:13.303 INFO:teuthology.orchestra.run.smithi032.stdout:/usr/bin/ceph: stderr
2024-04-30T08:23:11.491+0000 7f5d96000700 1 -- 172.21.15.32:0/4229013238 shutdown_connections
2024-04-30T08:23:13.303 INFO:teuthology.orchestra.run.smithi032.stdout:/usr/bin/ceph: stderr
2024-04-30T08:23:11.491+0000 7f5d96000700 1 --2- 172.21.15.32:0/4229013238 >> [v2:172.21.15.32:3300/0,v1:172.21.15.32:6789/0] conn(0x7f5d90110160 0x7f5d90110590 unknown :-1 s=CLOSED pgs=47 cs=0 l=1 rev1=1 crypto rx=0 tx=0 comp rx=0 tx=0).stop
2024-04-30T08:23:13.304 INFO:teuthology.orchestra.run.smithi032.stdout:/usr/bin/ceph: stderr
2024-04-30T08:23:11.491+0000 7f5d96000700 1 -- 172.21.15.32:0/4229013238 >> 172.21.15.32:0/4229013238 conn(0x7f5d9007f330 msgr2=0x7f5d900817e0 unknown :-1 s=STATE_NONE l=0).mark_down
2024-04-30T08:23:13.304 INFO:teuthology.orchestra.run.smithi032.stdout:/usr/bin/ceph: stderr
2024-04-30T08:23:11.491+0000 7f5d96000700 1 -- 172.21.15.32:0/4229013238 shutdown_connections
2024-04-30T08:23:13.304 INFO:teuthology.orchestra.run.smithi032.stdout:/usr/bin/ceph: stderr
2024-04-30T08:23:11.491+0000 7f5d96000700 1 -- 172.21.15.32:0/4229013238 wait complete.
2024-04-30T08:23:13.304 INFO:teuthology.orchestra.run.smithi032.stdout:/usr/bin/ceph: stderr
2024-04-30T08:23:11.492+0000 7f5d96000700 1 Processor -- start
2024-04-30T08:23:13.304 INFO:teuthology.orchestra.run.smithi032.stdout:/usr/bin/ceph: stderr
2024-04-30T08:23:11.492+0000 7f5d96000700 1 -- start start
2024-04-30T08:23:13.304 INFO:teuthology.orchestra.run.smithi032.stdout:/usr/bin/ceph: stderr
2024-04-30T08:23:11.493+0000 7f5d96000700 1 --2- >> [v2:172.21.15.32:3300/0,v1:172.21.15.32:6789/0] conn(0x7f5d90110160 0x7f5d901a44e0 unknown :-1 s=NONE pgs=0 cs=0 l=1 rev1=0 crypto rx=0 tx=0 comp rx=0 tx=0).connect
2024-04-30T08:23:13.304 INFO:teuthology.orchestra.run.smithi032.stdout:/usr/bin/ceph: stderr
2024-04-30T08:23:11.493+0000 7f5d96000700 1 -- --> [v2:172.21.15.32:3300/0,v1:172.21.15.32:6789/0] -- mon_getmap magic: 0 -- 0x7f5d901145c0 con 0x7f5d90110160
2024-04-30T08:23:13.305 INFO:teuthology.orchestra.run.smithi032.stdout:/usr/bin/ceph: stderr
2024-04-30T08:23:11.493+0000 7f5d8f400700 1 --2- >> [v2:172.21.15.32:3300/0,v1:172.21.15.32:6789/0] conn(0x7f5d90110160 0x7f5d901a44e0 unknown :-1 s=BANNER_CONNECTING pgs=0 cs=0 l=1 rev1=0 crypto rx=0 tx=0 comp rx=0 tx=0)._handle_peer_banner_payload supported=3 required=0
2024-04-30T08:23:13.305 INFO:teuthology.orchestra.run.smithi032.stdout:/usr/bin/ceph: stderr
2024-04-30T08:23:11.493+0000 7f5d8f400700 1 --2- >> [v2:172.21.15.32:3300/0,v1:172.21.15.32:6789/0] conn(0x7f5d90110160 0x7f5d901a44e0 unknown :-1 s=HELLO_CONNECTING pgs=0 cs=0 l=1 rev1=1 crypto rx=0 tx=0 comp rx=0 tx=0).handle_hello peer v2:172.21.15.32:3300/0 says I am v2:172.21.15.32:52116/0 (socket says 172.21.15.32:52116)
2024-04-30T08:23:13.305 INFO:teuthology.orchestra.run.smithi032.stdout:/usr/bin/ceph: stderr
2024-04-30T08:23:11.493+0000 7f5d8f400700 1 -- 172.21.15.32:0/2097690978 learned_addr learned my addr 172.21.15.32:0/2097690978 (peer_addr_for_me v2:172.21.15.32:0/0)
2024-04-30T08:23:13.305 INFO:teuthology.orchestra.run.smithi032.stdout:/usr/bin/ceph: stderr
2024-04-30T08:23:11.493+0000 7f5d8f400700 1 -- 172.21.15.32:0/2097690978 --> [v2:172.21.15.32:3300/0,v1:172.21.15.32:6789/0] -- mon_subscribe({config=0+,monmap=0+}) -- 0x7f5d901a4a20 con 0x7f5d90110160
2024-04-30T08:23:13.305 INFO:teuthology.orchestra.run.smithi032.stdout:/usr/bin/ceph: stderr
2024-04-30T08:23:11.494+0000 7f5d8f400700 1 --2- 172.21.15.32:0/2097690978 >> [v2:172.21.15.32:3300/0,v1:172.21.15.32:6789/0] conn(0x7f5d90110160 0x7f5d901a44e0 secure :-1 s=READY pgs=48 cs=0 l=1 rev1=1 crypto rx=0x7f5d80009fb0 tx=0x7f5d80011890 comp rx=0 tx=0).ready entity=mon.0 client_cookie=0 server_cookie=0 in_seq=0 out_seq=0
2024-04-30T08:23:13.305 INFO:teuthology.orchestra.run.smithi032.stdout:/usr/bin/ceph: stderr
2024-04-30T08:23:11.494+0000 7f5d8cc00700 1 -- 172.21.15.32:0/2097690978 <== mon.0 v2:172.21.15.32:3300/0 1 ==== mon_map magic: 0 ==== 205+0+0 (secure 0 0 0) 0x7f5d800036a0 con 0x7f5d90110160
2024-04-30T08:23:13.305 INFO:teuthology.orchestra.run.smithi032.stdout:/usr/bin/ceph: stderr
2024-04-30T08:23:11.494+0000 7f5d8cc00700 1 -- 172.21.15.32:0/2097690978 <== mon.0 v2:172.21.15.32:3300/0 2 ==== config(26 keys) ==== 1070+0+0 (secure 0 0 0) 0x7f5d80024440 con 0x7f5d90110160
2024-04-30T08:23:13.305 INFO:teuthology.orchestra.run.smithi032.stdout:/usr/bin/ceph: stderr
2024-04-30T08:23:11.494+0000 7f5d96000700 1 -- 172.21.15.32:0/2097690978 --> [v2:172.21.15.32:3300/0,v1:172.21.15.32:6789/0] -- mon_subscribe({mgrmap=0+}) -- 0x7f5d901a4cb0 con 0x7f5d90110160
2024-04-30T08:23:13.305 INFO:teuthology.orchestra.run.smithi032.stdout:/usr/bin/ceph: stderr
2024-04-30T08:23:11.494+0000 7f5d8cc00700 1 -- 172.21.15.32:0/2097690978 <== mon.0 v2:172.21.15.32:3300/0 3 ==== mon_map magic: 0 ==== 205+0+0 (secure 0 0 0) 0x7f5d8001a5c0 con 0x7f5d90110160
2024-04-30T08:23:13.306 INFO:teuthology.orchestra.run.smithi032.stdout:/usr/bin/ceph: stderr
2024-04-30T08:23:11.494+0000 7f5d96000700 1 -- 172.21.15.32:0/2097690978 --> [v2:172.21.15.32:3300/0,v1:172.21.15.32:6789/0] -- mon_subscribe({osdmap=0}) -- 0x7f5d901a78c0 con 0x7f5d90110160
2024-04-30T08:23:13.306 INFO:teuthology.orchestra.run.smithi032.stdout:/usr/bin/ceph: stderr
2024-04-30T08:23:11.496+0000 7f5d96000700 1 -- 172.21.15.32:0/2097690978 --> [v2:172.21.15.32:3300/0,v1:172.21.15.32:6789/0] -- mon_command({"prefix": "get_command_descriptions"} v 0) -- 0x7f5d90064d70 con 0x7f5d90110160
2024-04-30T08:23:13.306 INFO:teuthology.orchestra.run.smithi032.stdout:/usr/bin/ceph: stderr
2024-04-30T08:23:11.496+0000 7f5d8cc00700 1 -- 172.21.15.32:0/2097690978 <== mon.0 v2:172.21.15.32:3300/0 4 ==== mgrmap(e 8) ==== 49516+0+0 (secure 0 0 0) 0x7f5d8001a880 con 0x7f5d90110160
2024-04-30T08:23:13.306 INFO:teuthology.orchestra.run.smithi032.stdout:/usr/bin/ceph: stderr
2024-04-30T08:23:11.496+0000 7f5d8cc00700 1 --2- 172.21.15.32:0/2097690978 >> [v2:172.21.15.32:6800/4019351306,v1:172.21.15.32:6801/4019351306] conn(0x7f5d7403d520 0x7f5d7403fa30 unknown :-1 s=NONE pgs=0 cs=0 l=1 rev1=0 crypto rx=0 tx=0 comp rx=0 tx=0).connect
2024-04-30T08:23:13.306 INFO:teuthology.orchestra.run.smithi032.stdout:/usr/bin/ceph: stderr
2024-04-30T08:23:11.496+0000 7f5d8cc00700 1 -- 172.21.15.32:0/2097690978 <== mon.0 v2:172.21.15.32:3300/0 5 ==== osd_map(2..2 src has 1..2) ==== 940+0+0 (secure 0 0 0) 0x7f5d800526f0 con 0x7f5d90110160
2024-04-30T08:23:13.306 INFO:teuthology.orchestra.run.smithi032.stdout:/usr/bin/ceph: stderr
2024-04-30T08:23:11.496+0000 7f5d86a00700 1 --2- 172.21.15.32:0/2097690978 >> [v2:172.21.15.32:6800/4019351306,v1:172.21.15.32:6801/4019351306] conn(0x7f5d7403d520 0x7f5d7403fa30 unknown :-1 s=BANNER_CONNECTING pgs=0 cs=0 l=1 rev1=0 crypto rx=0 tx=0 comp rx=0 tx=0)._handle_peer_banner_payload supported=3 required=0
2024-04-30T08:23:13.306 INFO:teuthology.orchestra.run.smithi032.stdout:/usr/bin/ceph: stderr
2024-04-30T08:23:11.497+0000 7f5d86a00700 1 --2- 172.21.15.32:0/2097690978 >> [v2:172.21.15.32:6800/4019351306,v1:172.21.15.32:6801/4019351306] conn(0x7f5d7403d520 0x7f5d7403fa30 secure :-1 s=READY pgs=12 cs=0 l=1 rev1=1 crypto rx=0x7f5d78006fd0 tx=0x7f5d78006e40 comp rx=0 tx=0).ready entity=mgr.14120 client_cookie=0 server_cookie=0 in_seq=0 out_seq=0
2024-04-30T08:23:13.306 INFO:teuthology.orchestra.run.smithi032.stdout:/usr/bin/ceph: stderr
2024-04-30T08:23:11.502+0000 7f5d8cc00700 1 -- 172.21.15.32:0/2097690978 <== mon.0 v2:172.21.15.32:3300/0 6 ==== mon_command_ack([{"prefix": "get_command_descriptions"}]=0 v0) ==== 72+0+188370 (secure 0 0 0) 0x7f5d8002c350 con 0x7f5d90110160
2024-04-30T08:23:13.307 INFO:teuthology.orchestra.run.smithi032.stdout:/usr/bin/ceph: stderr
2024-04-30T08:23:11.758+0000 7f5d96000700 1 -- 172.21.15.32:0/2097690978 --> [v2:172.21.15.32:6800/4019351306,v1:172.21.15.32:6801/4019351306] -- mgr_command(tid 0: {"prefix": "orch apply", "service_type": "mon", "unmanaged": true, "target": ["mon-mgr", ""]}) -- 0x7f5d900803d0 con 0x7f5d7403d520
2024-04-30T08:23:13.307 INFO:teuthology.orchestra.run.smithi032.stdout:/usr/bin/ceph: stderr
2024-04-30T08:23:11.770+0000 7f5d8cc00700 1 -- 172.21.15.32:0/2097690978 <== mgr.14120 v2:172.21.15.32:6800/4019351306 1 ==== mgr_command_reply(tid 0: 0 ) ==== 8+0+24 (secure 0 0 0) 0x7f5d900803d0 con 0x7f5d7403d520
2024-04-30T08:23:13.307 INFO:teuthology.orchestra.run.smithi032.stdout:/usr/bin/ceph: stderr
2024-04-30T08:23:11.773+0000 7f5d96000700 1 -- 172.21.15.32:0/2097690978 >> [v2:172.21.15.32:6800/4019351306,v1:172.21.15.32:6801/4019351306] conn(0x7f5d7403d520 msgr2=0x7f5d7403fa30 secure :-1 s=STATE_CONNECTION_ESTABLISHED l=1).mark_down
2024-04-30T08:23:13.307 INFO:teuthology.orchestra.run.smithi032.stdout:/usr/bin/ceph: stderr
2024-04-30T08:23:11.773+0000 7f5d96000700 1 --2- 172.21.15.32:0/2097690978 >> [v2:172.21.15.32:6800/4019351306,v1:172.21.15.32:6801/4019351306] conn(0x7f5d7403d520 0x7f5d7403fa30 secure :-1 s=READY pgs=12 cs=0 l=1 rev1=1 crypto rx=0x7f5d78006fd0 tx=0x7f5d78006e40 comp rx=0 tx=0).stop
2024-04-30T08:23:13.307 INFO:teuthology.orchestra.run.smithi032.stdout:/usr/bin/ceph: stderr
