2024-04-30T08:23:11.773+0000 7f5d96000700 1 -- 172.21.15.32:0/2097690978 >> [v2:172.21.15.32:3300/0,v1:172.21.15.32:6789/0] conn(0x7f5d90110160 msgr2=0x7f5d901a44e0 secure :-1 s=STATE_CONNECTION_ESTABLISHED l=1).mark_down
2024-04-30T08:23:13.307 INFO:teuthology.orchestra.run.smithi032.stdout:/usr/bin/ceph: stderr
2024-04-30T08:23:11.773+0000 7f5d96000700 1 --2- 172.21.15.32:0/2097690978 >> [v2:172.21.15.32:3300/0,v1:172.21.15.32:6789/0] conn(0x7f5d90110160 0x7f5d901a44e0 secure :-1 s=READY pgs=48 cs=0 l=1 rev1=1 crypto rx=0x7f5d80009fb0 tx=0x7f5d80011890 comp rx=0 tx=0).stop
2024-04-30T08:23:13.307 INFO:teuthology.orchestra.run.smithi032.stdout:/usr/bin/ceph: stderr
2024-04-30T08:23:11.774+0000 7f5d96000700 1 -- 172.21.15.32:0/2097690978 shutdown_connections
2024-04-30T08:23:13.307 INFO:teuthology.orchestra.run.smithi032.stdout:/usr/bin/ceph: stderr
2024-04-30T08:23:11.774+0000 7f5d96000700 1 --2- 172.21.15.32:0/2097690978 >> [v2:172.21.15.32:6800/4019351306,v1:172.21.15.32:6801/4019351306] conn(0x7f5d7403d520 0x7f5d7403fa30 unknown :-1 s=CLOSED pgs=12 cs=0 l=1 rev1=1 crypto rx=0 tx=0 comp rx=0 tx=0).stop
2024-04-30T08:23:13.307 INFO:teuthology.orchestra.run.smithi032.stdout:/usr/bin/ceph: stderr
2024-04-30T08:23:11.774+0000 7f5d96000700 1 --2- 172.21.15.32:0/2097690978 >> [v2:172.21.15.32:3300/0,v1:172.21.15.32:6789/0] conn(0x7f5d90110160 0x7f5d901a44e0 unknown :-1 s=CLOSED pgs=48 cs=0 l=1 rev1=1 crypto rx=0 tx=0 comp rx=0 tx=0).stop
2024-04-30T08:23:13.308 INFO:teuthology.orchestra.run.smithi032.stdout:/usr/bin/ceph: stderr
2024-04-30T08:23:11.774+0000 7f5d96000700 1 -- 172.21.15.32:0/2097690978 >> 172.21.15.32:0/2097690978 conn(0x7f5d9007f330 msgr2=0x7f5d9007fc80 unknown :-1 s=STATE_NONE l=0).mark_down
2024-04-30T08:23:13.308 INFO:teuthology.orchestra.run.smithi032.stdout:/usr/bin/ceph: stderr
2024-04-30T08:23:11.774+0000 7f5d96000700 1 -- 172.21.15.32:0/2097690978 shutdown_connections
2024-04-30T08:23:13.308 INFO:teuthology.orchestra.run.smithi032.stdout:/usr/bin/ceph: stderr
2024-04-30T08:23:11.774+0000 7f5d96000700 1 -- 172.21.15.32:0/2097690978 wait complete.
2024-04-30T08:23:13.308 INFO:teuthology.orchestra.run.smithi032.stdout:Deploying unmanaged mgr service...
2024-04-30T08:23:14.321 INFO:journalctl@ceph.mon.a.smithi032.stdout:Apr 30 08:23:14 smithi032 ceph-mon[28331]: from='mgr.14120 172.21.15.32:0/1220014720' entity='mgr.x'
2024-04-30T08:23:14.321 INFO:journalctl@ceph.mon.a.smithi032.stdout:Apr 30 08:23:14 smithi032 ceph-mon[28331]: from='mgr.14120 172.21.15.32:0/1220014720' entity='mgr.x'
2024-04-30T08:23:15.017 INFO:teuthology.orchestra.run.smithi032.stdout:/usr/bin/ceph: stdout Scheduled mgr update...
2024-04-30T08:23:15.017 INFO:teuthology.orchestra.run.smithi032.stdout:/usr/bin/ceph: stderr
2024-04-30T08:23:14.050+0000 7f4caf200700 1 Processor -- start
2024-04-30T08:23:15.017 INFO:teuthology.orchestra.run.smithi032.stdout:/usr/bin/ceph: stderr
2024-04-30T08:23:14.050+0000 7f4caf200700 1 -- start start
2024-04-30T08:23:15.017 INFO:teuthology.orchestra.run.smithi032.stdout:/usr/bin/ceph: stderr
2024-04-30T08:23:14.050+0000 7f4caf200700 1 --2- >> [v2:172.21.15.32:3300/0,v1:172.21.15.32:6789/0] conn(0x7f4ca807ed40 0x7f4ca807d210 unknown :-1 s=NONE pgs=0 cs=0 l=0 rev1=0 crypto rx=0 tx=0 comp rx=0 tx=0).connect
2024-04-30T08:23:15.017 INFO:teuthology.orchestra.run.smithi032.stdout:/usr/bin/ceph: stderr
2024-04-30T08:23:14.050+0000 7f4caf200700 1 -- --> [v2:172.21.15.32:3300/0,v1:172.21.15.32:6789/0] -- mon_getmap magic: 0 -- 0x7f4ca807d750 con 0x7f4ca807ed40
2024-04-30T08:23:15.017 INFO:teuthology.orchestra.run.smithi032.stdout:/usr/bin/ceph: stderr
2024-04-30T08:23:14.051+0000 7f4ca7e00700 1 --2- >> [v2:172.21.15.32:3300/0,v1:172.21.15.32:6789/0] conn(0x7f4ca807ed40 0x7f4ca807d210 unknown :-1 s=BANNER_CONNECTING pgs=0 cs=0 l=0 rev1=0 crypto rx=0 tx=0 comp rx=0 tx=0)._handle_peer_banner_payload supported=3 required=0
2024-04-30T08:23:15.017 INFO:teuthology.orchestra.run.smithi032.stdout:/usr/bin/ceph: stderr
2024-04-30T08:23:14.051+0000 7f4ca7e00700 1 --2- >> [v2:172.21.15.32:3300/0,v1:172.21.15.32:6789/0] conn(0x7f4ca807ed40 0x7f4ca807d210 unknown :-1 s=HELLO_CONNECTING pgs=0 cs=0 l=0 rev1=1 crypto rx=0 tx=0 comp rx=0 tx=0).handle_hello peer v2:172.21.15.32:3300/0 says I am v2:172.21.15.32:52124/0 (socket says 172.21.15.32:52124)
2024-04-30T08:23:15.017 INFO:teuthology.orchestra.run.smithi032.stdout:/usr/bin/ceph: stderr
2024-04-30T08:23:14.051+0000 7f4ca7e00700 1 -- 172.21.15.32:0/912298199 learned_addr learned my addr 172.21.15.32:0/912298199 (peer_addr_for_me v2:172.21.15.32:0/0)
2024-04-30T08:23:15.017 INFO:teuthology.orchestra.run.smithi032.stdout:/usr/bin/ceph: stderr
2024-04-30T08:23:14.051+0000 7f4ca7e00700 1 -- 172.21.15.32:0/912298199 --> [v2:172.21.15.32:3300/0,v1:172.21.15.32:6789/0] -- mon_subscribe({config=0+,monmap=0+}) -- 0x7f4ca807d8d0 con 0x7f4ca807ed40
2024-04-30T08:23:15.017 INFO:teuthology.orchestra.run.smithi032.stdout:/usr/bin/ceph: stderr
2024-04-30T08:23:14.052+0000 7f4ca7e00700 1 --2- 172.21.15.32:0/912298199 >> [v2:172.21.15.32:3300/0,v1:172.21.15.32:6789/0] conn(0x7f4ca807ed40 0x7f4ca807d210 secure :-1 s=READY pgs=49 cs=0 l=1 rev1=1 crypto rx=0x7f4c980098a0 tx=0x7f4c98009bb0 comp rx=0 tx=0).ready entity=mon.0 client_cookie=73f6e4745c47665f server_cookie=0 in_seq=0 out_seq=0
2024-04-30T08:23:15.017 INFO:teuthology.orchestra.run.smithi032.stdout:/usr/bin/ceph: stderr
2024-04-30T08:23:14.052+0000 7f4ca6a00700 1 -- 172.21.15.32:0/912298199 <== mon.0 v2:172.21.15.32:3300/0 1 ==== mon_map magic: 0 ==== 205+0+0 (secure 0 0 0) 0x7f4c98004160 con 0x7f4ca807ed40
2024-04-30T08:23:15.018 INFO:teuthology.orchestra.run.smithi032.stdout:/usr/bin/ceph: stderr
2024-04-30T08:23:14.052+0000 7f4ca6a00700 1 -- 172.21.15.32:0/912298199 <== mon.0 v2:172.21.15.32:3300/0 2 ==== config(26 keys) ==== 1101+0+0 (secure 0 0 0) 0x7f4c98004300 con 0x7f4ca807ed40
2024-04-30T08:23:15.018 INFO:teuthology.orchestra.run.smithi032.stdout:/usr/bin/ceph: stderr
2024-04-30T08:23:14.052+0000 7f4ca6a00700 1 -- 172.21.15.32:0/912298199 <== mon.0 v2:172.21.15.32:3300/0 3 ==== mon_map magic: 0 ==== 205+0+0 (secure 0 0 0) 0x7f4c98011a20 con 0x7f4ca807ed40
2024-04-30T08:23:15.018 INFO:teuthology.orchestra.run.smithi032.stdout:/usr/bin/ceph: stderr
2024-04-30T08:23:14.053+0000 7f4caf200700 1 -- 172.21.15.32:0/912298199 >> [v2:172.21.15.32:3300/0,v1:172.21.15.32:6789/0] conn(0x7f4ca807ed40 msgr2=0x7f4ca807d210 secure :-1 s=STATE_CONNECTION_ESTABLISHED l=1).mark_down
2024-04-30T08:23:15.018 INFO:teuthology.orchestra.run.smithi032.stdout:/usr/bin/ceph: stderr
2024-04-30T08:23:14.053+0000 7f4caf200700 1 --2- 172.21.15.32:0/912298199 >> [v2:172.21.15.32:3300/0,v1:172.21.15.32:6789/0] conn(0x7f4ca807ed40 0x7f4ca807d210 secure :-1 s=READY pgs=49 cs=0 l=1 rev1=1 crypto rx=0x7f4c980098a0 tx=0x7f4c98009bb0 comp rx=0 tx=0).stop
2024-04-30T08:23:15.018 INFO:teuthology.orchestra.run.smithi032.stdout:/usr/bin/ceph: stderr
2024-04-30T08:23:14.053+0000 7f4caf200700 1 -- 172.21.15.32:0/912298199 shutdown_connections
2024-04-30T08:23:15.018 INFO:teuthology.orchestra.run.smithi032.stdout:/usr/bin/ceph: stderr
2024-04-30T08:23:14.053+0000 7f4caf200700 1 --2- 172.21.15.32:0/912298199 >> [v2:172.21.15.32:3300/0,v1:172.21.15.32:6789/0] conn(0x7f4ca807ed40 0x7f4ca807d210 unknown :-1 s=CLOSED pgs=49 cs=0 l=1 rev1=1 crypto rx=0 tx=0 comp rx=0 tx=0).stop
2024-04-30T08:23:15.018 INFO:teuthology.orchestra.run.smithi032.stdout:/usr/bin/ceph: stderr
2024-04-30T08:23:14.053+0000 7f4caf200700 1 -- 172.21.15.32:0/912298199 >> 172.21.15.32:0/912298199 conn(0x7f4ca8105350 msgr2=0x7f4ca81077a0 unknown :-1 s=STATE_NONE l=0).mark_down
2024-04-30T08:23:15.018 INFO:teuthology.orchestra.run.smithi032.stdout:/usr/bin/ceph: stderr
2024-04-30T08:23:14.054+0000 7f4caf200700 1 -- 172.21.15.32:0/912298199 shutdown_connections
2024-04-30T08:23:15.018 INFO:teuthology.orchestra.run.smithi032.stdout:/usr/bin/ceph: stderr
2024-04-30T08:23:14.054+0000 7f4caf200700 1 -- 172.21.15.32:0/912298199 wait complete.
2024-04-30T08:23:15.018 INFO:teuthology.orchestra.run.smithi032.stdout:/usr/bin/ceph: stderr
2024-04-30T08:23:14.055+0000 7f4caf200700 1 Processor -- start
2024-04-30T08:23:15.018 INFO:teuthology.orchestra.run.smithi032.stdout:/usr/bin/ceph: stderr
2024-04-30T08:23:14.055+0000 7f4caf200700 1 -- start start
2024-04-30T08:23:15.018 INFO:teuthology.orchestra.run.smithi032.stdout:/usr/bin/ceph: stderr
2024-04-30T08:23:14.056+0000 7f4caf200700 1 --2- >> [v2:172.21.15.32:3300/0,v1:172.21.15.32:6789/0] conn(0x7f4ca807ed40 0x7f4ca81a0180 unknown :-1 s=NONE pgs=0 cs=0 l=1 rev1=0 crypto rx=0 tx=0 comp rx=0 tx=0).connect
2024-04-30T08:23:15.019 INFO:teuthology.orchestra.run.smithi032.stdout:/usr/bin/ceph: stderr
2024-04-30T08:23:14.056+0000 7f4caf200700 1 -- --> [v2:172.21.15.32:3300/0,v1:172.21.15.32:6789/0] -- mon_getmap magic: 0 -- 0x7f4ca8110230 con 0x7f4ca807ed40
2024-04-30T08:23:15.019 INFO:teuthology.orchestra.run.smithi032.stdout:/usr/bin/ceph: stderr
2024-04-30T08:23:14.056+0000 7f4ca7e00700 1 --2- >> [v2:172.21.15.32:3300/0,v1:172.21.15.32:6789/0] conn(0x7f4ca807ed40 0x7f4ca81a0180 unknown :-1 s=BANNER_CONNECTING pgs=0 cs=0 l=1 rev1=0 crypto rx=0 tx=0 comp rx=0 tx=0)._handle_peer_banner_payload supported=3 required=0
2024-04-30T08:23:15.019 INFO:teuthology.orchestra.run.smithi032.stdout:/usr/bin/ceph: stderr
2024-04-30T08:23:14.056+0000 7f4ca7e00700 1 --2- >> [v2:172.21.15.32:3300/0,v1:172.21.15.32:6789/0] conn(0x7f4ca807ed40 0x7f4ca81a0180 unknown :-1 s=HELLO_CONNECTING pgs=0 cs=0 l=1 rev1=1 crypto rx=0 tx=0 comp rx=0 tx=0).handle_hello peer v2:172.21.15.32:3300/0 says I am v2:172.21.15.32:52130/0 (socket says 172.21.15.32:52130)
2024-04-30T08:23:15.019 INFO:teuthology.orchestra.run.smithi032.stdout:/usr/bin/ceph: stderr
2024-04-30T08:23:14.056+0000 7f4ca7e00700 1 -- 172.21.15.32:0/128229713 learned_addr learned my addr 172.21.15.32:0/128229713 (peer_addr_for_me v2:172.21.15.32:0/0)
2024-04-30T08:23:15.019 INFO:teuthology.orchestra.run.smithi032.stdout:/usr/bin/ceph: stderr
2024-04-30T08:23:14.057+0000 7f4ca7e00700 1 -- 172.21.15.32:0/128229713 --> [v2:172.21.15.32:3300/0,v1:172.21.15.32:6789/0] -- mon_subscribe({config=0+,monmap=0+}) -- 0x7f4ca81a06c0 con 0x7f4ca807ed40
2024-04-30T08:23:15.019 INFO:teuthology.orchestra.run.smithi032.stdout:/usr/bin/ceph: stderr
2024-04-30T08:23:14.057+0000 7f4ca7e00700 1 --2- 172.21.15.32:0/128229713 >> [v2:172.21.15.32:3300/0,v1:172.21.15.32:6789/0] conn(0x7f4ca807ed40 0x7f4ca81a0180 secure :-1 s=READY pgs=50 cs=0 l=1 rev1=1 crypto rx=0x7f4c98004660 tx=0x7f4c98011aa0 comp rx=0 tx=0).ready entity=mon.0 client_cookie=0 server_cookie=0 in_seq=0 out_seq=0
2024-04-30T08:23:15.019 INFO:teuthology.orchestra.run.smithi032.stdout:/usr/bin/ceph: stderr
2024-04-30T08:23:14.058+0000 7f4ca4c00700 1 -- 172.21.15.32:0/128229713 <== mon.0 v2:172.21.15.32:3300/0 1 ==== mon_map magic: 0 ==== 205+0+0 (secure 0 0 0) 0x7f4c98003a60 con 0x7f4ca807ed40
2024-04-30T08:23:15.019 INFO:teuthology.orchestra.run.smithi032.stdout:/usr/bin/ceph: stderr
2024-04-30T08:23:14.058+0000 7f4ca4c00700 1 -- 172.21.15.32:0/128229713 <== mon.0 v2:172.21.15.32:3300/0 2 ==== config(26 keys) ==== 1101+0+0 (secure 0 0 0) 0x7f4c9801b8f0 con 0x7f4ca807ed40
2024-04-30T08:23:15.019 INFO:teuthology.orchestra.run.smithi032.stdout:/usr/bin/ceph: stderr
2024-04-30T08:23:14.058+0000 7f4caf200700 1 -- 172.21.15.32:0/128229713 --> [v2:172.21.15.32:3300/0,v1:172.21.15.32:6789/0] -- mon_subscribe({mgrmap=0+}) -- 0x7f4ca81a0950 con 0x7f4ca807ed40
2024-04-30T08:23:15.019 INFO:teuthology.orchestra.run.smithi032.stdout:/usr/bin/ceph: stderr
2024-04-30T08:23:14.058+0000 7f4ca4c00700 1 -- 172.21.15.32:0/128229713 <== mon.0 v2:172.21.15.32:3300/0 3 ==== mon_map magic: 0 ==== 205+0+0 (secure 0 0 0) 0x7f4c98023890 con 0x7f4ca807ed40
2024-04-30T08:23:15.019 INFO:teuthology.orchestra.run.smithi032.stdout:/usr/bin/ceph: stderr
2024-04-30T08:23:14.058+0000 7f4caf200700 1 -- 172.21.15.32:0/128229713 --> [v2:172.21.15.32:3300/0,v1:172.21.15.32:6789/0] -- mon_subscribe({osdmap=0}) -- 0x7f4ca81a3560 con 0x7f4ca807ed40
2024-04-30T08:23:15.019 INFO:teuthology.orchestra.run.smithi032.stdout:/usr/bin/ceph: stderr
2024-04-30T08:23:14.060+0000 7f4caf200700 1 -- 172.21.15.32:0/128229713 --> [v2:172.21.15.32:3300/0,v1:172.21.15.32:6789/0] -- mon_command({"prefix": "get_command_descriptions"} v 0) -- 0x7f4ca8064d70 con 0x7f4ca807ed40
2024-04-30T08:23:15.019 INFO:teuthology.orchestra.run.smithi032.stdout:/usr/bin/ceph: stderr
2024-04-30T08:23:14.060+0000 7f4ca4c00700 1 -- 172.21.15.32:0/128229713 <== mon.0 v2:172.21.15.32:3300/0 4 ==== mgrmap(e 8) ==== 49516+0+0 (secure 0 0 0) 0x7f4c9802c3f0 con 0x7f4ca807ed40
2024-04-30T08:23:15.019 INFO:teuthology.orchestra.run.smithi032.stdout:/usr/bin/ceph: stderr
2024-04-30T08:23:14.061+0000 7f4ca4c00700 1 --2- 172.21.15.32:0/128229713 >> [v2:172.21.15.32:6800/4019351306,v1:172.21.15.32:6801/4019351306] conn(0x7f4c8c03d570 0x7f4c8c03fa80 unknown :-1 s=NONE pgs=0 cs=0 l=1 rev1=0 crypto rx=0 tx=0 comp rx=0 tx=0).connect
2024-04-30T08:23:15.020 INFO:teuthology.orchestra.run.smithi032.stdout:/usr/bin/ceph: stderr
2024-04-30T08:23:14.061+0000 7f4ca4c00700 1 -- 172.21.15.32:0/128229713 <== mon.0 v2:172.21.15.32:3300/0 5 ==== osd_map(2..2 src has 1..2) ==== 940+0+0 (secure 0 0 0) 0x7f4c98052d40 con 0x7f4ca807ed40
2024-04-30T08:23:15.020 INFO:teuthology.orchestra.run.smithi032.stdout:/usr/bin/ceph: stderr
2024-04-30T08:23:14.061+0000 7f4ca7400700 1 --2- 172.21.15.32:0/128229713 >> [v2:172.21.15.32:6800/4019351306,v1:172.21.15.32:6801/4019351306] conn(0x7f4c8c03d570 0x7f4c8c03fa80 unknown :-1 s=BANNER_CONNECTING pgs=0 cs=0 l=1 rev1=0 crypto rx=0 tx=0 comp rx=0 tx=0)._handle_peer_banner_payload supported=3 required=0
2024-04-30T08:23:15.020 INFO:teuthology.orchestra.run.smithi032.stdout:/usr/bin/ceph: stderr
2024-04-30T08:23:14.062+0000 7f4ca7400700 1 --2- 172.21.15.32:0/128229713 >> [v2:172.21.15.32:6800/4019351306,v1:172.21.15.32:6801/4019351306] conn(0x7f4c8c03d570 0x7f4c8c03fa80 secure :-1 s=READY pgs=13 cs=0 l=1 rev1=1 crypto rx=0x7f4c94006fd0 tx=0x7f4c94006e40 comp rx=0 tx=0).ready entity=mgr.14120 client_cookie=0 server_cookie=0 in_seq=0 out_seq=0
2024-04-30T08:23:15.020 INFO:teuthology.orchestra.run.smithi032.stdout:/usr/bin/ceph: stderr
2024-04-30T08:23:14.067+0000 7f4ca4c00700 1 -- 172.21.15.32:0/128229713 <== mon.0 v2:172.21.15.32:3300/0 6 ==== mon_command_ack([{"prefix": "get_command_descriptions"}]=0 v0) ==== 72+0+188370 (secure 0 0 0) 0x7f4c9801f030 con 0x7f4ca807ed40
2024-04-30T08:23:15.020 INFO:teuthology.orchestra.run.smithi032.stdout:/usr/bin/ceph: stderr
2024-04-30T08:23:14.319+0000 7f4caf200700 1 -- 172.21.15.32:0/128229713 --> [v2:172.21.15.32:6800/4019351306,v1:172.21.15.32:6801/4019351306] -- mgr_command(tid 0: {"prefix": "orch apply", "service_type": "mgr", "unmanaged": true, "target": ["mon-mgr", ""]}) -- 0x7f4ca81a37f0 con 0x7f4c8c03d570
2024-04-30T08:23:15.020 INFO:teuthology.orchestra.run.smithi032.stdout:/usr/bin/ceph: stderr
2024-04-30T08:23:14.329+0000 7f4ca4c00700 1 -- 172.21.15.32:0/128229713 <== mgr.14120 v2:172.21.15.32:6800/4019351306 1 ==== mgr_command_reply(tid 0: 0 ) ==== 8+0+24 (secure 0 0 0) 0x7f4ca81a37f0 con 0x7f4c8c03d570
2024-04-30T08:23:15.020 INFO:teuthology.orchestra.run.smithi032.stdout:/usr/bin/ceph: stderr
2024-04-30T08:23:14.332+0000 7f4caf200700 1 -- 172.21.15.32:0/128229713 >> [v2:172.21.15.32:6800/4019351306,v1:172.21.15.32:6801/4019351306] conn(0x7f4c8c03d570 msgr2=0x7f4c8c03fa80 secure :-1 s=STATE_CONNECTION_ESTABLISHED l=1).mark_down
2024-04-30T08:23:15.020 INFO:teuthology.orchestra.run.smithi032.stdout:/usr/bin/ceph: stderr
2024-04-30T08:23:14.332+0000 7f4caf200700 1 --2- 172.21.15.32:0/128229713 >> [v2:172.21.15.32:6800/4019351306,v1:172.21.15.32:6801/4019351306] conn(0x7f4c8c03d570 0x7f4c8c03fa80 secure :-1 s=READY pgs=13 cs=0 l=1 rev1=1 crypto rx=0x7f4c94006fd0 tx=0x7f4c94006e40 comp rx=0 tx=0).stop
2024-04-30T08:23:15.020 INFO:teuthology.orchestra.run.smithi032.stdout:/usr/bin/ceph: stderr
2024-04-30T08:23:14.332+0000 7f4caf200700 1 -- 172.21.15.32:0/128229713 >> [v2:172.21.15.32:3300/0,v1:172.21.15.32:6789/0] conn(0x7f4ca807ed40 msgr2=0x7f4ca81a0180 secure :-1 s=STATE_CONNECTION_ESTABLISHED l=1).mark_down
2024-04-30T08:23:15.020 INFO:teuthology.orchestra.run.smithi032.stdout:/usr/bin/ceph: stderr
2024-04-30T08:23:14.332+0000 7f4caf200700 1 --2- 172.21.15.32:0/128229713 >> [v2:172.21.15.32:3300/0,v1:172.21.15.32:6789/0] conn(0x7f4ca807ed40 0x7f4ca81a0180 secure :-1 s=READY pgs=50 cs=0 l=1 rev1=1 crypto rx=0x7f4c98004660 tx=0x7f4c98011aa0 comp rx=0 tx=0).stop
2024-04-30T08:23:15.020 INFO:teuthology.orchestra.run.smithi032.stdout:/usr/bin/ceph: stderr
2024-04-30T08:23:14.332+0000 7f4caf200700 1 -- 172.21.15.32:0/128229713 shutdown_connections
2024-04-30T08:23:15.020 INFO:teuthology.orchestra.run.smithi032.stdout:/usr/bin/ceph: stderr
2024-04-30T08:23:14.332+0000 7f4caf200700 1 --2- 172.21.15.32:0/128229713 >> [v2:172.21.15.32:6800/4019351306,v1:172.21.15.32:6801/4019351306] conn(0x7f4c8c03d570 0x7f4c8c03fa80 unknown :-1 s=CLOSED pgs=13 cs=0 l=1 rev1=1 crypto rx=0 tx=0 comp rx=0 tx=0).stop
2024-04-30T08:23:15.020 INFO:teuthology.orchestra.run.smithi032.stdout:/usr/bin/ceph: stderr
2024-04-30T08:23:14.332+0000 7f4caf200700 1 --2- 172.21.15.32:0/128229713 >> [v2:172.21.15.32:3300/0,v1:172.21.15.32:6789/0] conn(0x7f4ca807ed40 0x7f4ca81a0180 unknown :-1 s=CLOSED pgs=50 cs=0 l=1 rev1=1 crypto rx=0 tx=0 comp rx=0 tx=0).stop
2024-04-30T08:23:15.021 INFO:teuthology.orchestra.run.smithi032.stdout:/usr/bin/ceph: stderr
2024-04-30T08:23:14.332+0000 7f4caf200700 1 -- 172.21.15.32:0/128229713 >> 172.21.15.32:0/128229713 conn(0x7f4ca8105350 msgr2=0x7f4ca8105c10 unknown :-1 s=STATE_NONE l=0).mark_down
2024-04-30T08:23:15.021 INFO:teuthology.orchestra.run.smithi032.stdout:/usr/bin/ceph: stderr
2024-04-30T08:23:14.333+0000 7f4caf200700 1 -- 172.21.15.32:0/128229713 shutdown_connections
2024-04-30T08:23:15.021 INFO:teuthology.orchestra.run.smithi032.stdout:/usr/bin/ceph: stderr
2024-04-30T08:23:14.333+0000 7f4caf200700 1 -- 172.21.15.32:0/128229713 wait complete.
2024-04-30T08:23:15.690 INFO:journalctl@ceph.mon.a.smithi032.stdout:Apr 30 08:23:15 smithi032 ceph-mon[28331]: pgmap v3: 0 pgs: ; 0 B data, 0 B used, 0 B / 0 B avail
2024-04-30T08:23:15.691 INFO:journalctl@ceph.mon.a.smithi032.stdout:Apr 30 08:23:15 smithi032 ceph-mon[28331]: from='client.14144 -' entity='client.admin' cmd=[{"prefix": "orch apply", "service_type": "mgr", "unmanaged": true, "target": ["mon-mgr", ""]}]: dispatch
2024-04-30T08:23:15.691 INFO:journalctl@ceph.mon.a.smithi032.stdout:Apr 30 08:23:15 smithi032 ceph-mon[28331]: Saving service mgr spec with placement count:2
2024-04-30T08:23:15.691 INFO:journalctl@ceph.mon.a.smithi032.stdout:Apr 30 08:23:15 smithi032 ceph-mon[28331]: from='mgr.14120 172.21.15.32:0/1220014720' entity='mgr.x'
2024-04-30T08:23:16.921 INFO:teuthology.orchestra.run.smithi032.stdout:/usr/bin/ceph: stderr
2024-04-30T08:23:15.729+0000 7f3198e00700 1 Processor -- start
2024-04-30T08:23:16.922 INFO:teuthology.orchestra.run.smithi032.stdout:/usr/bin/ceph: stderr
2024-04-30T08:23:15.729+0000 7f3198e00700 1 -- start start
2024-04-30T08:23:16.922 INFO:teuthology.orchestra.run.smithi032.stdout:/usr/bin/ceph: stderr
2024-04-30T08:23:15.730+0000 7f3198e00700 1 --2- >> [v2:172.21.15.32:3300/0,v1:172.21.15.32:6789/0] conn(0x7f3194109bf0 0x7f319410a000 unknown :-1 s=NONE pgs=0 cs=0 l=0 rev1=0 crypto rx=0 tx=0 comp rx=0 tx=0).connect
2024-04-30T08:23:16.922 INFO:teuthology.orchestra.run.smithi032.stdout:/usr/bin/ceph: stderr
2024-04-30T08:23:15.730+0000 7f3198e00700 1 -- --> [v2:172.21.15.32:3300/0,v1:172.21.15.32:6789/0] -- mon_getmap magic: 0 -- 0x7f319410a5f0 con 0x7f3194109bf0
2024-04-30T08:23:16.922 INFO:teuthology.orchestra.run.smithi032.stdout:/usr/bin/ceph: stderr
2024-04-30T08:23:15.730+0000 7f3191e00700 1 --2- >> [v2:172.21.15.32:3300/0,v1:172.21.15.32:6789/0] conn(0x7f3194109bf0 0x7f319410a000 unknown :-1 s=BANNER_CONNECTING pgs=0 cs=0 l=0 rev1=0 crypto rx=0 tx=0 comp rx=0 tx=0)._handle_peer_banner_payload supported=3 required=0
2024-04-30T08:23:16.922 INFO:teuthology.orchestra.run.smithi032.stdout:/usr/bin/ceph: stderr
2024-04-30T08:23:15.730+0000 7f3191e00700 1 --2- >> [v2:172.21.15.32:3300/0,v1:172.21.15.32:6789/0] conn(0x7f3194109bf0 0x7f319410a000 unknown :-1 s=HELLO_CONNECTING pgs=0 cs=0 l=0 rev1=1 crypto rx=0 tx=0 comp rx=0 tx=0).handle_hello peer v2:172.21.15.32:3300/0 says I am v2:172.21.15.32:52138/0 (socket says 172.21.15.32:52138)
2024-04-30T08:23:16.922 INFO:teuthology.orchestra.run.smithi032.stdout:/usr/bin/ceph: stderr
2024-04-30T08:23:15.730+0000 7f3191e00700 1 -- 172.21.15.32:0/3117073045 learned_addr learned my addr 172.21.15.32:0/3117073045 (peer_addr_for_me v2:172.21.15.32:0/0)
2024-04-30T08:23:16.922 INFO:teuthology.orchestra.run.smithi032.stdout:/usr/bin/ceph: stderr
2024-04-30T08:23:15.731+0000 7f3191e00700 1 -- 172.21.15.32:0/3117073045 --> [v2:172.21.15.32:3300/0,v1:172.21.15.32:6789/0] -- mon_subscribe({config=0+,monmap=0+}) -- 0x7f319410ad20 con 0x7f3194109bf0
2024-04-30T08:23:16.922 INFO:teuthology.orchestra.run.smithi032.stdout:/usr/bin/ceph: stderr
2024-04-30T08:23:15.731+0000 7f3191e00700 1 --2- 172.21.15.32:0/3117073045 >> [v2:172.21.15.32:3300/0,v1:172.21.15.32:6789/0] conn(0x7f3194109bf0 0x7f319410a000 secure :-1 s=READY pgs=51 cs=0 l=1 rev1=1 crypto rx=0x7f31840098a0 tx=0x7f3184009bb0 comp rx=0 tx=0).ready entity=mon.0 client_cookie=483dddea0a723457 server_cookie=0 in_seq=0 out_seq=0
2024-04-30T08:23:16.922 INFO:teuthology.orchestra.run.smithi032.stdout:/usr/bin/ceph: stderr
2024-04-30T08:23:15.731+0000 7f3190a00700 1 -- 172.21.15.32:0/3117073045 <== mon.0 v2:172.21.15.32:3300/0 1 ==== mon_map magic: 0 ==== 205+0+0 (secure 0 0 0) 0x7f3184004160 con 0x7f3194109bf0
2024-04-30T08:23:16.922 INFO:teuthology.orchestra.run.smithi032.stdout:/usr/bin/ceph: stderr
2024-04-30T08:23:15.731+0000 7f3190a00700 1 -- 172.21.15.32:0/3117073045 <== mon.0 v2:172.21.15.32:3300/0 2 ==== config(26 keys) ==== 1101+0+0 (secure 0 0 0) 0x7f3184004300 con 0x7f3194109bf0
2024-04-30T08:23:16.922 INFO:teuthology.orchestra.run.smithi032.stdout:/usr/bin/ceph: stderr
2024-04-30T08:23:15.731+0000 7f3190a00700 1 -- 172.21.15.32:0/3117073045 <== mon.0 v2:172.21.15.32:3300/0 3 ==== mon_map magic: 0 ==== 205+0+0 (secure 0 0 0) 0x7f3184011a20 con 0x7f3194109bf0
2024-04-30T08:23:16.923 INFO:teuthology.orchestra.run.smithi032.stdout:/usr/bin/ceph: stderr
2024-04-30T08:23:15.732+0000 7f3198e00700 1 -- 172.21.15.32:0/3117073045 >> [v2:172.21.15.32:3300/0,v1:172.21.15.32:6789/0] conn(0x7f3194109bf0 msgr2=0x7f319410a000 secure :-1 s=STATE_CONNECTION_ESTABLISHED l=1).mark_down
2024-04-30T08:23:16.923 INFO:teuthology.orchestra.run.smithi032.stdout:/usr/bin/ceph: stderr
2024-04-30T08:23:15.732+0000 7f3198e00700 1 --2- 172.21.15.32:0/3117073045 >> [v2:172.21.15.32:3300/0,v1:172.21.15.32:6789/0] conn(0x7f3194109bf0 0x7f319410a000 secure :-1 s=READY pgs=51 cs=0 l=1 rev1=1 crypto rx=0x7f31840098a0 tx=0x7f3184009bb0 comp rx=0 tx=0).stop
2024-04-30T08:23:16.923 INFO:teuthology.orchestra.run.smithi032.stdout:/usr/bin/ceph: stderr
2024-04-30T08:23:15.732+0000 7f3198e00700 1 -- 172.21.15.32:0/3117073045 shutdown_connections
2024-04-30T08:23:16.923 INFO:teuthology.orchestra.run.smithi032.stdout:/usr/bin/ceph: stderr
2024-04-30T08:23:15.732+0000 7f3198e00700 1 --2- 172.21.15.32:0/3117073045 >> [v2:172.21.15.32:3300/0,v1:172.21.15.32:6789/0] conn(0x7f3194109bf0 0x7f319410a000 unknown :-1 s=CLOSED pgs=51 cs=0 l=1 rev1=1 crypto rx=0 tx=0 comp rx=0 tx=0).stop
2024-04-30T08:23:16.923 INFO:teuthology.orchestra.run.smithi032.stdout:/usr/bin/ceph: stderr
2024-04-30T08:23:15.732+0000 7f3198e00700 1 -- 172.21.15.32:0/3117073045 >> 172.21.15.32:0/3117073045 conn(0x7f31941052f0 msgr2=0x7f3194107740 unknown :-1 s=STATE_NONE l=0).mark_down
2024-04-30T08:23:16.923 INFO:teuthology.orchestra.run.smithi032.stdout:/usr/bin/ceph: stderr
2024-04-30T08:23:15.732+0000 7f3198e00700 1 -- 172.21.15.32:0/3117073045 shutdown_connections
2024-04-30T08:23:16.923 INFO:teuthology.orchestra.run.smithi032.stdout:/usr/bin/ceph: stderr
2024-04-30T08:23:15.732+0000 7f3198e00700 1 -- 172.21.15.32:0/3117073045 wait complete.
2024-04-30T08:23:16.923 INFO:teuthology.orchestra.run.smithi032.stdout:/usr/bin/ceph: stderr
2024-04-30T08:23:15.733+0000 7f3198e00700 1 Processor -- start
2024-04-30T08:23:16.923 INFO:teuthology.orchestra.run.smithi032.stdout:/usr/bin/ceph: stderr
2024-04-30T08:23:15.734+0000 7f3198e00700 1 -- start start
2024-04-30T08:23:16.923 INFO:teuthology.orchestra.run.smithi032.stdout:/usr/bin/ceph: stderr
2024-04-30T08:23:15.734+0000 7f3198e00700 1 --2- >> [v2:172.21.15.32:3300/0,v1:172.21.15.32:6789/0] conn(0x7f3194109bf0 0x7f319419df90 unknown :-1 s=NONE pgs=0 cs=0 l=1 rev1=0 crypto rx=0 tx=0 comp rx=0 tx=0).connect
2024-04-30T08:23:16.923 INFO:teuthology.orchestra.run.smithi032.stdout:/usr/bin/ceph: stderr
2024-04-30T08:23:15.734+0000 7f3198e00700 1 -- --> [v2:172.21.15.32:3300/0,v1:172.21.15.32:6789/0] -- mon_getmap magic: 0 -- 0x7f319410e0d0 con 0x7f3194109bf0
2024-04-30T08:23:16.923 INFO:teuthology.orchestra.run.smithi032.stdout:/usr/bin/ceph: stderr
2024-04-30T08:23:15.734+0000 7f3191e00700 1 --2- >> [v2:172.21.15.32:3300/0,v1:172.21.15.32:6789/0] conn(0x7f3194109bf0 0x7f319419df90 unknown :-1 s=BANNER_CONNECTING pgs=0 cs=0 l=1 rev1=0 crypto rx=0 tx=0 comp rx=0 tx=0)._handle_peer_banner_payload supported=3 required=0
2024-04-30T08:23:16.923 INFO:teuthology.orchestra.run.smithi032.stdout:/usr/bin/ceph: stderr
2024-04-30T08:23:15.734+0000 7f3191e00700 1 --2- >> [v2:172.21.15.32:3300/0,v1:172.21.15.32:6789/0] conn(0x7f3194109bf0 0x7f319419df90 unknown :-1 s=HELLO_CONNECTING pgs=0 cs=0 l=1 rev1=1 crypto rx=0 tx=0 comp rx=0 tx=0).handle_hello peer v2:172.21.15.32:3300/0 says I am v2:172.21.15.32:52142/0 (socket says 172.21.15.32:52142)
2024-04-30T08:23:16.924 INFO:teuthology.orchestra.run.smithi032.stdout:/usr/bin/ceph: stderr
2024-04-30T08:23:15.734+0000 7f3191e00700 1 -- 172.21.15.32:0/2445121606 learned_addr learned my addr 172.21.15.32:0/2445121606 (peer_addr_for_me v2:172.21.15.32:0/0)
2024-04-30T08:23:16.924 INFO:teuthology.orchestra.run.smithi032.stdout:/usr/bin/ceph: stderr
2024-04-30T08:23:15.735+0000 7f3191e00700 1 -- 172.21.15.32:0/2445121606 --> [v2:172.21.15.32:3300/0,v1:172.21.15.32:6789/0] -- mon_subscribe({config=0+,monmap=0+}) -- 0x7f319419e4d0 con 0x7f3194109bf0
2024-04-30T08:23:16.924 INFO:teuthology.orchestra.run.smithi032.stdout:/usr/bin/ceph: stderr
2024-04-30T08:23:15.735+0000 7f3191e00700 1 --2- 172.21.15.32:0/2445121606 >> [v2:172.21.15.32:3300/0,v1:172.21.15.32:6789/0] conn(0x7f3194109bf0 0x7f319419df90 secure :-1 s=READY pgs=52 cs=0 l=1 rev1=1 crypto rx=0x7f3184003e70 tx=0x7f3184011aa0 comp rx=0 tx=0).ready entity=mon.0 client_cookie=0 server_cookie=0 in_seq=0 out_seq=0
2024-04-30T08:23:16.924 INFO:teuthology.orchestra.run.smithi032.stdout:/usr/bin/ceph: stderr
2024-04-30T08:23:15.735+0000 7f318aa00700 1 -- 172.21.15.32:0/2445121606 <== mon.0 v2:172.21.15.32:3300/0 1 ==== mon_map magic: 0 ==== 205+0+0 (secure 0 0 0) 0x7f3184003af0 con 0x7f3194109bf0
2024-04-30T08:23:16.924 INFO:teuthology.orchestra.run.smithi032.stdout:/usr/bin/ceph: stderr
2024-04-30T08:23:15.735+0000 7f318aa00700 1 -- 172.21.15.32:0/2445121606 <== mon.0 v2:172.21.15.32:3300/0 2 ==== config(26 keys) ==== 1101+0+0 (secure 0 0 0) 0x7f318401a8e0 con 0x7f3194109bf0
2024-04-30T08:23:16.924 INFO:teuthology.orchestra.run.smithi032.stdout:/usr/bin/ceph: stderr
2024-04-30T08:23:15.735+0000 7f318aa00700 1 -- 172.21.15.32:0/2445121606 <== mon.0 v2:172.21.15.32:3300/0 3 ==== mon_map magic: 0 ==== 205+0+0 (secure 0 0 0) 0x7f3184024870 con 0x7f3194109bf0
2024-04-30T08:23:16.924 INFO:teuthology.orchestra.run.smithi032.stdout:/usr/bin/ceph: stderr
2024-04-30T08:23:15.736+0000 7f3198e00700 1 -- 172.21.15.32:0/2445121606 --> [v2:172.21.15.32:3300/0,v1:172.21.15.32:6789/0] -- mon_subscribe({mgrmap=0+}) -- 0x7f319419e760 con 0x7f3194109bf0
2024-04-30T08:23:16.924 INFO:teuthology.orchestra.run.smithi032.stdout:/usr/bin/ceph: stderr
2024-04-30T08:23:15.736+0000 7f3198e00700 1 -- 172.21.15.32:0/2445121606 --> [v2:172.21.15.32:3300/0,v1:172.21.15.32:6789/0] -- mon_subscribe({osdmap=0}) -- 0x7f31941a1370 con 0x7f3194109bf0
2024-04-30T08:23:16.924 INFO:teuthology.orchestra.run.smithi032.stdout:/usr/bin/ceph: stderr
2024-04-30T08:23:15.737+0000 7f3198e00700 1 -- 172.21.15.32:0/2445121606 --> [v2:172.21.15.32:3300/0,v1:172.21.15.32:6789/0] -- mon_command({"prefix": "get_command_descriptions"} v 0) -- 0x7f3194064d70 con 0x7f3194109bf0
2024-04-30T08:23:16.924 INFO:teuthology.orchestra.run.smithi032.stdout:/usr/bin/ceph: stderr
2024-04-30T08:23:15.737+0000 7f318aa00700 1 -- 172.21.15.32:0/2445121606 <== mon.0 v2:172.21.15.32:3300/0 4 ==== mgrmap(e 8) ==== 49516+0+0 (secure 0 0 0) 0x7f3184022020 con 0x7f3194109bf0
2024-04-30T08:23:16.924 INFO:teuthology.orchestra.run.smithi032.stdout:/usr/bin/ceph: stderr
2024-04-30T08:23:15.738+0000 7f318aa00700 1 --2- 172.21.15.32:0/2445121606 >> [v2:172.21.15.32:6800/4019351306,v1:172.21.15.32:6801/4019351306] conn(0x7f317803d570 0x7f317803fa80 unknown :-1 s=NONE pgs=0 cs=0 l=1 rev1=0 crypto rx=0 tx=0 comp rx=0 tx=0).connect
2024-04-30T08:23:16.924 INFO:teuthology.orchestra.run.smithi032.stdout:/usr/bin/ceph: stderr
2024-04-30T08:23:15.738+0000 7f318aa00700 1 -- 172.21.15.32:0/2445121606 <== mon.0 v2:172.21.15.32:3300/0 5 ==== osd_map(2..2 src has 1..2) ==== 940+0+0 (secure 0 0 0) 0x7f31840526d0 con 0x7f3194109bf0
2024-04-30T08:23:16.924 INFO:teuthology.orchestra.run.smithi032.stdout:/usr/bin/ceph: stderr
2024-04-30T08:23:15.738+0000 7f3191400700 1 --2- 172.21.15.32:0/2445121606 >> [v2:172.21.15.32:6800/4019351306,v1:172.21.15.32:6801/4019351306] conn(0x7f317803d570 0x7f317803fa80 unknown :-1 s=BANNER_CONNECTING pgs=0 cs=0 l=1 rev1=0 crypto rx=0 tx=0 comp rx=0 tx=0)._handle_peer_banner_payload supported=3 required=0
2024-04-30T08:23:16.925 INFO:teuthology.orchestra.run.smithi032.stdout:/usr/bin/ceph: stderr
2024-04-30T08:23:15.739+0000 7f3191400700 1 --2- 172.21.15.32:0/2445121606 >> [v2:172.21.15.32:6800/4019351306,v1:172.21.15.32:6801/4019351306] conn(0x7f317803d570 0x7f317803fa80 secure :-1 s=READY pgs=14 cs=0 l=1 rev1=1 crypto rx=0x7f3180006fd0 tx=0x7f3180006e40 comp rx=0 tx=0).ready entity=mgr.14120 client_cookie=0 server_cookie=0 in_seq=0 out_seq=0
2024-04-30T08:23:16.925 INFO:teuthology.orchestra.run.smithi032.stdout:/usr/bin/ceph: stderr
2024-04-30T08:23:15.743+0000 7f318aa00700 1 -- 172.21.15.32:0/2445121606 <== mon.0 v2:172.21.15.32:3300/0 6 ==== mon_command_ack([{"prefix": "get_command_descriptions"}]=0 v0) ==== 72+0+188370 (secure 0 0 0) 0x7f318401ad90 con 0x7f3194109bf0
2024-04-30T08:23:16.925 INFO:teuthology.orchestra.run.smithi032.stdout:/usr/bin/ceph: stderr
2024-04-30T08:23:15.974+0000 7f3198e00700 1 -- 172.21.15.32:0/2445121606 --> [v2:172.21.15.32:3300/0,v1:172.21.15.32:6789/0] -- mon_command([{prefix=config set, name=mgr/cephadm/container_init}] v 0) -- 0x7f31941a1660 con 0x7f3194109bf0
2024-04-30T08:23:16.925 INFO:teuthology.orchestra.run.smithi032.stdout:/usr/bin/ceph: stderr
2024-04-30T08:23:15.978+0000 7f318aa00700 1 -- 172.21.15.32:0/2445121606 <== mon.0 v2:172.21.15.32:3300/0 7 ==== mon_command_ack([{prefix=config set, name=mgr/cephadm/container_init}]=0 v7)=0 v7) ==== 142+0+0 (secure 0 0 0) 0x7f3184018a40 con 0x7f3194109bf0
2024-04-30T08:23:16.925 INFO:teuthology.orchestra.run.smithi032.stdout:/usr/bin/ceph: stderr
2024-04-30T08:23:15.981+0000 7f3198e00700 1 -- 172.21.15.32:0/2445121606 >> [v2:172.21.15.32:6800/4019351306,v1:172.21.15.32:6801/4019351306] conn(0x7f317803d570 msgr2=0x7f317803fa80 secure :-1 s=STATE_CONNECTION_ESTABLISHED l=1).mark_down
2024-04-30T08:23:16.925 INFO:teuthology.orchestra.run.smithi032.stdout:/usr/bin/ceph: stderr
2024-04-30T08:23:15.981+0000 7f3198e00700 1 --2- 172.21.15.32:0/2445121606 >> [v2:172.21.15.32:6800/4019351306,v1:172.21.15.32:6801/4019351306] conn(0x7f317803d570 0x7f317803fa80 secure :-1 s=READY pgs=14 cs=0 l=1 rev1=1 crypto rx=0x7f3180006fd0 tx=0x7f3180006e40 comp rx=0 tx=0).stop
2024-04-30T08:23:16.925 INFO:teuthology.orchestra.run.smithi032.stdout:/usr/bin/ceph: stderr
2024-04-30T08:23:15.981+0000 7f3198e00700 1 -- 172.21.15.32:0/2445121606 >> [v2:172.21.15.32:3300/0,v1:172.21.15.32:6789/0] conn(0x7f3194109bf0 msgr2=0x7f319419df90 secure :-1 s=STATE_CONNECTION_ESTABLISHED l=1).mark_down
2024-04-30T08:23:16.925 INFO:teuthology.orchestra.run.smithi032.stdout:/usr/bin/ceph: stderr
2024-04-30T08:23:15.981+0000 7f3198e00700 1 --2- 172.21.15.32:0/2445121606 >> [v2:172.21.15.32:3300/0,v1:172.21.15.32:6789/0] conn(0x7f3194109bf0 0x7f319419df90 secure :-1 s=READY pgs=52 cs=0 l=1 rev1=1 crypto rx=0x7f3184003e70 tx=0x7f3184011aa0 comp rx=0 tx=0).stop
2024-04-30T08:23:16.925 INFO:teuthology.orchestra.run.smithi032.stdout:/usr/bin/ceph: stderr
2024-04-30T08:23:15.981+0000 7f3198e00700 1 -- 172.21.15.32:0/2445121606 shutdown_connections
2024-04-30T08:23:16.925 INFO:teuthology.orchestra.run.smithi032.stdout:/usr/bin/ceph: stderr
2024-04-30T08:23:15.981+0000 7f3198e00700 1 --2- 172.21.15.32:0/2445121606 >> [v2:172.21.15.32:6800/4019351306,v1:172.21.15.32:6801/4019351306] conn(0x7f317803d570 0x7f317803fa80 unknown :-1 s=CLOSED pgs=14 cs=0 l=1 rev1=1 crypto rx=0 tx=0 comp rx=0 tx=0).stop
2024-04-30T08:23:16.925 INFO:teuthology.orchestra.run.smithi032.stdout:/usr/bin/ceph: stderr
2024-04-30T08:23:15.981+0000 7f3198e00700 1 --2- 172.21.15.32:0/2445121606 >> [v2:172.21.15.32:3300/0,v1:172.21.15.32:6789/0] conn(0x7f3194109bf0 0x7f319419df90 unknown :-1 s=CLOSED pgs=52 cs=0 l=1 rev1=1 crypto rx=0 tx=0 comp rx=0 tx=0).stop
2024-04-30T08:23:16.925 INFO:teuthology.orchestra.run.smithi032.stdout:/usr/bin/ceph: stderr
2024-04-30T08:23:15.981+0000 7f3198e00700 1 -- 172.21.15.32:0/2445121606 >> 172.21.15.32:0/2445121606 conn(0x7f31941052f0 msgr2=0x7f3194106c30 unknown :-1 s=STATE_NONE l=0).mark_down
2024-04-30T08:23:16.925 INFO:teuthology.orchestra.run.smithi032.stdout:/usr/bin/ceph: stderr
2024-04-30T08:23:15.982+0000 7f3198e00700 1 -- 172.21.15.32:0/2445121606 shutdown_connections
2024-04-30T08:23:16.925 INFO:teuthology.orchestra.run.smithi032.stdout:/usr/bin/ceph: stderr
2024-04-30T08:23:15.982+0000 7f3198e00700 1 -- 172.21.15.32:0/2445121606 wait complete.
2024-04-30T08:23:17.191 INFO:journalctl@ceph.mon.a.smithi032.stdout:Apr 30 08:23:16 smithi032 ceph-mon[28331]: pgmap v4: 0 pgs: ; 0 B data, 0 B used, 0 B / 0 B avail
2024-04-30T08:23:17.191 INFO:journalctl@ceph.mon.a.smithi032.stdout:Apr 30 08:23:16 smithi032 ceph-mon[28331]: from='client.? 172.21.15.32:0/2445121606' entity='client.admin'
2024-04-30T08:23:17.191 INFO:journalctl@ceph.mon.a.smithi032.stdout:Apr 30 08:23:16 smithi032 ceph-mon[28331]: from='mgr.14120 172.21.15.32:0/1220014720' entity='mgr.x'
2024-04-30T08:23:18.499 INFO:teuthology.orchestra.run.smithi032.stdout:/usr/bin/ceph: stderr
2024-04-30T08:23:17.564+0000 7fbe47e00700 1 Processor -- start
2024-04-30T08:23:18.499 INFO:teuthology.orchestra.run.smithi032.stdout:/usr/bin/ceph: stderr
2024-04-30T08:23:17.565+0000 7fbe47e00700 1 -- start start
2024-04-30T08:23:18.499 INFO:teuthology.orchestra.run.smithi032.stdout:/usr/bin/ceph: stderr
2024-04-30T08:23:17.565+0000 7fbe47e00700 1 --2- >> [v2:172.21.15.32:3300/0,v1:172.21.15.32:6789/0] conn(0x7fbe4810bc90 0x7fbe4810c0a0 unknown :-1 s=NONE pgs=0 cs=0 l=0 rev1=0 crypto rx=0 tx=0 comp rx=0 tx=0).connect
2024-04-30T08:23:18.499 INFO:teuthology.orchestra.run.smithi032.stdout:/usr/bin/ceph: stderr
2024-04-30T08:23:17.565+0000 7fbe47e00700 1 -- --> [v2:172.21.15.32:3300/0,v1:172.21.15.32:6789/0] -- mon_getmap magic: 0 -- 0x7fbe4810c690 con 0x7fbe4810bc90
2024-04-30T08:23:18.499 INFO:teuthology.orchestra.run.smithi032.stdout:/usr/bin/ceph: stderr
2024-04-30T08:23:17.566+0000 7fbe46a00700 1 --2- >> [v2:172.21.15.32:3300/0,v1:172.21.15.32:6789/0] conn(0x7fbe4810bc90 0x7fbe4810c0a0 unknown :-1 s=BANNER_CONNECTING pgs=0 cs=0 l=0 rev1=0 crypto rx=0 tx=0 comp rx=0 tx=0)._handle_peer_banner_payload supported=3 required=0
2024-04-30T08:23:18.499 INFO:teuthology.orchestra.run.smithi032.stdout:/usr/bin/ceph: stderr
2024-04-30T08:23:17.566+0000 7fbe46a00700 1 --2- >> [v2:172.21.15.32:3300/0,v1:172.21.15.32:6789/0] conn(0x7fbe4810bc90 0x7fbe4810c0a0 unknown :-1 s=HELLO_CONNECTING pgs=0 cs=0 l=0 rev1=1 crypto rx=0 tx=0 comp rx=0 tx=0).handle_hello peer v2:172.21.15.32:3300/0 says I am v2:172.21.15.32:56962/0 (socket says 172.21.15.32:56962)
2024-04-30T08:23:18.499 INFO:teuthology.orchestra.run.smithi032.stdout:/usr/bin/ceph: stderr
2024-04-30T08:23:17.566+0000 7fbe46a00700 1 -- 172.21.15.32:0/311891937 learned_addr learned my addr 172.21.15.32:0/311891937 (peer_addr_for_me v2:172.21.15.32:0/0)
2024-04-30T08:23:18.499 INFO:teuthology.orchestra.run.smithi032.stdout:/usr/bin/ceph: stderr
2024-04-30T08:23:17.566+0000 7fbe46a00700 1 -- 172.21.15.32:0/311891937 --> [v2:172.21.15.32:3300/0,v1:172.21.15.32:6789/0] -- mon_subscribe({config=0+,monmap=0+}) -- 0x7fbe4810cd20 con 0x7fbe4810bc90
2024-04-30T08:23:18.499 INFO:teuthology.orchestra.run.smithi032.stdout:/usr/bin/ceph: stderr
2024-04-30T08:23:17.567+0000 7fbe46a00700 1 --2- 172.21.15.32:0/311891937 >> [v2:172.21.15.32:3300/0,v1:172.21.15.32:6789/0] conn(0x7fbe4810bc90 0x7fbe4810c0a0 secure :-1 s=READY pgs=53 cs=0 l=1 rev1=1 crypto rx=0x7fbe380098a0 tx=0x7fbe38009bb0 comp rx=0 tx=0).ready entity=mon.0 client_cookie=f6c0001e139331e9 server_cookie=0 in_seq=0 out_seq=0
2024-04-30T08:23:18.499 INFO:teuthology.orchestra.run.smithi032.stdout:/usr/bin/ceph: stderr
2024-04-30T08:23:17.567+0000 7fbe45600700 1 -- 172.21.15.32:0/311891937 <== mon.0 v2:172.21.15.32:3300/0 1 ==== mon_map magic: 0 ==== 205+0+0 (secure 0 0 0) 0x7fbe38004160 con 0x7fbe4810bc90
2024-04-30T08:23:18.500 INFO:teuthology.orchestra.run.smithi032.stdout:/usr/bin/ceph: stderr
2024-04-30T08:23:17.567+0000 7fbe45600700 1 -- 172.21.15.32:0/311891937 <== mon.0 v2:172.21.15.32:3300/0 2 ==== config(26 keys) ==== 1101+0+0 (secure 0 0 0) 0x7fbe38004300 con 0x7fbe4810bc90
2024-04-30T08:23:18.500 INFO:teuthology.orchestra.run.smithi032.stdout:/usr/bin/ceph: stderr
2024-04-30T08:23:17.567+0000 7fbe45600700 1 -- 172.21.15.32:0/311891937 <== mon.0 v2:172.21.15.32:3300/0 3 ==== mon_map magic: 0 ==== 205+0+0 (secure 0 0 0) 0x7fbe38011a20 con 0x7fbe4810bc90
2024-04-30T08:23:18.500 INFO:teuthology.orchestra.run.smithi032.stdout:/usr/bin/ceph: stderr
2024-04-30T08:23:17.568+0000 7fbe47e00700 1 -- 172.21.15.32:0/311891937 >> [v2:172.21.15.32:3300/0,v1:172.21.15.32:6789/0] conn(0x7fbe4810bc90 msgr2=0x7fbe4810c0a0 secure :-1 s=STATE_CONNECTION_ESTABLISHED l=1).mark_down
2024-04-30T08:23:18.500 INFO:teuthology.orchestra.run.smithi032.stdout:/usr/bin/ceph: stderr
2024-04-30T08:23:17.568+0000 7fbe47e00700 1 --2- 172.21.15.32:0/311891937 >> [v2:172.21.15.32:3300/0,v1:172.21.15.32:6789/0] conn(0x7fbe4810bc90 0x7fbe4810c0a0 secure :-1 s=READY pgs=53 cs=0 l=1 rev1=1 crypto rx=0x7fbe380098a0 tx=0x7fbe38009bb0 comp rx=0 tx=0).stop
2024-04-30T08:23:18.500 INFO:teuthology.orchestra.run.smithi032.stdout:/usr/bin/ceph: stderr
2024-04-30T08:23:17.568+0000 7fbe47e00700 1 -- 172.21.15.32:0/311891937 shutdown_connections
2024-04-30T08:23:18.500 INFO:teuthology.orchestra.run.smithi032.stdout:/usr/bin/ceph: stderr
2024-04-30T08:23:17.568+0000 7fbe47e00700 1 --2- 172.21.15.32:0/311891937 >> [v2:172.21.15.32:3300/0,v1:172.21.15.32:6789/0] conn(0x7fbe4810bc90 0x7fbe4810c0a0 unknown :-1 s=CLOSED pgs=53 cs=0 l=1 rev1=1 crypto rx=0 tx=0 comp rx=0 tx=0).stop
2024-04-30T08:23:18.500 INFO:teuthology.orchestra.run.smithi032.stdout:/usr/bin/ceph: stderr
2024-04-30T08:23:17.568+0000 7fbe47e00700 1 -- 172.21.15.32:0/311891937 >> 172.21.15.32:0/311891937 conn(0x7fbe481074b0 msgr2=0x7fbe481098d0 unknown :-1 s=STATE_NONE l=0).mark_down
2024-04-30T08:23:18.500 INFO:teuthology.orchestra.run.smithi032.stdout:/usr/bin/ceph: stderr
2024-04-30T08:23:17.568+0000 7fbe47e00700 1 -- 172.21.15.32:0/311891937 shutdown_connections
2024-04-30T08:23:18.500 INFO:teuthology.orchestra.run.smithi032.stdout:/usr/bin/ceph: stderr
2024-04-30T08:23:17.568+0000 7fbe47e00700 1 -- 172.21.15.32:0/311891937 wait complete.
2024-04-30T08:23:18.501 INFO:teuthology.orchestra.run.smithi032.stdout:/usr/bin/ceph: stderr
2024-04-30T08:23:17.569+0000 7fbe47e00700 1 Processor -- start
2024-04-30T08:23:18.501 INFO:teuthology.orchestra.run.smithi032.stdout:/usr/bin/ceph: stderr
2024-04-30T08:23:17.569+0000 7fbe47e00700 1 -- start start
2024-04-30T08:23:18.501 INFO:teuthology.orchestra.run.smithi032.stdout:/usr/bin/ceph: stderr
2024-04-30T08:23:17.570+0000 7fbe47e00700 1 --2- >> [v2:172.21.15.32:3300/0,v1:172.21.15.32:6789/0] conn(0x7fbe4810bc90 0x7fbe4819ffb0 unknown :-1 s=NONE pgs=0 cs=0 l=1 rev1=0 crypto rx=0 tx=0 comp rx=0 tx=0).connect
2024-04-30T08:23:18.501 INFO:teuthology.orchestra.run.smithi032.stdout:/usr/bin/ceph: stderr
2024-04-30T08:23:17.570+0000 7fbe47e00700 1 -- --> [v2:172.21.15.32:3300/0,v1:172.21.15.32:6789/0] -- mon_getmap magic: 0 -- 0x7fbe481100d0 con 0x7fbe4810bc90
2024-04-30T08:23:18.501 INFO:teuthology.orchestra.run.smithi032.stdout:/usr/bin/ceph: stderr
2024-04-30T08:23:17.570+0000 7fbe46a00700 1 --2- >> [v2:172.21.15.32:3300/0,v1:172.21.15.32:6789/0] conn(0x7fbe4810bc90 0x7fbe4819ffb0 unknown :-1 s=BANNER_CONNECTING pgs=0 cs=0 l=1 rev1=0 crypto rx=0 tx=0 comp rx=0 tx=0)._handle_peer_banner_payload supported=3 required=0
2024-04-30T08:23:18.501 INFO:teuthology.orchestra.run.smithi032.stdout:/usr/bin/ceph: stderr
2024-04-30T08:23:17.570+0000 7fbe46a00700 1 --2- >> [v2:172.21.15.32:3300/0,v1:172.21.15.32:6789/0] conn(0x7fbe4810bc90 0x7fbe4819ffb0 unknown :-1 s=HELLO_CONNECTING pgs=0 cs=0 l=1 rev1=1 crypto rx=0 tx=0 comp rx=0 tx=0).handle_hello peer v2:172.21.15.32:3300/0 says I am v2:172.21.15.32:56978/0 (socket says 172.21.15.32:56978)
2024-04-30T08:23:18.501 INFO:teuthology.orchestra.run.smithi032.stdout:/usr/bin/ceph: stderr
2024-04-30T08:23:17.570+0000 7fbe46a00700 1 -- 172.21.15.32:0/1603032359 learned_addr learned my addr 172.21.15.32:0/1603032359 (peer_addr_for_me v2:172.21.15.32:0/0)
2024-04-30T08:23:18.501 INFO:teuthology.orchestra.run.smithi032.stdout:/usr/bin/ceph: stderr
2024-04-30T08:23:17.571+0000 7fbe46a00700 1 -- 172.21.15.32:0/1603032359 --> [v2:172.21.15.32:3300/0,v1:172.21.15.32:6789/0] -- mon_subscribe({config=0+,monmap=0+}) -- 0x7fbe481a04f0 con 0x7fbe4810bc90
2024-04-30T08:23:18.501 INFO:teuthology.orchestra.run.smithi032.stdout:/usr/bin/ceph: stderr
2024-04-30T08:23:17.571+0000 7fbe46a00700 1 --2- 172.21.15.32:0/1603032359 >> [v2:172.21.15.32:3300/0,v1:172.21.15.32:6789/0] conn(0x7fbe4810bc90 0x7fbe4819ffb0 secure :-1 s=READY pgs=54 cs=0 l=1 rev1=1 crypto rx=0x7fbe38003e70 tx=0x7fbe38011aa0 comp rx=0 tx=0).ready entity=mon.0 client_cookie=0 server_cookie=0 in_seq=0 out_seq=0
2024-04-30T08:23:18.501 INFO:teuthology.orchestra.run.smithi032.stdout:/usr/bin/ceph: stderr
2024-04-30T08:23:17.571+0000 7fbe3f400700 1 -- 172.21.15.32:0/1603032359 <== mon.0 v2:172.21.15.32:3300/0 1 ==== mon_map magic: 0 ==== 205+0+0 (secure 0 0 0) 0x7fbe38003aa0 con 0x7fbe4810bc90
2024-04-30T08:23:18.501 INFO:teuthology.orchestra.run.smithi032.stdout:/usr/bin/ceph: stderr
2024-04-30T08:23:17.571+0000 7fbe3f400700 1 -- 172.21.15.32:0/1603032359 <== mon.0 v2:172.21.15.32:3300/0 2 ==== config(26 keys) ==== 1101+0+0 (secure 0 0 0) 0x7fbe3801a8e0 con 0x7fbe4810bc90
2024-04-30T08:23:18.502 INFO:teuthology.orchestra.run.smithi032.stdout:/usr/bin/ceph: stderr
2024-04-30T08:23:17.571+0000 7fbe47e00700 1 -- 172.21.15.32:0/1603032359 --> [v2:172.21.15.32:3300/0,v1:172.21.15.32:6789/0] -- mon_subscribe({mgrmap=0+}) -- 0x7fbe481a0780 con 0x7fbe4810bc90
2024-04-30T08:23:18.502 INFO:teuthology.orchestra.run.smithi032.stdout:/usr/bin/ceph: stderr
2024-04-30T08:23:17.571+0000 7fbe3f400700 1 -- 172.21.15.32:0/1603032359 <== mon.0 v2:172.21.15.32:3300/0 3 ==== mon_map magic: 0 ==== 205+0+0 (secure 0 0 0) 0x7fbe38024870 con 0x7fbe4810bc90
2024-04-30T08:23:18.502 INFO:teuthology.orchestra.run.smithi032.stdout:/usr/bin/ceph: stderr
2024-04-30T08:23:17.571+0000 7fbe47e00700 1 -- 172.21.15.32:0/1603032359 --> [v2:172.21.15.32:3300/0,v1:172.21.15.32:6789/0] -- mon_subscribe({osdmap=0}) -- 0x7fbe481a3390 con 0x7fbe4810bc90
2024-04-30T08:23:18.502 INFO:teuthology.orchestra.run.smithi032.stdout:/usr/bin/ceph: stderr
2024-04-30T08:23:17.572+0000 7fbe47e00700 1 -- 172.21.15.32:0/1603032359 --> [v2:172.21.15.32:3300/0,v1:172.21.15.32:6789/0] -- mon_command({"prefix": "get_command_descriptions"} v 0) -- 0x7fbe48064d70 con 0x7fbe4810bc90
2024-04-30T08:23:18.502 INFO:teuthology.orchestra.run.smithi032.stdout:/usr/bin/ceph: stderr
2024-04-30T08:23:17.573+0000 7fbe3f400700 1 -- 172.21.15.32:0/1603032359 <== mon.0 v2:172.21.15.32:3300/0 4 ==== mgrmap(e 8) ==== 49516+0+0 (secure 0 0 0) 0x7fbe38022020 con 0x7fbe4810bc90
2024-04-30T08:23:18.502 INFO:teuthology.orchestra.run.smithi032.stdout:/usr/bin/ceph: stderr
2024-04-30T08:23:17.574+0000 7fbe3f400700 1 --2- 172.21.15.32:0/1603032359 >> [v2:172.21.15.32:6800/4019351306,v1:172.21.15.32:6801/4019351306] conn(0x7fbe2c03d5c0 0x7fbe2c03fad0 unknown :-1 s=NONE pgs=0 cs=0 l=1 rev1=0 crypto rx=0 tx=0 comp rx=0 tx=0).connect
2024-04-30T08:23:18.502 INFO:teuthology.orchestra.run.smithi032.stdout:/usr/bin/ceph: stderr
2024-04-30T08:23:17.574+0000 7fbe3f400700 1 -- 172.21.15.32:0/1603032359 <== mon.0 v2:172.21.15.32:3300/0 5 ==== osd_map(2..2 src has 1..2) ==== 940+0+0 (secure 0 0 0) 0x7fbe38052780 con 0x7fbe4810bc90
2024-04-30T08:23:18.502 INFO:teuthology.orchestra.run.smithi032.stdout:/usr/bin/ceph: stderr
2024-04-30T08:23:17.574+0000 7fbe46000700 1 --2- 172.21.15.32:0/1603032359 >> [v2:172.21.15.32:6800/4019351306,v1:172.21.15.32:6801/4019351306] conn(0x7fbe2c03d5c0 0x7fbe2c03fad0 unknown :-1 s=BANNER_CONNECTING pgs=0 cs=0 l=1 rev1=0 crypto rx=0 tx=0 comp rx=0 tx=0)._handle_peer_banner_payload supported=3 required=0
2024-04-30T08:23:18.502 INFO:teuthology.orchestra.run.smithi032.stdout:/usr/bin/ceph: stderr
2024-04-30T08:23:17.575+0000 7fbe46000700 1 --2- 172.21.15.32:0/1603032359 >> [v2:172.21.15.32:6800/4019351306,v1:172.21.15.32:6801/4019351306] conn(0x7fbe2c03d5c0 0x7fbe2c03fad0 secure :-1 s=READY pgs=15 cs=0 l=1 rev1=1 crypto rx=0x7fbe34006fd0 tx=0x7fbe34006e40 comp rx=0 tx=0).ready entity=mgr.14120 client_cookie=0 server_cookie=0 in_seq=0 out_seq=0
2024-04-30T08:23:18.502 INFO:teuthology.orchestra.run.smithi032.stdout:/usr/bin/ceph: stderr
2024-04-30T08:23:17.580+0000 7fbe3f400700 1 -- 172.21.15.32:0/1603032359 <== mon.0 v2:172.21.15.32:3300/0 6 ==== mon_command_ack([{"prefix": "get_command_descriptions"}]=0 v0) ==== 72+0+188370 (secure 0 0 0) 0x7fbe38017e90 con 0x7fbe4810bc90
2024-04-30T08:23:18.502 INFO:teuthology.orchestra.run.smithi032.stdout:/usr/bin/ceph: stderr
2024-04-30T08:23:17.815+0000 7fbe47e00700 1 -- 172.21.15.32:0/1603032359 --> [v2:172.21.15.32:3300/0,v1:172.21.15.32:6789/0] -- mon_command([{prefix=config set, name=mgr/dashboard/ssl_server_port}] v 0) -- 0x7fbe481a3680 con 0x7fbe4810bc90
2024-04-30T08:23:18.503 INFO:teuthology.orchestra.run.smithi032.stdout:/usr/bin/ceph: stderr
2024-04-30T08:23:17.819+0000 7fbe3f400700 1 -- 172.21.15.32:0/1603032359 <== mon.0 v2:172.21.15.32:3300/0 7 ==== mon_command_ack([{prefix=config set, name=mgr/dashboard/ssl_server_port}]=0 v8)=0 v8) ==== 130+0+0 (secure 0 0 0) 0x7fbe380212c0 con 0x7fbe4810bc90
2024-04-30T08:23:18.503 INFO:teuthology.orchestra.run.smithi032.stdout:/usr/bin/ceph: stderr
2024-04-30T08:23:17.823+0000 7fbe47e00700 1 -- 172.21.15.32:0/1603032359 >> [v2:172.21.15.32:6800/4019351306,v1:172.21.15.32:6801/4019351306] conn(0x7fbe2c03d5c0 msgr2=0x7fbe2c03fad0 secure :-1 s=STATE_CONNECTION_ESTABLISHED l=1).mark_down
2024-04-30T08:23:18.503 INFO:teuthology.orchestra.run.smithi032.stdout:/usr/bin/ceph: stderr
2024-04-30T08:23:17.823+0000 7fbe47e00700 1 --2- 172.21.15.32:0/1603032359 >> [v2:172.21.15.32:6800/4019351306,v1:172.21.15.32:6801/4019351306] conn(0x7fbe2c03d5c0 0x7fbe2c03fad0 secure :-1 s=READY pgs=15 cs=0 l=1 rev1=1 crypto rx=0x7fbe34006fd0 tx=0x7fbe34006e40 comp rx=0 tx=0).stop
2024-04-30T08:23:18.503 INFO:teuthology.orchestra.run.smithi032.stdout:/usr/bin/ceph: stderr
2024-04-30T08:23:17.823+0000 7fbe47e00700 1 -- 172.21.15.32:0/1603032359 >> [v2:172.21.15.32:3300/0,v1:172.21.15.32:6789/0] conn(0x7fbe4810bc90 msgr2=0x7fbe4819ffb0 secure :-1 s=STATE_CONNECTION_ESTABLISHED l=1).mark_down
2024-04-30T08:23:18.503 INFO:teuthology.orchestra.run.smithi032.stdout:/usr/bin/ceph: stderr
2024-04-30T08:23:17.823+0000 7fbe47e00700 1 --2- 172.21.15.32:0/1603032359 >> [v2:172.21.15.32:3300/0,v1:172.21.15.32:6789/0] conn(0x7fbe4810bc90 0x7fbe4819ffb0 secure :-1 s=READY pgs=54 cs=0 l=1 rev1=1 crypto rx=0x7fbe38003e70 tx=0x7fbe38011aa0 comp rx=0 tx=0).stop
2024-04-30T08:23:18.503 INFO:teuthology.orchestra.run.smithi032.stdout:/usr/bin/ceph: stderr
2024-04-30T08:23:17.823+0000 7fbe47e00700 1 -- 172.21.15.32:0/1603032359 shutdown_connections
2024-04-30T08:23:18.503 INFO:teuthology.orchestra.run.smithi032.stdout:/usr/bin/ceph: stderr
2024-04-30T08:23:17.823+0000 7fbe47e00700 1 --2- 172.21.15.32:0/1603032359 >> [v2:172.21.15.32:6800/4019351306,v1:172.21.15.32:6801/4019351306] conn(0x7fbe2c03d5c0 0x7fbe2c03fad0 unknown :-1 s=CLOSED pgs=15 cs=0 l=1 rev1=1 crypto rx=0 tx=0 comp rx=0 tx=0).stop
2024-04-30T08:23:18.503 INFO:teuthology.orchestra.run.smithi032.stdout:/usr/bin/ceph: stderr
2024-04-30T08:23:17.823+0000 7fbe47e00700 1 --2- 172.21.15.32:0/1603032359 >> [v2:172.21.15.32:3300/0,v1:172.21.15.32:6789/0] conn(0x7fbe4810bc90 0x7fbe4819ffb0 unknown :-1 s=CLOSED pgs=54 cs=0 l=1 rev1=1 crypto rx=0 tx=0 comp rx=0 tx=0).stop
2024-04-30T08:23:18.503 INFO:teuthology.orchestra.run.smithi032.stdout:/usr/bin/ceph: stderr
2024-04-30T08:23:17.823+0000 7fbe47e00700 1 -- 172.21.15.32:0/1603032359 >> 172.21.15.32:0/1603032359 conn(0x7fbe481074b0 msgr2=0x7fbe48108d50 unknown :-1 s=STATE_NONE l=0).mark_down
2024-04-30T08:23:18.503 INFO:teuthology.orchestra.run.smithi032.stdout:/usr/bin/ceph: stderr
