2024-04-30T08:22:40.691+0000 7f130b400700 1 --2- >> [v2:172.21.15.32:3300/0,v1:172.21.15.32:6789/0] conn(0x7f130c109a30 0x7f130c109e40 unknown :-1 s=BANNER_CONNECTING pgs=0 cs=0 l=0 rev1=0 crypto rx=0 tx=0 comp rx=0 tx=0)._handle_peer_banner_payload supported=3 required=0
2024-04-30T08:22:41.645 INFO:teuthology.orchestra.run.smithi032.stdout:/usr/bin/ceph: stderr
2024-04-30T08:22:40.691+0000 7f130b400700 1 --2- >> [v2:172.21.15.32:3300/0,v1:172.21.15.32:6789/0] conn(0x7f130c109a30 0x7f130c109e40 unknown :-1 s=HELLO_CONNECTING pgs=0 cs=0 l=0 rev1=1 crypto rx=0 tx=0 comp rx=0 tx=0).handle_hello peer v2:172.21.15.32:3300/0 says I am v2:172.21.15.32:33594/0 (socket says 172.21.15.32:33594)
2024-04-30T08:22:41.645 INFO:teuthology.orchestra.run.smithi032.stdout:/usr/bin/ceph: stderr
2024-04-30T08:22:40.691+0000 7f130b400700 1 -- 172.21.15.32:0/4155347655 learned_addr learned my addr 172.21.15.32:0/4155347655 (peer_addr_for_me v2:172.21.15.32:0/0)
2024-04-30T08:22:41.646 INFO:teuthology.orchestra.run.smithi032.stdout:/usr/bin/ceph: stderr
2024-04-30T08:22:40.692+0000 7f130b400700 1 -- 172.21.15.32:0/4155347655 --> [v2:172.21.15.32:3300/0,v1:172.21.15.32:6789/0] -- mon_subscribe({config=0+,monmap=0+}) -- 0x7f130c10ab60 con 0x7f130c109a30
2024-04-30T08:22:41.646 INFO:teuthology.orchestra.run.smithi032.stdout:/usr/bin/ceph: stderr
2024-04-30T08:22:40.692+0000 7f130b400700 1 --2- 172.21.15.32:0/4155347655 >> [v2:172.21.15.32:3300/0,v1:172.21.15.32:6789/0] conn(0x7f130c109a30 0x7f130c109e40 secure :-1 s=READY pgs=18 cs=0 l=1 rev1=1 crypto rx=0x7f12fc0098a0 tx=0x7f12fc009bb0 comp rx=0 tx=0).ready entity=mon.0 client_cookie=65b1e14eebb83e65 server_cookie=0 in_seq=0 out_seq=0
2024-04-30T08:22:41.646 INFO:teuthology.orchestra.run.smithi032.stdout:/usr/bin/ceph: stderr
2024-04-30T08:22:40.693+0000 7f130a000700 1 -- 172.21.15.32:0/4155347655 <== mon.0 v2:172.21.15.32:3300/0 1 ==== mon_map magic: 0 ==== 205+0+0 (secure 0 0 0) 0x7f12fc004160 con 0x7f130c109a30
2024-04-30T08:22:41.646 INFO:teuthology.orchestra.run.smithi032.stdout:/usr/bin/ceph: stderr
2024-04-30T08:22:40.693+0000 7f130a000700 1 -- 172.21.15.32:0/4155347655 <== mon.0 v2:172.21.15.32:3300/0 2 ==== config(26 keys) ==== 1070+0+0 (secure 0 0 0) 0x7f12fc004300 con 0x7f130c109a30
2024-04-30T08:22:41.650 INFO:teuthology.orchestra.run.smithi032.stdout:/usr/bin/ceph: stderr
2024-04-30T08:22:40.693+0000 7f130a000700 1 -- 172.21.15.32:0/4155347655 <== mon.0 v2:172.21.15.32:3300/0 3 ==== mon_map magic: 0 ==== 205+0+0 (secure 0 0 0) 0x7f12fc011af0 con 0x7f130c109a30
2024-04-30T08:22:41.650 INFO:teuthology.orchestra.run.smithi032.stdout:/usr/bin/ceph: stderr
2024-04-30T08:22:40.693+0000 7f1310c00700 1 -- 172.21.15.32:0/4155347655 >> [v2:172.21.15.32:3300/0,v1:172.21.15.32:6789/0] conn(0x7f130c109a30 msgr2=0x7f130c109e40 secure :-1 s=STATE_CONNECTION_ESTABLISHED l=1).mark_down
2024-04-30T08:22:41.650 INFO:teuthology.orchestra.run.smithi032.stdout:/usr/bin/ceph: stderr
2024-04-30T08:22:40.693+0000 7f1310c00700 1 --2- 172.21.15.32:0/4155347655 >> [v2:172.21.15.32:3300/0,v1:172.21.15.32:6789/0] conn(0x7f130c109a30 0x7f130c109e40 secure :-1 s=READY pgs=18 cs=0 l=1 rev1=1 crypto rx=0x7f12fc0098a0 tx=0x7f12fc009bb0 comp rx=0 tx=0).stop
2024-04-30T08:22:41.650 INFO:teuthology.orchestra.run.smithi032.stdout:/usr/bin/ceph: stderr
2024-04-30T08:22:40.694+0000 7f1310c00700 1 -- 172.21.15.32:0/4155347655 shutdown_connections
2024-04-30T08:22:41.650 INFO:teuthology.orchestra.run.smithi032.stdout:/usr/bin/ceph: stderr
2024-04-30T08:22:40.694+0000 7f1310c00700 1 --2- 172.21.15.32:0/4155347655 >> [v2:172.21.15.32:3300/0,v1:172.21.15.32:6789/0] conn(0x7f130c109a30 0x7f130c109e40 unknown :-1 s=CLOSED pgs=18 cs=0 l=1 rev1=1 crypto rx=0 tx=0 comp rx=0 tx=0).stop
2024-04-30T08:22:41.650 INFO:teuthology.orchestra.run.smithi032.stdout:/usr/bin/ceph: stderr
2024-04-30T08:22:40.694+0000 7f1310c00700 1 -- 172.21.15.32:0/4155347655 >> 172.21.15.32:0/4155347655 conn(0x7f130c105090 msgr2=0x7f130c107520 unknown :-1 s=STATE_NONE l=0).mark_down
2024-04-30T08:22:41.650 INFO:teuthology.orchestra.run.smithi032.stdout:/usr/bin/ceph: stderr
2024-04-30T08:22:40.694+0000 7f1310c00700 1 -- 172.21.15.32:0/4155347655 shutdown_connections
2024-04-30T08:22:41.650 INFO:teuthology.orchestra.run.smithi032.stdout:/usr/bin/ceph: stderr
2024-04-30T08:22:40.694+0000 7f1310c00700 1 -- 172.21.15.32:0/4155347655 wait complete.
2024-04-30T08:22:41.650 INFO:teuthology.orchestra.run.smithi032.stdout:/usr/bin/ceph: stderr
2024-04-30T08:22:40.695+0000 7f1310c00700 1 Processor -- start
2024-04-30T08:22:41.651 INFO:teuthology.orchestra.run.smithi032.stdout:/usr/bin/ceph: stderr
2024-04-30T08:22:40.695+0000 7f1310c00700 1 -- start start
2024-04-30T08:22:41.651 INFO:teuthology.orchestra.run.smithi032.stdout:/usr/bin/ceph: stderr
2024-04-30T08:22:40.695+0000 7f1310c00700 1 --2- >> [v2:172.21.15.32:3300/0,v1:172.21.15.32:6789/0] conn(0x7f130c109a30 0x7f130c1a0060 unknown :-1 s=NONE pgs=0 cs=0 l=1 rev1=0 crypto rx=0 tx=0 comp rx=0 tx=0).connect
2024-04-30T08:22:41.651 INFO:teuthology.orchestra.run.smithi032.stdout:/usr/bin/ceph: stderr
2024-04-30T08:22:40.695+0000 7f1310c00700 1 -- --> [v2:172.21.15.32:3300/0,v1:172.21.15.32:6789/0] -- mon_getmap magic: 0 -- 0x7f130c10df10 con 0x7f130c109a30
2024-04-30T08:22:41.651 INFO:teuthology.orchestra.run.smithi032.stdout:/usr/bin/ceph: stderr
2024-04-30T08:22:40.696+0000 7f130b400700 1 --2- >> [v2:172.21.15.32:3300/0,v1:172.21.15.32:6789/0] conn(0x7f130c109a30 0x7f130c1a0060 unknown :-1 s=BANNER_CONNECTING pgs=0 cs=0 l=1 rev1=0 crypto rx=0 tx=0 comp rx=0 tx=0)._handle_peer_banner_payload supported=3 required=0
2024-04-30T08:22:41.651 INFO:teuthology.orchestra.run.smithi032.stdout:/usr/bin/ceph: stderr
2024-04-30T08:22:40.696+0000 7f130b400700 1 --2- >> [v2:172.21.15.32:3300/0,v1:172.21.15.32:6789/0] conn(0x7f130c109a30 0x7f130c1a0060 unknown :-1 s=HELLO_CONNECTING pgs=0 cs=0 l=1 rev1=1 crypto rx=0 tx=0 comp rx=0 tx=0).handle_hello peer v2:172.21.15.32:3300/0 says I am v2:172.21.15.32:33602/0 (socket says 172.21.15.32:33602)
2024-04-30T08:22:41.651 INFO:teuthology.orchestra.run.smithi032.stdout:/usr/bin/ceph: stderr
2024-04-30T08:22:40.696+0000 7f130b400700 1 -- 172.21.15.32:0/3005217656 learned_addr learned my addr 172.21.15.32:0/3005217656 (peer_addr_for_me v2:172.21.15.32:0/0)
2024-04-30T08:22:41.651 INFO:teuthology.orchestra.run.smithi032.stdout:/usr/bin/ceph: stderr
2024-04-30T08:22:40.696+0000 7f130b400700 1 -- 172.21.15.32:0/3005217656 --> [v2:172.21.15.32:3300/0,v1:172.21.15.32:6789/0] -- mon_subscribe({config=0+,monmap=0+}) -- 0x7f130c1a05a0 con 0x7f130c109a30
2024-04-30T08:22:41.651 INFO:teuthology.orchestra.run.smithi032.stdout:/usr/bin/ceph: stderr
2024-04-30T08:22:40.696+0000 7f130b400700 1 --2- 172.21.15.32:0/3005217656 >> [v2:172.21.15.32:3300/0,v1:172.21.15.32:6789/0] conn(0x7f130c109a30 0x7f130c1a0060 secure :-1 s=READY pgs=19 cs=0 l=1 rev1=1 crypto rx=0x7f12fc011890 tx=0x7f12fc011970 comp rx=0 tx=0).ready entity=mon.0 client_cookie=0 server_cookie=0 in_seq=0 out_seq=0
2024-04-30T08:22:41.651 INFO:teuthology.orchestra.run.smithi032.stdout:/usr/bin/ceph: stderr
2024-04-30T08:22:40.697+0000 7f1303e00700 1 -- 172.21.15.32:0/3005217656 <== mon.0 v2:172.21.15.32:3300/0 1 ==== mon_map magic: 0 ==== 205+0+0 (secure 0 0 0) 0x7f12fc0039e0 con 0x7f130c109a30
2024-04-30T08:22:41.651 INFO:teuthology.orchestra.run.smithi032.stdout:/usr/bin/ceph: stderr
2024-04-30T08:22:40.697+0000 7f1303e00700 1 -- 172.21.15.32:0/3005217656 <== mon.0 v2:172.21.15.32:3300/0 2 ==== config(26 keys) ==== 1070+0+0 (secure 0 0 0) 0x7f12fc003b80 con 0x7f130c109a30
2024-04-30T08:22:41.651 INFO:teuthology.orchestra.run.smithi032.stdout:/usr/bin/ceph: stderr
2024-04-30T08:22:40.697+0000 7f1310c00700 1 -- 172.21.15.32:0/3005217656 --> [v2:172.21.15.32:3300/0,v1:172.21.15.32:6789/0] -- mon_subscribe({mgrmap=0+}) -- 0x7f130c1a0830 con 0x7f130c109a30
2024-04-30T08:22:41.652 INFO:teuthology.orchestra.run.smithi032.stdout:/usr/bin/ceph: stderr
2024-04-30T08:22:40.697+0000 7f1303e00700 1 -- 172.21.15.32:0/3005217656 <== mon.0 v2:172.21.15.32:3300/0 3 ==== mon_map magic: 0 ==== 205+0+0 (secure 0 0 0) 0x7f12fc0246e0 con 0x7f130c109a30
2024-04-30T08:22:41.652 INFO:teuthology.orchestra.run.smithi032.stdout:/usr/bin/ceph: stderr
2024-04-30T08:22:40.697+0000 7f1310c00700 1 -- 172.21.15.32:0/3005217656 --> [v2:172.21.15.32:3300/0,v1:172.21.15.32:6789/0] -- mon_subscribe({osdmap=0}) -- 0x7f130c1a3440 con 0x7f130c109a30
2024-04-30T08:22:41.652 INFO:teuthology.orchestra.run.smithi032.stdout:/usr/bin/ceph: stderr
2024-04-30T08:22:40.698+0000 7f1310c00700 1 -- 172.21.15.32:0/3005217656 --> [v2:172.21.15.32:3300/0,v1:172.21.15.32:6789/0] -- mon_command({"prefix": "get_command_descriptions"} v 0) -- 0x7f130c064d70 con 0x7f130c109a30
2024-04-30T08:22:41.652 INFO:teuthology.orchestra.run.smithi032.stdout:/usr/bin/ceph: stderr
2024-04-30T08:22:40.698+0000 7f1303e00700 1 -- 172.21.15.32:0/3005217656 <== mon.0 v2:172.21.15.32:3300/0 4 ==== mgrmap(e 3) ==== 49399+0+0 (secure 0 0 0) 0x7f12fc022020 con 0x7f130c109a30
2024-04-30T08:22:41.652 INFO:teuthology.orchestra.run.smithi032.stdout:/usr/bin/ceph: stderr
2024-04-30T08:22:40.699+0000 7f1303e00700 1 --2- 172.21.15.32:0/3005217656 >> [v2:172.21.15.32:6800/464872591,v1:172.21.15.32:6801/464872591] conn(0x7f12f003d450 0x7f12f003f960 unknown :-1 s=NONE pgs=0 cs=0 l=1 rev1=0 crypto rx=0 tx=0 comp rx=0 tx=0).connect
2024-04-30T08:22:41.652 INFO:teuthology.orchestra.run.smithi032.stdout:/usr/bin/ceph: stderr
2024-04-30T08:22:40.699+0000 7f1303e00700 1 -- 172.21.15.32:0/3005217656 <== mon.0 v2:172.21.15.32:3300/0 5 ==== osd_map(1..1 src has 1..1) ==== 725+0+0 (secure 0 0 0) 0x7f12fc051f40 con 0x7f130c109a30
2024-04-30T08:22:41.652 INFO:teuthology.orchestra.run.smithi032.stdout:/usr/bin/ceph: stderr
2024-04-30T08:22:40.699+0000 7f130aa00700 1 --2- 172.21.15.32:0/3005217656 >> [v2:172.21.15.32:6800/464872591,v1:172.21.15.32:6801/464872591] conn(0x7f12f003d450 0x7f12f003f960 unknown :-1 s=BANNER_CONNECTING pgs=0 cs=0 l=1 rev1=0 crypto rx=0 tx=0 comp rx=0 tx=0)._handle_peer_banner_payload supported=3 required=0
2024-04-30T08:22:41.655 INFO:teuthology.orchestra.run.smithi032.stdout:/usr/bin/ceph: stderr
2024-04-30T08:22:40.700+0000 7f130aa00700 1 --2- 172.21.15.32:0/3005217656 >> [v2:172.21.15.32:6800/464872591,v1:172.21.15.32:6801/464872591] conn(0x7f12f003d450 0x7f12f003f960 secure :-1 s=READY pgs=6 cs=0 l=1 rev1=1 crypto rx=0x7f12f8006fd0 tx=0x7f12f8006e40 comp rx=0 tx=0).ready entity=mgr.14100 client_cookie=0 server_cookie=0 in_seq=0 out_seq=0
2024-04-30T08:22:41.655 INFO:teuthology.orchestra.run.smithi032.stdout:/usr/bin/ceph: stderr
2024-04-30T08:22:40.706+0000 7f1303e00700 1 -- 172.21.15.32:0/3005217656 <== mon.0 v2:172.21.15.32:3300/0 6 ==== mon_command_ack([{"prefix": "get_command_descriptions"}]=0 v0) ==== 72+0+188370 (secure 0 0 0) 0x7f12fc0212c0 con 0x7f130c109a30
2024-04-30T08:22:41.655 INFO:teuthology.orchestra.run.smithi032.stdout:/usr/bin/ceph: stderr
2024-04-30T08:22:40.995+0000 7f1303e00700 1 -- 172.21.15.32:0/3005217656 <== mon.0 v2:172.21.15.32:3300/0 7 ==== mgrmap(e 4) ==== 49505+0+0 (secure 0 0 0) 0x7f12fc019c70 con 0x7f130c109a30
2024-04-30T08:22:41.655 INFO:teuthology.orchestra.run.smithi032.stdout:/usr/bin/ceph: stderr
2024-04-30T08:22:41.024+0000 7f1310c00700 1 -- 172.21.15.32:0/3005217656 --> [v2:172.21.15.32:3300/0,v1:172.21.15.32:6789/0] -- mon_command({"prefix": "status", "format": "json-pretty"} v 0) -- 0x7f130c1a3ac0 con 0x7f130c109a30
2024-04-30T08:22:41.655 INFO:teuthology.orchestra.run.smithi032.stdout:/usr/bin/ceph: stderr
2024-04-30T08:22:41.026+0000 7f1303e00700 1 -- 172.21.15.32:0/3005217656 <== mon.0 v2:172.21.15.32:3300/0 8 ==== mon_command_ack([{"prefix": "status", "format": "json-pretty"}]=0 v0) ==== 79+0+1239 (secure 0 0 0) 0x7f12fc017e90 con 0x7f130c109a30
2024-04-30T08:22:41.655 INFO:teuthology.orchestra.run.smithi032.stdout:/usr/bin/ceph: stderr
2024-04-30T08:22:41.029+0000 7f1310c00700 1 -- 172.21.15.32:0/3005217656 >> [v2:172.21.15.32:6800/464872591,v1:172.21.15.32:6801/464872591] conn(0x7f12f003d450 msgr2=0x7f12f003f960 secure :-1 s=STATE_CONNECTION_ESTABLISHED l=1).mark_down
2024-04-30T08:22:41.655 INFO:teuthology.orchestra.run.smithi032.stdout:/usr/bin/ceph: stderr
2024-04-30T08:22:41.029+0000 7f1310c00700 1 --2- 172.21.15.32:0/3005217656 >> [v2:172.21.15.32:6800/464872591,v1:172.21.15.32:6801/464872591] conn(0x7f12f003d450 0x7f12f003f960 secure :-1 s=READY pgs=6 cs=0 l=1 rev1=1 crypto rx=0x7f12f8006fd0 tx=0x7f12f8006e40 comp rx=0 tx=0).stop
2024-04-30T08:22:41.655 INFO:teuthology.orchestra.run.smithi032.stdout:/usr/bin/ceph: stderr
2024-04-30T08:22:41.029+0000 7f1310c00700 1 -- 172.21.15.32:0/3005217656 >> [v2:172.21.15.32:3300/0,v1:172.21.15.32:6789/0] conn(0x7f130c109a30 msgr2=0x7f130c1a0060 secure :-1 s=STATE_CONNECTION_ESTABLISHED l=1).mark_down
2024-04-30T08:22:41.655 INFO:teuthology.orchestra.run.smithi032.stdout:/usr/bin/ceph: stderr
2024-04-30T08:22:41.029+0000 7f1310c00700 1 --2- 172.21.15.32:0/3005217656 >> [v2:172.21.15.32:3300/0,v1:172.21.15.32:6789/0] conn(0x7f130c109a30 0x7f130c1a0060 secure :-1 s=READY pgs=19 cs=0 l=1 rev1=1 crypto rx=0x7f12fc011890 tx=0x7f12fc011970 comp rx=0 tx=0).stop
2024-04-30T08:22:41.656 INFO:teuthology.orchestra.run.smithi032.stdout:/usr/bin/ceph: stderr
2024-04-30T08:22:41.029+0000 7f1310c00700 1 -- 172.21.15.32:0/3005217656 shutdown_connections
2024-04-30T08:22:41.656 INFO:teuthology.orchestra.run.smithi032.stdout:/usr/bin/ceph: stderr
2024-04-30T08:22:41.029+0000 7f1310c00700 1 --2- 172.21.15.32:0/3005217656 >> [v2:172.21.15.32:6800/464872591,v1:172.21.15.32:6801/464872591] conn(0x7f12f003d450 0x7f12f003f960 unknown :-1 s=CLOSED pgs=6 cs=0 l=1 rev1=1 crypto rx=0 tx=0 comp rx=0 tx=0).stop
2024-04-30T08:22:41.656 INFO:teuthology.orchestra.run.smithi032.stdout:/usr/bin/ceph: stderr
2024-04-30T08:22:41.029+0000 7f1310c00700 1 --2- 172.21.15.32:0/3005217656 >> [v2:172.21.15.32:3300/0,v1:172.21.15.32:6789/0] conn(0x7f130c109a30 0x7f130c1a0060 unknown :-1 s=CLOSED pgs=19 cs=0 l=1 rev1=1 crypto rx=0 tx=0 comp rx=0 tx=0).stop
2024-04-30T08:22:41.656 INFO:teuthology.orchestra.run.smithi032.stdout:/usr/bin/ceph: stderr
2024-04-30T08:22:41.029+0000 7f1310c00700 1 -- 172.21.15.32:0/3005217656 >> 172.21.15.32:0/3005217656 conn(0x7f130c105090 msgr2=0x7f130c1059f0 unknown :-1 s=STATE_NONE l=0).mark_down
2024-04-30T08:22:41.656 INFO:teuthology.orchestra.run.smithi032.stdout:/usr/bin/ceph: stderr
2024-04-30T08:22:41.029+0000 7f1310c00700 1 -- 172.21.15.32:0/3005217656 shutdown_connections
2024-04-30T08:22:41.656 INFO:teuthology.orchestra.run.smithi032.stdout:/usr/bin/ceph: stderr
2024-04-30T08:22:41.029+0000 7f1310c00700 1 -- 172.21.15.32:0/3005217656 wait complete.
2024-04-30T08:22:41.656 INFO:teuthology.orchestra.run.smithi032.stdout:mgr is available
2024-04-30T08:22:42.346 INFO:journalctl@ceph.mon.a.smithi032.stdout:Apr 30 08:22:41 smithi032 ceph-mon[28331]: mgrmap e4: x(active, since 2s)
2024-04-30T08:22:42.346 INFO:journalctl@ceph.mon.a.smithi032.stdout:Apr 30 08:22:41 smithi032 ceph-mon[28331]: from='client.? 172.21.15.32:0/3005217656' entity='client.admin' cmd=[{"prefix": "status", "format": "json-pretty"}]: dispatch
2024-04-30T08:22:43.191 INFO:journalctl@ceph.mon.a.smithi032.stdout:Apr 30 08:22:42 smithi032 ceph-mon[28331]: from='client.? 172.21.15.32:0/2290086677' entity='client.admin' cmd=[{"prefix": "config assimilate-conf"}]: dispatch
2024-04-30T08:22:43.262 INFO:teuthology.orchestra.run.smithi032.stdout:/usr/bin/ceph: stdout
2024-04-30T08:22:43.263 INFO:teuthology.orchestra.run.smithi032.stdout:/usr/bin/ceph: stdout [global]
2024-04-30T08:22:43.263 INFO:teuthology.orchestra.run.smithi032.stdout:/usr/bin/ceph: stdout fsid = 98c0a670-06ca-11ef-bc93-c7b262605968
2024-04-30T08:22:43.263 INFO:teuthology.orchestra.run.smithi032.stdout:/usr/bin/ceph: stdout mon_cluster_log_file_level = debug
2024-04-30T08:22:43.263 INFO:teuthology.orchestra.run.smithi032.stdout:/usr/bin/ceph: stdout mon_osd_allow_pg_remap = true
2024-04-30T08:22:43.263 INFO:teuthology.orchestra.run.smithi032.stdout:/usr/bin/ceph: stdout mon_osd_allow_primary_affinity = true
2024-04-30T08:22:43.263 INFO:teuthology.orchestra.run.smithi032.stdout:/usr/bin/ceph: stdout mon_warn_on_no_sortbitwise = false
2024-04-30T08:22:43.263 INFO:teuthology.orchestra.run.smithi032.stdout:/usr/bin/ceph: stdout osd_crush_chooseleaf_type = 0
2024-04-30T08:22:43.263 INFO:teuthology.orchestra.run.smithi032.stdout:/usr/bin/ceph: stdout
2024-04-30T08:22:43.263 INFO:teuthology.orchestra.run.smithi032.stdout:/usr/bin/ceph: stdout [mgr]
2024-04-30T08:22:43.263 INFO:teuthology.orchestra.run.smithi032.stdout:/usr/bin/ceph: stdout mgr/telemetry/nag = false
2024-04-30T08:22:43.263 INFO:teuthology.orchestra.run.smithi032.stdout:/usr/bin/ceph: stdout
2024-04-30T08:22:43.267 INFO:teuthology.orchestra.run.smithi032.stdout:/usr/bin/ceph: stdout [osd]
2024-04-30T08:22:43.267 INFO:teuthology.orchestra.run.smithi032.stdout:/usr/bin/ceph: stdout filestore_flush_min = 0
2024-04-30T08:22:43.267 INFO:teuthology.orchestra.run.smithi032.stdout:/usr/bin/ceph: stdout mon_osd_backfillfull_ratio = 0.85
2024-04-30T08:22:43.267 INFO:teuthology.orchestra.run.smithi032.stdout:/usr/bin/ceph: stdout mon_osd_full_ratio = 0.9
2024-04-30T08:22:43.267 INFO:teuthology.orchestra.run.smithi032.stdout:/usr/bin/ceph: stdout mon_osd_nearfull_ratio = 0.8
2024-04-30T08:22:43.267 INFO:teuthology.orchestra.run.smithi032.stdout:/usr/bin/ceph: stdout osd_map_max_advance = 10
2024-04-30T08:22:43.267 INFO:teuthology.orchestra.run.smithi032.stdout:/usr/bin/ceph: stdout osd_sloppy_crc = true
2024-04-30T08:22:43.267 INFO:teuthology.orchestra.run.smithi032.stdout:/usr/bin/ceph: stderr
2024-04-30T08:22:42.345+0000 7fc9b6600700 1 Processor -- start
2024-04-30T08:22:43.267 INFO:teuthology.orchestra.run.smithi032.stdout:/usr/bin/ceph: stderr
2024-04-30T08:22:42.345+0000 7fc9b6600700 1 -- start start
2024-04-30T08:22:43.268 INFO:teuthology.orchestra.run.smithi032.stdout:/usr/bin/ceph: stderr
2024-04-30T08:22:42.346+0000 7fc9b6600700 1 --2- >> [v2:172.21.15.32:3300/0,v1:172.21.15.32:6789/0] conn(0x7fc9b0109ce0 0x7fc9b010a0f0 unknown :-1 s=NONE pgs=0 cs=0 l=0 rev1=0 crypto rx=0 tx=0 comp rx=0 tx=0).connect
2024-04-30T08:22:43.268 INFO:teuthology.orchestra.run.smithi032.stdout:/usr/bin/ceph: stderr
2024-04-30T08:22:42.346+0000 7fc9b6600700 1 -- --> [v2:172.21.15.32:3300/0,v1:172.21.15.32:6789/0] -- mon_getmap magic: 0 -- 0x7fc9b010a6e0 con 0x7fc9b0109ce0
2024-04-30T08:22:43.268 INFO:teuthology.orchestra.run.smithi032.stdout:/usr/bin/ceph: stderr
2024-04-30T08:22:42.346+0000 7fc9af400700 1 --2- >> [v2:172.21.15.32:3300/0,v1:172.21.15.32:6789/0] conn(0x7fc9b0109ce0 0x7fc9b010a0f0 unknown :-1 s=BANNER_CONNECTING pgs=0 cs=0 l=0 rev1=0 crypto rx=0 tx=0 comp rx=0 tx=0)._handle_peer_banner_payload supported=3 required=0
2024-04-30T08:22:43.268 INFO:teuthology.orchestra.run.smithi032.stdout:/usr/bin/ceph: stderr
2024-04-30T08:22:42.346+0000 7fc9af400700 1 --2- >> [v2:172.21.15.32:3300/0,v1:172.21.15.32:6789/0] conn(0x7fc9b0109ce0 0x7fc9b010a0f0 unknown :-1 s=HELLO_CONNECTING pgs=0 cs=0 l=0 rev1=1 crypto rx=0 tx=0 comp rx=0 tx=0).handle_hello peer v2:172.21.15.32:3300/0 says I am v2:172.21.15.32:33612/0 (socket says 172.21.15.32:33612)
2024-04-30T08:22:43.268 INFO:teuthology.orchestra.run.smithi032.stdout:/usr/bin/ceph: stderr
2024-04-30T08:22:42.346+0000 7fc9af400700 1 -- 172.21.15.32:0/3710783900 learned_addr learned my addr 172.21.15.32:0/3710783900 (peer_addr_for_me v2:172.21.15.32:0/0)
2024-04-30T08:22:43.268 INFO:teuthology.orchestra.run.smithi032.stdout:/usr/bin/ceph: stderr
2024-04-30T08:22:42.347+0000 7fc9af400700 1 -- 172.21.15.32:0/3710783900 --> [v2:172.21.15.32:3300/0,v1:172.21.15.32:6789/0] -- mon_subscribe({config=0+,monmap=0+}) -- 0x7fc9b010adc0 con 0x7fc9b0109ce0
2024-04-30T08:22:43.268 INFO:teuthology.orchestra.run.smithi032.stdout:/usr/bin/ceph: stderr
2024-04-30T08:22:42.347+0000 7fc9af400700 1 --2- 172.21.15.32:0/3710783900 >> [v2:172.21.15.32:3300/0,v1:172.21.15.32:6789/0] conn(0x7fc9b0109ce0 0x7fc9b010a0f0 secure :-1 s=READY pgs=20 cs=0 l=1 rev1=1 crypto rx=0x7fc9a00098a0 tx=0x7fc9a0009bb0 comp rx=0 tx=0).ready entity=mon.0 client_cookie=b05afa05083f9688 server_cookie=0 in_seq=0 out_seq=0
2024-04-30T08:22:43.268 INFO:teuthology.orchestra.run.smithi032.stdout:/usr/bin/ceph: stderr
2024-04-30T08:22:42.347+0000 7fc9aea00700 1 -- 172.21.15.32:0/3710783900 <== mon.0 v2:172.21.15.32:3300/0 1 ==== mon_map magic: 0 ==== 205+0+0 (secure 0 0 0) 0x7fc9a0004160 con 0x7fc9b0109ce0
2024-04-30T08:22:43.268 INFO:teuthology.orchestra.run.smithi032.stdout:/usr/bin/ceph: stderr
2024-04-30T08:22:42.347+0000 7fc9aea00700 1 -- 172.21.15.32:0/3710783900 <== mon.0 v2:172.21.15.32:3300/0 2 ==== config(26 keys) ==== 1070+0+0 (secure 0 0 0) 0x7fc9a0004300 con 0x7fc9b0109ce0
2024-04-30T08:22:43.268 INFO:teuthology.orchestra.run.smithi032.stdout:/usr/bin/ceph: stderr
2024-04-30T08:22:42.347+0000 7fc9aea00700 1 -- 172.21.15.32:0/3710783900 <== mon.0 v2:172.21.15.32:3300/0 3 ==== mon_map magic: 0 ==== 205+0+0 (secure 0 0 0) 0x7fc9a0011af0 con 0x7fc9b0109ce0
2024-04-30T08:22:43.268 INFO:teuthology.orchestra.run.smithi032.stdout:/usr/bin/ceph: stderr
2024-04-30T08:22:42.348+0000 7fc9b6600700 1 -- 172.21.15.32:0/3710783900 >> [v2:172.21.15.32:3300/0,v1:172.21.15.32:6789/0] conn(0x7fc9b0109ce0 msgr2=0x7fc9b010a0f0 secure :-1 s=STATE_CONNECTION_ESTABLISHED l=1).mark_down
2024-04-30T08:22:43.268 INFO:teuthology.orchestra.run.smithi032.stdout:/usr/bin/ceph: stderr
2024-04-30T08:22:42.348+0000 7fc9b6600700 1 --2- 172.21.15.32:0/3710783900 >> [v2:172.21.15.32:3300/0,v1:172.21.15.32:6789/0] conn(0x7fc9b0109ce0 0x7fc9b010a0f0 secure :-1 s=READY pgs=20 cs=0 l=1 rev1=1 crypto rx=0x7fc9a00098a0 tx=0x7fc9a0009bb0 comp rx=0 tx=0).stop
2024-04-30T08:22:43.268 INFO:teuthology.orchestra.run.smithi032.stdout:/usr/bin/ceph: stderr
2024-04-30T08:22:42.348+0000 7fc9b6600700 1 -- 172.21.15.32:0/3710783900 shutdown_connections
2024-04-30T08:22:43.269 INFO:teuthology.orchestra.run.smithi032.stdout:/usr/bin/ceph: stderr
2024-04-30T08:22:42.348+0000 7fc9b6600700 1 --2- 172.21.15.32:0/3710783900 >> [v2:172.21.15.32:3300/0,v1:172.21.15.32:6789/0] conn(0x7fc9b0109ce0 0x7fc9b010a0f0 unknown :-1 s=CLOSED pgs=20 cs=0 l=1 rev1=1 crypto rx=0 tx=0 comp rx=0 tx=0).stop
2024-04-30T08:22:43.269 INFO:teuthology.orchestra.run.smithi032.stdout:/usr/bin/ceph: stderr
2024-04-30T08:22:42.348+0000 7fc9b6600700 1 -- 172.21.15.32:0/3710783900 >> 172.21.15.32:0/3710783900 conn(0x7fc9b0105300 msgr2=0x7fc9b01077d0 unknown :-1 s=STATE_NONE l=0).mark_down
2024-04-30T08:22:43.269 INFO:teuthology.orchestra.run.smithi032.stdout:/usr/bin/ceph: stderr
2024-04-30T08:22:42.349+0000 7fc9b6600700 1 -- 172.21.15.32:0/3710783900 shutdown_connections
2024-04-30T08:22:43.269 INFO:teuthology.orchestra.run.smithi032.stdout:/usr/bin/ceph: stderr
2024-04-30T08:22:42.349+0000 7fc9b6600700 1 -- 172.21.15.32:0/3710783900 wait complete.
2024-04-30T08:22:43.269 INFO:teuthology.orchestra.run.smithi032.stdout:/usr/bin/ceph: stderr
2024-04-30T08:22:42.350+0000 7fc9b6600700 1 Processor -- start
2024-04-30T08:22:43.269 INFO:teuthology.orchestra.run.smithi032.stdout:/usr/bin/ceph: stderr
2024-04-30T08:22:42.350+0000 7fc9b6600700 1 -- start start
2024-04-30T08:22:43.269 INFO:teuthology.orchestra.run.smithi032.stdout:/usr/bin/ceph: stderr
2024-04-30T08:22:42.350+0000 7fc9b6600700 1 --2- >> [v2:172.21.15.32:3300/0,v1:172.21.15.32:6789/0] conn(0x7fc9b0109ce0 0x7fc9b019e090 unknown :-1 s=NONE pgs=0 cs=0 l=1 rev1=0 crypto rx=0 tx=0 comp rx=0 tx=0).connect
2024-04-30T08:22:43.269 INFO:teuthology.orchestra.run.smithi032.stdout:/usr/bin/ceph: stderr
2024-04-30T08:22:42.350+0000 7fc9b6600700 1 -- --> [v2:172.21.15.32:3300/0,v1:172.21.15.32:6789/0] -- mon_getmap magic: 0 -- 0x7fc9b010e170 con 0x7fc9b0109ce0
2024-04-30T08:22:43.269 INFO:teuthology.orchestra.run.smithi032.stdout:/usr/bin/ceph: stderr
2024-04-30T08:22:42.351+0000 7fc9af400700 1 --2- >> [v2:172.21.15.32:3300/0,v1:172.21.15.32:6789/0] conn(0x7fc9b0109ce0 0x7fc9b019e090 unknown :-1 s=BANNER_CONNECTING pgs=0 cs=0 l=1 rev1=0 crypto rx=0 tx=0 comp rx=0 tx=0)._handle_peer_banner_payload supported=3 required=0
2024-04-30T08:22:43.269 INFO:teuthology.orchestra.run.smithi032.stdout:/usr/bin/ceph: stderr
2024-04-30T08:22:42.351+0000 7fc9af400700 1 --2- >> [v2:172.21.15.32:3300/0,v1:172.21.15.32:6789/0] conn(0x7fc9b0109ce0 0x7fc9b019e090 unknown :-1 s=HELLO_CONNECTING pgs=0 cs=0 l=1 rev1=1 crypto rx=0 tx=0 comp rx=0 tx=0).handle_hello peer v2:172.21.15.32:3300/0 says I am v2:172.21.15.32:33620/0 (socket says 172.21.15.32:33620)
2024-04-30T08:22:43.269 INFO:teuthology.orchestra.run.smithi032.stdout:/usr/bin/ceph: stderr
2024-04-30T08:22:42.351+0000 7fc9af400700 1 -- 172.21.15.32:0/2290086677 learned_addr learned my addr 172.21.15.32:0/2290086677 (peer_addr_for_me v2:172.21.15.32:0/0)
2024-04-30T08:22:43.269 INFO:teuthology.orchestra.run.smithi032.stdout:/usr/bin/ceph: stderr
2024-04-30T08:22:42.351+0000 7fc9af400700 1 -- 172.21.15.32:0/2290086677 --> [v2:172.21.15.32:3300/0,v1:172.21.15.32:6789/0] -- mon_subscribe({config=0+,monmap=0+}) -- 0x7fc9b019e5d0 con 0x7fc9b0109ce0
2024-04-30T08:22:43.269 INFO:teuthology.orchestra.run.smithi032.stdout:/usr/bin/ceph: stderr
2024-04-30T08:22:42.351+0000 7fc9af400700 1 --2- 172.21.15.32:0/2290086677 >> [v2:172.21.15.32:3300/0,v1:172.21.15.32:6789/0] conn(0x7fc9b0109ce0 0x7fc9b019e090 secure :-1 s=READY pgs=21 cs=0 l=1 rev1=1 crypto rx=0x7fc9a0011890 tx=0x7fc9a0011970 comp rx=0 tx=0).ready entity=mon.0 client_cookie=0 server_cookie=0 in_seq=0 out_seq=0
2024-04-30T08:22:43.272 INFO:teuthology.orchestra.run.smithi032.stdout:/usr/bin/ceph: stderr
2024-04-30T08:22:42.352+0000 7fc9acc00700 1 -- 172.21.15.32:0/2290086677 <== mon.0 v2:172.21.15.32:3300/0 1 ==== mon_map magic: 0 ==== 205+0+0 (secure 0 0 0) 0x7fc9a00039e0 con 0x7fc9b0109ce0
2024-04-30T08:22:43.272 INFO:teuthology.orchestra.run.smithi032.stdout:/usr/bin/ceph: stderr
2024-04-30T08:22:42.352+0000 7fc9acc00700 1 -- 172.21.15.32:0/2290086677 <== mon.0 v2:172.21.15.32:3300/0 2 ==== config(26 keys) ==== 1070+0+0 (secure 0 0 0) 0x7fc9a0003b80 con 0x7fc9b0109ce0
2024-04-30T08:22:43.272 INFO:teuthology.orchestra.run.smithi032.stdout:/usr/bin/ceph: stderr
2024-04-30T08:22:42.352+0000 7fc9acc00700 1 -- 172.21.15.32:0/2290086677 <== mon.0 v2:172.21.15.32:3300/0 3 ==== mon_map magic: 0 ==== 205+0+0 (secure 0 0 0) 0x7fc9a00246e0 con 0x7fc9b0109ce0
2024-04-30T08:22:43.272 INFO:teuthology.orchestra.run.smithi032.stdout:/usr/bin/ceph: stderr
2024-04-30T08:22:42.352+0000 7fc9b6600700 1 -- 172.21.15.32:0/2290086677 --> [v2:172.21.15.32:3300/0,v1:172.21.15.32:6789/0] -- mon_subscribe({mgrmap=0+}) -- 0x7fc9b019e860 con 0x7fc9b0109ce0
2024-04-30T08:22:43.272 INFO:teuthology.orchestra.run.smithi032.stdout:/usr/bin/ceph: stderr
2024-04-30T08:22:42.352+0000 7fc9b6600700 1 -- 172.21.15.32:0/2290086677 --> [v2:172.21.15.32:3300/0,v1:172.21.15.32:6789/0] -- mon_subscribe({osdmap=0}) -- 0x7fc9b01a1470 con 0x7fc9b0109ce0
2024-04-30T08:22:43.272 INFO:teuthology.orchestra.run.smithi032.stdout:/usr/bin/ceph: stderr
2024-04-30T08:22:42.353+0000 7fc9b6600700 1 -- 172.21.15.32:0/2290086677 --> [v2:172.21.15.32:3300/0,v1:172.21.15.32:6789/0] -- mon_command({"prefix": "get_command_descriptions"} v 0) -- 0x7fc9b0064d70 con 0x7fc9b0109ce0
2024-04-30T08:22:43.272 INFO:teuthology.orchestra.run.smithi032.stdout:/usr/bin/ceph: stderr
2024-04-30T08:22:42.353+0000 7fc9acc00700 1 -- 172.21.15.32:0/2290086677 <== mon.0 v2:172.21.15.32:3300/0 4 ==== mgrmap(e 4) ==== 49505+0+0 (secure 0 0 0) 0x7fc9a0022020 con 0x7fc9b0109ce0
2024-04-30T08:22:43.272 INFO:teuthology.orchestra.run.smithi032.stdout:/usr/bin/ceph: stderr
2024-04-30T08:22:42.354+0000 7fc9acc00700 1 --2- 172.21.15.32:0/2290086677 >> [v2:172.21.15.32:6800/464872591,v1:172.21.15.32:6801/464872591] conn(0x7fc99403d570 0x7fc99403fa80 unknown :-1 s=NONE pgs=0 cs=0 l=1 rev1=0 crypto rx=0 tx=0 comp rx=0 tx=0).connect
2024-04-30T08:22:43.273 INFO:teuthology.orchestra.run.smithi032.stdout:/usr/bin/ceph: stderr
2024-04-30T08:22:42.354+0000 7fc9acc00700 1 -- 172.21.15.32:0/2290086677 <== mon.0 v2:172.21.15.32:3300/0 5 ==== osd_map(1..1 src has 1..1) ==== 725+0+0 (secure 0 0 0) 0x7fc9a0052170 con 0x7fc9b0109ce0
2024-04-30T08:22:43.273 INFO:teuthology.orchestra.run.smithi032.stdout:/usr/bin/ceph: stderr
2024-04-30T08:22:42.354+0000 7fc9a6a00700 1 --2- 172.21.15.32:0/2290086677 >> [v2:172.21.15.32:6800/464872591,v1:172.21.15.32:6801/464872591] conn(0x7fc99403d570 0x7fc99403fa80 unknown :-1 s=BANNER_CONNECTING pgs=0 cs=0 l=1 rev1=0 crypto rx=0 tx=0 comp rx=0 tx=0)._handle_peer_banner_payload supported=3 required=0
2024-04-30T08:22:43.273 INFO:teuthology.orchestra.run.smithi032.stdout:/usr/bin/ceph: stderr
2024-04-30T08:22:42.355+0000 7fc9a6a00700 1 --2- 172.21.15.32:0/2290086677 >> [v2:172.21.15.32:6800/464872591,v1:172.21.15.32:6801/464872591] conn(0x7fc99403d570 0x7fc99403fa80 secure :-1 s=READY pgs=7 cs=0 l=1 rev1=1 crypto rx=0x7fc99800ad30 tx=0x7fc9980093f0 comp rx=0 tx=0).ready entity=mgr.14100 client_cookie=0 server_cookie=0 in_seq=0 out_seq=0
2024-04-30T08:22:43.273 INFO:teuthology.orchestra.run.smithi032.stdout:/usr/bin/ceph: stderr
2024-04-30T08:22:42.360+0000 7fc9acc00700 1 -- 172.21.15.32:0/2290086677 <== mon.0 v2:172.21.15.32:3300/0 6 ==== mon_command_ack([{"prefix": "get_command_descriptions"}]=0 v0) ==== 72+0+188370 (secure 0 0 0) 0x7fc9a00212c0 con 0x7fc9b0109ce0
2024-04-30T08:22:43.273 INFO:teuthology.orchestra.run.smithi032.stdout:/usr/bin/ceph: stderr
2024-04-30T08:22:42.592+0000 7fc9b6600700 1 -- 172.21.15.32:0/2290086677 --> [v2:172.21.15.32:3300/0,v1:172.21.15.32:6789/0] -- mon_command({"prefix": "config assimilate-conf"} v 0) -- 0x7fc9b01a2c70 con 0x7fc9b0109ce0
2024-04-30T08:22:43.273 INFO:teuthology.orchestra.run.smithi032.stdout:/usr/bin/ceph: stderr
2024-04-30T08:22:42.595+0000 7fc9acc00700 1 -- 172.21.15.32:0/2290086677 <== mon.0 v2:172.21.15.32:3300/0 7 ==== mon_command_ack([{"prefix": "config assimilate-conf"}]=0 v3) ==== 70+0+434 (secure 0 0 0) 0x7fc9a00094f0 con 0x7fc9b0109ce0
2024-04-30T08:22:43.273 INFO:teuthology.orchestra.run.smithi032.stdout:/usr/bin/ceph: stderr
2024-04-30T08:22:42.599+0000 7fc9b6600700 1 -- 172.21.15.32:0/2290086677 >> [v2:172.21.15.32:6800/464872591,v1:172.21.15.32:6801/464872591] conn(0x7fc99403d570 msgr2=0x7fc99403fa80 secure :-1 s=STATE_CONNECTION_ESTABLISHED l=1).mark_down
2024-04-30T08:22:43.273 INFO:teuthology.orchestra.run.smithi032.stdout:/usr/bin/ceph: stderr
2024-04-30T08:22:42.599+0000 7fc9b6600700 1 --2- 172.21.15.32:0/2290086677 >> [v2:172.21.15.32:6800/464872591,v1:172.21.15.32:6801/464872591] conn(0x7fc99403d570 0x7fc99403fa80 secure :-1 s=READY pgs=7 cs=0 l=1 rev1=1 crypto rx=0x7fc99800ad30 tx=0x7fc9980093f0 comp rx=0 tx=0).stop
2024-04-30T08:22:43.273 INFO:teuthology.orchestra.run.smithi032.stdout:/usr/bin/ceph: stderr
2024-04-30T08:22:42.599+0000 7fc9b6600700 1 -- 172.21.15.32:0/2290086677 >> [v2:172.21.15.32:3300/0,v1:172.21.15.32:6789/0] conn(0x7fc9b0109ce0 msgr2=0x7fc9b019e090 secure :-1 s=STATE_CONNECTION_ESTABLISHED l=1).mark_down
2024-04-30T08:22:43.273 INFO:teuthology.orchestra.run.smithi032.stdout:/usr/bin/ceph: stderr
2024-04-30T08:22:42.599+0000 7fc9b6600700 1 --2- 172.21.15.32:0/2290086677 >> [v2:172.21.15.32:3300/0,v1:172.21.15.32:6789/0] conn(0x7fc9b0109ce0 0x7fc9b019e090 secure :-1 s=READY pgs=21 cs=0 l=1 rev1=1 crypto rx=0x7fc9a0011890 tx=0x7fc9a0011970 comp rx=0 tx=0).stop
2024-04-30T08:22:43.273 INFO:teuthology.orchestra.run.smithi032.stdout:/usr/bin/ceph: stderr
2024-04-30T08:22:42.600+0000 7fc9b6600700 1 -- 172.21.15.32:0/2290086677 shutdown_connections
2024-04-30T08:22:43.273 INFO:teuthology.orchestra.run.smithi032.stdout:/usr/bin/ceph: stderr
2024-04-30T08:22:42.600+0000 7fc9b6600700 1 --2- 172.21.15.32:0/2290086677 >> [v2:172.21.15.32:6800/464872591,v1:172.21.15.32:6801/464872591] conn(0x7fc99403d570 0x7fc99403fa80 unknown :-1 s=CLOSED pgs=7 cs=0 l=1 rev1=1 crypto rx=0 tx=0 comp rx=0 tx=0).stop
2024-04-30T08:22:43.273 INFO:teuthology.orchestra.run.smithi032.stdout:/usr/bin/ceph: stderr
2024-04-30T08:22:42.600+0000 7fc9b6600700 1 --2- 172.21.15.32:0/2290086677 >> [v2:172.21.15.32:3300/0,v1:172.21.15.32:6789/0] conn(0x7fc9b0109ce0 0x7fc9b019e090 unknown :-1 s=CLOSED pgs=21 cs=0 l=1 rev1=1 crypto rx=0 tx=0 comp rx=0 tx=0).stop
2024-04-30T08:22:43.273 INFO:teuthology.orchestra.run.smithi032.stdout:/usr/bin/ceph: stderr
2024-04-30T08:22:42.600+0000 7fc9b6600700 1 -- 172.21.15.32:0/2290086677 >> 172.21.15.32:0/2290086677 conn(0x7fc9b0105300 msgr2=0x7fc9b0105cd0 unknown :-1 s=STATE_NONE l=0).mark_down
2024-04-30T08:22:43.274 INFO:teuthology.orchestra.run.smithi032.stdout:/usr/bin/ceph: stderr
2024-04-30T08:22:42.600+0000 7fc9b6600700 1 -- 172.21.15.32:0/2290086677 shutdown_connections
2024-04-30T08:22:43.274 INFO:teuthology.orchestra.run.smithi032.stdout:/usr/bin/ceph: stderr
2024-04-30T08:22:42.600+0000 7fc9b6600700 1 -- 172.21.15.32:0/2290086677 wait complete.
2024-04-30T08:22:43.274 INFO:teuthology.orchestra.run.smithi032.stdout:Enabling cephadm module...
2024-04-30T08:22:44.685 INFO:journalctl@ceph.mon.a.smithi032.stdout:Apr 30 08:22:44 smithi032 ceph-mon[28331]: from='client.? 172.21.15.32:0/2377468883' entity='client.admin' cmd=[{"prefix": "mgr module enable", "module": "cephadm"}]: dispatch
2024-04-30T08:22:44.686 INFO:journalctl@ceph.mgr.x.smithi032.stdout:Apr 30 08:22:44 smithi032 ceph-98c0a670-06ca-11ef-bc93-c7b262605968-mgr-x[28571]: ignoring --setuser ceph since I am not root
2024-04-30T08:22:44.686 INFO:journalctl@ceph.mgr.x.smithi032.stdout:Apr 30 08:22:44 smithi032 ceph-98c0a670-06ca-11ef-bc93-c7b262605968-mgr-x[28571]: ignoring --setgroup ceph since I am not root
2024-04-30T08:22:44.686 INFO:journalctl@ceph.mgr.x.smithi032.stdout:Apr 30 08:22:44 smithi032 ceph-98c0a670-06ca-11ef-bc93-c7b262605968-mgr-x[28571]:
2024-04-30T08:22:44.684+0000 7fe058216200 -1 mgr[py] Module balancer has missing NOTIFY_TYPES member
2024-04-30T08:22:45.015 INFO:teuthology.orchestra.run.smithi032.stdout:/usr/bin/ceph: stderr
2024-04-30T08:22:43.937+0000 7f518e000700 1 Processor -- start
2024-04-30T08:22:45.016 INFO:teuthology.orchestra.run.smithi032.stdout:/usr/bin/ceph: stderr
2024-04-30T08:22:43.937+0000 7f518e000700 1 -- start start
2024-04-30T08:22:45.016 INFO:teuthology.orchestra.run.smithi032.stdout:/usr/bin/ceph: stderr
2024-04-30T08:22:43.938+0000 7f518e000700 1 --2- >> [v2:172.21.15.32:3300/0,v1:172.21.15.32:6789/0] conn(0x7f5188109c80 0x7f518810a090 unknown :-1 s=NONE pgs=0 cs=0 l=0 rev1=0 crypto rx=0 tx=0 comp rx=0 tx=0).connect
2024-04-30T08:22:45.016 INFO:teuthology.orchestra.run.smithi032.stdout:/usr/bin/ceph: stderr
2024-04-30T08:22:43.938+0000 7f518e000700 1 -- --> [v2:172.21.15.32:3300/0,v1:172.21.15.32:6789/0] -- mon_getmap magic: 0 -- 0x7f518810a680 con 0x7f5188109c80
2024-04-30T08:22:45.016 INFO:teuthology.orchestra.run.smithi032.stdout:/usr/bin/ceph: stderr
2024-04-30T08:22:43.938+0000 7f5187400700 1 --2- >> [v2:172.21.15.32:3300/0,v1:172.21.15.32:6789/0] conn(0x7f5188109c80 0x7f518810a090 unknown :-1 s=BANNER_CONNECTING pgs=0 cs=0 l=0 rev1=0 crypto rx=0 tx=0 comp rx=0 tx=0)._handle_peer_banner_payload supported=3 required=0
2024-04-30T08:22:45.016 INFO:teuthology.orchestra.run.smithi032.stdout:/usr/bin/ceph: stderr
2024-04-30T08:22:43.938+0000 7f5187400700 1 --2- >> [v2:172.21.15.32:3300/0,v1:172.21.15.32:6789/0] conn(0x7f5188109c80 0x7f518810a090 unknown :-1 s=HELLO_CONNECTING pgs=0 cs=0 l=0 rev1=1 crypto rx=0 tx=0 comp rx=0 tx=0).handle_hello peer v2:172.21.15.32:3300/0 says I am v2:172.21.15.32:33630/0 (socket says 172.21.15.32:33630)
2024-04-30T08:22:45.016 INFO:teuthology.orchestra.run.smithi032.stdout:/usr/bin/ceph: stderr
2024-04-30T08:22:43.938+0000 7f5187400700 1 -- 172.21.15.32:0/3703172588 learned_addr learned my addr 172.21.15.32:0/3703172588 (peer_addr_for_me v2:172.21.15.32:0/0)
2024-04-30T08:22:45.016 INFO:teuthology.orchestra.run.smithi032.stdout:/usr/bin/ceph: stderr
2024-04-30T08:22:43.939+0000 7f5187400700 1 -- 172.21.15.32:0/3703172588 --> [v2:172.21.15.32:3300/0,v1:172.21.15.32:6789/0] -- mon_subscribe({config=0+,monmap=0+}) -- 0x7f518810adb0 con 0x7f5188109c80
2024-04-30T08:22:45.016 INFO:teuthology.orchestra.run.smithi032.stdout:/usr/bin/ceph: stderr
2024-04-30T08:22:43.939+0000 7f5187400700 1 --2- 172.21.15.32:0/3703172588 >> [v2:172.21.15.32:3300/0,v1:172.21.15.32:6789/0] conn(0x7f5188109c80 0x7f518810a090 secure :-1 s=READY pgs=22 cs=0 l=1 rev1=1 crypto rx=0x7f51780098a0 tx=0x7f5178009bb0 comp rx=0 tx=0).ready entity=mon.0 client_cookie=828d90dd2e0f4857 server_cookie=0 in_seq=0 out_seq=0
2024-04-30T08:22:45.016 INFO:teuthology.orchestra.run.smithi032.stdout:/usr/bin/ceph: stderr
2024-04-30T08:22:43.939+0000 7f5186000700 1 -- 172.21.15.32:0/3703172588 <== mon.0 v2:172.21.15.32:3300/0 1 ==== mon_map magic: 0 ==== 205+0+0 (secure 0 0 0) 0x7f5178004160 con 0x7f5188109c80
2024-04-30T08:22:45.016 INFO:teuthology.orchestra.run.smithi032.stdout:/usr/bin/ceph: stderr
2024-04-30T08:22:43.940+0000 7f5186000700 1 -- 172.21.15.32:0/3703172588 <== mon.0 v2:172.21.15.32:3300/0 2 ==== config(26 keys) ==== 1070+0+0 (secure 0 0 0) 0x7f5178004300 con 0x7f5188109c80
2024-04-30T08:22:45.016 INFO:teuthology.orchestra.run.smithi032.stdout:/usr/bin/ceph: stderr
2024-04-30T08:22:43.940+0000 7f5186000700 1 -- 172.21.15.32:0/3703172588 <== mon.0 v2:172.21.15.32:3300/0 3 ==== mon_map magic: 0 ==== 205+0+0 (secure 0 0 0) 0x7f5178011af0 con 0x7f5188109c80
2024-04-30T08:22:45.017 INFO:teuthology.orchestra.run.smithi032.stdout:/usr/bin/ceph: stderr
2024-04-30T08:22:43.940+0000 7f518e000700 1 -- 172.21.15.32:0/3703172588 >> [v2:172.21.15.32:3300/0,v1:172.21.15.32:6789/0] conn(0x7f5188109c80 msgr2=0x7f518810a090 secure :-1 s=STATE_CONNECTION_ESTABLISHED l=1).mark_down
2024-04-30T08:22:45.017 INFO:teuthology.orchestra.run.smithi032.stdout:/usr/bin/ceph: stderr
2024-04-30T08:22:43.940+0000 7f518e000700 1 --2- 172.21.15.32:0/3703172588 >> [v2:172.21.15.32:3300/0,v1:172.21.15.32:6789/0] conn(0x7f5188109c80 0x7f518810a090 secure :-1 s=READY pgs=22 cs=0 l=1 rev1=1 crypto rx=0x7f51780098a0 tx=0x7f5178009bb0 comp rx=0 tx=0).stop
2024-04-30T08:22:45.017 INFO:teuthology.orchestra.run.smithi032.stdout:/usr/bin/ceph: stderr
2024-04-30T08:22:43.941+0000 7f518e000700 1 -- 172.21.15.32:0/3703172588 shutdown_connections
2024-04-30T08:22:45.017 INFO:teuthology.orchestra.run.smithi032.stdout:/usr/bin/ceph: stderr
2024-04-30T08:22:43.941+0000 7f518e000700 1 --2- 172.21.15.32:0/3703172588 >> [v2:172.21.15.32:3300/0,v1:172.21.15.32:6789/0] conn(0x7f5188109c80 0x7f518810a090 unknown :-1 s=CLOSED pgs=22 cs=0 l=1 rev1=1 crypto rx=0 tx=0 comp rx=0 tx=0).stop
2024-04-30T08:22:45.017 INFO:teuthology.orchestra.run.smithi032.stdout:/usr/bin/ceph: stderr
2024-04-30T08:22:43.941+0000 7f518e000700 1 -- 172.21.15.32:0/3703172588 >> 172.21.15.32:0/3703172588 conn(0x7f5188105300 msgr2=0x7f5188107770 unknown :-1 s=STATE_NONE l=0).mark_down
2024-04-30T08:22:45.017 INFO:teuthology.orchestra.run.smithi032.stdout:/usr/bin/ceph: stderr
2024-04-30T08:22:43.941+0000 7f518e000700 1 -- 172.21.15.32:0/3703172588 shutdown_connections
2024-04-30T08:22:45.017 INFO:teuthology.orchestra.run.smithi032.stdout:/usr/bin/ceph: stderr
2024-04-30T08:22:43.941+0000 7f518e000700 1 -- 172.21.15.32:0/3703172588 wait complete.
2024-04-30T08:22:45.017 INFO:teuthology.orchestra.run.smithi032.stdout:/usr/bin/ceph: stderr
2024-04-30T08:22:43.942+0000 7f518e000700 1 Processor -- start
2024-04-30T08:22:45.017 INFO:teuthology.orchestra.run.smithi032.stdout:/usr/bin/ceph: stderr
2024-04-30T08:22:43.942+0000 7f518e000700 1 -- start start
2024-04-30T08:22:45.017 INFO:teuthology.orchestra.run.smithi032.stdout:/usr/bin/ceph: stderr
2024-04-30T08:22:43.942+0000 7f518e000700 1 --2- >> [v2:172.21.15.32:3300/0,v1:172.21.15.32:6789/0] conn(0x7f5188109c80 0x7f51881a01e0 unknown :-1 s=NONE pgs=0 cs=0 l=1 rev1=0 crypto rx=0 tx=0 comp rx=0 tx=0).connect
2024-04-30T08:22:45.017 INFO:teuthology.orchestra.run.smithi032.stdout:/usr/bin/ceph: stderr
2024-04-30T08:22:43.942+0000 7f518e000700 1 -- --> [v2:172.21.15.32:3300/0,v1:172.21.15.32:6789/0] -- mon_getmap magic: 0 -- 0x7f518810dfe0 con 0x7f5188109c80
2024-04-30T08:22:45.017 INFO:teuthology.orchestra.run.smithi032.stdout:/usr/bin/ceph: stderr
2024-04-30T08:22:43.943+0000 7f5187400700 1 --2- >> [v2:172.21.15.32:3300/0,v1:172.21.15.32:6789/0] conn(0x7f5188109c80 0x7f51881a01e0 unknown :-1 s=BANNER_CONNECTING pgs=0 cs=0 l=1 rev1=0 crypto rx=0 tx=0 comp rx=0 tx=0)._handle_peer_banner_payload supported=3 required=0
2024-04-30T08:22:45.018 INFO:teuthology.orchestra.run.smithi032.stdout:/usr/bin/ceph: stderr
2024-04-30T08:22:43.943+0000 7f5187400700 1 --2- >> [v2:172.21.15.32:3300/0,v1:172.21.15.32:6789/0] conn(0x7f5188109c80 0x7f51881a01e0 unknown :-1 s=HELLO_CONNECTING pgs=0 cs=0 l=1 rev1=1 crypto rx=0 tx=0 comp rx=0 tx=0).handle_hello peer v2:172.21.15.32:3300/0 says I am v2:172.21.15.32:33642/0 (socket says 172.21.15.32:33642)
2024-04-30T08:22:45.018 INFO:teuthology.orchestra.run.smithi032.stdout:/usr/bin/ceph: stderr
2024-04-30T08:22:43.943+0000 7f5187400700 1 -- 172.21.15.32:0/2377468883 learned_addr learned my addr 172.21.15.32:0/2377468883 (peer_addr_for_me v2:172.21.15.32:0/0)
2024-04-30T08:22:45.018 INFO:teuthology.orchestra.run.smithi032.stdout:/usr/bin/ceph: stderr
2024-04-30T08:22:43.943+0000 7f5187400700 1 -- 172.21.15.32:0/2377468883 --> [v2:172.21.15.32:3300/0,v1:172.21.15.32:6789/0] -- mon_subscribe({config=0+,monmap=0+}) -- 0x7f51881a0720 con 0x7f5188109c80
2024-04-30T08:22:45.018 INFO:teuthology.orchestra.run.smithi032.stdout:/usr/bin/ceph: stderr
2024-04-30T08:22:43.944+0000 7f5187400700 1 --2- 172.21.15.32:0/2377468883 >> [v2:172.21.15.32:3300/0,v1:172.21.15.32:6789/0] conn(0x7f5188109c80 0x7f51881a01e0 secure :-1 s=READY pgs=23 cs=0 l=1 rev1=1 crypto rx=0x7f5178009fb0 tx=0x7f5178011890 comp rx=0 tx=0).ready entity=mon.0 client_cookie=0 server_cookie=0 in_seq=0 out_seq=0
2024-04-30T08:22:45.018 INFO:teuthology.orchestra.run.smithi032.stdout:/usr/bin/ceph: stderr
2024-04-30T08:22:43.944+0000 7f517fe00700 1 -- 172.21.15.32:0/2377468883 <== mon.0 v2:172.21.15.32:3300/0 1 ==== mon_map magic: 0 ==== 205+0+0 (secure 0 0 0) 0x7f51780036a0 con 0x7f5188109c80
2024-04-30T08:22:45.018 INFO:teuthology.orchestra.run.smithi032.stdout:/usr/bin/ceph: stderr
2024-04-30T08:22:43.944+0000 7f517fe00700 1 -- 172.21.15.32:0/2377468883 <== mon.0 v2:172.21.15.32:3300/0 2 ==== config(26 keys) ==== 1070+0+0 (secure 0 0 0) 0x7f5178003cd0 con 0x7f5188109c80
2024-04-30T08:22:45.018 INFO:teuthology.orchestra.run.smithi032.stdout:/usr/bin/ceph: stderr
2024-04-30T08:22:43.944+0000 7f518e000700 1 -- 172.21.15.32:0/2377468883 --> [v2:172.21.15.32:3300/0,v1:172.21.15.32:6789/0] -- mon_subscribe({mgrmap=0+}) -- 0x7f51881a09b0 con 0x7f5188109c80
2024-04-30T08:22:45.018 INFO:teuthology.orchestra.run.smithi032.stdout:/usr/bin/ceph: stderr
2024-04-30T08:22:43.944+0000 7f517fe00700 1 -- 172.21.15.32:0/2377468883 <== mon.0 v2:172.21.15.32:3300/0 3 ==== mon_map magic: 0 ==== 205+0+0 (secure 0 0 0) 0x7f517801a430 con 0x7f5188109c80
2024-04-30T08:22:45.018 INFO:teuthology.orchestra.run.smithi032.stdout:/usr/bin/ceph: stderr
2024-04-30T08:22:43.944+0000 7f518e000700 1 -- 172.21.15.32:0/2377468883 --> [v2:172.21.15.32:3300/0,v1:172.21.15.32:6789/0] -- mon_subscribe({osdmap=0}) -- 0x7f51881a35c0 con 0x7f5188109c80
2024-04-30T08:22:45.018 INFO:teuthology.orchestra.run.smithi032.stdout:/usr/bin/ceph: stderr
2024-04-30T08:22:43.945+0000 7f518e000700 1 -- 172.21.15.32:0/2377468883 --> [v2:172.21.15.32:3300/0,v1:172.21.15.32:6789/0] -- mon_command({"prefix": "get_command_descriptions"} v 0) -- 0x7f5188064d70 con 0x7f5188109c80
2024-04-30T08:22:45.018 INFO:teuthology.orchestra.run.smithi032.stdout:/usr/bin/ceph: stderr
2024-04-30T08:22:43.945+0000 7f517fe00700 1 -- 172.21.15.32:0/2377468883 <== mon.0 v2:172.21.15.32:3300/0 4 ==== mgrmap(e 4) ==== 49505+0+0 (secure 0 0 0) 0x7f5178003840 con 0x7f5188109c80
2024-04-30T08:22:45.019 INFO:teuthology.orchestra.run.smithi032.stdout:/usr/bin/ceph: stderr
2024-04-30T08:22:43.946+0000 7f517fe00700 1 --2- 172.21.15.32:0/2377468883 >> [v2:172.21.15.32:6800/464872591,v1:172.21.15.32:6801/464872591] conn(0x7f516c03d520 0x7f516c03fa30 unknown :-1 s=NONE pgs=0 cs=0 l=1 rev1=0 crypto rx=0 tx=0 comp rx=0 tx=0).connect
2024-04-30T08:22:45.019 INFO:teuthology.orchestra.run.smithi032.stdout:/usr/bin/ceph: stderr
2024-04-30T08:22:43.946+0000 7f517fe00700 1 -- 172.21.15.32:0/2377468883 <== mon.0 v2:172.21.15.32:3300/0 5 ==== osd_map(1..1 src has 1..1) ==== 725+0+0 (secure 0 0 0) 0x7f5178052340 con 0x7f5188109c80
2024-04-30T08:22:45.019 INFO:teuthology.orchestra.run.smithi032.stdout:/usr/bin/ceph: stderr
2024-04-30T08:22:43.946+0000 7f5186a00700 1 --2- 172.21.15.32:0/2377468883 >> [v2:172.21.15.32:6800/464872591,v1:172.21.15.32:6801/464872591] conn(0x7f516c03d520 0x7f516c03fa30 unknown :-1 s=BANNER_CONNECTING pgs=0 cs=0 l=1 rev1=0 crypto rx=0 tx=0 comp rx=0 tx=0)._handle_peer_banner_payload supported=3 required=0
2024-04-30T08:22:45.019 INFO:teuthology.orchestra.run.smithi032.stdout:/usr/bin/ceph: stderr
2024-04-30T08:22:43.947+0000 7f5186a00700 1 --2- 172.21.15.32:0/2377468883 >> [v2:172.21.15.32:6800/464872591,v1:172.21.15.32:6801/464872591] conn(0x7f516c03d520 0x7f516c03fa30 secure :-1 s=READY pgs=8 cs=0 l=1 rev1=1 crypto rx=0x7f5174006fd0 tx=0x7f5174006e40 comp rx=0 tx=0).ready entity=mgr.14100 client_cookie=0 server_cookie=0 in_seq=0 out_seq=0
2024-04-30T08:22:45.019 INFO:teuthology.orchestra.run.smithi032.stdout:/usr/bin/ceph: stderr
2024-04-30T08:22:43.951+0000 7f517fe00700 1 -- 172.21.15.32:0/2377468883 <== mon.0 v2:172.21.15.32:3300/0 6 ==== mon_command_ack([{"prefix": "get_command_descriptions"}]=0 v0) ==== 72+0+188370 (secure 0 0 0) 0x7f5178024440 con 0x7f5188109c80
2024-04-30T08:22:45.019 INFO:teuthology.orchestra.run.smithi032.stdout:/usr/bin/ceph: stderr
2024-04-30T08:22:44.245+0000 7f518e000700 1 -- 172.21.15.32:0/2377468883 --> [v2:172.21.15.32:3300/0,v1:172.21.15.32:6789/0] -- mon_command({"prefix": "mgr module enable", "module": "cephadm"} v 0) -- 0x7f51881a3c40 con 0x7f5188109c80
2024-04-30T08:22:45.019 INFO:teuthology.orchestra.run.smithi032.stdout:/usr/bin/ceph: stderr
2024-04-30T08:22:44.299+0000 7f517fe00700 1 -- 172.21.15.32:0/2377468883 <== mon.0 v2:172.21.15.32:3300/0 7 ==== mon_command_ack([{"prefix": "mgr module enable", "module": "cephadm"}]=0 v5) ==== 86+0+0 (secure 0 0 0) 0x7f5178051d60 con 0x7f5188109c80
2024-04-30T08:22:45.019 INFO:teuthology.orchestra.run.smithi032.stdout:/usr/bin/ceph: stderr
2024-04-30T08:22:44.302+0000 7f517fe00700 1 -- 172.21.15.32:0/2377468883 <== mon.0 v2:172.21.15.32:3300/0 8 ==== mgrmap(e 5) ==== 49516+0+0 (secure 0 0 0) 0x7f5178018a40 con 0x7f5188109c80
2024-04-30T08:22:45.019 INFO:teuthology.orchestra.run.smithi032.stdout:/usr/bin/ceph: stderr
2024-04-30T08:22:44.303+0000 7f518e000700 1 -- 172.21.15.32:0/2377468883 >> [v2:172.21.15.32:6800/464872591,v1:172.21.15.32:6801/464872591] conn(0x7f516c03d520 msgr2=0x7f516c03fa30 secure :-1 s=STATE_CONNECTION_ESTABLISHED l=1).mark_down
2024-04-30T08:22:45.019 INFO:teuthology.orchestra.run.smithi032.stdout:/usr/bin/ceph: stderr
2024-04-30T08:22:44.303+0000 7f518e000700 1 --2- 172.21.15.32:0/2377468883 >> [v2:172.21.15.32:6800/464872591,v1:172.21.15.32:6801/464872591] conn(0x7f516c03d520 0x7f516c03fa30 secure :-1 s=READY pgs=8 cs=0 l=1 rev1=1 crypto rx=0x7f5174006fd0 tx=0x7f5174006e40 comp rx=0 tx=0).stop
2024-04-30T08:22:45.019 INFO:teuthology.orchestra.run.smithi032.stdout:/usr/bin/ceph: stderr
2024-04-30T08:22:44.303+0000 7f518e000700 1 -- 172.21.15.32:0/2377468883 >> [v2:172.21.15.32:3300/0,v1:172.21.15.32:6789/0] conn(0x7f5188109c80 msgr2=0x7f51881a01e0 secure :-1 s=STATE_CONNECTION_ESTABLISHED l=1).mark_down
2024-04-30T08:22:45.020 INFO:teuthology.orchestra.run.smithi032.stdout:/usr/bin/ceph: stderr
2024-04-30T08:22:44.303+0000 7f518e000700 1 --2- 172.21.15.32:0/2377468883 >> [v2:172.21.15.32:3300/0,v1:172.21.15.32:6789/0] conn(0x7f5188109c80 0x7f51881a01e0 secure :-1 s=READY pgs=23 cs=0 l=1 rev1=1 crypto rx=0x7f5178009fb0 tx=0x7f5178011890 comp rx=0 tx=0).stop
2024-04-30T08:22:45.020 INFO:teuthology.orchestra.run.smithi032.stdout:/usr/bin/ceph: stderr
2024-04-30T08:22:44.304+0000 7f518e000700 1 -- 172.21.15.32:0/2377468883 shutdown_connections
2024-04-30T08:22:45.020 INFO:teuthology.orchestra.run.smithi032.stdout:/usr/bin/ceph: stderr
2024-04-30T08:22:44.304+0000 7f518e000700 1 --2- 172.21.15.32:0/2377468883 >> [v2:172.21.15.32:6800/464872591,v1:172.21.15.32:6801/464872591] conn(0x7f516c03d520 0x7f516c03fa30 unknown :-1 s=CLOSED pgs=8 cs=0 l=1 rev1=1 crypto rx=0 tx=0 comp rx=0 tx=0).stop
2024-04-30T08:22:45.020 INFO:teuthology.orchestra.run.smithi032.stdout:/usr/bin/ceph: stderr
2024-04-30T08:22:44.304+0000 7f518e000700 1 --2- 172.21.15.32:0/2377468883 >> [v2:172.21.15.32:3300/0,v1:172.21.15.32:6789/0] conn(0x7f5188109c80 0x7f51881a01e0 unknown :-1 s=CLOSED pgs=23 cs=0 l=1 rev1=1 crypto rx=0 tx=0 comp rx=0 tx=0).stop
2024-04-30T08:22:45.020 INFO:teuthology.orchestra.run.smithi032.stdout:/usr/bin/ceph: stderr
2024-04-30T08:22:44.304+0000 7f518e000700 1 -- 172.21.15.32:0/2377468883 >> 172.21.15.32:0/2377468883 conn(0x7f5188105300 msgr2=0x7f518807d220 unknown :-1 s=STATE_NONE l=0).mark_down
2024-04-30T08:22:45.020 INFO:teuthology.orchestra.run.smithi032.stdout:/usr/bin/ceph: stderr
2024-04-30T08:22:44.304+0000 7f518e000700 1 -- 172.21.15.32:0/2377468883 shutdown_connections
2024-04-30T08:22:45.020 INFO:teuthology.orchestra.run.smithi032.stdout:/usr/bin/ceph: stderr
2024-04-30T08:22:44.305+0000 7f518e000700 1 -- 172.21.15.32:0/2377468883 wait complete.
2024-04-30T08:22:45.308 INFO:journalctl@ceph.mgr.x.smithi032.stdout:Apr 30 08:22:44 smithi032 ceph-98c0a670-06ca-11ef-bc93-c7b262605968-mgr-x[28571]:
2024-04-30T08:22:44.950+0000 7fe058216200 -1 mgr[py] Module orchestrator has missing NOTIFY_TYPES member
