2024-04-30T08:22:55.941 INFO:journalctl@ceph.mon.a.smithi032.stdout:Apr 30 08:22:55 smithi032 ceph-mon[28331]: from='client.14124 -' entity='client.admin' cmd=[{"prefix": "mgr_status"}]: dispatch
2024-04-30T08:22:55.941 INFO:journalctl@ceph.mon.a.smithi032.stdout:Apr 30 08:22:55 smithi032 ceph-mon[28331]: [30/Apr/2024:08:22:54] ENGINE Bus STARTING
2024-04-30T08:22:55.941 INFO:journalctl@ceph.mon.a.smithi032.stdout:Apr 30 08:22:55 smithi032 ceph-mon[28331]: [30/Apr/2024:08:22:54] ENGINE Serving on http://172.21.15.32:8765
2024-04-30T08:22:55.941 INFO:journalctl@ceph.mon.a.smithi032.stdout:Apr 30 08:22:55 smithi032 ceph-mon[28331]: [30/Apr/2024:08:22:55] ENGINE Serving on https://172.21.15.32:7150
2024-04-30T08:22:55.941 INFO:journalctl@ceph.mon.a.smithi032.stdout:Apr 30 08:22:55 smithi032 ceph-mon[28331]: [30/Apr/2024:08:22:55] ENGINE Bus STARTED
2024-04-30T08:22:55.941 INFO:journalctl@ceph.mon.a.smithi032.stdout:Apr 30 08:22:55 smithi032 ceph-mon[28331]: from='mgr.14120 172.21.15.32:0/1220014720' entity='mgr.x' cmd=[{"prefix": "config dump", "format": "json"}]: dispatch
2024-04-30T08:22:56.933 INFO:journalctl@ceph.mon.a.smithi032.stdout:Apr 30 08:22:56 smithi032 ceph-mon[28331]: mgrmap e8: x(active, since 2s)
2024-04-30T08:22:56.933 INFO:journalctl@ceph.mon.a.smithi032.stdout:Apr 30 08:22:56 smithi032 ceph-mon[28331]: from='client.14132 -' entity='client.admin' cmd=[{"prefix": "orch set backend", "module_name": "cephadm", "target": ["mon-mgr", ""]}]: dispatch
2024-04-30T08:22:56.933 INFO:journalctl@ceph.mon.a.smithi032.stdout:Apr 30 08:22:56 smithi032 ceph-mon[28331]: from='mgr.14120 172.21.15.32:0/1220014720' entity='mgr.x'
2024-04-30T08:22:56.933 INFO:journalctl@ceph.mon.a.smithi032.stdout:Apr 30 08:22:56 smithi032 ceph-mon[28331]: from='mgr.14120 172.21.15.32:0/1220014720' entity='mgr.x' cmd=[{"prefix": "config dump", "format": "json"}]: dispatch
2024-04-30T08:22:56.945 INFO:teuthology.orchestra.run.smithi032.stdout:/usr/bin/ceph: stderr
2024-04-30T08:22:56.021+0000 7f6f34e00700 1 Processor -- start
2024-04-30T08:22:56.946 INFO:teuthology.orchestra.run.smithi032.stdout:/usr/bin/ceph: stderr
2024-04-30T08:22:56.022+0000 7f6f34e00700 1 -- start start
2024-04-30T08:22:56.946 INFO:teuthology.orchestra.run.smithi032.stdout:/usr/bin/ceph: stderr
2024-04-30T08:22:56.022+0000 7f6f34e00700 1 --2- >> [v2:172.21.15.32:3300/0,v1:172.21.15.32:6789/0] conn(0x7f6f30109cb0 0x7f6f3010a0c0 unknown :-1 s=NONE pgs=0 cs=0 l=0 rev1=0 crypto rx=0 tx=0 comp rx=0 tx=0).connect
2024-04-30T08:22:56.946 INFO:teuthology.orchestra.run.smithi032.stdout:/usr/bin/ceph: stderr
2024-04-30T08:22:56.022+0000 7f6f34e00700 1 -- --> [v2:172.21.15.32:3300/0,v1:172.21.15.32:6789/0] -- mon_getmap magic: 0 -- 0x7f6f3010a6b0 con 0x7f6f30109cb0
2024-04-30T08:22:56.947 INFO:teuthology.orchestra.run.smithi032.stdout:/usr/bin/ceph: stderr
2024-04-30T08:22:56.023+0000 7f6f2de00700 1 --2- >> [v2:172.21.15.32:3300/0,v1:172.21.15.32:6789/0] conn(0x7f6f30109cb0 0x7f6f3010a0c0 unknown :-1 s=BANNER_CONNECTING pgs=0 cs=0 l=0 rev1=0 crypto rx=0 tx=0 comp rx=0 tx=0)._handle_peer_banner_payload supported=3 required=0
2024-04-30T08:22:56.947 INFO:teuthology.orchestra.run.smithi032.stdout:/usr/bin/ceph: stderr
2024-04-30T08:22:56.023+0000 7f6f2de00700 1 --2- >> [v2:172.21.15.32:3300/0,v1:172.21.15.32:6789/0] conn(0x7f6f30109cb0 0x7f6f3010a0c0 unknown :-1 s=HELLO_CONNECTING pgs=0 cs=0 l=0 rev1=1 crypto rx=0 tx=0 comp rx=0 tx=0).handle_hello peer v2:172.21.15.32:3300/0 says I am v2:172.21.15.32:36068/0 (socket says 172.21.15.32:36068)
2024-04-30T08:22:56.947 INFO:teuthology.orchestra.run.smithi032.stdout:/usr/bin/ceph: stderr
2024-04-30T08:22:56.023+0000 7f6f2de00700 1 -- 172.21.15.32:0/82523288 learned_addr learned my addr 172.21.15.32:0/82523288 (peer_addr_for_me v2:172.21.15.32:0/0)
2024-04-30T08:22:56.947 INFO:teuthology.orchestra.run.smithi032.stdout:/usr/bin/ceph: stderr
2024-04-30T08:22:56.023+0000 7f6f2de00700 1 -- 172.21.15.32:0/82523288 --> [v2:172.21.15.32:3300/0,v1:172.21.15.32:6789/0] -- mon_subscribe({config=0+,monmap=0+}) -- 0x7f6f3010ade0 con 0x7f6f30109cb0
2024-04-30T08:22:56.947 INFO:teuthology.orchestra.run.smithi032.stdout:/usr/bin/ceph: stderr
2024-04-30T08:22:56.024+0000 7f6f2de00700 1 --2- 172.21.15.32:0/82523288 >> [v2:172.21.15.32:3300/0,v1:172.21.15.32:6789/0] conn(0x7f6f30109cb0 0x7f6f3010a0c0 secure :-1 s=READY pgs=37 cs=0 l=1 rev1=1 crypto rx=0x7f6f200098a0 tx=0x7f6f20009bb0 comp rx=0 tx=0).ready entity=mon.0 client_cookie=81dd2315b2e27577 server_cookie=0 in_seq=0 out_seq=0
2024-04-30T08:22:56.947 INFO:teuthology.orchestra.run.smithi032.stdout:/usr/bin/ceph: stderr
2024-04-30T08:22:56.024+0000 7f6f2d400700 1 -- 172.21.15.32:0/82523288 <== mon.0 v2:172.21.15.32:3300/0 1 ==== mon_map magic: 0 ==== 205+0+0 (secure 0 0 0) 0x7f6f20004160 con 0x7f6f30109cb0
2024-04-30T08:22:56.949 INFO:teuthology.orchestra.run.smithi032.stdout:/usr/bin/ceph: stderr
2024-04-30T08:22:56.024+0000 7f6f2d400700 1 -- 172.21.15.32:0/82523288 <== mon.0 v2:172.21.15.32:3300/0 2 ==== config(26 keys) ==== 1070+0+0 (secure 0 0 0) 0x7f6f20004300 con 0x7f6f30109cb0
2024-04-30T08:22:56.949 INFO:teuthology.orchestra.run.smithi032.stdout:/usr/bin/ceph: stderr
2024-04-30T08:22:56.024+0000 7f6f2d400700 1 -- 172.21.15.32:0/82523288 <== mon.0 v2:172.21.15.32:3300/0 3 ==== mon_map magic: 0 ==== 205+0+0 (secure 0 0 0) 0x7f6f20011af0 con 0x7f6f30109cb0
2024-04-30T08:22:56.949 INFO:teuthology.orchestra.run.smithi032.stdout:/usr/bin/ceph: stderr
2024-04-30T08:22:56.025+0000 7f6f34e00700 1 -- 172.21.15.32:0/82523288 >> [v2:172.21.15.32:3300/0,v1:172.21.15.32:6789/0] conn(0x7f6f30109cb0 msgr2=0x7f6f3010a0c0 secure :-1 s=STATE_CONNECTION_ESTABLISHED l=1).mark_down
2024-04-30T08:22:56.949 INFO:teuthology.orchestra.run.smithi032.stdout:/usr/bin/ceph: stderr
2024-04-30T08:22:56.025+0000 7f6f34e00700 1 --2- 172.21.15.32:0/82523288 >> [v2:172.21.15.32:3300/0,v1:172.21.15.32:6789/0] conn(0x7f6f30109cb0 0x7f6f3010a0c0 secure :-1 s=READY pgs=37 cs=0 l=1 rev1=1 crypto rx=0x7f6f200098a0 tx=0x7f6f20009bb0 comp rx=0 tx=0).stop
2024-04-30T08:22:56.949 INFO:teuthology.orchestra.run.smithi032.stdout:/usr/bin/ceph: stderr
2024-04-30T08:22:56.025+0000 7f6f34e00700 1 -- 172.21.15.32:0/82523288 shutdown_connections
2024-04-30T08:22:56.949 INFO:teuthology.orchestra.run.smithi032.stdout:/usr/bin/ceph: stderr
2024-04-30T08:22:56.025+0000 7f6f34e00700 1 --2- 172.21.15.32:0/82523288 >> [v2:172.21.15.32:3300/0,v1:172.21.15.32:6789/0] conn(0x7f6f30109cb0 0x7f6f3010a0c0 unknown :-1 s=CLOSED pgs=37 cs=0 l=1 rev1=1 crypto rx=0 tx=0 comp rx=0 tx=0).stop
2024-04-30T08:22:56.949 INFO:teuthology.orchestra.run.smithi032.stdout:/usr/bin/ceph: stderr
2024-04-30T08:22:56.025+0000 7f6f34e00700 1 -- 172.21.15.32:0/82523288 >> 172.21.15.32:0/82523288 conn(0x7f6f30105350 msgr2=0x7f6f301077a0 unknown :-1 s=STATE_NONE l=0).mark_down
2024-04-30T08:22:56.949 INFO:teuthology.orchestra.run.smithi032.stdout:/usr/bin/ceph: stderr
2024-04-30T08:22:56.025+0000 7f6f34e00700 1 -- 172.21.15.32:0/82523288 shutdown_connections
2024-04-30T08:22:56.949 INFO:teuthology.orchestra.run.smithi032.stdout:/usr/bin/ceph: stderr
2024-04-30T08:22:56.025+0000 7f6f34e00700 1 -- 172.21.15.32:0/82523288 wait complete.
2024-04-30T08:22:56.950 INFO:teuthology.orchestra.run.smithi032.stdout:/usr/bin/ceph: stderr
2024-04-30T08:22:56.026+0000 7f6f34e00700 1 Processor -- start
2024-04-30T08:22:56.950 INFO:teuthology.orchestra.run.smithi032.stdout:/usr/bin/ceph: stderr
2024-04-30T08:22:56.026+0000 7f6f34e00700 1 -- start start
2024-04-30T08:22:56.952 INFO:teuthology.orchestra.run.smithi032.stdout:/usr/bin/ceph: stderr
2024-04-30T08:22:56.026+0000 7f6f34e00700 1 --2- >> [v2:172.21.15.32:3300/0,v1:172.21.15.32:6789/0] conn(0x7f6f30109cb0 0x7f6f3019e040 unknown :-1 s=NONE pgs=0 cs=0 l=1 rev1=0 crypto rx=0 tx=0 comp rx=0 tx=0).connect
2024-04-30T08:22:56.952 INFO:teuthology.orchestra.run.smithi032.stdout:/usr/bin/ceph: stderr
2024-04-30T08:22:56.027+0000 7f6f34e00700 1 -- --> [v2:172.21.15.32:3300/0,v1:172.21.15.32:6789/0] -- mon_getmap magic: 0 -- 0x7f6f3010e010 con 0x7f6f30109cb0
2024-04-30T08:22:56.952 INFO:teuthology.orchestra.run.smithi032.stdout:/usr/bin/ceph: stderr
2024-04-30T08:22:56.027+0000 7f6f2de00700 1 --2- >> [v2:172.21.15.32:3300/0,v1:172.21.15.32:6789/0] conn(0x7f6f30109cb0 0x7f6f3019e040 unknown :-1 s=BANNER_CONNECTING pgs=0 cs=0 l=1 rev1=0 crypto rx=0 tx=0 comp rx=0 tx=0)._handle_peer_banner_payload supported=3 required=0
2024-04-30T08:22:56.952 INFO:teuthology.orchestra.run.smithi032.stdout:/usr/bin/ceph: stderr
2024-04-30T08:22:56.027+0000 7f6f2de00700 1 --2- >> [v2:172.21.15.32:3300/0,v1:172.21.15.32:6789/0] conn(0x7f6f30109cb0 0x7f6f3019e040 unknown :-1 s=HELLO_CONNECTING pgs=0 cs=0 l=1 rev1=1 crypto rx=0 tx=0 comp rx=0 tx=0).handle_hello peer v2:172.21.15.32:3300/0 says I am v2:172.21.15.32:36080/0 (socket says 172.21.15.32:36080)
2024-04-30T08:22:56.952 INFO:teuthology.orchestra.run.smithi032.stdout:/usr/bin/ceph: stderr
2024-04-30T08:22:56.027+0000 7f6f2de00700 1 -- 172.21.15.32:0/2371668788 learned_addr learned my addr 172.21.15.32:0/2371668788 (peer_addr_for_me v2:172.21.15.32:0/0)
2024-04-30T08:22:56.952 INFO:teuthology.orchestra.run.smithi032.stdout:/usr/bin/ceph: stderr
2024-04-30T08:22:56.027+0000 7f6f2de00700 1 -- 172.21.15.32:0/2371668788 --> [v2:172.21.15.32:3300/0,v1:172.21.15.32:6789/0] -- mon_subscribe({config=0+,monmap=0+}) -- 0x7f6f3019e580 con 0x7f6f30109cb0
2024-04-30T08:22:56.953 INFO:teuthology.orchestra.run.smithi032.stdout:/usr/bin/ceph: stderr
2024-04-30T08:22:56.027+0000 7f6f2de00700 1 --2- 172.21.15.32:0/2371668788 >> [v2:172.21.15.32:3300/0,v1:172.21.15.32:6789/0] conn(0x7f6f30109cb0 0x7f6f3019e040 secure :-1 s=READY pgs=38 cs=0 l=1 rev1=1 crypto rx=0x7f6f200090e0 tx=0x7f6f20011940 comp rx=0 tx=0).ready entity=mon.0 client_cookie=0 server_cookie=0 in_seq=0 out_seq=0
2024-04-30T08:22:56.953 INFO:teuthology.orchestra.run.smithi032.stdout:/usr/bin/ceph: stderr
2024-04-30T08:22:56.028+0000 7f6f26a00700 1 -- 172.21.15.32:0/2371668788 <== mon.0 v2:172.21.15.32:3300/0 1 ==== mon_map magic: 0 ==== 205+0+0 (secure 0 0 0) 0x7f6f200039e0 con 0x7f6f30109cb0
2024-04-30T08:22:56.953 INFO:teuthology.orchestra.run.smithi032.stdout:/usr/bin/ceph: stderr
2024-04-30T08:22:56.028+0000 7f6f26a00700 1 -- 172.21.15.32:0/2371668788 <== mon.0 v2:172.21.15.32:3300/0 2 ==== config(26 keys) ==== 1070+0+0 (secure 0 0 0) 0x7f6f20003b80 con 0x7f6f30109cb0
2024-04-30T08:22:56.953 INFO:teuthology.orchestra.run.smithi032.stdout:/usr/bin/ceph: stderr
2024-04-30T08:22:56.028+0000 7f6f26a00700 1 -- 172.21.15.32:0/2371668788 <== mon.0 v2:172.21.15.32:3300/0 3 ==== mon_map magic: 0 ==== 205+0+0 (secure 0 0 0) 0x7f6f20024690 con 0x7f6f30109cb0
2024-04-30T08:22:56.953 INFO:teuthology.orchestra.run.smithi032.stdout:/usr/bin/ceph: stderr
2024-04-30T08:22:56.028+0000 7f6f34e00700 1 -- 172.21.15.32:0/2371668788 --> [v2:172.21.15.32:3300/0,v1:172.21.15.32:6789/0] -- mon_subscribe({mgrmap=0+}) -- 0x7f6f3019e810 con 0x7f6f30109cb0
2024-04-30T08:22:56.953 INFO:teuthology.orchestra.run.smithi032.stdout:/usr/bin/ceph: stderr
2024-04-30T08:22:56.028+0000 7f6f34e00700 1 -- 172.21.15.32:0/2371668788 --> [v2:172.21.15.32:3300/0,v1:172.21.15.32:6789/0] -- mon_subscribe({osdmap=0}) -- 0x7f6f301a1420 con 0x7f6f30109cb0
2024-04-30T08:22:56.953 INFO:teuthology.orchestra.run.smithi032.stdout:/usr/bin/ceph: stderr
2024-04-30T08:22:56.029+0000 7f6f34e00700 1 -- 172.21.15.32:0/2371668788 --> [v2:172.21.15.32:3300/0,v1:172.21.15.32:6789/0] -- mon_command({"prefix": "get_command_descriptions"} v 0) -- 0x7f6f30064d70 con 0x7f6f30109cb0
2024-04-30T08:22:56.953 INFO:teuthology.orchestra.run.smithi032.stdout:/usr/bin/ceph: stderr
2024-04-30T08:22:56.029+0000 7f6f26a00700 1 -- 172.21.15.32:0/2371668788 <== mon.0 v2:172.21.15.32:3300/0 4 ==== mgrmap(e 8) ==== 49516+0+0 (secure 0 0 0) 0x7f6f20022020 con 0x7f6f30109cb0
2024-04-30T08:22:56.953 INFO:teuthology.orchestra.run.smithi032.stdout:/usr/bin/ceph: stderr
2024-04-30T08:22:56.030+0000 7f6f26a00700 1 --2- 172.21.15.32:0/2371668788 >> [v2:172.21.15.32:6800/4019351306,v1:172.21.15.32:6801/4019351306] conn(0x7f6f1403d5c0 0x7f6f1403fad0 unknown :-1 s=NONE pgs=0 cs=0 l=1 rev1=0 crypto rx=0 tx=0 comp rx=0 tx=0).connect
2024-04-30T08:22:56.953 INFO:teuthology.orchestra.run.smithi032.stdout:/usr/bin/ceph: stderr
2024-04-30T08:22:56.030+0000 7f6f26a00700 1 -- 172.21.15.32:0/2371668788 <== mon.0 v2:172.21.15.32:3300/0 5 ==== osd_map(2..2 src has 1..2) ==== 940+0+0 (secure 0 0 0) 0x7f6f200525c0 con 0x7f6f30109cb0
2024-04-30T08:22:56.953 INFO:teuthology.orchestra.run.smithi032.stdout:/usr/bin/ceph: stderr
2024-04-30T08:22:56.030+0000 7f6f27e00700 1 --2- 172.21.15.32:0/2371668788 >> [v2:172.21.15.32:6800/4019351306,v1:172.21.15.32:6801/4019351306] conn(0x7f6f1403d5c0 0x7f6f1403fad0 unknown :-1 s=BANNER_CONNECTING pgs=0 cs=0 l=1 rev1=0 crypto rx=0 tx=0 comp rx=0 tx=0)._handle_peer_banner_payload supported=3 required=0
2024-04-30T08:22:56.955 INFO:teuthology.orchestra.run.smithi032.stdout:/usr/bin/ceph: stderr
2024-04-30T08:22:56.031+0000 7f6f27e00700 1 --2- 172.21.15.32:0/2371668788 >> [v2:172.21.15.32:6800/4019351306,v1:172.21.15.32:6801/4019351306] conn(0x7f6f1403d5c0 0x7f6f1403fad0 secure :-1 s=READY pgs=7 cs=0 l=1 rev1=1 crypto rx=0x7f6f18006fd0 tx=0x7f6f18006e40 comp rx=0 tx=0).ready entity=mgr.14120 client_cookie=0 server_cookie=0 in_seq=0 out_seq=0
2024-04-30T08:22:56.955 INFO:teuthology.orchestra.run.smithi032.stdout:/usr/bin/ceph: stderr
2024-04-30T08:22:56.036+0000 7f6f26a00700 1 -- 172.21.15.32:0/2371668788 <== mon.0 v2:172.21.15.32:3300/0 6 ==== mon_command_ack([{"prefix": "get_command_descriptions"}]=0 v0) ==== 72+0+188370 (secure 0 0 0) 0x7f6f20051f10 con 0x7f6f30109cb0
2024-04-30T08:22:56.955 INFO:teuthology.orchestra.run.smithi032.stdout:/usr/bin/ceph: stderr
2024-04-30T08:22:56.287+0000 7f6f34e00700 1 -- 172.21.15.32:0/2371668788 --> [v2:172.21.15.32:6800/4019351306,v1:172.21.15.32:6801/4019351306] -- mgr_command(tid 0: {"prefix": "orch set backend", "module_name": "cephadm", "target": ["mon-mgr", ""]}) -- 0x7f6f30106420 con 0x7f6f1403d5c0
2024-04-30T08:22:56.956 INFO:teuthology.orchestra.run.smithi032.stdout:/usr/bin/ceph: stderr
2024-04-30T08:22:56.298+0000 7f6f26a00700 1 -- 172.21.15.32:0/2371668788 <== mgr.14120 v2:172.21.15.32:6800/4019351306 1 ==== mgr_command_reply(tid 0: 0 ) ==== 8+0+0 (secure 0 0 0) 0x7f6f30106420 con 0x7f6f1403d5c0
2024-04-30T08:22:56.956 INFO:teuthology.orchestra.run.smithi032.stdout:/usr/bin/ceph: stderr
2024-04-30T08:22:56.301+0000 7f6f34e00700 1 -- 172.21.15.32:0/2371668788 >> [v2:172.21.15.32:6800/4019351306,v1:172.21.15.32:6801/4019351306] conn(0x7f6f1403d5c0 msgr2=0x7f6f1403fad0 secure :-1 s=STATE_CONNECTION_ESTABLISHED l=1).mark_down
2024-04-30T08:22:56.956 INFO:teuthology.orchestra.run.smithi032.stdout:/usr/bin/ceph: stderr
2024-04-30T08:22:56.301+0000 7f6f34e00700 1 --2- 172.21.15.32:0/2371668788 >> [v2:172.21.15.32:6800/4019351306,v1:172.21.15.32:6801/4019351306] conn(0x7f6f1403d5c0 0x7f6f1403fad0 secure :-1 s=READY pgs=7 cs=0 l=1 rev1=1 crypto rx=0x7f6f18006fd0 tx=0x7f6f18006e40 comp rx=0 tx=0).stop
2024-04-30T08:22:56.956 INFO:teuthology.orchestra.run.smithi032.stdout:/usr/bin/ceph: stderr
2024-04-30T08:22:56.301+0000 7f6f34e00700 1 -- 172.21.15.32:0/2371668788 >> [v2:172.21.15.32:3300/0,v1:172.21.15.32:6789/0] conn(0x7f6f30109cb0 msgr2=0x7f6f3019e040 secure :-1 s=STATE_CONNECTION_ESTABLISHED l=1).mark_down
2024-04-30T08:22:56.956 INFO:teuthology.orchestra.run.smithi032.stdout:/usr/bin/ceph: stderr
2024-04-30T08:22:56.301+0000 7f6f34e00700 1 --2- 172.21.15.32:0/2371668788 >> [v2:172.21.15.32:3300/0,v1:172.21.15.32:6789/0] conn(0x7f6f30109cb0 0x7f6f3019e040 secure :-1 s=READY pgs=38 cs=0 l=1 rev1=1 crypto rx=0x7f6f200090e0 tx=0x7f6f20011940 comp rx=0 tx=0).stop
2024-04-30T08:22:56.956 INFO:teuthology.orchestra.run.smithi032.stdout:/usr/bin/ceph: stderr
2024-04-30T08:22:56.302+0000 7f6f34e00700 1 -- 172.21.15.32:0/2371668788 shutdown_connections
2024-04-30T08:22:56.956 INFO:teuthology.orchestra.run.smithi032.stdout:/usr/bin/ceph: stderr
2024-04-30T08:22:56.302+0000 7f6f34e00700 1 --2- 172.21.15.32:0/2371668788 >> [v2:172.21.15.32:6800/4019351306,v1:172.21.15.32:6801/4019351306] conn(0x7f6f1403d5c0 0x7f6f1403fad0 unknown :-1 s=CLOSED pgs=7 cs=0 l=1 rev1=1 crypto rx=0 tx=0 comp rx=0 tx=0).stop
2024-04-30T08:22:56.956 INFO:teuthology.orchestra.run.smithi032.stdout:/usr/bin/ceph: stderr
2024-04-30T08:22:56.302+0000 7f6f34e00700 1 --2- 172.21.15.32:0/2371668788 >> [v2:172.21.15.32:3300/0,v1:172.21.15.32:6789/0] conn(0x7f6f30109cb0 0x7f6f3019e040 unknown :-1 s=CLOSED pgs=38 cs=0 l=1 rev1=1 crypto rx=0 tx=0 comp rx=0 tx=0).stop
2024-04-30T08:22:56.956 INFO:teuthology.orchestra.run.smithi032.stdout:/usr/bin/ceph: stderr
2024-04-30T08:22:56.302+0000 7f6f34e00700 1 -- 172.21.15.32:0/2371668788 >> 172.21.15.32:0/2371668788 conn(0x7f6f30105350 msgr2=0x7f6f30105cb0 unknown :-1 s=STATE_NONE l=0).mark_down
2024-04-30T08:22:56.956 INFO:teuthology.orchestra.run.smithi032.stdout:/usr/bin/ceph: stderr
2024-04-30T08:22:56.302+0000 7f6f34e00700 1 -- 172.21.15.32:0/2371668788 shutdown_connections
2024-04-30T08:22:56.956 INFO:teuthology.orchestra.run.smithi032.stdout:/usr/bin/ceph: stderr
2024-04-30T08:22:56.302+0000 7f6f34e00700 1 -- 172.21.15.32:0/2371668788 wait complete.
2024-04-30T08:22:58.634 INFO:teuthology.orchestra.run.smithi032.stdout:/usr/bin/ceph: stdout value unchanged
2024-04-30T08:22:58.634 INFO:teuthology.orchestra.run.smithi032.stdout:/usr/bin/ceph: stderr
2024-04-30T08:22:57.656+0000 7f5d49000700 1 Processor -- start
2024-04-30T08:22:58.635 INFO:teuthology.orchestra.run.smithi032.stdout:/usr/bin/ceph: stderr
2024-04-30T08:22:57.657+0000 7f5d49000700 1 -- start start
2024-04-30T08:22:58.635 INFO:teuthology.orchestra.run.smithi032.stdout:/usr/bin/ceph: stderr
2024-04-30T08:22:57.657+0000 7f5d49000700 1 --2- >> [v2:172.21.15.32:3300/0,v1:172.21.15.32:6789/0] conn(0x7f5d4407ed30 0x7f5d4407d250 unknown :-1 s=NONE pgs=0 cs=0 l=0 rev1=0 crypto rx=0 tx=0 comp rx=0 tx=0).connect
2024-04-30T08:22:58.635 INFO:teuthology.orchestra.run.smithi032.stdout:/usr/bin/ceph: stderr
2024-04-30T08:22:57.657+0000 7f5d49000700 1 -- --> [v2:172.21.15.32:3300/0,v1:172.21.15.32:6789/0] -- mon_getmap magic: 0 -- 0x7f5d4407d790 con 0x7f5d4407ed30
2024-04-30T08:22:58.635 INFO:teuthology.orchestra.run.smithi032.stdout:/usr/bin/ceph: stderr
2024-04-30T08:22:57.658+0000 7f5d43400700 1 --2- >> [v2:172.21.15.32:3300/0,v1:172.21.15.32:6789/0] conn(0x7f5d4407ed30 0x7f5d4407d250 unknown :-1 s=BANNER_CONNECTING pgs=0 cs=0 l=0 rev1=0 crypto rx=0 tx=0 comp rx=0 tx=0)._handle_peer_banner_payload supported=3 required=0
2024-04-30T08:22:58.635 INFO:teuthology.orchestra.run.smithi032.stdout:/usr/bin/ceph: stderr
2024-04-30T08:22:57.658+0000 7f5d43400700 1 --2- >> [v2:172.21.15.32:3300/0,v1:172.21.15.32:6789/0] conn(0x7f5d4407ed30 0x7f5d4407d250 unknown :-1 s=HELLO_CONNECTING pgs=0 cs=0 l=0 rev1=1 crypto rx=0 tx=0 comp rx=0 tx=0).handle_hello peer v2:172.21.15.32:3300/0 says I am v2:172.21.15.32:37774/0 (socket says 172.21.15.32:37774)
2024-04-30T08:22:58.635 INFO:teuthology.orchestra.run.smithi032.stdout:/usr/bin/ceph: stderr
2024-04-30T08:22:57.658+0000 7f5d43400700 1 -- 172.21.15.32:0/1229516706 learned_addr learned my addr 172.21.15.32:0/1229516706 (peer_addr_for_me v2:172.21.15.32:0/0)
2024-04-30T08:22:58.635 INFO:teuthology.orchestra.run.smithi032.stdout:/usr/bin/ceph: stderr
2024-04-30T08:22:57.658+0000 7f5d43400700 1 -- 172.21.15.32:0/1229516706 --> [v2:172.21.15.32:3300/0,v1:172.21.15.32:6789/0] -- mon_subscribe({config=0+,monmap=0+}) -- 0x7f5d4407d910 con 0x7f5d4407ed30
2024-04-30T08:22:58.635 INFO:teuthology.orchestra.run.smithi032.stdout:/usr/bin/ceph: stderr
2024-04-30T08:22:57.658+0000 7f5d43400700 1 --2- 172.21.15.32:0/1229516706 >> [v2:172.21.15.32:3300/0,v1:172.21.15.32:6789/0] conn(0x7f5d4407ed30 0x7f5d4407d250 secure :-1 s=READY pgs=39 cs=0 l=1 rev1=1 crypto rx=0x7f5d340098a0 tx=0x7f5d34009bb0 comp rx=0 tx=0).ready entity=mon.0 client_cookie=d748de5c04dcc7e9 server_cookie=0 in_seq=0 out_seq=0
2024-04-30T08:22:58.636 INFO:teuthology.orchestra.run.smithi032.stdout:/usr/bin/ceph: stderr
2024-04-30T08:22:57.659+0000 7f5d42000700 1 -- 172.21.15.32:0/1229516706 <== mon.0 v2:172.21.15.32:3300/0 1 ==== mon_map magic: 0 ==== 205+0+0 (secure 0 0 0) 0x7f5d34004160 con 0x7f5d4407ed30
2024-04-30T08:22:58.636 INFO:teuthology.orchestra.run.smithi032.stdout:/usr/bin/ceph: stderr
2024-04-30T08:22:57.659+0000 7f5d42000700 1 -- 172.21.15.32:0/1229516706 <== mon.0 v2:172.21.15.32:3300/0 2 ==== config(26 keys) ==== 1070+0+0 (secure 0 0 0) 0x7f5d34004300 con 0x7f5d4407ed30
2024-04-30T08:22:58.636 INFO:teuthology.orchestra.run.smithi032.stdout:/usr/bin/ceph: stderr
2024-04-30T08:22:57.659+0000 7f5d42000700 1 -- 172.21.15.32:0/1229516706 <== mon.0 v2:172.21.15.32:3300/0 3 ==== mon_map magic: 0 ==== 205+0+0 (secure 0 0 0) 0x7f5d34011af0 con 0x7f5d4407ed30
2024-04-30T08:22:58.636 INFO:teuthology.orchestra.run.smithi032.stdout:/usr/bin/ceph: stderr
2024-04-30T08:22:57.660+0000 7f5d49000700 1 -- 172.21.15.32:0/1229516706 >> [v2:172.21.15.32:3300/0,v1:172.21.15.32:6789/0] conn(0x7f5d4407ed30 msgr2=0x7f5d4407d250 secure :-1 s=STATE_CONNECTION_ESTABLISHED l=1).mark_down
2024-04-30T08:22:58.636 INFO:teuthology.orchestra.run.smithi032.stdout:/usr/bin/ceph: stderr
2024-04-30T08:22:57.660+0000 7f5d49000700 1 --2- 172.21.15.32:0/1229516706 >> [v2:172.21.15.32:3300/0,v1:172.21.15.32:6789/0] conn(0x7f5d4407ed30 0x7f5d4407d250 secure :-1 s=READY pgs=39 cs=0 l=1 rev1=1 crypto rx=0x7f5d340098a0 tx=0x7f5d34009bb0 comp rx=0 tx=0).stop
2024-04-30T08:22:58.636 INFO:teuthology.orchestra.run.smithi032.stdout:/usr/bin/ceph: stderr
2024-04-30T08:22:57.660+0000 7f5d49000700 1 -- 172.21.15.32:0/1229516706 shutdown_connections
2024-04-30T08:22:58.636 INFO:teuthology.orchestra.run.smithi032.stdout:/usr/bin/ceph: stderr
2024-04-30T08:22:57.660+0000 7f5d49000700 1 --2- 172.21.15.32:0/1229516706 >> [v2:172.21.15.32:3300/0,v1:172.21.15.32:6789/0] conn(0x7f5d4407ed30 0x7f5d4407d250 unknown :-1 s=CLOSED pgs=39 cs=0 l=1 rev1=1 crypto rx=0 tx=0 comp rx=0 tx=0).stop
2024-04-30T08:22:58.636 INFO:teuthology.orchestra.run.smithi032.stdout:/usr/bin/ceph: stderr
2024-04-30T08:22:57.660+0000 7f5d49000700 1 -- 172.21.15.32:0/1229516706 >> 172.21.15.32:0/1229516706 conn(0x7f5d441050d0 msgr2=0x7f5d441075a0 unknown :-1 s=STATE_NONE l=0).mark_down
2024-04-30T08:22:58.636 INFO:teuthology.orchestra.run.smithi032.stdout:/usr/bin/ceph: stderr
2024-04-30T08:22:57.660+0000 7f5d49000700 1 -- 172.21.15.32:0/1229516706 shutdown_connections
2024-04-30T08:22:58.637 INFO:teuthology.orchestra.run.smithi032.stdout:/usr/bin/ceph: stderr
2024-04-30T08:22:57.660+0000 7f5d49000700 1 -- 172.21.15.32:0/1229516706 wait complete.
2024-04-30T08:22:58.637 INFO:teuthology.orchestra.run.smithi032.stdout:/usr/bin/ceph: stderr
2024-04-30T08:22:57.661+0000 7f5d49000700 1 Processor -- start
2024-04-30T08:22:58.637 INFO:teuthology.orchestra.run.smithi032.stdout:/usr/bin/ceph: stderr
2024-04-30T08:22:57.661+0000 7f5d49000700 1 -- start start
2024-04-30T08:22:58.637 INFO:teuthology.orchestra.run.smithi032.stdout:/usr/bin/ceph: stderr
2024-04-30T08:22:57.662+0000 7f5d49000700 1 --2- >> [v2:172.21.15.32:3300/0,v1:172.21.15.32:6789/0] conn(0x7f5d4407ed30 0x7f5d441a0000 unknown :-1 s=NONE pgs=0 cs=0 l=1 rev1=0 crypto rx=0 tx=0 comp rx=0 tx=0).connect
2024-04-30T08:22:58.637 INFO:teuthology.orchestra.run.smithi032.stdout:/usr/bin/ceph: stderr
2024-04-30T08:22:57.662+0000 7f5d49000700 1 -- --> [v2:172.21.15.32:3300/0,v1:172.21.15.32:6789/0] -- mon_getmap magic: 0 -- 0x7f5d4410ffb0 con 0x7f5d4407ed30
2024-04-30T08:22:58.637 INFO:teuthology.orchestra.run.smithi032.stdout:/usr/bin/ceph: stderr
2024-04-30T08:22:57.662+0000 7f5d43400700 1 --2- >> [v2:172.21.15.32:3300/0,v1:172.21.15.32:6789/0] conn(0x7f5d4407ed30 0x7f5d441a0000 unknown :-1 s=BANNER_CONNECTING pgs=0 cs=0 l=1 rev1=0 crypto rx=0 tx=0 comp rx=0 tx=0)._handle_peer_banner_payload supported=3 required=0
2024-04-30T08:22:58.637 INFO:teuthology.orchestra.run.smithi032.stdout:/usr/bin/ceph: stderr
2024-04-30T08:22:57.662+0000 7f5d43400700 1 --2- >> [v2:172.21.15.32:3300/0,v1:172.21.15.32:6789/0] conn(0x7f5d4407ed30 0x7f5d441a0000 unknown :-1 s=HELLO_CONNECTING pgs=0 cs=0 l=1 rev1=1 crypto rx=0 tx=0 comp rx=0 tx=0).handle_hello peer v2:172.21.15.32:3300/0 says I am v2:172.21.15.32:37776/0 (socket says 172.21.15.32:37776)
2024-04-30T08:22:58.637 INFO:teuthology.orchestra.run.smithi032.stdout:/usr/bin/ceph: stderr
2024-04-30T08:22:57.662+0000 7f5d43400700 1 -- 172.21.15.32:0/531875893 learned_addr learned my addr 172.21.15.32:0/531875893 (peer_addr_for_me v2:172.21.15.32:0/0)
2024-04-30T08:22:58.638 INFO:teuthology.orchestra.run.smithi032.stdout:/usr/bin/ceph: stderr
2024-04-30T08:22:57.662+0000 7f5d43400700 1 -- 172.21.15.32:0/531875893 --> [v2:172.21.15.32:3300/0,v1:172.21.15.32:6789/0] -- mon_subscribe({config=0+,monmap=0+}) -- 0x7f5d441a0540 con 0x7f5d4407ed30
2024-04-30T08:22:58.638 INFO:teuthology.orchestra.run.smithi032.stdout:/usr/bin/ceph: stderr
2024-04-30T08:22:57.663+0000 7f5d43400700 1 --2- 172.21.15.32:0/531875893 >> [v2:172.21.15.32:3300/0,v1:172.21.15.32:6789/0] conn(0x7f5d4407ed30 0x7f5d441a0000 secure :-1 s=READY pgs=40 cs=0 l=1 rev1=1 crypto rx=0x7f5d340117b0 tx=0x7f5d34011b70 comp rx=0 tx=0).ready entity=mon.0 client_cookie=0 server_cookie=0 in_seq=0 out_seq=0
2024-04-30T08:22:58.638 INFO:teuthology.orchestra.run.smithi032.stdout:/usr/bin/ceph: stderr
2024-04-30T08:22:57.663+0000 7f5d3be00700 1 -- 172.21.15.32:0/531875893 <== mon.0 v2:172.21.15.32:3300/0 1 ==== mon_map magic: 0 ==== 205+0+0 (secure 0 0 0) 0x7f5d340039c0 con 0x7f5d4407ed30
2024-04-30T08:22:58.638 INFO:teuthology.orchestra.run.smithi032.stdout:/usr/bin/ceph: stderr
2024-04-30T08:22:57.663+0000 7f5d3be00700 1 -- 172.21.15.32:0/531875893 <== mon.0 v2:172.21.15.32:3300/0 2 ==== config(26 keys) ==== 1070+0+0 (secure 0 0 0) 0x7f5d34003b60 con 0x7f5d4407ed30
2024-04-30T08:22:58.638 INFO:teuthology.orchestra.run.smithi032.stdout:/usr/bin/ceph: stderr
2024-04-30T08:22:57.663+0000 7f5d3be00700 1 -- 172.21.15.32:0/531875893 <== mon.0 v2:172.21.15.32:3300/0 3 ==== mon_map magic: 0 ==== 205+0+0 (secure 0 0 0) 0x7f5d340196a0 con 0x7f5d4407ed30
2024-04-30T08:22:58.638 INFO:teuthology.orchestra.run.smithi032.stdout:/usr/bin/ceph: stderr
2024-04-30T08:22:57.663+0000 7f5d49000700 1 -- 172.21.15.32:0/531875893 --> [v2:172.21.15.32:3300/0,v1:172.21.15.32:6789/0] -- mon_subscribe({mgrmap=0+}) -- 0x7f5d441a07d0 con 0x7f5d4407ed30
2024-04-30T08:22:58.638 INFO:teuthology.orchestra.run.smithi032.stdout:/usr/bin/ceph: stderr
2024-04-30T08:22:57.663+0000 7f5d49000700 1 -- 172.21.15.32:0/531875893 --> [v2:172.21.15.32:3300/0,v1:172.21.15.32:6789/0] -- mon_subscribe({osdmap=0}) -- 0x7f5d441a33e0 con 0x7f5d4407ed30
2024-04-30T08:22:58.638 INFO:teuthology.orchestra.run.smithi032.stdout:/usr/bin/ceph: stderr
2024-04-30T08:22:57.665+0000 7f5d3be00700 1 -- 172.21.15.32:0/531875893 <== mon.0 v2:172.21.15.32:3300/0 4 ==== mgrmap(e 8) ==== 49516+0+0 (secure 0 0 0) 0x7f5d3401a430 con 0x7f5d4407ed30
2024-04-30T08:22:58.638 INFO:teuthology.orchestra.run.smithi032.stdout:/usr/bin/ceph: stderr
2024-04-30T08:22:57.665+0000 7f5d49000700 1 -- 172.21.15.32:0/531875893 --> [v2:172.21.15.32:3300/0,v1:172.21.15.32:6789/0] -- mon_command({"prefix": "get_command_descriptions"} v 0) -- 0x7f5d44064d70 con 0x7f5d4407ed30
2024-04-30T08:22:58.638 INFO:teuthology.orchestra.run.smithi032.stdout:/usr/bin/ceph: stderr
2024-04-30T08:22:57.665+0000 7f5d3be00700 1 --2- 172.21.15.32:0/531875893 >> [v2:172.21.15.32:6800/4019351306,v1:172.21.15.32:6801/4019351306] conn(0x7f5d2803d620 0x7f5d2803fb30 unknown :-1 s=NONE pgs=0 cs=0 l=1 rev1=0 crypto rx=0 tx=0 comp rx=0 tx=0).connect
2024-04-30T08:22:58.638 INFO:teuthology.orchestra.run.smithi032.stdout:/usr/bin/ceph: stderr
2024-04-30T08:22:57.665+0000 7f5d3be00700 1 -- 172.21.15.32:0/531875893 <== mon.0 v2:172.21.15.32:3300/0 5 ==== osd_map(2..2 src has 1..2) ==== 940+0+0 (secure 0 0 0) 0x7f5d34052a90 con 0x7f5d4407ed30
2024-04-30T08:22:58.639 INFO:teuthology.orchestra.run.smithi032.stdout:/usr/bin/ceph: stderr
2024-04-30T08:22:57.665+0000 7f5d42a00700 1 --2- 172.21.15.32:0/531875893 >> [v2:172.21.15.32:6800/4019351306,v1:172.21.15.32:6801/4019351306] conn(0x7f5d2803d620 0x7f5d2803fb30 unknown :-1 s=BANNER_CONNECTING pgs=0 cs=0 l=1 rev1=0 crypto rx=0 tx=0 comp rx=0 tx=0)._handle_peer_banner_payload supported=3 required=0
2024-04-30T08:22:58.639 INFO:teuthology.orchestra.run.smithi032.stdout:/usr/bin/ceph: stderr
2024-04-30T08:22:57.666+0000 7f5d42a00700 1 --2- 172.21.15.32:0/531875893 >> [v2:172.21.15.32:6800/4019351306,v1:172.21.15.32:6801/4019351306] conn(0x7f5d2803d620 0x7f5d2803fb30 secure :-1 s=READY pgs=8 cs=0 l=1 rev1=1 crypto rx=0x7f5d30006fd0 tx=0x7f5d30006e40 comp rx=0 tx=0).ready entity=mgr.14120 client_cookie=0 server_cookie=0 in_seq=0 out_seq=0
2024-04-30T08:22:58.639 INFO:teuthology.orchestra.run.smithi032.stdout:/usr/bin/ceph: stderr
2024-04-30T08:22:57.672+0000 7f5d3be00700 1 -- 172.21.15.32:0/531875893 <== mon.0 v2:172.21.15.32:3300/0 6 ==== mon_command_ack([{"prefix": "get_command_descriptions"}]=0 v0) ==== 72+0+188370 (secure 0 0 0) 0x7f5d3400b3e0 con 0x7f5d4407ed30
2024-04-30T08:22:58.639 INFO:teuthology.orchestra.run.smithi032.stdout:/usr/bin/ceph: stderr
2024-04-30T08:22:57.905+0000 7f5d49000700 1 -- 172.21.15.32:0/531875893 --> [v2:172.21.15.32:6800/4019351306,v1:172.21.15.32:6801/4019351306] -- mgr_command(tid 0: {"prefix": "cephadm set-user", "user": "root", "target": ["mon-mgr", ""]}) -- 0x7f5d44106160 con 0x7f5d2803d620
2024-04-30T08:22:58.639 INFO:teuthology.orchestra.run.smithi032.stdout:/usr/bin/ceph: stderr
2024-04-30T08:22:57.907+0000 7f5d3be00700 1 -- 172.21.15.32:0/531875893 <== mgr.14120 v2:172.21.15.32:6800/4019351306 1 ==== mgr_command_reply(tid 0: 0 ) ==== 8+0+16 (secure 0 0 0) 0x7f5d44106160 con 0x7f5d2803d620
2024-04-30T08:22:58.639 INFO:teuthology.orchestra.run.smithi032.stdout:/usr/bin/ceph: stderr
2024-04-30T08:22:57.909+0000 7f5d49000700 1 -- 172.21.15.32:0/531875893 >> [v2:172.21.15.32:6800/4019351306,v1:172.21.15.32:6801/4019351306] conn(0x7f5d2803d620 msgr2=0x7f5d2803fb30 secure :-1 s=STATE_CONNECTION_ESTABLISHED l=1).mark_down
2024-04-30T08:22:58.639 INFO:teuthology.orchestra.run.smithi032.stdout:/usr/bin/ceph: stderr
2024-04-30T08:22:57.909+0000 7f5d49000700 1 --2- 172.21.15.32:0/531875893 >> [v2:172.21.15.32:6800/4019351306,v1:172.21.15.32:6801/4019351306] conn(0x7f5d2803d620 0x7f5d2803fb30 secure :-1 s=READY pgs=8 cs=0 l=1 rev1=1 crypto rx=0x7f5d30006fd0 tx=0x7f5d30006e40 comp rx=0 tx=0).stop
2024-04-30T08:22:58.639 INFO:teuthology.orchestra.run.smithi032.stdout:/usr/bin/ceph: stderr
2024-04-30T08:22:57.909+0000 7f5d49000700 1 -- 172.21.15.32:0/531875893 >> [v2:172.21.15.32:3300/0,v1:172.21.15.32:6789/0] conn(0x7f5d4407ed30 msgr2=0x7f5d441a0000 secure :-1 s=STATE_CONNECTION_ESTABLISHED l=1).mark_down
2024-04-30T08:22:58.639 INFO:teuthology.orchestra.run.smithi032.stdout:/usr/bin/ceph: stderr
2024-04-30T08:22:57.909+0000 7f5d49000700 1 --2- 172.21.15.32:0/531875893 >> [v2:172.21.15.32:3300/0,v1:172.21.15.32:6789/0] conn(0x7f5d4407ed30 0x7f5d441a0000 secure :-1 s=READY pgs=40 cs=0 l=1 rev1=1 crypto rx=0x7f5d340117b0 tx=0x7f5d34011b70 comp rx=0 tx=0).stop
2024-04-30T08:22:58.639 INFO:teuthology.orchestra.run.smithi032.stdout:/usr/bin/ceph: stderr
2024-04-30T08:22:57.909+0000 7f5d49000700 1 -- 172.21.15.32:0/531875893 shutdown_connections
2024-04-30T08:22:58.639 INFO:teuthology.orchestra.run.smithi032.stdout:/usr/bin/ceph: stderr
2024-04-30T08:22:57.909+0000 7f5d49000700 1 --2- 172.21.15.32:0/531875893 >> [v2:172.21.15.32:6800/4019351306,v1:172.21.15.32:6801/4019351306] conn(0x7f5d2803d620 0x7f5d2803fb30 unknown :-1 s=CLOSED pgs=8 cs=0 l=1 rev1=1 crypto rx=0 tx=0 comp rx=0 tx=0).stop
2024-04-30T08:22:58.639 INFO:teuthology.orchestra.run.smithi032.stdout:/usr/bin/ceph: stderr
2024-04-30T08:22:57.909+0000 7f5d49000700 1 --2- 172.21.15.32:0/531875893 >> [v2:172.21.15.32:3300/0,v1:172.21.15.32:6789/0] conn(0x7f5d4407ed30 0x7f5d441a0000 unknown :-1 s=CLOSED pgs=40 cs=0 l=1 rev1=1 crypto rx=0 tx=0 comp rx=0 tx=0).stop
2024-04-30T08:22:58.640 INFO:teuthology.orchestra.run.smithi032.stdout:/usr/bin/ceph: stderr
2024-04-30T08:22:57.909+0000 7f5d49000700 1 -- 172.21.15.32:0/531875893 >> 172.21.15.32:0/531875893 conn(0x7f5d441050d0 msgr2=0x7f5d441059f0 unknown :-1 s=STATE_NONE l=0).mark_down
2024-04-30T08:22:58.640 INFO:teuthology.orchestra.run.smithi032.stdout:/usr/bin/ceph: stderr
2024-04-30T08:22:57.910+0000 7f5d49000700 1 -- 172.21.15.32:0/531875893 shutdown_connections
2024-04-30T08:22:58.640 INFO:teuthology.orchestra.run.smithi032.stdout:/usr/bin/ceph: stderr
2024-04-30T08:22:57.910+0000 7f5d49000700 1 -- 172.21.15.32:0/531875893 wait complete.
2024-04-30T08:22:58.640 INFO:teuthology.orchestra.run.smithi032.stdout:Generating ssh key...
2024-04-30T08:22:58.814 INFO:journalctl@ceph.mon.a.smithi032.stdout:Apr 30 08:22:58 smithi032 ceph-mon[28331]: from='client.14134 -' entity='client.admin' cmd=[{"prefix": "cephadm set-user", "user": "root", "target": ["mon-mgr", ""]}]: dispatch
2024-04-30T08:23:00.909 INFO:journalctl@ceph.mgr.x.smithi032.stdout:Apr 30 08:23:00 smithi032 ceph-98c0a670-06ca-11ef-bc93-c7b262605968-mgr-x[28571]: Generating public/private rsa key pair.
2024-04-30T08:23:00.909 INFO:journalctl@ceph.mgr.x.smithi032.stdout:Apr 30 08:23:00 smithi032 ceph-98c0a670-06ca-11ef-bc93-c7b262605968-mgr-x[28571]: Your identification has been saved in /tmp/tmpbim8jzm1/key.
2024-04-30T08:23:00.909 INFO:journalctl@ceph.mgr.x.smithi032.stdout:Apr 30 08:23:00 smithi032 ceph-98c0a670-06ca-11ef-bc93-c7b262605968-mgr-x[28571]: Your public key has been saved in /tmp/tmpbim8jzm1/key.pub.
2024-04-30T08:23:00.909 INFO:journalctl@ceph.mgr.x.smithi032.stdout:Apr 30 08:23:00 smithi032 ceph-98c0a670-06ca-11ef-bc93-c7b262605968-mgr-x[28571]: The key fingerprint is:
2024-04-30T08:23:00.909 INFO:journalctl@ceph.mgr.x.smithi032.stdout:Apr 30 08:23:00 smithi032 ceph-98c0a670-06ca-11ef-bc93-c7b262605968-mgr-x[28571]: SHA256:HjOx+ImtkFsiAMiJsYca6FHkPlBgogykOyDzeILzxLA ceph-98c0a670-06ca-11ef-bc93-c7b262605968
2024-04-30T08:23:00.909 INFO:journalctl@ceph.mgr.x.smithi032.stdout:Apr 30 08:23:00 smithi032 ceph-98c0a670-06ca-11ef-bc93-c7b262605968-mgr-x[28571]: The key's randomart image is:
2024-04-30T08:23:00.910 INFO:journalctl@ceph.mgr.x.smithi032.stdout:Apr 30 08:23:00 smithi032 ceph-98c0a670-06ca-11ef-bc93-c7b262605968-mgr-x[28571]: +---[RSA 3072]----+
2024-04-30T08:23:00.910 INFO:journalctl@ceph.mgr.x.smithi032.stdout:Apr 30 08:23:00 smithi032 ceph-98c0a670-06ca-11ef-bc93-c7b262605968-mgr-x[28571]: |=+o+ |
2024-04-30T08:23:00.910 INFO:journalctl@ceph.mgr.x.smithi032.stdout:Apr 30 08:23:00 smithi032 ceph-98c0a670-06ca-11ef-bc93-c7b262605968-mgr-x[28571]: |%+= |
2024-04-30T08:23:00.910 INFO:journalctl@ceph.mgr.x.smithi032.stdout:Apr 30 08:23:00 smithi032 ceph-98c0a670-06ca-11ef-bc93-c7b262605968-mgr-x[28571]: |/*.. . |
2024-04-30T08:23:00.910 INFO:journalctl@ceph.mgr.x.smithi032.stdout:Apr 30 08:23:00 smithi032 ceph-98c0a670-06ca-11ef-bc93-c7b262605968-mgr-x[28571]: |B@+ . o |
2024-04-30T08:23:00.910 INFO:journalctl@ceph.mgr.x.smithi032.stdout:Apr 30 08:23:00 smithi032 ceph-98c0a670-06ca-11ef-bc93-c7b262605968-mgr-x[28571]: |E.=o . S |
2024-04-30T08:23:00.910 INFO:journalctl@ceph.mgr.x.smithi032.stdout:Apr 30 08:23:00 smithi032 ceph-98c0a670-06ca-11ef-bc93-c7b262605968-mgr-x[28571]: | O .. = = |
2024-04-30T08:23:00.910 INFO:journalctl@ceph.mgr.x.smithi032.stdout:Apr 30 08:23:00 smithi032 ceph-98c0a670-06ca-11ef-bc93-c7b262605968-mgr-x[28571]: | o + o = |
2024-04-30T08:23:00.910 INFO:journalctl@ceph.mgr.x.smithi032.stdout:Apr 30 08:23:00 smithi032 ceph-98c0a670-06ca-11ef-bc93-c7b262605968-mgr-x[28571]: | . = . |
2024-04-30T08:23:00.910 INFO:journalctl@ceph.mgr.x.smithi032.stdout:Apr 30 08:23:00 smithi032 ceph-98c0a670-06ca-11ef-bc93-c7b262605968-mgr-x[28571]: | . . |
2024-04-30T08:23:00.910 INFO:journalctl@ceph.mgr.x.smithi032.stdout:Apr 30 08:23:00 smithi032 ceph-98c0a670-06ca-11ef-bc93-c7b262605968-mgr-x[28571]: +----[SHA256]-----+
2024-04-30T08:23:01.220 INFO:teuthology.orchestra.run.smithi032.stdout:/usr/bin/ceph: stderr
2024-04-30T08:22:59.350+0000 7fa576800700 1 Processor -- start
2024-04-30T08:23:01.221 INFO:teuthology.orchestra.run.smithi032.stdout:/usr/bin/ceph: stderr
2024-04-30T08:22:59.350+0000 7fa576800700 1 -- start start
2024-04-30T08:23:01.221 INFO:teuthology.orchestra.run.smithi032.stdout:/usr/bin/ceph: stderr
2024-04-30T08:22:59.351+0000 7fa576800700 1 --2- >> [v2:172.21.15.32:3300/0,v1:172.21.15.32:6789/0] conn(0x7fa57007cc60 0x7fa57010e9b0 unknown :-1 s=NONE pgs=0 cs=0 l=0 rev1=0 crypto rx=0 tx=0 comp rx=0 tx=0).connect
2024-04-30T08:23:01.221 INFO:teuthology.orchestra.run.smithi032.stdout:/usr/bin/ceph: stderr
2024-04-30T08:22:59.351+0000 7fa576800700 1 -- --> [v2:172.21.15.32:3300/0,v1:172.21.15.32:6789/0] -- mon_getmap magic: 0 -- 0x7fa57010eef0 con 0x7fa57007cc60
2024-04-30T08:23:01.221 INFO:teuthology.orchestra.run.smithi032.stdout:/usr/bin/ceph: stderr
2024-04-30T08:22:59.351+0000 7fa575400700 1 --2- >> [v2:172.21.15.32:3300/0,v1:172.21.15.32:6789/0] conn(0x7fa57007cc60 0x7fa57010e9b0 unknown :-1 s=BANNER_CONNECTING pgs=0 cs=0 l=0 rev1=0 crypto rx=0 tx=0 comp rx=0 tx=0)._handle_peer_banner_payload supported=3 required=0
2024-04-30T08:23:01.221 INFO:teuthology.orchestra.run.smithi032.stdout:/usr/bin/ceph: stderr
2024-04-30T08:22:59.351+0000 7fa575400700 1 --2- >> [v2:172.21.15.32:3300/0,v1:172.21.15.32:6789/0] conn(0x7fa57007cc60 0x7fa57010e9b0 unknown :-1 s=HELLO_CONNECTING pgs=0 cs=0 l=0 rev1=1 crypto rx=0 tx=0 comp rx=0 tx=0).handle_hello peer v2:172.21.15.32:3300/0 says I am v2:172.21.15.32:37782/0 (socket says 172.21.15.32:37782)
2024-04-30T08:23:01.221 INFO:teuthology.orchestra.run.smithi032.stdout:/usr/bin/ceph: stderr
2024-04-30T08:22:59.351+0000 7fa575400700 1 -- 172.21.15.32:0/3733005091 learned_addr learned my addr 172.21.15.32:0/3733005091 (peer_addr_for_me v2:172.21.15.32:0/0)
2024-04-30T08:23:01.221 INFO:teuthology.orchestra.run.smithi032.stdout:/usr/bin/ceph: stderr
2024-04-30T08:22:59.352+0000 7fa575400700 1 -- 172.21.15.32:0/3733005091 --> [v2:172.21.15.32:3300/0,v1:172.21.15.32:6789/0] -- mon_subscribe({config=0+,monmap=0+}) -- 0x7fa57010f070 con 0x7fa57007cc60
2024-04-30T08:23:01.223 INFO:teuthology.orchestra.run.smithi032.stdout:/usr/bin/ceph: stderr
2024-04-30T08:22:59.352+0000 7fa575400700 1 --2- 172.21.15.32:0/3733005091 >> [v2:172.21.15.32:3300/0,v1:172.21.15.32:6789/0] conn(0x7fa57007cc60 0x7fa57010e9b0 secure :-1 s=READY pgs=41 cs=0 l=1 rev1=1 crypto rx=0x7fa5640098a0 tx=0x7fa564009bb0 comp rx=0 tx=0).ready entity=mon.0 client_cookie=b95da3007f7d2af9 server_cookie=0 in_seq=0 out_seq=0
2024-04-30T08:23:01.223 INFO:teuthology.orchestra.run.smithi032.stdout:/usr/bin/ceph: stderr
2024-04-30T08:22:59.353+0000 7fa56fe00700 1 -- 172.21.15.32:0/3733005091 <== mon.0 v2:172.21.15.32:3300/0 1 ==== mon_map magic: 0 ==== 205+0+0 (secure 0 0 0) 0x7fa564004160 con 0x7fa57007cc60
2024-04-30T08:23:01.223 INFO:teuthology.orchestra.run.smithi032.stdout:/usr/bin/ceph: stderr
2024-04-30T08:22:59.353+0000 7fa56fe00700 1 -- 172.21.15.32:0/3733005091 <== mon.0 v2:172.21.15.32:3300/0 2 ==== config(26 keys) ==== 1070+0+0 (secure 0 0 0) 0x7fa564004300 con 0x7fa57007cc60
2024-04-30T08:23:01.223 INFO:teuthology.orchestra.run.smithi032.stdout:/usr/bin/ceph: stderr
2024-04-30T08:22:59.353+0000 7fa56fe00700 1 -- 172.21.15.32:0/3733005091 <== mon.0 v2:172.21.15.32:3300/0 3 ==== mon_map magic: 0 ==== 205+0+0 (secure 0 0 0) 0x7fa564011af0 con 0x7fa57007cc60
2024-04-30T08:23:01.223 INFO:teuthology.orchestra.run.smithi032.stdout:/usr/bin/ceph: stderr
2024-04-30T08:22:59.354+0000 7fa576800700 1 -- 172.21.15.32:0/3733005091 >> [v2:172.21.15.32:3300/0,v1:172.21.15.32:6789/0] conn(0x7fa57007cc60 msgr2=0x7fa57010e9b0 secure :-1 s=STATE_CONNECTION_ESTABLISHED l=1).mark_down
2024-04-30T08:23:01.223 INFO:teuthology.orchestra.run.smithi032.stdout:/usr/bin/ceph: stderr
2024-04-30T08:22:59.354+0000 7fa576800700 1 --2- 172.21.15.32:0/3733005091 >> [v2:172.21.15.32:3300/0,v1:172.21.15.32:6789/0] conn(0x7fa57007cc60 0x7fa57010e9b0 secure :-1 s=READY pgs=41 cs=0 l=1 rev1=1 crypto rx=0x7fa5640098a0 tx=0x7fa564009bb0 comp rx=0 tx=0).stop
2024-04-30T08:23:01.223 INFO:teuthology.orchestra.run.smithi032.stdout:/usr/bin/ceph: stderr
2024-04-30T08:22:59.354+0000 7fa576800700 1 -- 172.21.15.32:0/3733005091 shutdown_connections
2024-04-30T08:23:01.223 INFO:teuthology.orchestra.run.smithi032.stdout:/usr/bin/ceph: stderr
2024-04-30T08:22:59.354+0000 7fa576800700 1 --2- 172.21.15.32:0/3733005091 >> [v2:172.21.15.32:3300/0,v1:172.21.15.32:6789/0] conn(0x7fa57007cc60 0x7fa57010e9b0 unknown :-1 s=CLOSED pgs=41 cs=0 l=1 rev1=1 crypto rx=0 tx=0 comp rx=0 tx=0).stop
2024-04-30T08:23:01.223 INFO:teuthology.orchestra.run.smithi032.stdout:/usr/bin/ceph: stderr
2024-04-30T08:22:59.354+0000 7fa576800700 1 -- 172.21.15.32:0/3733005091 >> 172.21.15.32:0/3733005091 conn(0x7fa570103fa0 msgr2=0x7fa570106410 unknown :-1 s=STATE_NONE l=0).mark_down
2024-04-30T08:23:01.223 INFO:teuthology.orchestra.run.smithi032.stdout:/usr/bin/ceph: stderr
2024-04-30T08:22:59.354+0000 7fa576800700 1 -- 172.21.15.32:0/3733005091 shutdown_connections
2024-04-30T08:23:01.223 INFO:teuthology.orchestra.run.smithi032.stdout:/usr/bin/ceph: stderr
2024-04-30T08:22:59.355+0000 7fa576800700 1 -- 172.21.15.32:0/3733005091 wait complete.
2024-04-30T08:23:01.223 INFO:teuthology.orchestra.run.smithi032.stdout:/usr/bin/ceph: stderr
2024-04-30T08:22:59.356+0000 7fa576800700 1 Processor -- start
2024-04-30T08:23:01.225 INFO:teuthology.orchestra.run.smithi032.stdout:/usr/bin/ceph: stderr
2024-04-30T08:22:59.356+0000 7fa576800700 1 -- start start
2024-04-30T08:23:01.225 INFO:teuthology.orchestra.run.smithi032.stdout:/usr/bin/ceph: stderr
2024-04-30T08:22:59.356+0000 7fa576800700 1 --2- >> [v2:172.21.15.32:3300/0,v1:172.21.15.32:6789/0] conn(0x7fa57007cc60 0x7fa57019ff60 unknown :-1 s=NONE pgs=0 cs=0 l=1 rev1=0 crypto rx=0 tx=0 comp rx=0 tx=0).connect
2024-04-30T08:23:01.225 INFO:teuthology.orchestra.run.smithi032.stdout:/usr/bin/ceph: stderr
2024-04-30T08:22:59.356+0000 7fa576800700 1 -- --> [v2:172.21.15.32:3300/0,v1:172.21.15.32:6789/0] -- mon_getmap magic: 0 -- 0x7fa57010ff80 con 0x7fa57007cc60
2024-04-30T08:23:01.225 INFO:teuthology.orchestra.run.smithi032.stdout:/usr/bin/ceph: stderr
2024-04-30T08:22:59.356+0000 7fa575400700 1 --2- >> [v2:172.21.15.32:3300/0,v1:172.21.15.32:6789/0] conn(0x7fa57007cc60 0x7fa57019ff60 unknown :-1 s=BANNER_CONNECTING pgs=0 cs=0 l=1 rev1=0 crypto rx=0 tx=0 comp rx=0 tx=0)._handle_peer_banner_payload supported=3 required=0
2024-04-30T08:23:01.225 INFO:teuthology.orchestra.run.smithi032.stdout:/usr/bin/ceph: stderr
2024-04-30T08:22:59.356+0000 7fa575400700 1 --2- >> [v2:172.21.15.32:3300/0,v1:172.21.15.32:6789/0] conn(0x7fa57007cc60 0x7fa57019ff60 unknown :-1 s=HELLO_CONNECTING pgs=0 cs=0 l=1 rev1=1 crypto rx=0 tx=0 comp rx=0 tx=0).handle_hello peer v2:172.21.15.32:3300/0 says I am v2:172.21.15.32:37794/0 (socket says 172.21.15.32:37794)
2024-04-30T08:23:01.226 INFO:teuthology.orchestra.run.smithi032.stdout:/usr/bin/ceph: stderr
2024-04-30T08:22:59.356+0000 7fa575400700 1 -- 172.21.15.32:0/2639463111 learned_addr learned my addr 172.21.15.32:0/2639463111 (peer_addr_for_me v2:172.21.15.32:0/0)
2024-04-30T08:23:01.226 INFO:teuthology.orchestra.run.smithi032.stdout:/usr/bin/ceph: stderr
2024-04-30T08:22:59.357+0000 7fa575400700 1 -- 172.21.15.32:0/2639463111 --> [v2:172.21.15.32:3300/0,v1:172.21.15.32:6789/0] -- mon_subscribe({config=0+,monmap=0+}) -- 0x7fa5701a04a0 con 0x7fa57007cc60
2024-04-30T08:23:01.226 INFO:teuthology.orchestra.run.smithi032.stdout:/usr/bin/ceph: stderr
2024-04-30T08:22:59.357+0000 7fa575400700 1 --2- 172.21.15.32:0/2639463111 >> [v2:172.21.15.32:3300/0,v1:172.21.15.32:6789/0] conn(0x7fa57007cc60 0x7fa57019ff60 secure :-1 s=READY pgs=42 cs=0 l=1 rev1=1 crypto rx=0x7fa5640117b0 tx=0x7fa564011b70 comp rx=0 tx=0).ready entity=mon.0 client_cookie=0 server_cookie=0 in_seq=0 out_seq=0
2024-04-30T08:23:01.226 INFO:teuthology.orchestra.run.smithi032.stdout:/usr/bin/ceph: stderr
2024-04-30T08:22:59.357+0000 7fa56e000700 1 -- 172.21.15.32:0/2639463111 <== mon.0 v2:172.21.15.32:3300/0 1 ==== mon_map magic: 0 ==== 205+0+0 (secure 0 0 0) 0x7fa564003af0 con 0x7fa57007cc60
2024-04-30T08:23:01.226 INFO:teuthology.orchestra.run.smithi032.stdout:/usr/bin/ceph: stderr
2024-04-30T08:22:59.358+0000 7fa56e000700 1 -- 172.21.15.32:0/2639463111 <== mon.0 v2:172.21.15.32:3300/0 2 ==== config(26 keys) ==== 1070+0+0 (secure 0 0 0) 0x7fa564020070 con 0x7fa57007cc60
2024-04-30T08:23:01.226 INFO:teuthology.orchestra.run.smithi032.stdout:/usr/bin/ceph: stderr
2024-04-30T08:22:59.358+0000 7fa576800700 1 -- 172.21.15.32:0/2639463111 --> [v2:172.21.15.32:3300/0,v1:172.21.15.32:6789/0] -- mon_subscribe({mgrmap=0+}) -- 0x7fa5701a0730 con 0x7fa57007cc60
2024-04-30T08:23:01.226 INFO:teuthology.orchestra.run.smithi032.stdout:/usr/bin/ceph: stderr
2024-04-30T08:22:59.358+0000 7fa56e000700 1 -- 172.21.15.32:0/2639463111 <== mon.0 v2:172.21.15.32:3300/0 3 ==== mon_map magic: 0 ==== 205+0+0 (secure 0 0 0) 0x7fa564019630 con 0x7fa57007cc60
2024-04-30T08:23:01.226 INFO:teuthology.orchestra.run.smithi032.stdout:/usr/bin/ceph: stderr
2024-04-30T08:22:59.358+0000 7fa576800700 1 -- 172.21.15.32:0/2639463111 --> [v2:172.21.15.32:3300/0,v1:172.21.15.32:6789/0] -- mon_subscribe({osdmap=0}) -- 0x7fa5701a3340 con 0x7fa57007cc60
2024-04-30T08:23:01.226 INFO:teuthology.orchestra.run.smithi032.stdout:/usr/bin/ceph: stderr
2024-04-30T08:22:59.359+0000 7fa576800700 1 -- 172.21.15.32:0/2639463111 --> [v2:172.21.15.32:3300/0,v1:172.21.15.32:6789/0] -- mon_command({"prefix": "get_command_descriptions"} v 0) -- 0x7fa570064d70 con 0x7fa57007cc60
2024-04-30T08:23:01.226 INFO:teuthology.orchestra.run.smithi032.stdout:/usr/bin/ceph: stderr
2024-04-30T08:22:59.359+0000 7fa56e000700 1 -- 172.21.15.32:0/2639463111 <== mon.0 v2:172.21.15.32:3300/0 4 ==== mgrmap(e 8) ==== 49516+0+0 (secure 0 0 0) 0x7fa56401a430 con 0x7fa57007cc60
2024-04-30T08:23:01.228 INFO:teuthology.orchestra.run.smithi032.stdout:/usr/bin/ceph: stderr
2024-04-30T08:22:59.360+0000 7fa56e000700 1 --2- 172.21.15.32:0/2639463111 >> [v2:172.21.15.32:6800/4019351306,v1:172.21.15.32:6801/4019351306] conn(0x7fa55803d5c0 0x7fa55803fad0 unknown :-1 s=NONE pgs=0 cs=0 l=1 rev1=0 crypto rx=0 tx=0 comp rx=0 tx=0).connect
2024-04-30T08:23:01.228 INFO:teuthology.orchestra.run.smithi032.stdout:/usr/bin/ceph: stderr
2024-04-30T08:22:59.360+0000 7fa56e000700 1 -- 172.21.15.32:0/2639463111 <== mon.0 v2:172.21.15.32:3300/0 5 ==== osd_map(2..2 src has 1..2) ==== 940+0+0 (secure 0 0 0) 0x7fa5640528a0 con 0x7fa57007cc60
2024-04-30T08:23:01.228 INFO:teuthology.orchestra.run.smithi032.stdout:/usr/bin/ceph: stderr
2024-04-30T08:22:59.360+0000 7fa574a00700 1 --2- 172.21.15.32:0/2639463111 >> [v2:172.21.15.32:6800/4019351306,v1:172.21.15.32:6801/4019351306] conn(0x7fa55803d5c0 0x7fa55803fad0 unknown :-1 s=BANNER_CONNECTING pgs=0 cs=0 l=1 rev1=0 crypto rx=0 tx=0 comp rx=0 tx=0)._handle_peer_banner_payload supported=3 required=0
2024-04-30T08:23:01.228 INFO:teuthology.orchestra.run.smithi032.stdout:/usr/bin/ceph: stderr
2024-04-30T08:22:59.361+0000 7fa574a00700 1 --2- 172.21.15.32:0/2639463111 >> [v2:172.21.15.32:6800/4019351306,v1:172.21.15.32:6801/4019351306] conn(0x7fa55803d5c0 0x7fa55803fad0 secure :-1 s=READY pgs=9 cs=0 l=1 rev1=1 crypto rx=0x7fa55c006fd0 tx=0x7fa55c006e40 comp rx=0 tx=0).ready entity=mgr.14120 client_cookie=0 server_cookie=0 in_seq=0 out_seq=0
2024-04-30T08:23:01.228 INFO:teuthology.orchestra.run.smithi032.stdout:/usr/bin/ceph: stderr
2024-04-30T08:22:59.365+0000 7fa56e000700 1 -- 172.21.15.32:0/2639463111 <== mon.0 v2:172.21.15.32:3300/0 6 ==== mon_command_ack([{"prefix": "get_command_descriptions"}]=0 v0) ==== 72+0+188370 (secure 0 0 0) 0x7fa564021de0 con 0x7fa57007cc60
2024-04-30T08:23:01.228 INFO:teuthology.orchestra.run.smithi032.stdout:/usr/bin/ceph: stderr
2024-04-30T08:22:59.593+0000 7fa576800700 1 -- 172.21.15.32:0/2639463111 --> [v2:172.21.15.32:6800/4019351306,v1:172.21.15.32:6801/4019351306] -- mgr_command(tid 0: {"prefix": "cephadm generate-key", "target": ["mon-mgr", ""]}) -- 0x7fa570105010 con 0x7fa55803d5c0
2024-04-30T08:23:01.229 INFO:teuthology.orchestra.run.smithi032.stdout:/usr/bin/ceph: stderr
2024-04-30T08:23:00.514+0000 7fa56e000700 1 -- 172.21.15.32:0/2639463111 <== mgr.14120 v2:172.21.15.32:6800/4019351306 1 ==== mgr_command_reply(tid 0: 0 ) ==== 8+0+0 (secure 0 0 0) 0x7fa570105010 con 0x7fa55803d5c0
2024-04-30T08:23:01.229 INFO:teuthology.orchestra.run.smithi032.stdout:/usr/bin/ceph: stderr
2024-04-30T08:23:00.516+0000 7fa576800700 1 -- 172.21.15.32:0/2639463111 >> [v2:172.21.15.32:6800/4019351306,v1:172.21.15.32:6801/4019351306] conn(0x7fa55803d5c0 msgr2=0x7fa55803fad0 secure :-1 s=STATE_CONNECTION_ESTABLISHED l=1).mark_down
2024-04-30T08:23:01.229 INFO:teuthology.orchestra.run.smithi032.stdout:/usr/bin/ceph: stderr
2024-04-30T08:23:00.516+0000 7fa576800700 1 --2- 172.21.15.32:0/2639463111 >> [v2:172.21.15.32:6800/4019351306,v1:172.21.15.32:6801/4019351306] conn(0x7fa55803d5c0 0x7fa55803fad0 secure :-1 s=READY pgs=9 cs=0 l=1 rev1=1 crypto rx=0x7fa55c006fd0 tx=0x7fa55c006e40 comp rx=0 tx=0).stop
2024-04-30T08:23:01.229 INFO:teuthology.orchestra.run.smithi032.stdout:/usr/bin/ceph: stderr
2024-04-30T08:23:00.516+0000 7fa576800700 1 -- 172.21.15.32:0/2639463111 >> [v2:172.21.15.32:3300/0,v1:172.21.15.32:6789/0] conn(0x7fa57007cc60 msgr2=0x7fa57019ff60 secure :-1 s=STATE_CONNECTION_ESTABLISHED l=1).mark_down
2024-04-30T08:23:01.229 INFO:teuthology.orchestra.run.smithi032.stdout:/usr/bin/ceph: stderr
