2024-04-30T08:23:37.942 INFO:journalctl@ceph.mon.a.smithi032.stdout:Apr 30 08:23:37 smithi032 ceph-mon[28331]: from='client.? 172.21.15.32:0/1022052102' entity='client.admin' cmd=[{"prefix": "config get", "who": "mgr", "key": "mgr/dashboard/ssl_server_port"}]: dispatch
2024-04-30T08:23:37.959 INFO:teuthology.orchestra.run.smithi032.stdout:/usr/bin/ceph: stdout 8443
2024-04-30T08:23:37.968 INFO:teuthology.orchestra.run.smithi032.stdout:/usr/bin/ceph: stderr
2024-04-30T08:23:36.651+0000 7f67f7200700 1 Processor -- start
2024-04-30T08:23:37.968 INFO:teuthology.orchestra.run.smithi032.stdout:/usr/bin/ceph: stderr
2024-04-30T08:23:36.651+0000 7f67f7200700 1 -- start start
2024-04-30T08:23:37.968 INFO:teuthology.orchestra.run.smithi032.stdout:/usr/bin/ceph: stderr
2024-04-30T08:23:36.652+0000 7f67f7200700 1 --2- >> [v2:172.21.15.32:3300/0,v1:172.21.15.32:6789/0] conn(0x7f67f007ed60 0x7f67f007d230 unknown :-1 s=NONE pgs=0 cs=0 l=0 rev1=0 crypto rx=0 tx=0 comp rx=0 tx=0).connect
2024-04-30T08:23:37.975 INFO:teuthology.orchestra.run.smithi032.stdout:/usr/bin/ceph: stderr
2024-04-30T08:23:36.652+0000 7f67f7200700 1 -- --> [v2:172.21.15.32:3300/0,v1:172.21.15.32:6789/0] -- mon_getmap magic: 0 -- 0x7f67f007d770 con 0x7f67f007ed60
2024-04-30T08:23:37.975 INFO:teuthology.orchestra.run.smithi032.stdout:/usr/bin/ceph: stderr
2024-04-30T08:23:36.652+0000 7f67efe00700 1 --2- >> [v2:172.21.15.32:3300/0,v1:172.21.15.32:6789/0] conn(0x7f67f007ed60 0x7f67f007d230 unknown :-1 s=BANNER_CONNECTING pgs=0 cs=0 l=0 rev1=0 crypto rx=0 tx=0 comp rx=0 tx=0)._handle_peer_banner_payload supported=3 required=0
2024-04-30T08:23:37.975 INFO:teuthology.orchestra.run.smithi032.stdout:/usr/bin/ceph: stderr
2024-04-30T08:23:36.652+0000 7f67efe00700 1 --2- >> [v2:172.21.15.32:3300/0,v1:172.21.15.32:6789/0] conn(0x7f67f007ed60 0x7f67f007d230 unknown :-1 s=HELLO_CONNECTING pgs=0 cs=0 l=0 rev1=1 crypto rx=0 tx=0 comp rx=0 tx=0).handle_hello peer v2:172.21.15.32:3300/0 says I am v2:172.21.15.32:60558/0 (socket says 172.21.15.32:60558)
2024-04-30T08:23:37.975 INFO:teuthology.orchestra.run.smithi032.stdout:/usr/bin/ceph: stderr
2024-04-30T08:23:36.652+0000 7f67efe00700 1 -- 172.21.15.32:0/2027592285 learned_addr learned my addr 172.21.15.32:0/2027592285 (peer_addr_for_me v2:172.21.15.32:0/0)
2024-04-30T08:23:37.975 INFO:teuthology.orchestra.run.smithi032.stdout:/usr/bin/ceph: stderr
2024-04-30T08:23:36.653+0000 7f67efe00700 1 -- 172.21.15.32:0/2027592285 --> [v2:172.21.15.32:3300/0,v1:172.21.15.32:6789/0] -- mon_subscribe({config=0+,monmap=0+}) -- 0x7f67f007d8f0 con 0x7f67f007ed60
2024-04-30T08:23:37.976 INFO:teuthology.orchestra.run.smithi032.stdout:/usr/bin/ceph: stderr
2024-04-30T08:23:36.653+0000 7f67efe00700 1 --2- 172.21.15.32:0/2027592285 >> [v2:172.21.15.32:3300/0,v1:172.21.15.32:6789/0] conn(0x7f67f007ed60 0x7f67f007d230 secure :-1 s=READY pgs=74 cs=0 l=1 rev1=1 crypto rx=0x7f67e00098a0 tx=0x7f67e0009bb0 comp rx=0 tx=0).ready entity=mon.0 client_cookie=6e6985b169ec334f server_cookie=0 in_seq=0 out_seq=0
2024-04-30T08:23:37.976 INFO:teuthology.orchestra.run.smithi032.stdout:/usr/bin/ceph: stderr
2024-04-30T08:23:36.654+0000 7f67eea00700 1 -- 172.21.15.32:0/2027592285 <== mon.0 v2:172.21.15.32:3300/0 1 ==== mon_map magic: 0 ==== 205+0+0 (secure 0 0 0) 0x7f67e0004160 con 0x7f67f007ed60
2024-04-30T08:23:37.976 INFO:teuthology.orchestra.run.smithi032.stdout:/usr/bin/ceph: stderr
2024-04-30T08:23:36.654+0000 7f67eea00700 1 -- 172.21.15.32:0/2027592285 <== mon.0 v2:172.21.15.32:3300/0 2 ==== config(26 keys) ==== 1101+0+0 (secure 0 0 0) 0x7f67e0004300 con 0x7f67f007ed60
2024-04-30T08:23:37.976 INFO:teuthology.orchestra.run.smithi032.stdout:/usr/bin/ceph: stderr
2024-04-30T08:23:36.654+0000 7f67eea00700 1 -- 172.21.15.32:0/2027592285 <== mon.0 v2:172.21.15.32:3300/0 3 ==== mon_map magic: 0 ==== 205+0+0 (secure 0 0 0) 0x7f67e0011a20 con 0x7f67f007ed60
2024-04-30T08:23:37.976 INFO:teuthology.orchestra.run.smithi032.stdout:/usr/bin/ceph: stderr
2024-04-30T08:23:36.655+0000 7f67f7200700 1 -- 172.21.15.32:0/2027592285 >> [v2:172.21.15.32:3300/0,v1:172.21.15.32:6789/0] conn(0x7f67f007ed60 msgr2=0x7f67f007d230 secure :-1 s=STATE_CONNECTION_ESTABLISHED l=1).mark_down
2024-04-30T08:23:37.976 INFO:teuthology.orchestra.run.smithi032.stdout:/usr/bin/ceph: stderr
2024-04-30T08:23:36.655+0000 7f67f7200700 1 --2- 172.21.15.32:0/2027592285 >> [v2:172.21.15.32:3300/0,v1:172.21.15.32:6789/0] conn(0x7f67f007ed60 0x7f67f007d230 secure :-1 s=READY pgs=74 cs=0 l=1 rev1=1 crypto rx=0x7f67e00098a0 tx=0x7f67e0009bb0 comp rx=0 tx=0).stop
2024-04-30T08:23:37.976 INFO:teuthology.orchestra.run.smithi032.stdout:/usr/bin/ceph: stderr
2024-04-30T08:23:36.655+0000 7f67f7200700 1 -- 172.21.15.32:0/2027592285 shutdown_connections
2024-04-30T08:23:37.976 INFO:teuthology.orchestra.run.smithi032.stdout:/usr/bin/ceph: stderr
2024-04-30T08:23:36.655+0000 7f67f7200700 1 --2- 172.21.15.32:0/2027592285 >> [v2:172.21.15.32:3300/0,v1:172.21.15.32:6789/0] conn(0x7f67f007ed60 0x7f67f007d230 unknown :-1 s=CLOSED pgs=74 cs=0 l=1 rev1=1 crypto rx=0 tx=0 comp rx=0 tx=0).stop
2024-04-30T08:23:37.976 INFO:teuthology.orchestra.run.smithi032.stdout:/usr/bin/ceph: stderr
2024-04-30T08:23:36.655+0000 7f67f7200700 1 -- 172.21.15.32:0/2027592285 >> 172.21.15.32:0/2027592285 conn(0x7f67f0105350 msgr2=0x7f67f01077a0 unknown :-1 s=STATE_NONE l=0).mark_down
2024-04-30T08:23:37.976 INFO:teuthology.orchestra.run.smithi032.stdout:/usr/bin/ceph: stderr
2024-04-30T08:23:36.655+0000 7f67f7200700 1 -- 172.21.15.32:0/2027592285 shutdown_connections
2024-04-30T08:23:37.977 INFO:teuthology.orchestra.run.smithi032.stdout:/usr/bin/ceph: stderr
2024-04-30T08:23:36.655+0000 7f67f7200700 1 -- 172.21.15.32:0/2027592285 wait complete.
2024-04-30T08:23:37.977 INFO:teuthology.orchestra.run.smithi032.stdout:/usr/bin/ceph: stderr
2024-04-30T08:23:36.656+0000 7f67f7200700 1 Processor -- start
2024-04-30T08:23:37.977 INFO:teuthology.orchestra.run.smithi032.stdout:/usr/bin/ceph: stderr
2024-04-30T08:23:36.657+0000 7f67f7200700 1 -- start start
2024-04-30T08:23:37.977 INFO:teuthology.orchestra.run.smithi032.stdout:/usr/bin/ceph: stderr
2024-04-30T08:23:36.657+0000 7f67f7200700 1 --2- >> [v2:172.21.15.32:3300/0,v1:172.21.15.32:6789/0] conn(0x7f67f007ed60 0x7f67f01a0180 unknown :-1 s=NONE pgs=0 cs=0 l=1 rev1=0 crypto rx=0 tx=0 comp rx=0 tx=0).connect
2024-04-30T08:23:37.977 INFO:teuthology.orchestra.run.smithi032.stdout:/usr/bin/ceph: stderr
2024-04-30T08:23:36.657+0000 7f67f7200700 1 -- --> [v2:172.21.15.32:3300/0,v1:172.21.15.32:6789/0] -- mon_getmap magic: 0 -- 0x7f67f0110270 con 0x7f67f007ed60
2024-04-30T08:23:37.977 INFO:teuthology.orchestra.run.smithi032.stdout:/usr/bin/ceph: stderr
2024-04-30T08:23:36.657+0000 7f67efe00700 1 --2- >> [v2:172.21.15.32:3300/0,v1:172.21.15.32:6789/0] conn(0x7f67f007ed60 0x7f67f01a0180 unknown :-1 s=BANNER_CONNECTING pgs=0 cs=0 l=1 rev1=0 crypto rx=0 tx=0 comp rx=0 tx=0)._handle_peer_banner_payload supported=3 required=0
2024-04-30T08:23:37.977 INFO:teuthology.orchestra.run.smithi032.stdout:/usr/bin/ceph: stderr
2024-04-30T08:23:36.657+0000 7f67efe00700 1 --2- >> [v2:172.21.15.32:3300/0,v1:172.21.15.32:6789/0] conn(0x7f67f007ed60 0x7f67f01a0180 unknown :-1 s=HELLO_CONNECTING pgs=0 cs=0 l=1 rev1=1 crypto rx=0 tx=0 comp rx=0 tx=0).handle_hello peer v2:172.21.15.32:3300/0 says I am v2:172.21.15.32:60574/0 (socket says 172.21.15.32:60574)
2024-04-30T08:23:37.978 INFO:teuthology.orchestra.run.smithi032.stdout:/usr/bin/ceph: stderr
2024-04-30T08:23:36.657+0000 7f67efe00700 1 -- 172.21.15.32:0/1022052102 learned_addr learned my addr 172.21.15.32:0/1022052102 (peer_addr_for_me v2:172.21.15.32:0/0)
2024-04-30T08:23:37.978 INFO:teuthology.orchestra.run.smithi032.stdout:/usr/bin/ceph: stderr
2024-04-30T08:23:36.658+0000 7f67efe00700 1 -- 172.21.15.32:0/1022052102 --> [v2:172.21.15.32:3300/0,v1:172.21.15.32:6789/0] -- mon_subscribe({config=0+,monmap=0+}) -- 0x7f67f01a06c0 con 0x7f67f007ed60
2024-04-30T08:23:37.978 INFO:teuthology.orchestra.run.smithi032.stdout:/usr/bin/ceph: stderr
2024-04-30T08:23:36.658+0000 7f67efe00700 1 --2- 172.21.15.32:0/1022052102 >> [v2:172.21.15.32:3300/0,v1:172.21.15.32:6789/0] conn(0x7f67f007ed60 0x7f67f01a0180 secure :-1 s=READY pgs=75 cs=0 l=1 rev1=1 crypto rx=0x7f67e0009520 tx=0x7f67e0011aa0 comp rx=0 tx=0).ready entity=mon.0 client_cookie=0 server_cookie=0 in_seq=0 out_seq=0
2024-04-30T08:23:37.978 INFO:teuthology.orchestra.run.smithi032.stdout:/usr/bin/ceph: stderr
2024-04-30T08:23:36.658+0000 7f67ecc00700 1 -- 172.21.15.32:0/1022052102 <== mon.0 v2:172.21.15.32:3300/0 1 ==== mon_map magic: 0 ==== 205+0+0 (secure 0 0 0) 0x7f67e00039e0 con 0x7f67f007ed60
2024-04-30T08:23:37.978 INFO:teuthology.orchestra.run.smithi032.stdout:/usr/bin/ceph: stderr
2024-04-30T08:23:36.658+0000 7f67ecc00700 1 -- 172.21.15.32:0/1022052102 <== mon.0 v2:172.21.15.32:3300/0 2 ==== config(26 keys) ==== 1101+0+0 (secure 0 0 0) 0x7f67e001b8f0 con 0x7f67f007ed60
2024-04-30T08:23:37.978 INFO:teuthology.orchestra.run.smithi032.stdout:/usr/bin/ceph: stderr
2024-04-30T08:23:36.658+0000 7f67ecc00700 1 -- 172.21.15.32:0/1022052102 <== mon.0 v2:172.21.15.32:3300/0 3 ==== mon_map magic: 0 ==== 205+0+0 (secure 0 0 0) 0x7f67e00197d0 con 0x7f67f007ed60
2024-04-30T08:23:37.978 INFO:teuthology.orchestra.run.smithi032.stdout:/usr/bin/ceph: stderr
2024-04-30T08:23:36.659+0000 7f67f7200700 1 -- 172.21.15.32:0/1022052102 --> [v2:172.21.15.32:3300/0,v1:172.21.15.32:6789/0] -- mon_subscribe({mgrmap=0+}) -- 0x7f67f01a0950 con 0x7f67f007ed60
2024-04-30T08:23:37.978 INFO:teuthology.orchestra.run.smithi032.stdout:/usr/bin/ceph: stderr
2024-04-30T08:23:36.659+0000 7f67f7200700 1 -- 172.21.15.32:0/1022052102 --> [v2:172.21.15.32:3300/0,v1:172.21.15.32:6789/0] -- mon_subscribe({osdmap=0}) -- 0x7f67f01a3560 con 0x7f67f007ed60
2024-04-30T08:23:37.978 INFO:teuthology.orchestra.run.smithi032.stdout:/usr/bin/ceph: stderr
2024-04-30T08:23:36.660+0000 7f67f7200700 1 -- 172.21.15.32:0/1022052102 --> [v2:172.21.15.32:3300/0,v1:172.21.15.32:6789/0] -- mon_command({"prefix": "get_command_descriptions"} v 0) -- 0x7f67f0064d70 con 0x7f67f007ed60
2024-04-30T08:23:37.978 INFO:teuthology.orchestra.run.smithi032.stdout:/usr/bin/ceph: stderr
2024-04-30T08:23:36.660+0000 7f67ecc00700 1 -- 172.21.15.32:0/1022052102 <== mon.0 v2:172.21.15.32:3300/0 4 ==== mgrmap(e 13) ==== 49572+0+0 (secure 0 0 0) 0x7f67e001b440 con 0x7f67f007ed60
2024-04-30T08:23:37.978 INFO:teuthology.orchestra.run.smithi032.stdout:/usr/bin/ceph: stderr
2024-04-30T08:23:36.661+0000 7f67ecc00700 1 --2- 172.21.15.32:0/1022052102 >> [v2:172.21.15.32:6800/2930853529,v1:172.21.15.32:6801/2930853529] conn(0x7f67d403d6c0 0x7f67d403fbd0 unknown :-1 s=NONE pgs=0 cs=0 l=1 rev1=0 crypto rx=0 tx=0 comp rx=0 tx=0).connect
2024-04-30T08:23:37.978 INFO:teuthology.orchestra.run.smithi032.stdout:/usr/bin/ceph: stderr
2024-04-30T08:23:36.661+0000 7f67ecc00700 1 -- 172.21.15.32:0/1022052102 <== mon.0 v2:172.21.15.32:3300/0 5 ==== osd_map(3..3 src has 1..3) ==== 1155+0+0 (secure 0 0 0) 0x7f67e0052ff0 con 0x7f67f007ed60
2024-04-30T08:23:37.979 INFO:teuthology.orchestra.run.smithi032.stdout:/usr/bin/ceph: stderr
2024-04-30T08:23:36.662+0000 7f67ef400700 1 --2- 172.21.15.32:0/1022052102 >> [v2:172.21.15.32:6800/2930853529,v1:172.21.15.32:6801/2930853529] conn(0x7f67d403d6c0 0x7f67d403fbd0 unknown :-1 s=BANNER_CONNECTING pgs=0 cs=0 l=1 rev1=0 crypto rx=0 tx=0 comp rx=0 tx=0)._handle_peer_banner_payload supported=3 required=0
2024-04-30T08:23:37.979 INFO:teuthology.orchestra.run.smithi032.stdout:/usr/bin/ceph: stderr
2024-04-30T08:23:36.662+0000 7f67ef400700 1 --2- 172.21.15.32:0/1022052102 >> [v2:172.21.15.32:6800/2930853529,v1:172.21.15.32:6801/2930853529] conn(0x7f67d403d6c0 0x7f67d403fbd0 secure :-1 s=READY pgs=9 cs=0 l=1 rev1=1 crypto rx=0x7f67dc006fd0 tx=0x7f67dc006e40 comp rx=0 tx=0).ready entity=mgr.14152 client_cookie=0 server_cookie=0 in_seq=0 out_seq=0
2024-04-30T08:23:37.979 INFO:teuthology.orchestra.run.smithi032.stdout:/usr/bin/ceph: stderr
2024-04-30T08:23:36.668+0000 7f67ecc00700 1 -- 172.21.15.32:0/1022052102 <== mon.0 v2:172.21.15.32:3300/0 6 ==== mon_command_ack([{"prefix": "get_command_descriptions"}]=0 v0) ==== 72+0+188370 (secure 0 0 0) 0x7f67e001f030 con 0x7f67f007ed60
2024-04-30T08:23:37.979 INFO:teuthology.orchestra.run.smithi032.stdout:/usr/bin/ceph: stderr
2024-04-30T08:23:36.903+0000 7f67f7200700 1 -- 172.21.15.32:0/1022052102 --> [v2:172.21.15.32:3300/0,v1:172.21.15.32:6789/0] -- mon_command({"prefix": "config get", "who": "mgr", "key": "mgr/dashboard/ssl_server_port"} v 0) -- 0x7f67f01a3730 con 0x7f67f007ed60
2024-04-30T08:23:37.979 INFO:teuthology.orchestra.run.smithi032.stdout:/usr/bin/ceph: stderr
2024-04-30T08:23:36.904+0000 7f67ecc00700 1 -- 172.21.15.32:0/1022052102 <== mon.0 v2:172.21.15.32:3300/0 7 ==== mon_command_ack([{"prefix": "config get", "who": "mgr", "key": "mgr/dashboard/ssl_server_port"}]=0 v8) ==== 112+0+5 (secure 0 0 0) 0x7f67e000e260 con 0x7f67f007ed60
2024-04-30T08:23:37.979 INFO:teuthology.orchestra.run.smithi032.stdout:/usr/bin/ceph: stderr
2024-04-30T08:23:36.907+0000 7f67f7200700 1 -- 172.21.15.32:0/1022052102 >> [v2:172.21.15.32:6800/2930853529,v1:172.21.15.32:6801/2930853529] conn(0x7f67d403d6c0 msgr2=0x7f67d403fbd0 secure :-1 s=STATE_CONNECTION_ESTABLISHED l=1).mark_down
2024-04-30T08:23:37.979 INFO:teuthology.orchestra.run.smithi032.stdout:/usr/bin/ceph: stderr
2024-04-30T08:23:36.907+0000 7f67f7200700 1 --2- 172.21.15.32:0/1022052102 >> [v2:172.21.15.32:6800/2930853529,v1:172.21.15.32:6801/2930853529] conn(0x7f67d403d6c0 0x7f67d403fbd0 secure :-1 s=READY pgs=9 cs=0 l=1 rev1=1 crypto rx=0x7f67dc006fd0 tx=0x7f67dc006e40 comp rx=0 tx=0).stop
2024-04-30T08:23:37.980 INFO:teuthology.orchestra.run.smithi032.stdout:/usr/bin/ceph: stderr
2024-04-30T08:23:36.907+0000 7f67f7200700 1 -- 172.21.15.32:0/1022052102 >> [v2:172.21.15.32:3300/0,v1:172.21.15.32:6789/0] conn(0x7f67f007ed60 msgr2=0x7f67f01a0180 secure :-1 s=STATE_CONNECTION_ESTABLISHED l=1).mark_down
2024-04-30T08:23:37.980 INFO:teuthology.orchestra.run.smithi032.stdout:/usr/bin/ceph: stderr
2024-04-30T08:23:36.907+0000 7f67f7200700 1 --2- 172.21.15.32:0/1022052102 >> [v2:172.21.15.32:3300/0,v1:172.21.15.32:6789/0] conn(0x7f67f007ed60 0x7f67f01a0180 secure :-1 s=READY pgs=75 cs=0 l=1 rev1=1 crypto rx=0x7f67e0009520 tx=0x7f67e0011aa0 comp rx=0 tx=0).stop
2024-04-30T08:23:37.980 INFO:teuthology.orchestra.run.smithi032.stdout:/usr/bin/ceph: stderr
2024-04-30T08:23:36.907+0000 7f67f7200700 1 -- 172.21.15.32:0/1022052102 shutdown_connections
2024-04-30T08:23:37.980 INFO:teuthology.orchestra.run.smithi032.stdout:/usr/bin/ceph: stderr
2024-04-30T08:23:36.907+0000 7f67f7200700 1 --2- 172.21.15.32:0/1022052102 >> [v2:172.21.15.32:6800/2930853529,v1:172.21.15.32:6801/2930853529] conn(0x7f67d403d6c0 0x7f67d403fbd0 unknown :-1 s=CLOSED pgs=9 cs=0 l=1 rev1=1 crypto rx=0 tx=0 comp rx=0 tx=0).stop
2024-04-30T08:23:37.980 INFO:teuthology.orchestra.run.smithi032.stdout:/usr/bin/ceph: stderr
2024-04-30T08:23:36.907+0000 7f67f7200700 1 --2- 172.21.15.32:0/1022052102 >> [v2:172.21.15.32:3300/0,v1:172.21.15.32:6789/0] conn(0x7f67f007ed60 0x7f67f01a0180 unknown :-1 s=CLOSED pgs=75 cs=0 l=1 rev1=1 crypto rx=0 tx=0 comp rx=0 tx=0).stop
2024-04-30T08:23:37.980 INFO:teuthology.orchestra.run.smithi032.stdout:/usr/bin/ceph: stderr
2024-04-30T08:23:36.907+0000 7f67f7200700 1 -- 172.21.15.32:0/1022052102 >> 172.21.15.32:0/1022052102 conn(0x7f67f0105350 msgr2=0x7f67f0105c10 unknown :-1 s=STATE_NONE l=0).mark_down
2024-04-30T08:23:37.980 INFO:teuthology.orchestra.run.smithi032.stdout:/usr/bin/ceph: stderr
2024-04-30T08:23:36.907+0000 7f67f7200700 1 -- 172.21.15.32:0/1022052102 shutdown_connections
2024-04-30T08:23:37.980 INFO:teuthology.orchestra.run.smithi032.stdout:/usr/bin/ceph: stderr
2024-04-30T08:23:36.907+0000 7f67f7200700 1 -- 172.21.15.32:0/1022052102 wait complete.
2024-04-30T08:23:38.007 INFO:teuthology.orchestra.run.smithi032.stdout:Non-zero exit code 1 from systemctl is-enabled firewalld.service
2024-04-30T08:23:38.008 INFO:teuthology.orchestra.run.smithi032.stdout:systemctl: stdout disabled
2024-04-30T08:23:38.035 INFO:teuthology.orchestra.run.smithi032.stdout:Non-zero exit code 3 from systemctl is-active firewalld.service
2024-04-30T08:23:38.035 INFO:teuthology.orchestra.run.smithi032.stdout:systemctl: stdout inactive
2024-04-30T08:23:38.035 INFO:teuthology.orchestra.run.smithi032.stdout:firewalld.service is not enabled
2024-04-30T08:23:38.036 INFO:teuthology.orchestra.run.smithi032.stdout:Not possible to open ports <[8443]>. firewalld.service is not available
2024-04-30T08:23:38.043 INFO:teuthology.orchestra.run.smithi032.stdout:Ceph Dashboard is now available at:
2024-04-30T08:23:38.043 INFO:teuthology.orchestra.run.smithi032.stdout:
2024-04-30T08:23:38.043 INFO:teuthology.orchestra.run.smithi032.stdout: URL: https://smithi032.front.sepia.ceph.com:8443/
2024-04-30T08:23:38.043 INFO:teuthology.orchestra.run.smithi032.stdout: User: admin
2024-04-30T08:23:38.044 INFO:teuthology.orchestra.run.smithi032.stdout: Password: 67po839m9o
2024-04-30T08:23:38.044 INFO:teuthology.orchestra.run.smithi032.stdout:
2024-04-30T08:23:38.045 INFO:teuthology.orchestra.run.smithi032.stdout:Saving cluster configuration to /var/lib/ceph/98c0a670-06ca-11ef-bc93-c7b262605968/config directory
2024-04-30T08:23:38.046 INFO:teuthology.orchestra.run.smithi032.stdout:Enabling autotune for osd_memory_target
2024-04-30T08:23:39.652 INFO:teuthology.orchestra.run.smithi032.stdout:/usr/bin/ceph: stderr
2024-04-30T08:23:38.737+0000 7f4aa1800700 1 Processor -- start
2024-04-30T08:23:39.653 INFO:teuthology.orchestra.run.smithi032.stdout:/usr/bin/ceph: stderr
2024-04-30T08:23:38.737+0000 7f4aa1800700 1 -- start start
2024-04-30T08:23:39.653 INFO:teuthology.orchestra.run.smithi032.stdout:/usr/bin/ceph: stderr
2024-04-30T08:23:38.738+0000 7f4aa1800700 1 --2- >> [v2:172.21.15.32:3300/0,v1:172.21.15.32:6789/0] conn(0x7f4a9c110160 0x7f4a9c110590 unknown :-1 s=NONE pgs=0 cs=0 l=0 rev1=0 crypto rx=0 tx=0 comp rx=0 tx=0).connect
2024-04-30T08:23:39.653 INFO:teuthology.orchestra.run.smithi032.stdout:/usr/bin/ceph: stderr
2024-04-30T08:23:38.738+0000 7f4aa1800700 1 -- --> [v2:172.21.15.32:3300/0,v1:172.21.15.32:6789/0] -- mon_getmap magic: 0 -- 0x7f4a9c110ba0 con 0x7f4a9c110160
2024-04-30T08:23:39.653 INFO:teuthology.orchestra.run.smithi032.stdout:/usr/bin/ceph: stderr
2024-04-30T08:23:38.738+0000 7f4a9aa00700 1 --2- >> [v2:172.21.15.32:3300/0,v1:172.21.15.32:6789/0] conn(0x7f4a9c110160 0x7f4a9c110590 unknown :-1 s=BANNER_CONNECTING pgs=0 cs=0 l=0 rev1=0 crypto rx=0 tx=0 comp rx=0 tx=0)._handle_peer_banner_payload supported=3 required=0
2024-04-30T08:23:39.653 INFO:teuthology.orchestra.run.smithi032.stdout:/usr/bin/ceph: stderr
2024-04-30T08:23:38.738+0000 7f4a9aa00700 1 --2- >> [v2:172.21.15.32:3300/0,v1:172.21.15.32:6789/0] conn(0x7f4a9c110160 0x7f4a9c110590 unknown :-1 s=HELLO_CONNECTING pgs=0 cs=0 l=0 rev1=1 crypto rx=0 tx=0 comp rx=0 tx=0).handle_hello peer v2:172.21.15.32:3300/0 says I am v2:172.21.15.32:54990/0 (socket says 172.21.15.32:54990)
2024-04-30T08:23:39.653 INFO:teuthology.orchestra.run.smithi032.stdout:/usr/bin/ceph: stderr
2024-04-30T08:23:38.738+0000 7f4a9aa00700 1 -- 172.21.15.32:0/1281828334 learned_addr learned my addr 172.21.15.32:0/1281828334 (peer_addr_for_me v2:172.21.15.32:0/0)
2024-04-30T08:23:39.653 INFO:teuthology.orchestra.run.smithi032.stdout:/usr/bin/ceph: stderr
2024-04-30T08:23:38.739+0000 7f4a9aa00700 1 -- 172.21.15.32:0/1281828334 --> [v2:172.21.15.32:3300/0,v1:172.21.15.32:6789/0] -- mon_subscribe({config=0+,monmap=0+}) -- 0x7f4a9c111300 con 0x7f4a9c110160
2024-04-30T08:23:39.653 INFO:teuthology.orchestra.run.smithi032.stdout:/usr/bin/ceph: stderr
2024-04-30T08:23:38.739+0000 7f4a9aa00700 1 --2- 172.21.15.32:0/1281828334 >> [v2:172.21.15.32:3300/0,v1:172.21.15.32:6789/0] conn(0x7f4a9c110160 0x7f4a9c110590 secure :-1 s=READY pgs=76 cs=0 l=1 rev1=1 crypto rx=0x7f4a8c0098a0 tx=0x7f4a8c009bb0 comp rx=0 tx=0).ready entity=mon.0 client_cookie=a5ffd559e6232fd5 server_cookie=0 in_seq=0 out_seq=0
2024-04-30T08:23:39.654 INFO:teuthology.orchestra.run.smithi032.stdout:/usr/bin/ceph: stderr
2024-04-30T08:23:38.739+0000 7f4a9a000700 1 -- 172.21.15.32:0/1281828334 <== mon.0 v2:172.21.15.32:3300/0 1 ==== mon_map magic: 0 ==== 205+0+0 (secure 0 0 0) 0x7f4a8c004160 con 0x7f4a9c110160
2024-04-30T08:23:39.654 INFO:teuthology.orchestra.run.smithi032.stdout:/usr/bin/ceph: stderr
2024-04-30T08:23:38.739+0000 7f4a9a000700 1 -- 172.21.15.32:0/1281828334 <== mon.0 v2:172.21.15.32:3300/0 2 ==== config(26 keys) ==== 1101+0+0 (secure 0 0 0) 0x7f4a8c004300 con 0x7f4a9c110160
2024-04-30T08:23:39.654 INFO:teuthology.orchestra.run.smithi032.stdout:/usr/bin/ceph: stderr
2024-04-30T08:23:38.739+0000 7f4a9a000700 1 -- 172.21.15.32:0/1281828334 <== mon.0 v2:172.21.15.32:3300/0 3 ==== mon_map magic: 0 ==== 205+0+0 (secure 0 0 0) 0x7f4a8c011a20 con 0x7f4a9c110160
2024-04-30T08:23:39.654 INFO:teuthology.orchestra.run.smithi032.stdout:/usr/bin/ceph: stderr
2024-04-30T08:23:38.740+0000 7f4aa1800700 1 -- 172.21.15.32:0/1281828334 >> [v2:172.21.15.32:3300/0,v1:172.21.15.32:6789/0] conn(0x7f4a9c110160 msgr2=0x7f4a9c110590 secure :-1 s=STATE_CONNECTION_ESTABLISHED l=1).mark_down
2024-04-30T08:23:39.654 INFO:teuthology.orchestra.run.smithi032.stdout:/usr/bin/ceph: stderr
2024-04-30T08:23:38.740+0000 7f4aa1800700 1 --2- 172.21.15.32:0/1281828334 >> [v2:172.21.15.32:3300/0,v1:172.21.15.32:6789/0] conn(0x7f4a9c110160 0x7f4a9c110590 secure :-1 s=READY pgs=76 cs=0 l=1 rev1=1 crypto rx=0x7f4a8c0098a0 tx=0x7f4a8c009bb0 comp rx=0 tx=0).stop
2024-04-30T08:23:39.654 INFO:teuthology.orchestra.run.smithi032.stdout:/usr/bin/ceph: stderr
2024-04-30T08:23:38.740+0000 7f4aa1800700 1 -- 172.21.15.32:0/1281828334 shutdown_connections
2024-04-30T08:23:39.654 INFO:teuthology.orchestra.run.smithi032.stdout:/usr/bin/ceph: stderr
2024-04-30T08:23:38.740+0000 7f4aa1800700 1 --2- 172.21.15.32:0/1281828334 >> [v2:172.21.15.32:3300/0,v1:172.21.15.32:6789/0] conn(0x7f4a9c110160 0x7f4a9c110590 unknown :-1 s=CLOSED pgs=76 cs=0 l=1 rev1=1 crypto rx=0 tx=0 comp rx=0 tx=0).stop
2024-04-30T08:23:39.654 INFO:teuthology.orchestra.run.smithi032.stdout:/usr/bin/ceph: stderr
2024-04-30T08:23:38.740+0000 7f4aa1800700 1 -- 172.21.15.32:0/1281828334 >> 172.21.15.32:0/1281828334 conn(0x7f4a9c07f330 msgr2=0x7f4a9c0817e0 unknown :-1 s=STATE_NONE l=0).mark_down
2024-04-30T08:23:39.655 INFO:teuthology.orchestra.run.smithi032.stdout:/usr/bin/ceph: stderr
2024-04-30T08:23:38.741+0000 7f4aa1800700 1 -- 172.21.15.32:0/1281828334 shutdown_connections
2024-04-30T08:23:39.655 INFO:teuthology.orchestra.run.smithi032.stdout:/usr/bin/ceph: stderr
2024-04-30T08:23:38.741+0000 7f4aa1800700 1 -- 172.21.15.32:0/1281828334 wait complete.
2024-04-30T08:23:39.655 INFO:teuthology.orchestra.run.smithi032.stdout:/usr/bin/ceph: stderr
2024-04-30T08:23:38.742+0000 7f4aa1800700 1 Processor -- start
2024-04-30T08:23:39.655 INFO:teuthology.orchestra.run.smithi032.stdout:/usr/bin/ceph: stderr
2024-04-30T08:23:38.742+0000 7f4aa1800700 1 -- start start
2024-04-30T08:23:39.655 INFO:teuthology.orchestra.run.smithi032.stdout:/usr/bin/ceph: stderr
2024-04-30T08:23:38.742+0000 7f4aa1800700 1 --2- >> [v2:172.21.15.32:3300/0,v1:172.21.15.32:6789/0] conn(0x7f4a9c110160 0x7f4a9c1a44f0 unknown :-1 s=NONE pgs=0 cs=0 l=1 rev1=0 crypto rx=0 tx=0 comp rx=0 tx=0).connect
2024-04-30T08:23:39.656 INFO:teuthology.orchestra.run.smithi032.stdout:/usr/bin/ceph: stderr
2024-04-30T08:23:38.742+0000 7f4aa1800700 1 -- --> [v2:172.21.15.32:3300/0,v1:172.21.15.32:6789/0] -- mon_getmap magic: 0 -- 0x7f4a9c1145c0 con 0x7f4a9c110160
2024-04-30T08:23:39.656 INFO:teuthology.orchestra.run.smithi032.stdout:/usr/bin/ceph: stderr
2024-04-30T08:23:38.742+0000 7f4a9aa00700 1 --2- >> [v2:172.21.15.32:3300/0,v1:172.21.15.32:6789/0] conn(0x7f4a9c110160 0x7f4a9c1a44f0 unknown :-1 s=BANNER_CONNECTING pgs=0 cs=0 l=1 rev1=0 crypto rx=0 tx=0 comp rx=0 tx=0)._handle_peer_banner_payload supported=3 required=0
2024-04-30T08:23:39.656 INFO:teuthology.orchestra.run.smithi032.stdout:/usr/bin/ceph: stderr
2024-04-30T08:23:38.742+0000 7f4a9aa00700 1 --2- >> [v2:172.21.15.32:3300/0,v1:172.21.15.32:6789/0] conn(0x7f4a9c110160 0x7f4a9c1a44f0 unknown :-1 s=HELLO_CONNECTING pgs=0 cs=0 l=1 rev1=1 crypto rx=0 tx=0 comp rx=0 tx=0).handle_hello peer v2:172.21.15.32:3300/0 says I am v2:172.21.15.32:54998/0 (socket says 172.21.15.32:54998)
2024-04-30T08:23:39.656 INFO:teuthology.orchestra.run.smithi032.stdout:/usr/bin/ceph: stderr
2024-04-30T08:23:38.742+0000 7f4a9aa00700 1 -- 172.21.15.32:0/311857411 learned_addr learned my addr 172.21.15.32:0/311857411 (peer_addr_for_me v2:172.21.15.32:0/0)
2024-04-30T08:23:39.656 INFO:teuthology.orchestra.run.smithi032.stdout:/usr/bin/ceph: stderr
2024-04-30T08:23:38.743+0000 7f4a9aa00700 1 -- 172.21.15.32:0/311857411 --> [v2:172.21.15.32:3300/0,v1:172.21.15.32:6789/0] -- mon_subscribe({config=0+,monmap=0+}) -- 0x7f4a9c1a4a30 con 0x7f4a9c110160
2024-04-30T08:23:39.656 INFO:teuthology.orchestra.run.smithi032.stdout:/usr/bin/ceph: stderr
2024-04-30T08:23:38.743+0000 7f4a9aa00700 1 --2- 172.21.15.32:0/311857411 >> [v2:172.21.15.32:3300/0,v1:172.21.15.32:6789/0] conn(0x7f4a9c110160 0x7f4a9c1a44f0 secure :-1 s=READY pgs=77 cs=0 l=1 rev1=1 crypto rx=0x7f4a8c003f00 tx=0x7f4a8c011aa0 comp rx=0 tx=0).ready entity=mon.0 client_cookie=0 server_cookie=0 in_seq=0 out_seq=0
2024-04-30T08:23:39.657 INFO:teuthology.orchestra.run.smithi032.stdout:/usr/bin/ceph: stderr
2024-04-30T08:23:38.743+0000 7f4a93400700 1 -- 172.21.15.32:0/311857411 <== mon.0 v2:172.21.15.32:3300/0 1 ==== mon_map magic: 0 ==== 205+0+0 (secure 0 0 0) 0x7f4a8c003aa0 con 0x7f4a9c110160
2024-04-30T08:23:39.657 INFO:teuthology.orchestra.run.smithi032.stdout:/usr/bin/ceph: stderr
2024-04-30T08:23:38.743+0000 7f4a93400700 1 -- 172.21.15.32:0/311857411 <== mon.0 v2:172.21.15.32:3300/0 2 ==== config(26 keys) ==== 1101+0+0 (secure 0 0 0) 0x7f4a8c01b8f0 con 0x7f4a9c110160
2024-04-30T08:23:39.657 INFO:teuthology.orchestra.run.smithi032.stdout:/usr/bin/ceph: stderr
2024-04-30T08:23:38.743+0000 7f4a93400700 1 -- 172.21.15.32:0/311857411 <== mon.0 v2:172.21.15.32:3300/0 3 ==== mon_map magic: 0 ==== 205+0+0 (secure 0 0 0) 0x7f4a8c023890 con 0x7f4a9c110160
2024-04-30T08:23:39.657 INFO:teuthology.orchestra.run.smithi032.stdout:/usr/bin/ceph: stderr
2024-04-30T08:23:38.743+0000 7f4aa1800700 1 -- 172.21.15.32:0/311857411 --> [v2:172.21.15.32:3300/0,v1:172.21.15.32:6789/0] -- mon_subscribe({mgrmap=0+}) -- 0x7f4a9c1a4cc0 con 0x7f4a9c110160
2024-04-30T08:23:39.657 INFO:teuthology.orchestra.run.smithi032.stdout:/usr/bin/ceph: stderr
2024-04-30T08:23:38.744+0000 7f4aa1800700 1 -- 172.21.15.32:0/311857411 --> [v2:172.21.15.32:3300/0,v1:172.21.15.32:6789/0] -- mon_subscribe({osdmap=0}) -- 0x7f4a9c1a78d0 con 0x7f4a9c110160
2024-04-30T08:23:39.657 INFO:teuthology.orchestra.run.smithi032.stdout:/usr/bin/ceph: stderr
2024-04-30T08:23:38.745+0000 7f4aa1800700 1 -- 172.21.15.32:0/311857411 --> [v2:172.21.15.32:3300/0,v1:172.21.15.32:6789/0] -- mon_command({"prefix": "get_command_descriptions"} v 0) -- 0x7f4a9c064d70 con 0x7f4a9c110160
2024-04-30T08:23:39.658 INFO:teuthology.orchestra.run.smithi032.stdout:/usr/bin/ceph: stderr
2024-04-30T08:23:38.745+0000 7f4a93400700 1 -- 172.21.15.32:0/311857411 <== mon.0 v2:172.21.15.32:3300/0 4 ==== mgrmap(e 13) ==== 49572+0+0 (secure 0 0 0) 0x7f4a8c01b440 con 0x7f4a9c110160
2024-04-30T08:23:39.658 INFO:teuthology.orchestra.run.smithi032.stdout:/usr/bin/ceph: stderr
2024-04-30T08:23:38.746+0000 7f4a93400700 1 --2- 172.21.15.32:0/311857411 >> [v2:172.21.15.32:6800/2930853529,v1:172.21.15.32:6801/2930853529] conn(0x7f4a8003d6c0 0x7f4a8003fbd0 unknown :-1 s=NONE pgs=0 cs=0 l=1 rev1=0 crypto rx=0 tx=0 comp rx=0 tx=0).connect
2024-04-30T08:23:39.658 INFO:teuthology.orchestra.run.smithi032.stdout:/usr/bin/ceph: stderr
2024-04-30T08:23:38.746+0000 7f4a93400700 1 -- 172.21.15.32:0/311857411 <== mon.0 v2:172.21.15.32:3300/0 5 ==== osd_map(3..3 src has 1..3) ==== 1155+0+0 (secure 0 0 0) 0x7f4a8c052e30 con 0x7f4a9c110160
2024-04-30T08:23:39.658 INFO:teuthology.orchestra.run.smithi032.stdout:/usr/bin/ceph: stderr
2024-04-30T08:23:38.746+0000 7f4a93e00700 1 --2- 172.21.15.32:0/311857411 >> [v2:172.21.15.32:6800/2930853529,v1:172.21.15.32:6801/2930853529] conn(0x7f4a8003d6c0 0x7f4a8003fbd0 unknown :-1 s=BANNER_CONNECTING pgs=0 cs=0 l=1 rev1=0 crypto rx=0 tx=0 comp rx=0 tx=0)._handle_peer_banner_payload supported=3 required=0
2024-04-30T08:23:39.659 INFO:teuthology.orchestra.run.smithi032.stdout:/usr/bin/ceph: stderr
2024-04-30T08:23:38.747+0000 7f4a93e00700 1 --2- 172.21.15.32:0/311857411 >> [v2:172.21.15.32:6800/2930853529,v1:172.21.15.32:6801/2930853529] conn(0x7f4a8003d6c0 0x7f4a8003fbd0 secure :-1 s=READY pgs=10 cs=0 l=1 rev1=1 crypto rx=0x7f4a84006fd0 tx=0x7f4a84006e40 comp rx=0 tx=0).ready entity=mgr.14152 client_cookie=0 server_cookie=0 in_seq=0 out_seq=0
2024-04-30T08:23:39.659 INFO:teuthology.orchestra.run.smithi032.stdout:/usr/bin/ceph: stderr
2024-04-30T08:23:38.751+0000 7f4a93400700 1 -- 172.21.15.32:0/311857411 <== mon.0 v2:172.21.15.32:3300/0 6 ==== mon_command_ack([{"prefix": "get_command_descriptions"}]=0 v0) ==== 72+0+188370 (secure 0 0 0) 0x7f4a8c01f030 con 0x7f4a9c110160
2024-04-30T08:23:39.659 INFO:teuthology.orchestra.run.smithi032.stdout:/usr/bin/ceph: stderr
2024-04-30T08:23:38.982+0000 7f4aa1800700 1 -- 172.21.15.32:0/311857411 --> [v2:172.21.15.32:3300/0,v1:172.21.15.32:6789/0] -- mon_command([{prefix=config set, name=osd_memory_target_autotune}] v 0) -- 0x7f4a9c1a7aa0 con 0x7f4a9c110160
2024-04-30T08:23:39.659 INFO:teuthology.orchestra.run.smithi032.stdout:/usr/bin/ceph: stderr
2024-04-30T08:23:38.984+0000 7f4a93400700 1 -- 172.21.15.32:0/311857411 <== mon.0 v2:172.21.15.32:3300/0 7 ==== mon_command_ack([{prefix=config set, name=osd_memory_target_autotune}]=0 v8)=0 v8) ==== 127+0+0 (secure 0 0 0) 0x7f4a8c01bba0 con 0x7f4a9c110160
2024-04-30T08:23:39.660 INFO:teuthology.orchestra.run.smithi032.stdout:/usr/bin/ceph: stderr
2024-04-30T08:23:38.987+0000 7f4aa1800700 1 -- 172.21.15.32:0/311857411 >> [v2:172.21.15.32:6800/2930853529,v1:172.21.15.32:6801/2930853529] conn(0x7f4a8003d6c0 msgr2=0x7f4a8003fbd0 secure :-1 s=STATE_CONNECTION_ESTABLISHED l=1).mark_down
2024-04-30T08:23:39.660 INFO:teuthology.orchestra.run.smithi032.stdout:/usr/bin/ceph: stderr
2024-04-30T08:23:38.987+0000 7f4aa1800700 1 --2- 172.21.15.32:0/311857411 >> [v2:172.21.15.32:6800/2930853529,v1:172.21.15.32:6801/2930853529] conn(0x7f4a8003d6c0 0x7f4a8003fbd0 secure :-1 s=READY pgs=10 cs=0 l=1 rev1=1 crypto rx=0x7f4a84006fd0 tx=0x7f4a84006e40 comp rx=0 tx=0).stop
2024-04-30T08:23:39.660 INFO:teuthology.orchestra.run.smithi032.stdout:/usr/bin/ceph: stderr
2024-04-30T08:23:38.987+0000 7f4aa1800700 1 -- 172.21.15.32:0/311857411 >> [v2:172.21.15.32:3300/0,v1:172.21.15.32:6789/0] conn(0x7f4a9c110160 msgr2=0x7f4a9c1a44f0 secure :-1 s=STATE_CONNECTION_ESTABLISHED l=1).mark_down
2024-04-30T08:23:39.660 INFO:teuthology.orchestra.run.smithi032.stdout:/usr/bin/ceph: stderr
2024-04-30T08:23:38.987+0000 7f4aa1800700 1 --2- 172.21.15.32:0/311857411 >> [v2:172.21.15.32:3300/0,v1:172.21.15.32:6789/0] conn(0x7f4a9c110160 0x7f4a9c1a44f0 secure :-1 s=READY pgs=77 cs=0 l=1 rev1=1 crypto rx=0x7f4a8c003f00 tx=0x7f4a8c011aa0 comp rx=0 tx=0).stop
2024-04-30T08:23:39.661 INFO:teuthology.orchestra.run.smithi032.stdout:/usr/bin/ceph: stderr
2024-04-30T08:23:38.987+0000 7f4aa1800700 1 -- 172.21.15.32:0/311857411 shutdown_connections
2024-04-30T08:23:39.661 INFO:teuthology.orchestra.run.smithi032.stdout:/usr/bin/ceph: stderr
2024-04-30T08:23:38.987+0000 7f4aa1800700 1 --2- 172.21.15.32:0/311857411 >> [v2:172.21.15.32:6800/2930853529,v1:172.21.15.32:6801/2930853529] conn(0x7f4a8003d6c0 0x7f4a8003fbd0 unknown :-1 s=CLOSED pgs=10 cs=0 l=1 rev1=1 crypto rx=0 tx=0 comp rx=0 tx=0).stop
2024-04-30T08:23:39.661 INFO:teuthology.orchestra.run.smithi032.stdout:/usr/bin/ceph: stderr
2024-04-30T08:23:38.987+0000 7f4aa1800700 1 --2- 172.21.15.32:0/311857411 >> [v2:172.21.15.32:3300/0,v1:172.21.15.32:6789/0] conn(0x7f4a9c110160 0x7f4a9c1a44f0 unknown :-1 s=CLOSED pgs=77 cs=0 l=1 rev1=1 crypto rx=0 tx=0 comp rx=0 tx=0).stop
2024-04-30T08:23:39.661 INFO:teuthology.orchestra.run.smithi032.stdout:/usr/bin/ceph: stderr
2024-04-30T08:23:38.987+0000 7f4aa1800700 1 -- 172.21.15.32:0/311857411 >> 172.21.15.32:0/311857411 conn(0x7f4a9c07f330 msgr2=0x7f4a9c07fc90 unknown :-1 s=STATE_NONE l=0).mark_down
2024-04-30T08:23:39.661 INFO:teuthology.orchestra.run.smithi032.stdout:/usr/bin/ceph: stderr
2024-04-30T08:23:38.987+0000 7f4aa1800700 1 -- 172.21.15.32:0/311857411 shutdown_connections
2024-04-30T08:23:39.661 INFO:teuthology.orchestra.run.smithi032.stdout:/usr/bin/ceph: stderr
2024-04-30T08:23:38.987+0000 7f4aa1800700 1 -- 172.21.15.32:0/311857411 wait complete.
2024-04-30T08:23:41.325 INFO:teuthology.orchestra.run.smithi032.stdout:/usr/bin/ceph: stderr
2024-04-30T08:23:40.310+0000 7fe267e00700 1 Processor -- start
2024-04-30T08:23:41.325 INFO:teuthology.orchestra.run.smithi032.stdout:/usr/bin/ceph: stderr
2024-04-30T08:23:40.310+0000 7fe267e00700 1 -- start start
2024-04-30T08:23:41.328 INFO:teuthology.orchestra.run.smithi032.stdout:/usr/bin/ceph: stderr
2024-04-30T08:23:40.311+0000 7fe267e00700 1 --2- >> [v2:172.21.15.32:3300/0,v1:172.21.15.32:6789/0] conn(0x7fe26807ed60 0x7fe26807d230 unknown :-1 s=NONE pgs=0 cs=0 l=0 rev1=0 crypto rx=0 tx=0 comp rx=0 tx=0).connect
2024-04-30T08:23:41.329 INFO:teuthology.orchestra.run.smithi032.stdout:/usr/bin/ceph: stderr
2024-04-30T08:23:40.311+0000 7fe267e00700 1 -- --> [v2:172.21.15.32:3300/0,v1:172.21.15.32:6789/0] -- mon_getmap magic: 0 -- 0x7fe26807d770 con 0x7fe26807ed60
2024-04-30T08:23:41.329 INFO:teuthology.orchestra.run.smithi032.stdout:/usr/bin/ceph: stderr
2024-04-30T08:23:40.311+0000 7fe266a00700 1 --2- >> [v2:172.21.15.32:3300/0,v1:172.21.15.32:6789/0] conn(0x7fe26807ed60 0x7fe26807d230 unknown :-1 s=BANNER_CONNECTING pgs=0 cs=0 l=0 rev1=0 crypto rx=0 tx=0 comp rx=0 tx=0)._handle_peer_banner_payload supported=3 required=0
2024-04-30T08:23:41.329 INFO:teuthology.orchestra.run.smithi032.stdout:/usr/bin/ceph: stderr
2024-04-30T08:23:40.311+0000 7fe266a00700 1 --2- >> [v2:172.21.15.32:3300/0,v1:172.21.15.32:6789/0] conn(0x7fe26807ed60 0x7fe26807d230 unknown :-1 s=HELLO_CONNECTING pgs=0 cs=0 l=0 rev1=1 crypto rx=0 tx=0 comp rx=0 tx=0).handle_hello peer v2:172.21.15.32:3300/0 says I am v2:172.21.15.32:55002/0 (socket says 172.21.15.32:55002)
2024-04-30T08:23:41.329 INFO:teuthology.orchestra.run.smithi032.stdout:/usr/bin/ceph: stderr
2024-04-30T08:23:40.311+0000 7fe266a00700 1 -- 172.21.15.32:0/2038651675 learned_addr learned my addr 172.21.15.32:0/2038651675 (peer_addr_for_me v2:172.21.15.32:0/0)
2024-04-30T08:23:41.329 INFO:teuthology.orchestra.run.smithi032.stdout:/usr/bin/ceph: stderr
2024-04-30T08:23:40.312+0000 7fe266a00700 1 -- 172.21.15.32:0/2038651675 --> [v2:172.21.15.32:3300/0,v1:172.21.15.32:6789/0] -- mon_subscribe({config=0+,monmap=0+}) -- 0x7fe26807d8f0 con 0x7fe26807ed60
2024-04-30T08:23:41.329 INFO:teuthology.orchestra.run.smithi032.stdout:/usr/bin/ceph: stderr
2024-04-30T08:23:40.312+0000 7fe266a00700 1 --2- 172.21.15.32:0/2038651675 >> [v2:172.21.15.32:3300/0,v1:172.21.15.32:6789/0] conn(0x7fe26807ed60 0x7fe26807d230 secure :-1 s=READY pgs=78 cs=0 l=1 rev1=1 crypto rx=0x7fe2580098a0 tx=0x7fe258009bb0 comp rx=0 tx=0).ready entity=mon.0 client_cookie=f2057035be01dc00 server_cookie=0 in_seq=0 out_seq=0
2024-04-30T08:23:41.329 INFO:teuthology.orchestra.run.smithi032.stdout:/usr/bin/ceph: stderr
2024-04-30T08:23:40.312+0000 7fe265600700 1 -- 172.21.15.32:0/2038651675 <== mon.0 v2:172.21.15.32:3300/0 1 ==== mon_map magic: 0 ==== 205+0+0 (secure 0 0 0) 0x7fe258004160 con 0x7fe26807ed60
2024-04-30T08:23:41.329 INFO:teuthology.orchestra.run.smithi032.stdout:/usr/bin/ceph: stderr
2024-04-30T08:23:40.312+0000 7fe265600700 1 -- 172.21.15.32:0/2038651675 <== mon.0 v2:172.21.15.32:3300/0 2 ==== config(26 keys) ==== 1101+0+0 (secure 0 0 0) 0x7fe258004300 con 0x7fe26807ed60
2024-04-30T08:23:41.329 INFO:teuthology.orchestra.run.smithi032.stdout:/usr/bin/ceph: stderr
2024-04-30T08:23:40.312+0000 7fe265600700 1 -- 172.21.15.32:0/2038651675 <== mon.0 v2:172.21.15.32:3300/0 3 ==== mon_map magic: 0 ==== 205+0+0 (secure 0 0 0) 0x7fe258011a20 con 0x7fe26807ed60
2024-04-30T08:23:41.329 INFO:teuthology.orchestra.run.smithi032.stdout:/usr/bin/ceph: stderr
2024-04-30T08:23:40.313+0000 7fe267e00700 1 -- 172.21.15.32:0/2038651675 >> [v2:172.21.15.32:3300/0,v1:172.21.15.32:6789/0] conn(0x7fe26807ed60 msgr2=0x7fe26807d230 secure :-1 s=STATE_CONNECTION_ESTABLISHED l=1).mark_down
2024-04-30T08:23:41.329 INFO:teuthology.orchestra.run.smithi032.stdout:/usr/bin/ceph: stderr
2024-04-30T08:23:40.313+0000 7fe267e00700 1 --2- 172.21.15.32:0/2038651675 >> [v2:172.21.15.32:3300/0,v1:172.21.15.32:6789/0] conn(0x7fe26807ed60 0x7fe26807d230 secure :-1 s=READY pgs=78 cs=0 l=1 rev1=1 crypto rx=0x7fe2580098a0 tx=0x7fe258009bb0 comp rx=0 tx=0).stop
2024-04-30T08:23:41.329 INFO:teuthology.orchestra.run.smithi032.stdout:/usr/bin/ceph: stderr
2024-04-30T08:23:40.314+0000 7fe267e00700 1 -- 172.21.15.32:0/2038651675 shutdown_connections
2024-04-30T08:23:41.330 INFO:teuthology.orchestra.run.smithi032.stdout:/usr/bin/ceph: stderr
2024-04-30T08:23:40.314+0000 7fe267e00700 1 --2- 172.21.15.32:0/2038651675 >> [v2:172.21.15.32:3300/0,v1:172.21.15.32:6789/0] conn(0x7fe26807ed60 0x7fe26807d230 unknown :-1 s=CLOSED pgs=78 cs=0 l=1 rev1=1 crypto rx=0 tx=0 comp rx=0 tx=0).stop
2024-04-30T08:23:41.330 INFO:teuthology.orchestra.run.smithi032.stdout:/usr/bin/ceph: stderr
2024-04-30T08:23:40.314+0000 7fe267e00700 1 -- 172.21.15.32:0/2038651675 >> 172.21.15.32:0/2038651675 conn(0x7fe268105090 msgr2=0x7fe268107520 unknown :-1 s=STATE_NONE l=0).mark_down
2024-04-30T08:23:41.330 INFO:teuthology.orchestra.run.smithi032.stdout:/usr/bin/ceph: stderr
2024-04-30T08:23:40.314+0000 7fe267e00700 1 -- 172.21.15.32:0/2038651675 shutdown_connections
2024-04-30T08:23:41.330 INFO:teuthology.orchestra.run.smithi032.stdout:/usr/bin/ceph: stderr
2024-04-30T08:23:40.314+0000 7fe267e00700 1 -- 172.21.15.32:0/2038651675 wait complete.
2024-04-30T08:23:41.330 INFO:teuthology.orchestra.run.smithi032.stdout:/usr/bin/ceph: stderr
2024-04-30T08:23:40.315+0000 7fe267e00700 1 Processor -- start
2024-04-30T08:23:41.330 INFO:teuthology.orchestra.run.smithi032.stdout:/usr/bin/ceph: stderr
2024-04-30T08:23:40.316+0000 7fe267e00700 1 -- start start
2024-04-30T08:23:41.330 INFO:teuthology.orchestra.run.smithi032.stdout:/usr/bin/ceph: stderr
2024-04-30T08:23:40.316+0000 7fe267e00700 1 --2- >> [v2:172.21.15.32:3300/0,v1:172.21.15.32:6789/0] conn(0x7fe26807ed60 0x7fe26819ff50 unknown :-1 s=NONE pgs=0 cs=0 l=1 rev1=0 crypto rx=0 tx=0 comp rx=0 tx=0).connect
2024-04-30T08:23:41.330 INFO:teuthology.orchestra.run.smithi032.stdout:/usr/bin/ceph: stderr
2024-04-30T08:23:40.316+0000 7fe267e00700 1 -- --> [v2:172.21.15.32:3300/0,v1:172.21.15.32:6789/0] -- mon_getmap magic: 0 -- 0x7fe26810fff0 con 0x7fe26807ed60
2024-04-30T08:23:41.330 INFO:teuthology.orchestra.run.smithi032.stdout:/usr/bin/ceph: stderr
2024-04-30T08:23:40.316+0000 7fe266a00700 1 --2- >> [v2:172.21.15.32:3300/0,v1:172.21.15.32:6789/0] conn(0x7fe26807ed60 0x7fe26819ff50 unknown :-1 s=BANNER_CONNECTING pgs=0 cs=0 l=1 rev1=0 crypto rx=0 tx=0 comp rx=0 tx=0)._handle_peer_banner_payload supported=3 required=0
2024-04-30T08:23:41.330 INFO:teuthology.orchestra.run.smithi032.stdout:/usr/bin/ceph: stderr
2024-04-30T08:23:40.316+0000 7fe266a00700 1 --2- >> [v2:172.21.15.32:3300/0,v1:172.21.15.32:6789/0] conn(0x7fe26807ed60 0x7fe26819ff50 unknown :-1 s=HELLO_CONNECTING pgs=0 cs=0 l=1 rev1=1 crypto rx=0 tx=0 comp rx=0 tx=0).handle_hello peer v2:172.21.15.32:3300/0 says I am v2:172.21.15.32:55014/0 (socket says 172.21.15.32:55014)
2024-04-30T08:23:41.330 INFO:teuthology.orchestra.run.smithi032.stdout:/usr/bin/ceph: stderr
2024-04-30T08:23:40.317+0000 7fe266a00700 1 -- 172.21.15.32:0/950437424 learned_addr learned my addr 172.21.15.32:0/950437424 (peer_addr_for_me v2:172.21.15.32:0/0)
2024-04-30T08:23:41.330 INFO:teuthology.orchestra.run.smithi032.stdout:/usr/bin/ceph: stderr
2024-04-30T08:23:40.317+0000 7fe266a00700 1 -- 172.21.15.32:0/950437424 --> [v2:172.21.15.32:3300/0,v1:172.21.15.32:6789/0] -- mon_subscribe({config=0+,monmap=0+}) -- 0x7fe2681a0490 con 0x7fe26807ed60
2024-04-30T08:23:41.330 INFO:teuthology.orchestra.run.smithi032.stdout:/usr/bin/ceph: stderr
2024-04-30T08:23:40.317+0000 7fe266a00700 1 --2- 172.21.15.32:0/950437424 >> [v2:172.21.15.32:3300/0,v1:172.21.15.32:6789/0] conn(0x7fe26807ed60 0x7fe26819ff50 secure :-1 s=READY pgs=79 cs=0 l=1 rev1=1 crypto rx=0x7fe258000c00 tx=0x7fe258011aa0 comp rx=0 tx=0).ready entity=mon.0 client_cookie=0 server_cookie=0 in_seq=0 out_seq=0
2024-04-30T08:23:41.331 INFO:teuthology.orchestra.run.smithi032.stdout:/usr/bin/ceph: stderr
2024-04-30T08:23:40.318+0000 7fe25f400700 1 -- 172.21.15.32:0/950437424 <== mon.0 v2:172.21.15.32:3300/0 1 ==== mon_map magic: 0 ==== 205+0+0 (secure 0 0 0) 0x7fe258003aa0 con 0x7fe26807ed60
2024-04-30T08:23:41.331 INFO:teuthology.orchestra.run.smithi032.stdout:/usr/bin/ceph: stderr
2024-04-30T08:23:40.318+0000 7fe25f400700 1 -- 172.21.15.32:0/950437424 <== mon.0 v2:172.21.15.32:3300/0 2 ==== config(26 keys) ==== 1101+0+0 (secure 0 0 0) 0x7fe25801b8f0 con 0x7fe26807ed60
2024-04-30T08:23:41.334 INFO:teuthology.orchestra.run.smithi032.stdout:/usr/bin/ceph: stderr
2024-04-30T08:23:40.318+0000 7fe25f400700 1 -- 172.21.15.32:0/950437424 <== mon.0 v2:172.21.15.32:3300/0 3 ==== mon_map magic: 0 ==== 205+0+0 (secure 0 0 0) 0x7fe258023890 con 0x7fe26807ed60
2024-04-30T08:23:41.334 INFO:teuthology.orchestra.run.smithi032.stdout:/usr/bin/ceph: stderr
2024-04-30T08:23:40.318+0000 7fe267e00700 1 -- 172.21.15.32:0/950437424 --> [v2:172.21.15.32:3300/0,v1:172.21.15.32:6789/0] -- mon_subscribe({mgrmap=0+}) -- 0x7fe2681a0720 con 0x7fe26807ed60
2024-04-30T08:23:41.334 INFO:teuthology.orchestra.run.smithi032.stdout:/usr/bin/ceph: stderr
2024-04-30T08:23:40.318+0000 7fe267e00700 1 -- 172.21.15.32:0/950437424 --> [v2:172.21.15.32:3300/0,v1:172.21.15.32:6789/0] -- mon_subscribe({osdmap=0}) -- 0x7fe2681a3330 con 0x7fe26807ed60
2024-04-30T08:23:41.334 INFO:teuthology.orchestra.run.smithi032.stdout:/usr/bin/ceph: stderr
2024-04-30T08:23:40.319+0000 7fe267e00700 1 -- 172.21.15.32:0/950437424 --> [v2:172.21.15.32:3300/0,v1:172.21.15.32:6789/0] -- mon_command({"prefix": "get_command_descriptions"} v 0) -- 0x7fe268064d70 con 0x7fe26807ed60
2024-04-30T08:23:41.334 INFO:teuthology.orchestra.run.smithi032.stdout:/usr/bin/ceph: stderr
2024-04-30T08:23:40.319+0000 7fe25f400700 1 -- 172.21.15.32:0/950437424 <== mon.0 v2:172.21.15.32:3300/0 4 ==== mgrmap(e 13) ==== 49572+0+0 (secure 0 0 0) 0x7fe25801b440 con 0x7fe26807ed60
2024-04-30T08:23:41.334 INFO:teuthology.orchestra.run.smithi032.stdout:/usr/bin/ceph: stderr
2024-04-30T08:23:40.320+0000 7fe25f400700 1 --2- 172.21.15.32:0/950437424 >> [v2:172.21.15.32:6800/2930853529,v1:172.21.15.32:6801/2930853529] conn(0x7fe24c03d6c0 0x7fe24c03fbd0 unknown :-1 s=NONE pgs=0 cs=0 l=1 rev1=0 crypto rx=0 tx=0 comp rx=0 tx=0).connect
2024-04-30T08:23:41.335 INFO:teuthology.orchestra.run.smithi032.stdout:/usr/bin/ceph: stderr
2024-04-30T08:23:40.320+0000 7fe25f400700 1 -- 172.21.15.32:0/950437424 <== mon.0 v2:172.21.15.32:3300/0 5 ==== osd_map(3..3 src has 1..3) ==== 1155+0+0 (secure 0 0 0) 0x7fe258052eb0 con 0x7fe26807ed60
2024-04-30T08:23:41.335 INFO:teuthology.orchestra.run.smithi032.stdout:/usr/bin/ceph: stderr
2024-04-30T08:23:40.320+0000 7fe266000700 1 --2- 172.21.15.32:0/950437424 >> [v2:172.21.15.32:6800/2930853529,v1:172.21.15.32:6801/2930853529] conn(0x7fe24c03d6c0 0x7fe24c03fbd0 unknown :-1 s=BANNER_CONNECTING pgs=0 cs=0 l=1 rev1=0 crypto rx=0 tx=0 comp rx=0 tx=0)._handle_peer_banner_payload supported=3 required=0
2024-04-30T08:23:41.335 INFO:teuthology.orchestra.run.smithi032.stdout:/usr/bin/ceph: stderr
2024-04-30T08:23:40.321+0000 7fe266000700 1 --2- 172.21.15.32:0/950437424 >> [v2:172.21.15.32:6800/2930853529,v1:172.21.15.32:6801/2930853529] conn(0x7fe24c03d6c0 0x7fe24c03fbd0 secure :-1 s=READY pgs=11 cs=0 l=1 rev1=1 crypto rx=0x7fe254006fd0 tx=0x7fe254006e40 comp rx=0 tx=0).ready entity=mgr.14152 client_cookie=0 server_cookie=0 in_seq=0 out_seq=0
2024-04-30T08:23:41.335 INFO:teuthology.orchestra.run.smithi032.stdout:/usr/bin/ceph: stderr
2024-04-30T08:23:40.325+0000 7fe25f400700 1 -- 172.21.15.32:0/950437424 <== mon.0 v2:172.21.15.32:3300/0 6 ==== mon_command_ack([{"prefix": "get_command_descriptions"}]=0 v0) ==== 72+0+188370 (secure 0 0 0) 0x7fe25801f030 con 0x7fe26807ed60
2024-04-30T08:23:41.335 INFO:teuthology.orchestra.run.smithi032.stdout:/usr/bin/ceph: stderr
2024-04-30T08:23:40.674+0000 7fe267e00700 1 -- 172.21.15.32:0/950437424 --> [v2:172.21.15.32:3300/0,v1:172.21.15.32:6789/0] -- mon_command([{prefix=config-key set, key=mgr/dashboard/cluster/status}] v 0) -- 0x7fe2681a3500 con 0x7fe26807ed60
2024-04-30T08:23:41.335 INFO:teuthology.orchestra.run.smithi032.stdout:/usr/bin/ceph: stderr
2024-04-30T08:23:40.677+0000 7fe25f400700 1 -- 172.21.15.32:0/950437424 <== mon.0 v2:172.21.15.32:3300/0 7 ==== mon_command_ack([{prefix=config-key set, key=mgr/dashboard/cluster/status}]=0 set mgr/dashboard/cluster/status v28)=0 set mgr/dashboard/cluster/status v28) ==== 153+0+0 (secure 0 0 0) 0x7fe25800f2e0 con 0x7fe26807ed60
2024-04-30T08:23:41.335 INFO:teuthology.orchestra.run.smithi032.stdout:/usr/bin/ceph: stderr
2024-04-30T08:23:40.680+0000 7fe267e00700 1 -- 172.21.15.32:0/950437424 >> [v2:172.21.15.32:6800/2930853529,v1:172.21.15.32:6801/2930853529] conn(0x7fe24c03d6c0 msgr2=0x7fe24c03fbd0 secure :-1 s=STATE_CONNECTION_ESTABLISHED l=1).mark_down
2024-04-30T08:23:41.335 INFO:teuthology.orchestra.run.smithi032.stdout:/usr/bin/ceph: stderr
2024-04-30T08:23:40.680+0000 7fe267e00700 1 --2- 172.21.15.32:0/950437424 >> [v2:172.21.15.32:6800/2930853529,v1:172.21.15.32:6801/2930853529] conn(0x7fe24c03d6c0 0x7fe24c03fbd0 secure :-1 s=READY pgs=11 cs=0 l=1 rev1=1 crypto rx=0x7fe254006fd0 tx=0x7fe254006e40 comp rx=0 tx=0).stop
2024-04-30T08:23:41.335 INFO:teuthology.orchestra.run.smithi032.stdout:/usr/bin/ceph: stderr
2024-04-30T08:23:40.680+0000 7fe267e00700 1 -- 172.21.15.32:0/950437424 >> [v2:172.21.15.32:3300/0,v1:172.21.15.32:6789/0] conn(0x7fe26807ed60 msgr2=0x7fe26819ff50 secure :-1 s=STATE_CONNECTION_ESTABLISHED l=1).mark_down
2024-04-30T08:23:41.335 INFO:teuthology.orchestra.run.smithi032.stdout:/usr/bin/ceph: stderr
2024-04-30T08:23:40.680+0000 7fe267e00700 1 --2- 172.21.15.32:0/950437424 >> [v2:172.21.15.32:3300/0,v1:172.21.15.32:6789/0] conn(0x7fe26807ed60 0x7fe26819ff50 secure :-1 s=READY pgs=79 cs=0 l=1 rev1=1 crypto rx=0x7fe258000c00 tx=0x7fe258011aa0 comp rx=0 tx=0).stop
2024-04-30T08:23:41.335 INFO:teuthology.orchestra.run.smithi032.stdout:/usr/bin/ceph: stderr
2024-04-30T08:23:40.680+0000 7fe267e00700 1 -- 172.21.15.32:0/950437424 shutdown_connections
2024-04-30T08:23:41.335 INFO:teuthology.orchestra.run.smithi032.stdout:/usr/bin/ceph: stderr
2024-04-30T08:23:40.680+0000 7fe267e00700 1 --2- 172.21.15.32:0/950437424 >> [v2:172.21.15.32:6800/2930853529,v1:172.21.15.32:6801/2930853529] conn(0x7fe24c03d6c0 0x7fe24c03fbd0 unknown :-1 s=CLOSED pgs=11 cs=0 l=1 rev1=1 crypto rx=0 tx=0 comp rx=0 tx=0).stop
2024-04-30T08:23:41.335 INFO:teuthology.orchestra.run.smithi032.stdout:/usr/bin/ceph: stderr
2024-04-30T08:23:40.680+0000 7fe267e00700 1 --2- 172.21.15.32:0/950437424 >> [v2:172.21.15.32:3300/0,v1:172.21.15.32:6789/0] conn(0x7fe26807ed60 0x7fe26819ff50 unknown :-1 s=CLOSED pgs=79 cs=0 l=1 rev1=1 crypto rx=0 tx=0 comp rx=0 tx=0).stop
2024-04-30T08:23:41.336 INFO:teuthology.orchestra.run.smithi032.stdout:/usr/bin/ceph: stderr
2024-04-30T08:23:40.680+0000 7fe267e00700 1 -- 172.21.15.32:0/950437424 >> 172.21.15.32:0/950437424 conn(0x7fe268105090 msgr2=0x7fe268105930 unknown :-1 s=STATE_NONE l=0).mark_down
2024-04-30T08:23:41.336 INFO:teuthology.orchestra.run.smithi032.stdout:/usr/bin/ceph: stderr
2024-04-30T08:23:40.681+0000 7fe267e00700 1 -- 172.21.15.32:0/950437424 shutdown_connections
2024-04-30T08:23:41.336 INFO:teuthology.orchestra.run.smithi032.stdout:/usr/bin/ceph: stderr
2024-04-30T08:23:40.681+0000 7fe267e00700 1 -- 172.21.15.32:0/950437424 wait complete.
2024-04-30T08:23:41.336 INFO:teuthology.orchestra.run.smithi032.stdout:/usr/bin/ceph: stderr set mgr/dashboard/cluster/status
2024-04-30T08:23:41.336 INFO:teuthology.orchestra.run.smithi032.stdout:You can access the Ceph CLI as following in case of multi-cluster or non-default config:
2024-04-30T08:23:41.336 INFO:teuthology.orchestra.run.smithi032.stdout:
2024-04-30T08:23:41.336 INFO:teuthology.orchestra.run.smithi032.stdout: sudo /home/ubuntu/cephtest/cephadm shell --fsid 98c0a670-06ca-11ef-bc93-c7b262605968 -c /etc/ceph/ceph.conf -k /etc/ceph/ceph.client.admin.keyring
2024-04-30T08:23:41.336 INFO:teuthology.orchestra.run.smithi032.stdout:
2024-04-30T08:23:41.336 INFO:teuthology.orchestra.run.smithi032.stdout:Or, if you are only running a single cluster on this host:
2024-04-30T08:23:41.336 INFO:teuthology.orchestra.run.smithi032.stdout:
2024-04-30T08:23:41.336 INFO:teuthology.orchestra.run.smithi032.stdout: sudo /home/ubuntu/cephtest/cephadm shell
2024-04-30T08:23:41.336 INFO:teuthology.orchestra.run.smithi032.stdout:
2024-04-30T08:23:41.336 INFO:teuthology.orchestra.run.smithi032.stdout:Please consider enabling telemetry to help improve Ceph:
2024-04-30T08:23:41.336 INFO:teuthology.orchestra.run.smithi032.stdout:
2024-04-30T08:23:41.337 INFO:teuthology.orchestra.run.smithi032.stdout: ceph telemetry on
2024-04-30T08:23:41.337 INFO:teuthology.orchestra.run.smithi032.stdout:
2024-04-30T08:23:41.337 INFO:teuthology.orchestra.run.smithi032.stdout:For more information see:
2024-04-30T08:23:41.337 INFO:teuthology.orchestra.run.smithi032.stdout:
2024-04-30T08:23:41.337 INFO:teuthology.orchestra.run.smithi032.stdout: https://docs.ceph.com/en/latest/mgr/telemetry/
