2024-05-04T00:48:22.077+0000 7f8e3f7fe700 1 --2- 172.21.15.84:0/3382749146 >> [v2:172.21.15.84:6800/753228101,v1:172.21.15.84:6801/753228101] conn(0x7f8e2803e470 0x7f8e28040980 unknown :-1 s=START_CONNECT pgs=0 cs=0 l=1 rev1=0 crypto rx=0 tx=0 comp rx=0 tx=0)._fault waiting 3.200000
2024-05-04T00:48:25.432 INFO:teuthology.orchestra.run.smithi084.stdout:/usr/bin/ceph: stderr
2024-05-04T00:48:23.856+0000 7f8e3d7fa700 1 -- 172.21.15.84:0/3382749146 <== mon.0 v2:172.21.15.84:3300/0 6 ==== mgrmap(e 6) ==== 49989+0+0 (secure 0 0 0) 0x7f8e3401ad10 con 0x7f8e40108b50
2024-05-04T00:48:25.432 INFO:teuthology.orchestra.run.smithi084.stdout:/usr/bin/ceph: stderr
2024-05-04T00:48:23.856+0000 7f8e3d7fa700 1 -- 172.21.15.84:0/3382749146 >> [v2:172.21.15.84:6800/753228101,v1:172.21.15.84:6801/753228101] conn(0x7f8e2803e470 msgr2=0x7f8e28040980 unknown :-1 s=STATE_CONNECTING l=1).mark_down
2024-05-04T00:48:25.432 INFO:teuthology.orchestra.run.smithi084.stdout:/usr/bin/ceph: stderr
2024-05-04T00:48:23.856+0000 7f8e3d7fa700 1 --2- 172.21.15.84:0/3382749146 >> [v2:172.21.15.84:6800/753228101,v1:172.21.15.84:6801/753228101] conn(0x7f8e2803e470 0x7f8e28040980 unknown :-1 s=START_CONNECT pgs=0 cs=0 l=1 rev1=0 crypto rx=0 tx=0 comp rx=0 tx=0).stop
2024-05-04T00:48:25.432 INFO:teuthology.orchestra.run.smithi084.stdout:/usr/bin/ceph: stderr
2024-05-04T00:48:24.860+0000 7f8e3d7fa700 1 -- 172.21.15.84:0/3382749146 <== mon.0 v2:172.21.15.84:3300/0 7 ==== mgrmap(e 7) ==== 50116+0+0 (secure 0 0 0) 0x7f8e34024440 con 0x7f8e40108b50
2024-05-04T00:48:25.432 INFO:teuthology.orchestra.run.smithi084.stdout:/usr/bin/ceph: stderr
2024-05-04T00:48:24.860+0000 7f8e3d7fa700 1 --2- 172.21.15.84:0/3382749146 >> [v2:172.21.15.84:6800/897394313,v1:172.21.15.84:6801/897394313] conn(0x7f8e28041db0 0x7f8e280441d0 unknown :-1 s=NONE pgs=0 cs=0 l=1 rev1=0 crypto rx=0 tx=0 comp rx=0 tx=0).connect
2024-05-04T00:48:25.432 INFO:teuthology.orchestra.run.smithi084.stdout:/usr/bin/ceph: stderr
2024-05-04T00:48:24.860+0000 7f8e3d7fa700 1 -- 172.21.15.84:0/3382749146 --> [v2:172.21.15.84:6800/897394313,v1:172.21.15.84:6801/897394313] -- command(tid 0: {"prefix": "get_command_descriptions"}) -- 0x7f8e3401eec0 con 0x7f8e28041db0
2024-05-04T00:48:25.432 INFO:teuthology.orchestra.run.smithi084.stdout:/usr/bin/ceph: stderr
2024-05-04T00:48:24.860+0000 7f8e3f7fe700 1 --2- 172.21.15.84:0/3382749146 >> [v2:172.21.15.84:6800/897394313,v1:172.21.15.84:6801/897394313] conn(0x7f8e28041db0 0x7f8e280441d0 unknown :-1 s=BANNER_CONNECTING pgs=0 cs=0 l=1 rev1=0 crypto rx=0 tx=0 comp rx=0 tx=0)._handle_peer_banner_payload supported=3 required=0
2024-05-04T00:48:25.432 INFO:teuthology.orchestra.run.smithi084.stdout:/usr/bin/ceph: stderr
2024-05-04T00:48:24.861+0000 7f8e3f7fe700 1 --2- 172.21.15.84:0/3382749146 >> [v2:172.21.15.84:6800/897394313,v1:172.21.15.84:6801/897394313] conn(0x7f8e28041db0 0x7f8e280441d0 secure :-1 s=READY pgs=2 cs=0 l=1 rev1=1 crypto rx=0x7f8e30003a10 tx=0x7f8e300092b0 comp rx=0 tx=0).ready entity=mgr.14120 client_cookie=0 server_cookie=0 in_seq=0 out_seq=0
2024-05-04T00:48:25.433 INFO:teuthology.orchestra.run.smithi084.stdout:/usr/bin/ceph: stderr
2024-05-04T00:48:24.862+0000 7f8e3d7fa700 1 -- 172.21.15.84:0/3382749146 <== mgr.14120 v2:172.21.15.84:6800/897394313 1 ==== command_reply(tid 0: 0 ) ==== 8+0+9564 (secure 0 0 0) 0x7f8e3401eec0 con 0x7f8e28041db0
2024-05-04T00:48:25.433 INFO:teuthology.orchestra.run.smithi084.stdout:/usr/bin/ceph: stderr
2024-05-04T00:48:24.870+0000 7f8e468da700 1 -- 172.21.15.84:0/3382749146 --> [v2:172.21.15.84:6800/897394313,v1:172.21.15.84:6801/897394313] -- command(tid 1: {"prefix": "mgr_status"}) -- 0x7f8e40064e20 con 0x7f8e28041db0
2024-05-04T00:48:25.433 INFO:teuthology.orchestra.run.smithi084.stdout:/usr/bin/ceph: stderr
2024-05-04T00:48:24.871+0000 7f8e3d7fa700 1 -- 172.21.15.84:0/3382749146 <== mgr.14120 v2:172.21.15.84:6800/897394313 2 ==== command_reply(tid 1: 0 ) ==== 8+0+51 (secure 0 0 0) 0x7f8e40064e20 con 0x7f8e28041db0
2024-05-04T00:48:25.433 INFO:teuthology.orchestra.run.smithi084.stdout:/usr/bin/ceph: stderr
2024-05-04T00:48:24.871+0000 7f8e468da700 1 -- 172.21.15.84:0/3382749146 >> [v2:172.21.15.84:6800/897394313,v1:172.21.15.84:6801/897394313] conn(0x7f8e28041db0 msgr2=0x7f8e280441d0 secure :-1 s=STATE_CONNECTION_ESTABLISHED l=1).mark_down
2024-05-04T00:48:25.433 INFO:teuthology.orchestra.run.smithi084.stdout:/usr/bin/ceph: stderr
2024-05-04T00:48:24.871+0000 7f8e468da700 1 --2- 172.21.15.84:0/3382749146 >> [v2:172.21.15.84:6800/897394313,v1:172.21.15.84:6801/897394313] conn(0x7f8e28041db0 0x7f8e280441d0 secure :-1 s=READY pgs=2 cs=0 l=1 rev1=1 crypto rx=0x7f8e30003a10 tx=0x7f8e300092b0 comp rx=0 tx=0).stop
2024-05-04T00:48:25.433 INFO:teuthology.orchestra.run.smithi084.stdout:/usr/bin/ceph: stderr
2024-05-04T00:48:24.871+0000 7f8e468da700 1 -- 172.21.15.84:0/3382749146 >> [v2:172.21.15.84:3300/0,v1:172.21.15.84:6789/0] conn(0x7f8e40108b50 msgr2=0x7f8e4019e0f0 secure :-1 s=STATE_CONNECTION_ESTABLISHED l=1).mark_down
2024-05-04T00:48:25.433 INFO:teuthology.orchestra.run.smithi084.stdout:/usr/bin/ceph: stderr
2024-05-04T00:48:24.871+0000 7f8e468da700 1 --2- 172.21.15.84:0/3382749146 >> [v2:172.21.15.84:3300/0,v1:172.21.15.84:6789/0] conn(0x7f8e40108b50 0x7f8e4019e0f0 secure :-1 s=READY pgs=29 cs=0 l=1 rev1=1 crypto rx=0x7f8e34009fb0 tx=0x7f8e34011890 comp rx=0 tx=0).stop
2024-05-04T00:48:25.433 INFO:teuthology.orchestra.run.smithi084.stdout:/usr/bin/ceph: stderr
2024-05-04T00:48:24.871+0000 7f8e468da700 1 -- 172.21.15.84:0/3382749146 shutdown_connections
2024-05-04T00:48:25.433 INFO:teuthology.orchestra.run.smithi084.stdout:/usr/bin/ceph: stderr
2024-05-04T00:48:24.871+0000 7f8e468da700 1 --2- 172.21.15.84:0/3382749146 >> [v2:172.21.15.84:6800/897394313,v1:172.21.15.84:6801/897394313] conn(0x7f8e28041db0 0x7f8e280441d0 unknown :-1 s=CLOSED pgs=2 cs=0 l=1 rev1=1 crypto rx=0 tx=0 comp rx=0 tx=0).stop
2024-05-04T00:48:25.433 INFO:teuthology.orchestra.run.smithi084.stdout:/usr/bin/ceph: stderr
2024-05-04T00:48:24.871+0000 7f8e468da700 1 --2- 172.21.15.84:0/3382749146 >> [v2:172.21.15.84:3300/0,v1:172.21.15.84:6789/0] conn(0x7f8e40108b50 0x7f8e4019e0f0 unknown :-1 s=CLOSED pgs=29 cs=0 l=1 rev1=1 crypto rx=0 tx=0 comp rx=0 tx=0).stop
2024-05-04T00:48:25.433 INFO:teuthology.orchestra.run.smithi084.stdout:/usr/bin/ceph: stderr
2024-05-04T00:48:24.871+0000 7f8e468da700 1 --2- 172.21.15.84:0/3382749146 >> [v2:172.21.15.84:6800/753228101,v1:172.21.15.84:6801/753228101] conn(0x7f8e2803e470 0x7f8e28040980 unknown :-1 s=CLOSED pgs=0 cs=0 l=1 rev1=0 crypto rx=0 tx=0 comp rx=0 tx=0).stop
2024-05-04T00:48:25.433 INFO:teuthology.orchestra.run.smithi084.stdout:/usr/bin/ceph: stderr
2024-05-04T00:48:24.871+0000 7f8e468da700 1 -- 172.21.15.84:0/3382749146 >> 172.21.15.84:0/3382749146 conn(0x7f8e401041f0 msgr2=0x7f8e401946a0 unknown :-1 s=STATE_NONE l=0).mark_down
2024-05-04T00:48:25.433 INFO:teuthology.orchestra.run.smithi084.stdout:/usr/bin/ceph: stderr
2024-05-04T00:48:24.871+0000 7f8e468da700 1 -- 172.21.15.84:0/3382749146 shutdown_connections
2024-05-04T00:48:25.434 INFO:teuthology.orchestra.run.smithi084.stdout:/usr/bin/ceph: stderr
2024-05-04T00:48:24.871+0000 7f8e468da700 1 -- 172.21.15.84:0/3382749146 wait complete.
2024-05-04T00:48:25.434 INFO:teuthology.orchestra.run.smithi084.stdout:mgr epoch 5 is available
2024-05-04T00:48:25.434 INFO:teuthology.orchestra.run.smithi084.stdout:Setting orchestrator backend to cephadm...
2024-05-04T00:48:25.987 INFO:journalctl@ceph.mon.a.smithi084.stdout:May 04 00:48:25 smithi084 ceph-mon[29754]: from='client.14124 -' entity='client.admin' cmd=[{"prefix": "get_command_descriptions"}]: dispatch
2024-05-04T00:48:25.987 INFO:journalctl@ceph.mon.a.smithi084.stdout:May 04 00:48:25 smithi084 ceph-mon[29754]: from='client.14124 -' entity='client.admin' cmd=[{"prefix": "mgr_status"}]: dispatch
2024-05-04T00:48:25.987 INFO:journalctl@ceph.mon.a.smithi084.stdout:May 04 00:48:25 smithi084 ceph-mon[29754]: [04/May/2024:00:48:25] ENGINE Bus STARTING
2024-05-04T00:48:25.987 INFO:journalctl@ceph.mon.a.smithi084.stdout:May 04 00:48:25 smithi084 ceph-mon[29754]: [04/May/2024:00:48:25] ENGINE Serving on http://172.21.15.84:8765
2024-05-04T00:48:25.987 INFO:journalctl@ceph.mon.a.smithi084.stdout:May 04 00:48:25 smithi084 ceph-mon[29754]: [04/May/2024:00:48:25] ENGINE Serving on https://172.21.15.84:7150
2024-05-04T00:48:25.988 INFO:journalctl@ceph.mon.a.smithi084.stdout:May 04 00:48:25 smithi084 ceph-mon[29754]: [04/May/2024:00:48:25] ENGINE Bus STARTED
2024-05-04T00:48:25.988 INFO:journalctl@ceph.mon.a.smithi084.stdout:May 04 00:48:25 smithi084 ceph-mon[29754]: from='mgr.14120 172.21.15.84:0/859325748' entity='mgr.x' cmd=[{"prefix": "config dump", "format": "json"}]: dispatch
2024-05-04T00:48:26.608 INFO:teuthology.orchestra.run.smithi084.stdout:/usr/bin/ceph: stderr
2024-05-04T00:48:25.830+0000 7fc0605d5700 1 Processor -- start
2024-05-04T00:48:26.608 INFO:teuthology.orchestra.run.smithi084.stdout:/usr/bin/ceph: stderr
2024-05-04T00:48:25.830+0000 7fc0605d5700 1 -- start start
2024-05-04T00:48:26.608 INFO:teuthology.orchestra.run.smithi084.stdout:/usr/bin/ceph: stderr
2024-05-04T00:48:25.830+0000 7fc0605d5700 1 --2- >> [v2:172.21.15.84:3300/0,v1:172.21.15.84:6789/0] conn(0x7fc058109c20 0x7fc05810a030 unknown :-1 s=NONE pgs=0 cs=0 l=0 rev1=0 crypto rx=0 tx=0 comp rx=0 tx=0).connect
2024-05-04T00:48:26.608 INFO:teuthology.orchestra.run.smithi084.stdout:/usr/bin/ceph: stderr
2024-05-04T00:48:25.830+0000 7fc0605d5700 1 -- --> [v2:172.21.15.84:3300/0,v1:172.21.15.84:6789/0] -- mon_getmap magic: 0 -- 0x7fc05810a620 con 0x7fc058109c20
2024-05-04T00:48:26.609 INFO:teuthology.orchestra.run.smithi084.stdout:/usr/bin/ceph: stderr
2024-05-04T00:48:25.830+0000 7fc05e371700 1 --2- >> [v2:172.21.15.84:3300/0,v1:172.21.15.84:6789/0] conn(0x7fc058109c20 0x7fc05810a030 unknown :-1 s=BANNER_CONNECTING pgs=0 cs=0 l=0 rev1=0 crypto rx=0 tx=0 comp rx=0 tx=0)._handle_peer_banner_payload supported=3 required=0
2024-05-04T00:48:26.609 INFO:teuthology.orchestra.run.smithi084.stdout:/usr/bin/ceph: stderr
2024-05-04T00:48:25.830+0000 7fc05e371700 1 --2- >> [v2:172.21.15.84:3300/0,v1:172.21.15.84:6789/0] conn(0x7fc058109c20 0x7fc05810a030 unknown :-1 s=HELLO_CONNECTING pgs=0 cs=0 l=0 rev1=1 crypto rx=0 tx=0 comp rx=0 tx=0).handle_hello peer v2:172.21.15.84:3300/0 says I am v2:172.21.15.84:57992/0 (socket says 172.21.15.84:57992)
2024-05-04T00:48:26.609 INFO:teuthology.orchestra.run.smithi084.stdout:/usr/bin/ceph: stderr
2024-05-04T00:48:25.830+0000 7fc05e371700 1 -- 172.21.15.84:0/3492141984 learned_addr learned my addr 172.21.15.84:0/3492141984 (peer_addr_for_me v2:172.21.15.84:0/0)
2024-05-04T00:48:26.609 INFO:teuthology.orchestra.run.smithi084.stdout:/usr/bin/ceph: stderr
2024-05-04T00:48:25.831+0000 7fc05e371700 1 -- 172.21.15.84:0/3492141984 --> [v2:172.21.15.84:3300/0,v1:172.21.15.84:6789/0] -- mon_subscribe({config=0+,monmap=0+}) -- 0x7fc05810adf0 con 0x7fc058109c20
2024-05-04T00:48:26.609 INFO:teuthology.orchestra.run.smithi084.stdout:/usr/bin/ceph: stderr
2024-05-04T00:48:25.831+0000 7fc05e371700 1 --2- 172.21.15.84:0/3492141984 >> [v2:172.21.15.84:3300/0,v1:172.21.15.84:6789/0] conn(0x7fc058109c20 0x7fc05810a030 secure :-1 s=READY pgs=37 cs=0 l=1 rev1=1 crypto rx=0x7fc0540098a0 tx=0x7fc054009bb0 comp rx=0 tx=0).ready entity=mon.0 client_cookie=e6041bfd17864c35 server_cookie=0 in_seq=0 out_seq=0
2024-05-04T00:48:26.609 INFO:teuthology.orchestra.run.smithi084.stdout:/usr/bin/ceph: stderr
2024-05-04T00:48:25.831+0000 7fc05d36f700 1 -- 172.21.15.84:0/3492141984 <== mon.0 v2:172.21.15.84:3300/0 1 ==== mon_map magic: 0 ==== 205+0+0 (secure 0 0 0) 0x7fc054004160 con 0x7fc058109c20
2024-05-04T00:48:26.609 INFO:teuthology.orchestra.run.smithi084.stdout:/usr/bin/ceph: stderr
2024-05-04T00:48:25.831+0000 7fc05d36f700 1 -- 172.21.15.84:0/3492141984 <== mon.0 v2:172.21.15.84:3300/0 2 ==== config(26 keys) ==== 1070+0+0 (secure 0 0 0) 0x7fc054004300 con 0x7fc058109c20
2024-05-04T00:48:26.609 INFO:teuthology.orchestra.run.smithi084.stdout:/usr/bin/ceph: stderr
2024-05-04T00:48:25.831+0000 7fc05d36f700 1 -- 172.21.15.84:0/3492141984 <== mon.0 v2:172.21.15.84:3300/0 3 ==== mon_map magic: 0 ==== 205+0+0 (secure 0 0 0) 0x7fc054011af0 con 0x7fc058109c20
2024-05-04T00:48:26.609 INFO:teuthology.orchestra.run.smithi084.stdout:/usr/bin/ceph: stderr
2024-05-04T00:48:25.832+0000 7fc0605d5700 1 -- 172.21.15.84:0/3492141984 >> [v2:172.21.15.84:3300/0,v1:172.21.15.84:6789/0] conn(0x7fc058109c20 msgr2=0x7fc05810a030 secure :-1 s=STATE_CONNECTION_ESTABLISHED l=1).mark_down
2024-05-04T00:48:26.609 INFO:teuthology.orchestra.run.smithi084.stdout:/usr/bin/ceph: stderr
2024-05-04T00:48:25.832+0000 7fc0605d5700 1 --2- 172.21.15.84:0/3492141984 >> [v2:172.21.15.84:3300/0,v1:172.21.15.84:6789/0] conn(0x7fc058109c20 0x7fc05810a030 secure :-1 s=READY pgs=37 cs=0 l=1 rev1=1 crypto rx=0x7fc0540098a0 tx=0x7fc054009bb0 comp rx=0 tx=0).stop
2024-05-04T00:48:26.609 INFO:teuthology.orchestra.run.smithi084.stdout:/usr/bin/ceph: stderr
2024-05-04T00:48:25.832+0000 7fc0605d5700 1 -- 172.21.15.84:0/3492141984 shutdown_connections
2024-05-04T00:48:26.609 INFO:teuthology.orchestra.run.smithi084.stdout:/usr/bin/ceph: stderr
2024-05-04T00:48:25.832+0000 7fc0605d5700 1 --2- 172.21.15.84:0/3492141984 >> [v2:172.21.15.84:3300/0,v1:172.21.15.84:6789/0] conn(0x7fc058109c20 0x7fc05810a030 unknown :-1 s=CLOSED pgs=37 cs=0 l=1 rev1=1 crypto rx=0 tx=0 comp rx=0 tx=0).stop
2024-05-04T00:48:26.609 INFO:teuthology.orchestra.run.smithi084.stdout:/usr/bin/ceph: stderr
2024-05-04T00:48:25.832+0000 7fc0605d5700 1 -- 172.21.15.84:0/3492141984 >> 172.21.15.84:0/3492141984 conn(0x7fc058105280 msgr2=0x7fc058107710 unknown :-1 s=STATE_NONE l=0).mark_down
2024-05-04T00:48:26.610 INFO:teuthology.orchestra.run.smithi084.stdout:/usr/bin/ceph: stderr
2024-05-04T00:48:25.832+0000 7fc0605d5700 1 -- 172.21.15.84:0/3492141984 shutdown_connections
2024-05-04T00:48:26.610 INFO:teuthology.orchestra.run.smithi084.stdout:/usr/bin/ceph: stderr
2024-05-04T00:48:25.832+0000 7fc0605d5700 1 -- 172.21.15.84:0/3492141984 wait complete.
2024-05-04T00:48:26.610 INFO:teuthology.orchestra.run.smithi084.stdout:/usr/bin/ceph: stderr
2024-05-04T00:48:25.832+0000 7fc0605d5700 1 Processor -- start
2024-05-04T00:48:26.610 INFO:teuthology.orchestra.run.smithi084.stdout:/usr/bin/ceph: stderr
2024-05-04T00:48:25.832+0000 7fc0605d5700 1 -- start start
2024-05-04T00:48:26.610 INFO:teuthology.orchestra.run.smithi084.stdout:/usr/bin/ceph: stderr
2024-05-04T00:48:25.833+0000 7fc0605d5700 1 --2- >> [v2:172.21.15.84:3300/0,v1:172.21.15.84:6789/0] conn(0x7fc058109c20 0x7fc05819e110 unknown :-1 s=NONE pgs=0 cs=0 l=1 rev1=0 crypto rx=0 tx=0 comp rx=0 tx=0).connect
2024-05-04T00:48:26.610 INFO:teuthology.orchestra.run.smithi084.stdout:/usr/bin/ceph: stderr
2024-05-04T00:48:25.833+0000 7fc0605d5700 1 -- --> [v2:172.21.15.84:3300/0,v1:172.21.15.84:6789/0] -- mon_getmap magic: 0 -- 0x7fc05810e1a0 con 0x7fc058109c20
2024-05-04T00:48:26.610 INFO:teuthology.orchestra.run.smithi084.stdout:/usr/bin/ceph: stderr
2024-05-04T00:48:25.833+0000 7fc05e371700 1 --2- >> [v2:172.21.15.84:3300/0,v1:172.21.15.84:6789/0] conn(0x7fc058109c20 0x7fc05819e110 unknown :-1 s=BANNER_CONNECTING pgs=0 cs=0 l=1 rev1=0 crypto rx=0 tx=0 comp rx=0 tx=0)._handle_peer_banner_payload supported=3 required=0
2024-05-04T00:48:26.610 INFO:teuthology.orchestra.run.smithi084.stdout:/usr/bin/ceph: stderr
2024-05-04T00:48:25.833+0000 7fc05e371700 1 --2- >> [v2:172.21.15.84:3300/0,v1:172.21.15.84:6789/0] conn(0x7fc058109c20 0x7fc05819e110 unknown :-1 s=HELLO_CONNECTING pgs=0 cs=0 l=1 rev1=1 crypto rx=0 tx=0 comp rx=0 tx=0).handle_hello peer v2:172.21.15.84:3300/0 says I am v2:172.21.15.84:57994/0 (socket says 172.21.15.84:57994)
2024-05-04T00:48:26.610 INFO:teuthology.orchestra.run.smithi084.stdout:/usr/bin/ceph: stderr
2024-05-04T00:48:25.833+0000 7fc05e371700 1 -- 172.21.15.84:0/3563671864 learned_addr learned my addr 172.21.15.84:0/3563671864 (peer_addr_for_me v2:172.21.15.84:0/0)
2024-05-04T00:48:26.610 INFO:teuthology.orchestra.run.smithi084.stdout:/usr/bin/ceph: stderr
2024-05-04T00:48:25.833+0000 7fc05e371700 1 -- 172.21.15.84:0/3563671864 --> [v2:172.21.15.84:3300/0,v1:172.21.15.84:6789/0] -- mon_subscribe({config=0+,monmap=0+}) -- 0x7fc05819e650 con 0x7fc058109c20
2024-05-04T00:48:26.610 INFO:teuthology.orchestra.run.smithi084.stdout:/usr/bin/ceph: stderr
2024-05-04T00:48:25.833+0000 7fc05e371700 1 --2- 172.21.15.84:0/3563671864 >> [v2:172.21.15.84:3300/0,v1:172.21.15.84:6789/0] conn(0x7fc058109c20 0x7fc05819e110 secure :-1 s=READY pgs=38 cs=0 l=1 rev1=1 crypto rx=0x7fc0540090e0 tx=0x7fc054011940 comp rx=0 tx=0).ready entity=mon.0 client_cookie=0 server_cookie=0 in_seq=0 out_seq=0
2024-05-04T00:48:26.610 INFO:teuthology.orchestra.run.smithi084.stdout:/usr/bin/ceph: stderr
2024-05-04T00:48:25.833+0000 7fc04f7fe700 1 -- 172.21.15.84:0/3563671864 <== mon.0 v2:172.21.15.84:3300/0 1 ==== mon_map magic: 0 ==== 205+0+0 (secure 0 0 0) 0x7fc0540039e0 con 0x7fc058109c20
2024-05-04T00:48:26.611 INFO:teuthology.orchestra.run.smithi084.stdout:/usr/bin/ceph: stderr
2024-05-04T00:48:25.833+0000 7fc04f7fe700 1 -- 172.21.15.84:0/3563671864 <== mon.0 v2:172.21.15.84:3300/0 2 ==== config(26 keys) ==== 1070+0+0 (secure 0 0 0) 0x7fc054003b80 con 0x7fc058109c20
2024-05-04T00:48:26.611 INFO:teuthology.orchestra.run.smithi084.stdout:/usr/bin/ceph: stderr
2024-05-04T00:48:25.833+0000 7fc04f7fe700 1 -- 172.21.15.84:0/3563671864 <== mon.0 v2:172.21.15.84:3300/0 3 ==== mon_map magic: 0 ==== 205+0+0 (secure 0 0 0) 0x7fc054024690 con 0x7fc058109c20
2024-05-04T00:48:26.611 INFO:teuthology.orchestra.run.smithi084.stdout:/usr/bin/ceph: stderr
2024-05-04T00:48:25.833+0000 7fc0605d5700 1 -- 172.21.15.84:0/3563671864 --> [v2:172.21.15.84:3300/0,v1:172.21.15.84:6789/0] -- mon_subscribe({mgrmap=0+}) -- 0x7fc05819e8e0 con 0x7fc058109c20
2024-05-04T00:48:26.611 INFO:teuthology.orchestra.run.smithi084.stdout:/usr/bin/ceph: stderr
2024-05-04T00:48:25.833+0000 7fc0605d5700 1 -- 172.21.15.84:0/3563671864 --> [v2:172.21.15.84:3300/0,v1:172.21.15.84:6789/0] -- mon_subscribe({osdmap=0}) -- 0x7fc0581a14f0 con 0x7fc058109c20
2024-05-04T00:48:26.611 INFO:teuthology.orchestra.run.smithi084.stdout:/usr/bin/ceph: stderr
2024-05-04T00:48:25.834+0000 7fc04f7fe700 1 -- 172.21.15.84:0/3563671864 <== mon.0 v2:172.21.15.84:3300/0 4 ==== mgrmap(e 7) ==== 50116+0+0 (secure 0 0 0) 0x7fc054022020 con 0x7fc058109c20
2024-05-04T00:48:26.611 INFO:teuthology.orchestra.run.smithi084.stdout:/usr/bin/ceph: stderr
2024-05-04T00:48:25.834+0000 7fc0605d5700 1 -- 172.21.15.84:0/3563671864 --> [v2:172.21.15.84:3300/0,v1:172.21.15.84:6789/0] -- mon_command({"prefix": "get_command_descriptions"} v 0) -- 0x7fc058064e20 con 0x7fc058109c20
2024-05-04T00:48:26.611 INFO:teuthology.orchestra.run.smithi084.stdout:/usr/bin/ceph: stderr
2024-05-04T00:48:25.834+0000 7fc04f7fe700 1 --2- 172.21.15.84:0/3563671864 >> [v2:172.21.15.84:6800/897394313,v1:172.21.15.84:6801/897394313] conn(0x7fc04403e3a0 0x7fc0440408b0 unknown :-1 s=NONE pgs=0 cs=0 l=1 rev1=0 crypto rx=0 tx=0 comp rx=0 tx=0).connect
2024-05-04T00:48:26.611 INFO:teuthology.orchestra.run.smithi084.stdout:/usr/bin/ceph: stderr
2024-05-04T00:48:25.834+0000 7fc04f7fe700 1 -- 172.21.15.84:0/3563671864 <== mon.0 v2:172.21.15.84:3300/0 5 ==== osd_map(2..2 src has 1..2) ==== 940+0+0 (secure 0 0 0) 0x7fc0540535c0 con 0x7fc058109c20
2024-05-04T00:48:26.611 INFO:teuthology.orchestra.run.smithi084.stdout:/usr/bin/ceph: stderr
2024-05-04T00:48:25.835+0000 7fc05db70700 1 --2- 172.21.15.84:0/3563671864 >> [v2:172.21.15.84:6800/897394313,v1:172.21.15.84:6801/897394313] conn(0x7fc04403e3a0 0x7fc0440408b0 unknown :-1 s=BANNER_CONNECTING pgs=0 cs=0 l=1 rev1=0 crypto rx=0 tx=0 comp rx=0 tx=0)._handle_peer_banner_payload supported=3 required=0
2024-05-04T00:48:26.611 INFO:teuthology.orchestra.run.smithi084.stdout:/usr/bin/ceph: stderr
2024-05-04T00:48:25.835+0000 7fc05db70700 1 --2- 172.21.15.84:0/3563671864 >> [v2:172.21.15.84:6800/897394313,v1:172.21.15.84:6801/897394313] conn(0x7fc04403e3a0 0x7fc0440408b0 secure :-1 s=READY pgs=7 cs=0 l=1 rev1=1 crypto rx=0x7fc048006fd0 tx=0x7fc048006e40 comp rx=0 tx=0).ready entity=mgr.14120 client_cookie=0 server_cookie=0 in_seq=0 out_seq=0
2024-05-04T00:48:26.611 INFO:teuthology.orchestra.run.smithi084.stdout:/usr/bin/ceph: stderr
2024-05-04T00:48:25.840+0000 7fc04f7fe700 1 -- 172.21.15.84:0/3563671864 <== mon.0 v2:172.21.15.84:3300/0 6 ==== mon_command_ack([{"prefix": "get_command_descriptions"}]=0 v0) ==== 72+0+191963 (secure 0 0 0) 0x7fc0540172b0 con 0x7fc058109c20
2024-05-04T00:48:26.611 INFO:teuthology.orchestra.run.smithi084.stdout:/usr/bin/ceph: stderr
2024-05-04T00:48:25.914+0000 7fc04f7fe700 1 -- 172.21.15.84:0/3563671864 <== mon.0 v2:172.21.15.84:3300/0 7 ==== mgrmap(e 8) ==== 50222+0+0 (secure 0 0 0) 0x7fc05401a9c0 con 0x7fc058109c20
2024-05-04T00:48:26.611 INFO:teuthology.orchestra.run.smithi084.stdout:/usr/bin/ceph: stderr
2024-05-04T00:48:26.063+0000 7fc0605d5700 1 -- 172.21.15.84:0/3563671864 --> [v2:172.21.15.84:6800/897394313,v1:172.21.15.84:6801/897394313] -- mgr_command(tid 0: {"prefix": "orch set backend", "module_name": "cephadm", "target": ["mon-mgr", ""]}) -- 0x7fc058106380 con 0x7fc04403e3a0
2024-05-04T00:48:26.612 INFO:teuthology.orchestra.run.smithi084.stdout:/usr/bin/ceph: stderr
2024-05-04T00:48:26.068+0000 7fc04f7fe700 1 -- 172.21.15.84:0/3563671864 <== mgr.14120 v2:172.21.15.84:6800/897394313 1 ==== mgr_command_reply(tid 0: 0 ) ==== 8+0+0 (secure 0 0 0) 0x7fc058106380 con 0x7fc04403e3a0
2024-05-04T00:48:26.612 INFO:teuthology.orchestra.run.smithi084.stdout:/usr/bin/ceph: stderr
2024-05-04T00:48:26.070+0000 7fc0605d5700 1 -- 172.21.15.84:0/3563671864 >> [v2:172.21.15.84:6800/897394313,v1:172.21.15.84:6801/897394313] conn(0x7fc04403e3a0 msgr2=0x7fc0440408b0 secure :-1 s=STATE_CONNECTION_ESTABLISHED l=1).mark_down
2024-05-04T00:48:26.612 INFO:teuthology.orchestra.run.smithi084.stdout:/usr/bin/ceph: stderr
2024-05-04T00:48:26.070+0000 7fc0605d5700 1 --2- 172.21.15.84:0/3563671864 >> [v2:172.21.15.84:6800/897394313,v1:172.21.15.84:6801/897394313] conn(0x7fc04403e3a0 0x7fc0440408b0 secure :-1 s=READY pgs=7 cs=0 l=1 rev1=1 crypto rx=0x7fc048006fd0 tx=0x7fc048006e40 comp rx=0 tx=0).stop
2024-05-04T00:48:26.612 INFO:teuthology.orchestra.run.smithi084.stdout:/usr/bin/ceph: stderr
2024-05-04T00:48:26.070+0000 7fc0605d5700 1 -- 172.21.15.84:0/3563671864 >> [v2:172.21.15.84:3300/0,v1:172.21.15.84:6789/0] conn(0x7fc058109c20 msgr2=0x7fc05819e110 secure :-1 s=STATE_CONNECTION_ESTABLISHED l=1).mark_down
2024-05-04T00:48:26.612 INFO:teuthology.orchestra.run.smithi084.stdout:/usr/bin/ceph: stderr
2024-05-04T00:48:26.070+0000 7fc0605d5700 1 --2- 172.21.15.84:0/3563671864 >> [v2:172.21.15.84:3300/0,v1:172.21.15.84:6789/0] conn(0x7fc058109c20 0x7fc05819e110 secure :-1 s=READY pgs=38 cs=0 l=1 rev1=1 crypto rx=0x7fc0540090e0 tx=0x7fc054011940 comp rx=0 tx=0).stop
2024-05-04T00:48:26.612 INFO:teuthology.orchestra.run.smithi084.stdout:/usr/bin/ceph: stderr
2024-05-04T00:48:26.070+0000 7fc0605d5700 1 -- 172.21.15.84:0/3563671864 shutdown_connections
2024-05-04T00:48:26.612 INFO:teuthology.orchestra.run.smithi084.stdout:/usr/bin/ceph: stderr
2024-05-04T00:48:26.070+0000 7fc0605d5700 1 --2- 172.21.15.84:0/3563671864 >> [v2:172.21.15.84:6800/897394313,v1:172.21.15.84:6801/897394313] conn(0x7fc04403e3a0 0x7fc0440408b0 unknown :-1 s=CLOSED pgs=7 cs=0 l=1 rev1=1 crypto rx=0 tx=0 comp rx=0 tx=0).stop
2024-05-04T00:48:26.612 INFO:teuthology.orchestra.run.smithi084.stdout:/usr/bin/ceph: stderr
2024-05-04T00:48:26.070+0000 7fc0605d5700 1 --2- 172.21.15.84:0/3563671864 >> [v2:172.21.15.84:3300/0,v1:172.21.15.84:6789/0] conn(0x7fc058109c20 0x7fc05819e110 unknown :-1 s=CLOSED pgs=38 cs=0 l=1 rev1=1 crypto rx=0 tx=0 comp rx=0 tx=0).stop
2024-05-04T00:48:26.612 INFO:teuthology.orchestra.run.smithi084.stdout:/usr/bin/ceph: stderr
2024-05-04T00:48:26.070+0000 7fc0605d5700 1 -- 172.21.15.84:0/3563671864 >> 172.21.15.84:0/3563671864 conn(0x7fc058105280 msgr2=0x7fc058105bf0 unknown :-1 s=STATE_NONE l=0).mark_down
2024-05-04T00:48:26.612 INFO:teuthology.orchestra.run.smithi084.stdout:/usr/bin/ceph: stderr
2024-05-04T00:48:26.071+0000 7fc0605d5700 1 -- 172.21.15.84:0/3563671864 shutdown_connections
2024-05-04T00:48:26.612 INFO:teuthology.orchestra.run.smithi084.stdout:/usr/bin/ceph: stderr
2024-05-04T00:48:26.071+0000 7fc0605d5700 1 -- 172.21.15.84:0/3563671864 wait complete.
2024-05-04T00:48:26.987 INFO:journalctl@ceph.mon.a.smithi084.stdout:May 04 00:48:26 smithi084 ceph-mon[29754]: mgrmap e8: x(active, since 2s)
2024-05-04T00:48:26.987 INFO:journalctl@ceph.mon.a.smithi084.stdout:May 04 00:48:26 smithi084 ceph-mon[29754]: from='client.14132 -' entity='client.admin' cmd=[{"prefix": "orch set backend", "module_name": "cephadm", "target": ["mon-mgr", ""]}]: dispatch
2024-05-04T00:48:26.987 INFO:journalctl@ceph.mon.a.smithi084.stdout:May 04 00:48:26 smithi084 ceph-mon[29754]: from='mgr.14120 172.21.15.84:0/859325748' entity='mgr.x'
2024-05-04T00:48:26.987 INFO:journalctl@ceph.mon.a.smithi084.stdout:May 04 00:48:26 smithi084 ceph-mon[29754]: from='mgr.14120 172.21.15.84:0/859325748' entity='mgr.x' cmd=[{"prefix": "config dump", "format": "json"}]: dispatch
2024-05-04T00:48:27.807 INFO:teuthology.orchestra.run.smithi084.stdout:/usr/bin/ceph: stdout value unchanged
2024-05-04T00:48:27.807 INFO:teuthology.orchestra.run.smithi084.stdout:/usr/bin/ceph: stderr
2024-05-04T00:48:27.036+0000 7ff1aa249700 1 Processor -- start
2024-05-04T00:48:27.807 INFO:teuthology.orchestra.run.smithi084.stdout:/usr/bin/ceph: stderr
2024-05-04T00:48:27.036+0000 7ff1aa249700 1 -- start start
2024-05-04T00:48:27.808 INFO:teuthology.orchestra.run.smithi084.stdout:/usr/bin/ceph: stderr
2024-05-04T00:48:27.037+0000 7ff1aa249700 1 --2- >> [v2:172.21.15.84:3300/0,v1:172.21.15.84:6789/0] conn(0x7ff1a4107f50 0x7ff1a4108360 unknown :-1 s=NONE pgs=0 cs=0 l=0 rev1=0 crypto rx=0 tx=0 comp rx=0 tx=0).connect
2024-05-04T00:48:27.808 INFO:teuthology.orchestra.run.smithi084.stdout:/usr/bin/ceph: stderr
2024-05-04T00:48:27.037+0000 7ff1aa249700 1 -- --> [v2:172.21.15.84:3300/0,v1:172.21.15.84:6789/0] -- mon_getmap magic: 0 -- 0x7ff1a4108930 con 0x7ff1a4107f50
2024-05-04T00:48:27.808 INFO:teuthology.orchestra.run.smithi084.stdout:/usr/bin/ceph: stderr
2024-05-04T00:48:27.037+0000 7ff1a37fe700 1 --2- >> [v2:172.21.15.84:3300/0,v1:172.21.15.84:6789/0] conn(0x7ff1a4107f50 0x7ff1a4108360 unknown :-1 s=BANNER_CONNECTING pgs=0 cs=0 l=0 rev1=0 crypto rx=0 tx=0 comp rx=0 tx=0)._handle_peer_banner_payload supported=3 required=0
2024-05-04T00:48:27.808 INFO:teuthology.orchestra.run.smithi084.stdout:/usr/bin/ceph: stderr
2024-05-04T00:48:27.037+0000 7ff1a37fe700 1 --2- >> [v2:172.21.15.84:3300/0,v1:172.21.15.84:6789/0] conn(0x7ff1a4107f50 0x7ff1a4108360 unknown :-1 s=HELLO_CONNECTING pgs=0 cs=0 l=0 rev1=1 crypto rx=0 tx=0 comp rx=0 tx=0).handle_hello peer v2:172.21.15.84:3300/0 says I am v2:172.21.15.84:58000/0 (socket says 172.21.15.84:58000)
2024-05-04T00:48:27.808 INFO:teuthology.orchestra.run.smithi084.stdout:/usr/bin/ceph: stderr
2024-05-04T00:48:27.037+0000 7ff1a37fe700 1 -- 172.21.15.84:0/3436560915 learned_addr learned my addr 172.21.15.84:0/3436560915 (peer_addr_for_me v2:172.21.15.84:0/0)
2024-05-04T00:48:27.808 INFO:teuthology.orchestra.run.smithi084.stdout:/usr/bin/ceph: stderr
2024-05-04T00:48:27.037+0000 7ff1a37fe700 1 -- 172.21.15.84:0/3436560915 --> [v2:172.21.15.84:3300/0,v1:172.21.15.84:6789/0] -- mon_subscribe({config=0+,monmap=0+}) -- 0x7ff1a410af50 con 0x7ff1a4107f50
2024-05-04T00:48:27.808 INFO:teuthology.orchestra.run.smithi084.stdout:/usr/bin/ceph: stderr
2024-05-04T00:48:27.037+0000 7ff1a37fe700 1 --2- 172.21.15.84:0/3436560915 >> [v2:172.21.15.84:3300/0,v1:172.21.15.84:6789/0] conn(0x7ff1a4107f50 0x7ff1a4108360 secure :-1 s=READY pgs=39 cs=0 l=1 rev1=1 crypto rx=0x7ff1940098a0 tx=0x7ff194009bb0 comp rx=0 tx=0).ready entity=mon.0 client_cookie=693af0769417d9f0 server_cookie=0 in_seq=0 out_seq=0
2024-05-04T00:48:27.808 INFO:teuthology.orchestra.run.smithi084.stdout:/usr/bin/ceph: stderr
2024-05-04T00:48:27.037+0000 7ff1a27fc700 1 -- 172.21.15.84:0/3436560915 <== mon.0 v2:172.21.15.84:3300/0 1 ==== mon_map magic: 0 ==== 205+0+0 (secure 0 0 0) 0x7ff194004160 con 0x7ff1a4107f50
2024-05-04T00:48:27.808 INFO:teuthology.orchestra.run.smithi084.stdout:/usr/bin/ceph: stderr
2024-05-04T00:48:27.038+0000 7ff1a27fc700 1 -- 172.21.15.84:0/3436560915 <== mon.0 v2:172.21.15.84:3300/0 2 ==== config(26 keys) ==== 1070+0+0 (secure 0 0 0) 0x7ff194004300 con 0x7ff1a4107f50
2024-05-04T00:48:27.808 INFO:teuthology.orchestra.run.smithi084.stdout:/usr/bin/ceph: stderr
2024-05-04T00:48:27.038+0000 7ff1a27fc700 1 -- 172.21.15.84:0/3436560915 <== mon.0 v2:172.21.15.84:3300/0 3 ==== mon_map magic: 0 ==== 205+0+0 (secure 0 0 0) 0x7ff194011af0 con 0x7ff1a4107f50
2024-05-04T00:48:27.808 INFO:teuthology.orchestra.run.smithi084.stdout:/usr/bin/ceph: stderr
2024-05-04T00:48:27.038+0000 7ff1aa249700 1 -- 172.21.15.84:0/3436560915 >> [v2:172.21.15.84:3300/0,v1:172.21.15.84:6789/0] conn(0x7ff1a4107f50 msgr2=0x7ff1a4108360 secure :-1 s=STATE_CONNECTION_ESTABLISHED l=1).mark_down
2024-05-04T00:48:27.808 INFO:teuthology.orchestra.run.smithi084.stdout:/usr/bin/ceph: stderr
2024-05-04T00:48:27.038+0000 7ff1aa249700 1 --2- 172.21.15.84:0/3436560915 >> [v2:172.21.15.84:3300/0,v1:172.21.15.84:6789/0] conn(0x7ff1a4107f50 0x7ff1a4108360 secure :-1 s=READY pgs=39 cs=0 l=1 rev1=1 crypto rx=0x7ff1940098a0 tx=0x7ff194009bb0 comp rx=0 tx=0).stop
2024-05-04T00:48:27.808 INFO:teuthology.orchestra.run.smithi084.stdout:/usr/bin/ceph: stderr
2024-05-04T00:48:27.038+0000 7ff1aa249700 1 -- 172.21.15.84:0/3436560915 shutdown_connections
2024-05-04T00:48:27.809 INFO:teuthology.orchestra.run.smithi084.stdout:/usr/bin/ceph: stderr
2024-05-04T00:48:27.038+0000 7ff1aa249700 1 --2- 172.21.15.84:0/3436560915 >> [v2:172.21.15.84:3300/0,v1:172.21.15.84:6789/0] conn(0x7ff1a4107f50 0x7ff1a4108360 unknown :-1 s=CLOSED pgs=39 cs=0 l=1 rev1=1 crypto rx=0 tx=0 comp rx=0 tx=0).stop
2024-05-04T00:48:27.809 INFO:teuthology.orchestra.run.smithi084.stdout:/usr/bin/ceph: stderr
2024-05-04T00:48:27.038+0000 7ff1aa249700 1 -- 172.21.15.84:0/3436560915 >> 172.21.15.84:0/3436560915 conn(0x7ff1a41039e0 msgr2=0x7ff1a4105e30 unknown :-1 s=STATE_NONE l=0).mark_down
2024-05-04T00:48:27.809 INFO:teuthology.orchestra.run.smithi084.stdout:/usr/bin/ceph: stderr
2024-05-04T00:48:27.038+0000 7ff1aa249700 1 -- 172.21.15.84:0/3436560915 shutdown_connections
2024-05-04T00:48:27.809 INFO:teuthology.orchestra.run.smithi084.stdout:/usr/bin/ceph: stderr
2024-05-04T00:48:27.038+0000 7ff1aa249700 1 -- 172.21.15.84:0/3436560915 wait complete.
2024-05-04T00:48:27.809 INFO:teuthology.orchestra.run.smithi084.stdout:/usr/bin/ceph: stderr
2024-05-04T00:48:27.039+0000 7ff1aa249700 1 Processor -- start
2024-05-04T00:48:27.809 INFO:teuthology.orchestra.run.smithi084.stdout:/usr/bin/ceph: stderr
2024-05-04T00:48:27.039+0000 7ff1aa249700 1 -- start start
2024-05-04T00:48:27.809 INFO:teuthology.orchestra.run.smithi084.stdout:/usr/bin/ceph: stderr
2024-05-04T00:48:27.039+0000 7ff1aa249700 1 --2- >> [v2:172.21.15.84:3300/0,v1:172.21.15.84:6789/0] conn(0x7ff1a4107f50 0x7ff1a419e330 unknown :-1 s=NONE pgs=0 cs=0 l=1 rev1=0 crypto rx=0 tx=0 comp rx=0 tx=0).connect
2024-05-04T00:48:27.809 INFO:teuthology.orchestra.run.smithi084.stdout:/usr/bin/ceph: stderr
2024-05-04T00:48:27.039+0000 7ff1aa249700 1 -- --> [v2:172.21.15.84:3300/0,v1:172.21.15.84:6789/0] -- mon_getmap magic: 0 -- 0x7ff1a410e180 con 0x7ff1a4107f50
2024-05-04T00:48:27.809 INFO:teuthology.orchestra.run.smithi084.stdout:/usr/bin/ceph: stderr
2024-05-04T00:48:27.039+0000 7ff1a37fe700 1 --2- >> [v2:172.21.15.84:3300/0,v1:172.21.15.84:6789/0] conn(0x7ff1a4107f50 0x7ff1a419e330 unknown :-1 s=BANNER_CONNECTING pgs=0 cs=0 l=1 rev1=0 crypto rx=0 tx=0 comp rx=0 tx=0)._handle_peer_banner_payload supported=3 required=0
2024-05-04T00:48:27.809 INFO:teuthology.orchestra.run.smithi084.stdout:/usr/bin/ceph: stderr
2024-05-04T00:48:27.040+0000 7ff1a37fe700 1 --2- >> [v2:172.21.15.84:3300/0,v1:172.21.15.84:6789/0] conn(0x7ff1a4107f50 0x7ff1a419e330 unknown :-1 s=HELLO_CONNECTING pgs=0 cs=0 l=1 rev1=1 crypto rx=0 tx=0 comp rx=0 tx=0).handle_hello peer v2:172.21.15.84:3300/0 says I am v2:172.21.15.84:58014/0 (socket says 172.21.15.84:58014)
2024-05-04T00:48:27.809 INFO:teuthology.orchestra.run.smithi084.stdout:/usr/bin/ceph: stderr
2024-05-04T00:48:27.040+0000 7ff1a37fe700 1 -- 172.21.15.84:0/332037978 learned_addr learned my addr 172.21.15.84:0/332037978 (peer_addr_for_me v2:172.21.15.84:0/0)
2024-05-04T00:48:27.809 INFO:teuthology.orchestra.run.smithi084.stdout:/usr/bin/ceph: stderr
2024-05-04T00:48:27.040+0000 7ff1a37fe700 1 -- 172.21.15.84:0/332037978 --> [v2:172.21.15.84:3300/0,v1:172.21.15.84:6789/0] -- mon_subscribe({config=0+,monmap=0+}) -- 0x7ff1a419e870 con 0x7ff1a4107f50
2024-05-04T00:48:27.809 INFO:teuthology.orchestra.run.smithi084.stdout:/usr/bin/ceph: stderr
2024-05-04T00:48:27.040+0000 7ff1a37fe700 1 --2- 172.21.15.84:0/332037978 >> [v2:172.21.15.84:3300/0,v1:172.21.15.84:6789/0] conn(0x7ff1a4107f50 0x7ff1a419e330 secure :-1 s=READY pgs=40 cs=0 l=1 rev1=1 crypto rx=0x7ff1940090e0 tx=0x7ff194011940 comp rx=0 tx=0).ready entity=mon.0 client_cookie=0 server_cookie=0 in_seq=0 out_seq=0
2024-05-04T00:48:27.809 INFO:teuthology.orchestra.run.smithi084.stdout:/usr/bin/ceph: stderr
2024-05-04T00:48:27.040+0000 7ff1a0ff9700 1 -- 172.21.15.84:0/332037978 <== mon.0 v2:172.21.15.84:3300/0 1 ==== mon_map magic: 0 ==== 205+0+0 (secure 0 0 0) 0x7ff1940039e0 con 0x7ff1a4107f50
2024-05-04T00:48:27.810 INFO:teuthology.orchestra.run.smithi084.stdout:/usr/bin/ceph: stderr
2024-05-04T00:48:27.040+0000 7ff1a0ff9700 1 -- 172.21.15.84:0/332037978 <== mon.0 v2:172.21.15.84:3300/0 2 ==== config(26 keys) ==== 1070+0+0 (secure 0 0 0) 0x7ff194003b80 con 0x7ff1a4107f50
2024-05-04T00:48:27.810 INFO:teuthology.orchestra.run.smithi084.stdout:/usr/bin/ceph: stderr
2024-05-04T00:48:27.040+0000 7ff1aa249700 1 -- 172.21.15.84:0/332037978 --> [v2:172.21.15.84:3300/0,v1:172.21.15.84:6789/0] -- mon_subscribe({mgrmap=0+}) -- 0x7ff1a419eb00 con 0x7ff1a4107f50
2024-05-04T00:48:27.810 INFO:teuthology.orchestra.run.smithi084.stdout:/usr/bin/ceph: stderr
2024-05-04T00:48:27.040+0000 7ff1a0ff9700 1 -- 172.21.15.84:0/332037978 <== mon.0 v2:172.21.15.84:3300/0 3 ==== mon_map magic: 0 ==== 205+0+0 (secure 0 0 0) 0x7ff1940246e0 con 0x7ff1a4107f50
2024-05-04T00:48:27.810 INFO:teuthology.orchestra.run.smithi084.stdout:/usr/bin/ceph: stderr
2024-05-04T00:48:27.040+0000 7ff1aa249700 1 -- 172.21.15.84:0/332037978 --> [v2:172.21.15.84:3300/0,v1:172.21.15.84:6789/0] -- mon_subscribe({osdmap=0}) -- 0x7ff1a41a1710 con 0x7ff1a4107f50
2024-05-04T00:48:27.810 INFO:teuthology.orchestra.run.smithi084.stdout:/usr/bin/ceph: stderr
2024-05-04T00:48:27.041+0000 7ff1aa249700 1 -- 172.21.15.84:0/332037978 --> [v2:172.21.15.84:3300/0,v1:172.21.15.84:6789/0] -- mon_command({"prefix": "get_command_descriptions"} v 0) -- 0x7ff1a410e300 con 0x7ff1a4107f50
2024-05-04T00:48:27.810 INFO:teuthology.orchestra.run.smithi084.stdout:/usr/bin/ceph: stderr
2024-05-04T00:48:27.041+0000 7ff1a0ff9700 1 -- 172.21.15.84:0/332037978 <== mon.0 v2:172.21.15.84:3300/0 4 ==== mgrmap(e 8) ==== 50222+0+0 (secure 0 0 0) 0x7ff194022020 con 0x7ff1a4107f50
2024-05-04T00:48:27.810 INFO:teuthology.orchestra.run.smithi084.stdout:/usr/bin/ceph: stderr
2024-05-04T00:48:27.041+0000 7ff1a0ff9700 1 --2- 172.21.15.84:0/332037978 >> [v2:172.21.15.84:6800/897394313,v1:172.21.15.84:6801/897394313] conn(0x7ff19003e4c0 0x7ff1900409d0 unknown :-1 s=NONE pgs=0 cs=0 l=1 rev1=0 crypto rx=0 tx=0 comp rx=0 tx=0).connect
2024-05-04T00:48:27.810 INFO:teuthology.orchestra.run.smithi084.stdout:/usr/bin/ceph: stderr
2024-05-04T00:48:27.041+0000 7ff1a0ff9700 1 -- 172.21.15.84:0/332037978 <== mon.0 v2:172.21.15.84:3300/0 5 ==== osd_map(2..2 src has 1..2) ==== 940+0+0 (secure 0 0 0) 0x7ff194053810 con 0x7ff1a4107f50
2024-05-04T00:48:27.810 INFO:teuthology.orchestra.run.smithi084.stdout:/usr/bin/ceph: stderr
2024-05-04T00:48:27.041+0000 7ff1a2ffd700 1 --2- 172.21.15.84:0/332037978 >> [v2:172.21.15.84:6800/897394313,v1:172.21.15.84:6801/897394313] conn(0x7ff19003e4c0 0x7ff1900409d0 unknown :-1 s=BANNER_CONNECTING pgs=0 cs=0 l=1 rev1=0 crypto rx=0 tx=0 comp rx=0 tx=0)._handle_peer_banner_payload supported=3 required=0
2024-05-04T00:48:27.810 INFO:teuthology.orchestra.run.smithi084.stdout:/usr/bin/ceph: stderr
2024-05-04T00:48:27.042+0000 7ff1a2ffd700 1 --2- 172.21.15.84:0/332037978 >> [v2:172.21.15.84:6800/897394313,v1:172.21.15.84:6801/897394313] conn(0x7ff19003e4c0 0x7ff1900409d0 secure :-1 s=READY pgs=8 cs=0 l=1 rev1=1 crypto rx=0x7ff18c006fd0 tx=0x7ff18c006e40 comp rx=0 tx=0).ready entity=mgr.14120 client_cookie=0 server_cookie=0 in_seq=0 out_seq=0
2024-05-04T00:48:27.810 INFO:teuthology.orchestra.run.smithi084.stdout:/usr/bin/ceph: stderr
2024-05-04T00:48:27.047+0000 7ff1a0ff9700 1 -- 172.21.15.84:0/332037978 <== mon.0 v2:172.21.15.84:3300/0 6 ==== mon_command_ack([{"prefix": "get_command_descriptions"}]=0 v0) ==== 72+0+191963 (secure 0 0 0) 0x7ff19402c350 con 0x7ff1a4107f50
2024-05-04T00:48:27.810 INFO:teuthology.orchestra.run.smithi084.stdout:/usr/bin/ceph: stderr
2024-05-04T00:48:27.251+0000 7ff1aa249700 1 -- 172.21.15.84:0/332037978 --> [v2:172.21.15.84:6800/897394313,v1:172.21.15.84:6801/897394313] -- mgr_command(tid 0: {"prefix": "cephadm set-user", "user": "root", "target": ["mon-mgr", ""]}) -- 0x7ff1a41a18e0 con 0x7ff19003e4c0
2024-05-04T00:48:27.810 INFO:teuthology.orchestra.run.smithi084.stdout:/usr/bin/ceph: stderr
2024-05-04T00:48:27.252+0000 7ff1a0ff9700 1 -- 172.21.15.84:0/332037978 <== mgr.14120 v2:172.21.15.84:6800/897394313 1 ==== mgr_command_reply(tid 0: 0 ) ==== 8+0+16 (secure 0 0 0) 0x7ff1a41a18e0 con 0x7ff19003e4c0
2024-05-04T00:48:27.811 INFO:teuthology.orchestra.run.smithi084.stdout:/usr/bin/ceph: stderr
2024-05-04T00:48:27.254+0000 7ff1aa249700 1 -- 172.21.15.84:0/332037978 >> [v2:172.21.15.84:6800/897394313,v1:172.21.15.84:6801/897394313] conn(0x7ff19003e4c0 msgr2=0x7ff1900409d0 secure :-1 s=STATE_CONNECTION_ESTABLISHED l=1).mark_down
2024-05-04T00:48:27.811 INFO:teuthology.orchestra.run.smithi084.stdout:/usr/bin/ceph: stderr
2024-05-04T00:48:27.254+0000 7ff1aa249700 1 --2- 172.21.15.84:0/332037978 >> [v2:172.21.15.84:6800/897394313,v1:172.21.15.84:6801/897394313] conn(0x7ff19003e4c0 0x7ff1900409d0 secure :-1 s=READY pgs=8 cs=0 l=1 rev1=1 crypto rx=0x7ff18c006fd0 tx=0x7ff18c006e40 comp rx=0 tx=0).stop
2024-05-04T00:48:27.811 INFO:teuthology.orchestra.run.smithi084.stdout:/usr/bin/ceph: stderr
2024-05-04T00:48:27.254+0000 7ff1aa249700 1 -- 172.21.15.84:0/332037978 >> [v2:172.21.15.84:3300/0,v1:172.21.15.84:6789/0] conn(0x7ff1a4107f50 msgr2=0x7ff1a419e330 secure :-1 s=STATE_CONNECTION_ESTABLISHED l=1).mark_down
2024-05-04T00:48:27.811 INFO:teuthology.orchestra.run.smithi084.stdout:/usr/bin/ceph: stderr
2024-05-04T00:48:27.254+0000 7ff1aa249700 1 --2- 172.21.15.84:0/332037978 >> [v2:172.21.15.84:3300/0,v1:172.21.15.84:6789/0] conn(0x7ff1a4107f50 0x7ff1a419e330 secure :-1 s=READY pgs=40 cs=0 l=1 rev1=1 crypto rx=0x7ff1940090e0 tx=0x7ff194011940 comp rx=0 tx=0).stop
2024-05-04T00:48:27.811 INFO:teuthology.orchestra.run.smithi084.stdout:/usr/bin/ceph: stderr
2024-05-04T00:48:27.254+0000 7ff1aa249700 1 -- 172.21.15.84:0/332037978 shutdown_connections
2024-05-04T00:48:27.811 INFO:teuthology.orchestra.run.smithi084.stdout:/usr/bin/ceph: stderr
2024-05-04T00:48:27.254+0000 7ff1aa249700 1 --2- 172.21.15.84:0/332037978 >> [v2:172.21.15.84:6800/897394313,v1:172.21.15.84:6801/897394313] conn(0x7ff19003e4c0 0x7ff1900409d0 unknown :-1 s=CLOSED pgs=8 cs=0 l=1 rev1=1 crypto rx=0 tx=0 comp rx=0 tx=0).stop
2024-05-04T00:48:27.811 INFO:teuthology.orchestra.run.smithi084.stdout:/usr/bin/ceph: stderr
2024-05-04T00:48:27.254+0000 7ff1aa249700 1 --2- 172.21.15.84:0/332037978 >> [v2:172.21.15.84:3300/0,v1:172.21.15.84:6789/0] conn(0x7ff1a4107f50 0x7ff1a419e330 unknown :-1 s=CLOSED pgs=40 cs=0 l=1 rev1=1 crypto rx=0 tx=0 comp rx=0 tx=0).stop
2024-05-04T00:48:27.811 INFO:teuthology.orchestra.run.smithi084.stdout:/usr/bin/ceph: stderr
2024-05-04T00:48:27.254+0000 7ff1aa249700 1 -- 172.21.15.84:0/332037978 >> 172.21.15.84:0/332037978 conn(0x7ff1a41039e0 msgr2=0x7ff1a4105400 unknown :-1 s=STATE_NONE l=0).mark_down
2024-05-04T00:48:27.811 INFO:teuthology.orchestra.run.smithi084.stdout:/usr/bin/ceph: stderr
2024-05-04T00:48:27.254+0000 7ff1aa249700 1 -- 172.21.15.84:0/332037978 shutdown_connections
2024-05-04T00:48:27.811 INFO:teuthology.orchestra.run.smithi084.stdout:/usr/bin/ceph: stderr
2024-05-04T00:48:27.254+0000 7ff1aa249700 1 -- 172.21.15.84:0/332037978 wait complete.
2024-05-04T00:48:27.811 INFO:teuthology.orchestra.run.smithi084.stdout:Generating ssh key...
2024-05-04T00:48:28.127 INFO:journalctl@ceph.mon.a.smithi084.stdout:May 04 00:48:27 smithi084 ceph-mon[29754]: from='client.14134 -' entity='client.admin' cmd=[{"prefix": "cephadm set-user", "user": "root", "target": ["mon-mgr", ""]}]: dispatch
2024-05-04T00:48:28.737 INFO:journalctl@ceph.mgr.x.smithi084.stdout:May 04 00:48:28 smithi084 ceph-b635f9ac-09af-11ef-bc97-c7b262605968-mgr-x[29999]: Generating public/private rsa key pair.
2024-05-04T00:48:28.738 INFO:journalctl@ceph.mgr.x.smithi084.stdout:May 04 00:48:28 smithi084 ceph-b635f9ac-09af-11ef-bc97-c7b262605968-mgr-x[29999]: Your identification has been saved in /tmp/tmpjprq00uf/key.
2024-05-04T00:48:28.738 INFO:journalctl@ceph.mgr.x.smithi084.stdout:May 04 00:48:28 smithi084 ceph-b635f9ac-09af-11ef-bc97-c7b262605968-mgr-x[29999]: Your public key has been saved in /tmp/tmpjprq00uf/key.pub.
2024-05-04T00:48:28.738 INFO:journalctl@ceph.mgr.x.smithi084.stdout:May 04 00:48:28 smithi084 ceph-b635f9ac-09af-11ef-bc97-c7b262605968-mgr-x[29999]: The key fingerprint is:
2024-05-04T00:48:28.738 INFO:journalctl@ceph.mgr.x.smithi084.stdout:May 04 00:48:28 smithi084 ceph-b635f9ac-09af-11ef-bc97-c7b262605968-mgr-x[29999]: SHA256:TC5+r9c0t6lF+iW350N+Qkb9WMuwlK/a4Wh2Qrov7CI ceph-b635f9ac-09af-11ef-bc97-c7b262605968
2024-05-04T00:48:28.738 INFO:journalctl@ceph.mgr.x.smithi084.stdout:May 04 00:48:28 smithi084 ceph-b635f9ac-09af-11ef-bc97-c7b262605968-mgr-x[29999]: The key's randomart image is:
2024-05-04T00:48:28.738 INFO:journalctl@ceph.mgr.x.smithi084.stdout:May 04 00:48:28 smithi084 ceph-b635f9ac-09af-11ef-bc97-c7b262605968-mgr-x[29999]: +---[RSA 3072]----+
2024-05-04T00:48:28.738 INFO:journalctl@ceph.mgr.x.smithi084.stdout:May 04 00:48:28 smithi084 ceph-b635f9ac-09af-11ef-bc97-c7b262605968-mgr-x[29999]: | |
2024-05-04T00:48:28.738 INFO:journalctl@ceph.mgr.x.smithi084.stdout:May 04 00:48:28 smithi084 ceph-b635f9ac-09af-11ef-bc97-c7b262605968-mgr-x[29999]: | |
2024-05-04T00:48:28.738 INFO:journalctl@ceph.mgr.x.smithi084.stdout:May 04 00:48:28 smithi084 ceph-b635f9ac-09af-11ef-bc97-c7b262605968-mgr-x[29999]: | . .. |
2024-05-04T00:48:28.738 INFO:journalctl@ceph.mgr.x.smithi084.stdout:May 04 00:48:28 smithi084 ceph-b635f9ac-09af-11ef-bc97-c7b262605968-mgr-x[29999]: | + +. o|
2024-05-04T00:48:28.738 INFO:journalctl@ceph.mgr.x.smithi084.stdout:May 04 00:48:28 smithi084 ceph-b635f9ac-09af-11ef-bc97-c7b262605968-mgr-x[29999]: | . S ..*oo|
2024-05-04T00:48:28.738 INFO:journalctl@ceph.mgr.x.smithi084.stdout:May 04 00:48:28 smithi084 ceph-b635f9ac-09af-11ef-bc97-c7b262605968-mgr-x[29999]: | . . .o+==.|
2024-05-04T00:48:28.738 INFO:journalctl@ceph.mgr.x.smithi084.stdout:May 04 00:48:28 smithi084 ceph-b635f9ac-09af-11ef-bc97-c7b262605968-mgr-x[29999]: | . o oo.**oo|
2024-05-04T00:48:28.739 INFO:journalctl@ceph.mgr.x.smithi084.stdout:May 04 00:48:28 smithi084 ceph-b635f9ac-09af-11ef-bc97-c7b262605968-mgr-x[29999]: | E o =.+===*+|
2024-05-04T00:48:28.739 INFO:journalctl@ceph.mgr.x.smithi084.stdout:May 04 00:48:28 smithi084 ceph-b635f9ac-09af-11ef-bc97-c7b262605968-mgr-x[29999]: | . +=B+=+.+=|
2024-05-04T00:48:28.739 INFO:journalctl@ceph.mgr.x.smithi084.stdout:May 04 00:48:28 smithi084 ceph-b635f9ac-09af-11ef-bc97-c7b262605968-mgr-x[29999]: +----[SHA256]-----+
2024-05-04T00:48:29.289 INFO:teuthology.orchestra.run.smithi084.stdout:/usr/bin/ceph: stderr
2024-05-04T00:48:28.234+0000 7f191cee3700 1 Processor -- start
2024-05-04T00:48:29.289 INFO:teuthology.orchestra.run.smithi084.stdout:/usr/bin/ceph: stderr
2024-05-04T00:48:28.234+0000 7f191cee3700 1 -- start start
2024-05-04T00:48:29.290 INFO:teuthology.orchestra.run.smithi084.stdout:/usr/bin/ceph: stderr
2024-05-04T00:48:28.235+0000 7f191cee3700 1 --2- >> [v2:172.21.15.84:3300/0,v1:172.21.15.84:6789/0] conn(0x7f1918109c20 0x7f191810a030 unknown :-1 s=NONE pgs=0 cs=0 l=0 rev1=0 crypto rx=0 tx=0 comp rx=0 tx=0).connect
2024-05-04T00:48:29.290 INFO:teuthology.orchestra.run.smithi084.stdout:/usr/bin/ceph: stderr
2024-05-04T00:48:28.235+0000 7f191cee3700 1 -- --> [v2:172.21.15.84:3300/0,v1:172.21.15.84:6789/0] -- mon_getmap magic: 0 -- 0x7f191810a620 con 0x7f1918109c20
2024-05-04T00:48:29.290 INFO:teuthology.orchestra.run.smithi084.stdout:/usr/bin/ceph: stderr
2024-05-04T00:48:28.235+0000 7f191659c700 1 --2- >> [v2:172.21.15.84:3300/0,v1:172.21.15.84:6789/0] conn(0x7f1918109c20 0x7f191810a030 unknown :-1 s=BANNER_CONNECTING pgs=0 cs=0 l=0 rev1=0 crypto rx=0 tx=0 comp rx=0 tx=0)._handle_peer_banner_payload supported=3 required=0
2024-05-04T00:48:29.290 INFO:teuthology.orchestra.run.smithi084.stdout:/usr/bin/ceph: stderr
2024-05-04T00:48:28.235+0000 7f191659c700 1 --2- >> [v2:172.21.15.84:3300/0,v1:172.21.15.84:6789/0] conn(0x7f1918109c20 0x7f191810a030 unknown :-1 s=HELLO_CONNECTING pgs=0 cs=0 l=0 rev1=1 crypto rx=0 tx=0 comp rx=0 tx=0).handle_hello peer v2:172.21.15.84:3300/0 says I am v2:172.21.15.84:58320/0 (socket says 172.21.15.84:58320)
2024-05-04T00:48:29.290 INFO:teuthology.orchestra.run.smithi084.stdout:/usr/bin/ceph: stderr
2024-05-04T00:48:28.235+0000 7f191659c700 1 -- 172.21.15.84:0/2439589234 learned_addr learned my addr 172.21.15.84:0/2439589234 (peer_addr_for_me v2:172.21.15.84:0/0)
2024-05-04T00:48:29.290 INFO:teuthology.orchestra.run.smithi084.stdout:/usr/bin/ceph: stderr
2024-05-04T00:48:28.235+0000 7f191659c700 1 -- 172.21.15.84:0/2439589234 --> [v2:172.21.15.84:3300/0,v1:172.21.15.84:6789/0] -- mon_subscribe({config=0+,monmap=0+}) -- 0x7f191810adf0 con 0x7f1918109c20
2024-05-04T00:48:29.290 INFO:teuthology.orchestra.run.smithi084.stdout:/usr/bin/ceph: stderr
2024-05-04T00:48:28.235+0000 7f191659c700 1 --2- 172.21.15.84:0/2439589234 >> [v2:172.21.15.84:3300/0,v1:172.21.15.84:6789/0] conn(0x7f1918109c20 0x7f191810a030 secure :-1 s=READY pgs=41 cs=0 l=1 rev1=1 crypto rx=0x7f190c0098a0 tx=0x7f190c009bb0 comp rx=0 tx=0).ready entity=mon.0 client_cookie=b6e76cfe4bae85df server_cookie=0 in_seq=0 out_seq=0
2024-05-04T00:48:29.290 INFO:teuthology.orchestra.run.smithi084.stdout:/usr/bin/ceph: stderr
2024-05-04T00:48:28.235+0000 7f191559a700 1 -- 172.21.15.84:0/2439589234 <== mon.0 v2:172.21.15.84:3300/0 1 ==== mon_map magic: 0 ==== 205+0+0 (secure 0 0 0) 0x7f190c004160 con 0x7f1918109c20
2024-05-04T00:48:29.290 INFO:teuthology.orchestra.run.smithi084.stdout:/usr/bin/ceph: stderr
2024-05-04T00:48:28.235+0000 7f191559a700 1 -- 172.21.15.84:0/2439589234 <== mon.0 v2:172.21.15.84:3300/0 2 ==== config(26 keys) ==== 1070+0+0 (secure 0 0 0) 0x7f190c004300 con 0x7f1918109c20
2024-05-04T00:48:29.290 INFO:teuthology.orchestra.run.smithi084.stdout:/usr/bin/ceph: stderr
2024-05-04T00:48:28.235+0000 7f191559a700 1 -- 172.21.15.84:0/2439589234 <== mon.0 v2:172.21.15.84:3300/0 3 ==== mon_map magic: 0 ==== 205+0+0 (secure 0 0 0) 0x7f190c011af0 con 0x7f1918109c20
2024-05-04T00:48:29.290 INFO:teuthology.orchestra.run.smithi084.stdout:/usr/bin/ceph: stderr
2024-05-04T00:48:28.236+0000 7f191cee3700 1 -- 172.21.15.84:0/2439589234 >> [v2:172.21.15.84:3300/0,v1:172.21.15.84:6789/0] conn(0x7f1918109c20 msgr2=0x7f191810a030 secure :-1 s=STATE_CONNECTION_ESTABLISHED l=1).mark_down
2024-05-04T00:48:29.290 INFO:teuthology.orchestra.run.smithi084.stdout:/usr/bin/ceph: stderr
2024-05-04T00:48:28.236+0000 7f191cee3700 1 --2- 172.21.15.84:0/2439589234 >> [v2:172.21.15.84:3300/0,v1:172.21.15.84:6789/0] conn(0x7f1918109c20 0x7f191810a030 secure :-1 s=READY pgs=41 cs=0 l=1 rev1=1 crypto rx=0x7f190c0098a0 tx=0x7f190c009bb0 comp rx=0 tx=0).stop
2024-05-04T00:48:29.291 INFO:teuthology.orchestra.run.smithi084.stdout:/usr/bin/ceph: stderr
2024-05-04T00:48:28.236+0000 7f191cee3700 1 -- 172.21.15.84:0/2439589234 shutdown_connections
2024-05-04T00:48:29.291 INFO:teuthology.orchestra.run.smithi084.stdout:/usr/bin/ceph: stderr
2024-05-04T00:48:28.236+0000 7f191cee3700 1 --2- 172.21.15.84:0/2439589234 >> [v2:172.21.15.84:3300/0,v1:172.21.15.84:6789/0] conn(0x7f1918109c20 0x7f191810a030 unknown :-1 s=CLOSED pgs=41 cs=0 l=1 rev1=1 crypto rx=0 tx=0 comp rx=0 tx=0).stop
2024-05-04T00:48:29.291 INFO:teuthology.orchestra.run.smithi084.stdout:/usr/bin/ceph: stderr
2024-05-04T00:48:28.236+0000 7f191cee3700 1 -- 172.21.15.84:0/2439589234 >> 172.21.15.84:0/2439589234 conn(0x7f1918105280 msgr2=0x7f1918107710 unknown :-1 s=STATE_NONE l=0).mark_down
2024-05-04T00:48:29.291 INFO:teuthology.orchestra.run.smithi084.stdout:/usr/bin/ceph: stderr
2024-05-04T00:48:28.236+0000 7f191cee3700 1 -- 172.21.15.84:0/2439589234 shutdown_connections
2024-05-04T00:48:29.291 INFO:teuthology.orchestra.run.smithi084.stdout:/usr/bin/ceph: stderr
2024-05-04T00:48:28.236+0000 7f191cee3700 1 -- 172.21.15.84:0/2439589234 wait complete.
2024-05-04T00:48:29.291 INFO:teuthology.orchestra.run.smithi084.stdout:/usr/bin/ceph: stderr
2024-05-04T00:48:28.237+0000 7f191cee3700 1 Processor -- start
2024-05-04T00:48:29.291 INFO:teuthology.orchestra.run.smithi084.stdout:/usr/bin/ceph: stderr
2024-05-04T00:48:28.237+0000 7f191cee3700 1 -- start start
2024-05-04T00:48:29.291 INFO:teuthology.orchestra.run.smithi084.stdout:/usr/bin/ceph: stderr
