2024-05-04T00:48:36.139+0000 7f3330996700 1 -- --> [v2:172.21.15.84:3300/0,v1:172.21.15.84:6789/0] -- mon_getmap magic: 0 -- 0x7f332c10e010 con 0x7f332c10a750
2024-05-04T00:48:37.123 INFO:teuthology.orchestra.run.smithi084.stdout:/usr/bin/ceph: stderr
2024-05-04T00:48:36.139+0000 7f332a59c700 1 --2- >> [v2:172.21.15.84:3300/0,v1:172.21.15.84:6789/0] conn(0x7f332c10a750 0x7f332c109ed0 unknown :-1 s=BANNER_CONNECTING pgs=0 cs=0 l=1 rev1=0 crypto rx=0 tx=0 comp rx=0 tx=0)._handle_peer_banner_payload supported=3 required=0
2024-05-04T00:48:37.123 INFO:teuthology.orchestra.run.smithi084.stdout:/usr/bin/ceph: stderr
2024-05-04T00:48:36.139+0000 7f332a59c700 1 --2- >> [v2:172.21.15.84:3300/0,v1:172.21.15.84:6789/0] conn(0x7f332c10a750 0x7f332c109ed0 unknown :-1 s=HELLO_CONNECTING pgs=0 cs=0 l=1 rev1=1 crypto rx=0 tx=0 comp rx=0 tx=0).handle_hello peer v2:172.21.15.84:3300/0 says I am v2:172.21.15.84:58380/0 (socket says 172.21.15.84:58380)
2024-05-04T00:48:37.123 INFO:teuthology.orchestra.run.smithi084.stdout:/usr/bin/ceph: stderr
2024-05-04T00:48:36.139+0000 7f332a59c700 1 -- 172.21.15.84:0/172884040 learned_addr learned my addr 172.21.15.84:0/172884040 (peer_addr_for_me v2:172.21.15.84:0/0)
2024-05-04T00:48:37.123 INFO:teuthology.orchestra.run.smithi084.stdout:/usr/bin/ceph: stderr
2024-05-04T00:48:36.139+0000 7f332a59c700 1 -- 172.21.15.84:0/172884040 --> [v2:172.21.15.84:3300/0,v1:172.21.15.84:6789/0] -- mon_subscribe({config=0+,monmap=0+}) -- 0x7f332c10a410 con 0x7f332c10a750
2024-05-04T00:48:37.123 INFO:teuthology.orchestra.run.smithi084.stdout:/usr/bin/ceph: stderr
2024-05-04T00:48:36.139+0000 7f332a59c700 1 --2- 172.21.15.84:0/172884040 >> [v2:172.21.15.84:3300/0,v1:172.21.15.84:6789/0] conn(0x7f332c10a750 0x7f332c109ed0 secure :-1 s=READY pgs=48 cs=0 l=1 rev1=1 crypto rx=0x7f331c009fb0 tx=0x7f331c011890 comp rx=0 tx=0).ready entity=mon.0 client_cookie=0 server_cookie=0 in_seq=0 out_seq=0
2024-05-04T00:48:37.123 INFO:teuthology.orchestra.run.smithi084.stdout:/usr/bin/ceph: stderr
2024-05-04T00:48:36.139+0000 7f331b7fe700 1 -- 172.21.15.84:0/172884040 <== mon.0 v2:172.21.15.84:3300/0 1 ==== mon_map magic: 0 ==== 205+0+0 (secure 0 0 0) 0x7f331c011bc0 con 0x7f332c10a750
2024-05-04T00:48:37.124 INFO:teuthology.orchestra.run.smithi084.stdout:/usr/bin/ceph: stderr
2024-05-04T00:48:36.139+0000 7f331b7fe700 1 -- 172.21.15.84:0/172884040 <== mon.0 v2:172.21.15.84:3300/0 2 ==== config(26 keys) ==== 1070+0+0 (secure 0 0 0) 0x7f331c024440 con 0x7f332c10a750
2024-05-04T00:48:37.124 INFO:teuthology.orchestra.run.smithi084.stdout:/usr/bin/ceph: stderr
2024-05-04T00:48:36.139+0000 7f3330996700 1 -- 172.21.15.84:0/172884040 --> [v2:172.21.15.84:3300/0,v1:172.21.15.84:6789/0] -- mon_subscribe({mgrmap=0+}) -- 0x7f332c108660 con 0x7f332c10a750
2024-05-04T00:48:37.124 INFO:teuthology.orchestra.run.smithi084.stdout:/usr/bin/ceph: stderr
2024-05-04T00:48:36.139+0000 7f331b7fe700 1 -- 172.21.15.84:0/172884040 <== mon.0 v2:172.21.15.84:3300/0 3 ==== mon_map magic: 0 ==== 205+0+0 (secure 0 0 0) 0x7f331c01a5c0 con 0x7f332c10a750
2024-05-04T00:48:37.124 INFO:teuthology.orchestra.run.smithi084.stdout:/usr/bin/ceph: stderr
2024-05-04T00:48:36.139+0000 7f3330996700 1 -- 172.21.15.84:0/172884040 --> [v2:172.21.15.84:3300/0,v1:172.21.15.84:6789/0] -- mon_subscribe({osdmap=0}) -- 0x7f332c108b40 con 0x7f332c10a750
2024-05-04T00:48:37.124 INFO:teuthology.orchestra.run.smithi084.stdout:/usr/bin/ceph: stderr
2024-05-04T00:48:36.140+0000 7f331b7fe700 1 -- 172.21.15.84:0/172884040 <== mon.0 v2:172.21.15.84:3300/0 4 ==== mgrmap(e 8) ==== 50222+0+0 (secure 0 0 0) 0x7f331c01a880 con 0x7f332c10a750
2024-05-04T00:48:37.124 INFO:teuthology.orchestra.run.smithi084.stdout:/usr/bin/ceph: stderr
2024-05-04T00:48:36.140+0000 7f3330996700 1 -- 172.21.15.84:0/172884040 --> [v2:172.21.15.84:3300/0,v1:172.21.15.84:6789/0] -- mon_command({"prefix": "get_command_descriptions"} v 0) -- 0x7f332c064e20 con 0x7f332c10a750
2024-05-04T00:48:37.124 INFO:teuthology.orchestra.run.smithi084.stdout:/usr/bin/ceph: stderr
2024-05-04T00:48:36.141+0000 7f331b7fe700 1 --2- 172.21.15.84:0/172884040 >> [v2:172.21.15.84:6800/897394313,v1:172.21.15.84:6801/897394313] conn(0x7f331403e420 0x7f3314040930 unknown :-1 s=NONE pgs=0 cs=0 l=1 rev1=0 crypto rx=0 tx=0 comp rx=0 tx=0).connect
2024-05-04T00:48:37.124 INFO:teuthology.orchestra.run.smithi084.stdout:/usr/bin/ceph: stderr
2024-05-04T00:48:36.141+0000 7f331b7fe700 1 -- 172.21.15.84:0/172884040 <== mon.0 v2:172.21.15.84:3300/0 5 ==== osd_map(2..2 src has 1..2) ==== 940+0+0 (secure 0 0 0) 0x7f331c053930 con 0x7f332c10a750
2024-05-04T00:48:37.124 INFO:teuthology.orchestra.run.smithi084.stdout:/usr/bin/ceph: stderr
2024-05-04T00:48:36.141+0000 7f3329d9b700 1 --2- 172.21.15.84:0/172884040 >> [v2:172.21.15.84:6800/897394313,v1:172.21.15.84:6801/897394313] conn(0x7f331403e420 0x7f3314040930 unknown :-1 s=BANNER_CONNECTING pgs=0 cs=0 l=1 rev1=0 crypto rx=0 tx=0 comp rx=0 tx=0)._handle_peer_banner_payload supported=3 required=0
2024-05-04T00:48:37.124 INFO:teuthology.orchestra.run.smithi084.stdout:/usr/bin/ceph: stderr
2024-05-04T00:48:36.141+0000 7f3329d9b700 1 --2- 172.21.15.84:0/172884040 >> [v2:172.21.15.84:6800/897394313,v1:172.21.15.84:6801/897394313] conn(0x7f331403e420 0x7f3314040930 secure :-1 s=READY pgs=12 cs=0 l=1 rev1=1 crypto rx=0x7f3320006fd0 tx=0x7f3320006e40 comp rx=0 tx=0).ready entity=mgr.14120 client_cookie=0 server_cookie=0 in_seq=0 out_seq=0
2024-05-04T00:48:37.124 INFO:teuthology.orchestra.run.smithi084.stdout:/usr/bin/ceph: stderr
2024-05-04T00:48:36.146+0000 7f331b7fe700 1 -- 172.21.15.84:0/172884040 <== mon.0 v2:172.21.15.84:3300/0 6 ==== mon_command_ack([{"prefix": "get_command_descriptions"}]=0 v0) ==== 72+0+191963 (secure 0 0 0) 0x7f331c00b3e0 con 0x7f332c10a750
2024-05-04T00:48:37.124 INFO:teuthology.orchestra.run.smithi084.stdout:/usr/bin/ceph: stderr
2024-05-04T00:48:36.376+0000 7f3330996700 1 -- 172.21.15.84:0/172884040 --> [v2:172.21.15.84:6800/897394313,v1:172.21.15.84:6801/897394313] -- mgr_command(tid 0: {"prefix": "orch apply", "service_type": "mon", "unmanaged": true, "target": ["mon-mgr", ""]}) -- 0x7f332c109330 con 0x7f331403e420
2024-05-04T00:48:37.124 INFO:teuthology.orchestra.run.smithi084.stdout:/usr/bin/ceph: stderr
2024-05-04T00:48:36.384+0000 7f331b7fe700 1 -- 172.21.15.84:0/172884040 <== mgr.14120 v2:172.21.15.84:6800/897394313 1 ==== mgr_command_reply(tid 0: 0 ) ==== 8+0+24 (secure 0 0 0) 0x7f332c109330 con 0x7f331403e420
2024-05-04T00:48:37.124 INFO:teuthology.orchestra.run.smithi084.stdout:/usr/bin/ceph: stderr
2024-05-04T00:48:36.386+0000 7f3330996700 1 -- 172.21.15.84:0/172884040 >> [v2:172.21.15.84:6800/897394313,v1:172.21.15.84:6801/897394313] conn(0x7f331403e420 msgr2=0x7f3314040930 secure :-1 s=STATE_CONNECTION_ESTABLISHED l=1).mark_down
2024-05-04T00:48:37.125 INFO:teuthology.orchestra.run.smithi084.stdout:/usr/bin/ceph: stderr
2024-05-04T00:48:36.386+0000 7f3330996700 1 --2- 172.21.15.84:0/172884040 >> [v2:172.21.15.84:6800/897394313,v1:172.21.15.84:6801/897394313] conn(0x7f331403e420 0x7f3314040930 secure :-1 s=READY pgs=12 cs=0 l=1 rev1=1 crypto rx=0x7f3320006fd0 tx=0x7f3320006e40 comp rx=0 tx=0).stop
2024-05-04T00:48:37.125 INFO:teuthology.orchestra.run.smithi084.stdout:/usr/bin/ceph: stderr
2024-05-04T00:48:36.386+0000 7f3330996700 1 -- 172.21.15.84:0/172884040 >> [v2:172.21.15.84:3300/0,v1:172.21.15.84:6789/0] conn(0x7f332c10a750 msgr2=0x7f332c109ed0 secure :-1 s=STATE_CONNECTION_ESTABLISHED l=1).mark_down
2024-05-04T00:48:37.125 INFO:teuthology.orchestra.run.smithi084.stdout:/usr/bin/ceph: stderr
2024-05-04T00:48:36.386+0000 7f3330996700 1 --2- 172.21.15.84:0/172884040 >> [v2:172.21.15.84:3300/0,v1:172.21.15.84:6789/0] conn(0x7f332c10a750 0x7f332c109ed0 secure :-1 s=READY pgs=48 cs=0 l=1 rev1=1 crypto rx=0x7f331c009fb0 tx=0x7f331c011890 comp rx=0 tx=0).stop
2024-05-04T00:48:37.125 INFO:teuthology.orchestra.run.smithi084.stdout:/usr/bin/ceph: stderr
2024-05-04T00:48:36.386+0000 7f3330996700 1 -- 172.21.15.84:0/172884040 shutdown_connections
2024-05-04T00:48:37.125 INFO:teuthology.orchestra.run.smithi084.stdout:/usr/bin/ceph: stderr
2024-05-04T00:48:36.386+0000 7f3330996700 1 --2- 172.21.15.84:0/172884040 >> [v2:172.21.15.84:6800/897394313,v1:172.21.15.84:6801/897394313] conn(0x7f331403e420 0x7f3314040930 unknown :-1 s=CLOSED pgs=12 cs=0 l=1 rev1=1 crypto rx=0 tx=0 comp rx=0 tx=0).stop
2024-05-04T00:48:37.125 INFO:teuthology.orchestra.run.smithi084.stdout:/usr/bin/ceph: stderr
2024-05-04T00:48:36.386+0000 7f3330996700 1 --2- 172.21.15.84:0/172884040 >> [v2:172.21.15.84:3300/0,v1:172.21.15.84:6789/0] conn(0x7f332c10a750 0x7f332c109ed0 unknown :-1 s=CLOSED pgs=48 cs=0 l=1 rev1=1 crypto rx=0 tx=0 comp rx=0 tx=0).stop
2024-05-04T00:48:37.125 INFO:teuthology.orchestra.run.smithi084.stdout:/usr/bin/ceph: stderr
2024-05-04T00:48:36.386+0000 7f3330996700 1 -- 172.21.15.84:0/172884040 >> 172.21.15.84:0/172884040 conn(0x7f332c1041d0 msgr2=0x7f332c104bc0 unknown :-1 s=STATE_NONE l=0).mark_down
2024-05-04T00:48:37.125 INFO:teuthology.orchestra.run.smithi084.stdout:/usr/bin/ceph: stderr
2024-05-04T00:48:36.386+0000 7f3330996700 1 -- 172.21.15.84:0/172884040 shutdown_connections
2024-05-04T00:48:37.125 INFO:teuthology.orchestra.run.smithi084.stdout:/usr/bin/ceph: stderr
2024-05-04T00:48:36.386+0000 7f3330996700 1 -- 172.21.15.84:0/172884040 wait complete.
2024-05-04T00:48:37.125 INFO:teuthology.orchestra.run.smithi084.stdout:Deploying unmanaged mgr service...
2024-05-04T00:48:37.706 INFO:journalctl@ceph.mon.a.smithi084.stdout:May 04 00:48:37 smithi084 ceph-mon[29754]: from='client.14142 -' entity='client.admin' cmd=[{"prefix": "orch apply", "service_type": "mon", "unmanaged": true, "target": ["mon-mgr", ""]}]: dispatch
2024-05-04T00:48:37.706 INFO:journalctl@ceph.mon.a.smithi084.stdout:May 04 00:48:37 smithi084 ceph-mon[29754]: Saving service mon spec with placement count:5
2024-05-04T00:48:37.706 INFO:journalctl@ceph.mon.a.smithi084.stdout:May 04 00:48:37 smithi084 ceph-mon[29754]: from='mgr.14120 172.21.15.84:0/859325748' entity='mgr.x'
2024-05-04T00:48:38.597 INFO:teuthology.orchestra.run.smithi084.stdout:/usr/bin/ceph: stdout Scheduled mgr update...
2024-05-04T00:48:38.598 INFO:teuthology.orchestra.run.smithi084.stdout:/usr/bin/ceph: stderr
2024-05-04T00:48:37.546+0000 7fd64dba2700 1 Processor -- start
2024-05-04T00:48:38.598 INFO:teuthology.orchestra.run.smithi084.stdout:/usr/bin/ceph: stderr
2024-05-04T00:48:37.546+0000 7fd64dba2700 1 -- start start
2024-05-04T00:48:38.598 INFO:teuthology.orchestra.run.smithi084.stdout:/usr/bin/ceph: stderr
2024-05-04T00:48:37.546+0000 7fd64dba2700 1 --2- >> [v2:172.21.15.84:3300/0,v1:172.21.15.84:6789/0] conn(0x7fd64807d580 0x7fd64810c680 unknown :-1 s=NONE pgs=0 cs=0 l=0 rev1=0 crypto rx=0 tx=0 comp rx=0 tx=0).connect
2024-05-04T00:48:38.598 INFO:teuthology.orchestra.run.smithi084.stdout:/usr/bin/ceph: stderr
2024-05-04T00:48:37.546+0000 7fd64dba2700 1 -- --> [v2:172.21.15.84:3300/0,v1:172.21.15.84:6789/0] -- mon_getmap magic: 0 -- 0x7fd64810cc90 con 0x7fd64807d580
2024-05-04T00:48:38.598 INFO:teuthology.orchestra.run.smithi084.stdout:/usr/bin/ceph: stderr
2024-05-04T00:48:37.546+0000 7fd64cba0700 1 --2- >> [v2:172.21.15.84:3300/0,v1:172.21.15.84:6789/0] conn(0x7fd64807d580 0x7fd64810c680 unknown :-1 s=BANNER_CONNECTING pgs=0 cs=0 l=0 rev1=0 crypto rx=0 tx=0 comp rx=0 tx=0)._handle_peer_banner_payload supported=3 required=0
2024-05-04T00:48:38.598 INFO:teuthology.orchestra.run.smithi084.stdout:/usr/bin/ceph: stderr
2024-05-04T00:48:37.546+0000 7fd64cba0700 1 --2- >> [v2:172.21.15.84:3300/0,v1:172.21.15.84:6789/0] conn(0x7fd64807d580 0x7fd64810c680 unknown :-1 s=HELLO_CONNECTING pgs=0 cs=0 l=0 rev1=1 crypto rx=0 tx=0 comp rx=0 tx=0).handle_hello peer v2:172.21.15.84:3300/0 says I am v2:172.21.15.84:40424/0 (socket says 172.21.15.84:40424)
2024-05-04T00:48:38.598 INFO:teuthology.orchestra.run.smithi084.stdout:/usr/bin/ceph: stderr
2024-05-04T00:48:37.546+0000 7fd64cba0700 1 -- 172.21.15.84:0/1608029086 learned_addr learned my addr 172.21.15.84:0/1608029086 (peer_addr_for_me v2:172.21.15.84:0/0)
2024-05-04T00:48:38.598 INFO:teuthology.orchestra.run.smithi084.stdout:/usr/bin/ceph: stderr
2024-05-04T00:48:37.547+0000 7fd64cba0700 1 -- 172.21.15.84:0/1608029086 --> [v2:172.21.15.84:3300/0,v1:172.21.15.84:6789/0] -- mon_subscribe({config=0+,monmap=0+}) -- 0x7fd64810ce10 con 0x7fd64807d580
2024-05-04T00:48:38.598 INFO:teuthology.orchestra.run.smithi084.stdout:/usr/bin/ceph: stderr
2024-05-04T00:48:37.547+0000 7fd64cba0700 1 --2- 172.21.15.84:0/1608029086 >> [v2:172.21.15.84:3300/0,v1:172.21.15.84:6789/0] conn(0x7fd64807d580 0x7fd64810c680 secure :-1 s=READY pgs=49 cs=0 l=1 rev1=1 crypto rx=0x7fd63c0098a0 tx=0x7fd63c009bb0 comp rx=0 tx=0).ready entity=mon.0 client_cookie=9190cdebad3d696e server_cookie=0 in_seq=0 out_seq=0
2024-05-04T00:48:38.598 INFO:teuthology.orchestra.run.smithi084.stdout:/usr/bin/ceph: stderr
2024-05-04T00:48:37.547+0000 7fd6477fe700 1 -- 172.21.15.84:0/1608029086 <== mon.0 v2:172.21.15.84:3300/0 1 ==== mon_map magic: 0 ==== 205+0+0 (secure 0 0 0) 0x7fd63c004160 con 0x7fd64807d580
2024-05-04T00:48:38.599 INFO:teuthology.orchestra.run.smithi084.stdout:/usr/bin/ceph: stderr
2024-05-04T00:48:37.547+0000 7fd6477fe700 1 -- 172.21.15.84:0/1608029086 <== mon.0 v2:172.21.15.84:3300/0 2 ==== config(26 keys) ==== 1070+0+0 (secure 0 0 0) 0x7fd63c004300 con 0x7fd64807d580
2024-05-04T00:48:38.599 INFO:teuthology.orchestra.run.smithi084.stdout:/usr/bin/ceph: stderr
2024-05-04T00:48:37.547+0000 7fd6477fe700 1 -- 172.21.15.84:0/1608029086 <== mon.0 v2:172.21.15.84:3300/0 3 ==== mon_map magic: 0 ==== 205+0+0 (secure 0 0 0) 0x7fd63c011af0 con 0x7fd64807d580
2024-05-04T00:48:38.599 INFO:teuthology.orchestra.run.smithi084.stdout:/usr/bin/ceph: stderr
2024-05-04T00:48:37.548+0000 7fd64dba2700 1 -- 172.21.15.84:0/1608029086 >> [v2:172.21.15.84:3300/0,v1:172.21.15.84:6789/0] conn(0x7fd64807d580 msgr2=0x7fd64810c680 secure :-1 s=STATE_CONNECTION_ESTABLISHED l=1).mark_down
2024-05-04T00:48:38.599 INFO:teuthology.orchestra.run.smithi084.stdout:/usr/bin/ceph: stderr
2024-05-04T00:48:37.548+0000 7fd64dba2700 1 --2- 172.21.15.84:0/1608029086 >> [v2:172.21.15.84:3300/0,v1:172.21.15.84:6789/0] conn(0x7fd64807d580 0x7fd64810c680 secure :-1 s=READY pgs=49 cs=0 l=1 rev1=1 crypto rx=0x7fd63c0098a0 tx=0x7fd63c009bb0 comp rx=0 tx=0).stop
2024-05-04T00:48:38.599 INFO:teuthology.orchestra.run.smithi084.stdout:/usr/bin/ceph: stderr
2024-05-04T00:48:37.548+0000 7fd64dba2700 1 -- 172.21.15.84:0/1608029086 shutdown_connections
2024-05-04T00:48:38.599 INFO:teuthology.orchestra.run.smithi084.stdout:/usr/bin/ceph: stderr
2024-05-04T00:48:37.548+0000 7fd64dba2700 1 --2- 172.21.15.84:0/1608029086 >> [v2:172.21.15.84:3300/0,v1:172.21.15.84:6789/0] conn(0x7fd64807d580 0x7fd64810c680 unknown :-1 s=CLOSED pgs=49 cs=0 l=1 rev1=1 crypto rx=0 tx=0 comp rx=0 tx=0).stop
2024-05-04T00:48:38.599 INFO:teuthology.orchestra.run.smithi084.stdout:/usr/bin/ceph: stderr
2024-05-04T00:48:37.548+0000 7fd64dba2700 1 -- 172.21.15.84:0/1608029086 >> 172.21.15.84:0/1608029086 conn(0x7fd648104070 msgr2=0x7fd648106540 unknown :-1 s=STATE_NONE l=0).mark_down
2024-05-04T00:48:38.599 INFO:teuthology.orchestra.run.smithi084.stdout:/usr/bin/ceph: stderr
2024-05-04T00:48:37.548+0000 7fd64dba2700 1 -- 172.21.15.84:0/1608029086 shutdown_connections
2024-05-04T00:48:38.599 INFO:teuthology.orchestra.run.smithi084.stdout:/usr/bin/ceph: stderr
2024-05-04T00:48:37.548+0000 7fd64dba2700 1 -- 172.21.15.84:0/1608029086 wait complete.
2024-05-04T00:48:38.599 INFO:teuthology.orchestra.run.smithi084.stdout:/usr/bin/ceph: stderr
2024-05-04T00:48:37.548+0000 7fd64dba2700 1 Processor -- start
2024-05-04T00:48:38.599 INFO:teuthology.orchestra.run.smithi084.stdout:/usr/bin/ceph: stderr
2024-05-04T00:48:37.548+0000 7fd64dba2700 1 -- start start
2024-05-04T00:48:38.599 INFO:teuthology.orchestra.run.smithi084.stdout:/usr/bin/ceph: stderr
2024-05-04T00:48:37.549+0000 7fd64dba2700 1 --2- >> [v2:172.21.15.84:3300/0,v1:172.21.15.84:6789/0] conn(0x7fd64807d580 0x7fd64819deb0 unknown :-1 s=NONE pgs=0 cs=0 l=1 rev1=0 crypto rx=0 tx=0 comp rx=0 tx=0).connect
2024-05-04T00:48:38.599 INFO:teuthology.orchestra.run.smithi084.stdout:/usr/bin/ceph: stderr
2024-05-04T00:48:37.549+0000 7fd64dba2700 1 -- --> [v2:172.21.15.84:3300/0,v1:172.21.15.84:6789/0] -- mon_getmap magic: 0 -- 0x7fd64810de90 con 0x7fd64807d580
2024-05-04T00:48:38.599 INFO:teuthology.orchestra.run.smithi084.stdout:/usr/bin/ceph: stderr
2024-05-04T00:48:37.549+0000 7fd64cba0700 1 --2- >> [v2:172.21.15.84:3300/0,v1:172.21.15.84:6789/0] conn(0x7fd64807d580 0x7fd64819deb0 unknown :-1 s=BANNER_CONNECTING pgs=0 cs=0 l=1 rev1=0 crypto rx=0 tx=0 comp rx=0 tx=0)._handle_peer_banner_payload supported=3 required=0
2024-05-04T00:48:38.600 INFO:teuthology.orchestra.run.smithi084.stdout:/usr/bin/ceph: stderr
2024-05-04T00:48:37.549+0000 7fd64cba0700 1 --2- >> [v2:172.21.15.84:3300/0,v1:172.21.15.84:6789/0] conn(0x7fd64807d580 0x7fd64819deb0 unknown :-1 s=HELLO_CONNECTING pgs=0 cs=0 l=1 rev1=1 crypto rx=0 tx=0 comp rx=0 tx=0).handle_hello peer v2:172.21.15.84:3300/0 says I am v2:172.21.15.84:40436/0 (socket says 172.21.15.84:40436)
2024-05-04T00:48:38.600 INFO:teuthology.orchestra.run.smithi084.stdout:/usr/bin/ceph: stderr
2024-05-04T00:48:37.549+0000 7fd64cba0700 1 -- 172.21.15.84:0/2774409204 learned_addr learned my addr 172.21.15.84:0/2774409204 (peer_addr_for_me v2:172.21.15.84:0/0)
2024-05-04T00:48:38.600 INFO:teuthology.orchestra.run.smithi084.stdout:/usr/bin/ceph: stderr
2024-05-04T00:48:37.549+0000 7fd64cba0700 1 -- 172.21.15.84:0/2774409204 --> [v2:172.21.15.84:3300/0,v1:172.21.15.84:6789/0] -- mon_subscribe({config=0+,monmap=0+}) -- 0x7fd64819e3f0 con 0x7fd64807d580
2024-05-04T00:48:38.600 INFO:teuthology.orchestra.run.smithi084.stdout:/usr/bin/ceph: stderr
2024-05-04T00:48:37.549+0000 7fd64cba0700 1 --2- 172.21.15.84:0/2774409204 >> [v2:172.21.15.84:3300/0,v1:172.21.15.84:6789/0] conn(0x7fd64807d580 0x7fd64819deb0 secure :-1 s=READY pgs=50 cs=0 l=1 rev1=1 crypto rx=0x7fd63c009fb0 tx=0x7fd63c011890 comp rx=0 tx=0).ready entity=mon.0 client_cookie=0 server_cookie=0 in_seq=0 out_seq=0
2024-05-04T00:48:38.600 INFO:teuthology.orchestra.run.smithi084.stdout:/usr/bin/ceph: stderr
2024-05-04T00:48:37.549+0000 7fd645ffb700 1 -- 172.21.15.84:0/2774409204 <== mon.0 v2:172.21.15.84:3300/0 1 ==== mon_map magic: 0 ==== 205+0+0 (secure 0 0 0) 0x7fd63c011bc0 con 0x7fd64807d580
2024-05-04T00:48:38.600 INFO:teuthology.orchestra.run.smithi084.stdout:/usr/bin/ceph: stderr
2024-05-04T00:48:37.549+0000 7fd645ffb700 1 -- 172.21.15.84:0/2774409204 <== mon.0 v2:172.21.15.84:3300/0 2 ==== config(26 keys) ==== 1070+0+0 (secure 0 0 0) 0x7fd63c024440 con 0x7fd64807d580
2024-05-04T00:48:38.600 INFO:teuthology.orchestra.run.smithi084.stdout:/usr/bin/ceph: stderr
2024-05-04T00:48:37.549+0000 7fd64dba2700 1 -- 172.21.15.84:0/2774409204 --> [v2:172.21.15.84:3300/0,v1:172.21.15.84:6789/0] -- mon_subscribe({mgrmap=0+}) -- 0x7fd64819e680 con 0x7fd64807d580
2024-05-04T00:48:38.600 INFO:teuthology.orchestra.run.smithi084.stdout:/usr/bin/ceph: stderr
2024-05-04T00:48:37.549+0000 7fd645ffb700 1 -- 172.21.15.84:0/2774409204 <== mon.0 v2:172.21.15.84:3300/0 3 ==== mon_map magic: 0 ==== 205+0+0 (secure 0 0 0) 0x7fd63c01a5c0 con 0x7fd64807d580
2024-05-04T00:48:38.600 INFO:teuthology.orchestra.run.smithi084.stdout:/usr/bin/ceph: stderr
2024-05-04T00:48:37.550+0000 7fd64dba2700 1 -- 172.21.15.84:0/2774409204 --> [v2:172.21.15.84:3300/0,v1:172.21.15.84:6789/0] -- mon_subscribe({osdmap=0}) -- 0x7fd6481a1290 con 0x7fd64807d580
2024-05-04T00:48:38.600 INFO:teuthology.orchestra.run.smithi084.stdout:/usr/bin/ceph: stderr
2024-05-04T00:48:37.550+0000 7fd64dba2700 1 -- 172.21.15.84:0/2774409204 --> [v2:172.21.15.84:3300/0,v1:172.21.15.84:6789/0] -- mon_command({"prefix": "get_command_descriptions"} v 0) -- 0x7fd648064e20 con 0x7fd64807d580
2024-05-04T00:48:38.600 INFO:teuthology.orchestra.run.smithi084.stdout:/usr/bin/ceph: stderr
2024-05-04T00:48:37.550+0000 7fd645ffb700 1 -- 172.21.15.84:0/2774409204 <== mon.0 v2:172.21.15.84:3300/0 4 ==== mgrmap(e 8) ==== 50222+0+0 (secure 0 0 0) 0x7fd63c01a880 con 0x7fd64807d580
2024-05-04T00:48:38.600 INFO:teuthology.orchestra.run.smithi084.stdout:/usr/bin/ceph: stderr
2024-05-04T00:48:37.551+0000 7fd645ffb700 1 --2- 172.21.15.84:0/2774409204 >> [v2:172.21.15.84:6800/897394313,v1:172.21.15.84:6801/897394313] conn(0x7fd63803e420 0x7fd638040930 unknown :-1 s=NONE pgs=0 cs=0 l=1 rev1=0 crypto rx=0 tx=0 comp rx=0 tx=0).connect
2024-05-04T00:48:38.600 INFO:teuthology.orchestra.run.smithi084.stdout:/usr/bin/ceph: stderr
2024-05-04T00:48:37.551+0000 7fd645ffb700 1 -- 172.21.15.84:0/2774409204 <== mon.0 v2:172.21.15.84:3300/0 5 ==== osd_map(2..2 src has 1..2) ==== 940+0+0 (secure 0 0 0) 0x7fd63c0537f0 con 0x7fd64807d580
2024-05-04T00:48:38.600 INFO:teuthology.orchestra.run.smithi084.stdout:/usr/bin/ceph: stderr
2024-05-04T00:48:37.551+0000 7fd647fff700 1 --2- 172.21.15.84:0/2774409204 >> [v2:172.21.15.84:6800/897394313,v1:172.21.15.84:6801/897394313] conn(0x7fd63803e420 0x7fd638040930 unknown :-1 s=BANNER_CONNECTING pgs=0 cs=0 l=1 rev1=0 crypto rx=0 tx=0 comp rx=0 tx=0)._handle_peer_banner_payload supported=3 required=0
2024-05-04T00:48:38.601 INFO:teuthology.orchestra.run.smithi084.stdout:/usr/bin/ceph: stderr
2024-05-04T00:48:37.551+0000 7fd647fff700 1 --2- 172.21.15.84:0/2774409204 >> [v2:172.21.15.84:6800/897394313,v1:172.21.15.84:6801/897394313] conn(0x7fd63803e420 0x7fd638040930 secure :-1 s=READY pgs=13 cs=0 l=1 rev1=1 crypto rx=0x7fd634006fd0 tx=0x7fd634006e40 comp rx=0 tx=0).ready entity=mgr.14120 client_cookie=0 server_cookie=0 in_seq=0 out_seq=0
2024-05-04T00:48:38.601 INFO:teuthology.orchestra.run.smithi084.stdout:/usr/bin/ceph: stderr
2024-05-04T00:48:37.556+0000 7fd645ffb700 1 -- 172.21.15.84:0/2774409204 <== mon.0 v2:172.21.15.84:3300/0 6 ==== mon_command_ack([{"prefix": "get_command_descriptions"}]=0 v0) ==== 72+0+191963 (secure 0 0 0) 0x7fd63c00b3e0 con 0x7fd64807d580
2024-05-04T00:48:38.601 INFO:teuthology.orchestra.run.smithi084.stdout:/usr/bin/ceph: stderr
2024-05-04T00:48:37.783+0000 7fd64dba2700 1 -- 172.21.15.84:0/2774409204 --> [v2:172.21.15.84:6800/897394313,v1:172.21.15.84:6801/897394313] -- mgr_command(tid 0: {"prefix": "orch apply", "service_type": "mgr", "unmanaged": true, "target": ["mon-mgr", ""]}) -- 0x7fd648105100 con 0x7fd63803e420
2024-05-04T00:48:38.601 INFO:teuthology.orchestra.run.smithi084.stdout:/usr/bin/ceph: stderr
2024-05-04T00:48:37.790+0000 7fd645ffb700 1 -- 172.21.15.84:0/2774409204 <== mgr.14120 v2:172.21.15.84:6800/897394313 1 ==== mgr_command_reply(tid 0: 0 ) ==== 8+0+24 (secure 0 0 0) 0x7fd648105100 con 0x7fd63803e420
2024-05-04T00:48:38.601 INFO:teuthology.orchestra.run.smithi084.stdout:/usr/bin/ceph: stderr
2024-05-04T00:48:37.792+0000 7fd64dba2700 1 -- 172.21.15.84:0/2774409204 >> [v2:172.21.15.84:6800/897394313,v1:172.21.15.84:6801/897394313] conn(0x7fd63803e420 msgr2=0x7fd638040930 secure :-1 s=STATE_CONNECTION_ESTABLISHED l=1).mark_down
2024-05-04T00:48:38.601 INFO:teuthology.orchestra.run.smithi084.stdout:/usr/bin/ceph: stderr
2024-05-04T00:48:37.792+0000 7fd64dba2700 1 --2- 172.21.15.84:0/2774409204 >> [v2:172.21.15.84:6800/897394313,v1:172.21.15.84:6801/897394313] conn(0x7fd63803e420 0x7fd638040930 secure :-1 s=READY pgs=13 cs=0 l=1 rev1=1 crypto rx=0x7fd634006fd0 tx=0x7fd634006e40 comp rx=0 tx=0).stop
2024-05-04T00:48:38.601 INFO:teuthology.orchestra.run.smithi084.stdout:/usr/bin/ceph: stderr
2024-05-04T00:48:37.793+0000 7fd64dba2700 1 -- 172.21.15.84:0/2774409204 >> [v2:172.21.15.84:3300/0,v1:172.21.15.84:6789/0] conn(0x7fd64807d580 msgr2=0x7fd64819deb0 secure :-1 s=STATE_CONNECTION_ESTABLISHED l=1).mark_down
2024-05-04T00:48:38.601 INFO:teuthology.orchestra.run.smithi084.stdout:/usr/bin/ceph: stderr
2024-05-04T00:48:37.793+0000 7fd64dba2700 1 --2- 172.21.15.84:0/2774409204 >> [v2:172.21.15.84:3300/0,v1:172.21.15.84:6789/0] conn(0x7fd64807d580 0x7fd64819deb0 secure :-1 s=READY pgs=50 cs=0 l=1 rev1=1 crypto rx=0x7fd63c009fb0 tx=0x7fd63c011890 comp rx=0 tx=0).stop
2024-05-04T00:48:38.601 INFO:teuthology.orchestra.run.smithi084.stdout:/usr/bin/ceph: stderr
2024-05-04T00:48:37.793+0000 7fd64dba2700 1 -- 172.21.15.84:0/2774409204 shutdown_connections
2024-05-04T00:48:38.601 INFO:teuthology.orchestra.run.smithi084.stdout:/usr/bin/ceph: stderr
2024-05-04T00:48:37.793+0000 7fd64dba2700 1 --2- 172.21.15.84:0/2774409204 >> [v2:172.21.15.84:6800/897394313,v1:172.21.15.84:6801/897394313] conn(0x7fd63803e420 0x7fd638040930 unknown :-1 s=CLOSED pgs=13 cs=0 l=1 rev1=1 crypto rx=0 tx=0 comp rx=0 tx=0).stop
2024-05-04T00:48:38.601 INFO:teuthology.orchestra.run.smithi084.stdout:/usr/bin/ceph: stderr
2024-05-04T00:48:37.793+0000 7fd64dba2700 1 --2- 172.21.15.84:0/2774409204 >> [v2:172.21.15.84:3300/0,v1:172.21.15.84:6789/0] conn(0x7fd64807d580 0x7fd64819deb0 unknown :-1 s=CLOSED pgs=50 cs=0 l=1 rev1=1 crypto rx=0 tx=0 comp rx=0 tx=0).stop
2024-05-04T00:48:38.601 INFO:teuthology.orchestra.run.smithi084.stdout:/usr/bin/ceph: stderr
2024-05-04T00:48:37.793+0000 7fd64dba2700 1 -- 172.21.15.84:0/2774409204 >> 172.21.15.84:0/2774409204 conn(0x7fd648104070 msgr2=0x7fd6481049b0 unknown :-1 s=STATE_NONE l=0).mark_down
2024-05-04T00:48:38.601 INFO:teuthology.orchestra.run.smithi084.stdout:/usr/bin/ceph: stderr
2024-05-04T00:48:37.793+0000 7fd64dba2700 1 -- 172.21.15.84:0/2774409204 shutdown_connections
2024-05-04T00:48:38.602 INFO:teuthology.orchestra.run.smithi084.stdout:/usr/bin/ceph: stderr
2024-05-04T00:48:37.793+0000 7fd64dba2700 1 -- 172.21.15.84:0/2774409204 wait complete.
2024-05-04T00:48:38.987 INFO:journalctl@ceph.mon.a.smithi084.stdout:May 04 00:48:38 smithi084 ceph-mon[29754]: from='client.14144 -' entity='client.admin' cmd=[{"prefix": "orch apply", "service_type": "mgr", "unmanaged": true, "target": ["mon-mgr", ""]}]: dispatch
2024-05-04T00:48:38.987 INFO:journalctl@ceph.mon.a.smithi084.stdout:May 04 00:48:38 smithi084 ceph-mon[29754]: Saving service mgr spec with placement count:2
2024-05-04T00:48:38.987 INFO:journalctl@ceph.mon.a.smithi084.stdout:May 04 00:48:38 smithi084 ceph-mon[29754]: from='mgr.14120 172.21.15.84:0/859325748' entity='mgr.x'
2024-05-04T00:48:40.273 INFO:teuthology.orchestra.run.smithi084.stdout:/usr/bin/ceph: stderr
2024-05-04T00:48:39.485+0000 7f2c7a4bd700 1 Processor -- start
2024-05-04T00:48:40.273 INFO:teuthology.orchestra.run.smithi084.stdout:/usr/bin/ceph: stderr
2024-05-04T00:48:39.485+0000 7f2c7a4bd700 1 -- start start
2024-05-04T00:48:40.273 INFO:teuthology.orchestra.run.smithi084.stdout:/usr/bin/ceph: stderr
2024-05-04T00:48:39.485+0000 7f2c7a4bd700 1 --2- >> [v2:172.21.15.84:3300/0,v1:172.21.15.84:6789/0] conn(0x7f2c74108ac0 0x7f2c74108ed0 unknown :-1 s=NONE pgs=0 cs=0 l=0 rev1=0 crypto rx=0 tx=0 comp rx=0 tx=0).connect
2024-05-04T00:48:40.273 INFO:teuthology.orchestra.run.smithi084.stdout:/usr/bin/ceph: stderr
2024-05-04T00:48:39.485+0000 7f2c7a4bd700 1 -- --> [v2:172.21.15.84:3300/0,v1:172.21.15.84:6789/0] -- mon_getmap magic: 0 -- 0x7f2c741094c0 con 0x7f2c74108ac0
2024-05-04T00:48:40.273 INFO:teuthology.orchestra.run.smithi084.stdout:/usr/bin/ceph: stderr
2024-05-04T00:48:39.485+0000 7f2c73fff700 1 --2- >> [v2:172.21.15.84:3300/0,v1:172.21.15.84:6789/0] conn(0x7f2c74108ac0 0x7f2c74108ed0 unknown :-1 s=BANNER_CONNECTING pgs=0 cs=0 l=0 rev1=0 crypto rx=0 tx=0 comp rx=0 tx=0)._handle_peer_banner_payload supported=3 required=0
2024-05-04T00:48:40.274 INFO:teuthology.orchestra.run.smithi084.stdout:/usr/bin/ceph: stderr
2024-05-04T00:48:39.486+0000 7f2c73fff700 1 --2- >> [v2:172.21.15.84:3300/0,v1:172.21.15.84:6789/0] conn(0x7f2c74108ac0 0x7f2c74108ed0 unknown :-1 s=HELLO_CONNECTING pgs=0 cs=0 l=0 rev1=1 crypto rx=0 tx=0 comp rx=0 tx=0).handle_hello peer v2:172.21.15.84:3300/0 says I am v2:172.21.15.84:40440/0 (socket says 172.21.15.84:40440)
2024-05-04T00:48:40.274 INFO:teuthology.orchestra.run.smithi084.stdout:/usr/bin/ceph: stderr
2024-05-04T00:48:39.486+0000 7f2c73fff700 1 -- 172.21.15.84:0/1544935888 learned_addr learned my addr 172.21.15.84:0/1544935888 (peer_addr_for_me v2:172.21.15.84:0/0)
2024-05-04T00:48:40.274 INFO:teuthology.orchestra.run.smithi084.stdout:/usr/bin/ceph: stderr
2024-05-04T00:48:39.486+0000 7f2c73fff700 1 -- 172.21.15.84:0/1544935888 --> [v2:172.21.15.84:3300/0,v1:172.21.15.84:6789/0] -- mon_subscribe({config=0+,monmap=0+}) -- 0x7f2c74109c90 con 0x7f2c74108ac0
2024-05-04T00:48:40.274 INFO:teuthology.orchestra.run.smithi084.stdout:/usr/bin/ceph: stderr
2024-05-04T00:48:39.486+0000 7f2c73fff700 1 --2- 172.21.15.84:0/1544935888 >> [v2:172.21.15.84:3300/0,v1:172.21.15.84:6789/0] conn(0x7f2c74108ac0 0x7f2c74108ed0 secure :-1 s=READY pgs=51 cs=0 l=1 rev1=1 crypto rx=0x7f2c680098a0 tx=0x7f2c68009bb0 comp rx=0 tx=0).ready entity=mon.0 client_cookie=5c8308a34b4d8f41 server_cookie=0 in_seq=0 out_seq=0
2024-05-04T00:48:40.274 INFO:teuthology.orchestra.run.smithi084.stdout:/usr/bin/ceph: stderr
2024-05-04T00:48:39.486+0000 7f2c72ffd700 1 -- 172.21.15.84:0/1544935888 <== mon.0 v2:172.21.15.84:3300/0 1 ==== mon_map magic: 0 ==== 205+0+0 (secure 0 0 0) 0x7f2c68004160 con 0x7f2c74108ac0
2024-05-04T00:48:40.274 INFO:teuthology.orchestra.run.smithi084.stdout:/usr/bin/ceph: stderr
2024-05-04T00:48:39.486+0000 7f2c72ffd700 1 -- 172.21.15.84:0/1544935888 <== mon.0 v2:172.21.15.84:3300/0 2 ==== config(26 keys) ==== 1101+0+0 (secure 0 0 0) 0x7f2c68004300 con 0x7f2c74108ac0
2024-05-04T00:48:40.274 INFO:teuthology.orchestra.run.smithi084.stdout:/usr/bin/ceph: stderr
2024-05-04T00:48:39.486+0000 7f2c72ffd700 1 -- 172.21.15.84:0/1544935888 <== mon.0 v2:172.21.15.84:3300/0 3 ==== mon_map magic: 0 ==== 205+0+0 (secure 0 0 0) 0x7f2c68011a20 con 0x7f2c74108ac0
2024-05-04T00:48:40.274 INFO:teuthology.orchestra.run.smithi084.stdout:/usr/bin/ceph: stderr
2024-05-04T00:48:39.487+0000 7f2c7a4bd700 1 -- 172.21.15.84:0/1544935888 >> [v2:172.21.15.84:3300/0,v1:172.21.15.84:6789/0] conn(0x7f2c74108ac0 msgr2=0x7f2c74108ed0 secure :-1 s=STATE_CONNECTION_ESTABLISHED l=1).mark_down
2024-05-04T00:48:40.274 INFO:teuthology.orchestra.run.smithi084.stdout:/usr/bin/ceph: stderr
2024-05-04T00:48:39.487+0000 7f2c7a4bd700 1 --2- 172.21.15.84:0/1544935888 >> [v2:172.21.15.84:3300/0,v1:172.21.15.84:6789/0] conn(0x7f2c74108ac0 0x7f2c74108ed0 secure :-1 s=READY pgs=51 cs=0 l=1 rev1=1 crypto rx=0x7f2c680098a0 tx=0x7f2c68009bb0 comp rx=0 tx=0).stop
2024-05-04T00:48:40.274 INFO:teuthology.orchestra.run.smithi084.stdout:/usr/bin/ceph: stderr
2024-05-04T00:48:39.487+0000 7f2c7a4bd700 1 -- 172.21.15.84:0/1544935888 shutdown_connections
2024-05-04T00:48:40.275 INFO:teuthology.orchestra.run.smithi084.stdout:/usr/bin/ceph: stderr
2024-05-04T00:48:39.487+0000 7f2c7a4bd700 1 --2- 172.21.15.84:0/1544935888 >> [v2:172.21.15.84:3300/0,v1:172.21.15.84:6789/0] conn(0x7f2c74108ac0 0x7f2c74108ed0 unknown :-1 s=CLOSED pgs=51 cs=0 l=1 rev1=1 crypto rx=0 tx=0 comp rx=0 tx=0).stop
2024-05-04T00:48:40.275 INFO:teuthology.orchestra.run.smithi084.stdout:/usr/bin/ceph: stderr
2024-05-04T00:48:39.487+0000 7f2c7a4bd700 1 -- 172.21.15.84:0/1544935888 >> 172.21.15.84:0/1544935888 conn(0x7f2c741041e0 msgr2=0x7f2c74106630 unknown :-1 s=STATE_NONE l=0).mark_down
2024-05-04T00:48:40.275 INFO:teuthology.orchestra.run.smithi084.stdout:/usr/bin/ceph: stderr
2024-05-04T00:48:39.487+0000 7f2c7a4bd700 1 -- 172.21.15.84:0/1544935888 shutdown_connections
2024-05-04T00:48:40.275 INFO:teuthology.orchestra.run.smithi084.stdout:/usr/bin/ceph: stderr
2024-05-04T00:48:39.487+0000 7f2c7a4bd700 1 -- 172.21.15.84:0/1544935888 wait complete.
2024-05-04T00:48:40.275 INFO:teuthology.orchestra.run.smithi084.stdout:/usr/bin/ceph: stderr
2024-05-04T00:48:39.488+0000 7f2c7a4bd700 1 Processor -- start
2024-05-04T00:48:40.275 INFO:teuthology.orchestra.run.smithi084.stdout:/usr/bin/ceph: stderr
2024-05-04T00:48:39.488+0000 7f2c7a4bd700 1 -- start start
2024-05-04T00:48:40.275 INFO:teuthology.orchestra.run.smithi084.stdout:/usr/bin/ceph: stderr
2024-05-04T00:48:39.488+0000 7f2c7a4bd700 1 --2- >> [v2:172.21.15.84:3300/0,v1:172.21.15.84:6789/0] conn(0x7f2c74108ac0 0x7f2c7419cef0 unknown :-1 s=NONE pgs=0 cs=0 l=1 rev1=0 crypto rx=0 tx=0 comp rx=0 tx=0).connect
2024-05-04T00:48:40.275 INFO:teuthology.orchestra.run.smithi084.stdout:/usr/bin/ceph: stderr
2024-05-04T00:48:39.488+0000 7f2c7a4bd700 1 -- --> [v2:172.21.15.84:3300/0,v1:172.21.15.84:6789/0] -- mon_getmap magic: 0 -- 0x7f2c7410d040 con 0x7f2c74108ac0
2024-05-04T00:48:40.275 INFO:teuthology.orchestra.run.smithi084.stdout:/usr/bin/ceph: stderr
2024-05-04T00:48:39.488+0000 7f2c73fff700 1 --2- >> [v2:172.21.15.84:3300/0,v1:172.21.15.84:6789/0] conn(0x7f2c74108ac0 0x7f2c7419cef0 unknown :-1 s=BANNER_CONNECTING pgs=0 cs=0 l=1 rev1=0 crypto rx=0 tx=0 comp rx=0 tx=0)._handle_peer_banner_payload supported=3 required=0
2024-05-04T00:48:40.275 INFO:teuthology.orchestra.run.smithi084.stdout:/usr/bin/ceph: stderr
2024-05-04T00:48:39.488+0000 7f2c73fff700 1 --2- >> [v2:172.21.15.84:3300/0,v1:172.21.15.84:6789/0] conn(0x7f2c74108ac0 0x7f2c7419cef0 unknown :-1 s=HELLO_CONNECTING pgs=0 cs=0 l=1 rev1=1 crypto rx=0 tx=0 comp rx=0 tx=0).handle_hello peer v2:172.21.15.84:3300/0 says I am v2:172.21.15.84:40444/0 (socket says 172.21.15.84:40444)
2024-05-04T00:48:40.275 INFO:teuthology.orchestra.run.smithi084.stdout:/usr/bin/ceph: stderr
2024-05-04T00:48:39.488+0000 7f2c73fff700 1 -- 172.21.15.84:0/287059545 learned_addr learned my addr 172.21.15.84:0/287059545 (peer_addr_for_me v2:172.21.15.84:0/0)
2024-05-04T00:48:40.275 INFO:teuthology.orchestra.run.smithi084.stdout:/usr/bin/ceph: stderr
2024-05-04T00:48:39.489+0000 7f2c73fff700 1 -- 172.21.15.84:0/287059545 --> [v2:172.21.15.84:3300/0,v1:172.21.15.84:6789/0] -- mon_subscribe({config=0+,monmap=0+}) -- 0x7f2c7419d430 con 0x7f2c74108ac0
2024-05-04T00:48:40.275 INFO:teuthology.orchestra.run.smithi084.stdout:/usr/bin/ceph: stderr
2024-05-04T00:48:39.489+0000 7f2c73fff700 1 --2- 172.21.15.84:0/287059545 >> [v2:172.21.15.84:3300/0,v1:172.21.15.84:6789/0] conn(0x7f2c74108ac0 0x7f2c7419cef0 secure :-1 s=READY pgs=52 cs=0 l=1 rev1=1 crypto rx=0x7f2c68009130 tx=0x7f2c68011aa0 comp rx=0 tx=0).ready entity=mon.0 client_cookie=0 server_cookie=0 in_seq=0 out_seq=0
2024-05-04T00:48:40.275 INFO:teuthology.orchestra.run.smithi084.stdout:/usr/bin/ceph: stderr
2024-05-04T00:48:39.489+0000 7f2c717fa700 1 -- 172.21.15.84:0/287059545 <== mon.0 v2:172.21.15.84:3300/0 1 ==== mon_map magic: 0 ==== 205+0+0 (secure 0 0 0) 0x7f2c68003aa0 con 0x7f2c74108ac0
2024-05-04T00:48:40.276 INFO:teuthology.orchestra.run.smithi084.stdout:/usr/bin/ceph: stderr
2024-05-04T00:48:39.489+0000 7f2c717fa700 1 -- 172.21.15.84:0/287059545 <== mon.0 v2:172.21.15.84:3300/0 2 ==== config(26 keys) ==== 1101+0+0 (secure 0 0 0) 0x7f2c6801a8e0 con 0x7f2c74108ac0
2024-05-04T00:48:40.276 INFO:teuthology.orchestra.run.smithi084.stdout:/usr/bin/ceph: stderr
2024-05-04T00:48:39.489+0000 7f2c7a4bd700 1 -- 172.21.15.84:0/287059545 --> [v2:172.21.15.84:3300/0,v1:172.21.15.84:6789/0] -- mon_subscribe({mgrmap=0+}) -- 0x7f2c7419d6c0 con 0x7f2c74108ac0
2024-05-04T00:48:40.276 INFO:teuthology.orchestra.run.smithi084.stdout:/usr/bin/ceph: stderr
2024-05-04T00:48:39.489+0000 7f2c717fa700 1 -- 172.21.15.84:0/287059545 <== mon.0 v2:172.21.15.84:3300/0 3 ==== mon_map magic: 0 ==== 205+0+0 (secure 0 0 0) 0x7f2c680248f0 con 0x7f2c74108ac0
2024-05-04T00:48:40.276 INFO:teuthology.orchestra.run.smithi084.stdout:/usr/bin/ceph: stderr
2024-05-04T00:48:39.489+0000 7f2c7a4bd700 1 -- 172.21.15.84:0/287059545 --> [v2:172.21.15.84:3300/0,v1:172.21.15.84:6789/0] -- mon_subscribe({osdmap=0}) -- 0x7f2c741a02d0 con 0x7f2c74108ac0
2024-05-04T00:48:40.276 INFO:teuthology.orchestra.run.smithi084.stdout:/usr/bin/ceph: stderr
2024-05-04T00:48:39.490+0000 7f2c717fa700 1 -- 172.21.15.84:0/287059545 <== mon.0 v2:172.21.15.84:3300/0 4 ==== mgrmap(e 8) ==== 50222+0+0 (secure 0 0 0) 0x7f2c68022020 con 0x7f2c74108ac0
2024-05-04T00:48:40.276 INFO:teuthology.orchestra.run.smithi084.stdout:/usr/bin/ceph: stderr
2024-05-04T00:48:39.490+0000 7f2c7a4bd700 1 -- 172.21.15.84:0/287059545 --> [v2:172.21.15.84:3300/0,v1:172.21.15.84:6789/0] -- mon_command({"prefix": "get_command_descriptions"} v 0) -- 0x7f2c74064e20 con 0x7f2c74108ac0
2024-05-04T00:48:40.276 INFO:teuthology.orchestra.run.smithi084.stdout:/usr/bin/ceph: stderr
2024-05-04T00:48:39.490+0000 7f2c717fa700 1 --2- 172.21.15.84:0/287059545 >> [v2:172.21.15.84:6800/897394313,v1:172.21.15.84:6801/897394313] conn(0x7f2c5c03e470 0x7f2c5c040980 unknown :-1 s=NONE pgs=0 cs=0 l=1 rev1=0 crypto rx=0 tx=0 comp rx=0 tx=0).connect
2024-05-04T00:48:40.276 INFO:teuthology.orchestra.run.smithi084.stdout:/usr/bin/ceph: stderr
2024-05-04T00:48:39.490+0000 7f2c717fa700 1 -- 172.21.15.84:0/287059545 <== mon.0 v2:172.21.15.84:3300/0 5 ==== osd_map(2..2 src has 1..2) ==== 940+0+0 (secure 0 0 0) 0x7f2c6801aa90 con 0x7f2c74108ac0
2024-05-04T00:48:40.276 INFO:teuthology.orchestra.run.smithi084.stdout:/usr/bin/ceph: stderr
2024-05-04T00:48:39.490+0000 7f2c737fe700 1 --2- 172.21.15.84:0/287059545 >> [v2:172.21.15.84:6800/897394313,v1:172.21.15.84:6801/897394313] conn(0x7f2c5c03e470 0x7f2c5c040980 unknown :-1 s=BANNER_CONNECTING pgs=0 cs=0 l=1 rev1=0 crypto rx=0 tx=0 comp rx=0 tx=0)._handle_peer_banner_payload supported=3 required=0
2024-05-04T00:48:40.276 INFO:teuthology.orchestra.run.smithi084.stdout:/usr/bin/ceph: stderr
2024-05-04T00:48:39.491+0000 7f2c737fe700 1 --2- 172.21.15.84:0/287059545 >> [v2:172.21.15.84:6800/897394313,v1:172.21.15.84:6801/897394313] conn(0x7f2c5c03e470 0x7f2c5c040980 secure :-1 s=READY pgs=14 cs=0 l=1 rev1=1 crypto rx=0x7f2c64006fd0 tx=0x7f2c64006e40 comp rx=0 tx=0).ready entity=mgr.14120 client_cookie=0 server_cookie=0 in_seq=0 out_seq=0
2024-05-04T00:48:40.276 INFO:teuthology.orchestra.run.smithi084.stdout:/usr/bin/ceph: stderr
2024-05-04T00:48:39.495+0000 7f2c717fa700 1 -- 172.21.15.84:0/287059545 <== mon.0 v2:172.21.15.84:3300/0 6 ==== mon_command_ack([{"prefix": "get_command_descriptions"}]=0 v0) ==== 72+0+191963 (secure 0 0 0) 0x7f2c680172b0 con 0x7f2c74108ac0
2024-05-04T00:48:40.276 INFO:teuthology.orchestra.run.smithi084.stdout:/usr/bin/ceph: stderr
2024-05-04T00:48:39.714+0000 7f2c7a4bd700 1 -- 172.21.15.84:0/287059545 --> [v2:172.21.15.84:3300/0,v1:172.21.15.84:6789/0] -- mon_command([{prefix=config set, name=mgr/cephadm/container_init}] v 0) -- 0x7f2c7407c410 con 0x7f2c74108ac0
2024-05-04T00:48:40.276 INFO:teuthology.orchestra.run.smithi084.stdout:/usr/bin/ceph: stderr
2024-05-04T00:48:39.718+0000 7f2c717fa700 1 -- 172.21.15.84:0/287059545 <== mon.0 v2:172.21.15.84:3300/0 7 ==== mon_command_ack([{prefix=config set, name=mgr/cephadm/container_init}]=0 v7)=0 v7) ==== 142+0+0 (secure 0 0 0) 0x7f2c6800bd10 con 0x7f2c74108ac0
2024-05-04T00:48:40.277 INFO:teuthology.orchestra.run.smithi084.stdout:/usr/bin/ceph: stderr
2024-05-04T00:48:39.721+0000 7f2c7a4bd700 1 -- 172.21.15.84:0/287059545 >> [v2:172.21.15.84:6800/897394313,v1:172.21.15.84:6801/897394313] conn(0x7f2c5c03e470 msgr2=0x7f2c5c040980 secure :-1 s=STATE_CONNECTION_ESTABLISHED l=1).mark_down
2024-05-04T00:48:40.277 INFO:teuthology.orchestra.run.smithi084.stdout:/usr/bin/ceph: stderr
2024-05-04T00:48:39.721+0000 7f2c7a4bd700 1 --2- 172.21.15.84:0/287059545 >> [v2:172.21.15.84:6800/897394313,v1:172.21.15.84:6801/897394313] conn(0x7f2c5c03e470 0x7f2c5c040980 secure :-1 s=READY pgs=14 cs=0 l=1 rev1=1 crypto rx=0x7f2c64006fd0 tx=0x7f2c64006e40 comp rx=0 tx=0).stop
2024-05-04T00:48:40.277 INFO:teuthology.orchestra.run.smithi084.stdout:/usr/bin/ceph: stderr
2024-05-04T00:48:39.721+0000 7f2c7a4bd700 1 -- 172.21.15.84:0/287059545 >> [v2:172.21.15.84:3300/0,v1:172.21.15.84:6789/0] conn(0x7f2c74108ac0 msgr2=0x7f2c7419cef0 secure :-1 s=STATE_CONNECTION_ESTABLISHED l=1).mark_down
2024-05-04T00:48:40.277 INFO:teuthology.orchestra.run.smithi084.stdout:/usr/bin/ceph: stderr
2024-05-04T00:48:39.721+0000 7f2c7a4bd700 1 --2- 172.21.15.84:0/287059545 >> [v2:172.21.15.84:3300/0,v1:172.21.15.84:6789/0] conn(0x7f2c74108ac0 0x7f2c7419cef0 secure :-1 s=READY pgs=52 cs=0 l=1 rev1=1 crypto rx=0x7f2c68009130 tx=0x7f2c68011aa0 comp rx=0 tx=0).stop
2024-05-04T00:48:40.277 INFO:teuthology.orchestra.run.smithi084.stdout:/usr/bin/ceph: stderr
2024-05-04T00:48:39.721+0000 7f2c7a4bd700 1 -- 172.21.15.84:0/287059545 shutdown_connections
2024-05-04T00:48:40.277 INFO:teuthology.orchestra.run.smithi084.stdout:/usr/bin/ceph: stderr
2024-05-04T00:48:39.721+0000 7f2c7a4bd700 1 --2- 172.21.15.84:0/287059545 >> [v2:172.21.15.84:6800/897394313,v1:172.21.15.84:6801/897394313] conn(0x7f2c5c03e470 0x7f2c5c040980 unknown :-1 s=CLOSED pgs=14 cs=0 l=1 rev1=1 crypto rx=0 tx=0 comp rx=0 tx=0).stop
2024-05-04T00:48:40.277 INFO:teuthology.orchestra.run.smithi084.stdout:/usr/bin/ceph: stderr
2024-05-04T00:48:39.721+0000 7f2c7a4bd700 1 --2- 172.21.15.84:0/287059545 >> [v2:172.21.15.84:3300/0,v1:172.21.15.84:6789/0] conn(0x7f2c74108ac0 0x7f2c7419cef0 unknown :-1 s=CLOSED pgs=52 cs=0 l=1 rev1=1 crypto rx=0 tx=0 comp rx=0 tx=0).stop
2024-05-04T00:48:40.277 INFO:teuthology.orchestra.run.smithi084.stdout:/usr/bin/ceph: stderr
2024-05-04T00:48:39.721+0000 7f2c7a4bd700 1 -- 172.21.15.84:0/287059545 >> 172.21.15.84:0/287059545 conn(0x7f2c741041e0 msgr2=0x7f2c74105b50 unknown :-1 s=STATE_NONE l=0).mark_down
2024-05-04T00:48:40.277 INFO:teuthology.orchestra.run.smithi084.stdout:/usr/bin/ceph: stderr
2024-05-04T00:48:39.721+0000 7f2c7a4bd700 1 -- 172.21.15.84:0/287059545 shutdown_connections
2024-05-04T00:48:40.277 INFO:teuthology.orchestra.run.smithi084.stdout:/usr/bin/ceph: stderr
2024-05-04T00:48:39.721+0000 7f2c7a4bd700 1 -- 172.21.15.84:0/287059545 wait complete.
2024-05-04T00:48:40.375 INFO:journalctl@ceph.mon.a.smithi084.stdout:May 04 00:48:40 smithi084 ceph-mon[29754]: from='mgr.14120 172.21.15.84:0/859325748' entity='mgr.x'
2024-05-04T00:48:40.375 INFO:journalctl@ceph.mon.a.smithi084.stdout:May 04 00:48:40 smithi084 ceph-mon[29754]: from='mgr.14120 172.21.15.84:0/859325748' entity='mgr.x'
2024-05-04T00:48:40.375 INFO:journalctl@ceph.mon.a.smithi084.stdout:May 04 00:48:40 smithi084 ceph-mon[29754]: from='client.? 172.21.15.84:0/287059545' entity='client.admin'
2024-05-04T00:48:42.026 INFO:journalctl@ceph.mon.a.smithi084.stdout:May 04 00:48:41 smithi084 ceph-mon[29754]: from='client.? 172.21.15.84:0/522099474' entity='client.admin'
2024-05-04T00:48:42.026 INFO:journalctl@ceph.mon.a.smithi084.stdout:May 04 00:48:41 smithi084 ceph-mon[29754]: from='mgr.14120 172.21.15.84:0/859325748' entity='mgr.x'
2024-05-04T00:48:42.034 INFO:teuthology.orchestra.run.smithi084.stdout:/usr/bin/ceph: stderr
2024-05-04T00:48:40.672+0000 7f0daf27f700 1 Processor -- start
2024-05-04T00:48:42.034 INFO:teuthology.orchestra.run.smithi084.stdout:/usr/bin/ceph: stderr
2024-05-04T00:48:40.672+0000 7f0daf27f700 1 -- start start
2024-05-04T00:48:42.034 INFO:teuthology.orchestra.run.smithi084.stdout:/usr/bin/ceph: stderr
2024-05-04T00:48:40.672+0000 7f0daf27f700 1 --2- >> [v2:172.21.15.84:3300/0,v1:172.21.15.84:6789/0] conn(0x7f0da810a6e0 0x7f0da810cb00 unknown :-1 s=NONE pgs=0 cs=0 l=0 rev1=0 crypto rx=0 tx=0 comp rx=0 tx=0).connect
2024-05-04T00:48:42.034 INFO:teuthology.orchestra.run.smithi084.stdout:/usr/bin/ceph: stderr
2024-05-04T00:48:40.672+0000 7f0daf27f700 1 -- --> [v2:172.21.15.84:3300/0,v1:172.21.15.84:6789/0] -- mon_getmap magic: 0 -- 0x7f0da807ce60 con 0x7f0da810a6e0
2024-05-04T00:48:42.034 INFO:teuthology.orchestra.run.smithi084.stdout:/usr/bin/ceph: stderr
2024-05-04T00:48:40.673+0000 7f0dad01b700 1 --2- >> [v2:172.21.15.84:3300/0,v1:172.21.15.84:6789/0] conn(0x7f0da810a6e0 0x7f0da810cb00 unknown :-1 s=BANNER_CONNECTING pgs=0 cs=0 l=0 rev1=0 crypto rx=0 tx=0 comp rx=0 tx=0)._handle_peer_banner_payload supported=3 required=0
2024-05-04T00:48:42.034 INFO:teuthology.orchestra.run.smithi084.stdout:/usr/bin/ceph: stderr
2024-05-04T00:48:40.673+0000 7f0dad01b700 1 --2- >> [v2:172.21.15.84:3300/0,v1:172.21.15.84:6789/0] conn(0x7f0da810a6e0 0x7f0da810cb00 unknown :-1 s=HELLO_CONNECTING pgs=0 cs=0 l=0 rev1=1 crypto rx=0 tx=0 comp rx=0 tx=0).handle_hello peer v2:172.21.15.84:3300/0 says I am v2:172.21.15.84:40452/0 (socket says 172.21.15.84:40452)
2024-05-04T00:48:42.034 INFO:teuthology.orchestra.run.smithi084.stdout:/usr/bin/ceph: stderr
2024-05-04T00:48:40.673+0000 7f0dad01b700 1 -- 172.21.15.84:0/2057432677 learned_addr learned my addr 172.21.15.84:0/2057432677 (peer_addr_for_me v2:172.21.15.84:0/0)
2024-05-04T00:48:42.035 INFO:teuthology.orchestra.run.smithi084.stdout:/usr/bin/ceph: stderr
2024-05-04T00:48:40.673+0000 7f0dad01b700 1 -- 172.21.15.84:0/2057432677 --> [v2:172.21.15.84:3300/0,v1:172.21.15.84:6789/0] -- mon_subscribe({config=0+,monmap=0+}) -- 0x7f0da810d040 con 0x7f0da810a6e0
2024-05-04T00:48:42.035 INFO:teuthology.orchestra.run.smithi084.stdout:/usr/bin/ceph: stderr
2024-05-04T00:48:40.673+0000 7f0dad01b700 1 --2- 172.21.15.84:0/2057432677 >> [v2:172.21.15.84:3300/0,v1:172.21.15.84:6789/0] conn(0x7f0da810a6e0 0x7f0da810cb00 secure :-1 s=READY pgs=53 cs=0 l=1 rev1=1 crypto rx=0x7f0da40098a0 tx=0x7f0da4009bb0 comp rx=0 tx=0).ready entity=mon.0 client_cookie=966c7ba57ea3d42e server_cookie=0 in_seq=0 out_seq=0
2024-05-04T00:48:42.035 INFO:teuthology.orchestra.run.smithi084.stdout:/usr/bin/ceph: stderr
2024-05-04T00:48:40.673+0000 7f0d9ffff700 1 -- 172.21.15.84:0/2057432677 <== mon.0 v2:172.21.15.84:3300/0 1 ==== mon_map magic: 0 ==== 205+0+0 (secure 0 0 0) 0x7f0da4004160 con 0x7f0da810a6e0
2024-05-04T00:48:42.035 INFO:teuthology.orchestra.run.smithi084.stdout:/usr/bin/ceph: stderr
2024-05-04T00:48:40.673+0000 7f0d9ffff700 1 -- 172.21.15.84:0/2057432677 <== mon.0 v2:172.21.15.84:3300/0 2 ==== config(26 keys) ==== 1101+0+0 (secure 0 0 0) 0x7f0da4004300 con 0x7f0da810a6e0
2024-05-04T00:48:42.035 INFO:teuthology.orchestra.run.smithi084.stdout:/usr/bin/ceph: stderr
2024-05-04T00:48:40.674+0000 7f0d9ffff700 1 -- 172.21.15.84:0/2057432677 <== mon.0 v2:172.21.15.84:3300/0 3 ==== mon_map magic: 0 ==== 205+0+0 (secure 0 0 0) 0x7f0da4011a20 con 0x7f0da810a6e0
2024-05-04T00:48:42.035 INFO:teuthology.orchestra.run.smithi084.stdout:/usr/bin/ceph: stderr
2024-05-04T00:48:40.674+0000 7f0daf27f700 1 -- 172.21.15.84:0/2057432677 >> [v2:172.21.15.84:3300/0,v1:172.21.15.84:6789/0] conn(0x7f0da810a6e0 msgr2=0x7f0da810cb00 secure :-1 s=STATE_CONNECTION_ESTABLISHED l=1).mark_down
2024-05-04T00:48:42.035 INFO:teuthology.orchestra.run.smithi084.stdout:/usr/bin/ceph: stderr
2024-05-04T00:48:40.674+0000 7f0daf27f700 1 --2- 172.21.15.84:0/2057432677 >> [v2:172.21.15.84:3300/0,v1:172.21.15.84:6789/0] conn(0x7f0da810a6e0 0x7f0da810cb00 secure :-1 s=READY pgs=53 cs=0 l=1 rev1=1 crypto rx=0x7f0da40098a0 tx=0x7f0da4009bb0 comp rx=0 tx=0).stop
2024-05-04T00:48:42.035 INFO:teuthology.orchestra.run.smithi084.stdout:/usr/bin/ceph: stderr
2024-05-04T00:48:40.675+0000 7f0daf27f700 1 -- 172.21.15.84:0/2057432677 shutdown_connections
2024-05-04T00:48:42.035 INFO:teuthology.orchestra.run.smithi084.stdout:/usr/bin/ceph: stderr
2024-05-04T00:48:40.675+0000 7f0daf27f700 1 --2- 172.21.15.84:0/2057432677 >> [v2:172.21.15.84:3300/0,v1:172.21.15.84:6789/0] conn(0x7f0da810a6e0 0x7f0da810cb00 unknown :-1 s=CLOSED pgs=53 cs=0 l=1 rev1=1 crypto rx=0 tx=0 comp rx=0 tx=0).stop
2024-05-04T00:48:42.035 INFO:teuthology.orchestra.run.smithi084.stdout:/usr/bin/ceph: stderr
2024-05-04T00:48:40.675+0000 7f0daf27f700 1 -- 172.21.15.84:0/2057432677 >> 172.21.15.84:0/2057432677 conn(0x7f0da81041e0 msgr2=0x7f0da8106630 unknown :-1 s=STATE_NONE l=0).mark_down
2024-05-04T00:48:42.035 INFO:teuthology.orchestra.run.smithi084.stdout:/usr/bin/ceph: stderr
2024-05-04T00:48:40.675+0000 7f0daf27f700 1 -- 172.21.15.84:0/2057432677 shutdown_connections
2024-05-04T00:48:42.035 INFO:teuthology.orchestra.run.smithi084.stdout:/usr/bin/ceph: stderr
2024-05-04T00:48:40.675+0000 7f0daf27f700 1 -- 172.21.15.84:0/2057432677 wait complete.
2024-05-04T00:48:42.035 INFO:teuthology.orchestra.run.smithi084.stdout:/usr/bin/ceph: stderr
2024-05-04T00:48:40.675+0000 7f0daf27f700 1 Processor -- start
2024-05-04T00:48:42.035 INFO:teuthology.orchestra.run.smithi084.stdout:/usr/bin/ceph: stderr
2024-05-04T00:48:40.675+0000 7f0daf27f700 1 -- start start
2024-05-04T00:48:42.036 INFO:teuthology.orchestra.run.smithi084.stdout:/usr/bin/ceph: stderr
2024-05-04T00:48:40.676+0000 7f0daf27f700 1 --2- >> [v2:172.21.15.84:3300/0,v1:172.21.15.84:6789/0] conn(0x7f0da810a6e0 0x7f0da819dfc0 unknown :-1 s=NONE pgs=0 cs=0 l=1 rev1=0 crypto rx=0 tx=0 comp rx=0 tx=0).connect
2024-05-04T00:48:42.036 INFO:teuthology.orchestra.run.smithi084.stdout:/usr/bin/ceph: stderr
2024-05-04T00:48:40.676+0000 7f0daf27f700 1 -- --> [v2:172.21.15.84:3300/0,v1:172.21.15.84:6789/0] -- mon_getmap magic: 0 -- 0x7f0da810dfe0 con 0x7f0da810a6e0
2024-05-04T00:48:42.036 INFO:teuthology.orchestra.run.smithi084.stdout:/usr/bin/ceph: stderr
2024-05-04T00:48:40.676+0000 7f0dad01b700 1 --2- >> [v2:172.21.15.84:3300/0,v1:172.21.15.84:6789/0] conn(0x7f0da810a6e0 0x7f0da819dfc0 unknown :-1 s=BANNER_CONNECTING pgs=0 cs=0 l=1 rev1=0 crypto rx=0 tx=0 comp rx=0 tx=0)._handle_peer_banner_payload supported=3 required=0
2024-05-04T00:48:42.036 INFO:teuthology.orchestra.run.smithi084.stdout:/usr/bin/ceph: stderr
2024-05-04T00:48:40.676+0000 7f0dad01b700 1 --2- >> [v2:172.21.15.84:3300/0,v1:172.21.15.84:6789/0] conn(0x7f0da810a6e0 0x7f0da819dfc0 unknown :-1 s=HELLO_CONNECTING pgs=0 cs=0 l=1 rev1=1 crypto rx=0 tx=0 comp rx=0 tx=0).handle_hello peer v2:172.21.15.84:3300/0 says I am v2:172.21.15.84:40462/0 (socket says 172.21.15.84:40462)
2024-05-04T00:48:42.036 INFO:teuthology.orchestra.run.smithi084.stdout:/usr/bin/ceph: stderr
2024-05-04T00:48:40.676+0000 7f0dad01b700 1 -- 172.21.15.84:0/522099474 learned_addr learned my addr 172.21.15.84:0/522099474 (peer_addr_for_me v2:172.21.15.84:0/0)
2024-05-04T00:48:42.036 INFO:teuthology.orchestra.run.smithi084.stdout:/usr/bin/ceph: stderr
