2024-05-04T00:48:17.366 INFO:teuthology.orchestra.run.smithi084.stdout:/usr/bin/ceph: stderr
2024-05-04T00:48:15.935+0000 7fd06b7fe700 1 -- 172.21.15.84:0/2431004632 --> [v2:172.21.15.84:3300/0,v1:172.21.15.84:6789/0] -- mon_subscribe({config=0+,monmap=0+}) -- 0x7fd06c19e5c0 con 0x7fd06c10a750
2024-05-04T00:48:17.366 INFO:teuthology.orchestra.run.smithi084.stdout:/usr/bin/ceph: stderr
2024-05-04T00:48:15.935+0000 7fd06b7fe700 1 --2- 172.21.15.84:0/2431004632 >> [v2:172.21.15.84:3300/0,v1:172.21.15.84:6789/0] conn(0x7fd06c10a750 0x7fd06c19e080 secure :-1 s=READY pgs=23 cs=0 l=1 rev1=1 crypto rx=0x7fd05c009fb0 tx=0x7fd05c011890 comp rx=0 tx=0).ready entity=mon.0 client_cookie=0 server_cookie=0 in_seq=0 out_seq=0
2024-05-04T00:48:17.366 INFO:teuthology.orchestra.run.smithi084.stdout:/usr/bin/ceph: stderr
2024-05-04T00:48:15.935+0000 7fd068ff9700 1 -- 172.21.15.84:0/2431004632 <== mon.0 v2:172.21.15.84:3300/0 1 ==== mon_map magic: 0 ==== 205+0+0 (secure 0 0 0) 0x7fd05c011bc0 con 0x7fd06c10a750
2024-05-04T00:48:17.366 INFO:teuthology.orchestra.run.smithi084.stdout:/usr/bin/ceph: stderr
2024-05-04T00:48:15.936+0000 7fd068ff9700 1 -- 172.21.15.84:0/2431004632 <== mon.0 v2:172.21.15.84:3300/0 2 ==== config(26 keys) ==== 1070+0+0 (secure 0 0 0) 0x7fd05c024440 con 0x7fd06c10a750
2024-05-04T00:48:17.366 INFO:teuthology.orchestra.run.smithi084.stdout:/usr/bin/ceph: stderr
2024-05-04T00:48:15.936+0000 7fd071bd4700 1 -- 172.21.15.84:0/2431004632 --> [v2:172.21.15.84:3300/0,v1:172.21.15.84:6789/0] -- mon_subscribe({mgrmap=0+}) -- 0x7fd06c19e850 con 0x7fd06c10a750
2024-05-04T00:48:17.366 INFO:teuthology.orchestra.run.smithi084.stdout:/usr/bin/ceph: stderr
2024-05-04T00:48:15.936+0000 7fd068ff9700 1 -- 172.21.15.84:0/2431004632 <== mon.0 v2:172.21.15.84:3300/0 3 ==== mon_map magic: 0 ==== 205+0+0 (secure 0 0 0) 0x7fd05c01a5c0 con 0x7fd06c10a750
2024-05-04T00:48:17.367 INFO:teuthology.orchestra.run.smithi084.stdout:/usr/bin/ceph: stderr
2024-05-04T00:48:15.936+0000 7fd071bd4700 1 -- 172.21.15.84:0/2431004632 --> [v2:172.21.15.84:3300/0,v1:172.21.15.84:6789/0] -- mon_subscribe({osdmap=0}) -- 0x7fd06c1a1460 con 0x7fd06c10a750
2024-05-04T00:48:17.367 INFO:teuthology.orchestra.run.smithi084.stdout:/usr/bin/ceph: stderr
2024-05-04T00:48:15.937+0000 7fd068ff9700 1 -- 172.21.15.84:0/2431004632 <== mon.0 v2:172.21.15.84:3300/0 4 ==== mgrmap(e 4) ==== 50211+0+0 (secure 0 0 0) 0x7fd05c01a880 con 0x7fd06c10a750
2024-05-04T00:48:17.367 INFO:teuthology.orchestra.run.smithi084.stdout:/usr/bin/ceph: stderr
2024-05-04T00:48:15.937+0000 7fd071bd4700 1 -- 172.21.15.84:0/2431004632 --> [v2:172.21.15.84:3300/0,v1:172.21.15.84:6789/0] -- mon_command({"prefix": "get_command_descriptions"} v 0) -- 0x7fd06c064e20 con 0x7fd06c10a750
2024-05-04T00:48:17.367 INFO:teuthology.orchestra.run.smithi084.stdout:/usr/bin/ceph: stderr
2024-05-04T00:48:15.937+0000 7fd068ff9700 1 --2- 172.21.15.84:0/2431004632 >> [v2:172.21.15.84:6800/753228101,v1:172.21.15.84:6801/753228101] conn(0x7fd05403e3d0 0x7fd0540408e0 unknown :-1 s=NONE pgs=0 cs=0 l=1 rev1=0 crypto rx=0 tx=0 comp rx=0 tx=0).connect
2024-05-04T00:48:17.367 INFO:teuthology.orchestra.run.smithi084.stdout:/usr/bin/ceph: stderr
2024-05-04T00:48:15.937+0000 7fd068ff9700 1 -- 172.21.15.84:0/2431004632 <== mon.0 v2:172.21.15.84:3300/0 5 ==== osd_map(1..1 src has 1..1) ==== 725+0+0 (secure 0 0 0) 0x7fd05c0537a0 con 0x7fd06c10a750
2024-05-04T00:48:17.367 INFO:teuthology.orchestra.run.smithi084.stdout:/usr/bin/ceph: stderr
2024-05-04T00:48:15.937+0000 7fd06affd700 1 --2- 172.21.15.84:0/2431004632 >> [v2:172.21.15.84:6800/753228101,v1:172.21.15.84:6801/753228101] conn(0x7fd05403e3d0 0x7fd0540408e0 unknown :-1 s=BANNER_CONNECTING pgs=0 cs=0 l=1 rev1=0 crypto rx=0 tx=0 comp rx=0 tx=0)._handle_peer_banner_payload supported=3 required=0
2024-05-04T00:48:17.367 INFO:teuthology.orchestra.run.smithi084.stdout:/usr/bin/ceph: stderr
2024-05-04T00:48:15.937+0000 7fd06affd700 1 --2- 172.21.15.84:0/2431004632 >> [v2:172.21.15.84:6800/753228101,v1:172.21.15.84:6801/753228101] conn(0x7fd05403e3d0 0x7fd0540408e0 secure :-1 s=READY pgs=8 cs=0 l=1 rev1=1 crypto rx=0x7fd060006fd0 tx=0x7fd060006e40 comp rx=0 tx=0).ready entity=mgr.14100 client_cookie=0 server_cookie=0 in_seq=0 out_seq=0
2024-05-04T00:48:17.367 INFO:teuthology.orchestra.run.smithi084.stdout:/usr/bin/ceph: stderr
2024-05-04T00:48:15.942+0000 7fd068ff9700 1 -- 172.21.15.84:0/2431004632 <== mon.0 v2:172.21.15.84:3300/0 6 ==== mon_command_ack([{"prefix": "get_command_descriptions"}]=0 v0) ==== 72+0+191963 (secure 0 0 0) 0x7fd05c00b3e0 con 0x7fd06c10a750
2024-05-04T00:48:17.367 INFO:teuthology.orchestra.run.smithi084.stdout:/usr/bin/ceph: stderr
2024-05-04T00:48:16.200+0000 7fd071bd4700 1 -- 172.21.15.84:0/2431004632 --> [v2:172.21.15.84:3300/0,v1:172.21.15.84:6789/0] -- mon_command({"prefix": "mgr module enable", "module": "cephadm"} v 0) -- 0x7fd06c1a1750 con 0x7fd06c10a750
2024-05-04T00:48:17.367 INFO:teuthology.orchestra.run.smithi084.stdout:/usr/bin/ceph: stderr
2024-05-04T00:48:16.729+0000 7fd068ff9700 1 -- 172.21.15.84:0/2431004632 <== mon.0 v2:172.21.15.84:3300/0 7 ==== mon_command_ack([{"prefix": "mgr module enable", "module": "cephadm"}]=0 v5) ==== 86+0+0 (secure 0 0 0) 0x7fd05c029df0 con 0x7fd06c10a750
2024-05-04T00:48:17.367 INFO:teuthology.orchestra.run.smithi084.stdout:/usr/bin/ceph: stderr
2024-05-04T00:48:16.731+0000 7fd068ff9700 1 -- 172.21.15.84:0/2431004632 <== mon.0 v2:172.21.15.84:3300/0 8 ==== mgrmap(e 5) ==== 50222+0+0 (secure 0 0 0) 0x7fd05c0245f0 con 0x7fd06c10a750
2024-05-04T00:48:17.367 INFO:teuthology.orchestra.run.smithi084.stdout:/usr/bin/ceph: stderr
2024-05-04T00:48:16.732+0000 7fd071bd4700 1 -- 172.21.15.84:0/2431004632 >> [v2:172.21.15.84:6800/753228101,v1:172.21.15.84:6801/753228101] conn(0x7fd05403e3d0 msgr2=0x7fd0540408e0 secure :-1 s=STATE_CONNECTION_ESTABLISHED l=1).mark_down
2024-05-04T00:48:17.367 INFO:teuthology.orchestra.run.smithi084.stdout:/usr/bin/ceph: stderr
2024-05-04T00:48:16.732+0000 7fd071bd4700 1 --2- 172.21.15.84:0/2431004632 >> [v2:172.21.15.84:6800/753228101,v1:172.21.15.84:6801/753228101] conn(0x7fd05403e3d0 0x7fd0540408e0 secure :-1 s=READY pgs=8 cs=0 l=1 rev1=1 crypto rx=0x7fd060006fd0 tx=0x7fd060006e40 comp rx=0 tx=0).stop
2024-05-04T00:48:17.367 INFO:teuthology.orchestra.run.smithi084.stdout:/usr/bin/ceph: stderr
2024-05-04T00:48:16.732+0000 7fd071bd4700 1 -- 172.21.15.84:0/2431004632 >> [v2:172.21.15.84:3300/0,v1:172.21.15.84:6789/0] conn(0x7fd06c10a750 msgr2=0x7fd06c19e080 secure :-1 s=STATE_CONNECTION_ESTABLISHED l=1).mark_down
2024-05-04T00:48:17.368 INFO:teuthology.orchestra.run.smithi084.stdout:/usr/bin/ceph: stderr
2024-05-04T00:48:16.732+0000 7fd071bd4700 1 --2- 172.21.15.84:0/2431004632 >> [v2:172.21.15.84:3300/0,v1:172.21.15.84:6789/0] conn(0x7fd06c10a750 0x7fd06c19e080 secure :-1 s=READY pgs=23 cs=0 l=1 rev1=1 crypto rx=0x7fd05c009fb0 tx=0x7fd05c011890 comp rx=0 tx=0).stop
2024-05-04T00:48:17.368 INFO:teuthology.orchestra.run.smithi084.stdout:/usr/bin/ceph: stderr
2024-05-04T00:48:16.732+0000 7fd071bd4700 1 -- 172.21.15.84:0/2431004632 shutdown_connections
2024-05-04T00:48:17.368 INFO:teuthology.orchestra.run.smithi084.stdout:/usr/bin/ceph: stderr
2024-05-04T00:48:16.732+0000 7fd071bd4700 1 --2- 172.21.15.84:0/2431004632 >> [v2:172.21.15.84:6800/753228101,v1:172.21.15.84:6801/753228101] conn(0x7fd05403e3d0 0x7fd0540408e0 unknown :-1 s=CLOSED pgs=8 cs=0 l=1 rev1=1 crypto rx=0 tx=0 comp rx=0 tx=0).stop
2024-05-04T00:48:17.368 INFO:teuthology.orchestra.run.smithi084.stdout:/usr/bin/ceph: stderr
2024-05-04T00:48:16.732+0000 7fd071bd4700 1 --2- 172.21.15.84:0/2431004632 >> [v2:172.21.15.84:3300/0,v1:172.21.15.84:6789/0] conn(0x7fd06c10a750 0x7fd06c19e080 unknown :-1 s=CLOSED pgs=23 cs=0 l=1 rev1=1 crypto rx=0 tx=0 comp rx=0 tx=0).stop
2024-05-04T00:48:17.368 INFO:teuthology.orchestra.run.smithi084.stdout:/usr/bin/ceph: stderr
2024-05-04T00:48:16.732+0000 7fd071bd4700 1 -- 172.21.15.84:0/2431004632 >> 172.21.15.84:0/2431004632 conn(0x7fd06c1041d0 msgr2=0x7fd06c104bc0 unknown :-1 s=STATE_NONE l=0).mark_down
2024-05-04T00:48:17.368 INFO:teuthology.orchestra.run.smithi084.stdout:/usr/bin/ceph: stderr
2024-05-04T00:48:16.732+0000 7fd071bd4700 1 -- 172.21.15.84:0/2431004632 shutdown_connections
2024-05-04T00:48:17.368 INFO:teuthology.orchestra.run.smithi084.stdout:/usr/bin/ceph: stderr
2024-05-04T00:48:16.732+0000 7fd071bd4700 1 -- 172.21.15.84:0/2431004632 wait complete.
2024-05-04T00:48:17.612 INFO:journalctl@ceph.mgr.x.smithi084.stdout:May 04 00:48:17 smithi084 ceph-b635f9ac-09af-11ef-bc97-c7b262605968-mgr-x[29999]:
2024-05-04T00:48:17.521+0000 7feaae5d9200 -1 mgr[py] Module progress has missing NOTIFY_TYPES member
2024-05-04T00:48:17.612 INFO:journalctl@ceph.mgr.x.smithi084.stdout:May 04 00:48:17 smithi084 ceph-b635f9ac-09af-11ef-bc97-c7b262605968-mgr-x[29999]:
2024-05-04T00:48:17.611+0000 7feaae5d9200 -1 mgr[py] Module influx has missing NOTIFY_TYPES member
2024-05-04T00:48:17.987 INFO:journalctl@ceph.mon.a.smithi084.stdout:May 04 00:48:17 smithi084 ceph-mon[29754]: from='client.? 172.21.15.84:0/2431004632' entity='client.admin' cmd='[{"prefix": "mgr module enable", "module": "cephadm"}]': finished
2024-05-04T00:48:17.987 INFO:journalctl@ceph.mon.a.smithi084.stdout:May 04 00:48:17 smithi084 ceph-mon[29754]: mgrmap e5: x(active, since 6s)
2024-05-04T00:48:18.629 INFO:teuthology.orchestra.run.smithi084.stdout:/usr/bin/ceph: stdout {
2024-05-04T00:48:18.629 INFO:teuthology.orchestra.run.smithi084.stdout:/usr/bin/ceph: stdout "epoch": 5,
2024-05-04T00:48:18.630 INFO:teuthology.orchestra.run.smithi084.stdout:/usr/bin/ceph: stdout "available": true,
2024-05-04T00:48:18.630 INFO:teuthology.orchestra.run.smithi084.stdout:/usr/bin/ceph: stdout "active_name": "x",
2024-05-04T00:48:18.630 INFO:teuthology.orchestra.run.smithi084.stdout:/usr/bin/ceph: stdout "num_standby": 0
2024-05-04T00:48:18.630 INFO:teuthology.orchestra.run.smithi084.stdout:/usr/bin/ceph: stdout }
2024-05-04T00:48:18.630 INFO:teuthology.orchestra.run.smithi084.stdout:/usr/bin/ceph: stderr
2024-05-04T00:48:17.803+0000 7f452546c700 1 Processor -- start
2024-05-04T00:48:18.630 INFO:teuthology.orchestra.run.smithi084.stdout:/usr/bin/ceph: stderr
2024-05-04T00:48:17.804+0000 7f452546c700 1 -- start start
2024-05-04T00:48:18.630 INFO:teuthology.orchestra.run.smithi084.stdout:/usr/bin/ceph: stderr
2024-05-04T00:48:17.804+0000 7f452546c700 1 --2- >> [v2:172.21.15.84:3300/0,v1:172.21.15.84:6789/0] conn(0x7f4520108b30 0x7f4520108f40 unknown :-1 s=NONE pgs=0 cs=0 l=0 rev1=0 crypto rx=0 tx=0 comp rx=0 tx=0).connect
2024-05-04T00:48:18.630 INFO:teuthology.orchestra.run.smithi084.stdout:/usr/bin/ceph: stderr
2024-05-04T00:48:17.804+0000 7f452546c700 1 -- --> [v2:172.21.15.84:3300/0,v1:172.21.15.84:6789/0] -- mon_getmap magic: 0 -- 0x7f4520109530 con 0x7f4520108b30
2024-05-04T00:48:18.630 INFO:teuthology.orchestra.run.smithi084.stdout:/usr/bin/ceph: stderr
2024-05-04T00:48:17.804+0000 7f451effd700 1 --2- >> [v2:172.21.15.84:3300/0,v1:172.21.15.84:6789/0] conn(0x7f4520108b30 0x7f4520108f40 unknown :-1 s=BANNER_CONNECTING pgs=0 cs=0 l=0 rev1=0 crypto rx=0 tx=0 comp rx=0 tx=0)._handle_peer_banner_payload supported=3 required=0
2024-05-04T00:48:18.630 INFO:teuthology.orchestra.run.smithi084.stdout:/usr/bin/ceph: stderr
2024-05-04T00:48:17.804+0000 7f451effd700 1 --2- >> [v2:172.21.15.84:3300/0,v1:172.21.15.84:6789/0] conn(0x7f4520108b30 0x7f4520108f40 unknown :-1 s=HELLO_CONNECTING pgs=0 cs=0 l=0 rev1=1 crypto rx=0 tx=0 comp rx=0 tx=0).handle_hello peer v2:172.21.15.84:3300/0 says I am v2:172.21.15.84:57890/0 (socket says 172.21.15.84:57890)
2024-05-04T00:48:18.630 INFO:teuthology.orchestra.run.smithi084.stdout:/usr/bin/ceph: stderr
2024-05-04T00:48:17.804+0000 7f451effd700 1 -- 172.21.15.84:0/3797352365 learned_addr learned my addr 172.21.15.84:0/3797352365 (peer_addr_for_me v2:172.21.15.84:0/0)
2024-05-04T00:48:18.630 INFO:teuthology.orchestra.run.smithi084.stdout:/usr/bin/ceph: stderr
2024-05-04T00:48:17.804+0000 7f451effd700 1 -- 172.21.15.84:0/3797352365 --> [v2:172.21.15.84:3300/0,v1:172.21.15.84:6789/0] -- mon_subscribe({config=0+,monmap=0+}) -- 0x7f4520109d00 con 0x7f4520108b30
2024-05-04T00:48:18.630 INFO:teuthology.orchestra.run.smithi084.stdout:/usr/bin/ceph: stderr
2024-05-04T00:48:17.804+0000 7f451effd700 1 --2- 172.21.15.84:0/3797352365 >> [v2:172.21.15.84:3300/0,v1:172.21.15.84:6789/0] conn(0x7f4520108b30 0x7f4520108f40 secure :-1 s=READY pgs=26 cs=0 l=1 rev1=1 crypto rx=0x7f45100098a0 tx=0x7f4510009bb0 comp rx=0 tx=0).ready entity=mon.0 client_cookie=7eb15504ddc5eca5 server_cookie=0 in_seq=0 out_seq=0
2024-05-04T00:48:18.631 INFO:teuthology.orchestra.run.smithi084.stdout:/usr/bin/ceph: stderr
2024-05-04T00:48:17.805+0000 7f451dffb700 1 -- 172.21.15.84:0/3797352365 <== mon.0 v2:172.21.15.84:3300/0 1 ==== mon_map magic: 0 ==== 205+0+0 (secure 0 0 0) 0x7f4510004160 con 0x7f4520108b30
2024-05-04T00:48:18.631 INFO:teuthology.orchestra.run.smithi084.stdout:/usr/bin/ceph: stderr
2024-05-04T00:48:17.805+0000 7f451dffb700 1 -- 172.21.15.84:0/3797352365 <== mon.0 v2:172.21.15.84:3300/0 2 ==== config(26 keys) ==== 1070+0+0 (secure 0 0 0) 0x7f4510004300 con 0x7f4520108b30
2024-05-04T00:48:18.631 INFO:teuthology.orchestra.run.smithi084.stdout:/usr/bin/ceph: stderr
2024-05-04T00:48:17.805+0000 7f451dffb700 1 -- 172.21.15.84:0/3797352365 <== mon.0 v2:172.21.15.84:3300/0 3 ==== mon_map magic: 0 ==== 205+0+0 (secure 0 0 0) 0x7f4510011af0 con 0x7f4520108b30
2024-05-04T00:48:18.631 INFO:teuthology.orchestra.run.smithi084.stdout:/usr/bin/ceph: stderr
2024-05-04T00:48:17.805+0000 7f452546c700 1 -- 172.21.15.84:0/3797352365 >> [v2:172.21.15.84:3300/0,v1:172.21.15.84:6789/0] conn(0x7f4520108b30 msgr2=0x7f4520108f40 secure :-1 s=STATE_CONNECTION_ESTABLISHED l=1).mark_down
2024-05-04T00:48:18.631 INFO:teuthology.orchestra.run.smithi084.stdout:/usr/bin/ceph: stderr
2024-05-04T00:48:17.805+0000 7f452546c700 1 --2- 172.21.15.84:0/3797352365 >> [v2:172.21.15.84:3300/0,v1:172.21.15.84:6789/0] conn(0x7f4520108b30 0x7f4520108f40 secure :-1 s=READY pgs=26 cs=0 l=1 rev1=1 crypto rx=0x7f45100098a0 tx=0x7f4510009bb0 comp rx=0 tx=0).stop
2024-05-04T00:48:18.631 INFO:teuthology.orchestra.run.smithi084.stdout:/usr/bin/ceph: stderr
2024-05-04T00:48:17.805+0000 7f452546c700 1 -- 172.21.15.84:0/3797352365 shutdown_connections
2024-05-04T00:48:18.631 INFO:teuthology.orchestra.run.smithi084.stdout:/usr/bin/ceph: stderr
2024-05-04T00:48:17.805+0000 7f452546c700 1 --2- 172.21.15.84:0/3797352365 >> [v2:172.21.15.84:3300/0,v1:172.21.15.84:6789/0] conn(0x7f4520108b30 0x7f4520108f40 unknown :-1 s=CLOSED pgs=26 cs=0 l=1 rev1=1 crypto rx=0 tx=0 comp rx=0 tx=0).stop
2024-05-04T00:48:18.631 INFO:teuthology.orchestra.run.smithi084.stdout:/usr/bin/ceph: stderr
2024-05-04T00:48:17.805+0000 7f452546c700 1 -- 172.21.15.84:0/3797352365 >> 172.21.15.84:0/3797352365 conn(0x7f45201041d0 msgr2=0x7f4520106620 unknown :-1 s=STATE_NONE l=0).mark_down
2024-05-04T00:48:18.632 INFO:teuthology.orchestra.run.smithi084.stdout:/usr/bin/ceph: stderr
2024-05-04T00:48:17.806+0000 7f452546c700 1 -- 172.21.15.84:0/3797352365 shutdown_connections
2024-05-04T00:48:18.632 INFO:teuthology.orchestra.run.smithi084.stdout:/usr/bin/ceph: stderr
2024-05-04T00:48:17.806+0000 7f452546c700 1 -- 172.21.15.84:0/3797352365 wait complete.
2024-05-04T00:48:18.632 INFO:teuthology.orchestra.run.smithi084.stdout:/usr/bin/ceph: stderr
2024-05-04T00:48:17.806+0000 7f452546c700 1 Processor -- start
2024-05-04T00:48:18.632 INFO:teuthology.orchestra.run.smithi084.stdout:/usr/bin/ceph: stderr
2024-05-04T00:48:17.806+0000 7f452546c700 1 -- start start
2024-05-04T00:48:18.632 INFO:teuthology.orchestra.run.smithi084.stdout:/usr/bin/ceph: stderr
2024-05-04T00:48:17.806+0000 7f452546c700 1 --2- >> [v2:172.21.15.84:3300/0,v1:172.21.15.84:6789/0] conn(0x7f4520108b30 0x7f452019d020 unknown :-1 s=NONE pgs=0 cs=0 l=1 rev1=0 crypto rx=0 tx=0 comp rx=0 tx=0).connect
2024-05-04T00:48:18.632 INFO:teuthology.orchestra.run.smithi084.stdout:/usr/bin/ceph: stderr
2024-05-04T00:48:17.806+0000 7f452546c700 1 -- --> [v2:172.21.15.84:3300/0,v1:172.21.15.84:6789/0] -- mon_getmap magic: 0 -- 0x7f452010d0b0 con 0x7f4520108b30
2024-05-04T00:48:18.632 INFO:teuthology.orchestra.run.smithi084.stdout:/usr/bin/ceph: stderr
2024-05-04T00:48:17.807+0000 7f451effd700 1 --2- >> [v2:172.21.15.84:3300/0,v1:172.21.15.84:6789/0] conn(0x7f4520108b30 0x7f452019d020 unknown :-1 s=BANNER_CONNECTING pgs=0 cs=0 l=1 rev1=0 crypto rx=0 tx=0 comp rx=0 tx=0)._handle_peer_banner_payload supported=3 required=0
2024-05-04T00:48:18.632 INFO:teuthology.orchestra.run.smithi084.stdout:/usr/bin/ceph: stderr
2024-05-04T00:48:17.807+0000 7f451effd700 1 --2- >> [v2:172.21.15.84:3300/0,v1:172.21.15.84:6789/0] conn(0x7f4520108b30 0x7f452019d020 unknown :-1 s=HELLO_CONNECTING pgs=0 cs=0 l=1 rev1=1 crypto rx=0 tx=0 comp rx=0 tx=0).handle_hello peer v2:172.21.15.84:3300/0 says I am v2:172.21.15.84:57906/0 (socket says 172.21.15.84:57906)
2024-05-04T00:48:18.632 INFO:teuthology.orchestra.run.smithi084.stdout:/usr/bin/ceph: stderr
2024-05-04T00:48:17.807+0000 7f451effd700 1 -- 172.21.15.84:0/1953816249 learned_addr learned my addr 172.21.15.84:0/1953816249 (peer_addr_for_me v2:172.21.15.84:0/0)
2024-05-04T00:48:18.632 INFO:teuthology.orchestra.run.smithi084.stdout:/usr/bin/ceph: stderr
2024-05-04T00:48:17.807+0000 7f451effd700 1 -- 172.21.15.84:0/1953816249 --> [v2:172.21.15.84:3300/0,v1:172.21.15.84:6789/0] -- mon_subscribe({config=0+,monmap=0+}) -- 0x7f452019d560 con 0x7f4520108b30
2024-05-04T00:48:18.632 INFO:teuthology.orchestra.run.smithi084.stdout:/usr/bin/ceph: stderr
2024-05-04T00:48:17.807+0000 7f451effd700 1 --2- 172.21.15.84:0/1953816249 >> [v2:172.21.15.84:3300/0,v1:172.21.15.84:6789/0] conn(0x7f4520108b30 0x7f452019d020 secure :-1 s=READY pgs=27 cs=0 l=1 rev1=1 crypto rx=0x7f4510011670 tx=0x7f4510004280 comp rx=0 tx=0).ready entity=mon.0 client_cookie=0 server_cookie=0 in_seq=0 out_seq=0
2024-05-04T00:48:18.632 INFO:teuthology.orchestra.run.smithi084.stdout:/usr/bin/ceph: stderr
2024-05-04T00:48:17.807+0000 7f4507fff700 1 -- 172.21.15.84:0/1953816249 <== mon.0 v2:172.21.15.84:3300/0 1 ==== mon_map magic: 0 ==== 205+0+0 (secure 0 0 0) 0x7f45100036a0 con 0x7f4520108b30
2024-05-04T00:48:18.633 INFO:teuthology.orchestra.run.smithi084.stdout:/usr/bin/ceph: stderr
2024-05-04T00:48:17.807+0000 7f4507fff700 1 -- 172.21.15.84:0/1953816249 <== mon.0 v2:172.21.15.84:3300/0 2 ==== config(26 keys) ==== 1070+0+0 (secure 0 0 0) 0x7f4510003cd0 con 0x7f4520108b30
2024-05-04T00:48:18.633 INFO:teuthology.orchestra.run.smithi084.stdout:/usr/bin/ceph: stderr
2024-05-04T00:48:17.807+0000 7f452546c700 1 -- 172.21.15.84:0/1953816249 --> [v2:172.21.15.84:3300/0,v1:172.21.15.84:6789/0] -- mon_subscribe({mgrmap=0+}) -- 0x7f452019d7f0 con 0x7f4520108b30
2024-05-04T00:48:18.633 INFO:teuthology.orchestra.run.smithi084.stdout:/usr/bin/ceph: stderr
2024-05-04T00:48:17.807+0000 7f4507fff700 1 -- 172.21.15.84:0/1953816249 <== mon.0 v2:172.21.15.84:3300/0 3 ==== mon_map magic: 0 ==== 205+0+0 (secure 0 0 0) 0x7f45100193c0 con 0x7f4520108b30
2024-05-04T00:48:18.633 INFO:teuthology.orchestra.run.smithi084.stdout:/usr/bin/ceph: stderr
2024-05-04T00:48:17.807+0000 7f452546c700 1 -- 172.21.15.84:0/1953816249 --> [v2:172.21.15.84:3300/0,v1:172.21.15.84:6789/0] -- mon_subscribe({osdmap=0}) -- 0x7f45201a0400 con 0x7f4520108b30
2024-05-04T00:48:18.633 INFO:teuthology.orchestra.run.smithi084.stdout:/usr/bin/ceph: stderr
2024-05-04T00:48:17.808+0000 7f4507fff700 1 -- 172.21.15.84:0/1953816249 <== mon.0 v2:172.21.15.84:3300/0 4 ==== mgrmap(e 5) ==== 50222+0+0 (secure 0 0 0) 0x7f4510019630 con 0x7f4520108b30
2024-05-04T00:48:18.633 INFO:teuthology.orchestra.run.smithi084.stdout:/usr/bin/ceph: stderr
2024-05-04T00:48:17.809+0000 7f452546c700 1 -- 172.21.15.84:0/1953816249 --> [v2:172.21.15.84:3300/0,v1:172.21.15.84:6789/0] -- mon_command({"prefix": "get_command_descriptions"} v 0) -- 0x7f4520064e20 con 0x7f4520108b30
2024-05-04T00:48:18.633 INFO:teuthology.orchestra.run.smithi084.stdout:/usr/bin/ceph: stderr
2024-05-04T00:48:17.809+0000 7f4507fff700 1 --2- 172.21.15.84:0/1953816249 >> [v2:172.21.15.84:6800/753228101,v1:172.21.15.84:6801/753228101] conn(0x7f450803e470 0x7f4508040980 unknown :-1 s=NONE pgs=0 cs=0 l=1 rev1=0 crypto rx=0 tx=0 comp rx=0 tx=0).connect
2024-05-04T00:48:18.633 INFO:teuthology.orchestra.run.smithi084.stdout:/usr/bin/ceph: stderr
2024-05-04T00:48:17.809+0000 7f4507fff700 1 -- 172.21.15.84:0/1953816249 <== mon.0 v2:172.21.15.84:3300/0 5 ==== osd_map(1..1 src has 1..1) ==== 725+0+0 (secure 0 0 0) 0x7f4510054690 con 0x7f4520108b30
2024-05-04T00:48:18.633 INFO:teuthology.orchestra.run.smithi084.stdout:/usr/bin/ceph: stderr
2024-05-04T00:48:17.809+0000 7f451e7fc700 1 -- 172.21.15.84:0/1953816249 >> [v2:172.21.15.84:6800/753228101,v1:172.21.15.84:6801/753228101] conn(0x7f450803e470 msgr2=0x7f4508040980 unknown :-1 s=STATE_CONNECTING_RE l=1).process reconnect failed to v2:172.21.15.84:6800/753228101
2024-05-04T00:48:18.633 INFO:teuthology.orchestra.run.smithi084.stdout:/usr/bin/ceph: stderr
2024-05-04T00:48:17.809+0000 7f451e7fc700 1 --2- 172.21.15.84:0/1953816249 >> [v2:172.21.15.84:6800/753228101,v1:172.21.15.84:6801/753228101] conn(0x7f450803e470 0x7f4508040980 unknown :-1 s=START_CONNECT pgs=0 cs=0 l=1 rev1=0 crypto rx=0 tx=0 comp rx=0 tx=0)._fault waiting 0.200000
2024-05-04T00:48:18.633 INFO:teuthology.orchestra.run.smithi084.stdout:/usr/bin/ceph: stderr
2024-05-04T00:48:17.814+0000 7f4507fff700 1 -- 172.21.15.84:0/1953816249 <== mon.0 v2:172.21.15.84:3300/0 6 ==== mon_command_ack([{"prefix": "get_command_descriptions"}]=0 v0) ==== 72+0+191963 (secure 0 0 0) 0x7f4510017e90 con 0x7f4520108b30
2024-05-04T00:48:18.633 INFO:teuthology.orchestra.run.smithi084.stdout:/usr/bin/ceph: stderr
2024-05-04T00:48:18.010+0000 7f451e7fc700 1 -- 172.21.15.84:0/1953816249 >> [v2:172.21.15.84:6800/753228101,v1:172.21.15.84:6801/753228101] conn(0x7f450803e470 msgr2=0x7f4508040980 unknown :-1 s=STATE_CONNECTING_RE l=1).process reconnect failed to v2:172.21.15.84:6800/753228101
2024-05-04T00:48:18.633 INFO:teuthology.orchestra.run.smithi084.stdout:/usr/bin/ceph: stderr
2024-05-04T00:48:18.010+0000 7f451e7fc700 1 --2- 172.21.15.84:0/1953816249 >> [v2:172.21.15.84:6800/753228101,v1:172.21.15.84:6801/753228101] conn(0x7f450803e470 0x7f4508040980 unknown :-1 s=START_CONNECT pgs=0 cs=0 l=1 rev1=0 crypto rx=0 tx=0 comp rx=0 tx=0)._fault waiting 0.400000
2024-05-04T00:48:18.634 INFO:teuthology.orchestra.run.smithi084.stdout:/usr/bin/ceph: stderr
2024-05-04T00:48:18.119+0000 7f452546c700 1 -- 172.21.15.84:0/1953816249 --> [v2:172.21.15.84:3300/0,v1:172.21.15.84:6789/0] -- mon_command({"prefix": "mgr stat"} v 0) -- 0x7f45201a0a80 con 0x7f4520108b30
2024-05-04T00:48:18.634 INFO:teuthology.orchestra.run.smithi084.stdout:/usr/bin/ceph: stderr
2024-05-04T00:48:18.119+0000 7f4507fff700 1 -- 172.21.15.84:0/1953816249 <== mon.0 v2:172.21.15.84:3300/0 7 ==== mon_command_ack([{"prefix": "mgr stat"}]=0 v5) ==== 56+0+88 (secure 0 0 0) 0x7f4510023390 con 0x7f4520108b30
2024-05-04T00:48:18.634 INFO:teuthology.orchestra.run.smithi084.stdout:/usr/bin/ceph: stderr
2024-05-04T00:48:18.121+0000 7f452546c700 1 -- 172.21.15.84:0/1953816249 >> [v2:172.21.15.84:6800/753228101,v1:172.21.15.84:6801/753228101] conn(0x7f450803e470 msgr2=0x7f4508040980 unknown :-1 s=STATE_CONNECTING l=1).mark_down
2024-05-04T00:48:18.634 INFO:teuthology.orchestra.run.smithi084.stdout:/usr/bin/ceph: stderr
2024-05-04T00:48:18.121+0000 7f452546c700 1 --2- 172.21.15.84:0/1953816249 >> [v2:172.21.15.84:6800/753228101,v1:172.21.15.84:6801/753228101] conn(0x7f450803e470 0x7f4508040980 unknown :-1 s=START_CONNECT pgs=0 cs=0 l=1 rev1=0 crypto rx=0 tx=0 comp rx=0 tx=0).stop
2024-05-04T00:48:18.634 INFO:teuthology.orchestra.run.smithi084.stdout:/usr/bin/ceph: stderr
2024-05-04T00:48:18.121+0000 7f452546c700 1 -- 172.21.15.84:0/1953816249 >> [v2:172.21.15.84:3300/0,v1:172.21.15.84:6789/0] conn(0x7f4520108b30 msgr2=0x7f452019d020 secure :-1 s=STATE_CONNECTION_ESTABLISHED l=1).mark_down
2024-05-04T00:48:18.634 INFO:teuthology.orchestra.run.smithi084.stdout:/usr/bin/ceph: stderr
2024-05-04T00:48:18.121+0000 7f452546c700 1 --2- 172.21.15.84:0/1953816249 >> [v2:172.21.15.84:3300/0,v1:172.21.15.84:6789/0] conn(0x7f4520108b30 0x7f452019d020 secure :-1 s=READY pgs=27 cs=0 l=1 rev1=1 crypto rx=0x7f4510011670 tx=0x7f4510004280 comp rx=0 tx=0).stop
2024-05-04T00:48:18.634 INFO:teuthology.orchestra.run.smithi084.stdout:/usr/bin/ceph: stderr
2024-05-04T00:48:18.121+0000 7f452546c700 1 -- 172.21.15.84:0/1953816249 shutdown_connections
2024-05-04T00:48:18.634 INFO:teuthology.orchestra.run.smithi084.stdout:/usr/bin/ceph: stderr
2024-05-04T00:48:18.121+0000 7f452546c700 1 --2- 172.21.15.84:0/1953816249 >> [v2:172.21.15.84:6800/753228101,v1:172.21.15.84:6801/753228101] conn(0x7f450803e470 0x7f4508040980 unknown :-1 s=CLOSED pgs=0 cs=0 l=1 rev1=0 crypto rx=0 tx=0 comp rx=0 tx=0).stop
2024-05-04T00:48:18.634 INFO:teuthology.orchestra.run.smithi084.stdout:/usr/bin/ceph: stderr
2024-05-04T00:48:18.121+0000 7f452546c700 1 --2- 172.21.15.84:0/1953816249 >> [v2:172.21.15.84:3300/0,v1:172.21.15.84:6789/0] conn(0x7f4520108b30 0x7f452019d020 unknown :-1 s=CLOSED pgs=27 cs=0 l=1 rev1=1 crypto rx=0 tx=0 comp rx=0 tx=0).stop
2024-05-04T00:48:18.634 INFO:teuthology.orchestra.run.smithi084.stdout:/usr/bin/ceph: stderr
2024-05-04T00:48:18.121+0000 7f452546c700 1 -- 172.21.15.84:0/1953816249 >> 172.21.15.84:0/1953816249 conn(0x7f45201041d0 msgr2=0x7f4520104a60 unknown :-1 s=STATE_NONE l=0).mark_down
2024-05-04T00:48:18.634 INFO:teuthology.orchestra.run.smithi084.stdout:/usr/bin/ceph: stderr
2024-05-04T00:48:18.122+0000 7f452546c700 1 -- 172.21.15.84:0/1953816249 shutdown_connections
2024-05-04T00:48:18.634 INFO:teuthology.orchestra.run.smithi084.stdout:/usr/bin/ceph: stderr
2024-05-04T00:48:18.122+0000 7f452546c700 1 -- 172.21.15.84:0/1953816249 wait complete.
2024-05-04T00:48:18.634 INFO:teuthology.orchestra.run.smithi084.stdout:Waiting for the mgr to restart...
2024-05-04T00:48:18.634 INFO:teuthology.orchestra.run.smithi084.stdout:Waiting for mgr epoch 5...
2024-05-04T00:48:18.872 INFO:journalctl@ceph.mon.a.smithi084.stdout:May 04 00:48:18 smithi084 ceph-mon[29754]: from='client.? 172.21.15.84:0/1953816249' entity='client.admin' cmd=[{"prefix": "mgr stat"}]: dispatch
2024-05-04T00:48:18.872 INFO:journalctl@ceph.mgr.x.smithi084.stdout:May 04 00:48:18 smithi084 ceph-b635f9ac-09af-11ef-bc97-c7b262605968-mgr-x[29999]:
2024-05-04T00:48:18.842+0000 7feaae5d9200 -1 mgr[py] Module telegraf has missing NOTIFY_TYPES member
2024-05-04T00:48:19.237 INFO:journalctl@ceph.mgr.x.smithi084.stdout:May 04 00:48:19 smithi084 ceph-b635f9ac-09af-11ef-bc97-c7b262605968-mgr-x[29999]:
2024-05-04T00:48:19.021+0000 7feaae5d9200 -1 mgr[py] Module osd_support has missing NOTIFY_TYPES member
2024-05-04T00:48:19.237 INFO:journalctl@ceph.mgr.x.smithi084.stdout:May 04 00:48:19 smithi084 ceph-b635f9ac-09af-11ef-bc97-c7b262605968-mgr-x[29999]:
2024-05-04T00:48:19.195+0000 7feaae5d9200 -1 mgr[py] Module iostat has missing NOTIFY_TYPES member
2024-05-04T00:48:19.582 INFO:journalctl@ceph.mgr.x.smithi084.stdout:May 04 00:48:19 smithi084 ceph-b635f9ac-09af-11ef-bc97-c7b262605968-mgr-x[29999]:
2024-05-04T00:48:19.488+0000 7feaae5d9200 -1 mgr[py] Module alerts has missing NOTIFY_TYPES member
2024-05-04T00:48:19.582 INFO:journalctl@ceph.mgr.x.smithi084.stdout:May 04 00:48:19 smithi084 ceph-b635f9ac-09af-11ef-bc97-c7b262605968-mgr-x[29999]:
2024-05-04T00:48:19.581+0000 7feaae5d9200 -1 mgr[py] Module selftest has missing NOTIFY_TYPES member
2024-05-04T00:48:19.978 INFO:journalctl@ceph.mgr.x.smithi084.stdout:May 04 00:48:19 smithi084 ceph-b635f9ac-09af-11ef-bc97-c7b262605968-mgr-x[29999]:
2024-05-04T00:48:19.784+0000 7feaae5d9200 -1 mgr[py] Module pg_autoscaler has missing NOTIFY_TYPES member
2024-05-04T00:48:20.237 INFO:journalctl@ceph.mgr.x.smithi084.stdout:May 04 00:48:19 smithi084 ceph-b635f9ac-09af-11ef-bc97-c7b262605968-mgr-x[29999]:
2024-05-04T00:48:19.977+0000 7feaae5d9200 -1 mgr[py] Module test_orchestrator has missing NOTIFY_TYPES member
2024-05-04T00:48:20.737 INFO:journalctl@ceph.mgr.x.smithi084.stdout:May 04 00:48:20 smithi084 ceph-b635f9ac-09af-11ef-bc97-c7b262605968-mgr-x[29999]:
2024-05-04T00:48:20.573+0000 7feaae5d9200 -1 mgr[py] Module rook has missing NOTIFY_TYPES member
2024-05-04T00:48:21.222 INFO:journalctl@ceph.mgr.x.smithi084.stdout:May 04 00:48:20 smithi084 ceph-b635f9ac-09af-11ef-bc97-c7b262605968-mgr-x[29999]:
2024-05-04T00:48:20.795+0000 7feaae5d9200 -1 mgr[py] Module smb has missing NOTIFY_TYPES member
2024-05-04T00:48:21.487 INFO:journalctl@ceph.mgr.x.smithi084.stdout:May 04 00:48:21 smithi084 ceph-b635f9ac-09af-11ef-bc97-c7b262605968-mgr-x[29999]:
2024-05-04T00:48:21.221+0000 7feaae5d9200 -1 mgr[py] Module volumes has missing NOTIFY_TYPES member
2024-05-04T00:48:21.487 INFO:journalctl@ceph.mgr.x.smithi084.stdout:May 04 00:48:21 smithi084 ceph-b635f9ac-09af-11ef-bc97-c7b262605968-mgr-x[29999]:
2024-05-04T00:48:21.318+0000 7feaae5d9200 -1 mgr[py] Module crash has missing NOTIFY_TYPES member
2024-05-04T00:48:21.987 INFO:journalctl@ceph.mgr.x.smithi084.stdout:May 04 00:48:21 smithi084 ceph-b635f9ac-09af-11ef-bc97-c7b262605968-mgr-x[29999]:
2024-05-04T00:48:21.687+0000 7feaae5d9200 -1 mgr[py] Module rgw has missing NOTIFY_TYPES member
2024-05-04T00:48:22.382 INFO:journalctl@ceph.mgr.x.smithi084.stdout:May 04 00:48:22 smithi084 ceph-b635f9ac-09af-11ef-bc97-c7b262605968-mgr-x[29999]:
2024-05-04T00:48:22.042+0000 7feaae5d9200 -1 mgr[py] Module prometheus has missing NOTIFY_TYPES member
2024-05-04T00:48:22.383 INFO:journalctl@ceph.mgr.x.smithi084.stdout:May 04 00:48:22 smithi084 ceph-b635f9ac-09af-11ef-bc97-c7b262605968-mgr-x[29999]:
2024-05-04T00:48:22.135+0000 7feaae5d9200 -1 mgr[py] Module devicehealth has missing NOTIFY_TYPES member
2024-05-04T00:48:22.737 INFO:journalctl@ceph.mgr.x.smithi084.stdout:May 04 00:48:22 smithi084 ceph-b635f9ac-09af-11ef-bc97-c7b262605968-mgr-x[29999]:
2024-05-04T00:48:22.381+0000 7feaae5d9200 -1 mgr[py] Module telemetry has missing NOTIFY_TYPES member
2024-05-04T00:48:22.738 INFO:journalctl@ceph.mgr.x.smithi084.stdout:May 04 00:48:22 smithi084 ceph-b635f9ac-09af-11ef-bc97-c7b262605968-mgr-x[29999]:
2024-05-04T00:48:22.515+0000 7feaae5d9200 -1 mgr[py] Module diskprediction_local has missing NOTIFY_TYPES member
2024-05-04T00:48:23.237 INFO:journalctl@ceph.mgr.x.smithi084.stdout:May 04 00:48:22 smithi084 ceph-b635f9ac-09af-11ef-bc97-c7b262605968-mgr-x[29999]:
2024-05-04T00:48:22.825+0000 7feaae5d9200 -1 mgr[py] Module osd_perf_query has missing NOTIFY_TYPES member
2024-05-04T00:48:23.237 INFO:journalctl@ceph.mgr.x.smithi084.stdout:May 04 00:48:22 smithi084 ceph-b635f9ac-09af-11ef-bc97-c7b262605968-mgr-x[29999]:
2024-05-04T00:48:22.940+0000 7feaae5d9200 -1 mgr[py] Module rbd_support has missing NOTIFY_TYPES member
2024-05-04T00:48:23.237 INFO:journalctl@ceph.mgr.x.smithi084.stdout:May 04 00:48:23 smithi084 ceph-b635f9ac-09af-11ef-bc97-c7b262605968-mgr-x[29999]:
2024-05-04T00:48:23.032+0000 7feaae5d9200 -1 mgr[py] Module zabbix has missing NOTIFY_TYPES member
2024-05-04T00:48:23.907 INFO:journalctl@ceph.mgr.x.smithi084.stdout:May 04 00:48:23 smithi084 ceph-b635f9ac-09af-11ef-bc97-c7b262605968-mgr-x[29999]:
2024-05-04T00:48:23.631+0000 7feaae5d9200 -1 mgr[py] Module status has missing NOTIFY_TYPES member
2024-05-04T00:48:23.907 INFO:journalctl@ceph.mgr.x.smithi084.stdout:May 04 00:48:23 smithi084 ceph-b635f9ac-09af-11ef-bc97-c7b262605968-mgr-x[29999]:
2024-05-04T00:48:23.852+0000 7feaae5d9200 -1 mgr[py] Module nfs has missing NOTIFY_TYPES member
2024-05-04T00:48:24.237 INFO:journalctl@ceph.mon.a.smithi084.stdout:May 04 00:48:23 smithi084 ceph-mon[29754]: Active manager daemon x restarted
2024-05-04T00:48:24.237 INFO:journalctl@ceph.mon.a.smithi084.stdout:May 04 00:48:23 smithi084 ceph-mon[29754]: Activating manager daemon x
2024-05-04T00:48:24.237 INFO:journalctl@ceph.mon.a.smithi084.stdout:May 04 00:48:23 smithi084 ceph-mon[29754]: osdmap e2: 0 total, 0 up, 0 in
2024-05-04T00:48:24.237 INFO:journalctl@ceph.mon.a.smithi084.stdout:May 04 00:48:23 smithi084 ceph-mon[29754]: mgrmap e6: x(active, starting, since 0.00399416s)
2024-05-04T00:48:24.237 INFO:journalctl@ceph.mon.a.smithi084.stdout:May 04 00:48:23 smithi084 ceph-mon[29754]: from='mgr.14120 172.21.15.84:0/859325748' entity='mgr.x' cmd=[{"prefix": "mon metadata", "id": "a"}]: dispatch
2024-05-04T00:48:24.238 INFO:journalctl@ceph.mon.a.smithi084.stdout:May 04 00:48:23 smithi084 ceph-mon[29754]: from='mgr.14120 172.21.15.84:0/859325748' entity='mgr.x' cmd=[{"prefix": "mgr metadata", "who": "x", "id": "x"}]: dispatch
2024-05-04T00:48:24.238 INFO:journalctl@ceph.mon.a.smithi084.stdout:May 04 00:48:23 smithi084 ceph-mon[29754]: from='mgr.14120 172.21.15.84:0/859325748' entity='mgr.x' cmd=[{"prefix": "mds metadata"}]: dispatch
2024-05-04T00:48:24.238 INFO:journalctl@ceph.mon.a.smithi084.stdout:May 04 00:48:23 smithi084 ceph-mon[29754]: from='mgr.14120 172.21.15.84:0/859325748' entity='mgr.x' cmd=[{"prefix": "osd metadata"}]: dispatch
2024-05-04T00:48:24.238 INFO:journalctl@ceph.mon.a.smithi084.stdout:May 04 00:48:23 smithi084 ceph-mon[29754]: from='mgr.14120 172.21.15.84:0/859325748' entity='mgr.x' cmd=[{"prefix": "mon metadata"}]: dispatch
2024-05-04T00:48:24.238 INFO:journalctl@ceph.mon.a.smithi084.stdout:May 04 00:48:23 smithi084 ceph-mon[29754]: Manager daemon x is now available
2024-05-04T00:48:24.238 INFO:journalctl@ceph.mon.a.smithi084.stdout:May 04 00:48:23 smithi084 ceph-mon[29754]: from='mgr.14120 172.21.15.84:0/859325748' entity='mgr.x'
2024-05-04T00:48:24.238 INFO:journalctl@ceph.mon.a.smithi084.stdout:May 04 00:48:23 smithi084 ceph-mon[29754]: from='mgr.14120 172.21.15.84:0/859325748' entity='mgr.x'
2024-05-04T00:48:24.238 INFO:journalctl@ceph.mon.a.smithi084.stdout:May 04 00:48:23 smithi084 ceph-mon[29754]: from='mgr.14120 172.21.15.84:0/859325748' entity='mgr.x' cmd=[{"prefix": "config dump", "format": "json"}]: dispatch
2024-05-04T00:48:24.238 INFO:journalctl@ceph.mon.a.smithi084.stdout:May 04 00:48:23 smithi084 ceph-mon[29754]: from='mgr.14120 172.21.15.84:0/859325748' entity='mgr.x' cmd=[{"prefix": "config dump", "format": "json"}]: dispatch
2024-05-04T00:48:25.143 INFO:journalctl@ceph.mon.a.smithi084.stdout:May 04 00:48:24 smithi084 ceph-mon[29754]: Found migration_current of "None". Setting to last migration.
2024-05-04T00:48:25.143 INFO:journalctl@ceph.mon.a.smithi084.stdout:May 04 00:48:24 smithi084 ceph-mon[29754]: from='mgr.14120 172.21.15.84:0/859325748' entity='mgr.x' cmd=[{"prefix":"config rm","who":"mgr","name":"mgr/rbd_support/x/mirror_snapshot_schedule"}]: dispatch
2024-05-04T00:48:25.143 INFO:journalctl@ceph.mon.a.smithi084.stdout:May 04 00:48:24 smithi084 ceph-mon[29754]: from='mgr.14120 172.21.15.84:0/859325748' entity='mgr.x' cmd=[{"prefix":"config rm","who":"mgr","name":"mgr/rbd_support/x/trash_purge_schedule"}]: dispatch
2024-05-04T00:48:25.143 INFO:journalctl@ceph.mon.a.smithi084.stdout:May 04 00:48:24 smithi084 ceph-mon[29754]: from='mgr.14120 172.21.15.84:0/859325748' entity='mgr.x'
2024-05-04T00:48:25.144 INFO:journalctl@ceph.mon.a.smithi084.stdout:May 04 00:48:24 smithi084 ceph-mon[29754]: from='mgr.14120 172.21.15.84:0/859325748' entity='mgr.x'
2024-05-04T00:48:25.144 INFO:journalctl@ceph.mon.a.smithi084.stdout:May 04 00:48:24 smithi084 ceph-mon[29754]: mgrmap e7: x(active, since 1.00866s)
2024-05-04T00:48:25.428 INFO:teuthology.orchestra.run.smithi084.stdout:/usr/bin/ceph: stdout {
2024-05-04T00:48:25.428 INFO:teuthology.orchestra.run.smithi084.stdout:/usr/bin/ceph: stdout "mgrmap_epoch": 7,
2024-05-04T00:48:25.428 INFO:teuthology.orchestra.run.smithi084.stdout:/usr/bin/ceph: stdout "initialized": true
2024-05-04T00:48:25.428 INFO:teuthology.orchestra.run.smithi084.stdout:/usr/bin/ceph: stdout }
2024-05-04T00:48:25.428 INFO:teuthology.orchestra.run.smithi084.stdout:/usr/bin/ceph: stderr
2024-05-04T00:48:19.068+0000 7f8e468da700 1 Processor -- start
2024-05-04T00:48:25.428 INFO:teuthology.orchestra.run.smithi084.stdout:/usr/bin/ceph: stderr
2024-05-04T00:48:19.068+0000 7f8e468da700 1 -- start start
2024-05-04T00:48:25.428 INFO:teuthology.orchestra.run.smithi084.stdout:/usr/bin/ceph: stderr
2024-05-04T00:48:19.068+0000 7f8e468da700 1 --2- >> [v2:172.21.15.84:3300/0,v1:172.21.15.84:6789/0] conn(0x7f8e40108b50 0x7f8e40108f60 unknown :-1 s=NONE pgs=0 cs=0 l=0 rev1=0 crypto rx=0 tx=0 comp rx=0 tx=0).connect
2024-05-04T00:48:25.428 INFO:teuthology.orchestra.run.smithi084.stdout:/usr/bin/ceph: stderr
2024-05-04T00:48:19.068+0000 7f8e468da700 1 -- --> [v2:172.21.15.84:3300/0,v1:172.21.15.84:6789/0] -- mon_getmap magic: 0 -- 0x7f8e40109550 con 0x7f8e40108b50
2024-05-04T00:48:25.428 INFO:teuthology.orchestra.run.smithi084.stdout:/usr/bin/ceph: stderr
2024-05-04T00:48:19.068+0000 7f8e3ffff700 1 --2- >> [v2:172.21.15.84:3300/0,v1:172.21.15.84:6789/0] conn(0x7f8e40108b50 0x7f8e40108f60 unknown :-1 s=BANNER_CONNECTING pgs=0 cs=0 l=0 rev1=0 crypto rx=0 tx=0 comp rx=0 tx=0)._handle_peer_banner_payload supported=3 required=0
2024-05-04T00:48:25.428 INFO:teuthology.orchestra.run.smithi084.stdout:/usr/bin/ceph: stderr
2024-05-04T00:48:19.068+0000 7f8e3ffff700 1 --2- >> [v2:172.21.15.84:3300/0,v1:172.21.15.84:6789/0] conn(0x7f8e40108b50 0x7f8e40108f60 unknown :-1 s=HELLO_CONNECTING pgs=0 cs=0 l=0 rev1=1 crypto rx=0 tx=0 comp rx=0 tx=0).handle_hello peer v2:172.21.15.84:3300/0 says I am v2:172.21.15.84:57908/0 (socket says 172.21.15.84:57908)
2024-05-04T00:48:25.428 INFO:teuthology.orchestra.run.smithi084.stdout:/usr/bin/ceph: stderr
2024-05-04T00:48:19.068+0000 7f8e3ffff700 1 -- 172.21.15.84:0/4186927904 learned_addr learned my addr 172.21.15.84:0/4186927904 (peer_addr_for_me v2:172.21.15.84:0/0)
2024-05-04T00:48:25.428 INFO:teuthology.orchestra.run.smithi084.stdout:/usr/bin/ceph: stderr
2024-05-04T00:48:19.069+0000 7f8e3ffff700 1 -- 172.21.15.84:0/4186927904 --> [v2:172.21.15.84:3300/0,v1:172.21.15.84:6789/0] -- mon_subscribe({config=0+,monmap=0+}) -- 0x7f8e40109d20 con 0x7f8e40108b50
2024-05-04T00:48:25.429 INFO:teuthology.orchestra.run.smithi084.stdout:/usr/bin/ceph: stderr
2024-05-04T00:48:19.069+0000 7f8e3ffff700 1 --2- 172.21.15.84:0/4186927904 >> [v2:172.21.15.84:3300/0,v1:172.21.15.84:6789/0] conn(0x7f8e40108b50 0x7f8e40108f60 secure :-1 s=READY pgs=28 cs=0 l=1 rev1=1 crypto rx=0x7f8e340098a0 tx=0x7f8e34009bb0 comp rx=0 tx=0).ready entity=mon.0 client_cookie=80daefcfc802d032 server_cookie=0 in_seq=0 out_seq=0
2024-05-04T00:48:25.429 INFO:teuthology.orchestra.run.smithi084.stdout:/usr/bin/ceph: stderr
2024-05-04T00:48:19.069+0000 7f8e3effd700 1 -- 172.21.15.84:0/4186927904 <== mon.0 v2:172.21.15.84:3300/0 1 ==== mon_map magic: 0 ==== 205+0+0 (secure 0 0 0) 0x7f8e34004160 con 0x7f8e40108b50
2024-05-04T00:48:25.429 INFO:teuthology.orchestra.run.smithi084.stdout:/usr/bin/ceph: stderr
2024-05-04T00:48:19.069+0000 7f8e3effd700 1 -- 172.21.15.84:0/4186927904 <== mon.0 v2:172.21.15.84:3300/0 2 ==== config(26 keys) ==== 1070+0+0 (secure 0 0 0) 0x7f8e34004300 con 0x7f8e40108b50
2024-05-04T00:48:25.429 INFO:teuthology.orchestra.run.smithi084.stdout:/usr/bin/ceph: stderr
2024-05-04T00:48:19.069+0000 7f8e3effd700 1 -- 172.21.15.84:0/4186927904 <== mon.0 v2:172.21.15.84:3300/0 3 ==== mon_map magic: 0 ==== 205+0+0 (secure 0 0 0) 0x7f8e34011af0 con 0x7f8e40108b50
2024-05-04T00:48:25.429 INFO:teuthology.orchestra.run.smithi084.stdout:/usr/bin/ceph: stderr
2024-05-04T00:48:19.070+0000 7f8e468da700 1 -- 172.21.15.84:0/4186927904 >> [v2:172.21.15.84:3300/0,v1:172.21.15.84:6789/0] conn(0x7f8e40108b50 msgr2=0x7f8e40108f60 secure :-1 s=STATE_CONNECTION_ESTABLISHED l=1).mark_down
2024-05-04T00:48:25.429 INFO:teuthology.orchestra.run.smithi084.stdout:/usr/bin/ceph: stderr
2024-05-04T00:48:19.070+0000 7f8e468da700 1 --2- 172.21.15.84:0/4186927904 >> [v2:172.21.15.84:3300/0,v1:172.21.15.84:6789/0] conn(0x7f8e40108b50 0x7f8e40108f60 secure :-1 s=READY pgs=28 cs=0 l=1 rev1=1 crypto rx=0x7f8e340098a0 tx=0x7f8e34009bb0 comp rx=0 tx=0).stop
2024-05-04T00:48:25.429 INFO:teuthology.orchestra.run.smithi084.stdout:/usr/bin/ceph: stderr
2024-05-04T00:48:19.070+0000 7f8e468da700 1 -- 172.21.15.84:0/4186927904 shutdown_connections
2024-05-04T00:48:25.429 INFO:teuthology.orchestra.run.smithi084.stdout:/usr/bin/ceph: stderr
2024-05-04T00:48:19.070+0000 7f8e468da700 1 --2- 172.21.15.84:0/4186927904 >> [v2:172.21.15.84:3300/0,v1:172.21.15.84:6789/0] conn(0x7f8e40108b50 0x7f8e40108f60 unknown :-1 s=CLOSED pgs=28 cs=0 l=1 rev1=1 crypto rx=0 tx=0 comp rx=0 tx=0).stop
2024-05-04T00:48:25.429 INFO:teuthology.orchestra.run.smithi084.stdout:/usr/bin/ceph: stderr
2024-05-04T00:48:19.070+0000 7f8e468da700 1 -- 172.21.15.84:0/4186927904 >> 172.21.15.84:0/4186927904 conn(0x7f8e401041f0 msgr2=0x7f8e40106640 unknown :-1 s=STATE_NONE l=0).mark_down
2024-05-04T00:48:25.429 INFO:teuthology.orchestra.run.smithi084.stdout:/usr/bin/ceph: stderr
2024-05-04T00:48:19.070+0000 7f8e468da700 1 -- 172.21.15.84:0/4186927904 shutdown_connections
2024-05-04T00:48:25.429 INFO:teuthology.orchestra.run.smithi084.stdout:/usr/bin/ceph: stderr
2024-05-04T00:48:19.070+0000 7f8e468da700 1 -- 172.21.15.84:0/4186927904 wait complete.
2024-05-04T00:48:25.429 INFO:teuthology.orchestra.run.smithi084.stdout:/usr/bin/ceph: stderr
2024-05-04T00:48:19.071+0000 7f8e468da700 1 Processor -- start
2024-05-04T00:48:25.429 INFO:teuthology.orchestra.run.smithi084.stdout:/usr/bin/ceph: stderr
2024-05-04T00:48:19.071+0000 7f8e468da700 1 -- start start
2024-05-04T00:48:25.430 INFO:teuthology.orchestra.run.smithi084.stdout:/usr/bin/ceph: stderr
2024-05-04T00:48:19.071+0000 7f8e468da700 1 --2- >> [v2:172.21.15.84:3300/0,v1:172.21.15.84:6789/0] conn(0x7f8e40108b50 0x7f8e4019e0f0 unknown :-1 s=NONE pgs=0 cs=0 l=1 rev1=0 crypto rx=0 tx=0 comp rx=0 tx=0).connect
2024-05-04T00:48:25.430 INFO:teuthology.orchestra.run.smithi084.stdout:/usr/bin/ceph: stderr
2024-05-04T00:48:19.071+0000 7f8e468da700 1 -- --> [v2:172.21.15.84:3300/0,v1:172.21.15.84:6789/0] -- mon_getmap magic: 0 -- 0x7f8e4010d0d0 con 0x7f8e40108b50
2024-05-04T00:48:25.430 INFO:teuthology.orchestra.run.smithi084.stdout:/usr/bin/ceph: stderr
2024-05-04T00:48:19.071+0000 7f8e3ffff700 1 --2- >> [v2:172.21.15.84:3300/0,v1:172.21.15.84:6789/0] conn(0x7f8e40108b50 0x7f8e4019e0f0 unknown :-1 s=BANNER_CONNECTING pgs=0 cs=0 l=1 rev1=0 crypto rx=0 tx=0 comp rx=0 tx=0)._handle_peer_banner_payload supported=3 required=0
2024-05-04T00:48:25.430 INFO:teuthology.orchestra.run.smithi084.stdout:/usr/bin/ceph: stderr
2024-05-04T00:48:19.071+0000 7f8e3ffff700 1 --2- >> [v2:172.21.15.84:3300/0,v1:172.21.15.84:6789/0] conn(0x7f8e40108b50 0x7f8e4019e0f0 unknown :-1 s=HELLO_CONNECTING pgs=0 cs=0 l=1 rev1=1 crypto rx=0 tx=0 comp rx=0 tx=0).handle_hello peer v2:172.21.15.84:3300/0 says I am v2:172.21.15.84:57916/0 (socket says 172.21.15.84:57916)
2024-05-04T00:48:25.430 INFO:teuthology.orchestra.run.smithi084.stdout:/usr/bin/ceph: stderr
2024-05-04T00:48:19.071+0000 7f8e3ffff700 1 -- 172.21.15.84:0/3382749146 learned_addr learned my addr 172.21.15.84:0/3382749146 (peer_addr_for_me v2:172.21.15.84:0/0)
2024-05-04T00:48:25.430 INFO:teuthology.orchestra.run.smithi084.stdout:/usr/bin/ceph: stderr
2024-05-04T00:48:19.072+0000 7f8e3ffff700 1 -- 172.21.15.84:0/3382749146 --> [v2:172.21.15.84:3300/0,v1:172.21.15.84:6789/0] -- mon_subscribe({config=0+,monmap=0+}) -- 0x7f8e4019e630 con 0x7f8e40108b50
2024-05-04T00:48:25.430 INFO:teuthology.orchestra.run.smithi084.stdout:/usr/bin/ceph: stderr
2024-05-04T00:48:19.072+0000 7f8e3ffff700 1 --2- 172.21.15.84:0/3382749146 >> [v2:172.21.15.84:3300/0,v1:172.21.15.84:6789/0] conn(0x7f8e40108b50 0x7f8e4019e0f0 secure :-1 s=READY pgs=29 cs=0 l=1 rev1=1 crypto rx=0x7f8e34009fb0 tx=0x7f8e34011890 comp rx=0 tx=0).ready entity=mon.0 client_cookie=0 server_cookie=0 in_seq=0 out_seq=0
2024-05-04T00:48:25.430 INFO:teuthology.orchestra.run.smithi084.stdout:/usr/bin/ceph: stderr
2024-05-04T00:48:19.072+0000 7f8e3d7fa700 1 -- 172.21.15.84:0/3382749146 <== mon.0 v2:172.21.15.84:3300/0 1 ==== mon_map magic: 0 ==== 205+0+0 (secure 0 0 0) 0x7f8e340036a0 con 0x7f8e40108b50
2024-05-04T00:48:25.430 INFO:teuthology.orchestra.run.smithi084.stdout:/usr/bin/ceph: stderr
2024-05-04T00:48:19.072+0000 7f8e3d7fa700 1 -- 172.21.15.84:0/3382749146 <== mon.0 v2:172.21.15.84:3300/0 2 ==== config(26 keys) ==== 1070+0+0 (secure 0 0 0) 0x7f8e34003cd0 con 0x7f8e40108b50
2024-05-04T00:48:25.430 INFO:teuthology.orchestra.run.smithi084.stdout:/usr/bin/ceph: stderr
2024-05-04T00:48:19.072+0000 7f8e3d7fa700 1 -- 172.21.15.84:0/3382749146 <== mon.0 v2:172.21.15.84:3300/0 3 ==== mon_map magic: 0 ==== 205+0+0 (secure 0 0 0) 0x7f8e3401a430 con 0x7f8e40108b50
2024-05-04T00:48:25.430 INFO:teuthology.orchestra.run.smithi084.stdout:/usr/bin/ceph: stderr
2024-05-04T00:48:19.072+0000 7f8e468da700 1 -- 172.21.15.84:0/3382749146 --> [v2:172.21.15.84:3300/0,v1:172.21.15.84:6789/0] -- mon_subscribe({mgrmap=0+}) -- 0x7f8e4019e8c0 con 0x7f8e40108b50
2024-05-04T00:48:25.430 INFO:teuthology.orchestra.run.smithi084.stdout:/usr/bin/ceph: stderr
2024-05-04T00:48:19.072+0000 7f8e468da700 1 -- 172.21.15.84:0/3382749146 --> [v2:172.21.15.84:3300/0,v1:172.21.15.84:6789/0] -- mon_subscribe({osdmap=0}) -- 0x7f8e401a14d0 con 0x7f8e40108b50
2024-05-04T00:48:25.430 INFO:teuthology.orchestra.run.smithi084.stdout:/usr/bin/ceph: stderr
2024-05-04T00:48:19.073+0000 7f8e3d7fa700 1 -- 172.21.15.84:0/3382749146 <== mon.0 v2:172.21.15.84:3300/0 4 ==== mgrmap(e 5) ==== 50222+0+0 (secure 0 0 0) 0x7f8e3401a6a0 con 0x7f8e40108b50
2024-05-04T00:48:25.431 INFO:teuthology.orchestra.run.smithi084.stdout:/usr/bin/ceph: stderr
2024-05-04T00:48:19.073+0000 7f8e3d7fa700 1 --2- 172.21.15.84:0/3382749146 >> [v2:172.21.15.84:6800/753228101,v1:172.21.15.84:6801/753228101] conn(0x7f8e2803e470 0x7f8e28040980 unknown :-1 s=NONE pgs=0 cs=0 l=1 rev1=0 crypto rx=0 tx=0 comp rx=0 tx=0).connect
2024-05-04T00:48:25.431 INFO:teuthology.orchestra.run.smithi084.stdout:/usr/bin/ceph: stderr
2024-05-04T00:48:19.073+0000 7f8e3d7fa700 1 -- 172.21.15.84:0/3382749146 --> [v2:172.21.15.84:6800/753228101,v1:172.21.15.84:6801/753228101] -- command(tid 0: {"prefix": "get_command_descriptions"}) -- 0x7f8e28041090 con 0x7f8e2803e470
2024-05-04T00:48:25.431 INFO:teuthology.orchestra.run.smithi084.stdout:/usr/bin/ceph: stderr
2024-05-04T00:48:19.073+0000 7f8e3d7fa700 1 -- 172.21.15.84:0/3382749146 <== mon.0 v2:172.21.15.84:3300/0 5 ==== osd_map(1..1 src has 1..1) ==== 725+0+0 (secure 0 0 0) 0x7f8e34054650 con 0x7f8e40108b50
2024-05-04T00:48:25.431 INFO:teuthology.orchestra.run.smithi084.stdout:/usr/bin/ceph: stderr
2024-05-04T00:48:19.073+0000 7f8e3f7fe700 1 -- 172.21.15.84:0/3382749146 >> [v2:172.21.15.84:6800/753228101,v1:172.21.15.84:6801/753228101] conn(0x7f8e2803e470 msgr2=0x7f8e28040980 unknown :-1 s=STATE_CONNECTING_RE l=1).process reconnect failed to v2:172.21.15.84:6800/753228101
2024-05-04T00:48:25.431 INFO:teuthology.orchestra.run.smithi084.stdout:/usr/bin/ceph: stderr
2024-05-04T00:48:19.073+0000 7f8e3f7fe700 1 --2- 172.21.15.84:0/3382749146 >> [v2:172.21.15.84:6800/753228101,v1:172.21.15.84:6801/753228101] conn(0x7f8e2803e470 0x7f8e28040980 unknown :-1 s=START_CONNECT pgs=0 cs=0 l=1 rev1=0 crypto rx=0 tx=0 comp rx=0 tx=0)._fault waiting 0.200000
2024-05-04T00:48:25.431 INFO:teuthology.orchestra.run.smithi084.stdout:/usr/bin/ceph: stderr
2024-05-04T00:48:19.274+0000 7f8e3f7fe700 1 -- 172.21.15.84:0/3382749146 >> [v2:172.21.15.84:6800/753228101,v1:172.21.15.84:6801/753228101] conn(0x7f8e2803e470 msgr2=0x7f8e28040980 unknown :-1 s=STATE_CONNECTING_RE l=1).process reconnect failed to v2:172.21.15.84:6800/753228101
2024-05-04T00:48:25.431 INFO:teuthology.orchestra.run.smithi084.stdout:/usr/bin/ceph: stderr
2024-05-04T00:48:19.274+0000 7f8e3f7fe700 1 --2- 172.21.15.84:0/3382749146 >> [v2:172.21.15.84:6800/753228101,v1:172.21.15.84:6801/753228101] conn(0x7f8e2803e470 0x7f8e28040980 unknown :-1 s=START_CONNECT pgs=0 cs=0 l=1 rev1=0 crypto rx=0 tx=0 comp rx=0 tx=0)._fault waiting 0.400000
2024-05-04T00:48:25.432 INFO:teuthology.orchestra.run.smithi084.stdout:/usr/bin/ceph: stderr
2024-05-04T00:48:19.675+0000 7f8e3f7fe700 1 -- 172.21.15.84:0/3382749146 >> [v2:172.21.15.84:6800/753228101,v1:172.21.15.84:6801/753228101] conn(0x7f8e2803e470 msgr2=0x7f8e28040980 unknown :-1 s=STATE_CONNECTING_RE l=1).process reconnect failed to v2:172.21.15.84:6800/753228101
2024-05-04T00:48:25.432 INFO:teuthology.orchestra.run.smithi084.stdout:/usr/bin/ceph: stderr
2024-05-04T00:48:19.675+0000 7f8e3f7fe700 1 --2- 172.21.15.84:0/3382749146 >> [v2:172.21.15.84:6800/753228101,v1:172.21.15.84:6801/753228101] conn(0x7f8e2803e470 0x7f8e28040980 unknown :-1 s=START_CONNECT pgs=0 cs=0 l=1 rev1=0 crypto rx=0 tx=0 comp rx=0 tx=0)._fault waiting 0.800000
2024-05-04T00:48:25.432 INFO:teuthology.orchestra.run.smithi084.stdout:/usr/bin/ceph: stderr
2024-05-04T00:48:20.476+0000 7f8e3f7fe700 1 -- 172.21.15.84:0/3382749146 >> [v2:172.21.15.84:6800/753228101,v1:172.21.15.84:6801/753228101] conn(0x7f8e2803e470 msgr2=0x7f8e28040980 unknown :-1 s=STATE_CONNECTING_RE l=1).process reconnect failed to v2:172.21.15.84:6800/753228101
2024-05-04T00:48:25.432 INFO:teuthology.orchestra.run.smithi084.stdout:/usr/bin/ceph: stderr
2024-05-04T00:48:20.476+0000 7f8e3f7fe700 1 --2- 172.21.15.84:0/3382749146 >> [v2:172.21.15.84:6800/753228101,v1:172.21.15.84:6801/753228101] conn(0x7f8e2803e470 0x7f8e28040980 unknown :-1 s=START_CONNECT pgs=0 cs=0 l=1 rev1=0 crypto rx=0 tx=0 comp rx=0 tx=0)._fault waiting 1.600000
2024-05-04T00:48:25.432 INFO:teuthology.orchestra.run.smithi084.stdout:/usr/bin/ceph: stderr
2024-05-04T00:48:22.077+0000 7f8e3f7fe700 1 -- 172.21.15.84:0/3382749146 >> [v2:172.21.15.84:6800/753228101,v1:172.21.15.84:6801/753228101] conn(0x7f8e2803e470 msgr2=0x7f8e28040980 unknown :-1 s=STATE_CONNECTING_RE l=1).process reconnect failed to v2:172.21.15.84:6800/753228101
2024-05-04T00:48:25.432 INFO:teuthology.orchestra.run.smithi084.stdout:/usr/bin/ceph: stderr
