2024-05-04T02:59:59.917 INFO:teuthology.orchestra.run.smithi039.stdout:/usr/bin/ceph: stdout Added host 'smithi039' with addr '172.21.15.39'
2024-05-04T02:59:59.917 INFO:teuthology.orchestra.run.smithi039.stdout:/usr/bin/ceph: stderr
2024-05-04T02:59:54.882+0000 7f1be22c1700 1 Processor -- start
2024-05-04T02:59:59.917 INFO:teuthology.orchestra.run.smithi039.stdout:/usr/bin/ceph: stderr
2024-05-04T02:59:54.882+0000 7f1be22c1700 1 -- start start
2024-05-04T02:59:59.917 INFO:teuthology.orchestra.run.smithi039.stdout:/usr/bin/ceph: stderr
2024-05-04T02:59:54.882+0000 7f1be22c1700 1 --2- >> [v2:172.21.15.39:3300/0,v1:172.21.15.39:6789/0] conn(0x7f1bdc10a680 0x7f1bdc10caa0 unknown :-1 s=NONE pgs=0 cs=0 l=0 rev1=0 crypto rx=0 tx=0 comp rx=0 tx=0).connect
2024-05-04T02:59:59.917 INFO:teuthology.orchestra.run.smithi039.stdout:/usr/bin/ceph: stderr
2024-05-04T02:59:54.882+0000 7f1be22c1700 1 -- --> [v2:172.21.15.39:3300/0,v1:172.21.15.39:6789/0] -- mon_getmap magic: 0 -- 0x7f1bdc07d680 con 0x7f1bdc10a680
2024-05-04T02:59:59.918 INFO:teuthology.orchestra.run.smithi039.stdout:/usr/bin/ceph: stderr
2024-05-04T02:59:54.882+0000 7f1bdbfff700 1 --2- >> [v2:172.21.15.39:3300/0,v1:172.21.15.39:6789/0] conn(0x7f1bdc10a680 0x7f1bdc10caa0 unknown :-1 s=BANNER_CONNECTING pgs=0 cs=0 l=0 rev1=0 crypto rx=0 tx=0 comp rx=0 tx=0)._handle_peer_banner_payload supported=3 required=0
2024-05-04T02:59:59.918 INFO:teuthology.orchestra.run.smithi039.stdout:/usr/bin/ceph: stderr
2024-05-04T02:59:54.882+0000 7f1bdbfff700 1 --2- >> [v2:172.21.15.39:3300/0,v1:172.21.15.39:6789/0] conn(0x7f1bdc10a680 0x7f1bdc10caa0 unknown :-1 s=HELLO_CONNECTING pgs=0 cs=0 l=0 rev1=1 crypto rx=0 tx=0 comp rx=0 tx=0).handle_hello peer v2:172.21.15.39:3300/0 says I am v2:172.21.15.39:38770/0 (socket says 172.21.15.39:38770)
2024-05-04T02:59:59.918 INFO:teuthology.orchestra.run.smithi039.stdout:/usr/bin/ceph: stderr
2024-05-04T02:59:54.882+0000 7f1bdbfff700 1 -- 172.21.15.39:0/109730626 learned_addr learned my addr 172.21.15.39:0/109730626 (peer_addr_for_me v2:172.21.15.39:0/0)
2024-05-04T02:59:59.918 INFO:teuthology.orchestra.run.smithi039.stdout:/usr/bin/ceph: stderr
2024-05-04T02:59:54.883+0000 7f1bdbfff700 1 -- 172.21.15.39:0/109730626 --> [v2:172.21.15.39:3300/0,v1:172.21.15.39:6789/0] -- mon_subscribe({config=0+,monmap=0+}) -- 0x7f1bdc10cfe0 con 0x7f1bdc10a680
2024-05-04T02:59:59.918 INFO:teuthology.orchestra.run.smithi039.stdout:/usr/bin/ceph: stderr
2024-05-04T02:59:54.883+0000 7f1bdbfff700 1 --2- 172.21.15.39:0/109730626 >> [v2:172.21.15.39:3300/0,v1:172.21.15.39:6789/0] conn(0x7f1bdc10a680 0x7f1bdc10caa0 secure :-1 s=READY pgs=45 cs=0 l=1 rev1=1 crypto rx=0x7f1bcc0098a0 tx=0x7f1bcc009bb0 comp rx=0 tx=0).ready entity=mon.0 client_cookie=c80744978a36b7f6 server_cookie=0 in_seq=0 out_seq=0
2024-05-04T02:59:59.918 INFO:teuthology.orchestra.run.smithi039.stdout:/usr/bin/ceph: stderr
2024-05-04T02:59:54.883+0000 7f1bdaffd700 1 -- 172.21.15.39:0/109730626 <== mon.0 v2:172.21.15.39:3300/0 1 ==== mon_map magic: 0 ==== 205+0+0 (secure 0 0 0) 0x7f1bcc004160 con 0x7f1bdc10a680
2024-05-04T02:59:59.918 INFO:teuthology.orchestra.run.smithi039.stdout:/usr/bin/ceph: stderr
2024-05-04T02:59:54.883+0000 7f1bdaffd700 1 -- 172.21.15.39:0/109730626 <== mon.0 v2:172.21.15.39:3300/0 2 ==== config(25 keys) ==== 1032+0+0 (secure 0 0 0) 0x7f1bcc004300 con 0x7f1bdc10a680
2024-05-04T02:59:59.918 INFO:teuthology.orchestra.run.smithi039.stdout:/usr/bin/ceph: stderr
2024-05-04T02:59:54.883+0000 7f1bdaffd700 1 -- 172.21.15.39:0/109730626 <== mon.0 v2:172.21.15.39:3300/0 3 ==== mon_map magic: 0 ==== 205+0+0 (secure 0 0 0) 0x7f1bcc0119e0 con 0x7f1bdc10a680
2024-05-04T02:59:59.918 INFO:teuthology.orchestra.run.smithi039.stdout:/usr/bin/ceph: stderr
2024-05-04T02:59:54.884+0000 7f1be22c1700 1 -- 172.21.15.39:0/109730626 >> [v2:172.21.15.39:3300/0,v1:172.21.15.39:6789/0] conn(0x7f1bdc10a680 msgr2=0x7f1bdc10caa0 secure :-1 s=STATE_CONNECTION_ESTABLISHED l=1).mark_down
2024-05-04T02:59:59.918 INFO:teuthology.orchestra.run.smithi039.stdout:/usr/bin/ceph: stderr
2024-05-04T02:59:54.884+0000 7f1be22c1700 1 --2- 172.21.15.39:0/109730626 >> [v2:172.21.15.39:3300/0,v1:172.21.15.39:6789/0] conn(0x7f1bdc10a680 0x7f1bdc10caa0 secure :-1 s=READY pgs=45 cs=0 l=1 rev1=1 crypto rx=0x7f1bcc0098a0 tx=0x7f1bcc009bb0 comp rx=0 tx=0).stop
2024-05-04T02:59:59.918 INFO:teuthology.orchestra.run.smithi039.stdout:/usr/bin/ceph: stderr
2024-05-04T02:59:54.884+0000 7f1be22c1700 1 -- 172.21.15.39:0/109730626 shutdown_connections
2024-05-04T02:59:59.919 INFO:teuthology.orchestra.run.smithi039.stdout:/usr/bin/ceph: stderr
2024-05-04T02:59:54.884+0000 7f1be22c1700 1 --2- 172.21.15.39:0/109730626 >> [v2:172.21.15.39:3300/0,v1:172.21.15.39:6789/0] conn(0x7f1bdc10a680 0x7f1bdc10caa0 unknown :-1 s=CLOSED pgs=45 cs=0 l=1 rev1=1 crypto rx=0 tx=0 comp rx=0 tx=0).stop
2024-05-04T02:59:59.919 INFO:teuthology.orchestra.run.smithi039.stdout:/usr/bin/ceph: stderr
2024-05-04T02:59:54.884+0000 7f1be22c1700 1 -- 172.21.15.39:0/109730626 >> 172.21.15.39:0/109730626 conn(0x7f1bdc1040c0 msgr2=0x7f1bdc106590 unknown :-1 s=STATE_NONE l=0).mark_down
2024-05-04T02:59:59.919 INFO:teuthology.orchestra.run.smithi039.stdout:/usr/bin/ceph: stderr
2024-05-04T02:59:54.884+0000 7f1be22c1700 1 -- 172.21.15.39:0/109730626 shutdown_connections
2024-05-04T02:59:59.919 INFO:teuthology.orchestra.run.smithi039.stdout:/usr/bin/ceph: stderr
2024-05-04T02:59:54.884+0000 7f1be22c1700 1 -- 172.21.15.39:0/109730626 wait complete.
2024-05-04T02:59:59.919 INFO:teuthology.orchestra.run.smithi039.stdout:/usr/bin/ceph: stderr
2024-05-04T02:59:54.884+0000 7f1be22c1700 1 Processor -- start
2024-05-04T02:59:59.919 INFO:teuthology.orchestra.run.smithi039.stdout:/usr/bin/ceph: stderr
2024-05-04T02:59:54.885+0000 7f1be22c1700 1 -- start start
2024-05-04T02:59:59.919 INFO:teuthology.orchestra.run.smithi039.stdout:/usr/bin/ceph: stderr
2024-05-04T02:59:54.885+0000 7f1be22c1700 1 --2- >> [v2:172.21.15.39:3300/0,v1:172.21.15.39:6789/0] conn(0x7f1bdc10a680 0x7f1bdc109e00 unknown :-1 s=NONE pgs=0 cs=0 l=1 rev1=0 crypto rx=0 tx=0 comp rx=0 tx=0).connect
2024-05-04T02:59:59.919 INFO:teuthology.orchestra.run.smithi039.stdout:/usr/bin/ceph: stderr
2024-05-04T02:59:54.885+0000 7f1be22c1700 1 -- --> [v2:172.21.15.39:3300/0,v1:172.21.15.39:6789/0] -- mon_getmap magic: 0 -- 0x7f1bdc10dda0 con 0x7f1bdc10a680
2024-05-04T02:59:59.919 INFO:teuthology.orchestra.run.smithi039.stdout:/usr/bin/ceph: stderr
2024-05-04T02:59:54.885+0000 7f1bdbfff700 1 --2- >> [v2:172.21.15.39:3300/0,v1:172.21.15.39:6789/0] conn(0x7f1bdc10a680 0x7f1bdc109e00 unknown :-1 s=BANNER_CONNECTING pgs=0 cs=0 l=1 rev1=0 crypto rx=0 tx=0 comp rx=0 tx=0)._handle_peer_banner_payload supported=3 required=0
2024-05-04T02:59:59.919 INFO:teuthology.orchestra.run.smithi039.stdout:/usr/bin/ceph: stderr
2024-05-04T02:59:54.885+0000 7f1bdbfff700 1 --2- >> [v2:172.21.15.39:3300/0,v1:172.21.15.39:6789/0] conn(0x7f1bdc10a680 0x7f1bdc109e00 unknown :-1 s=HELLO_CONNECTING pgs=0 cs=0 l=1 rev1=1 crypto rx=0 tx=0 comp rx=0 tx=0).handle_hello peer v2:172.21.15.39:3300/0 says I am v2:172.21.15.39:38786/0 (socket says 172.21.15.39:38786)
2024-05-04T02:59:59.919 INFO:teuthology.orchestra.run.smithi039.stdout:/usr/bin/ceph: stderr
2024-05-04T02:59:54.885+0000 7f1bdbfff700 1 -- 172.21.15.39:0/409146118 learned_addr learned my addr 172.21.15.39:0/409146118 (peer_addr_for_me v2:172.21.15.39:0/0)
2024-05-04T02:59:59.919 INFO:teuthology.orchestra.run.smithi039.stdout:/usr/bin/ceph: stderr
2024-05-04T02:59:54.885+0000 7f1bdbfff700 1 -- 172.21.15.39:0/409146118 --> [v2:172.21.15.39:3300/0,v1:172.21.15.39:6789/0] -- mon_subscribe({config=0+,monmap=0+}) -- 0x7f1bdc10a340 con 0x7f1bdc10a680
2024-05-04T02:59:59.919 INFO:teuthology.orchestra.run.smithi039.stdout:/usr/bin/ceph: stderr
2024-05-04T02:59:54.885+0000 7f1bdbfff700 1 --2- 172.21.15.39:0/409146118 >> [v2:172.21.15.39:3300/0,v1:172.21.15.39:6789/0] conn(0x7f1bdc10a680 0x7f1bdc109e00 secure :-1 s=READY pgs=46 cs=0 l=1 rev1=1 crypto rx=0x7f1bcc003f20 tx=0x7f1bcc011a60 comp rx=0 tx=0).ready entity=mon.0 client_cookie=0 server_cookie=0 in_seq=0 out_seq=0
2024-05-04T02:59:59.919 INFO:teuthology.orchestra.run.smithi039.stdout:/usr/bin/ceph: stderr
2024-05-04T02:59:54.886+0000 7f1bd97fa700 1 -- 172.21.15.39:0/409146118 <== mon.0 v2:172.21.15.39:3300/0 1 ==== mon_map magic: 0 ==== 205+0+0 (secure 0 0 0) 0x7f1bcc0038b0 con 0x7f1bdc10a680
2024-05-04T02:59:59.919 INFO:teuthology.orchestra.run.smithi039.stdout:/usr/bin/ceph: stderr
2024-05-04T02:59:54.886+0000 7f1bd97fa700 1 -- 172.21.15.39:0/409146118 <== mon.0 v2:172.21.15.39:3300/0 2 ==== config(25 keys) ==== 1032+0+0 (secure 0 0 0) 0x7f1bcc003a50 con 0x7f1bdc10a680
2024-05-04T02:59:59.920 INFO:teuthology.orchestra.run.smithi039.stdout:/usr/bin/ceph: stderr
2024-05-04T02:59:54.886+0000 7f1be22c1700 1 -- 172.21.15.39:0/409146118 --> [v2:172.21.15.39:3300/0,v1:172.21.15.39:6789/0] -- mon_subscribe({mgrmap=0+}) -- 0x7f1bdc108590 con 0x7f1bdc10a680
2024-05-04T02:59:59.920 INFO:teuthology.orchestra.run.smithi039.stdout:/usr/bin/ceph: stderr
2024-05-04T02:59:54.886+0000 7f1bd97fa700 1 -- 172.21.15.39:0/409146118 <== mon.0 v2:172.21.15.39:3300/0 3 ==== mon_map magic: 0 ==== 205+0+0 (secure 0 0 0) 0x7f1bcc019550 con 0x7f1bdc10a680
2024-05-04T02:59:59.920 INFO:teuthology.orchestra.run.smithi039.stdout:/usr/bin/ceph: stderr
2024-05-04T02:59:54.886+0000 7f1be22c1700 1 -- 172.21.15.39:0/409146118 --> [v2:172.21.15.39:3300/0,v1:172.21.15.39:6789/0] -- mon_subscribe({osdmap=0}) -- 0x7f1bdc108a70 con 0x7f1bdc10a680
2024-05-04T02:59:59.920 INFO:teuthology.orchestra.run.smithi039.stdout:/usr/bin/ceph: stderr
2024-05-04T02:59:54.887+0000 7f1bd97fa700 1 -- 172.21.15.39:0/409146118 <== mon.0 v2:172.21.15.39:3300/0 4 ==== mgrmap(e 8) ==== 50222+0+0 (secure 0 0 0) 0x7f1bcc019800 con 0x7f1bdc10a680
2024-05-04T02:59:59.920 INFO:teuthology.orchestra.run.smithi039.stdout:/usr/bin/ceph: stderr
2024-05-04T02:59:54.887+0000 7f1be22c1700 1 -- 172.21.15.39:0/409146118 --> [v2:172.21.15.39:3300/0,v1:172.21.15.39:6789/0] -- mon_command({"prefix": "get_command_descriptions"} v 0) -- 0x7f1bdc064e20 con 0x7f1bdc10a680
2024-05-04T02:59:59.920 INFO:teuthology.orchestra.run.smithi039.stdout:/usr/bin/ceph: stderr
2024-05-04T02:59:54.887+0000 7f1bd97fa700 1 --2- 172.21.15.39:0/409146118 >> [v2:172.21.15.39:6800/3594679658,v1:172.21.15.39:6801/3594679658] conn(0x7f1bc403e470 0x7f1bc4040980 unknown :-1 s=NONE pgs=0 cs=0 l=1 rev1=0 crypto rx=0 tx=0 comp rx=0 tx=0).connect
2024-05-04T02:59:59.920 INFO:teuthology.orchestra.run.smithi039.stdout:/usr/bin/ceph: stderr
2024-05-04T02:59:54.887+0000 7f1bd97fa700 1 -- 172.21.15.39:0/409146118 <== mon.0 v2:172.21.15.39:3300/0 5 ==== osd_map(2..2 src has 1..2) ==== 940+0+0 (secure 0 0 0) 0x7f1bcc053c80 con 0x7f1bdc10a680
2024-05-04T02:59:59.920 INFO:teuthology.orchestra.run.smithi039.stdout:/usr/bin/ceph: stderr
2024-05-04T02:59:54.887+0000 7f1bdb7fe700 1 --2- 172.21.15.39:0/409146118 >> [v2:172.21.15.39:6800/3594679658,v1:172.21.15.39:6801/3594679658] conn(0x7f1bc403e470 0x7f1bc4040980 unknown :-1 s=BANNER_CONNECTING pgs=0 cs=0 l=1 rev1=0 crypto rx=0 tx=0 comp rx=0 tx=0)._handle_peer_banner_payload supported=3 required=0
2024-05-04T02:59:59.920 INFO:teuthology.orchestra.run.smithi039.stdout:/usr/bin/ceph: stderr
2024-05-04T02:59:54.888+0000 7f1bdb7fe700 1 --2- 172.21.15.39:0/409146118 >> [v2:172.21.15.39:6800/3594679658,v1:172.21.15.39:6801/3594679658] conn(0x7f1bc403e470 0x7f1bc4040980 secure :-1 s=READY pgs=11 cs=0 l=1 rev1=1 crypto rx=0x7f1bd0006fd0 tx=0x7f1bd0006e40 comp rx=0 tx=0).ready entity=mgr.14120 client_cookie=0 server_cookie=0 in_seq=0 out_seq=0
2024-05-04T02:59:59.921 INFO:teuthology.orchestra.run.smithi039.stdout:/usr/bin/ceph: stderr
2024-05-04T02:59:54.892+0000 7f1bd97fa700 1 -- 172.21.15.39:0/409146118 <== mon.0 v2:172.21.15.39:3300/0 6 ==== mon_command_ack([{"prefix": "get_command_descriptions"}]=0 v0) ==== 72+0+191963 (secure 0 0 0) 0x7f1bcc05a080 con 0x7f1bdc10a680
2024-05-04T02:59:59.921 INFO:teuthology.orchestra.run.smithi039.stdout:/usr/bin/ceph: stderr
2024-05-04T02:59:55.110+0000 7f1be22c1700 1 -- 172.21.15.39:0/409146118 --> [v2:172.21.15.39:6800/3594679658,v1:172.21.15.39:6801/3594679658] -- mgr_command(tid 0: {"prefix": "orch host add", "hostname": "smithi039", "addr": "172.21.15.39", "target": ["mon-mgr", ""]}) -- 0x7f1bdc109220 con 0x7f1bc403e470
2024-05-04T02:59:59.921 INFO:teuthology.orchestra.run.smithi039.stdout:/usr/bin/ceph: stderr
2024-05-04T02:59:59.364+0000 7f1bd97fa700 1 -- 172.21.15.39:0/409146118 <== mgr.14120 v2:172.21.15.39:6800/3594679658 1 ==== mgr_command_reply(tid 0: 0 ) ==== 8+0+48 (secure 0 0 0) 0x7f1bdc109220 con 0x7f1bc403e470
2024-05-04T02:59:59.921 INFO:teuthology.orchestra.run.smithi039.stdout:/usr/bin/ceph: stderr
2024-05-04T02:59:59.366+0000 7f1be22c1700 1 -- 172.21.15.39:0/409146118 >> [v2:172.21.15.39:6800/3594679658,v1:172.21.15.39:6801/3594679658] conn(0x7f1bc403e470 msgr2=0x7f1bc4040980 secure :-1 s=STATE_CONNECTION_ESTABLISHED l=1).mark_down
2024-05-04T02:59:59.921 INFO:teuthology.orchestra.run.smithi039.stdout:/usr/bin/ceph: stderr
2024-05-04T02:59:59.366+0000 7f1be22c1700 1 --2- 172.21.15.39:0/409146118 >> [v2:172.21.15.39:6800/3594679658,v1:172.21.15.39:6801/3594679658] conn(0x7f1bc403e470 0x7f1bc4040980 secure :-1 s=READY pgs=11 cs=0 l=1 rev1=1 crypto rx=0x7f1bd0006fd0 tx=0x7f1bd0006e40 comp rx=0 tx=0).stop
2024-05-04T02:59:59.921 INFO:teuthology.orchestra.run.smithi039.stdout:/usr/bin/ceph: stderr
2024-05-04T02:59:59.366+0000 7f1be22c1700 1 -- 172.21.15.39:0/409146118 >> [v2:172.21.15.39:3300/0,v1:172.21.15.39:6789/0] conn(0x7f1bdc10a680 msgr2=0x7f1bdc109e00 secure :-1 s=STATE_CONNECTION_ESTABLISHED l=1).mark_down
2024-05-04T02:59:59.921 INFO:teuthology.orchestra.run.smithi039.stdout:/usr/bin/ceph: stderr
2024-05-04T02:59:59.366+0000 7f1be22c1700 1 --2- 172.21.15.39:0/409146118 >> [v2:172.21.15.39:3300/0,v1:172.21.15.39:6789/0] conn(0x7f1bdc10a680 0x7f1bdc109e00 secure :-1 s=READY pgs=46 cs=0 l=1 rev1=1 crypto rx=0x7f1bcc003f20 tx=0x7f1bcc011a60 comp rx=0 tx=0).stop
2024-05-04T02:59:59.921 INFO:teuthology.orchestra.run.smithi039.stdout:/usr/bin/ceph: stderr
2024-05-04T02:59:59.367+0000 7f1be22c1700 1 -- 172.21.15.39:0/409146118 shutdown_connections
2024-05-04T02:59:59.921 INFO:teuthology.orchestra.run.smithi039.stdout:/usr/bin/ceph: stderr
2024-05-04T02:59:59.367+0000 7f1be22c1700 1 --2- 172.21.15.39:0/409146118 >> [v2:172.21.15.39:6800/3594679658,v1:172.21.15.39:6801/3594679658] conn(0x7f1bc403e470 0x7f1bc4040980 unknown :-1 s=CLOSED pgs=11 cs=0 l=1 rev1=1 crypto rx=0 tx=0 comp rx=0 tx=0).stop
2024-05-04T02:59:59.921 INFO:teuthology.orchestra.run.smithi039.stdout:/usr/bin/ceph: stderr
2024-05-04T02:59:59.367+0000 7f1be22c1700 1 --2- 172.21.15.39:0/409146118 >> [v2:172.21.15.39:3300/0,v1:172.21.15.39:6789/0] conn(0x7f1bdc10a680 0x7f1bdc109e00 unknown :-1 s=CLOSED pgs=46 cs=0 l=1 rev1=1 crypto rx=0 tx=0 comp rx=0 tx=0).stop
2024-05-04T02:59:59.921 INFO:teuthology.orchestra.run.smithi039.stdout:/usr/bin/ceph: stderr
2024-05-04T02:59:59.367+0000 7f1be22c1700 1 -- 172.21.15.39:0/409146118 >> 172.21.15.39:0/409146118 conn(0x7f1bdc1040c0 msgr2=0x7f1bdc104a60 unknown :-1 s=STATE_NONE l=0).mark_down
2024-05-04T02:59:59.921 INFO:teuthology.orchestra.run.smithi039.stdout:/usr/bin/ceph: stderr
2024-05-04T02:59:59.367+0000 7f1be22c1700 1 -- 172.21.15.39:0/409146118 shutdown_connections
2024-05-04T02:59:59.921 INFO:teuthology.orchestra.run.smithi039.stdout:/usr/bin/ceph: stderr
2024-05-04T02:59:59.367+0000 7f1be22c1700 1 -- 172.21.15.39:0/409146118 wait complete.
2024-05-04T02:59:59.921 INFO:teuthology.orchestra.run.smithi039.stdout:Deploying unmanaged mon service...
2024-05-04T03:00:00.424 INFO:journalctl@ceph.mon.a.smithi039.stdout:May 04 03:00:00 smithi039 ceph-mon[29715]: from='mgr.14120 172.21.15.39:0/4168026819' entity='mgr.x'
2024-05-04T03:00:00.424 INFO:journalctl@ceph.mon.a.smithi039.stdout:May 04 03:00:00 smithi039 ceph-mon[29715]: Added host smithi039
2024-05-04T03:00:00.424 INFO:journalctl@ceph.mon.a.smithi039.stdout:May 04 03:00:00 smithi039 ceph-mon[29715]: from='mgr.14120 172.21.15.39:0/4168026819' entity='mgr.x' cmd=[{"prefix": "config dump", "format": "json"}]: dispatch
2024-05-04T03:00:01.799 INFO:teuthology.orchestra.run.smithi039.stdout:/usr/bin/ceph: stdout Scheduled mon update...
2024-05-04T03:00:01.799 INFO:teuthology.orchestra.run.smithi039.stdout:/usr/bin/ceph: stderr
2024-05-04T03:00:00.412+0000 7f67d8a57700 1 Processor -- start
2024-05-04T03:00:01.799 INFO:teuthology.orchestra.run.smithi039.stdout:/usr/bin/ceph: stderr
2024-05-04T03:00:00.412+0000 7f67d8a57700 1 -- start start
2024-05-04T03:00:01.799 INFO:teuthology.orchestra.run.smithi039.stdout:/usr/bin/ceph: stderr
2024-05-04T03:00:00.412+0000 7f67d8a57700 1 --2- >> [v2:172.21.15.39:3300/0,v1:172.21.15.39:6789/0] conn(0x7f67d410b180 0x7f67d410b590 unknown :-1 s=NONE pgs=0 cs=0 l=0 rev1=0 crypto rx=0 tx=0 comp rx=0 tx=0).connect
2024-05-04T03:00:01.800 INFO:teuthology.orchestra.run.smithi039.stdout:/usr/bin/ceph: stderr
2024-05-04T03:00:00.412+0000 7f67d8a57700 1 -- --> [v2:172.21.15.39:3300/0,v1:172.21.15.39:6789/0] -- mon_getmap magic: 0 -- 0x7f67d410bb60 con 0x7f67d410b180
2024-05-04T03:00:01.800 INFO:teuthology.orchestra.run.smithi039.stdout:/usr/bin/ceph: stderr
2024-05-04T03:00:00.412+0000 7f67d259c700 1 --2- >> [v2:172.21.15.39:3300/0,v1:172.21.15.39:6789/0] conn(0x7f67d410b180 0x7f67d410b590 unknown :-1 s=BANNER_CONNECTING pgs=0 cs=0 l=0 rev1=0 crypto rx=0 tx=0 comp rx=0 tx=0)._handle_peer_banner_payload supported=3 required=0
2024-05-04T03:00:01.800 INFO:teuthology.orchestra.run.smithi039.stdout:/usr/bin/ceph: stderr
2024-05-04T03:00:00.412+0000 7f67d259c700 1 --2- >> [v2:172.21.15.39:3300/0,v1:172.21.15.39:6789/0] conn(0x7f67d410b180 0x7f67d410b590 unknown :-1 s=HELLO_CONNECTING pgs=0 cs=0 l=0 rev1=1 crypto rx=0 tx=0 comp rx=0 tx=0).handle_hello peer v2:172.21.15.39:3300/0 says I am v2:172.21.15.39:57872/0 (socket says 172.21.15.39:57872)
2024-05-04T03:00:01.800 INFO:teuthology.orchestra.run.smithi039.stdout:/usr/bin/ceph: stderr
2024-05-04T03:00:00.412+0000 7f67d259c700 1 -- 172.21.15.39:0/3419242746 learned_addr learned my addr 172.21.15.39:0/3419242746 (peer_addr_for_me v2:172.21.15.39:0/0)
2024-05-04T03:00:01.800 INFO:teuthology.orchestra.run.smithi039.stdout:/usr/bin/ceph: stderr
2024-05-04T03:00:00.413+0000 7f67d259c700 1 -- 172.21.15.39:0/3419242746 --> [v2:172.21.15.39:3300/0,v1:172.21.15.39:6789/0] -- mon_subscribe({config=0+,monmap=0+}) -- 0x7f67d410bce0 con 0x7f67d410b180
2024-05-04T03:00:01.800 INFO:teuthology.orchestra.run.smithi039.stdout:/usr/bin/ceph: stderr
2024-05-04T03:00:00.413+0000 7f67d259c700 1 --2- 172.21.15.39:0/3419242746 >> [v2:172.21.15.39:3300/0,v1:172.21.15.39:6789/0] conn(0x7f67d410b180 0x7f67d410b590 secure :-1 s=READY pgs=47 cs=0 l=1 rev1=1 crypto rx=0x7f67c40098a0 tx=0x7f67c4009bb0 comp rx=0 tx=0).ready entity=mon.0 client_cookie=18ad79efe78b6a57 server_cookie=0 in_seq=0 out_seq=0
2024-05-04T03:00:01.800 INFO:teuthology.orchestra.run.smithi039.stdout:/usr/bin/ceph: stderr
2024-05-04T03:00:00.413+0000 7f67d159a700 1 -- 172.21.15.39:0/3419242746 <== mon.0 v2:172.21.15.39:3300/0 1 ==== mon_map magic: 0 ==== 205+0+0 (secure 0 0 0) 0x7f67c4004160 con 0x7f67d410b180
2024-05-04T03:00:01.800 INFO:teuthology.orchestra.run.smithi039.stdout:/usr/bin/ceph: stderr
2024-05-04T03:00:00.413+0000 7f67d159a700 1 -- 172.21.15.39:0/3419242746 <== mon.0 v2:172.21.15.39:3300/0 2 ==== config(25 keys) ==== 1032+0+0 (secure 0 0 0) 0x7f67c4004300 con 0x7f67d410b180
2024-05-04T03:00:01.800 INFO:teuthology.orchestra.run.smithi039.stdout:/usr/bin/ceph: stderr
2024-05-04T03:00:00.413+0000 7f67d159a700 1 -- 172.21.15.39:0/3419242746 <== mon.0 v2:172.21.15.39:3300/0 3 ==== mon_map magic: 0 ==== 205+0+0 (secure 0 0 0) 0x7f67c40119e0 con 0x7f67d410b180
2024-05-04T03:00:01.800 INFO:teuthology.orchestra.run.smithi039.stdout:/usr/bin/ceph: stderr
2024-05-04T03:00:00.414+0000 7f67d8a57700 1 -- 172.21.15.39:0/3419242746 >> [v2:172.21.15.39:3300/0,v1:172.21.15.39:6789/0] conn(0x7f67d410b180 msgr2=0x7f67d410b590 secure :-1 s=STATE_CONNECTION_ESTABLISHED l=1).mark_down
2024-05-04T03:00:01.800 INFO:teuthology.orchestra.run.smithi039.stdout:/usr/bin/ceph: stderr
2024-05-04T03:00:00.414+0000 7f67d8a57700 1 --2- 172.21.15.39:0/3419242746 >> [v2:172.21.15.39:3300/0,v1:172.21.15.39:6789/0] conn(0x7f67d410b180 0x7f67d410b590 secure :-1 s=READY pgs=47 cs=0 l=1 rev1=1 crypto rx=0x7f67c40098a0 tx=0x7f67c4009bb0 comp rx=0 tx=0).stop
2024-05-04T03:00:01.800 INFO:teuthology.orchestra.run.smithi039.stdout:/usr/bin/ceph: stderr
2024-05-04T03:00:00.414+0000 7f67d8a57700 1 -- 172.21.15.39:0/3419242746 shutdown_connections
2024-05-04T03:00:01.800 INFO:teuthology.orchestra.run.smithi039.stdout:/usr/bin/ceph: stderr
2024-05-04T03:00:00.414+0000 7f67d8a57700 1 --2- 172.21.15.39:0/3419242746 >> [v2:172.21.15.39:3300/0,v1:172.21.15.39:6789/0] conn(0x7f67d410b180 0x7f67d410b590 unknown :-1 s=CLOSED pgs=47 cs=0 l=1 rev1=1 crypto rx=0 tx=0 comp rx=0 tx=0).stop
2024-05-04T03:00:01.800 INFO:teuthology.orchestra.run.smithi039.stdout:/usr/bin/ceph: stderr
2024-05-04T03:00:00.414+0000 7f67d8a57700 1 -- 172.21.15.39:0/3419242746 >> 172.21.15.39:0/3419242746 conn(0x7f67d4103860 msgr2=0x7f67d4105cb0 unknown :-1 s=STATE_NONE l=0).mark_down
2024-05-04T03:00:01.801 INFO:teuthology.orchestra.run.smithi039.stdout:/usr/bin/ceph: stderr
2024-05-04T03:00:00.414+0000 7f67d8a57700 1 -- 172.21.15.39:0/3419242746 shutdown_connections
2024-05-04T03:00:01.801 INFO:teuthology.orchestra.run.smithi039.stdout:/usr/bin/ceph: stderr
2024-05-04T03:00:00.414+0000 7f67d8a57700 1 -- 172.21.15.39:0/3419242746 wait complete.
2024-05-04T03:00:01.801 INFO:teuthology.orchestra.run.smithi039.stdout:/usr/bin/ceph: stderr
2024-05-04T03:00:00.415+0000 7f67d8a57700 1 Processor -- start
2024-05-04T03:00:01.801 INFO:teuthology.orchestra.run.smithi039.stdout:/usr/bin/ceph: stderr
2024-05-04T03:00:00.415+0000 7f67d8a57700 1 -- start start
2024-05-04T03:00:01.801 INFO:teuthology.orchestra.run.smithi039.stdout:/usr/bin/ceph: stderr
2024-05-04T03:00:00.415+0000 7f67d8a57700 1 --2- >> [v2:172.21.15.39:3300/0,v1:172.21.15.39:6789/0] conn(0x7f67d410b180 0x7f67d410a670 unknown :-1 s=NONE pgs=0 cs=0 l=1 rev1=0 crypto rx=0 tx=0 comp rx=0 tx=0).connect
2024-05-04T03:00:01.801 INFO:teuthology.orchestra.run.smithi039.stdout:/usr/bin/ceph: stderr
2024-05-04T03:00:00.415+0000 7f67d8a57700 1 -- --> [v2:172.21.15.39:3300/0,v1:172.21.15.39:6789/0] -- mon_getmap magic: 0 -- 0x7f67d4108890 con 0x7f67d410b180
2024-05-04T03:00:01.801 INFO:teuthology.orchestra.run.smithi039.stdout:/usr/bin/ceph: stderr
2024-05-04T03:00:00.415+0000 7f67d259c700 1 --2- >> [v2:172.21.15.39:3300/0,v1:172.21.15.39:6789/0] conn(0x7f67d410b180 0x7f67d410a670 unknown :-1 s=BANNER_CONNECTING pgs=0 cs=0 l=1 rev1=0 crypto rx=0 tx=0 comp rx=0 tx=0)._handle_peer_banner_payload supported=3 required=0
2024-05-04T03:00:01.801 INFO:teuthology.orchestra.run.smithi039.stdout:/usr/bin/ceph: stderr
2024-05-04T03:00:00.415+0000 7f67d259c700 1 --2- >> [v2:172.21.15.39:3300/0,v1:172.21.15.39:6789/0] conn(0x7f67d410b180 0x7f67d410a670 unknown :-1 s=HELLO_CONNECTING pgs=0 cs=0 l=1 rev1=1 crypto rx=0 tx=0 comp rx=0 tx=0).handle_hello peer v2:172.21.15.39:3300/0 says I am v2:172.21.15.39:57880/0 (socket says 172.21.15.39:57880)
2024-05-04T03:00:01.801 INFO:teuthology.orchestra.run.smithi039.stdout:/usr/bin/ceph: stderr
2024-05-04T03:00:00.415+0000 7f67d259c700 1 -- 172.21.15.39:0/2573344566 learned_addr learned my addr 172.21.15.39:0/2573344566 (peer_addr_for_me v2:172.21.15.39:0/0)
2024-05-04T03:00:01.801 INFO:teuthology.orchestra.run.smithi039.stdout:/usr/bin/ceph: stderr
2024-05-04T03:00:00.415+0000 7f67d259c700 1 -- 172.21.15.39:0/2573344566 --> [v2:172.21.15.39:3300/0,v1:172.21.15.39:6789/0] -- mon_subscribe({config=0+,monmap=0+}) -- 0x7f67d410abb0 con 0x7f67d410b180
2024-05-04T03:00:01.801 INFO:teuthology.orchestra.run.smithi039.stdout:/usr/bin/ceph: stderr
2024-05-04T03:00:00.415+0000 7f67d259c700 1 --2- 172.21.15.39:0/2573344566 >> [v2:172.21.15.39:3300/0,v1:172.21.15.39:6789/0] conn(0x7f67d410b180 0x7f67d410a670 secure :-1 s=READY pgs=48 cs=0 l=1 rev1=1 crypto rx=0x7f67c40116a0 tx=0x7f67c4011a60 comp rx=0 tx=0).ready entity=mon.0 client_cookie=0 server_cookie=0 in_seq=0 out_seq=0
2024-05-04T03:00:01.801 INFO:teuthology.orchestra.run.smithi039.stdout:/usr/bin/ceph: stderr
2024-05-04T03:00:00.416+0000 7f67cb7fe700 1 -- 172.21.15.39:0/2573344566 <== mon.0 v2:172.21.15.39:3300/0 1 ==== mon_map magic: 0 ==== 205+0+0 (secure 0 0 0) 0x7f67c40038b0 con 0x7f67d410b180
2024-05-04T03:00:01.801 INFO:teuthology.orchestra.run.smithi039.stdout:/usr/bin/ceph: stderr
2024-05-04T03:00:00.416+0000 7f67d8a57700 1 -- 172.21.15.39:0/2573344566 --> [v2:172.21.15.39:3300/0,v1:172.21.15.39:6789/0] -- mon_subscribe({mgrmap=0+}) -- 0x7f67d4108e00 con 0x7f67d410b180
2024-05-04T03:00:01.802 INFO:teuthology.orchestra.run.smithi039.stdout:/usr/bin/ceph: stderr
2024-05-04T03:00:00.416+0000 7f67cb7fe700 1 -- 172.21.15.39:0/2573344566 <== mon.0 v2:172.21.15.39:3300/0 2 ==== config(25 keys) ==== 1032+0+0 (secure 0 0 0) 0x7f67c4003a50 con 0x7f67d410b180
2024-05-04T03:00:01.802 INFO:teuthology.orchestra.run.smithi039.stdout:/usr/bin/ceph: stderr
2024-05-04T03:00:00.416+0000 7f67cb7fe700 1 -- 172.21.15.39:0/2573344566 <== mon.0 v2:172.21.15.39:3300/0 3 ==== mon_map magic: 0 ==== 205+0+0 (secure 0 0 0) 0x7f67c4019550 con 0x7f67d410b180
2024-05-04T03:00:01.802 INFO:teuthology.orchestra.run.smithi039.stdout:/usr/bin/ceph: stderr
2024-05-04T03:00:00.416+0000 7f67d8a57700 1 -- 172.21.15.39:0/2573344566 --> [v2:172.21.15.39:3300/0,v1:172.21.15.39:6789/0] -- mon_subscribe({osdmap=0}) -- 0x7f67d41092e0 con 0x7f67d410b180
2024-05-04T03:00:01.802 INFO:teuthology.orchestra.run.smithi039.stdout:/usr/bin/ceph: stderr
2024-05-04T03:00:00.417+0000 7f67d8a57700 1 -- 172.21.15.39:0/2573344566 --> [v2:172.21.15.39:3300/0,v1:172.21.15.39:6789/0] -- mon_command({"prefix": "get_command_descriptions"} v 0) -- 0x7f67d4064e20 con 0x7f67d410b180
2024-05-04T03:00:01.802 INFO:teuthology.orchestra.run.smithi039.stdout:/usr/bin/ceph: stderr
2024-05-04T03:00:00.417+0000 7f67cb7fe700 1 -- 172.21.15.39:0/2573344566 <== mon.0 v2:172.21.15.39:3300/0 4 ==== mgrmap(e 8) ==== 50222+0+0 (secure 0 0 0) 0x7f67c4019850 con 0x7f67d410b180
2024-05-04T03:00:01.802 INFO:teuthology.orchestra.run.smithi039.stdout:/usr/bin/ceph: stderr
2024-05-04T03:00:00.417+0000 7f67cb7fe700 1 --2- 172.21.15.39:0/2573344566 >> [v2:172.21.15.39:6800/3594679658,v1:172.21.15.39:6801/3594679658] conn(0x7f67c003e420 0x7f67c0040930 unknown :-1 s=NONE pgs=0 cs=0 l=1 rev1=0 crypto rx=0 tx=0 comp rx=0 tx=0).connect
2024-05-04T03:00:01.802 INFO:teuthology.orchestra.run.smithi039.stdout:/usr/bin/ceph: stderr
2024-05-04T03:00:00.417+0000 7f67cb7fe700 1 -- 172.21.15.39:0/2573344566 <== mon.0 v2:172.21.15.39:3300/0 5 ==== osd_map(2..2 src has 1..2) ==== 940+0+0 (secure 0 0 0) 0x7f67c4053c40 con 0x7f67d410b180
2024-05-04T03:00:01.802 INFO:teuthology.orchestra.run.smithi039.stdout:/usr/bin/ceph: stderr
2024-05-04T03:00:00.417+0000 7f67d1d9b700 1 --2- 172.21.15.39:0/2573344566 >> [v2:172.21.15.39:6800/3594679658,v1:172.21.15.39:6801/3594679658] conn(0x7f67c003e420 0x7f67c0040930 unknown :-1 s=BANNER_CONNECTING pgs=0 cs=0 l=1 rev1=0 crypto rx=0 tx=0 comp rx=0 tx=0)._handle_peer_banner_payload supported=3 required=0
2024-05-04T03:00:01.802 INFO:teuthology.orchestra.run.smithi039.stdout:/usr/bin/ceph: stderr
2024-05-04T03:00:00.417+0000 7f67d1d9b700 1 --2- 172.21.15.39:0/2573344566 >> [v2:172.21.15.39:6800/3594679658,v1:172.21.15.39:6801/3594679658] conn(0x7f67c003e420 0x7f67c0040930 secure :-1 s=READY pgs=12 cs=0 l=1 rev1=1 crypto rx=0x7f67bc006fd0 tx=0x7f67bc006e40 comp rx=0 tx=0).ready entity=mgr.14120 client_cookie=0 server_cookie=0 in_seq=0 out_seq=0
2024-05-04T03:00:01.802 INFO:teuthology.orchestra.run.smithi039.stdout:/usr/bin/ceph: stderr
2024-05-04T03:00:00.422+0000 7f67cb7fe700 1 -- 172.21.15.39:0/2573344566 <== mon.0 v2:172.21.15.39:3300/0 6 ==== mon_command_ack([{"prefix": "get_command_descriptions"}]=0 v0) ==== 72+0+191963 (secure 0 0 0) 0x7f67c4017e90 con 0x7f67d410b180
2024-05-04T03:00:01.802 INFO:teuthology.orchestra.run.smithi039.stdout:/usr/bin/ceph: stderr
2024-05-04T03:00:00.655+0000 7f67d8a57700 1 -- 172.21.15.39:0/2573344566 --> [v2:172.21.15.39:6800/3594679658,v1:172.21.15.39:6801/3594679658] -- mgr_command(tid 0: {"prefix": "orch apply", "service_type": "mon", "unmanaged": true, "target": ["mon-mgr", ""]}) -- 0x7f67d4109a90 con 0x7f67c003e420
2024-05-04T03:00:01.802 INFO:teuthology.orchestra.run.smithi039.stdout:/usr/bin/ceph: stderr
2024-05-04T03:00:00.663+0000 7f67cb7fe700 1 -- 172.21.15.39:0/2573344566 <== mgr.14120 v2:172.21.15.39:6800/3594679658 1 ==== mgr_command_reply(tid 0: 0 ) ==== 8+0+24 (secure 0 0 0) 0x7f67d4109a90 con 0x7f67c003e420
2024-05-04T03:00:01.802 INFO:teuthology.orchestra.run.smithi039.stdout:/usr/bin/ceph: stderr
2024-05-04T03:00:00.665+0000 7f67d8a57700 1 -- 172.21.15.39:0/2573344566 >> [v2:172.21.15.39:6800/3594679658,v1:172.21.15.39:6801/3594679658] conn(0x7f67c003e420 msgr2=0x7f67c0040930 secure :-1 s=STATE_CONNECTION_ESTABLISHED l=1).mark_down
2024-05-04T03:00:01.803 INFO:teuthology.orchestra.run.smithi039.stdout:/usr/bin/ceph: stderr
2024-05-04T03:00:00.665+0000 7f67d8a57700 1 --2- 172.21.15.39:0/2573344566 >> [v2:172.21.15.39:6800/3594679658,v1:172.21.15.39:6801/3594679658] conn(0x7f67c003e420 0x7f67c0040930 secure :-1 s=READY pgs=12 cs=0 l=1 rev1=1 crypto rx=0x7f67bc006fd0 tx=0x7f67bc006e40 comp rx=0 tx=0).stop
2024-05-04T03:00:01.803 INFO:teuthology.orchestra.run.smithi039.stdout:/usr/bin/ceph: stderr
2024-05-04T03:00:00.665+0000 7f67d8a57700 1 -- 172.21.15.39:0/2573344566 >> [v2:172.21.15.39:3300/0,v1:172.21.15.39:6789/0] conn(0x7f67d410b180 msgr2=0x7f67d410a670 secure :-1 s=STATE_CONNECTION_ESTABLISHED l=1).mark_down
2024-05-04T03:00:01.803 INFO:teuthology.orchestra.run.smithi039.stdout:/usr/bin/ceph: stderr
2024-05-04T03:00:00.665+0000 7f67d8a57700 1 --2- 172.21.15.39:0/2573344566 >> [v2:172.21.15.39:3300/0,v1:172.21.15.39:6789/0] conn(0x7f67d410b180 0x7f67d410a670 secure :-1 s=READY pgs=48 cs=0 l=1 rev1=1 crypto rx=0x7f67c40116a0 tx=0x7f67c4011a60 comp rx=0 tx=0).stop
2024-05-04T03:00:01.803 INFO:teuthology.orchestra.run.smithi039.stdout:/usr/bin/ceph: stderr
2024-05-04T03:00:00.665+0000 7f67d8a57700 1 -- 172.21.15.39:0/2573344566 shutdown_connections
2024-05-04T03:00:01.803 INFO:teuthology.orchestra.run.smithi039.stdout:/usr/bin/ceph: stderr
2024-05-04T03:00:00.665+0000 7f67d8a57700 1 --2- 172.21.15.39:0/2573344566 >> [v2:172.21.15.39:6800/3594679658,v1:172.21.15.39:6801/3594679658] conn(0x7f67c003e420 0x7f67c0040930 unknown :-1 s=CLOSED pgs=12 cs=0 l=1 rev1=1 crypto rx=0 tx=0 comp rx=0 tx=0).stop
2024-05-04T03:00:01.803 INFO:teuthology.orchestra.run.smithi039.stdout:/usr/bin/ceph: stderr
2024-05-04T03:00:00.665+0000 7f67d8a57700 1 --2- 172.21.15.39:0/2573344566 >> [v2:172.21.15.39:3300/0,v1:172.21.15.39:6789/0] conn(0x7f67d410b180 0x7f67d410a670 unknown :-1 s=CLOSED pgs=48 cs=0 l=1 rev1=1 crypto rx=0 tx=0 comp rx=0 tx=0).stop
2024-05-04T03:00:01.803 INFO:teuthology.orchestra.run.smithi039.stdout:/usr/bin/ceph: stderr
2024-05-04T03:00:00.665+0000 7f67d8a57700 1 -- 172.21.15.39:0/2573344566 >> 172.21.15.39:0/2573344566 conn(0x7f67d4103860 msgr2=0x7f67d4105160 unknown :-1 s=STATE_NONE l=0).mark_down
2024-05-04T03:00:01.803 INFO:teuthology.orchestra.run.smithi039.stdout:/usr/bin/ceph: stderr
2024-05-04T03:00:00.665+0000 7f67d8a57700 1 -- 172.21.15.39:0/2573344566 shutdown_connections
2024-05-04T03:00:01.803 INFO:teuthology.orchestra.run.smithi039.stdout:/usr/bin/ceph: stderr
2024-05-04T03:00:00.665+0000 7f67d8a57700 1 -- 172.21.15.39:0/2573344566 wait complete.
2024-05-04T03:00:01.803 INFO:teuthology.orchestra.run.smithi039.stdout:Deploying unmanaged mgr service...
2024-05-04T03:00:01.907 INFO:journalctl@ceph.mon.a.smithi039.stdout:May 04 03:00:01 smithi039 ceph-mon[29715]: from='client.14142 -' entity='client.admin' cmd=[{"prefix": "orch apply", "service_type": "mon", "unmanaged": true, "target": ["mon-mgr", ""]}]: dispatch
2024-05-04T03:00:01.908 INFO:journalctl@ceph.mon.a.smithi039.stdout:May 04 03:00:01 smithi039 ceph-mon[29715]: Saving service mon spec with placement count:5
2024-05-04T03:00:01.908 INFO:journalctl@ceph.mon.a.smithi039.stdout:May 04 03:00:01 smithi039 ceph-mon[29715]: from='mgr.14120 172.21.15.39:0/4168026819' entity='mgr.x'
2024-05-04T03:00:03.116 INFO:teuthology.orchestra.run.smithi039.stdout:/usr/bin/ceph: stdout Scheduled mgr update...
2024-05-04T03:00:03.116 INFO:teuthology.orchestra.run.smithi039.stdout:/usr/bin/ceph: stderr
2024-05-04T03:00:02.218+0000 7fdf903f1700 1 Processor -- start
2024-05-04T03:00:03.116 INFO:teuthology.orchestra.run.smithi039.stdout:/usr/bin/ceph: stderr
2024-05-04T03:00:02.219+0000 7fdf903f1700 1 -- start start
2024-05-04T03:00:03.116 INFO:teuthology.orchestra.run.smithi039.stdout:/usr/bin/ceph: stderr
2024-05-04T03:00:02.219+0000 7fdf903f1700 1 --2- >> [v2:172.21.15.39:3300/0,v1:172.21.15.39:6789/0] conn(0x7fdf8807d4d0 0x7fdf8810c770 unknown :-1 s=NONE pgs=0 cs=0 l=0 rev1=0 crypto rx=0 tx=0 comp rx=0 tx=0).connect
2024-05-04T03:00:03.116 INFO:teuthology.orchestra.run.smithi039.stdout:/usr/bin/ceph: stderr
2024-05-04T03:00:02.219+0000 7fdf903f1700 1 -- --> [v2:172.21.15.39:3300/0,v1:172.21.15.39:6789/0] -- mon_getmap magic: 0 -- 0x7fdf8810cd40 con 0x7fdf8807d4d0
2024-05-04T03:00:03.116 INFO:teuthology.orchestra.run.smithi039.stdout:/usr/bin/ceph: stderr
2024-05-04T03:00:02.219+0000 7fdf8e18d700 1 --2- >> [v2:172.21.15.39:3300/0,v1:172.21.15.39:6789/0] conn(0x7fdf8807d4d0 0x7fdf8810c770 unknown :-1 s=BANNER_CONNECTING pgs=0 cs=0 l=0 rev1=0 crypto rx=0 tx=0 comp rx=0 tx=0)._handle_peer_banner_payload supported=3 required=0
2024-05-04T03:00:03.116 INFO:teuthology.orchestra.run.smithi039.stdout:/usr/bin/ceph: stderr
2024-05-04T03:00:02.219+0000 7fdf8e18d700 1 --2- >> [v2:172.21.15.39:3300/0,v1:172.21.15.39:6789/0] conn(0x7fdf8807d4d0 0x7fdf8810c770 unknown :-1 s=HELLO_CONNECTING pgs=0 cs=0 l=0 rev1=1 crypto rx=0 tx=0 comp rx=0 tx=0).handle_hello peer v2:172.21.15.39:3300/0 says I am v2:172.21.15.39:57884/0 (socket says 172.21.15.39:57884)
2024-05-04T03:00:03.116 INFO:teuthology.orchestra.run.smithi039.stdout:/usr/bin/ceph: stderr
2024-05-04T03:00:02.219+0000 7fdf8e18d700 1 -- 172.21.15.39:0/680174512 learned_addr learned my addr 172.21.15.39:0/680174512 (peer_addr_for_me v2:172.21.15.39:0/0)
2024-05-04T03:00:03.117 INFO:teuthology.orchestra.run.smithi039.stdout:/usr/bin/ceph: stderr
2024-05-04T03:00:02.220+0000 7fdf8e18d700 1 -- 172.21.15.39:0/680174512 --> [v2:172.21.15.39:3300/0,v1:172.21.15.39:6789/0] -- mon_subscribe({config=0+,monmap=0+}) -- 0x7fdf8810cec0 con 0x7fdf8807d4d0
2024-05-04T03:00:03.117 INFO:teuthology.orchestra.run.smithi039.stdout:/usr/bin/ceph: stderr
2024-05-04T03:00:02.220+0000 7fdf8e18d700 1 --2- 172.21.15.39:0/680174512 >> [v2:172.21.15.39:3300/0,v1:172.21.15.39:6789/0] conn(0x7fdf8807d4d0 0x7fdf8810c770 secure :-1 s=READY pgs=49 cs=0 l=1 rev1=1 crypto rx=0x7fdf840098a0 tx=0x7fdf84009bb0 comp rx=0 tx=0).ready entity=mon.0 client_cookie=b61f8321c53915d5 server_cookie=0 in_seq=0 out_seq=0
2024-05-04T03:00:03.117 INFO:teuthology.orchestra.run.smithi039.stdout:/usr/bin/ceph: stderr
2024-05-04T03:00:02.220+0000 7fdf8d18b700 1 -- 172.21.15.39:0/680174512 <== mon.0 v2:172.21.15.39:3300/0 1 ==== mon_map magic: 0 ==== 205+0+0 (secure 0 0 0) 0x7fdf84004160 con 0x7fdf8807d4d0
2024-05-04T03:00:03.117 INFO:teuthology.orchestra.run.smithi039.stdout:/usr/bin/ceph: stderr
2024-05-04T03:00:02.220+0000 7fdf8d18b700 1 -- 172.21.15.39:0/680174512 <== mon.0 v2:172.21.15.39:3300/0 2 ==== config(25 keys) ==== 1032+0+0 (secure 0 0 0) 0x7fdf84004300 con 0x7fdf8807d4d0
2024-05-04T03:00:03.117 INFO:teuthology.orchestra.run.smithi039.stdout:/usr/bin/ceph: stderr
2024-05-04T03:00:02.220+0000 7fdf8d18b700 1 -- 172.21.15.39:0/680174512 <== mon.0 v2:172.21.15.39:3300/0 3 ==== mon_map magic: 0 ==== 205+0+0 (secure 0 0 0) 0x7fdf840119e0 con 0x7fdf8807d4d0
2024-05-04T03:00:03.117 INFO:teuthology.orchestra.run.smithi039.stdout:/usr/bin/ceph: stderr
2024-05-04T03:00:02.221+0000 7fdf903f1700 1 -- 172.21.15.39:0/680174512 >> [v2:172.21.15.39:3300/0,v1:172.21.15.39:6789/0] conn(0x7fdf8807d4d0 msgr2=0x7fdf8810c770 secure :-1 s=STATE_CONNECTION_ESTABLISHED l=1).mark_down
2024-05-04T03:00:03.117 INFO:teuthology.orchestra.run.smithi039.stdout:/usr/bin/ceph: stderr
2024-05-04T03:00:02.221+0000 7fdf903f1700 1 --2- 172.21.15.39:0/680174512 >> [v2:172.21.15.39:3300/0,v1:172.21.15.39:6789/0] conn(0x7fdf8807d4d0 0x7fdf8810c770 secure :-1 s=READY pgs=49 cs=0 l=1 rev1=1 crypto rx=0x7fdf840098a0 tx=0x7fdf84009bb0 comp rx=0 tx=0).stop
2024-05-04T03:00:03.117 INFO:teuthology.orchestra.run.smithi039.stdout:/usr/bin/ceph: stderr
2024-05-04T03:00:02.221+0000 7fdf903f1700 1 -- 172.21.15.39:0/680174512 shutdown_connections
2024-05-04T03:00:03.117 INFO:teuthology.orchestra.run.smithi039.stdout:/usr/bin/ceph: stderr
2024-05-04T03:00:02.221+0000 7fdf903f1700 1 --2- 172.21.15.39:0/680174512 >> [v2:172.21.15.39:3300/0,v1:172.21.15.39:6789/0] conn(0x7fdf8807d4d0 0x7fdf8810c770 unknown :-1 s=CLOSED pgs=49 cs=0 l=1 rev1=1 crypto rx=0 tx=0 comp rx=0 tx=0).stop
2024-05-04T03:00:03.117 INFO:teuthology.orchestra.run.smithi039.stdout:/usr/bin/ceph: stderr
2024-05-04T03:00:02.221+0000 7fdf903f1700 1 -- 172.21.15.39:0/680174512 >> 172.21.15.39:0/680174512 conn(0x7fdf881040c0 msgr2=0x7fdf88106590 unknown :-1 s=STATE_NONE l=0).mark_down
2024-05-04T03:00:03.117 INFO:teuthology.orchestra.run.smithi039.stdout:/usr/bin/ceph: stderr
2024-05-04T03:00:02.221+0000 7fdf903f1700 1 -- 172.21.15.39:0/680174512 shutdown_connections
2024-05-04T03:00:03.118 INFO:teuthology.orchestra.run.smithi039.stdout:/usr/bin/ceph: stderr
2024-05-04T03:00:02.221+0000 7fdf903f1700 1 -- 172.21.15.39:0/680174512 wait complete.
2024-05-04T03:00:03.118 INFO:teuthology.orchestra.run.smithi039.stdout:/usr/bin/ceph: stderr
2024-05-04T03:00:02.222+0000 7fdf903f1700 1 Processor -- start
2024-05-04T03:00:03.118 INFO:teuthology.orchestra.run.smithi039.stdout:/usr/bin/ceph: stderr
2024-05-04T03:00:02.222+0000 7fdf903f1700 1 -- start start
2024-05-04T03:00:03.118 INFO:teuthology.orchestra.run.smithi039.stdout:/usr/bin/ceph: stderr
2024-05-04T03:00:02.222+0000 7fdf903f1700 1 --2- >> [v2:172.21.15.39:3300/0,v1:172.21.15.39:6789/0] conn(0x7fdf8807d4d0 0x7fdf8819dd80 unknown :-1 s=NONE pgs=0 cs=0 l=1 rev1=0 crypto rx=0 tx=0 comp rx=0 tx=0).connect
2024-05-04T03:00:03.118 INFO:teuthology.orchestra.run.smithi039.stdout:/usr/bin/ceph: stderr
2024-05-04T03:00:02.222+0000 7fdf903f1700 1 -- --> [v2:172.21.15.39:3300/0,v1:172.21.15.39:6789/0] -- mon_getmap magic: 0 -- 0x7fdf8810dda0 con 0x7fdf8807d4d0
2024-05-04T03:00:03.118 INFO:teuthology.orchestra.run.smithi039.stdout:/usr/bin/ceph: stderr
2024-05-04T03:00:02.222+0000 7fdf8e18d700 1 --2- >> [v2:172.21.15.39:3300/0,v1:172.21.15.39:6789/0] conn(0x7fdf8807d4d0 0x7fdf8819dd80 unknown :-1 s=BANNER_CONNECTING pgs=0 cs=0 l=1 rev1=0 crypto rx=0 tx=0 comp rx=0 tx=0)._handle_peer_banner_payload supported=3 required=0
2024-05-04T03:00:03.118 INFO:teuthology.orchestra.run.smithi039.stdout:/usr/bin/ceph: stderr
2024-05-04T03:00:02.222+0000 7fdf8e18d700 1 --2- >> [v2:172.21.15.39:3300/0,v1:172.21.15.39:6789/0] conn(0x7fdf8807d4d0 0x7fdf8819dd80 unknown :-1 s=HELLO_CONNECTING pgs=0 cs=0 l=1 rev1=1 crypto rx=0 tx=0 comp rx=0 tx=0).handle_hello peer v2:172.21.15.39:3300/0 says I am v2:172.21.15.39:57886/0 (socket says 172.21.15.39:57886)
2024-05-04T03:00:03.118 INFO:teuthology.orchestra.run.smithi039.stdout:/usr/bin/ceph: stderr
2024-05-04T03:00:02.222+0000 7fdf8e18d700 1 -- 172.21.15.39:0/3985666798 learned_addr learned my addr 172.21.15.39:0/3985666798 (peer_addr_for_me v2:172.21.15.39:0/0)
2024-05-04T03:00:03.118 INFO:teuthology.orchestra.run.smithi039.stdout:/usr/bin/ceph: stderr
2024-05-04T03:00:02.222+0000 7fdf8e18d700 1 -- 172.21.15.39:0/3985666798 --> [v2:172.21.15.39:3300/0,v1:172.21.15.39:6789/0] -- mon_subscribe({config=0+,monmap=0+}) -- 0x7fdf8819e2c0 con 0x7fdf8807d4d0
2024-05-04T03:00:03.118 INFO:teuthology.orchestra.run.smithi039.stdout:/usr/bin/ceph: stderr
2024-05-04T03:00:02.222+0000 7fdf8e18d700 1 --2- 172.21.15.39:0/3985666798 >> [v2:172.21.15.39:3300/0,v1:172.21.15.39:6789/0] conn(0x7fdf8807d4d0 0x7fdf8819dd80 secure :-1 s=READY pgs=50 cs=0 l=1 rev1=1 crypto rx=0x7fdf840116a0 tx=0x7fdf84011a60 comp rx=0 tx=0).ready entity=mon.0 client_cookie=0 server_cookie=0 in_seq=0 out_seq=0
2024-05-04T03:00:03.118 INFO:teuthology.orchestra.run.smithi039.stdout:/usr/bin/ceph: stderr
2024-05-04T03:00:02.223+0000 7fdf7f7fe700 1 -- 172.21.15.39:0/3985666798 <== mon.0 v2:172.21.15.39:3300/0 1 ==== mon_map magic: 0 ==== 205+0+0 (secure 0 0 0) 0x7fdf84003970 con 0x7fdf8807d4d0
2024-05-04T03:00:03.118 INFO:teuthology.orchestra.run.smithi039.stdout:/usr/bin/ceph: stderr
2024-05-04T03:00:02.223+0000 7fdf7f7fe700 1 -- 172.21.15.39:0/3985666798 <== mon.0 v2:172.21.15.39:3300/0 2 ==== config(25 keys) ==== 1032+0+0 (secure 0 0 0) 0x7fdf84003b10 con 0x7fdf8807d4d0
2024-05-04T03:00:03.119 INFO:teuthology.orchestra.run.smithi039.stdout:/usr/bin/ceph: stderr
2024-05-04T03:00:02.223+0000 7fdf903f1700 1 -- 172.21.15.39:0/3985666798 --> [v2:172.21.15.39:3300/0,v1:172.21.15.39:6789/0] -- mon_subscribe({mgrmap=0+}) -- 0x7fdf8819e550 con 0x7fdf8807d4d0
2024-05-04T03:00:03.119 INFO:teuthology.orchestra.run.smithi039.stdout:/usr/bin/ceph: stderr
2024-05-04T03:00:02.223+0000 7fdf7f7fe700 1 -- 172.21.15.39:0/3985666798 <== mon.0 v2:172.21.15.39:3300/0 3 ==== mon_map magic: 0 ==== 205+0+0 (secure 0 0 0) 0x7fdf84019550 con 0x7fdf8807d4d0
2024-05-04T03:00:03.119 INFO:teuthology.orchestra.run.smithi039.stdout:/usr/bin/ceph: stderr
2024-05-04T03:00:02.223+0000 7fdf903f1700 1 -- 172.21.15.39:0/3985666798 --> [v2:172.21.15.39:3300/0,v1:172.21.15.39:6789/0] -- mon_subscribe({osdmap=0}) -- 0x7fdf881a1160 con 0x7fdf8807d4d0
2024-05-04T03:00:03.119 INFO:teuthology.orchestra.run.smithi039.stdout:/usr/bin/ceph: stderr
2024-05-04T03:00:02.224+0000 7fdf7f7fe700 1 -- 172.21.15.39:0/3985666798 <== mon.0 v2:172.21.15.39:3300/0 4 ==== mgrmap(e 8) ==== 50222+0+0 (secure 0 0 0) 0x7fdf840197c0 con 0x7fdf8807d4d0
2024-05-04T03:00:03.119 INFO:teuthology.orchestra.run.smithi039.stdout:/usr/bin/ceph: stderr
2024-05-04T03:00:02.224+0000 7fdf7f7fe700 1 --2- 172.21.15.39:0/3985666798 >> [v2:172.21.15.39:6800/3594679658,v1:172.21.15.39:6801/3594679658] conn(0x7fdf7403e4c0 0x7fdf740409d0 unknown :-1 s=NONE pgs=0 cs=0 l=1 rev1=0 crypto rx=0 tx=0 comp rx=0 tx=0).connect
2024-05-04T03:00:03.119 INFO:teuthology.orchestra.run.smithi039.stdout:/usr/bin/ceph: stderr
2024-05-04T03:00:02.224+0000 7fdf903f1700 1 -- 172.21.15.39:0/3985666798 --> [v2:172.21.15.39:3300/0,v1:172.21.15.39:6789/0] -- mon_command({"prefix": "get_command_descriptions"} v 0) -- 0x7fdf88064e20 con 0x7fdf8807d4d0
2024-05-04T03:00:03.119 INFO:teuthology.orchestra.run.smithi039.stdout:/usr/bin/ceph: stderr
2024-05-04T03:00:02.224+0000 7fdf7f7fe700 1 -- 172.21.15.39:0/3985666798 <== mon.0 v2:172.21.15.39:3300/0 5 ==== osd_map(2..2 src has 1..2) ==== 940+0+0 (secure 0 0 0) 0x7fdf8401a6e0 con 0x7fdf8807d4d0
2024-05-04T03:00:03.119 INFO:teuthology.orchestra.run.smithi039.stdout:/usr/bin/ceph: stderr
2024-05-04T03:00:02.224+0000 7fdf8d98c700 1 --2- 172.21.15.39:0/3985666798 >> [v2:172.21.15.39:6800/3594679658,v1:172.21.15.39:6801/3594679658] conn(0x7fdf7403e4c0 0x7fdf740409d0 unknown :-1 s=BANNER_CONNECTING pgs=0 cs=0 l=1 rev1=0 crypto rx=0 tx=0 comp rx=0 tx=0)._handle_peer_banner_payload supported=3 required=0
2024-05-04T03:00:03.119 INFO:teuthology.orchestra.run.smithi039.stdout:/usr/bin/ceph: stderr
2024-05-04T03:00:02.224+0000 7fdf8d98c700 1 --2- 172.21.15.39:0/3985666798 >> [v2:172.21.15.39:6800/3594679658,v1:172.21.15.39:6801/3594679658] conn(0x7fdf7403e4c0 0x7fdf740409d0 secure :-1 s=READY pgs=13 cs=0 l=1 rev1=1 crypto rx=0x7fdf78006fd0 tx=0x7fdf78006e40 comp rx=0 tx=0).ready entity=mgr.14120 client_cookie=0 server_cookie=0 in_seq=0 out_seq=0
2024-05-04T03:00:03.119 INFO:teuthology.orchestra.run.smithi039.stdout:/usr/bin/ceph: stderr
2024-05-04T03:00:02.229+0000 7fdf7f7fe700 1 -- 172.21.15.39:0/3985666798 <== mon.0 v2:172.21.15.39:3300/0 6 ==== mon_command_ack([{"prefix": "get_command_descriptions"}]=0 v0) ==== 72+0+191963 (secure 0 0 0) 0x7fdf84016260 con 0x7fdf8807d4d0
2024-05-04T03:00:03.120 INFO:teuthology.orchestra.run.smithi039.stdout:/usr/bin/ceph: stderr
2024-05-04T03:00:02.461+0000 7fdf903f1700 1 -- 172.21.15.39:0/3985666798 --> [v2:172.21.15.39:6800/3594679658,v1:172.21.15.39:6801/3594679658] -- mgr_command(tid 0: {"prefix": "orch apply", "service_type": "mgr", "unmanaged": true, "target": ["mon-mgr", ""]}) -- 0x7fdf88105160 con 0x7fdf7403e4c0
2024-05-04T03:00:03.120 INFO:teuthology.orchestra.run.smithi039.stdout:/usr/bin/ceph: stderr
2024-05-04T03:00:02.466+0000 7fdf7f7fe700 1 -- 172.21.15.39:0/3985666798 <== mgr.14120 v2:172.21.15.39:6800/3594679658 1 ==== mgr_command_reply(tid 0: 0 ) ==== 8+0+24 (secure 0 0 0) 0x7fdf88105160 con 0x7fdf7403e4c0
2024-05-04T03:00:03.120 INFO:teuthology.orchestra.run.smithi039.stdout:/usr/bin/ceph: stderr
2024-05-04T03:00:02.468+0000 7fdf903f1700 1 -- 172.21.15.39:0/3985666798 >> [v2:172.21.15.39:6800/3594679658,v1:172.21.15.39:6801/3594679658] conn(0x7fdf7403e4c0 msgr2=0x7fdf740409d0 secure :-1 s=STATE_CONNECTION_ESTABLISHED l=1).mark_down
2024-05-04T03:00:03.120 INFO:teuthology.orchestra.run.smithi039.stdout:/usr/bin/ceph: stderr
2024-05-04T03:00:02.468+0000 7fdf903f1700 1 --2- 172.21.15.39:0/3985666798 >> [v2:172.21.15.39:6800/3594679658,v1:172.21.15.39:6801/3594679658] conn(0x7fdf7403e4c0 0x7fdf740409d0 secure :-1 s=READY pgs=13 cs=0 l=1 rev1=1 crypto rx=0x7fdf78006fd0 tx=0x7fdf78006e40 comp rx=0 tx=0).stop
2024-05-04T03:00:03.120 INFO:teuthology.orchestra.run.smithi039.stdout:/usr/bin/ceph: stderr
2024-05-04T03:00:02.468+0000 7fdf903f1700 1 -- 172.21.15.39:0/3985666798 >> [v2:172.21.15.39:3300/0,v1:172.21.15.39:6789/0] conn(0x7fdf8807d4d0 msgr2=0x7fdf8819dd80 secure :-1 s=STATE_CONNECTION_ESTABLISHED l=1).mark_down
2024-05-04T03:00:03.120 INFO:teuthology.orchestra.run.smithi039.stdout:/usr/bin/ceph: stderr
2024-05-04T03:00:02.468+0000 7fdf903f1700 1 --2- 172.21.15.39:0/3985666798 >> [v2:172.21.15.39:3300/0,v1:172.21.15.39:6789/0] conn(0x7fdf8807d4d0 0x7fdf8819dd80 secure :-1 s=READY pgs=50 cs=0 l=1 rev1=1 crypto rx=0x7fdf840116a0 tx=0x7fdf84011a60 comp rx=0 tx=0).stop
2024-05-04T03:00:03.120 INFO:teuthology.orchestra.run.smithi039.stdout:/usr/bin/ceph: stderr
2024-05-04T03:00:02.468+0000 7fdf903f1700 1 -- 172.21.15.39:0/3985666798 shutdown_connections
2024-05-04T03:00:03.120 INFO:teuthology.orchestra.run.smithi039.stdout:/usr/bin/ceph: stderr
2024-05-04T03:00:02.468+0000 7fdf903f1700 1 --2- 172.21.15.39:0/3985666798 >> [v2:172.21.15.39:6800/3594679658,v1:172.21.15.39:6801/3594679658] conn(0x7fdf7403e4c0 0x7fdf740409d0 unknown :-1 s=CLOSED pgs=13 cs=0 l=1 rev1=1 crypto rx=0 tx=0 comp rx=0 tx=0).stop
2024-05-04T03:00:03.120 INFO:teuthology.orchestra.run.smithi039.stdout:/usr/bin/ceph: stderr
2024-05-04T03:00:02.468+0000 7fdf903f1700 1 --2- 172.21.15.39:0/3985666798 >> [v2:172.21.15.39:3300/0,v1:172.21.15.39:6789/0] conn(0x7fdf8807d4d0 0x7fdf8819dd80 unknown :-1 s=CLOSED pgs=50 cs=0 l=1 rev1=1 crypto rx=0 tx=0 comp rx=0 tx=0).stop
2024-05-04T03:00:03.120 INFO:teuthology.orchestra.run.smithi039.stdout:/usr/bin/ceph: stderr
2024-05-04T03:00:02.468+0000 7fdf903f1700 1 -- 172.21.15.39:0/3985666798 >> 172.21.15.39:0/3985666798 conn(0x7fdf881040c0 msgr2=0x7fdf88104a50 unknown :-1 s=STATE_NONE l=0).mark_down
2024-05-04T03:00:03.120 INFO:teuthology.orchestra.run.smithi039.stdout:/usr/bin/ceph: stderr
2024-05-04T03:00:02.468+0000 7fdf903f1700 1 -- 172.21.15.39:0/3985666798 shutdown_connections
2024-05-04T03:00:03.121 INFO:teuthology.orchestra.run.smithi039.stdout:/usr/bin/ceph: stderr
2024-05-04T03:00:02.468+0000 7fdf903f1700 1 -- 172.21.15.39:0/3985666798 wait complete.
2024-05-04T03:00:03.560 INFO:journalctl@ceph.mon.a.smithi039.stdout:May 04 03:00:03 smithi039 ceph-mon[29715]: from='client.14144 -' entity='client.admin' cmd=[{"prefix": "orch apply", "service_type": "mgr", "unmanaged": true, "target": ["mon-mgr", ""]}]: dispatch
2024-05-04T03:00:03.561 INFO:journalctl@ceph.mon.a.smithi039.stdout:May 04 03:00:03 smithi039 ceph-mon[29715]: Saving service mgr spec with placement count:2
2024-05-04T03:00:03.561 INFO:journalctl@ceph.mon.a.smithi039.stdout:May 04 03:00:03 smithi039 ceph-mon[29715]: from='mgr.14120 172.21.15.39:0/4168026819' entity='mgr.x'
2024-05-04T03:00:03.561 INFO:journalctl@ceph.mon.a.smithi039.stdout:May 04 03:00:03 smithi039 ceph-mon[29715]: from='mgr.14120 172.21.15.39:0/4168026819' entity='mgr.x'
2024-05-04T03:00:03.561 INFO:journalctl@ceph.mon.a.smithi039.stdout:May 04 03:00:03 smithi039 ceph-mon[29715]: from='mgr.14120 172.21.15.39:0/4168026819' entity='mgr.x'
2024-05-04T03:00:04.366 INFO:teuthology.orchestra.run.smithi039.stdout:/usr/bin/ceph: stderr
2024-05-04T03:00:03.578+0000 7f61c6181700 1 Processor -- start
2024-05-04T03:00:04.366 INFO:teuthology.orchestra.run.smithi039.stdout:/usr/bin/ceph: stderr
2024-05-04T03:00:03.578+0000 7f61c6181700 1 -- start start
2024-05-04T03:00:04.366 INFO:teuthology.orchestra.run.smithi039.stdout:/usr/bin/ceph: stderr
2024-05-04T03:00:03.579+0000 7f61c6181700 1 --2- >> [v2:172.21.15.39:3300/0,v1:172.21.15.39:6789/0] conn(0x7f61c010a590 0x7f61c010c9b0 unknown :-1 s=NONE pgs=0 cs=0 l=0 rev1=0 crypto rx=0 tx=0 comp rx=0 tx=0).connect
2024-05-04T03:00:04.366 INFO:teuthology.orchestra.run.smithi039.stdout:/usr/bin/ceph: stderr
2024-05-04T03:00:03.579+0000 7f61c6181700 1 -- --> [v2:172.21.15.39:3300/0,v1:172.21.15.39:6789/0] -- mon_getmap magic: 0 -- 0x7f61c007ce90 con 0x7f61c010a590
2024-05-04T03:00:04.367 INFO:teuthology.orchestra.run.smithi039.stdout:/usr/bin/ceph: stderr
