2024-05-04T03:00:08.411+0000 7fab9dd18700 1 -- --> [v2:172.21.15.39:3300/0,v1:172.21.15.39:6789/0] -- mon_getmap magic: 0 -- 0x7fab981093b0 con 0x7fab981089b0
2024-05-04T03:00:09.294 INFO:teuthology.orchestra.run.smithi039.stdout:/usr/bin/ceph: stderr
2024-05-04T03:00:08.411+0000 7fab977fe700 1 --2- >> [v2:172.21.15.39:3300/0,v1:172.21.15.39:6789/0] conn(0x7fab981089b0 0x7fab98108dc0 unknown :-1 s=BANNER_CONNECTING pgs=0 cs=0 l=0 rev1=0 crypto rx=0 tx=0 comp rx=0 tx=0)._handle_peer_banner_payload supported=3 required=0
2024-05-04T03:00:09.294 INFO:teuthology.orchestra.run.smithi039.stdout:/usr/bin/ceph: stderr
2024-05-04T03:00:08.411+0000 7fab977fe700 1 --2- >> [v2:172.21.15.39:3300/0,v1:172.21.15.39:6789/0] conn(0x7fab981089b0 0x7fab98108dc0 unknown :-1 s=HELLO_CONNECTING pgs=0 cs=0 l=0 rev1=1 crypto rx=0 tx=0 comp rx=0 tx=0).handle_hello peer v2:172.21.15.39:3300/0 says I am v2:172.21.15.39:55372/0 (socket says 172.21.15.39:55372)
2024-05-04T03:00:09.294 INFO:teuthology.orchestra.run.smithi039.stdout:/usr/bin/ceph: stderr
2024-05-04T03:00:08.411+0000 7fab977fe700 1 -- 172.21.15.39:0/2254482870 learned_addr learned my addr 172.21.15.39:0/2254482870 (peer_addr_for_me v2:172.21.15.39:0/0)
2024-05-04T03:00:09.294 INFO:teuthology.orchestra.run.smithi039.stdout:/usr/bin/ceph: stderr
2024-05-04T03:00:08.411+0000 7fab977fe700 1 -- 172.21.15.39:0/2254482870 --> [v2:172.21.15.39:3300/0,v1:172.21.15.39:6789/0] -- mon_subscribe({config=0+,monmap=0+}) -- 0x7fab98109b80 con 0x7fab981089b0
2024-05-04T03:00:09.294 INFO:teuthology.orchestra.run.smithi039.stdout:/usr/bin/ceph: stderr
2024-05-04T03:00:08.412+0000 7fab977fe700 1 --2- 172.21.15.39:0/2254482870 >> [v2:172.21.15.39:3300/0,v1:172.21.15.39:6789/0] conn(0x7fab981089b0 0x7fab98108dc0 secure :-1 s=READY pgs=59 cs=0 l=1 rev1=1 crypto rx=0x7fab800098a0 tx=0x7fab80009bb0 comp rx=0 tx=0).ready entity=mon.0 client_cookie=bf6bdf2b888de1 server_cookie=0 in_seq=0 out_seq=0
2024-05-04T03:00:09.294 INFO:teuthology.orchestra.run.smithi039.stdout:/usr/bin/ceph: stderr
2024-05-04T03:00:08.412+0000 7fab967fc700 1 -- 172.21.15.39:0/2254482870 <== mon.0 v2:172.21.15.39:3300/0 1 ==== mon_map magic: 0 ==== 205+0+0 (secure 0 0 0) 0x7fab80004160 con 0x7fab981089b0
2024-05-04T03:00:09.294 INFO:teuthology.orchestra.run.smithi039.stdout:/usr/bin/ceph: stderr
2024-05-04T03:00:08.412+0000 7fab967fc700 1 -- 172.21.15.39:0/2254482870 <== mon.0 v2:172.21.15.39:3300/0 2 ==== config(25 keys) ==== 1063+0+0 (secure 0 0 0) 0x7fab80004300 con 0x7fab981089b0
2024-05-04T03:00:09.294 INFO:teuthology.orchestra.run.smithi039.stdout:/usr/bin/ceph: stderr
2024-05-04T03:00:08.412+0000 7fab967fc700 1 -- 172.21.15.39:0/2254482870 <== mon.0 v2:172.21.15.39:3300/0 3 ==== mon_map magic: 0 ==== 205+0+0 (secure 0 0 0) 0x7fab80011960 con 0x7fab981089b0
2024-05-04T03:00:09.294 INFO:teuthology.orchestra.run.smithi039.stdout:/usr/bin/ceph: stderr
2024-05-04T03:00:08.413+0000 7fab9dd18700 1 -- 172.21.15.39:0/2254482870 >> [v2:172.21.15.39:3300/0,v1:172.21.15.39:6789/0] conn(0x7fab981089b0 msgr2=0x7fab98108dc0 secure :-1 s=STATE_CONNECTION_ESTABLISHED l=1).mark_down
2024-05-04T03:00:09.294 INFO:teuthology.orchestra.run.smithi039.stdout:/usr/bin/ceph: stderr
2024-05-04T03:00:08.413+0000 7fab9dd18700 1 --2- 172.21.15.39:0/2254482870 >> [v2:172.21.15.39:3300/0,v1:172.21.15.39:6789/0] conn(0x7fab981089b0 0x7fab98108dc0 secure :-1 s=READY pgs=59 cs=0 l=1 rev1=1 crypto rx=0x7fab800098a0 tx=0x7fab80009bb0 comp rx=0 tx=0).stop
2024-05-04T03:00:09.295 INFO:teuthology.orchestra.run.smithi039.stdout:/usr/bin/ceph: stderr
2024-05-04T03:00:08.413+0000 7fab9dd18700 1 -- 172.21.15.39:0/2254482870 shutdown_connections
2024-05-04T03:00:09.295 INFO:teuthology.orchestra.run.smithi039.stdout:/usr/bin/ceph: stderr
2024-05-04T03:00:08.413+0000 7fab9dd18700 1 --2- 172.21.15.39:0/2254482870 >> [v2:172.21.15.39:3300/0,v1:172.21.15.39:6789/0] conn(0x7fab981089b0 0x7fab98108dc0 unknown :-1 s=CLOSED pgs=59 cs=0 l=1 rev1=1 crypto rx=0 tx=0 comp rx=0 tx=0).stop
2024-05-04T03:00:09.295 INFO:teuthology.orchestra.run.smithi039.stdout:/usr/bin/ceph: stderr
2024-05-04T03:00:08.413+0000 7fab9dd18700 1 -- 172.21.15.39:0/2254482870 >> 172.21.15.39:0/2254482870 conn(0x7fab98104010 msgr2=0x7fab981064a0 unknown :-1 s=STATE_NONE l=0).mark_down
2024-05-04T03:00:09.295 INFO:teuthology.orchestra.run.smithi039.stdout:/usr/bin/ceph: stderr
2024-05-04T03:00:08.413+0000 7fab9dd18700 1 -- 172.21.15.39:0/2254482870 shutdown_connections
2024-05-04T03:00:09.295 INFO:teuthology.orchestra.run.smithi039.stdout:/usr/bin/ceph: stderr
2024-05-04T03:00:08.413+0000 7fab9dd18700 1 -- 172.21.15.39:0/2254482870 wait complete.
2024-05-04T03:00:09.295 INFO:teuthology.orchestra.run.smithi039.stdout:/usr/bin/ceph: stderr
2024-05-04T03:00:08.413+0000 7fab9dd18700 1 Processor -- start
2024-05-04T03:00:09.295 INFO:teuthology.orchestra.run.smithi039.stdout:/usr/bin/ceph: stderr
2024-05-04T03:00:08.414+0000 7fab9dd18700 1 -- start start
2024-05-04T03:00:09.295 INFO:teuthology.orchestra.run.smithi039.stdout:/usr/bin/ceph: stderr
2024-05-04T03:00:08.414+0000 7fab9dd18700 1 --2- >> [v2:172.21.15.39:3300/0,v1:172.21.15.39:6789/0] conn(0x7fab981089b0 0x7fab9819dde0 unknown :-1 s=NONE pgs=0 cs=0 l=1 rev1=0 crypto rx=0 tx=0 comp rx=0 tx=0).connect
2024-05-04T03:00:09.295 INFO:teuthology.orchestra.run.smithi039.stdout:/usr/bin/ceph: stderr
2024-05-04T03:00:08.414+0000 7fab9dd18700 1 -- --> [v2:172.21.15.39:3300/0,v1:172.21.15.39:6789/0] -- mon_getmap magic: 0 -- 0x7fab9810cf30 con 0x7fab981089b0
2024-05-04T03:00:09.295 INFO:teuthology.orchestra.run.smithi039.stdout:/usr/bin/ceph: stderr
2024-05-04T03:00:08.414+0000 7fab977fe700 1 --2- >> [v2:172.21.15.39:3300/0,v1:172.21.15.39:6789/0] conn(0x7fab981089b0 0x7fab9819dde0 unknown :-1 s=BANNER_CONNECTING pgs=0 cs=0 l=1 rev1=0 crypto rx=0 tx=0 comp rx=0 tx=0)._handle_peer_banner_payload supported=3 required=0
2024-05-04T03:00:09.295 INFO:teuthology.orchestra.run.smithi039.stdout:/usr/bin/ceph: stderr
2024-05-04T03:00:08.414+0000 7fab977fe700 1 --2- >> [v2:172.21.15.39:3300/0,v1:172.21.15.39:6789/0] conn(0x7fab981089b0 0x7fab9819dde0 unknown :-1 s=HELLO_CONNECTING pgs=0 cs=0 l=1 rev1=1 crypto rx=0 tx=0 comp rx=0 tx=0).handle_hello peer v2:172.21.15.39:3300/0 says I am v2:172.21.15.39:55378/0 (socket says 172.21.15.39:55378)
2024-05-04T03:00:09.295 INFO:teuthology.orchestra.run.smithi039.stdout:/usr/bin/ceph: stderr
2024-05-04T03:00:08.414+0000 7fab977fe700 1 -- 172.21.15.39:0/3894418622 learned_addr learned my addr 172.21.15.39:0/3894418622 (peer_addr_for_me v2:172.21.15.39:0/0)
2024-05-04T03:00:09.295 INFO:teuthology.orchestra.run.smithi039.stdout:/usr/bin/ceph: stderr
2024-05-04T03:00:08.414+0000 7fab977fe700 1 -- 172.21.15.39:0/3894418622 --> [v2:172.21.15.39:3300/0,v1:172.21.15.39:6789/0] -- mon_subscribe({config=0+,monmap=0+}) -- 0x7fab9819e320 con 0x7fab981089b0
2024-05-04T03:00:09.295 INFO:teuthology.orchestra.run.smithi039.stdout:/usr/bin/ceph: stderr
2024-05-04T03:00:08.414+0000 7fab977fe700 1 --2- 172.21.15.39:0/3894418622 >> [v2:172.21.15.39:3300/0,v1:172.21.15.39:6789/0] conn(0x7fab981089b0 0x7fab9819dde0 secure :-1 s=READY pgs=60 cs=0 l=1 rev1=1 crypto rx=0x7fab800119b0 tx=0x7fab80011a90 comp rx=0 tx=0).ready entity=mon.0 client_cookie=0 server_cookie=0 in_seq=0 out_seq=0
2024-05-04T03:00:09.296 INFO:teuthology.orchestra.run.smithi039.stdout:/usr/bin/ceph: stderr
2024-05-04T03:00:08.415+0000 7fab94ff9700 1 -- 172.21.15.39:0/3894418622 <== mon.0 v2:172.21.15.39:3300/0 1 ==== mon_map magic: 0 ==== 205+0+0 (secure 0 0 0) 0x7fab80003aa0 con 0x7fab981089b0
2024-05-04T03:00:09.296 INFO:teuthology.orchestra.run.smithi039.stdout:/usr/bin/ceph: stderr
2024-05-04T03:00:08.415+0000 7fab94ff9700 1 -- 172.21.15.39:0/3894418622 <== mon.0 v2:172.21.15.39:3300/0 2 ==== config(25 keys) ==== 1063+0+0 (secure 0 0 0) 0x7fab8001b8d0 con 0x7fab981089b0
2024-05-04T03:00:09.296 INFO:teuthology.orchestra.run.smithi039.stdout:/usr/bin/ceph: stderr
2024-05-04T03:00:08.415+0000 7fab9dd18700 1 -- 172.21.15.39:0/3894418622 --> [v2:172.21.15.39:3300/0,v1:172.21.15.39:6789/0] -- mon_subscribe({mgrmap=0+}) -- 0x7fab9819e5b0 con 0x7fab981089b0
2024-05-04T03:00:09.296 INFO:teuthology.orchestra.run.smithi039.stdout:/usr/bin/ceph: stderr
2024-05-04T03:00:08.415+0000 7fab9dd18700 1 -- 172.21.15.39:0/3894418622 --> [v2:172.21.15.39:3300/0,v1:172.21.15.39:6789/0] -- mon_subscribe({osdmap=0}) -- 0x7fab981a1180 con 0x7fab981089b0
2024-05-04T03:00:09.296 INFO:teuthology.orchestra.run.smithi039.stdout:/usr/bin/ceph: stderr
2024-05-04T03:00:08.415+0000 7fab94ff9700 1 -- 172.21.15.39:0/3894418622 <== mon.0 v2:172.21.15.39:3300/0 3 ==== mon_map magic: 0 ==== 205+0+0 (secure 0 0 0) 0x7fab800237d0 con 0x7fab981089b0
2024-05-04T03:00:09.296 INFO:teuthology.orchestra.run.smithi039.stdout:/usr/bin/ceph: stderr
2024-05-04T03:00:08.416+0000 7fab9dd18700 1 -- 172.21.15.39:0/3894418622 --> [v2:172.21.15.39:3300/0,v1:172.21.15.39:6789/0] -- mon_command({"prefix": "get_command_descriptions"} v 0) -- 0x7fab9810d0b0 con 0x7fab981089b0
2024-05-04T03:00:09.296 INFO:teuthology.orchestra.run.smithi039.stdout:/usr/bin/ceph: stderr
2024-05-04T03:00:08.416+0000 7fab94ff9700 1 -- 172.21.15.39:0/3894418622 <== mon.0 v2:172.21.15.39:3300/0 4 ==== mgrmap(e 9) ==== 50235+0+0 (secure 0 0 0) 0x7fab8002c3f0 con 0x7fab981089b0
2024-05-04T03:00:09.296 INFO:teuthology.orchestra.run.smithi039.stdout:/usr/bin/ceph: stderr
2024-05-04T03:00:08.416+0000 7fab94ff9700 1 --2- 172.21.15.39:0/3894418622 >> [v2:172.21.15.39:6800/3594679658,v1:172.21.15.39:6801/3594679658] conn(0x7fab8403e470 0x7fab84040980 unknown :-1 s=NONE pgs=0 cs=0 l=1 rev1=0 crypto rx=0 tx=0 comp rx=0 tx=0).connect
2024-05-04T03:00:09.296 INFO:teuthology.orchestra.run.smithi039.stdout:/usr/bin/ceph: stderr
2024-05-04T03:00:08.416+0000 7fab94ff9700 1 -- 172.21.15.39:0/3894418622 <== mon.0 v2:172.21.15.39:3300/0 5 ==== osd_map(2..2 src has 1..2) ==== 940+0+0 (secure 0 0 0) 0x7fab80053f00 con 0x7fab981089b0
2024-05-04T03:00:09.296 INFO:teuthology.orchestra.run.smithi039.stdout:/usr/bin/ceph: stderr
2024-05-04T03:00:08.416+0000 7fab96ffd700 1 -- 172.21.15.39:0/3894418622 >> [v2:172.21.15.39:6800/3594679658,v1:172.21.15.39:6801/3594679658] conn(0x7fab8403e470 msgr2=0x7fab84040980 unknown :-1 s=STATE_CONNECTING_RE l=1).process reconnect failed to v2:172.21.15.39:6800/3594679658
2024-05-04T03:00:09.296 INFO:teuthology.orchestra.run.smithi039.stdout:/usr/bin/ceph: stderr
2024-05-04T03:00:08.417+0000 7fab96ffd700 1 --2- 172.21.15.39:0/3894418622 >> [v2:172.21.15.39:6800/3594679658,v1:172.21.15.39:6801/3594679658] conn(0x7fab8403e470 0x7fab84040980 unknown :-1 s=START_CONNECT pgs=0 cs=0 l=1 rev1=0 crypto rx=0 tx=0 comp rx=0 tx=0)._fault waiting 0.200000
2024-05-04T03:00:09.296 INFO:teuthology.orchestra.run.smithi039.stdout:/usr/bin/ceph: stderr
2024-05-04T03:00:08.422+0000 7fab94ff9700 1 -- 172.21.15.39:0/3894418622 <== mon.0 v2:172.21.15.39:3300/0 6 ==== mon_command_ack([{"prefix": "get_command_descriptions"}]=0 v0) ==== 72+0+191963 (secure 0 0 0) 0x7fab8001f030 con 0x7fab981089b0
2024-05-04T03:00:09.296 INFO:teuthology.orchestra.run.smithi039.stdout:/usr/bin/ceph: stderr
2024-05-04T03:00:08.618+0000 7fab96ffd700 1 -- 172.21.15.39:0/3894418622 >> [v2:172.21.15.39:6800/3594679658,v1:172.21.15.39:6801/3594679658] conn(0x7fab8403e470 msgr2=0x7fab84040980 unknown :-1 s=STATE_CONNECTING_RE l=1).process reconnect failed to v2:172.21.15.39:6800/3594679658
2024-05-04T03:00:09.296 INFO:teuthology.orchestra.run.smithi039.stdout:/usr/bin/ceph: stderr
2024-05-04T03:00:08.618+0000 7fab96ffd700 1 --2- 172.21.15.39:0/3894418622 >> [v2:172.21.15.39:6800/3594679658,v1:172.21.15.39:6801/3594679658] conn(0x7fab8403e470 0x7fab84040980 unknown :-1 s=START_CONNECT pgs=0 cs=0 l=1 rev1=0 crypto rx=0 tx=0 comp rx=0 tx=0)._fault waiting 0.400000
2024-05-04T03:00:09.297 INFO:teuthology.orchestra.run.smithi039.stdout:/usr/bin/ceph: stderr
2024-05-04T03:00:08.740+0000 7fab9dd18700 1 -- 172.21.15.39:0/3894418622 --> [v2:172.21.15.39:3300/0,v1:172.21.15.39:6789/0] -- mon_command({"prefix": "mgr stat"} v 0) -- 0x7fab9802e930 con 0x7fab981089b0
2024-05-04T03:00:09.297 INFO:teuthology.orchestra.run.smithi039.stdout:/usr/bin/ceph: stderr
2024-05-04T03:00:08.741+0000 7fab94ff9700 1 -- 172.21.15.39:0/3894418622 <== mon.0 v2:172.21.15.39:3300/0 7 ==== mon_command_ack([{"prefix": "mgr stat"}]=0 v9) ==== 56+0+88 (secure 0 0 0) 0x7fab8000f2e0 con 0x7fab981089b0
2024-05-04T03:00:09.297 INFO:teuthology.orchestra.run.smithi039.stdout:/usr/bin/ceph: stderr
2024-05-04T03:00:08.743+0000 7fab9dd18700 1 -- 172.21.15.39:0/3894418622 >> [v2:172.21.15.39:6800/3594679658,v1:172.21.15.39:6801/3594679658] conn(0x7fab8403e470 msgr2=0x7fab84040980 unknown :-1 s=STATE_CONNECTING l=1).mark_down
2024-05-04T03:00:09.297 INFO:teuthology.orchestra.run.smithi039.stdout:/usr/bin/ceph: stderr
2024-05-04T03:00:08.743+0000 7fab9dd18700 1 --2- 172.21.15.39:0/3894418622 >> [v2:172.21.15.39:6800/3594679658,v1:172.21.15.39:6801/3594679658] conn(0x7fab8403e470 0x7fab84040980 unknown :-1 s=START_CONNECT pgs=0 cs=0 l=1 rev1=0 crypto rx=0 tx=0 comp rx=0 tx=0).stop
2024-05-04T03:00:09.297 INFO:teuthology.orchestra.run.smithi039.stdout:/usr/bin/ceph: stderr
2024-05-04T03:00:08.743+0000 7fab9dd18700 1 -- 172.21.15.39:0/3894418622 >> [v2:172.21.15.39:3300/0,v1:172.21.15.39:6789/0] conn(0x7fab981089b0 msgr2=0x7fab9819dde0 secure :-1 s=STATE_CONNECTION_ESTABLISHED l=1).mark_down
2024-05-04T03:00:09.297 INFO:teuthology.orchestra.run.smithi039.stdout:/usr/bin/ceph: stderr
2024-05-04T03:00:08.743+0000 7fab9dd18700 1 --2- 172.21.15.39:0/3894418622 >> [v2:172.21.15.39:3300/0,v1:172.21.15.39:6789/0] conn(0x7fab981089b0 0x7fab9819dde0 secure :-1 s=READY pgs=60 cs=0 l=1 rev1=1 crypto rx=0x7fab800119b0 tx=0x7fab80011a90 comp rx=0 tx=0).stop
2024-05-04T03:00:09.297 INFO:teuthology.orchestra.run.smithi039.stdout:/usr/bin/ceph: stderr
2024-05-04T03:00:08.743+0000 7fab9dd18700 1 -- 172.21.15.39:0/3894418622 shutdown_connections
2024-05-04T03:00:09.297 INFO:teuthology.orchestra.run.smithi039.stdout:/usr/bin/ceph: stderr
2024-05-04T03:00:08.743+0000 7fab9dd18700 1 --2- 172.21.15.39:0/3894418622 >> [v2:172.21.15.39:6800/3594679658,v1:172.21.15.39:6801/3594679658] conn(0x7fab8403e470 0x7fab84040980 unknown :-1 s=CLOSED pgs=0 cs=0 l=1 rev1=0 crypto rx=0 tx=0 comp rx=0 tx=0).stop
2024-05-04T03:00:09.297 INFO:teuthology.orchestra.run.smithi039.stdout:/usr/bin/ceph: stderr
2024-05-04T03:00:08.743+0000 7fab9dd18700 1 --2- 172.21.15.39:0/3894418622 >> [v2:172.21.15.39:3300/0,v1:172.21.15.39:6789/0] conn(0x7fab981089b0 0x7fab9819dde0 unknown :-1 s=CLOSED pgs=60 cs=0 l=1 rev1=1 crypto rx=0 tx=0 comp rx=0 tx=0).stop
2024-05-04T03:00:09.297 INFO:teuthology.orchestra.run.smithi039.stdout:/usr/bin/ceph: stderr
2024-05-04T03:00:08.743+0000 7fab9dd18700 1 -- 172.21.15.39:0/3894418622 >> 172.21.15.39:0/3894418622 conn(0x7fab98104010 msgr2=0x7fab98194370 unknown :-1 s=STATE_NONE l=0).mark_down
2024-05-04T03:00:09.297 INFO:teuthology.orchestra.run.smithi039.stdout:/usr/bin/ceph: stderr
2024-05-04T03:00:08.744+0000 7fab9dd18700 1 -- 172.21.15.39:0/3894418622 shutdown_connections
2024-05-04T03:00:09.298 INFO:teuthology.orchestra.run.smithi039.stdout:/usr/bin/ceph: stderr
2024-05-04T03:00:08.744+0000 7fab9dd18700 1 -- 172.21.15.39:0/3894418622 wait complete.
2024-05-04T03:00:09.298 INFO:teuthology.orchestra.run.smithi039.stdout:Waiting for the mgr to restart...
2024-05-04T03:00:09.298 INFO:teuthology.orchestra.run.smithi039.stdout:Waiting for mgr epoch 9...
2024-05-04T03:00:09.401 INFO:journalctl@ceph.mon.a.smithi039.stdout:May 04 03:00:09 smithi039 ceph-mon[29715]: from='client.? 172.21.15.39:0/3894418622' entity='client.admin' cmd=[{"prefix": "mgr stat"}]: dispatch
2024-05-04T03:00:09.669 INFO:journalctl@ceph.mgr.x.smithi039.stdout:May 04 03:00:09 smithi039 ceph-1e913ae0-09c2-11ef-bc97-c7b262605968-mgr-x[29943]:
2024-05-04T03:00:09.542+0000 7fc0cfc0b200 -1 mgr[py] Module telegraf has missing NOTIFY_TYPES member
2024-05-04T03:00:09.940 INFO:journalctl@ceph.mgr.x.smithi039.stdout:May 04 03:00:09 smithi039 ceph-1e913ae0-09c2-11ef-bc97-c7b262605968-mgr-x[29943]:
2024-05-04T03:00:09.732+0000 7fc0cfc0b200 -1 mgr[py] Module osd_support has missing NOTIFY_TYPES member
2024-05-04T03:00:09.940 INFO:journalctl@ceph.mgr.x.smithi039.stdout:May 04 03:00:09 smithi039 ceph-1e913ae0-09c2-11ef-bc97-c7b262605968-mgr-x[29943]:
2024-05-04T03:00:09.910+0000 7fc0cfc0b200 -1 mgr[py] Module iostat has missing NOTIFY_TYPES member
2024-05-04T03:00:10.531 INFO:journalctl@ceph.mgr.x.smithi039.stdout:May 04 03:00:10 smithi039 ceph-1e913ae0-09c2-11ef-bc97-c7b262605968-mgr-x[29943]:
2024-05-04T03:00:10.220+0000 7fc0cfc0b200 -1 mgr[py] Module alerts has missing NOTIFY_TYPES member
2024-05-04T03:00:10.531 INFO:journalctl@ceph.mgr.x.smithi039.stdout:May 04 03:00:10 smithi039 ceph-1e913ae0-09c2-11ef-bc97-c7b262605968-mgr-x[29943]:
2024-05-04T03:00:10.318+0000 7fc0cfc0b200 -1 mgr[py] Module selftest has missing NOTIFY_TYPES member
2024-05-04T03:00:10.532 INFO:journalctl@ceph.mgr.x.smithi039.stdout:May 04 03:00:10 smithi039 ceph-1e913ae0-09c2-11ef-bc97-c7b262605968-mgr-x[29943]:
2024-05-04T03:00:10.531+0000 7fc0cfc0b200 -1 mgr[py] Module pg_autoscaler has missing NOTIFY_TYPES member
2024-05-04T03:00:10.940 INFO:journalctl@ceph.mgr.x.smithi039.stdout:May 04 03:00:10 smithi039 ceph-1e913ae0-09c2-11ef-bc97-c7b262605968-mgr-x[29943]:
2024-05-04T03:00:10.736+0000 7fc0cfc0b200 -1 mgr[py] Module test_orchestrator has missing NOTIFY_TYPES member
2024-05-04T03:00:11.647 INFO:journalctl@ceph.mgr.x.smithi039.stdout:May 04 03:00:11 smithi039 ceph-1e913ae0-09c2-11ef-bc97-c7b262605968-mgr-x[29943]:
2024-05-04T03:00:11.368+0000 7fc0cfc0b200 -1 mgr[py] Module rook has missing NOTIFY_TYPES member
2024-05-04T03:00:11.648 INFO:journalctl@ceph.mgr.x.smithi039.stdout:May 04 03:00:11 smithi039 ceph-1e913ae0-09c2-11ef-bc97-c7b262605968-mgr-x[29943]:
2024-05-04T03:00:11.609+0000 7fc0cfc0b200 -1 mgr[py] Module smb has missing NOTIFY_TYPES member
2024-05-04T03:00:12.440 INFO:journalctl@ceph.mgr.x.smithi039.stdout:May 04 03:00:12 smithi039 ceph-1e913ae0-09c2-11ef-bc97-c7b262605968-mgr-x[29943]:
2024-05-04T03:00:12.076+0000 7fc0cfc0b200 -1 mgr[py] Module volumes has missing NOTIFY_TYPES member
2024-05-04T03:00:12.440 INFO:journalctl@ceph.mgr.x.smithi039.stdout:May 04 03:00:12 smithi039 ceph-1e913ae0-09c2-11ef-bc97-c7b262605968-mgr-x[29943]:
2024-05-04T03:00:12.181+0000 7fc0cfc0b200 -1 mgr[py] Module crash has missing NOTIFY_TYPES member
2024-05-04T03:00:12.942 INFO:journalctl@ceph.mgr.x.smithi039.stdout:May 04 03:00:12 smithi039 ceph-1e913ae0-09c2-11ef-bc97-c7b262605968-mgr-x[29943]:
2024-05-04T03:00:12.582+0000 7fc0cfc0b200 -1 mgr[py] Module rgw has missing NOTIFY_TYPES member
2024-05-04T03:00:13.323 INFO:journalctl@ceph.mgr.x.smithi039.stdout:May 04 03:00:12 smithi039 ceph-1e913ae0-09c2-11ef-bc97-c7b262605968-mgr-x[29943]:
2024-05-04T03:00:12.964+0000 7fc0cfc0b200 -1 mgr[py] Module prometheus has missing NOTIFY_TYPES member
2024-05-04T03:00:13.323 INFO:journalctl@ceph.mgr.x.smithi039.stdout:May 04 03:00:13 smithi039 ceph-1e913ae0-09c2-11ef-bc97-c7b262605968-mgr-x[29943]:
2024-05-04T03:00:13.062+0000 7fc0cfc0b200 -1 mgr[py] Module devicehealth has missing NOTIFY_TYPES member
2024-05-04T03:00:13.690 INFO:journalctl@ceph.mgr.x.smithi039.stdout:May 04 03:00:13 smithi039 ceph-1e913ae0-09c2-11ef-bc97-c7b262605968-mgr-x[29943]:
2024-05-04T03:00:13.322+0000 7fc0cfc0b200 -1 mgr[py] Module telemetry has missing NOTIFY_TYPES member
2024-05-04T03:00:13.690 INFO:journalctl@ceph.mgr.x.smithi039.stdout:May 04 03:00:13 smithi039 ceph-1e913ae0-09c2-11ef-bc97-c7b262605968-mgr-x[29943]:
2024-05-04T03:00:13.464+0000 7fc0cfc0b200 -1 mgr[py] Module diskprediction_local has missing NOTIFY_TYPES member
2024-05-04T03:00:14.190 INFO:journalctl@ceph.mgr.x.smithi039.stdout:May 04 03:00:13 smithi039 ceph-1e913ae0-09c2-11ef-bc97-c7b262605968-mgr-x[29943]:
2024-05-04T03:00:13.782+0000 7fc0cfc0b200 -1 mgr[py] Module osd_perf_query has missing NOTIFY_TYPES member
2024-05-04T03:00:14.190 INFO:journalctl@ceph.mgr.x.smithi039.stdout:May 04 03:00:13 smithi039 ceph-1e913ae0-09c2-11ef-bc97-c7b262605968-mgr-x[29943]:
2024-05-04T03:00:13.905+0000 7fc0cfc0b200 -1 mgr[py] Module rbd_support has missing NOTIFY_TYPES member
2024-05-04T03:00:14.191 INFO:journalctl@ceph.mgr.x.smithi039.stdout:May 04 03:00:14 smithi039 ceph-1e913ae0-09c2-11ef-bc97-c7b262605968-mgr-x[29943]:
2024-05-04T03:00:14.003+0000 7fc0cfc0b200 -1 mgr[py] Module zabbix has missing NOTIFY_TYPES member
2024-05-04T03:00:14.927 INFO:journalctl@ceph.mgr.x.smithi039.stdout:May 04 03:00:14 smithi039 ceph-1e913ae0-09c2-11ef-bc97-c7b262605968-mgr-x[29943]:
2024-05-04T03:00:14.641+0000 7fc0cfc0b200 -1 mgr[py] Module status has missing NOTIFY_TYPES member
2024-05-04T03:00:14.927 INFO:journalctl@ceph.mgr.x.smithi039.stdout:May 04 03:00:14 smithi039 ceph-1e913ae0-09c2-11ef-bc97-c7b262605968-mgr-x[29943]:
2024-05-04T03:00:14.872+0000 7fc0cfc0b200 -1 mgr[py] Module nfs has missing NOTIFY_TYPES member
2024-05-04T03:00:15.190 INFO:journalctl@ceph.mon.a.smithi039.stdout:May 04 03:00:14 smithi039 ceph-mon[29715]: Active manager daemon x restarted
2024-05-04T03:00:15.191 INFO:journalctl@ceph.mon.a.smithi039.stdout:May 04 03:00:14 smithi039 ceph-mon[29715]: Activating manager daemon x
2024-05-04T03:00:15.191 INFO:journalctl@ceph.mon.a.smithi039.stdout:May 04 03:00:14 smithi039 ceph-mon[29715]: osdmap e3: 0 total, 0 up, 0 in
2024-05-04T03:00:15.191 INFO:journalctl@ceph.mon.a.smithi039.stdout:May 04 03:00:14 smithi039 ceph-mon[29715]: mgrmap e10: x(active, starting, since 0.00815358s)
2024-05-04T03:00:15.191 INFO:journalctl@ceph.mon.a.smithi039.stdout:May 04 03:00:14 smithi039 ceph-mon[29715]: from='mgr.14152 172.21.15.39:0/4277355805' entity='mgr.x' cmd=[{"prefix": "mon metadata", "id": "a"}]: dispatch
2024-05-04T03:00:15.191 INFO:journalctl@ceph.mon.a.smithi039.stdout:May 04 03:00:14 smithi039 ceph-mon[29715]: from='mgr.14152 172.21.15.39:0/4277355805' entity='mgr.x' cmd=[{"prefix": "mgr metadata", "who": "x", "id": "x"}]: dispatch
2024-05-04T03:00:15.191 INFO:journalctl@ceph.mon.a.smithi039.stdout:May 04 03:00:14 smithi039 ceph-mon[29715]: from='mgr.14152 172.21.15.39:0/4277355805' entity='mgr.x' cmd=[{"prefix": "mds metadata"}]: dispatch
2024-05-04T03:00:15.191 INFO:journalctl@ceph.mon.a.smithi039.stdout:May 04 03:00:14 smithi039 ceph-mon[29715]: from='mgr.14152 172.21.15.39:0/4277355805' entity='mgr.x' cmd=[{"prefix": "osd metadata"}]: dispatch
2024-05-04T03:00:15.191 INFO:journalctl@ceph.mon.a.smithi039.stdout:May 04 03:00:14 smithi039 ceph-mon[29715]: from='mgr.14152 172.21.15.39:0/4277355805' entity='mgr.x' cmd=[{"prefix": "mon metadata"}]: dispatch
2024-05-04T03:00:15.191 INFO:journalctl@ceph.mon.a.smithi039.stdout:May 04 03:00:14 smithi039 ceph-mon[29715]: Manager daemon x is now available
2024-05-04T03:00:15.191 INFO:journalctl@ceph.mon.a.smithi039.stdout:May 04 03:00:14 smithi039 ceph-mon[29715]: from='mgr.14152 172.21.15.39:0/4277355805' entity='mgr.x' cmd=[{"prefix": "config dump", "format": "json"}]: dispatch
2024-05-04T03:00:16.107 INFO:journalctl@ceph.mon.a.smithi039.stdout:May 04 03:00:15 smithi039 ceph-mon[29715]: from='mgr.14152 172.21.15.39:0/4277355805' entity='mgr.x' cmd=[{"prefix":"config rm","who":"mgr","name":"mgr/rbd_support/x/mirror_snapshot_schedule"}]: dispatch
2024-05-04T03:00:16.107 INFO:journalctl@ceph.mon.a.smithi039.stdout:May 04 03:00:15 smithi039 ceph-mon[29715]: from='mgr.14152 172.21.15.39:0/4277355805' entity='mgr.x' cmd=[{"prefix":"config rm","who":"mgr","name":"mgr/rbd_support/x/trash_purge_schedule"}]: dispatch
2024-05-04T03:00:16.107 INFO:journalctl@ceph.mon.a.smithi039.stdout:May 04 03:00:15 smithi039 ceph-mon[29715]: mgrmap e11: x(active, since 1.0102s)
2024-05-04T03:00:16.802 INFO:teuthology.orchestra.run.smithi039.stdout:/usr/bin/ceph: stdout {
2024-05-04T03:00:16.803 INFO:teuthology.orchestra.run.smithi039.stdout:/usr/bin/ceph: stdout "mgrmap_epoch": 11,
2024-05-04T03:00:16.803 INFO:teuthology.orchestra.run.smithi039.stdout:/usr/bin/ceph: stdout "initialized": true
2024-05-04T03:00:16.803 INFO:teuthology.orchestra.run.smithi039.stdout:/usr/bin/ceph: stdout }
2024-05-04T03:00:16.803 INFO:teuthology.orchestra.run.smithi039.stdout:/usr/bin/ceph: stderr
2024-05-04T03:00:09.709+0000 7f8d06461700 1 Processor -- start
2024-05-04T03:00:16.803 INFO:teuthology.orchestra.run.smithi039.stdout:/usr/bin/ceph: stderr
2024-05-04T03:00:09.709+0000 7f8d06461700 1 -- start start
2024-05-04T03:00:16.803 INFO:teuthology.orchestra.run.smithi039.stdout:/usr/bin/ceph: stderr
2024-05-04T03:00:09.709+0000 7f8d06461700 1 --2- >> [v2:172.21.15.39:3300/0,v1:172.21.15.39:6789/0] conn(0x7f8d00109f60 0x7f8d0010a370 unknown :-1 s=NONE pgs=0 cs=0 l=0 rev1=0 crypto rx=0 tx=0 comp rx=0 tx=0).connect
2024-05-04T03:00:16.804 INFO:teuthology.orchestra.run.smithi039.stdout:/usr/bin/ceph: stderr
2024-05-04T03:00:09.709+0000 7f8d06461700 1 -- --> [v2:172.21.15.39:3300/0,v1:172.21.15.39:6789/0] -- mon_getmap magic: 0 -- 0x7f8d0010a940 con 0x7f8d00109f60
2024-05-04T03:00:16.804 INFO:teuthology.orchestra.run.smithi039.stdout:/usr/bin/ceph: stderr
2024-05-04T03:00:09.710+0000 7f8cfffff700 1 --2- >> [v2:172.21.15.39:3300/0,v1:172.21.15.39:6789/0] conn(0x7f8d00109f60 0x7f8d0010a370 unknown :-1 s=BANNER_CONNECTING pgs=0 cs=0 l=0 rev1=0 crypto rx=0 tx=0 comp rx=0 tx=0)._handle_peer_banner_payload supported=3 required=0
2024-05-04T03:00:16.804 INFO:teuthology.orchestra.run.smithi039.stdout:/usr/bin/ceph: stderr
2024-05-04T03:00:09.710+0000 7f8cfffff700 1 --2- >> [v2:172.21.15.39:3300/0,v1:172.21.15.39:6789/0] conn(0x7f8d00109f60 0x7f8d0010a370 unknown :-1 s=HELLO_CONNECTING pgs=0 cs=0 l=0 rev1=1 crypto rx=0 tx=0 comp rx=0 tx=0).handle_hello peer v2:172.21.15.39:3300/0 says I am v2:172.21.15.39:55390/0 (socket says 172.21.15.39:55390)
2024-05-04T03:00:16.804 INFO:teuthology.orchestra.run.smithi039.stdout:/usr/bin/ceph: stderr
2024-05-04T03:00:09.710+0000 7f8cfffff700 1 -- 172.21.15.39:0/3043954637 learned_addr learned my addr 172.21.15.39:0/3043954637 (peer_addr_for_me v2:172.21.15.39:0/0)
2024-05-04T03:00:16.804 INFO:teuthology.orchestra.run.smithi039.stdout:/usr/bin/ceph: stderr
2024-05-04T03:00:09.710+0000 7f8cfffff700 1 -- 172.21.15.39:0/3043954637 --> [v2:172.21.15.39:3300/0,v1:172.21.15.39:6789/0] -- mon_subscribe({config=0+,monmap=0+}) -- 0x7f8d0010aac0 con 0x7f8d00109f60
2024-05-04T03:00:16.804 INFO:teuthology.orchestra.run.smithi039.stdout:/usr/bin/ceph: stderr
2024-05-04T03:00:09.710+0000 7f8cfffff700 1 --2- 172.21.15.39:0/3043954637 >> [v2:172.21.15.39:3300/0,v1:172.21.15.39:6789/0] conn(0x7f8d00109f60 0x7f8d0010a370 secure :-1 s=READY pgs=61 cs=0 l=1 rev1=1 crypto rx=0x7f8ce80098a0 tx=0x7f8ce8009bb0 comp rx=0 tx=0).ready entity=mon.0 client_cookie=6d751fe3932e5ac8 server_cookie=0 in_seq=0 out_seq=0
2024-05-04T03:00:16.804 INFO:teuthology.orchestra.run.smithi039.stdout:/usr/bin/ceph: stderr
2024-05-04T03:00:09.710+0000 7f8cfeffd700 1 -- 172.21.15.39:0/3043954637 <== mon.0 v2:172.21.15.39:3300/0 1 ==== mon_map magic: 0 ==== 205+0+0 (secure 0 0 0) 0x7f8ce8004160 con 0x7f8d00109f60
2024-05-04T03:00:16.804 INFO:teuthology.orchestra.run.smithi039.stdout:/usr/bin/ceph: stderr
2024-05-04T03:00:09.710+0000 7f8cfeffd700 1 -- 172.21.15.39:0/3043954637 <== mon.0 v2:172.21.15.39:3300/0 2 ==== config(25 keys) ==== 1063+0+0 (secure 0 0 0) 0x7f8ce8004300 con 0x7f8d00109f60
2024-05-04T03:00:16.805 INFO:teuthology.orchestra.run.smithi039.stdout:/usr/bin/ceph: stderr
2024-05-04T03:00:09.710+0000 7f8cfeffd700 1 -- 172.21.15.39:0/3043954637 <== mon.0 v2:172.21.15.39:3300/0 3 ==== mon_map magic: 0 ==== 205+0+0 (secure 0 0 0) 0x7f8ce8011960 con 0x7f8d00109f60
2024-05-04T03:00:16.805 INFO:teuthology.orchestra.run.smithi039.stdout:/usr/bin/ceph: stderr
2024-05-04T03:00:09.711+0000 7f8d06461700 1 -- 172.21.15.39:0/3043954637 >> [v2:172.21.15.39:3300/0,v1:172.21.15.39:6789/0] conn(0x7f8d00109f60 msgr2=0x7f8d0010a370 secure :-1 s=STATE_CONNECTION_ESTABLISHED l=1).mark_down
2024-05-04T03:00:16.805 INFO:teuthology.orchestra.run.smithi039.stdout:/usr/bin/ceph: stderr
2024-05-04T03:00:09.711+0000 7f8d06461700 1 --2- 172.21.15.39:0/3043954637 >> [v2:172.21.15.39:3300/0,v1:172.21.15.39:6789/0] conn(0x7f8d00109f60 0x7f8d0010a370 secure :-1 s=READY pgs=61 cs=0 l=1 rev1=1 crypto rx=0x7f8ce80098a0 tx=0x7f8ce8009bb0 comp rx=0 tx=0).stop
2024-05-04T03:00:16.805 INFO:teuthology.orchestra.run.smithi039.stdout:/usr/bin/ceph: stderr
2024-05-04T03:00:09.711+0000 7f8d06461700 1 -- 172.21.15.39:0/3043954637 shutdown_connections
2024-05-04T03:00:16.805 INFO:teuthology.orchestra.run.smithi039.stdout:/usr/bin/ceph: stderr
2024-05-04T03:00:09.711+0000 7f8d06461700 1 --2- 172.21.15.39:0/3043954637 >> [v2:172.21.15.39:3300/0,v1:172.21.15.39:6789/0] conn(0x7f8d00109f60 0x7f8d0010a370 unknown :-1 s=CLOSED pgs=61 cs=0 l=1 rev1=1 crypto rx=0 tx=0 comp rx=0 tx=0).stop
2024-05-04T03:00:16.805 INFO:teuthology.orchestra.run.smithi039.stdout:/usr/bin/ceph: stderr
2024-05-04T03:00:09.711+0000 7f8d06461700 1 -- 172.21.15.39:0/3043954637 >> 172.21.15.39:0/3043954637 conn(0x7f8d00103790 msgr2=0x7f8d00105c20 unknown :-1 s=STATE_NONE l=0).mark_down
2024-05-04T03:00:16.806 INFO:teuthology.orchestra.run.smithi039.stdout:/usr/bin/ceph: stderr
2024-05-04T03:00:09.711+0000 7f8d06461700 1 -- 172.21.15.39:0/3043954637 shutdown_connections
2024-05-04T03:00:16.806 INFO:teuthology.orchestra.run.smithi039.stdout:/usr/bin/ceph: stderr
2024-05-04T03:00:09.711+0000 7f8d06461700 1 -- 172.21.15.39:0/3043954637 wait complete.
2024-05-04T03:00:16.806 INFO:teuthology.orchestra.run.smithi039.stdout:/usr/bin/ceph: stderr
2024-05-04T03:00:09.712+0000 7f8d06461700 1 Processor -- start
2024-05-04T03:00:16.806 INFO:teuthology.orchestra.run.smithi039.stdout:/usr/bin/ceph: stderr
2024-05-04T03:00:09.712+0000 7f8d06461700 1 -- start start
2024-05-04T03:00:16.806 INFO:teuthology.orchestra.run.smithi039.stdout:/usr/bin/ceph: stderr
2024-05-04T03:00:09.712+0000 7f8d06461700 1 --2- >> [v2:172.21.15.39:3300/0,v1:172.21.15.39:6789/0] conn(0x7f8d00109f60 0x7f8d0019ff80 unknown :-1 s=NONE pgs=0 cs=0 l=1 rev1=0 crypto rx=0 tx=0 comp rx=0 tx=0).connect
2024-05-04T03:00:16.806 INFO:teuthology.orchestra.run.smithi039.stdout:/usr/bin/ceph: stderr
2024-05-04T03:00:09.713+0000 7f8d06461700 1 -- --> [v2:172.21.15.39:3300/0,v1:172.21.15.39:6789/0] -- mon_getmap magic: 0 -- 0x7f8d00108950 con 0x7f8d00109f60
2024-05-04T03:00:16.806 INFO:teuthology.orchestra.run.smithi039.stdout:/usr/bin/ceph: stderr
2024-05-04T03:00:09.713+0000 7f8cfffff700 1 --2- >> [v2:172.21.15.39:3300/0,v1:172.21.15.39:6789/0] conn(0x7f8d00109f60 0x7f8d0019ff80 unknown :-1 s=BANNER_CONNECTING pgs=0 cs=0 l=1 rev1=0 crypto rx=0 tx=0 comp rx=0 tx=0)._handle_peer_banner_payload supported=3 required=0
2024-05-04T03:00:16.807 INFO:teuthology.orchestra.run.smithi039.stdout:/usr/bin/ceph: stderr
2024-05-04T03:00:09.713+0000 7f8cfffff700 1 --2- >> [v2:172.21.15.39:3300/0,v1:172.21.15.39:6789/0] conn(0x7f8d00109f60 0x7f8d0019ff80 unknown :-1 s=HELLO_CONNECTING pgs=0 cs=0 l=1 rev1=1 crypto rx=0 tx=0 comp rx=0 tx=0).handle_hello peer v2:172.21.15.39:3300/0 says I am v2:172.21.15.39:55398/0 (socket says 172.21.15.39:55398)
2024-05-04T03:00:16.807 INFO:teuthology.orchestra.run.smithi039.stdout:/usr/bin/ceph: stderr
2024-05-04T03:00:09.713+0000 7f8cfffff700 1 -- 172.21.15.39:0/4231905257 learned_addr learned my addr 172.21.15.39:0/4231905257 (peer_addr_for_me v2:172.21.15.39:0/0)
2024-05-04T03:00:16.807 INFO:teuthology.orchestra.run.smithi039.stdout:/usr/bin/ceph: stderr
2024-05-04T03:00:09.713+0000 7f8cfffff700 1 -- 172.21.15.39:0/4231905257 --> [v2:172.21.15.39:3300/0,v1:172.21.15.39:6789/0] -- mon_subscribe({config=0+,monmap=0+}) -- 0x7f8d001a04c0 con 0x7f8d00109f60
2024-05-04T03:00:16.807 INFO:teuthology.orchestra.run.smithi039.stdout:/usr/bin/ceph: stderr
2024-05-04T03:00:09.713+0000 7f8cfffff700 1 --2- 172.21.15.39:0/4231905257 >> [v2:172.21.15.39:3300/0,v1:172.21.15.39:6789/0] conn(0x7f8d00109f60 0x7f8d0019ff80 secure :-1 s=READY pgs=62 cs=0 l=1 rev1=1 crypto rx=0x7f8ce8011980 tx=0x7f8ce8011a60 comp rx=0 tx=0).ready entity=mon.0 client_cookie=0 server_cookie=0 in_seq=0 out_seq=0
2024-05-04T03:00:16.807 INFO:teuthology.orchestra.run.smithi039.stdout:/usr/bin/ceph: stderr
2024-05-04T03:00:09.713+0000 7f8cfd7fa700 1 -- 172.21.15.39:0/4231905257 <== mon.0 v2:172.21.15.39:3300/0 1 ==== mon_map magic: 0 ==== 205+0+0 (secure 0 0 0) 0x7f8ce80039e0 con 0x7f8d00109f60
2024-05-04T03:00:16.807 INFO:teuthology.orchestra.run.smithi039.stdout:/usr/bin/ceph: stderr
2024-05-04T03:00:09.713+0000 7f8cfd7fa700 1 -- 172.21.15.39:0/4231905257 <== mon.0 v2:172.21.15.39:3300/0 2 ==== config(25 keys) ==== 1063+0+0 (secure 0 0 0) 0x7f8ce801b8d0 con 0x7f8d00109f60
2024-05-04T03:00:16.808 INFO:teuthology.orchestra.run.smithi039.stdout:/usr/bin/ceph: stderr
2024-05-04T03:00:09.713+0000 7f8d06461700 1 -- 172.21.15.39:0/4231905257 --> [v2:172.21.15.39:3300/0,v1:172.21.15.39:6789/0] -- mon_subscribe({mgrmap=0+}) -- 0x7f8d001a0750 con 0x7f8d00109f60
2024-05-04T03:00:16.808 INFO:teuthology.orchestra.run.smithi039.stdout:/usr/bin/ceph: stderr
2024-05-04T03:00:09.713+0000 7f8cfd7fa700 1 -- 172.21.15.39:0/4231905257 <== mon.0 v2:172.21.15.39:3300/0 3 ==== mon_map magic: 0 ==== 205+0+0 (secure 0 0 0) 0x7f8ce80236b0 con 0x7f8d00109f60
2024-05-04T03:00:16.808 INFO:teuthology.orchestra.run.smithi039.stdout:/usr/bin/ceph: stderr
2024-05-04T03:00:09.713+0000 7f8d06461700 1 -- 172.21.15.39:0/4231905257 --> [v2:172.21.15.39:3300/0,v1:172.21.15.39:6789/0] -- mon_subscribe({osdmap=0}) -- 0x7f8d001a3360 con 0x7f8d00109f60
2024-05-04T03:00:16.808 INFO:teuthology.orchestra.run.smithi039.stdout:/usr/bin/ceph: stderr
2024-05-04T03:00:09.715+0000 7f8cfd7fa700 1 -- 172.21.15.39:0/4231905257 <== mon.0 v2:172.21.15.39:3300/0 4 ==== mgrmap(e 9) ==== 50235+0+0 (secure 0 0 0) 0x7f8ce8023960 con 0x7f8d00109f60
2024-05-04T03:00:16.808 INFO:teuthology.orchestra.run.smithi039.stdout:/usr/bin/ceph: stderr
2024-05-04T03:00:09.715+0000 7f8cfd7fa700 1 --2- 172.21.15.39:0/4231905257 >> [v2:172.21.15.39:6800/3594679658,v1:172.21.15.39:6801/3594679658] conn(0x7f8cec03e4d0 0x7f8cec0409e0 unknown :-1 s=NONE pgs=0 cs=0 l=1 rev1=0 crypto rx=0 tx=0 comp rx=0 tx=0).connect
2024-05-04T03:00:16.808 INFO:teuthology.orchestra.run.smithi039.stdout:/usr/bin/ceph: stderr
2024-05-04T03:00:09.715+0000 7f8cfd7fa700 1 -- 172.21.15.39:0/4231905257 --> [v2:172.21.15.39:6800/3594679658,v1:172.21.15.39:6801/3594679658] -- command(tid 0: {"prefix": "get_command_descriptions"}) -- 0x7f8cec0410f0 con 0x7f8cec03e4d0
2024-05-04T03:00:16.809 INFO:teuthology.orchestra.run.smithi039.stdout:/usr/bin/ceph: stderr
2024-05-04T03:00:09.715+0000 7f8cff7fe700 1 -- 172.21.15.39:0/4231905257 >> [v2:172.21.15.39:6800/3594679658,v1:172.21.15.39:6801/3594679658] conn(0x7f8cec03e4d0 msgr2=0x7f8cec0409e0 unknown :-1 s=STATE_CONNECTING_RE l=1).process reconnect failed to v2:172.21.15.39:6800/3594679658
2024-05-04T03:00:16.809 INFO:teuthology.orchestra.run.smithi039.stdout:/usr/bin/ceph: stderr
2024-05-04T03:00:09.715+0000 7f8cfd7fa700 1 -- 172.21.15.39:0/4231905257 <== mon.0 v2:172.21.15.39:3300/0 5 ==== osd_map(2..2 src has 1..2) ==== 940+0+0 (secure 0 0 0) 0x7f8ce8053dd0 con 0x7f8d00109f60
2024-05-04T03:00:16.809 INFO:teuthology.orchestra.run.smithi039.stdout:/usr/bin/ceph: stderr
2024-05-04T03:00:09.715+0000 7f8cff7fe700 1 --2- 172.21.15.39:0/4231905257 >> [v2:172.21.15.39:6800/3594679658,v1:172.21.15.39:6801/3594679658] conn(0x7f8cec03e4d0 0x7f8cec0409e0 unknown :-1 s=START_CONNECT pgs=0 cs=0 l=1 rev1=0 crypto rx=0 tx=0 comp rx=0 tx=0)._fault waiting 0.200000
2024-05-04T03:00:16.809 INFO:teuthology.orchestra.run.smithi039.stdout:/usr/bin/ceph: stderr
2024-05-04T03:00:09.916+0000 7f8cff7fe700 1 -- 172.21.15.39:0/4231905257 >> [v2:172.21.15.39:6800/3594679658,v1:172.21.15.39:6801/3594679658] conn(0x7f8cec03e4d0 msgr2=0x7f8cec0409e0 unknown :-1 s=STATE_CONNECTING_RE l=1).process reconnect failed to v2:172.21.15.39:6800/3594679658
2024-05-04T03:00:16.809 INFO:teuthology.orchestra.run.smithi039.stdout:/usr/bin/ceph: stderr
2024-05-04T03:00:09.916+0000 7f8cff7fe700 1 --2- 172.21.15.39:0/4231905257 >> [v2:172.21.15.39:6800/3594679658,v1:172.21.15.39:6801/3594679658] conn(0x7f8cec03e4d0 0x7f8cec0409e0 unknown :-1 s=START_CONNECT pgs=0 cs=0 l=1 rev1=0 crypto rx=0 tx=0 comp rx=0 tx=0)._fault waiting 0.400000
2024-05-04T03:00:16.810 INFO:teuthology.orchestra.run.smithi039.stdout:/usr/bin/ceph: stderr
2024-05-04T03:00:10.317+0000 7f8cff7fe700 1 -- 172.21.15.39:0/4231905257 >> [v2:172.21.15.39:6800/3594679658,v1:172.21.15.39:6801/3594679658] conn(0x7f8cec03e4d0 msgr2=0x7f8cec0409e0 unknown :-1 s=STATE_CONNECTING_RE l=1).process reconnect failed to v2:172.21.15.39:6800/3594679658
2024-05-04T03:00:16.810 INFO:teuthology.orchestra.run.smithi039.stdout:/usr/bin/ceph: stderr
2024-05-04T03:00:10.317+0000 7f8cff7fe700 1 --2- 172.21.15.39:0/4231905257 >> [v2:172.21.15.39:6800/3594679658,v1:172.21.15.39:6801/3594679658] conn(0x7f8cec03e4d0 0x7f8cec0409e0 unknown :-1 s=START_CONNECT pgs=0 cs=0 l=1 rev1=0 crypto rx=0 tx=0 comp rx=0 tx=0)._fault waiting 0.800000
2024-05-04T03:00:16.810 INFO:teuthology.orchestra.run.smithi039.stdout:/usr/bin/ceph: stderr
2024-05-04T03:00:11.118+0000 7f8cff7fe700 1 -- 172.21.15.39:0/4231905257 >> [v2:172.21.15.39:6800/3594679658,v1:172.21.15.39:6801/3594679658] conn(0x7f8cec03e4d0 msgr2=0x7f8cec0409e0 unknown :-1 s=STATE_CONNECTING_RE l=1).process reconnect failed to v2:172.21.15.39:6800/3594679658
2024-05-04T03:00:16.811 INFO:teuthology.orchestra.run.smithi039.stdout:/usr/bin/ceph: stderr
2024-05-04T03:00:11.118+0000 7f8cff7fe700 1 --2- 172.21.15.39:0/4231905257 >> [v2:172.21.15.39:6800/3594679658,v1:172.21.15.39:6801/3594679658] conn(0x7f8cec03e4d0 0x7f8cec0409e0 unknown :-1 s=START_CONNECT pgs=0 cs=0 l=1 rev1=0 crypto rx=0 tx=0 comp rx=0 tx=0)._fault waiting 1.600000
2024-05-04T03:00:16.811 INFO:teuthology.orchestra.run.smithi039.stdout:/usr/bin/ceph: stderr
2024-05-04T03:00:12.719+0000 7f8cff7fe700 1 -- 172.21.15.39:0/4231905257 >> [v2:172.21.15.39:6800/3594679658,v1:172.21.15.39:6801/3594679658] conn(0x7f8cec03e4d0 msgr2=0x7f8cec0409e0 unknown :-1 s=STATE_CONNECTING_RE l=1).process reconnect failed to v2:172.21.15.39:6800/3594679658
2024-05-04T03:00:16.811 INFO:teuthology.orchestra.run.smithi039.stdout:/usr/bin/ceph: stderr
2024-05-04T03:00:12.719+0000 7f8cff7fe700 1 --2- 172.21.15.39:0/4231905257 >> [v2:172.21.15.39:6800/3594679658,v1:172.21.15.39:6801/3594679658] conn(0x7f8cec03e4d0 0x7f8cec0409e0 unknown :-1 s=START_CONNECT pgs=0 cs=0 l=1 rev1=0 crypto rx=0 tx=0 comp rx=0 tx=0)._fault waiting 3.200000
2024-05-04T03:00:16.811 INFO:teuthology.orchestra.run.smithi039.stdout:/usr/bin/ceph: stderr
2024-05-04T03:00:14.881+0000 7f8cfd7fa700 1 -- 172.21.15.39:0/4231905257 <== mon.0 v2:172.21.15.39:3300/0 6 ==== mgrmap(e 10) ==== 50002+0+0 (secure 0 0 0) 0x7f8ce8023ca0 con 0x7f8d00109f60
2024-05-04T03:00:16.811 INFO:teuthology.orchestra.run.smithi039.stdout:/usr/bin/ceph: stderr
2024-05-04T03:00:14.881+0000 7f8cfd7fa700 1 -- 172.21.15.39:0/4231905257 >> [v2:172.21.15.39:6800/3594679658,v1:172.21.15.39:6801/3594679658] conn(0x7f8cec03e4d0 msgr2=0x7f8cec0409e0 unknown :-1 s=STATE_CONNECTING l=1).mark_down
2024-05-04T03:00:16.812 INFO:teuthology.orchestra.run.smithi039.stdout:/usr/bin/ceph: stderr
2024-05-04T03:00:14.881+0000 7f8cfd7fa700 1 --2- 172.21.15.39:0/4231905257 >> [v2:172.21.15.39:6800/3594679658,v1:172.21.15.39:6801/3594679658] conn(0x7f8cec03e4d0 0x7f8cec0409e0 unknown :-1 s=START_CONNECT pgs=0 cs=0 l=1 rev1=0 crypto rx=0 tx=0 comp rx=0 tx=0).stop
2024-05-04T03:00:16.812 INFO:teuthology.orchestra.run.smithi039.stdout:/usr/bin/ceph: stderr
2024-05-04T03:00:15.881+0000 7f8cfd7fa700 1 -- 172.21.15.39:0/4231905257 <== mon.0 v2:172.21.15.39:3300/0 7 ==== mgrmap(e 11) ==== 50129+0+0 (secure 0 0 0) 0x7f8ce802b350 con 0x7f8d00109f60
2024-05-04T03:00:16.812 INFO:teuthology.orchestra.run.smithi039.stdout:/usr/bin/ceph: stderr
2024-05-04T03:00:15.881+0000 7f8cfd7fa700 1 --2- 172.21.15.39:0/4231905257 >> [v2:172.21.15.39:6800/2627629846,v1:172.21.15.39:6801/2627629846] conn(0x7f8ce8053960 0x7f8cec043fd0 unknown :-1 s=NONE pgs=0 cs=0 l=1 rev1=0 crypto rx=0 tx=0 comp rx=0 tx=0).connect
2024-05-04T03:00:16.812 INFO:teuthology.orchestra.run.smithi039.stdout:/usr/bin/ceph: stderr
2024-05-04T03:00:15.882+0000 7f8cfd7fa700 1 -- 172.21.15.39:0/4231905257 --> [v2:172.21.15.39:6800/2627629846,v1:172.21.15.39:6801/2627629846] -- command(tid 0: {"prefix": "get_command_descriptions"}) -- 0x7f8ce801ad40 con 0x7f8ce8053960
2024-05-04T03:00:16.812 INFO:teuthology.orchestra.run.smithi039.stdout:/usr/bin/ceph: stderr
2024-05-04T03:00:15.882+0000 7f8cff7fe700 1 --2- 172.21.15.39:0/4231905257 >> [v2:172.21.15.39:6800/2627629846,v1:172.21.15.39:6801/2627629846] conn(0x7f8ce8053960 0x7f8cec043fd0 unknown :-1 s=BANNER_CONNECTING pgs=0 cs=0 l=1 rev1=0 crypto rx=0 tx=0 comp rx=0 tx=0)._handle_peer_banner_payload supported=3 required=0
2024-05-04T03:00:16.813 INFO:teuthology.orchestra.run.smithi039.stdout:/usr/bin/ceph: stderr
2024-05-04T03:00:15.883+0000 7f8cff7fe700 1 --2- 172.21.15.39:0/4231905257 >> [v2:172.21.15.39:6800/2627629846,v1:172.21.15.39:6801/2627629846] conn(0x7f8ce8053960 0x7f8cec043fd0 secure :-1 s=READY pgs=3 cs=0 l=1 rev1=1 crypto rx=0x7f8cf0003a10 tx=0x7f8cf0009270 comp rx=0 tx=0).ready entity=mgr.14152 client_cookie=0 server_cookie=0 in_seq=0 out_seq=0
2024-05-04T03:00:16.813 INFO:teuthology.orchestra.run.smithi039.stdout:/usr/bin/ceph: stderr
2024-05-04T03:00:15.884+0000 7f8cfd7fa700 1 -- 172.21.15.39:0/4231905257 <== mgr.14152 v2:172.21.15.39:6800/2627629846 1 ==== command_reply(tid 0: 0 ) ==== 8+0+9564 (secure 0 0 0) 0x7f8ce801ad40 con 0x7f8ce8053960
2024-05-04T03:00:16.813 INFO:teuthology.orchestra.run.smithi039.stdout:/usr/bin/ceph: stderr
2024-05-04T03:00:15.893+0000 7f8d06461700 1 -- 172.21.15.39:0/4231905257 --> [v2:172.21.15.39:6800/2627629846,v1:172.21.15.39:6801/2627629846] -- command(tid 1: {"prefix": "mgr_status"}) -- 0x7f8d00064e20 con 0x7f8ce8053960
2024-05-04T03:00:16.813 INFO:teuthology.orchestra.run.smithi039.stdout:/usr/bin/ceph: stderr
2024-05-04T03:00:15.893+0000 7f8cfd7fa700 1 -- 172.21.15.39:0/4231905257 <== mgr.14152 v2:172.21.15.39:6800/2627629846 2 ==== command_reply(tid 1: 0 ) ==== 8+0+52 (secure 0 0 0) 0x7f8d00064e20 con 0x7f8ce8053960
2024-05-04T03:00:16.814 INFO:teuthology.orchestra.run.smithi039.stdout:/usr/bin/ceph: stderr
2024-05-04T03:00:15.893+0000 7f8d06461700 1 -- 172.21.15.39:0/4231905257 >> [v2:172.21.15.39:6800/2627629846,v1:172.21.15.39:6801/2627629846] conn(0x7f8ce8053960 msgr2=0x7f8cec043fd0 secure :-1 s=STATE_CONNECTION_ESTABLISHED l=1).mark_down
2024-05-04T03:00:16.814 INFO:teuthology.orchestra.run.smithi039.stdout:/usr/bin/ceph: stderr
2024-05-04T03:00:15.893+0000 7f8d06461700 1 --2- 172.21.15.39:0/4231905257 >> [v2:172.21.15.39:6800/2627629846,v1:172.21.15.39:6801/2627629846] conn(0x7f8ce8053960 0x7f8cec043fd0 secure :-1 s=READY pgs=3 cs=0 l=1 rev1=1 crypto rx=0x7f8cf0003a10 tx=0x7f8cf0009270 comp rx=0 tx=0).stop
2024-05-04T03:00:16.814 INFO:teuthology.orchestra.run.smithi039.stdout:/usr/bin/ceph: stderr
2024-05-04T03:00:15.893+0000 7f8d06461700 1 -- 172.21.15.39:0/4231905257 >> [v2:172.21.15.39:3300/0,v1:172.21.15.39:6789/0] conn(0x7f8d00109f60 msgr2=0x7f8d0019ff80 secure :-1 s=STATE_CONNECTION_ESTABLISHED l=1).mark_down
2024-05-04T03:00:16.814 INFO:teuthology.orchestra.run.smithi039.stdout:/usr/bin/ceph: stderr
2024-05-04T03:00:15.893+0000 7f8d06461700 1 --2- 172.21.15.39:0/4231905257 >> [v2:172.21.15.39:3300/0,v1:172.21.15.39:6789/0] conn(0x7f8d00109f60 0x7f8d0019ff80 secure :-1 s=READY pgs=62 cs=0 l=1 rev1=1 crypto rx=0x7f8ce8011980 tx=0x7f8ce8011a60 comp rx=0 tx=0).stop
2024-05-04T03:00:16.814 INFO:teuthology.orchestra.run.smithi039.stdout:/usr/bin/ceph: stderr
2024-05-04T03:00:15.894+0000 7f8d06461700 1 -- 172.21.15.39:0/4231905257 shutdown_connections
2024-05-04T03:00:16.815 INFO:teuthology.orchestra.run.smithi039.stdout:/usr/bin/ceph: stderr
2024-05-04T03:00:15.894+0000 7f8d06461700 1 --2- 172.21.15.39:0/4231905257 >> [v2:172.21.15.39:6800/2627629846,v1:172.21.15.39:6801/2627629846] conn(0x7f8ce8053960 0x7f8cec043fd0 unknown :-1 s=CLOSED pgs=3 cs=0 l=1 rev1=1 crypto rx=0 tx=0 comp rx=0 tx=0).stop
2024-05-04T03:00:16.815 INFO:teuthology.orchestra.run.smithi039.stdout:/usr/bin/ceph: stderr
2024-05-04T03:00:15.894+0000 7f8d06461700 1 --2- 172.21.15.39:0/4231905257 >> [v2:172.21.15.39:3300/0,v1:172.21.15.39:6789/0] conn(0x7f8d00109f60 0x7f8d0019ff80 unknown :-1 s=CLOSED pgs=62 cs=0 l=1 rev1=1 crypto rx=0 tx=0 comp rx=0 tx=0).stop
2024-05-04T03:00:16.815 INFO:teuthology.orchestra.run.smithi039.stdout:/usr/bin/ceph: stderr
2024-05-04T03:00:15.894+0000 7f8d06461700 1 --2- 172.21.15.39:0/4231905257 >> [v2:172.21.15.39:6800/3594679658,v1:172.21.15.39:6801/3594679658] conn(0x7f8cec03e4d0 0x7f8cec0409e0 unknown :-1 s=CLOSED pgs=0 cs=0 l=1 rev1=0 crypto rx=0 tx=0 comp rx=0 tx=0).stop
2024-05-04T03:00:16.815 INFO:teuthology.orchestra.run.smithi039.stdout:/usr/bin/ceph: stderr
2024-05-04T03:00:15.894+0000 7f8d06461700 1 -- 172.21.15.39:0/4231905257 >> 172.21.15.39:0/4231905257 conn(0x7f8d00103790 msgr2=0x7f8d00196250 unknown :-1 s=STATE_NONE l=0).mark_down
2024-05-04T03:00:16.816 INFO:teuthology.orchestra.run.smithi039.stdout:/usr/bin/ceph: stderr
2024-05-04T03:00:15.894+0000 7f8d06461700 1 -- 172.21.15.39:0/4231905257 shutdown_connections
2024-05-04T03:00:16.816 INFO:teuthology.orchestra.run.smithi039.stdout:/usr/bin/ceph: stderr
2024-05-04T03:00:15.894+0000 7f8d06461700 1 -- 172.21.15.39:0/4231905257 wait complete.
2024-05-04T03:00:16.816 INFO:teuthology.orchestra.run.smithi039.stdout:mgr epoch 9 is available
2024-05-04T03:00:16.816 INFO:teuthology.orchestra.run.smithi039.stdout:Generating a dashboard self-signed certificate...
2024-05-04T03:00:17.041 INFO:journalctl@ceph.mon.a.smithi039.stdout:May 04 03:00:16 smithi039 ceph-mon[29715]: [04/May/2024:03:00:15] ENGINE Bus STARTING
2024-05-04T03:00:17.042 INFO:journalctl@ceph.mon.a.smithi039.stdout:May 04 03:00:16 smithi039 ceph-mon[29715]: [04/May/2024:03:00:15] ENGINE Serving on http://172.21.15.39:8765
2024-05-04T03:00:17.042 INFO:journalctl@ceph.mon.a.smithi039.stdout:May 04 03:00:16 smithi039 ceph-mon[29715]: [04/May/2024:03:00:16] ENGINE Serving on https://172.21.15.39:7150
2024-05-04T03:00:17.042 INFO:journalctl@ceph.mon.a.smithi039.stdout:May 04 03:00:16 smithi039 ceph-mon[29715]: [04/May/2024:03:00:16] ENGINE Bus STARTED
2024-05-04T03:00:17.042 INFO:journalctl@ceph.mon.a.smithi039.stdout:May 04 03:00:16 smithi039 ceph-mon[29715]: from='mgr.14152 172.21.15.39:0/4277355805' entity='mgr.x'
2024-05-04T03:00:18.292 INFO:teuthology.orchestra.run.smithi039.stdout:/usr/bin/ceph: stdout Self-signed certificate created
2024-05-04T03:00:18.292 INFO:teuthology.orchestra.run.smithi039.stdout:/usr/bin/ceph: stderr
2024-05-04T03:00:17.246+0000 7f8596939700 1 Processor -- start
2024-05-04T03:00:18.292 INFO:teuthology.orchestra.run.smithi039.stdout:/usr/bin/ceph: stderr
2024-05-04T03:00:17.246+0000 7f8596939700 1 -- start start
2024-05-04T03:00:18.292 INFO:teuthology.orchestra.run.smithi039.stdout:/usr/bin/ceph: stderr
2024-05-04T03:00:17.246+0000 7f8596939700 1 --2- >> [v2:172.21.15.39:3300/0,v1:172.21.15.39:6789/0] conn(0x7f8590108400 0x7f8590108810 unknown :-1 s=NONE pgs=0 cs=0 l=0 rev1=0 crypto rx=0 tx=0 comp rx=0 tx=0).connect
2024-05-04T03:00:18.292 INFO:teuthology.orchestra.run.smithi039.stdout:/usr/bin/ceph: stderr
2024-05-04T03:00:17.246+0000 7f8596939700 1 -- --> [v2:172.21.15.39:3300/0,v1:172.21.15.39:6789/0] -- mon_getmap magic: 0 -- 0x7f859007ce10 con 0x7f8590108400
2024-05-04T03:00:18.292 INFO:teuthology.orchestra.run.smithi039.stdout:/usr/bin/ceph: stderr
2024-05-04T03:00:17.246+0000 7f858ffff700 1 --2- >> [v2:172.21.15.39:3300/0,v1:172.21.15.39:6789/0] conn(0x7f8590108400 0x7f8590108810 unknown :-1 s=BANNER_CONNECTING pgs=0 cs=0 l=0 rev1=0 crypto rx=0 tx=0 comp rx=0 tx=0)._handle_peer_banner_payload supported=3 required=0
2024-05-04T03:00:18.292 INFO:teuthology.orchestra.run.smithi039.stdout:/usr/bin/ceph: stderr
2024-05-04T03:00:17.246+0000 7f858ffff700 1 --2- >> [v2:172.21.15.39:3300/0,v1:172.21.15.39:6789/0] conn(0x7f8590108400 0x7f8590108810 unknown :-1 s=HELLO_CONNECTING pgs=0 cs=0 l=0 rev1=1 crypto rx=0 tx=0 comp rx=0 tx=0).handle_hello peer v2:172.21.15.39:3300/0 says I am v2:172.21.15.39:38490/0 (socket says 172.21.15.39:38490)
2024-05-04T03:00:18.292 INFO:teuthology.orchestra.run.smithi039.stdout:/usr/bin/ceph: stderr
2024-05-04T03:00:17.246+0000 7f858ffff700 1 -- 172.21.15.39:0/420539283 learned_addr learned my addr 172.21.15.39:0/420539283 (peer_addr_for_me v2:172.21.15.39:0/0)
2024-05-04T03:00:18.292 INFO:teuthology.orchestra.run.smithi039.stdout:/usr/bin/ceph: stderr
2024-05-04T03:00:17.246+0000 7f858ffff700 1 -- 172.21.15.39:0/420539283 --> [v2:172.21.15.39:3300/0,v1:172.21.15.39:6789/0] -- mon_subscribe({config=0+,monmap=0+}) -- 0x7f8590108d50 con 0x7f8590108400
2024-05-04T03:00:18.293 INFO:teuthology.orchestra.run.smithi039.stdout:/usr/bin/ceph: stderr
2024-05-04T03:00:17.247+0000 7f858ffff700 1 --2- 172.21.15.39:0/420539283 >> [v2:172.21.15.39:3300/0,v1:172.21.15.39:6789/0] conn(0x7f8590108400 0x7f8590108810 secure :-1 s=READY pgs=70 cs=0 l=1 rev1=1 crypto rx=0x7f85800098a0 tx=0x7f8580009bb0 comp rx=0 tx=0).ready entity=mon.0 client_cookie=2ff9a5d81e082cf2 server_cookie=0 in_seq=0 out_seq=0
2024-05-04T03:00:18.293 INFO:teuthology.orchestra.run.smithi039.stdout:/usr/bin/ceph: stderr
2024-05-04T03:00:17.247+0000 7f858effd700 1 -- 172.21.15.39:0/420539283 <== mon.0 v2:172.21.15.39:3300/0 1 ==== mon_map magic: 0 ==== 205+0+0 (secure 0 0 0) 0x7f8580004160 con 0x7f8590108400
2024-05-04T03:00:18.293 INFO:teuthology.orchestra.run.smithi039.stdout:/usr/bin/ceph: stderr
2024-05-04T03:00:17.247+0000 7f858effd700 1 -- 172.21.15.39:0/420539283 <== mon.0 v2:172.21.15.39:3300/0 2 ==== config(25 keys) ==== 1063+0+0 (secure 0 0 0) 0x7f8580004300 con 0x7f8590108400
