2024-05-04T03:00:18.293 INFO:teuthology.orchestra.run.smithi039.stdout:/usr/bin/ceph: stderr
2024-05-04T03:00:17.247+0000 7f858effd700 1 -- 172.21.15.39:0/420539283 <== mon.0 v2:172.21.15.39:3300/0 3 ==== mon_map magic: 0 ==== 205+0+0 (secure 0 0 0) 0x7f8580011960 con 0x7f8590108400
2024-05-04T03:00:18.293 INFO:teuthology.orchestra.run.smithi039.stdout:/usr/bin/ceph: stderr
2024-05-04T03:00:17.248+0000 7f8596939700 1 -- 172.21.15.39:0/420539283 >> [v2:172.21.15.39:3300/0,v1:172.21.15.39:6789/0] conn(0x7f8590108400 msgr2=0x7f8590108810 secure :-1 s=STATE_CONNECTION_ESTABLISHED l=1).mark_down
2024-05-04T03:00:18.293 INFO:teuthology.orchestra.run.smithi039.stdout:/usr/bin/ceph: stderr
2024-05-04T03:00:17.248+0000 7f8596939700 1 --2- 172.21.15.39:0/420539283 >> [v2:172.21.15.39:3300/0,v1:172.21.15.39:6789/0] conn(0x7f8590108400 0x7f8590108810 secure :-1 s=READY pgs=70 cs=0 l=1 rev1=1 crypto rx=0x7f85800098a0 tx=0x7f8580009bb0 comp rx=0 tx=0).stop
2024-05-04T03:00:18.293 INFO:teuthology.orchestra.run.smithi039.stdout:/usr/bin/ceph: stderr
2024-05-04T03:00:17.248+0000 7f8596939700 1 -- 172.21.15.39:0/420539283 shutdown_connections
2024-05-04T03:00:18.293 INFO:teuthology.orchestra.run.smithi039.stdout:/usr/bin/ceph: stderr
2024-05-04T03:00:17.248+0000 7f8596939700 1 --2- 172.21.15.39:0/420539283 >> [v2:172.21.15.39:3300/0,v1:172.21.15.39:6789/0] conn(0x7f8590108400 0x7f8590108810 unknown :-1 s=CLOSED pgs=70 cs=0 l=1 rev1=1 crypto rx=0 tx=0 comp rx=0 tx=0).stop
2024-05-04T03:00:18.293 INFO:teuthology.orchestra.run.smithi039.stdout:/usr/bin/ceph: stderr
2024-05-04T03:00:17.248+0000 7f8596939700 1 -- 172.21.15.39:0/420539283 >> 172.21.15.39:0/420539283 conn(0x7f8590104010 msgr2=0x7f85901064a0 unknown :-1 s=STATE_NONE l=0).mark_down
2024-05-04T03:00:18.293 INFO:teuthology.orchestra.run.smithi039.stdout:/usr/bin/ceph: stderr
2024-05-04T03:00:17.248+0000 7f8596939700 1 -- 172.21.15.39:0/420539283 shutdown_connections
2024-05-04T03:00:18.293 INFO:teuthology.orchestra.run.smithi039.stdout:/usr/bin/ceph: stderr
2024-05-04T03:00:17.248+0000 7f8596939700 1 -- 172.21.15.39:0/420539283 wait complete.
2024-05-04T03:00:18.293 INFO:teuthology.orchestra.run.smithi039.stdout:/usr/bin/ceph: stderr
2024-05-04T03:00:17.248+0000 7f8596939700 1 Processor -- start
2024-05-04T03:00:18.293 INFO:teuthology.orchestra.run.smithi039.stdout:/usr/bin/ceph: stderr
2024-05-04T03:00:17.249+0000 7f8596939700 1 -- start start
2024-05-04T03:00:18.293 INFO:teuthology.orchestra.run.smithi039.stdout:/usr/bin/ceph: stderr
2024-05-04T03:00:17.249+0000 7f8596939700 1 --2- >> [v2:172.21.15.39:3300/0,v1:172.21.15.39:6789/0] conn(0x7f8590108400 0x7f859019ff60 unknown :-1 s=NONE pgs=0 cs=0 l=1 rev1=0 crypto rx=0 tx=0 comp rx=0 tx=0).connect
2024-05-04T03:00:18.293 INFO:teuthology.orchestra.run.smithi039.stdout:/usr/bin/ceph: stderr
2024-05-04T03:00:17.249+0000 7f8596939700 1 -- --> [v2:172.21.15.39:3300/0,v1:172.21.15.39:6789/0] -- mon_getmap magic: 0 -- 0x7f8590109db0 con 0x7f8590108400
2024-05-04T03:00:18.294 INFO:teuthology.orchestra.run.smithi039.stdout:/usr/bin/ceph: stderr
2024-05-04T03:00:17.249+0000 7f858ffff700 1 --2- >> [v2:172.21.15.39:3300/0,v1:172.21.15.39:6789/0] conn(0x7f8590108400 0x7f859019ff60 unknown :-1 s=BANNER_CONNECTING pgs=0 cs=0 l=1 rev1=0 crypto rx=0 tx=0 comp rx=0 tx=0)._handle_peer_banner_payload supported=3 required=0
2024-05-04T03:00:18.294 INFO:teuthology.orchestra.run.smithi039.stdout:/usr/bin/ceph: stderr
2024-05-04T03:00:17.249+0000 7f858ffff700 1 --2- >> [v2:172.21.15.39:3300/0,v1:172.21.15.39:6789/0] conn(0x7f8590108400 0x7f859019ff60 unknown :-1 s=HELLO_CONNECTING pgs=0 cs=0 l=1 rev1=1 crypto rx=0 tx=0 comp rx=0 tx=0).handle_hello peer v2:172.21.15.39:3300/0 says I am v2:172.21.15.39:38496/0 (socket says 172.21.15.39:38496)
2024-05-04T03:00:18.294 INFO:teuthology.orchestra.run.smithi039.stdout:/usr/bin/ceph: stderr
2024-05-04T03:00:17.249+0000 7f858ffff700 1 -- 172.21.15.39:0/268017899 learned_addr learned my addr 172.21.15.39:0/268017899 (peer_addr_for_me v2:172.21.15.39:0/0)
2024-05-04T03:00:18.294 INFO:teuthology.orchestra.run.smithi039.stdout:/usr/bin/ceph: stderr
2024-05-04T03:00:17.249+0000 7f858ffff700 1 -- 172.21.15.39:0/268017899 --> [v2:172.21.15.39:3300/0,v1:172.21.15.39:6789/0] -- mon_subscribe({config=0+,monmap=0+}) -- 0x7f85901a04a0 con 0x7f8590108400
2024-05-04T03:00:18.294 INFO:teuthology.orchestra.run.smithi039.stdout:/usr/bin/ceph: stderr
2024-05-04T03:00:17.250+0000 7f858ffff700 1 --2- 172.21.15.39:0/268017899 >> [v2:172.21.15.39:3300/0,v1:172.21.15.39:6789/0] conn(0x7f8590108400 0x7f859019ff60 secure :-1 s=READY pgs=71 cs=0 l=1 rev1=1 crypto rx=0x7f8580011670 tx=0x7f8580011a30 comp rx=0 tx=0).ready entity=mon.0 client_cookie=0 server_cookie=0 in_seq=0 out_seq=0
2024-05-04T03:00:18.294 INFO:teuthology.orchestra.run.smithi039.stdout:/usr/bin/ceph: stderr
2024-05-04T03:00:17.250+0000 7f858d7fa700 1 -- 172.21.15.39:0/268017899 <== mon.0 v2:172.21.15.39:3300/0 1 ==== mon_map magic: 0 ==== 205+0+0 (secure 0 0 0) 0x7f858001f070 con 0x7f8590108400
2024-05-04T03:00:18.294 INFO:teuthology.orchestra.run.smithi039.stdout:/usr/bin/ceph: stderr
2024-05-04T03:00:17.250+0000 7f8596939700 1 -- 172.21.15.39:0/268017899 --> [v2:172.21.15.39:3300/0,v1:172.21.15.39:6789/0] -- mon_subscribe({mgrmap=0+}) -- 0x7f85901a0730 con 0x7f8590108400
2024-05-04T03:00:18.294 INFO:teuthology.orchestra.run.smithi039.stdout:/usr/bin/ceph: stderr
2024-05-04T03:00:17.250+0000 7f858d7fa700 1 -- 172.21.15.39:0/268017899 <== mon.0 v2:172.21.15.39:3300/0 2 ==== config(25 keys) ==== 1063+0+0 (secure 0 0 0) 0x7f8580003b20 con 0x7f8590108400
2024-05-04T03:00:18.294 INFO:teuthology.orchestra.run.smithi039.stdout:/usr/bin/ceph: stderr
2024-05-04T03:00:17.250+0000 7f858d7fa700 1 -- 172.21.15.39:0/268017899 <== mon.0 v2:172.21.15.39:3300/0 3 ==== mon_map magic: 0 ==== 205+0+0 (secure 0 0 0) 0x7f8580019580 con 0x7f8590108400
2024-05-04T03:00:18.294 INFO:teuthology.orchestra.run.smithi039.stdout:/usr/bin/ceph: stderr
2024-05-04T03:00:17.250+0000 7f8596939700 1 -- 172.21.15.39:0/268017899 --> [v2:172.21.15.39:3300/0,v1:172.21.15.39:6789/0] -- mon_subscribe({osdmap=0}) -- 0x7f85901a3340 con 0x7f8590108400
2024-05-04T03:00:18.294 INFO:teuthology.orchestra.run.smithi039.stdout:/usr/bin/ceph: stderr
2024-05-04T03:00:17.251+0000 7f858d7fa700 1 -- 172.21.15.39:0/268017899 <== mon.0 v2:172.21.15.39:3300/0 4 ==== mgrmap(e 11) ==== 50129+0+0 (secure 0 0 0) 0x7f8580022070 con 0x7f8590108400
2024-05-04T03:00:18.294 INFO:teuthology.orchestra.run.smithi039.stdout:/usr/bin/ceph: stderr
2024-05-04T03:00:17.251+0000 7f8596939700 1 -- 172.21.15.39:0/268017899 --> [v2:172.21.15.39:3300/0,v1:172.21.15.39:6789/0] -- mon_command({"prefix": "get_command_descriptions"} v 0) -- 0x7f8590064e20 con 0x7f8590108400
2024-05-04T03:00:18.294 INFO:teuthology.orchestra.run.smithi039.stdout:/usr/bin/ceph: stderr
2024-05-04T03:00:17.251+0000 7f858d7fa700 1 --2- 172.21.15.39:0/268017899 >> [v2:172.21.15.39:6800/2627629846,v1:172.21.15.39:6801/2627629846] conn(0x7f857803e410 0x7f8578040920 unknown :-1 s=NONE pgs=0 cs=0 l=1 rev1=0 crypto rx=0 tx=0 comp rx=0 tx=0).connect
2024-05-04T03:00:18.294 INFO:teuthology.orchestra.run.smithi039.stdout:/usr/bin/ceph: stderr
2024-05-04T03:00:17.251+0000 7f858d7fa700 1 -- 172.21.15.39:0/268017899 <== mon.0 v2:172.21.15.39:3300/0 5 ==== osd_map(3..3 src has 1..3) ==== 1155+0+0 (secure 0 0 0) 0x7f8580053a00 con 0x7f8590108400
2024-05-04T03:00:18.295 INFO:teuthology.orchestra.run.smithi039.stdout:/usr/bin/ceph: stderr
2024-05-04T03:00:17.251+0000 7f858f7fe700 1 --2- 172.21.15.39:0/268017899 >> [v2:172.21.15.39:6800/2627629846,v1:172.21.15.39:6801/2627629846] conn(0x7f857803e410 0x7f8578040920 unknown :-1 s=BANNER_CONNECTING pgs=0 cs=0 l=1 rev1=0 crypto rx=0 tx=0 comp rx=0 tx=0)._handle_peer_banner_payload supported=3 required=0
2024-05-04T03:00:18.295 INFO:teuthology.orchestra.run.smithi039.stdout:/usr/bin/ceph: stderr
2024-05-04T03:00:17.252+0000 7f858f7fe700 1 --2- 172.21.15.39:0/268017899 >> [v2:172.21.15.39:6800/2627629846,v1:172.21.15.39:6801/2627629846] conn(0x7f857803e410 0x7f8578040920 secure :-1 s=READY pgs=7 cs=0 l=1 rev1=1 crypto rx=0x7f8584006fd0 tx=0x7f8584006e40 comp rx=0 tx=0).ready entity=mgr.14152 client_cookie=0 server_cookie=0 in_seq=0 out_seq=0
2024-05-04T03:00:18.295 INFO:teuthology.orchestra.run.smithi039.stdout:/usr/bin/ceph: stderr
2024-05-04T03:00:17.257+0000 7f858d7fa700 1 -- 172.21.15.39:0/268017899 <== mon.0 v2:172.21.15.39:3300/0 6 ==== mon_command_ack([{"prefix": "get_command_descriptions"}]=0 v0) ==== 72+0+191963 (secure 0 0 0) 0x7f85800172b0 con 0x7f8590108400
2024-05-04T03:00:18.295 INFO:teuthology.orchestra.run.smithi039.stdout:/usr/bin/ceph: stderr
2024-05-04T03:00:17.442+0000 7f858d7fa700 1 -- 172.21.15.39:0/268017899 <== mon.0 v2:172.21.15.39:3300/0 7 ==== mgrmap(e 12) ==== 50235+0+0 (secure 0 0 0) 0x7f858000bce0 con 0x7f8590108400
2024-05-04T03:00:18.295 INFO:teuthology.orchestra.run.smithi039.stdout:/usr/bin/ceph: stderr
2024-05-04T03:00:17.480+0000 7f8596939700 1 -- 172.21.15.39:0/268017899 --> [v2:172.21.15.39:6800/2627629846,v1:172.21.15.39:6801/2627629846] -- mgr_command(tid 0: {"prefix": "dashboard create-self-signed-cert", "target": ["mon-mgr", ""]}) -- 0x7f859002e920 con 0x7f857803e410
2024-05-04T03:00:18.295 INFO:teuthology.orchestra.run.smithi039.stdout:/usr/bin/ceph: stderr
2024-05-04T03:00:17.714+0000 7f858d7fa700 1 -- 172.21.15.39:0/268017899 <== mgr.14152 v2:172.21.15.39:6800/2627629846 1 ==== mgr_command_reply(tid 0: 0 ) ==== 8+0+32 (secure 0 0 0) 0x7f859002e920 con 0x7f857803e410
2024-05-04T03:00:18.295 INFO:teuthology.orchestra.run.smithi039.stdout:/usr/bin/ceph: stderr
2024-05-04T03:00:17.716+0000 7f8596939700 1 -- 172.21.15.39:0/268017899 >> [v2:172.21.15.39:6800/2627629846,v1:172.21.15.39:6801/2627629846] conn(0x7f857803e410 msgr2=0x7f8578040920 secure :-1 s=STATE_CONNECTION_ESTABLISHED l=1).mark_down
2024-05-04T03:00:18.295 INFO:teuthology.orchestra.run.smithi039.stdout:/usr/bin/ceph: stderr
2024-05-04T03:00:17.716+0000 7f8596939700 1 --2- 172.21.15.39:0/268017899 >> [v2:172.21.15.39:6800/2627629846,v1:172.21.15.39:6801/2627629846] conn(0x7f857803e410 0x7f8578040920 secure :-1 s=READY pgs=7 cs=0 l=1 rev1=1 crypto rx=0x7f8584006fd0 tx=0x7f8584006e40 comp rx=0 tx=0).stop
2024-05-04T03:00:18.295 INFO:teuthology.orchestra.run.smithi039.stdout:/usr/bin/ceph: stderr
2024-05-04T03:00:17.716+0000 7f8596939700 1 -- 172.21.15.39:0/268017899 >> [v2:172.21.15.39:3300/0,v1:172.21.15.39:6789/0] conn(0x7f8590108400 msgr2=0x7f859019ff60 secure :-1 s=STATE_CONNECTION_ESTABLISHED l=1).mark_down
2024-05-04T03:00:18.295 INFO:teuthology.orchestra.run.smithi039.stdout:/usr/bin/ceph: stderr
2024-05-04T03:00:17.716+0000 7f8596939700 1 --2- 172.21.15.39:0/268017899 >> [v2:172.21.15.39:3300/0,v1:172.21.15.39:6789/0] conn(0x7f8590108400 0x7f859019ff60 secure :-1 s=READY pgs=71 cs=0 l=1 rev1=1 crypto rx=0x7f8580011670 tx=0x7f8580011a30 comp rx=0 tx=0).stop
2024-05-04T03:00:18.295 INFO:teuthology.orchestra.run.smithi039.stdout:/usr/bin/ceph: stderr
2024-05-04T03:00:17.716+0000 7f8596939700 1 -- 172.21.15.39:0/268017899 shutdown_connections
2024-05-04T03:00:18.295 INFO:teuthology.orchestra.run.smithi039.stdout:/usr/bin/ceph: stderr
2024-05-04T03:00:17.716+0000 7f8596939700 1 --2- 172.21.15.39:0/268017899 >> [v2:172.21.15.39:6800/2627629846,v1:172.21.15.39:6801/2627629846] conn(0x7f857803e410 0x7f8578040920 unknown :-1 s=CLOSED pgs=7 cs=0 l=1 rev1=1 crypto rx=0 tx=0 comp rx=0 tx=0).stop
2024-05-04T03:00:18.295 INFO:teuthology.orchestra.run.smithi039.stdout:/usr/bin/ceph: stderr
2024-05-04T03:00:17.716+0000 7f8596939700 1 --2- 172.21.15.39:0/268017899 >> [v2:172.21.15.39:3300/0,v1:172.21.15.39:6789/0] conn(0x7f8590108400 0x7f859019ff60 unknown :-1 s=CLOSED pgs=71 cs=0 l=1 rev1=1 crypto rx=0 tx=0 comp rx=0 tx=0).stop
2024-05-04T03:00:18.295 INFO:teuthology.orchestra.run.smithi039.stdout:/usr/bin/ceph: stderr
2024-05-04T03:00:17.716+0000 7f8596939700 1 -- 172.21.15.39:0/268017899 >> 172.21.15.39:0/268017899 conn(0x7f8590104010 msgr2=0x7f8590193f70 unknown :-1 s=STATE_NONE l=0).mark_down
2024-05-04T03:00:18.296 INFO:teuthology.orchestra.run.smithi039.stdout:/usr/bin/ceph: stderr
2024-05-04T03:00:17.716+0000 7f8596939700 1 -- 172.21.15.39:0/268017899 shutdown_connections
2024-05-04T03:00:18.296 INFO:teuthology.orchestra.run.smithi039.stdout:/usr/bin/ceph: stderr
2024-05-04T03:00:17.716+0000 7f8596939700 1 -- 172.21.15.39:0/268017899 wait complete.
2024-05-04T03:00:18.296 INFO:teuthology.orchestra.run.smithi039.stdout:Creating initial admin user...
2024-05-04T03:00:18.536 INFO:journalctl@ceph.mon.a.smithi039.stdout:May 04 03:00:18 smithi039 ceph-mon[29715]: mgrmap e12: x(active, since 2s)
2024-05-04T03:00:18.536 INFO:journalctl@ceph.mon.a.smithi039.stdout:May 04 03:00:18 smithi039 ceph-mon[29715]: from='client.14164 -' entity='client.admin' cmd=[{"prefix": "dashboard create-self-signed-cert", "target": ["mon-mgr", ""]}]: dispatch
2024-05-04T03:00:18.537 INFO:journalctl@ceph.mon.a.smithi039.stdout:May 04 03:00:18 smithi039 ceph-mon[29715]: from='mgr.14152 172.21.15.39:0/4277355805' entity='mgr.x'
2024-05-04T03:00:18.537 INFO:journalctl@ceph.mon.a.smithi039.stdout:May 04 03:00:18 smithi039 ceph-mon[29715]: from='mgr.14152 172.21.15.39:0/4277355805' entity='mgr.x'
2024-05-04T03:00:18.537 INFO:journalctl@ceph.mon.a.smithi039.stdout:May 04 03:00:18 smithi039 ceph-mon[29715]: from='mgr.14152 172.21.15.39:0/4277355805' entity='mgr.x'
2024-05-04T03:00:19.921 INFO:teuthology.orchestra.run.smithi039.stdout:/usr/bin/ceph: stdout {"username": "admin", "password": "$2b$12$vCzZw1tG7SmWjA18sHvPWOJtbRFSi2h4pPbPt29u3IGbpoMY4bQGa", "roles": ["administrator"], "name": null, "email": null, "lastUpdate": 1714791619, "enabled": true, "pwdExpirationDate": null, "pwdUpdateRequired": true}
2024-05-04T03:00:19.921 INFO:teuthology.orchestra.run.smithi039.stdout:/usr/bin/ceph: stderr
2024-05-04T03:00:18.744+0000 7fa0332df700 1 Processor -- start
2024-05-04T03:00:19.921 INFO:teuthology.orchestra.run.smithi039.stdout:/usr/bin/ceph: stderr
2024-05-04T03:00:18.744+0000 7fa0332df700 1 -- start start
2024-05-04T03:00:19.921 INFO:teuthology.orchestra.run.smithi039.stdout:/usr/bin/ceph: stderr
2024-05-04T03:00:18.744+0000 7fa0332df700 1 --2- >> [v2:172.21.15.39:3300/0,v1:172.21.15.39:6789/0] conn(0x7fa02c10a670 0x7fa02c10ca90 unknown :-1 s=NONE pgs=0 cs=0 l=0 rev1=0 crypto rx=0 tx=0 comp rx=0 tx=0).connect
2024-05-04T03:00:19.921 INFO:teuthology.orchestra.run.smithi039.stdout:/usr/bin/ceph: stderr
2024-05-04T03:00:18.744+0000 7fa0332df700 1 -- --> [v2:172.21.15.39:3300/0,v1:172.21.15.39:6789/0] -- mon_getmap magic: 0 -- 0x7fa02c07d6a0 con 0x7fa02c10a670
2024-05-04T03:00:19.921 INFO:teuthology.orchestra.run.smithi039.stdout:/usr/bin/ceph: stderr
2024-05-04T03:00:18.745+0000 7fa03107b700 1 --2- >> [v2:172.21.15.39:3300/0,v1:172.21.15.39:6789/0] conn(0x7fa02c10a670 0x7fa02c10ca90 unknown :-1 s=BANNER_CONNECTING pgs=0 cs=0 l=0 rev1=0 crypto rx=0 tx=0 comp rx=0 tx=0)._handle_peer_banner_payload supported=3 required=0
2024-05-04T03:00:19.921 INFO:teuthology.orchestra.run.smithi039.stdout:/usr/bin/ceph: stderr
2024-05-04T03:00:18.745+0000 7fa03107b700 1 --2- >> [v2:172.21.15.39:3300/0,v1:172.21.15.39:6789/0] conn(0x7fa02c10a670 0x7fa02c10ca90 unknown :-1 s=HELLO_CONNECTING pgs=0 cs=0 l=0 rev1=1 crypto rx=0 tx=0 comp rx=0 tx=0).handle_hello peer v2:172.21.15.39:3300/0 says I am v2:172.21.15.39:38512/0 (socket says 172.21.15.39:38512)
2024-05-04T03:00:19.922 INFO:teuthology.orchestra.run.smithi039.stdout:/usr/bin/ceph: stderr
2024-05-04T03:00:18.745+0000 7fa03107b700 1 -- 172.21.15.39:0/3173477519 learned_addr learned my addr 172.21.15.39:0/3173477519 (peer_addr_for_me v2:172.21.15.39:0/0)
2024-05-04T03:00:19.922 INFO:teuthology.orchestra.run.smithi039.stdout:/usr/bin/ceph: stderr
2024-05-04T03:00:18.745+0000 7fa03107b700 1 -- 172.21.15.39:0/3173477519 --> [v2:172.21.15.39:3300/0,v1:172.21.15.39:6789/0] -- mon_subscribe({config=0+,monmap=0+}) -- 0x7fa02c10cfd0 con 0x7fa02c10a670
2024-05-04T03:00:19.922 INFO:teuthology.orchestra.run.smithi039.stdout:/usr/bin/ceph: stderr
2024-05-04T03:00:18.745+0000 7fa03107b700 1 --2- 172.21.15.39:0/3173477519 >> [v2:172.21.15.39:3300/0,v1:172.21.15.39:6789/0] conn(0x7fa02c10a670 0x7fa02c10ca90 secure :-1 s=READY pgs=72 cs=0 l=1 rev1=1 crypto rx=0x7fa01c009e80 tx=0x7fa01c00b330 comp rx=0 tx=0).ready entity=mon.0 client_cookie=19152ddd1697b443 server_cookie=0 in_seq=0 out_seq=0
2024-05-04T03:00:19.922 INFO:teuthology.orchestra.run.smithi039.stdout:/usr/bin/ceph: stderr
2024-05-04T03:00:18.745+0000 7fa02bfff700 1 -- 172.21.15.39:0/3173477519 <== mon.0 v2:172.21.15.39:3300/0 1 ==== mon_map magic: 0 ==== 205+0+0 (secure 0 0 0) 0x7fa01c017070 con 0x7fa02c10a670
2024-05-04T03:00:19.922 INFO:teuthology.orchestra.run.smithi039.stdout:/usr/bin/ceph: stderr
2024-05-04T03:00:18.745+0000 7fa02bfff700 1 -- 172.21.15.39:0/3173477519 <== mon.0 v2:172.21.15.39:3300/0 2 ==== config(25 keys) ==== 1063+0+0 (secure 0 0 0) 0x7fa01c00b8c0 con 0x7fa02c10a670
2024-05-04T03:00:19.922 INFO:teuthology.orchestra.run.smithi039.stdout:/usr/bin/ceph: stderr
2024-05-04T03:00:18.745+0000 7fa02bfff700 1 -- 172.21.15.39:0/3173477519 <== mon.0 v2:172.21.15.39:3300/0 3 ==== mon_map magic: 0 ==== 205+0+0 (secure 0 0 0) 0x7fa01c004420 con 0x7fa02c10a670
2024-05-04T03:00:19.922 INFO:teuthology.orchestra.run.smithi039.stdout:/usr/bin/ceph: stderr
2024-05-04T03:00:18.746+0000 7fa0332df700 1 -- 172.21.15.39:0/3173477519 >> [v2:172.21.15.39:3300/0,v1:172.21.15.39:6789/0] conn(0x7fa02c10a670 msgr2=0x7fa02c10ca90 secure :-1 s=STATE_CONNECTION_ESTABLISHED l=1).mark_down
2024-05-04T03:00:19.922 INFO:teuthology.orchestra.run.smithi039.stdout:/usr/bin/ceph: stderr
2024-05-04T03:00:18.746+0000 7fa0332df700 1 --2- 172.21.15.39:0/3173477519 >> [v2:172.21.15.39:3300/0,v1:172.21.15.39:6789/0] conn(0x7fa02c10a670 0x7fa02c10ca90 secure :-1 s=READY pgs=72 cs=0 l=1 rev1=1 crypto rx=0x7fa01c009e80 tx=0x7fa01c00b330 comp rx=0 tx=0).stop
2024-05-04T03:00:19.922 INFO:teuthology.orchestra.run.smithi039.stdout:/usr/bin/ceph: stderr
2024-05-04T03:00:18.746+0000 7fa0332df700 1 -- 172.21.15.39:0/3173477519 shutdown_connections
2024-05-04T03:00:19.922 INFO:teuthology.orchestra.run.smithi039.stdout:/usr/bin/ceph: stderr
2024-05-04T03:00:18.746+0000 7fa0332df700 1 --2- 172.21.15.39:0/3173477519 >> [v2:172.21.15.39:3300/0,v1:172.21.15.39:6789/0] conn(0x7fa02c10a670 0x7fa02c10ca90 unknown :-1 s=CLOSED pgs=72 cs=0 l=1 rev1=1 crypto rx=0 tx=0 comp rx=0 tx=0).stop
2024-05-04T03:00:19.922 INFO:teuthology.orchestra.run.smithi039.stdout:/usr/bin/ceph: stderr
2024-05-04T03:00:18.746+0000 7fa0332df700 1 -- 172.21.15.39:0/3173477519 >> 172.21.15.39:0/3173477519 conn(0x7fa02c104050 msgr2=0x7fa02c106500 unknown :-1 s=STATE_NONE l=0).mark_down
2024-05-04T03:00:19.922 INFO:teuthology.orchestra.run.smithi039.stdout:/usr/bin/ceph: stderr
2024-05-04T03:00:18.746+0000 7fa0332df700 1 -- 172.21.15.39:0/3173477519 shutdown_connections
2024-05-04T03:00:19.922 INFO:teuthology.orchestra.run.smithi039.stdout:/usr/bin/ceph: stderr
2024-05-04T03:00:18.746+0000 7fa0332df700 1 -- 172.21.15.39:0/3173477519 wait complete.
2024-05-04T03:00:19.922 INFO:teuthology.orchestra.run.smithi039.stdout:/usr/bin/ceph: stderr
2024-05-04T03:00:18.747+0000 7fa0332df700 1 Processor -- start
2024-05-04T03:00:19.923 INFO:teuthology.orchestra.run.smithi039.stdout:/usr/bin/ceph: stderr
2024-05-04T03:00:18.747+0000 7fa0332df700 1 -- start start
2024-05-04T03:00:19.923 INFO:teuthology.orchestra.run.smithi039.stdout:/usr/bin/ceph: stderr
2024-05-04T03:00:18.747+0000 7fa0332df700 1 --2- >> [v2:172.21.15.39:3300/0,v1:172.21.15.39:6789/0] conn(0x7fa02c10a670 0x7fa02c109df0 unknown :-1 s=NONE pgs=0 cs=0 l=1 rev1=0 crypto rx=0 tx=0 comp rx=0 tx=0).connect
2024-05-04T03:00:19.923 INFO:teuthology.orchestra.run.smithi039.stdout:/usr/bin/ceph: stderr
2024-05-04T03:00:18.747+0000 7fa0332df700 1 -- --> [v2:172.21.15.39:3300/0,v1:172.21.15.39:6789/0] -- mon_getmap magic: 0 -- 0x7fa02c10df10 con 0x7fa02c10a670
2024-05-04T03:00:19.923 INFO:teuthology.orchestra.run.smithi039.stdout:/usr/bin/ceph: stderr
2024-05-04T03:00:18.747+0000 7fa03107b700 1 --2- >> [v2:172.21.15.39:3300/0,v1:172.21.15.39:6789/0] conn(0x7fa02c10a670 0x7fa02c109df0 unknown :-1 s=BANNER_CONNECTING pgs=0 cs=0 l=1 rev1=0 crypto rx=0 tx=0 comp rx=0 tx=0)._handle_peer_banner_payload supported=3 required=0
2024-05-04T03:00:19.923 INFO:teuthology.orchestra.run.smithi039.stdout:/usr/bin/ceph: stderr
2024-05-04T03:00:18.747+0000 7fa03107b700 1 --2- >> [v2:172.21.15.39:3300/0,v1:172.21.15.39:6789/0] conn(0x7fa02c10a670 0x7fa02c109df0 unknown :-1 s=HELLO_CONNECTING pgs=0 cs=0 l=1 rev1=1 crypto rx=0 tx=0 comp rx=0 tx=0).handle_hello peer v2:172.21.15.39:3300/0 says I am v2:172.21.15.39:38520/0 (socket says 172.21.15.39:38520)
2024-05-04T03:00:19.923 INFO:teuthology.orchestra.run.smithi039.stdout:/usr/bin/ceph: stderr
2024-05-04T03:00:18.747+0000 7fa03107b700 1 -- 172.21.15.39:0/4200206831 learned_addr learned my addr 172.21.15.39:0/4200206831 (peer_addr_for_me v2:172.21.15.39:0/0)
2024-05-04T03:00:19.923 INFO:teuthology.orchestra.run.smithi039.stdout:/usr/bin/ceph: stderr
2024-05-04T03:00:18.748+0000 7fa03107b700 1 -- 172.21.15.39:0/4200206831 --> [v2:172.21.15.39:3300/0,v1:172.21.15.39:6789/0] -- mon_subscribe({config=0+,monmap=0+}) -- 0x7fa02c10a330 con 0x7fa02c10a670
2024-05-04T03:00:19.923 INFO:teuthology.orchestra.run.smithi039.stdout:/usr/bin/ceph: stderr
2024-05-04T03:00:18.748+0000 7fa03107b700 1 --2- 172.21.15.39:0/4200206831 >> [v2:172.21.15.39:3300/0,v1:172.21.15.39:6789/0] conn(0x7fa02c10a670 0x7fa02c109df0 secure :-1 s=READY pgs=73 cs=0 l=1 rev1=1 crypto rx=0x7fa01c009e50 tx=0x7fa01c00bd50 comp rx=0 tx=0).ready entity=mon.0 client_cookie=0 server_cookie=0 in_seq=0 out_seq=0
2024-05-04T03:00:19.923 INFO:teuthology.orchestra.run.smithi039.stdout:/usr/bin/ceph: stderr
2024-05-04T03:00:18.748+0000 7fa02a7fc700 1 -- 172.21.15.39:0/4200206831 <== mon.0 v2:172.21.15.39:3300/0 1 ==== mon_map magic: 0 ==== 205+0+0 (secure 0 0 0) 0x7fa01c020020 con 0x7fa02c10a670
2024-05-04T03:00:19.923 INFO:teuthology.orchestra.run.smithi039.stdout:/usr/bin/ceph: stderr
2024-05-04T03:00:18.748+0000 7fa02a7fc700 1 -- 172.21.15.39:0/4200206831 <== mon.0 v2:172.21.15.39:3300/0 2 ==== config(25 keys) ==== 1063+0+0 (secure 0 0 0) 0x7fa01c0128c0 con 0x7fa02c10a670
2024-05-04T03:00:19.923 INFO:teuthology.orchestra.run.smithi039.stdout:/usr/bin/ceph: stderr
2024-05-04T03:00:18.748+0000 7fa0332df700 1 -- 172.21.15.39:0/4200206831 --> [v2:172.21.15.39:3300/0,v1:172.21.15.39:6789/0] -- mon_subscribe({mgrmap=0+}) -- 0x7fa02c108580 con 0x7fa02c10a670
2024-05-04T03:00:19.923 INFO:teuthology.orchestra.run.smithi039.stdout:/usr/bin/ceph: stderr
2024-05-04T03:00:18.748+0000 7fa02a7fc700 1 -- 172.21.15.39:0/4200206831 <== mon.0 v2:172.21.15.39:3300/0 3 ==== mon_map magic: 0 ==== 205+0+0 (secure 0 0 0) 0x7fa01c017040 con 0x7fa02c10a670
2024-05-04T03:00:19.923 INFO:teuthology.orchestra.run.smithi039.stdout:/usr/bin/ceph: stderr
2024-05-04T03:00:18.748+0000 7fa0332df700 1 -- 172.21.15.39:0/4200206831 --> [v2:172.21.15.39:3300/0,v1:172.21.15.39:6789/0] -- mon_subscribe({osdmap=0}) -- 0x7fa02c108ac0 con 0x7fa02c10a670
2024-05-04T03:00:19.923 INFO:teuthology.orchestra.run.smithi039.stdout:/usr/bin/ceph: stderr
2024-05-04T03:00:18.749+0000 7fa02a7fc700 1 -- 172.21.15.39:0/4200206831 <== mon.0 v2:172.21.15.39:3300/0 4 ==== mgrmap(e 12) ==== 50235+0+0 (secure 0 0 0) 0x7fa01c023020 con 0x7fa02c10a670
2024-05-04T03:00:19.923 INFO:teuthology.orchestra.run.smithi039.stdout:/usr/bin/ceph: stderr
2024-05-04T03:00:18.749+0000 7fa0332df700 1 -- 172.21.15.39:0/4200206831 --> [v2:172.21.15.39:3300/0,v1:172.21.15.39:6789/0] -- mon_command({"prefix": "get_command_descriptions"} v 0) -- 0x7fa02c064e20 con 0x7fa02c10a670
2024-05-04T03:00:19.924 INFO:teuthology.orchestra.run.smithi039.stdout:/usr/bin/ceph: stderr
2024-05-04T03:00:18.749+0000 7fa02a7fc700 1 --2- 172.21.15.39:0/4200206831 >> [v2:172.21.15.39:6800/2627629846,v1:172.21.15.39:6801/2627629846] conn(0x7fa01403e4d0 0x7fa0140409e0 unknown :-1 s=NONE pgs=0 cs=0 l=1 rev1=0 crypto rx=0 tx=0 comp rx=0 tx=0).connect
2024-05-04T03:00:19.924 INFO:teuthology.orchestra.run.smithi039.stdout:/usr/bin/ceph: stderr
2024-05-04T03:00:18.749+0000 7fa02a7fc700 1 -- 172.21.15.39:0/4200206831 <== mon.0 v2:172.21.15.39:3300/0 5 ==== osd_map(3..3 src has 1..3) ==== 1155+0+0 (secure 0 0 0) 0x7fa01c00f050 con 0x7fa02c10a670
2024-05-04T03:00:19.924 INFO:teuthology.orchestra.run.smithi039.stdout:/usr/bin/ceph: stderr
2024-05-04T03:00:18.749+0000 7fa03087a700 1 --2- 172.21.15.39:0/4200206831 >> [v2:172.21.15.39:6800/2627629846,v1:172.21.15.39:6801/2627629846] conn(0x7fa01403e4d0 0x7fa0140409e0 unknown :-1 s=BANNER_CONNECTING pgs=0 cs=0 l=1 rev1=0 crypto rx=0 tx=0 comp rx=0 tx=0)._handle_peer_banner_payload supported=3 required=0
2024-05-04T03:00:19.924 INFO:teuthology.orchestra.run.smithi039.stdout:/usr/bin/ceph: stderr
2024-05-04T03:00:18.750+0000 7fa03087a700 1 --2- 172.21.15.39:0/4200206831 >> [v2:172.21.15.39:6800/2627629846,v1:172.21.15.39:6801/2627629846] conn(0x7fa01403e4d0 0x7fa0140409e0 secure :-1 s=READY pgs=8 cs=0 l=1 rev1=1 crypto rx=0x7fa020006fd0 tx=0x7fa020006e40 comp rx=0 tx=0).ready entity=mgr.14152 client_cookie=0 server_cookie=0 in_seq=0 out_seq=0
2024-05-04T03:00:19.924 INFO:teuthology.orchestra.run.smithi039.stdout:/usr/bin/ceph: stderr
2024-05-04T03:00:18.755+0000 7fa02a7fc700 1 -- 172.21.15.39:0/4200206831 <== mon.0 v2:172.21.15.39:3300/0 6 ==== mon_command_ack([{"prefix": "get_command_descriptions"}]=0 v0) ==== 72+0+191963 (secure 0 0 0) 0x7fa01c02a020 con 0x7fa02c10a670
2024-05-04T03:00:19.924 INFO:teuthology.orchestra.run.smithi039.stdout:/usr/bin/ceph: stderr
2024-05-04T03:00:18.991+0000 7fa0332df700 1 -- 172.21.15.39:0/4200206831 --> [v2:172.21.15.39:6800/2627629846,v1:172.21.15.39:6801/2627629846] -- mgr_command(tid 0: {"prefix": "dashboard ac-user-create", "username": "admin", "rolename": "administrator", "force_password": true, "pwd_update_required": true, "target": ["mon-mgr", ""]}) -- 0x7fa02c109130 con 0x7fa01403e4d0
2024-05-04T03:00:19.924 INFO:teuthology.orchestra.run.smithi039.stdout:/usr/bin/ceph: stderr
2024-05-04T03:00:19.239+0000 7fa02a7fc700 1 -- 172.21.15.39:0/4200206831 <== mgr.14152 v2:172.21.15.39:6800/2627629846 1 ==== mgr_command_reply(tid 0: 0 ) ==== 8+0+252 (secure 0 0 0) 0x7fa02c109130 con 0x7fa01403e4d0
2024-05-04T03:00:19.924 INFO:teuthology.orchestra.run.smithi039.stdout:/usr/bin/ceph: stderr
2024-05-04T03:00:19.241+0000 7fa0332df700 1 -- 172.21.15.39:0/4200206831 >> [v2:172.21.15.39:6800/2627629846,v1:172.21.15.39:6801/2627629846] conn(0x7fa01403e4d0 msgr2=0x7fa0140409e0 secure :-1 s=STATE_CONNECTION_ESTABLISHED l=1).mark_down
2024-05-04T03:00:19.924 INFO:teuthology.orchestra.run.smithi039.stdout:/usr/bin/ceph: stderr
2024-05-04T03:00:19.241+0000 7fa0332df700 1 --2- 172.21.15.39:0/4200206831 >> [v2:172.21.15.39:6800/2627629846,v1:172.21.15.39:6801/2627629846] conn(0x7fa01403e4d0 0x7fa0140409e0 secure :-1 s=READY pgs=8 cs=0 l=1 rev1=1 crypto rx=0x7fa020006fd0 tx=0x7fa020006e40 comp rx=0 tx=0).stop
2024-05-04T03:00:19.924 INFO:teuthology.orchestra.run.smithi039.stdout:/usr/bin/ceph: stderr
2024-05-04T03:00:19.241+0000 7fa0332df700 1 -- 172.21.15.39:0/4200206831 >> [v2:172.21.15.39:3300/0,v1:172.21.15.39:6789/0] conn(0x7fa02c10a670 msgr2=0x7fa02c109df0 secure :-1 s=STATE_CONNECTION_ESTABLISHED l=1).mark_down
2024-05-04T03:00:19.924 INFO:teuthology.orchestra.run.smithi039.stdout:/usr/bin/ceph: stderr
2024-05-04T03:00:19.241+0000 7fa0332df700 1 --2- 172.21.15.39:0/4200206831 >> [v2:172.21.15.39:3300/0,v1:172.21.15.39:6789/0] conn(0x7fa02c10a670 0x7fa02c109df0 secure :-1 s=READY pgs=73 cs=0 l=1 rev1=1 crypto rx=0x7fa01c009e50 tx=0x7fa01c00bd50 comp rx=0 tx=0).stop
2024-05-04T03:00:19.924 INFO:teuthology.orchestra.run.smithi039.stdout:/usr/bin/ceph: stderr
2024-05-04T03:00:19.241+0000 7fa0332df700 1 -- 172.21.15.39:0/4200206831 shutdown_connections
2024-05-04T03:00:19.924 INFO:teuthology.orchestra.run.smithi039.stdout:/usr/bin/ceph: stderr
2024-05-04T03:00:19.241+0000 7fa0332df700 1 --2- 172.21.15.39:0/4200206831 >> [v2:172.21.15.39:6800/2627629846,v1:172.21.15.39:6801/2627629846] conn(0x7fa01403e4d0 0x7fa0140409e0 unknown :-1 s=CLOSED pgs=8 cs=0 l=1 rev1=1 crypto rx=0 tx=0 comp rx=0 tx=0).stop
2024-05-04T03:00:19.924 INFO:teuthology.orchestra.run.smithi039.stdout:/usr/bin/ceph: stderr
2024-05-04T03:00:19.241+0000 7fa0332df700 1 --2- 172.21.15.39:0/4200206831 >> [v2:172.21.15.39:3300/0,v1:172.21.15.39:6789/0] conn(0x7fa02c10a670 0x7fa02c109df0 unknown :-1 s=CLOSED pgs=73 cs=0 l=1 rev1=1 crypto rx=0 tx=0 comp rx=0 tx=0).stop
2024-05-04T03:00:19.925 INFO:teuthology.orchestra.run.smithi039.stdout:/usr/bin/ceph: stderr
2024-05-04T03:00:19.241+0000 7fa0332df700 1 -- 172.21.15.39:0/4200206831 >> 172.21.15.39:0/4200206831 conn(0x7fa02c104050 msgr2=0x7fa02c104980 unknown :-1 s=STATE_NONE l=0).mark_down
2024-05-04T03:00:19.925 INFO:teuthology.orchestra.run.smithi039.stdout:/usr/bin/ceph: stderr
2024-05-04T03:00:19.241+0000 7fa0332df700 1 -- 172.21.15.39:0/4200206831 shutdown_connections
2024-05-04T03:00:19.925 INFO:teuthology.orchestra.run.smithi039.stdout:/usr/bin/ceph: stderr
2024-05-04T03:00:19.241+0000 7fa0332df700 1 -- 172.21.15.39:0/4200206831 wait complete.
2024-05-04T03:00:19.925 INFO:teuthology.orchestra.run.smithi039.stdout:Fetching dashboard port number...
2024-05-04T03:00:20.440 INFO:journalctl@ceph.mon.a.smithi039.stdout:May 04 03:00:20 smithi039 ceph-mon[29715]: from='client.14166 -' entity='client.admin' cmd=[{"prefix": "dashboard ac-user-create", "username": "admin", "rolename": "administrator", "force_password": true, "pwd_update_required": true, "target": ["mon-mgr", ""]}]: dispatch
2024-05-04T03:00:20.440 INFO:journalctl@ceph.mon.a.smithi039.stdout:May 04 03:00:20 smithi039 ceph-mon[29715]: from='mgr.14152 172.21.15.39:0/4277355805' entity='mgr.x'
2024-05-04T03:00:21.247 INFO:teuthology.orchestra.run.smithi039.stdout:/usr/bin/ceph: stdout 8443
2024-05-04T03:00:21.247 INFO:teuthology.orchestra.run.smithi039.stdout:/usr/bin/ceph: stderr
2024-05-04T03:00:20.388+0000 7fcb4ffa7700 1 Processor -- start
2024-05-04T03:00:21.247 INFO:teuthology.orchestra.run.smithi039.stdout:/usr/bin/ceph: stderr
2024-05-04T03:00:20.388+0000 7fcb4ffa7700 1 -- start start
2024-05-04T03:00:21.247 INFO:teuthology.orchestra.run.smithi039.stdout:/usr/bin/ceph: stderr
2024-05-04T03:00:20.389+0000 7fcb4ffa7700 1 --2- >> [v2:172.21.15.39:3300/0,v1:172.21.15.39:6789/0] conn(0x7fcb4810a5f0 0x7fcb4810ca10 unknown :-1 s=NONE pgs=0 cs=0 l=0 rev1=0 crypto rx=0 tx=0 comp rx=0 tx=0).connect
2024-05-04T03:00:21.247 INFO:teuthology.orchestra.run.smithi039.stdout:/usr/bin/ceph: stderr
2024-05-04T03:00:20.389+0000 7fcb4ffa7700 1 -- --> [v2:172.21.15.39:3300/0,v1:172.21.15.39:6789/0] -- mon_getmap magic: 0 -- 0x7fcb4807ce30 con 0x7fcb4810a5f0
2024-05-04T03:00:21.247 INFO:teuthology.orchestra.run.smithi039.stdout:/usr/bin/ceph: stderr
2024-05-04T03:00:20.389+0000 7fcb4dd43700 1 --2- >> [v2:172.21.15.39:3300/0,v1:172.21.15.39:6789/0] conn(0x7fcb4810a5f0 0x7fcb4810ca10 unknown :-1 s=BANNER_CONNECTING pgs=0 cs=0 l=0 rev1=0 crypto rx=0 tx=0 comp rx=0 tx=0)._handle_peer_banner_payload supported=3 required=0
2024-05-04T03:00:21.247 INFO:teuthology.orchestra.run.smithi039.stdout:/usr/bin/ceph: stderr
2024-05-04T03:00:20.389+0000 7fcb4dd43700 1 --2- >> [v2:172.21.15.39:3300/0,v1:172.21.15.39:6789/0] conn(0x7fcb4810a5f0 0x7fcb4810ca10 unknown :-1 s=HELLO_CONNECTING pgs=0 cs=0 l=0 rev1=1 crypto rx=0 tx=0 comp rx=0 tx=0).handle_hello peer v2:172.21.15.39:3300/0 says I am v2:172.21.15.39:38526/0 (socket says 172.21.15.39:38526)
2024-05-04T03:00:21.247 INFO:teuthology.orchestra.run.smithi039.stdout:/usr/bin/ceph: stderr
2024-05-04T03:00:20.389+0000 7fcb4dd43700 1 -- 172.21.15.39:0/3464428591 learned_addr learned my addr 172.21.15.39:0/3464428591 (peer_addr_for_me v2:172.21.15.39:0/0)
2024-05-04T03:00:21.247 INFO:teuthology.orchestra.run.smithi039.stdout:/usr/bin/ceph: stderr
2024-05-04T03:00:20.389+0000 7fcb4dd43700 1 -- 172.21.15.39:0/3464428591 --> [v2:172.21.15.39:3300/0,v1:172.21.15.39:6789/0] -- mon_subscribe({config=0+,monmap=0+}) -- 0x7fcb4810cf50 con 0x7fcb4810a5f0
2024-05-04T03:00:21.248 INFO:teuthology.orchestra.run.smithi039.stdout:/usr/bin/ceph: stderr
2024-05-04T03:00:20.389+0000 7fcb4dd43700 1 --2- 172.21.15.39:0/3464428591 >> [v2:172.21.15.39:3300/0,v1:172.21.15.39:6789/0] conn(0x7fcb4810a5f0 0x7fcb4810ca10 secure :-1 s=READY pgs=74 cs=0 l=1 rev1=1 crypto rx=0x7fcb40009e80 tx=0x7fcb4000b330 comp rx=0 tx=0).ready entity=mon.0 client_cookie=3836ba9c41520c0 server_cookie=0 in_seq=0 out_seq=0
2024-05-04T03:00:21.248 INFO:teuthology.orchestra.run.smithi039.stdout:/usr/bin/ceph: stderr
2024-05-04T03:00:20.389+0000 7fcb4cd41700 1 -- 172.21.15.39:0/3464428591 <== mon.0 v2:172.21.15.39:3300/0 1 ==== mon_map magic: 0 ==== 205+0+0 (secure 0 0 0) 0x7fcb40017070 con 0x7fcb4810a5f0
2024-05-04T03:00:21.248 INFO:teuthology.orchestra.run.smithi039.stdout:/usr/bin/ceph: stderr
2024-05-04T03:00:20.389+0000 7fcb4cd41700 1 -- 172.21.15.39:0/3464428591 <== mon.0 v2:172.21.15.39:3300/0 2 ==== config(25 keys) ==== 1063+0+0 (secure 0 0 0) 0x7fcb4000b8c0 con 0x7fcb4810a5f0
2024-05-04T03:00:21.248 INFO:teuthology.orchestra.run.smithi039.stdout:/usr/bin/ceph: stderr
2024-05-04T03:00:20.389+0000 7fcb4cd41700 1 -- 172.21.15.39:0/3464428591 <== mon.0 v2:172.21.15.39:3300/0 3 ==== mon_map magic: 0 ==== 205+0+0 (secure 0 0 0) 0x7fcb40004420 con 0x7fcb4810a5f0
2024-05-04T03:00:21.248 INFO:teuthology.orchestra.run.smithi039.stdout:/usr/bin/ceph: stderr
2024-05-04T03:00:20.390+0000 7fcb4ffa7700 1 -- 172.21.15.39:0/3464428591 >> [v2:172.21.15.39:3300/0,v1:172.21.15.39:6789/0] conn(0x7fcb4810a5f0 msgr2=0x7fcb4810ca10 secure :-1 s=STATE_CONNECTION_ESTABLISHED l=1).mark_down
2024-05-04T03:00:21.248 INFO:teuthology.orchestra.run.smithi039.stdout:/usr/bin/ceph: stderr
2024-05-04T03:00:20.390+0000 7fcb4ffa7700 1 --2- 172.21.15.39:0/3464428591 >> [v2:172.21.15.39:3300/0,v1:172.21.15.39:6789/0] conn(0x7fcb4810a5f0 0x7fcb4810ca10 secure :-1 s=READY pgs=74 cs=0 l=1 rev1=1 crypto rx=0x7fcb40009e80 tx=0x7fcb4000b330 comp rx=0 tx=0).stop
2024-05-04T03:00:21.248 INFO:teuthology.orchestra.run.smithi039.stdout:/usr/bin/ceph: stderr
2024-05-04T03:00:20.390+0000 7fcb4ffa7700 1 -- 172.21.15.39:0/3464428591 shutdown_connections
2024-05-04T03:00:21.248 INFO:teuthology.orchestra.run.smithi039.stdout:/usr/bin/ceph: stderr
2024-05-04T03:00:20.390+0000 7fcb4ffa7700 1 --2- 172.21.15.39:0/3464428591 >> [v2:172.21.15.39:3300/0,v1:172.21.15.39:6789/0] conn(0x7fcb4810a5f0 0x7fcb4810ca10 unknown :-1 s=CLOSED pgs=74 cs=0 l=1 rev1=1 crypto rx=0 tx=0 comp rx=0 tx=0).stop
2024-05-04T03:00:21.248 INFO:teuthology.orchestra.run.smithi039.stdout:/usr/bin/ceph: stderr
2024-05-04T03:00:20.390+0000 7fcb4ffa7700 1 -- 172.21.15.39:0/3464428591 >> 172.21.15.39:0/3464428591 conn(0x7fcb48104010 msgr2=0x7fcb481064a0 unknown :-1 s=STATE_NONE l=0).mark_down
2024-05-04T03:00:21.248 INFO:teuthology.orchestra.run.smithi039.stdout:/usr/bin/ceph: stderr
2024-05-04T03:00:20.390+0000 7fcb4ffa7700 1 -- 172.21.15.39:0/3464428591 shutdown_connections
2024-05-04T03:00:21.248 INFO:teuthology.orchestra.run.smithi039.stdout:/usr/bin/ceph: stderr
2024-05-04T03:00:20.390+0000 7fcb4ffa7700 1 -- 172.21.15.39:0/3464428591 wait complete.
2024-05-04T03:00:21.248 INFO:teuthology.orchestra.run.smithi039.stdout:/usr/bin/ceph: stderr
2024-05-04T03:00:20.391+0000 7fcb4ffa7700 1 Processor -- start
2024-05-04T03:00:21.248 INFO:teuthology.orchestra.run.smithi039.stdout:/usr/bin/ceph: stderr
2024-05-04T03:00:20.391+0000 7fcb4ffa7700 1 -- start start
2024-05-04T03:00:21.248 INFO:teuthology.orchestra.run.smithi039.stdout:/usr/bin/ceph: stderr
2024-05-04T03:00:20.391+0000 7fcb4ffa7700 1 --2- >> [v2:172.21.15.39:3300/0,v1:172.21.15.39:6789/0] conn(0x7fcb4810a5f0 0x7fcb4819dd70 unknown :-1 s=NONE pgs=0 cs=0 l=1 rev1=0 crypto rx=0 tx=0 comp rx=0 tx=0).connect
2024-05-04T03:00:21.249 INFO:teuthology.orchestra.run.smithi039.stdout:/usr/bin/ceph: stderr
2024-05-04T03:00:20.391+0000 7fcb4ffa7700 1 -- --> [v2:172.21.15.39:3300/0,v1:172.21.15.39:6789/0] -- mon_getmap magic: 0 -- 0x7fcb4810de90 con 0x7fcb4810a5f0
2024-05-04T03:00:21.249 INFO:teuthology.orchestra.run.smithi039.stdout:/usr/bin/ceph: stderr
2024-05-04T03:00:20.391+0000 7fcb4dd43700 1 --2- >> [v2:172.21.15.39:3300/0,v1:172.21.15.39:6789/0] conn(0x7fcb4810a5f0 0x7fcb4819dd70 unknown :-1 s=BANNER_CONNECTING pgs=0 cs=0 l=1 rev1=0 crypto rx=0 tx=0 comp rx=0 tx=0)._handle_peer_banner_payload supported=3 required=0
2024-05-04T03:00:21.249 INFO:teuthology.orchestra.run.smithi039.stdout:/usr/bin/ceph: stderr
2024-05-04T03:00:20.391+0000 7fcb4dd43700 1 --2- >> [v2:172.21.15.39:3300/0,v1:172.21.15.39:6789/0] conn(0x7fcb4810a5f0 0x7fcb4819dd70 unknown :-1 s=HELLO_CONNECTING pgs=0 cs=0 l=1 rev1=1 crypto rx=0 tx=0 comp rx=0 tx=0).handle_hello peer v2:172.21.15.39:3300/0 says I am v2:172.21.15.39:38540/0 (socket says 172.21.15.39:38540)
2024-05-04T03:00:21.249 INFO:teuthology.orchestra.run.smithi039.stdout:/usr/bin/ceph: stderr
2024-05-04T03:00:20.391+0000 7fcb4dd43700 1 -- 172.21.15.39:0/313028998 learned_addr learned my addr 172.21.15.39:0/313028998 (peer_addr_for_me v2:172.21.15.39:0/0)
2024-05-04T03:00:21.249 INFO:teuthology.orchestra.run.smithi039.stdout:/usr/bin/ceph: stderr
2024-05-04T03:00:20.392+0000 7fcb4dd43700 1 -- 172.21.15.39:0/313028998 --> [v2:172.21.15.39:3300/0,v1:172.21.15.39:6789/0] -- mon_subscribe({config=0+,monmap=0+}) -- 0x7fcb4819e2b0 con 0x7fcb4810a5f0
2024-05-04T03:00:21.249 INFO:teuthology.orchestra.run.smithi039.stdout:/usr/bin/ceph: stderr
2024-05-04T03:00:20.392+0000 7fcb4dd43700 1 --2- 172.21.15.39:0/313028998 >> [v2:172.21.15.39:3300/0,v1:172.21.15.39:6789/0] conn(0x7fcb4810a5f0 0x7fcb4819dd70 secure :-1 s=READY pgs=75 cs=0 l=1 rev1=1 crypto rx=0x7fcb40009e50 tx=0x7fcb40009630 comp rx=0 tx=0).ready entity=mon.0 client_cookie=0 server_cookie=0 in_seq=0 out_seq=0
2024-05-04T03:00:21.249 INFO:teuthology.orchestra.run.smithi039.stdout:/usr/bin/ceph: stderr
2024-05-04T03:00:20.392+0000 7fcb46ffd700 1 -- 172.21.15.39:0/313028998 <== mon.0 v2:172.21.15.39:3300/0 1 ==== mon_map magic: 0 ==== 205+0+0 (secure 0 0 0) 0x7fcb40020020 con 0x7fcb4810a5f0
2024-05-04T03:00:21.249 INFO:teuthology.orchestra.run.smithi039.stdout:/usr/bin/ceph: stderr
2024-05-04T03:00:20.392+0000 7fcb4ffa7700 1 -- 172.21.15.39:0/313028998 --> [v2:172.21.15.39:3300/0,v1:172.21.15.39:6789/0] -- mon_subscribe({mgrmap=0+}) -- 0x7fcb4819e540 con 0x7fcb4810a5f0
2024-05-04T03:00:21.249 INFO:teuthology.orchestra.run.smithi039.stdout:/usr/bin/ceph: stderr
2024-05-04T03:00:20.392+0000 7fcb46ffd700 1 -- 172.21.15.39:0/313028998 <== mon.0 v2:172.21.15.39:3300/0 2 ==== config(25 keys) ==== 1063+0+0 (secure 0 0 0) 0x7fcb400128c0 con 0x7fcb4810a5f0
2024-05-04T03:00:21.249 INFO:teuthology.orchestra.run.smithi039.stdout:/usr/bin/ceph: stderr
2024-05-04T03:00:20.392+0000 7fcb46ffd700 1 -- 172.21.15.39:0/313028998 <== mon.0 v2:172.21.15.39:3300/0 3 ==== mon_map magic: 0 ==== 205+0+0 (secure 0 0 0) 0x7fcb40017040 con 0x7fcb4810a5f0
2024-05-04T03:00:21.249 INFO:teuthology.orchestra.run.smithi039.stdout:/usr/bin/ceph: stderr
2024-05-04T03:00:20.392+0000 7fcb4ffa7700 1 -- 172.21.15.39:0/313028998 --> [v2:172.21.15.39:3300/0,v1:172.21.15.39:6789/0] -- mon_subscribe({osdmap=0}) -- 0x7fcb481a1150 con 0x7fcb4810a5f0
2024-05-04T03:00:21.249 INFO:teuthology.orchestra.run.smithi039.stdout:/usr/bin/ceph: stderr
2024-05-04T03:00:20.393+0000 7fcb46ffd700 1 -- 172.21.15.39:0/313028998 <== mon.0 v2:172.21.15.39:3300/0 4 ==== mgrmap(e 12) ==== 50235+0+0 (secure 0 0 0) 0x7fcb40023020 con 0x7fcb4810a5f0
2024-05-04T03:00:21.249 INFO:teuthology.orchestra.run.smithi039.stdout:/usr/bin/ceph: stderr
2024-05-04T03:00:20.393+0000 7fcb4ffa7700 1 -- 172.21.15.39:0/313028998 --> [v2:172.21.15.39:3300/0,v1:172.21.15.39:6789/0] -- mon_command({"prefix": "get_command_descriptions"} v 0) -- 0x7fcb48064e20 con 0x7fcb4810a5f0
2024-05-04T03:00:21.249 INFO:teuthology.orchestra.run.smithi039.stdout:/usr/bin/ceph: stderr
2024-05-04T03:00:20.393+0000 7fcb46ffd700 1 --2- 172.21.15.39:0/313028998 >> [v2:172.21.15.39:6800/2627629846,v1:172.21.15.39:6801/2627629846] conn(0x7fcb3003e470 0x7fcb30040980 unknown :-1 s=NONE pgs=0 cs=0 l=1 rev1=0 crypto rx=0 tx=0 comp rx=0 tx=0).connect
2024-05-04T03:00:21.249 INFO:teuthology.orchestra.run.smithi039.stdout:/usr/bin/ceph: stderr
2024-05-04T03:00:20.394+0000 7fcb46ffd700 1 -- 172.21.15.39:0/313028998 <== mon.0 v2:172.21.15.39:3300/0 5 ==== osd_map(3..3 src has 1..3) ==== 1155+0+0 (secure 0 0 0) 0x7fcb4000f050 con 0x7fcb4810a5f0
2024-05-04T03:00:21.250 INFO:teuthology.orchestra.run.smithi039.stdout:/usr/bin/ceph: stderr
2024-05-04T03:00:20.394+0000 7fcb4d542700 1 --2- 172.21.15.39:0/313028998 >> [v2:172.21.15.39:6800/2627629846,v1:172.21.15.39:6801/2627629846] conn(0x7fcb3003e470 0x7fcb30040980 unknown :-1 s=BANNER_CONNECTING pgs=0 cs=0 l=1 rev1=0 crypto rx=0 tx=0 comp rx=0 tx=0)._handle_peer_banner_payload supported=3 required=0
2024-05-04T03:00:21.250 INFO:teuthology.orchestra.run.smithi039.stdout:/usr/bin/ceph: stderr
2024-05-04T03:00:20.394+0000 7fcb4d542700 1 --2- 172.21.15.39:0/313028998 >> [v2:172.21.15.39:6800/2627629846,v1:172.21.15.39:6801/2627629846] conn(0x7fcb3003e470 0x7fcb30040980 secure :-1 s=READY pgs=9 cs=0 l=1 rev1=1 crypto rx=0x7fcb3c006fd0 tx=0x7fcb3c006e40 comp rx=0 tx=0).ready entity=mgr.14152 client_cookie=0 server_cookie=0 in_seq=0 out_seq=0
2024-05-04T03:00:21.250 INFO:teuthology.orchestra.run.smithi039.stdout:/usr/bin/ceph: stderr
2024-05-04T03:00:20.399+0000 7fcb46ffd700 1 -- 172.21.15.39:0/313028998 <== mon.0 v2:172.21.15.39:3300/0 6 ==== mon_command_ack([{"prefix": "get_command_descriptions"}]=0 v0) ==== 72+0+191963 (secure 0 0 0) 0x7fcb4002a020 con 0x7fcb4810a5f0
2024-05-04T03:00:21.250 INFO:teuthology.orchestra.run.smithi039.stdout:/usr/bin/ceph: stderr
2024-05-04T03:00:20.617+0000 7fcb4ffa7700 1 -- 172.21.15.39:0/313028998 --> [v2:172.21.15.39:3300/0,v1:172.21.15.39:6789/0] -- mon_command({"prefix": "config get", "who": "mgr", "key": "mgr/dashboard/ssl_server_port"} v 0) -- 0x7fcb481a1320 con 0x7fcb4810a5f0
2024-05-04T03:00:21.250 INFO:teuthology.orchestra.run.smithi039.stdout:/usr/bin/ceph: stderr
2024-05-04T03:00:20.617+0000 7fcb46ffd700 1 -- 172.21.15.39:0/313028998 <== mon.0 v2:172.21.15.39:3300/0 7 ==== mon_command_ack([{"prefix": "config get", "who": "mgr", "key": "mgr/dashboard/ssl_server_port"}]=0 v8) ==== 112+0+5 (secure 0 0 0) 0x7fcb40012a70 con 0x7fcb4810a5f0
2024-05-04T03:00:21.250 INFO:teuthology.orchestra.run.smithi039.stdout:/usr/bin/ceph: stderr
2024-05-04T03:00:20.620+0000 7fcb4ffa7700 1 -- 172.21.15.39:0/313028998 >> [v2:172.21.15.39:6800/2627629846,v1:172.21.15.39:6801/2627629846] conn(0x7fcb3003e470 msgr2=0x7fcb30040980 secure :-1 s=STATE_CONNECTION_ESTABLISHED l=1).mark_down
2024-05-04T03:00:21.250 INFO:teuthology.orchestra.run.smithi039.stdout:/usr/bin/ceph: stderr
2024-05-04T03:00:20.620+0000 7fcb4ffa7700 1 --2- 172.21.15.39:0/313028998 >> [v2:172.21.15.39:6800/2627629846,v1:172.21.15.39:6801/2627629846] conn(0x7fcb3003e470 0x7fcb30040980 secure :-1 s=READY pgs=9 cs=0 l=1 rev1=1 crypto rx=0x7fcb3c006fd0 tx=0x7fcb3c006e40 comp rx=0 tx=0).stop
2024-05-04T03:00:21.250 INFO:teuthology.orchestra.run.smithi039.stdout:/usr/bin/ceph: stderr
2024-05-04T03:00:20.620+0000 7fcb4ffa7700 1 -- 172.21.15.39:0/313028998 >> [v2:172.21.15.39:3300/0,v1:172.21.15.39:6789/0] conn(0x7fcb4810a5f0 msgr2=0x7fcb4819dd70 secure :-1 s=STATE_CONNECTION_ESTABLISHED l=1).mark_down
2024-05-04T03:00:21.250 INFO:teuthology.orchestra.run.smithi039.stdout:/usr/bin/ceph: stderr
2024-05-04T03:00:20.620+0000 7fcb4ffa7700 1 --2- 172.21.15.39:0/313028998 >> [v2:172.21.15.39:3300/0,v1:172.21.15.39:6789/0] conn(0x7fcb4810a5f0 0x7fcb4819dd70 secure :-1 s=READY pgs=75 cs=0 l=1 rev1=1 crypto rx=0x7fcb40009e50 tx=0x7fcb40009630 comp rx=0 tx=0).stop
2024-05-04T03:00:21.250 INFO:teuthology.orchestra.run.smithi039.stdout:/usr/bin/ceph: stderr
2024-05-04T03:00:20.621+0000 7fcb4ffa7700 1 -- 172.21.15.39:0/313028998 shutdown_connections
2024-05-04T03:00:21.250 INFO:teuthology.orchestra.run.smithi039.stdout:/usr/bin/ceph: stderr
2024-05-04T03:00:20.621+0000 7fcb4ffa7700 1 --2- 172.21.15.39:0/313028998 >> [v2:172.21.15.39:6800/2627629846,v1:172.21.15.39:6801/2627629846] conn(0x7fcb3003e470 0x7fcb30040980 unknown :-1 s=CLOSED pgs=9 cs=0 l=1 rev1=1 crypto rx=0 tx=0 comp rx=0 tx=0).stop
2024-05-04T03:00:21.250 INFO:teuthology.orchestra.run.smithi039.stdout:/usr/bin/ceph: stderr
2024-05-04T03:00:20.621+0000 7fcb4ffa7700 1 --2- 172.21.15.39:0/313028998 >> [v2:172.21.15.39:3300/0,v1:172.21.15.39:6789/0] conn(0x7fcb4810a5f0 0x7fcb4819dd70 unknown :-1 s=CLOSED pgs=75 cs=0 l=1 rev1=1 crypto rx=0 tx=0 comp rx=0 tx=0).stop
2024-05-04T03:00:21.250 INFO:teuthology.orchestra.run.smithi039.stdout:/usr/bin/ceph: stderr
2024-05-04T03:00:20.621+0000 7fcb4ffa7700 1 -- 172.21.15.39:0/313028998 >> 172.21.15.39:0/313028998 conn(0x7fcb48104010 msgr2=0x7fcb481048e0 unknown :-1 s=STATE_NONE l=0).mark_down
2024-05-04T03:00:21.251 INFO:teuthology.orchestra.run.smithi039.stdout:/usr/bin/ceph: stderr
2024-05-04T03:00:20.621+0000 7fcb4ffa7700 1 -- 172.21.15.39:0/313028998 shutdown_connections
2024-05-04T03:00:21.251 INFO:teuthology.orchestra.run.smithi039.stdout:/usr/bin/ceph: stderr
2024-05-04T03:00:20.621+0000 7fcb4ffa7700 1 -- 172.21.15.39:0/313028998 wait complete.
2024-05-04T03:00:21.256 INFO:teuthology.orchestra.run.smithi039.stdout:Non-zero exit code 1 from systemctl is-enabled firewalld.service
2024-05-04T03:00:21.256 INFO:teuthology.orchestra.run.smithi039.stdout:systemctl: stdout disabled
2024-05-04T03:00:21.263 INFO:teuthology.orchestra.run.smithi039.stdout:Non-zero exit code 3 from systemctl is-active firewalld.service
2024-05-04T03:00:21.264 INFO:teuthology.orchestra.run.smithi039.stdout:systemctl: stdout inactive
2024-05-04T03:00:21.264 INFO:teuthology.orchestra.run.smithi039.stdout:firewalld.service is not enabled
2024-05-04T03:00:21.264 INFO:teuthology.orchestra.run.smithi039.stdout:Not possible to open ports <[8443]>. firewalld.service is not available
2024-05-04T03:00:21.265 INFO:teuthology.orchestra.run.smithi039.stdout:Ceph Dashboard is now available at:
2024-05-04T03:00:21.265 INFO:teuthology.orchestra.run.smithi039.stdout:
2024-05-04T03:00:21.266 INFO:teuthology.orchestra.run.smithi039.stdout: URL: https://smithi039:8443/
2024-05-04T03:00:21.266 INFO:teuthology.orchestra.run.smithi039.stdout: User: admin
2024-05-04T03:00:21.266 INFO:teuthology.orchestra.run.smithi039.stdout: Password: ql7ev5gikd
2024-05-04T03:00:21.266 INFO:teuthology.orchestra.run.smithi039.stdout:
2024-05-04T03:00:21.266 INFO:teuthology.orchestra.run.smithi039.stdout:Saving cluster configuration to /var/lib/ceph/1e913ae0-09c2-11ef-bc97-c7b262605968/config directory
2024-05-04T03:00:21.266 INFO:teuthology.orchestra.run.smithi039.stdout:Enabling autotune for osd_memory_target
2024-05-04T03:00:21.494 INFO:journalctl@ceph.mon.a.smithi039.stdout:May 04 03:00:21 smithi039 ceph-mon[29715]: from='client.? 172.21.15.39:0/313028998' entity='client.admin' cmd=[{"prefix": "config get", "who": "mgr", "key": "mgr/dashboard/ssl_server_port"}]: dispatch
2024-05-04T03:00:22.495 INFO:journalctl@ceph.mon.a.smithi039.stdout:May 04 03:00:22 smithi039 ceph-mon[29715]: mgrmap e13: x(active, since 6s)
2024-05-04T03:00:22.503 INFO:teuthology.orchestra.run.smithi039.stdout:/usr/bin/ceph: stderr
2024-05-04T03:00:21.703+0000 7fe1b3d89700 1 Processor -- start
2024-05-04T03:00:22.504 INFO:teuthology.orchestra.run.smithi039.stdout:/usr/bin/ceph: stderr
2024-05-04T03:00:21.703+0000 7fe1b3d89700 1 -- start start
2024-05-04T03:00:22.504 INFO:teuthology.orchestra.run.smithi039.stdout:/usr/bin/ceph: stderr
2024-05-04T03:00:21.703+0000 7fe1b3d89700 1 --2- >> [v2:172.21.15.39:3300/0,v1:172.21.15.39:6789/0] conn(0x7fe1ac10a650 0x7fe1ac10ca70 unknown :-1 s=NONE pgs=0 cs=0 l=0 rev1=0 crypto rx=0 tx=0 comp rx=0 tx=0).connect
2024-05-04T03:00:22.504 INFO:teuthology.orchestra.run.smithi039.stdout:/usr/bin/ceph: stderr
2024-05-04T03:00:21.703+0000 7fe1b3d89700 1 -- --> [v2:172.21.15.39:3300/0,v1:172.21.15.39:6789/0] -- mon_getmap magic: 0 -- 0x7fe1ac07d6c0 con 0x7fe1ac10a650
2024-05-04T03:00:22.504 INFO:teuthology.orchestra.run.smithi039.stdout:/usr/bin/ceph: stderr
2024-05-04T03:00:21.704+0000 7fe1b1b25700 1 --2- >> [v2:172.21.15.39:3300/0,v1:172.21.15.39:6789/0] conn(0x7fe1ac10a650 0x7fe1ac10ca70 unknown :-1 s=BANNER_CONNECTING pgs=0 cs=0 l=0 rev1=0 crypto rx=0 tx=0 comp rx=0 tx=0)._handle_peer_banner_payload supported=3 required=0
2024-05-04T03:00:22.504 INFO:teuthology.orchestra.run.smithi039.stdout:/usr/bin/ceph: stderr
2024-05-04T03:00:21.704+0000 7fe1b1b25700 1 --2- >> [v2:172.21.15.39:3300/0,v1:172.21.15.39:6789/0] conn(0x7fe1ac10a650 0x7fe1ac10ca70 unknown :-1 s=HELLO_CONNECTING pgs=0 cs=0 l=0 rev1=1 crypto rx=0 tx=0 comp rx=0 tx=0).handle_hello peer v2:172.21.15.39:3300/0 says I am v2:172.21.15.39:38542/0 (socket says 172.21.15.39:38542)
2024-05-04T03:00:22.504 INFO:teuthology.orchestra.run.smithi039.stdout:/usr/bin/ceph: stderr
2024-05-04T03:00:21.704+0000 7fe1b1b25700 1 -- 172.21.15.39:0/1667981496 learned_addr learned my addr 172.21.15.39:0/1667981496 (peer_addr_for_me v2:172.21.15.39:0/0)
2024-05-04T03:00:22.504 INFO:teuthology.orchestra.run.smithi039.stdout:/usr/bin/ceph: stderr
2024-05-04T03:00:21.704+0000 7fe1b1b25700 1 -- 172.21.15.39:0/1667981496 --> [v2:172.21.15.39:3300/0,v1:172.21.15.39:6789/0] -- mon_subscribe({config=0+,monmap=0+}) -- 0x7fe1ac10cfb0 con 0x7fe1ac10a650
2024-05-04T03:00:22.504 INFO:teuthology.orchestra.run.smithi039.stdout:/usr/bin/ceph: stderr
