2024-05-04T03:08:39.386+0000 7fc9381cd700 1 -- 172.21.15.1:0/3683971830 --> [v2:172.21.15.1:3300/0,v1:172.21.15.1:6789/0] -- mon_command({"prefix": "config get", "who": "mgr", "key": "mgr/dashboard/ssl_server_port"} v 0) -- 0x7fc9301a15d0 con 0x7fc93010a7c0
2024-05-04T03:08:39.963 INFO:teuthology.orchestra.run.smithi001.stdout:/usr/bin/ceph: stderr
2024-05-04T03:08:39.386+0000 7fc926ffd700 1 -- 172.21.15.1:0/3683971830 <== mon.0 v2:172.21.15.1:3300/0 7 ==== mon_command_ack([{"prefix": "config get", "who": "mgr", "key": "mgr/dashboard/ssl_server_port"}]=0 v8) ==== 112+0+5 (secure 0 0 0) 0x7fc92c00f2e0 con 0x7fc93010a7c0
2024-05-04T03:08:39.963 INFO:teuthology.orchestra.run.smithi001.stdout:/usr/bin/ceph: stderr
2024-05-04T03:08:39.388+0000 7fc9381cd700 1 -- 172.21.15.1:0/3683971830 >> [v2:172.21.15.1:6800/402647351,v1:172.21.15.1:6801/402647351] conn(0x7fc91c03e520 msgr2=0x7fc91c040a30 secure :-1 s=STATE_CONNECTION_ESTABLISHED l=1).mark_down
2024-05-04T03:08:39.963 INFO:teuthology.orchestra.run.smithi001.stdout:/usr/bin/ceph: stderr
2024-05-04T03:08:39.388+0000 7fc9381cd700 1 --2- 172.21.15.1:0/3683971830 >> [v2:172.21.15.1:6800/402647351,v1:172.21.15.1:6801/402647351] conn(0x7fc91c03e520 0x7fc91c040a30 secure :-1 s=READY pgs=9 cs=0 l=1 rev1=1 crypto rx=0x7fc920006fd0 tx=0x7fc920006e40 comp rx=0 tx=0).stop
2024-05-04T03:08:39.963 INFO:teuthology.orchestra.run.smithi001.stdout:/usr/bin/ceph: stderr
2024-05-04T03:08:39.388+0000 7fc9381cd700 1 -- 172.21.15.1:0/3683971830 >> [v2:172.21.15.1:3300/0,v1:172.21.15.1:6789/0] conn(0x7fc93010a7c0 msgr2=0x7fc93019e020 secure :-1 s=STATE_CONNECTION_ESTABLISHED l=1).mark_down
2024-05-04T03:08:39.963 INFO:teuthology.orchestra.run.smithi001.stdout:/usr/bin/ceph: stderr
2024-05-04T03:08:39.388+0000 7fc9381cd700 1 --2- 172.21.15.1:0/3683971830 >> [v2:172.21.15.1:3300/0,v1:172.21.15.1:6789/0] conn(0x7fc93010a7c0 0x7fc93019e020 secure :-1 s=READY pgs=73 cs=0 l=1 rev1=1 crypto rx=0x7fc92c000c00 tx=0x7fc92c011aa0 comp rx=0 tx=0).stop
2024-05-04T03:08:39.963 INFO:teuthology.orchestra.run.smithi001.stdout:/usr/bin/ceph: stderr
2024-05-04T03:08:39.388+0000 7fc9381cd700 1 -- 172.21.15.1:0/3683971830 shutdown_connections
2024-05-04T03:08:39.963 INFO:teuthology.orchestra.run.smithi001.stdout:/usr/bin/ceph: stderr
2024-05-04T03:08:39.388+0000 7fc9381cd700 1 --2- 172.21.15.1:0/3683971830 >> [v2:172.21.15.1:6800/402647351,v1:172.21.15.1:6801/402647351] conn(0x7fc91c03e520 0x7fc91c040a30 unknown :-1 s=CLOSED pgs=9 cs=0 l=1 rev1=1 crypto rx=0 tx=0 comp rx=0 tx=0).stop
2024-05-04T03:08:39.963 INFO:teuthology.orchestra.run.smithi001.stdout:/usr/bin/ceph: stderr
2024-05-04T03:08:39.388+0000 7fc9381cd700 1 --2- 172.21.15.1:0/3683971830 >> [v2:172.21.15.1:3300/0,v1:172.21.15.1:6789/0] conn(0x7fc93010a7c0 0x7fc93019e020 unknown :-1 s=CLOSED pgs=73 cs=0 l=1 rev1=1 crypto rx=0 tx=0 comp rx=0 tx=0).stop
2024-05-04T03:08:39.963 INFO:teuthology.orchestra.run.smithi001.stdout:/usr/bin/ceph: stderr
2024-05-04T03:08:39.388+0000 7fc9381cd700 1 -- 172.21.15.1:0/3683971830 >> 172.21.15.1:0/3683971830 conn(0x7fc930104240 msgr2=0x7fc930105b20 unknown :-1 s=STATE_NONE l=0).mark_down
2024-05-04T03:08:39.963 INFO:teuthology.orchestra.run.smithi001.stdout:/usr/bin/ceph: stderr
2024-05-04T03:08:39.388+0000 7fc9381cd700 1 -- 172.21.15.1:0/3683971830 shutdown_connections
2024-05-04T03:08:39.963 INFO:teuthology.orchestra.run.smithi001.stdout:/usr/bin/ceph: stderr
2024-05-04T03:08:39.388+0000 7fc9381cd700 1 -- 172.21.15.1:0/3683971830 wait complete.
2024-05-04T03:08:39.969 INFO:teuthology.orchestra.run.smithi001.stdout:Non-zero exit code 1 from systemctl is-enabled firewalld.service
2024-05-04T03:08:39.969 INFO:teuthology.orchestra.run.smithi001.stdout:systemctl: stdout disabled
2024-05-04T03:08:39.977 INFO:teuthology.orchestra.run.smithi001.stdout:Non-zero exit code 3 from systemctl is-active firewalld.service
2024-05-04T03:08:39.977 INFO:teuthology.orchestra.run.smithi001.stdout:systemctl: stdout inactive
2024-05-04T03:08:39.977 INFO:teuthology.orchestra.run.smithi001.stdout:firewalld.service is not enabled
2024-05-04T03:08:39.977 INFO:teuthology.orchestra.run.smithi001.stdout:Not possible to open ports <[8443]>. firewalld.service is not available
2024-05-04T03:08:39.978 INFO:teuthology.orchestra.run.smithi001.stdout:Ceph Dashboard is now available at:
2024-05-04T03:08:39.978 INFO:teuthology.orchestra.run.smithi001.stdout:
2024-05-04T03:08:39.979 INFO:teuthology.orchestra.run.smithi001.stdout: URL: https://smithi001:8443/
2024-05-04T03:08:39.979 INFO:teuthology.orchestra.run.smithi001.stdout: User: admin
2024-05-04T03:08:39.979 INFO:teuthology.orchestra.run.smithi001.stdout: Password: 39mdhue4st
2024-05-04T03:08:39.979 INFO:teuthology.orchestra.run.smithi001.stdout:
2024-05-04T03:08:39.980 INFO:teuthology.orchestra.run.smithi001.stdout:Saving cluster configuration to /var/lib/ceph/4a572aa8-09c3-11ef-bc97-c7b262605968/config directory
2024-05-04T03:08:39.980 INFO:teuthology.orchestra.run.smithi001.stdout:Enabling autotune for osd_memory_target
2024-05-04T03:08:40.628 INFO:journalctl@ceph.mon.a.smithi001.stdout:May 04 03:08:40 smithi001 ceph-mon[29731]: mgrmap e13: x(active, since 6s)
2024-05-04T03:08:41.232 INFO:teuthology.orchestra.run.smithi001.stdout:/usr/bin/ceph: stderr
2024-05-04T03:08:40.441+0000 7f0e8abd5700 1 Processor -- start
2024-05-04T03:08:41.232 INFO:teuthology.orchestra.run.smithi001.stdout:/usr/bin/ceph: stderr
2024-05-04T03:08:40.441+0000 7f0e8abd5700 1 -- start start
2024-05-04T03:08:41.232 INFO:teuthology.orchestra.run.smithi001.stdout:/usr/bin/ceph: stderr
2024-05-04T03:08:40.442+0000 7f0e8abd5700 1 --2- >> [v2:172.21.15.1:3300/0,v1:172.21.15.1:6789/0] conn(0x7f0e84107f30 0x7f0e84108340 unknown :-1 s=NONE pgs=0 cs=0 l=0 rev1=0 crypto rx=0 tx=0 comp rx=0 tx=0).connect
2024-05-04T03:08:41.232 INFO:teuthology.orchestra.run.smithi001.stdout:/usr/bin/ceph: stderr
2024-05-04T03:08:40.442+0000 7f0e8abd5700 1 -- --> [v2:172.21.15.1:3300/0,v1:172.21.15.1:6789/0] -- mon_getmap magic: 0 -- 0x7f0e84108910 con 0x7f0e84107f30
2024-05-04T03:08:41.232 INFO:teuthology.orchestra.run.smithi001.stdout:/usr/bin/ceph: stderr
2024-05-04T03:08:40.442+0000 7f0e88971700 1 --2- >> [v2:172.21.15.1:3300/0,v1:172.21.15.1:6789/0] conn(0x7f0e84107f30 0x7f0e84108340 unknown :-1 s=BANNER_CONNECTING pgs=0 cs=0 l=0 rev1=0 crypto rx=0 tx=0 comp rx=0 tx=0)._handle_peer_banner_payload supported=3 required=0
2024-05-04T03:08:41.232 INFO:teuthology.orchestra.run.smithi001.stdout:/usr/bin/ceph: stderr
2024-05-04T03:08:40.442+0000 7f0e88971700 1 --2- >> [v2:172.21.15.1:3300/0,v1:172.21.15.1:6789/0] conn(0x7f0e84107f30 0x7f0e84108340 unknown :-1 s=HELLO_CONNECTING pgs=0 cs=0 l=0 rev1=1 crypto rx=0 tx=0 comp rx=0 tx=0).handle_hello peer v2:172.21.15.1:3300/0 says I am v2:172.21.15.1:40660/0 (socket says 172.21.15.1:40660)
2024-05-04T03:08:41.232 INFO:teuthology.orchestra.run.smithi001.stdout:/usr/bin/ceph: stderr
2024-05-04T03:08:40.442+0000 7f0e88971700 1 -- 172.21.15.1:0/2764168819 learned_addr learned my addr 172.21.15.1:0/2764168819 (peer_addr_for_me v2:172.21.15.1:0/0)
2024-05-04T03:08:41.232 INFO:teuthology.orchestra.run.smithi001.stdout:/usr/bin/ceph: stderr
2024-05-04T03:08:40.442+0000 7f0e88971700 1 -- 172.21.15.1:0/2764168819 --> [v2:172.21.15.1:3300/0,v1:172.21.15.1:6789/0] -- mon_subscribe({config=0+,monmap=0+}) -- 0x7f0e8410af30 con 0x7f0e84107f30
2024-05-04T03:08:41.233 INFO:teuthology.orchestra.run.smithi001.stdout:/usr/bin/ceph: stderr
2024-05-04T03:08:40.443+0000 7f0e88971700 1 --2- 172.21.15.1:0/2764168819 >> [v2:172.21.15.1:3300/0,v1:172.21.15.1:6789/0] conn(0x7f0e84107f30 0x7f0e84108340 secure :-1 s=READY pgs=74 cs=0 l=1 rev1=1 crypto rx=0x7f0e780098a0 tx=0x7f0e78009bb0 comp rx=0 tx=0).ready entity=mon.0 client_cookie=1c40a40dbea2f4ae server_cookie=0 in_seq=0 out_seq=0
2024-05-04T03:08:41.233 INFO:teuthology.orchestra.run.smithi001.stdout:/usr/bin/ceph: stderr
2024-05-04T03:08:40.443+0000 7f0e837fe700 1 -- 172.21.15.1:0/2764168819 <== mon.0 v2:172.21.15.1:3300/0 1 ==== mon_map magic: 0 ==== 205+0+0 (secure 0 0 0) 0x7f0e78004160 con 0x7f0e84107f30
2024-05-04T03:08:41.233 INFO:teuthology.orchestra.run.smithi001.stdout:/usr/bin/ceph: stderr
2024-05-04T03:08:40.443+0000 7f0e837fe700 1 -- 172.21.15.1:0/2764168819 <== mon.0 v2:172.21.15.1:3300/0 2 ==== config(26 keys) ==== 1101+0+0 (secure 0 0 0) 0x7f0e78004300 con 0x7f0e84107f30
2024-05-04T03:08:41.233 INFO:teuthology.orchestra.run.smithi001.stdout:/usr/bin/ceph: stderr
2024-05-04T03:08:40.443+0000 7f0e837fe700 1 -- 172.21.15.1:0/2764168819 <== mon.0 v2:172.21.15.1:3300/0 3 ==== mon_map magic: 0 ==== 205+0+0 (secure 0 0 0) 0x7f0e78011a20 con 0x7f0e84107f30
2024-05-04T03:08:41.233 INFO:teuthology.orchestra.run.smithi001.stdout:/usr/bin/ceph: stderr
2024-05-04T03:08:40.443+0000 7f0e8abd5700 1 -- 172.21.15.1:0/2764168819 >> [v2:172.21.15.1:3300/0,v1:172.21.15.1:6789/0] conn(0x7f0e84107f30 msgr2=0x7f0e84108340 secure :-1 s=STATE_CONNECTION_ESTABLISHED l=1).mark_down
2024-05-04T03:08:41.233 INFO:teuthology.orchestra.run.smithi001.stdout:/usr/bin/ceph: stderr
2024-05-04T03:08:40.443+0000 7f0e8abd5700 1 --2- 172.21.15.1:0/2764168819 >> [v2:172.21.15.1:3300/0,v1:172.21.15.1:6789/0] conn(0x7f0e84107f30 0x7f0e84108340 secure :-1 s=READY pgs=74 cs=0 l=1 rev1=1 crypto rx=0x7f0e780098a0 tx=0x7f0e78009bb0 comp rx=0 tx=0).stop
2024-05-04T03:08:41.233 INFO:teuthology.orchestra.run.smithi001.stdout:/usr/bin/ceph: stderr
2024-05-04T03:08:40.444+0000 7f0e8abd5700 1 -- 172.21.15.1:0/2764168819 shutdown_connections
2024-05-04T03:08:41.233 INFO:teuthology.orchestra.run.smithi001.stdout:/usr/bin/ceph: stderr
2024-05-04T03:08:40.444+0000 7f0e8abd5700 1 --2- 172.21.15.1:0/2764168819 >> [v2:172.21.15.1:3300/0,v1:172.21.15.1:6789/0] conn(0x7f0e84107f30 0x7f0e84108340 unknown :-1 s=CLOSED pgs=74 cs=0 l=1 rev1=1 crypto rx=0 tx=0 comp rx=0 tx=0).stop
2024-05-04T03:08:41.233 INFO:teuthology.orchestra.run.smithi001.stdout:/usr/bin/ceph: stderr
2024-05-04T03:08:40.444+0000 7f0e8abd5700 1 -- 172.21.15.1:0/2764168819 >> 172.21.15.1:0/2764168819 conn(0x7f0e84103900 msgr2=0x7f0e84105db0 unknown :-1 s=STATE_NONE l=0).mark_down
2024-05-04T03:08:41.233 INFO:teuthology.orchestra.run.smithi001.stdout:/usr/bin/ceph: stderr
2024-05-04T03:08:40.444+0000 7f0e8abd5700 1 -- 172.21.15.1:0/2764168819 shutdown_connections
2024-05-04T03:08:41.233 INFO:teuthology.orchestra.run.smithi001.stdout:/usr/bin/ceph: stderr
2024-05-04T03:08:40.444+0000 7f0e8abd5700 1 -- 172.21.15.1:0/2764168819 wait complete.
2024-05-04T03:08:41.233 INFO:teuthology.orchestra.run.smithi001.stdout:/usr/bin/ceph: stderr
2024-05-04T03:08:40.444+0000 7f0e8abd5700 1 Processor -- start
2024-05-04T03:08:41.233 INFO:teuthology.orchestra.run.smithi001.stdout:/usr/bin/ceph: stderr
2024-05-04T03:08:40.444+0000 7f0e8abd5700 1 -- start start
2024-05-04T03:08:41.233 INFO:teuthology.orchestra.run.smithi001.stdout:/usr/bin/ceph: stderr
2024-05-04T03:08:40.444+0000 7f0e8abd5700 1 --2- >> [v2:172.21.15.1:3300/0,v1:172.21.15.1:6789/0] conn(0x7f0e84107f30 0x7f0e8419e250 unknown :-1 s=NONE pgs=0 cs=0 l=1 rev1=0 crypto rx=0 tx=0 comp rx=0 tx=0).connect
2024-05-04T03:08:41.233 INFO:teuthology.orchestra.run.smithi001.stdout:/usr/bin/ceph: stderr
2024-05-04T03:08:40.445+0000 7f0e8abd5700 1 -- --> [v2:172.21.15.1:3300/0,v1:172.21.15.1:6789/0] -- mon_getmap magic: 0 -- 0x7f0e8410e160 con 0x7f0e84107f30
2024-05-04T03:08:41.234 INFO:teuthology.orchestra.run.smithi001.stdout:/usr/bin/ceph: stderr
2024-05-04T03:08:40.445+0000 7f0e88971700 1 --2- >> [v2:172.21.15.1:3300/0,v1:172.21.15.1:6789/0] conn(0x7f0e84107f30 0x7f0e8419e250 unknown :-1 s=BANNER_CONNECTING pgs=0 cs=0 l=1 rev1=0 crypto rx=0 tx=0 comp rx=0 tx=0)._handle_peer_banner_payload supported=3 required=0
2024-05-04T03:08:41.234 INFO:teuthology.orchestra.run.smithi001.stdout:/usr/bin/ceph: stderr
2024-05-04T03:08:40.445+0000 7f0e88971700 1 --2- >> [v2:172.21.15.1:3300/0,v1:172.21.15.1:6789/0] conn(0x7f0e84107f30 0x7f0e8419e250 unknown :-1 s=HELLO_CONNECTING pgs=0 cs=0 l=1 rev1=1 crypto rx=0 tx=0 comp rx=0 tx=0).handle_hello peer v2:172.21.15.1:3300/0 says I am v2:172.21.15.1:40672/0 (socket says 172.21.15.1:40672)
2024-05-04T03:08:41.234 INFO:teuthology.orchestra.run.smithi001.stdout:/usr/bin/ceph: stderr
2024-05-04T03:08:40.445+0000 7f0e88971700 1 -- 172.21.15.1:0/1606059334 learned_addr learned my addr 172.21.15.1:0/1606059334 (peer_addr_for_me v2:172.21.15.1:0/0)
2024-05-04T03:08:41.234 INFO:teuthology.orchestra.run.smithi001.stdout:/usr/bin/ceph: stderr
2024-05-04T03:08:40.445+0000 7f0e88971700 1 -- 172.21.15.1:0/1606059334 --> [v2:172.21.15.1:3300/0,v1:172.21.15.1:6789/0] -- mon_subscribe({config=0+,monmap=0+}) -- 0x7f0e8419e790 con 0x7f0e84107f30
2024-05-04T03:08:41.234 INFO:teuthology.orchestra.run.smithi001.stdout:/usr/bin/ceph: stderr
2024-05-04T03:08:40.445+0000 7f0e88971700 1 --2- 172.21.15.1:0/1606059334 >> [v2:172.21.15.1:3300/0,v1:172.21.15.1:6789/0] conn(0x7f0e84107f30 0x7f0e8419e250 secure :-1 s=READY pgs=75 cs=0 l=1 rev1=1 crypto rx=0x7f0e78011a20 tx=0x7f0e78011b00 comp rx=0 tx=0).ready entity=mon.0 client_cookie=0 server_cookie=0 in_seq=0 out_seq=0
2024-05-04T03:08:41.234 INFO:teuthology.orchestra.run.smithi001.stdout:/usr/bin/ceph: stderr
2024-05-04T03:08:40.445+0000 7f0e81ffb700 1 -- 172.21.15.1:0/1606059334 <== mon.0 v2:172.21.15.1:3300/0 1 ==== mon_map magic: 0 ==== 205+0+0 (secure 0 0 0) 0x7f0e780039e0 con 0x7f0e84107f30
2024-05-04T03:08:41.234 INFO:teuthology.orchestra.run.smithi001.stdout:/usr/bin/ceph: stderr
2024-05-04T03:08:40.445+0000 7f0e81ffb700 1 -- 172.21.15.1:0/1606059334 <== mon.0 v2:172.21.15.1:3300/0 2 ==== config(26 keys) ==== 1101+0+0 (secure 0 0 0) 0x7f0e7801b8f0 con 0x7f0e84107f30
2024-05-04T03:08:41.234 INFO:teuthology.orchestra.run.smithi001.stdout:/usr/bin/ceph: stderr
2024-05-04T03:08:40.445+0000 7f0e8abd5700 1 -- 172.21.15.1:0/1606059334 --> [v2:172.21.15.1:3300/0,v1:172.21.15.1:6789/0] -- mon_subscribe({mgrmap=0+}) -- 0x7f0e8419ea20 con 0x7f0e84107f30
2024-05-04T03:08:41.234 INFO:teuthology.orchestra.run.smithi001.stdout:/usr/bin/ceph: stderr
2024-05-04T03:08:40.445+0000 7f0e81ffb700 1 -- 172.21.15.1:0/1606059334 <== mon.0 v2:172.21.15.1:3300/0 3 ==== mon_map magic: 0 ==== 205+0+0 (secure 0 0 0) 0x7f0e78023770 con 0x7f0e84107f30
2024-05-04T03:08:41.234 INFO:teuthology.orchestra.run.smithi001.stdout:/usr/bin/ceph: stderr
2024-05-04T03:08:40.445+0000 7f0e8abd5700 1 -- 172.21.15.1:0/1606059334 --> [v2:172.21.15.1:3300/0,v1:172.21.15.1:6789/0] -- mon_subscribe({osdmap=0}) -- 0x7f0e841a1630 con 0x7f0e84107f30
2024-05-04T03:08:41.234 INFO:teuthology.orchestra.run.smithi001.stdout:/usr/bin/ceph: stderr
2024-05-04T03:08:40.446+0000 7f0e8abd5700 1 -- 172.21.15.1:0/1606059334 --> [v2:172.21.15.1:3300/0,v1:172.21.15.1:6789/0] -- mon_command({"prefix": "get_command_descriptions"} v 0) -- 0x7f0e84064e20 con 0x7f0e84107f30
2024-05-04T03:08:41.234 INFO:teuthology.orchestra.run.smithi001.stdout:/usr/bin/ceph: stderr
2024-05-04T03:08:40.447+0000 7f0e81ffb700 1 -- 172.21.15.1:0/1606059334 <== mon.0 v2:172.21.15.1:3300/0 4 ==== mgrmap(e 13) ==== 50277+0+0 (secure 0 0 0) 0x7f0e7802c3f0 con 0x7f0e84107f30
2024-05-04T03:08:41.234 INFO:teuthology.orchestra.run.smithi001.stdout:/usr/bin/ceph: stderr
2024-05-04T03:08:40.447+0000 7f0e81ffb700 1 --2- 172.21.15.1:0/1606059334 >> [v2:172.21.15.1:6800/402647351,v1:172.21.15.1:6801/402647351] conn(0x7f0e7403e570 0x7f0e74040a80 unknown :-1 s=NONE pgs=0 cs=0 l=1 rev1=0 crypto rx=0 tx=0 comp rx=0 tx=0).connect
2024-05-04T03:08:41.234 INFO:teuthology.orchestra.run.smithi001.stdout:/usr/bin/ceph: stderr
2024-05-04T03:08:40.447+0000 7f0e81ffb700 1 -- 172.21.15.1:0/1606059334 <== mon.0 v2:172.21.15.1:3300/0 5 ==== osd_map(3..3 src has 1..3) ==== 1155+0+0 (secure 0 0 0) 0x7f0e78053fd0 con 0x7f0e84107f30
2024-05-04T03:08:41.235 INFO:teuthology.orchestra.run.smithi001.stdout:/usr/bin/ceph: stderr
2024-05-04T03:08:40.447+0000 7f0e83fff700 1 --2- 172.21.15.1:0/1606059334 >> [v2:172.21.15.1:6800/402647351,v1:172.21.15.1:6801/402647351] conn(0x7f0e7403e570 0x7f0e74040a80 unknown :-1 s=BANNER_CONNECTING pgs=0 cs=0 l=1 rev1=0 crypto rx=0 tx=0 comp rx=0 tx=0)._handle_peer_banner_payload supported=3 required=0
2024-05-04T03:08:41.235 INFO:teuthology.orchestra.run.smithi001.stdout:/usr/bin/ceph: stderr
2024-05-04T03:08:40.447+0000 7f0e83fff700 1 --2- 172.21.15.1:0/1606059334 >> [v2:172.21.15.1:6800/402647351,v1:172.21.15.1:6801/402647351] conn(0x7f0e7403e570 0x7f0e74040a80 secure :-1 s=READY pgs=10 cs=0 l=1 rev1=1 crypto rx=0x7f0e70006fd0 tx=0x7f0e70006e40 comp rx=0 tx=0).ready entity=mgr.14150 client_cookie=0 server_cookie=0 in_seq=0 out_seq=0
2024-05-04T03:08:41.235 INFO:teuthology.orchestra.run.smithi001.stdout:/usr/bin/ceph: stderr
2024-05-04T03:08:40.452+0000 7f0e81ffb700 1 -- 172.21.15.1:0/1606059334 <== mon.0 v2:172.21.15.1:3300/0 6 ==== mon_command_ack([{"prefix": "get_command_descriptions"}]=0 v0) ==== 72+0+191963 (secure 0 0 0) 0x7f0e7801f030 con 0x7f0e84107f30
2024-05-04T03:08:41.235 INFO:teuthology.orchestra.run.smithi001.stdout:/usr/bin/ceph: stderr
2024-05-04T03:08:40.665+0000 7f0e8abd5700 1 -- 172.21.15.1:0/1606059334 --> [v2:172.21.15.1:3300/0,v1:172.21.15.1:6789/0] -- mon_command([{prefix=config set, name=osd_memory_target_autotune}] v 0) -- 0x7f0e8410e2e0 con 0x7f0e84107f30
2024-05-04T03:08:41.235 INFO:teuthology.orchestra.run.smithi001.stdout:/usr/bin/ceph: stderr
2024-05-04T03:08:40.666+0000 7f0e81ffb700 1 -- 172.21.15.1:0/1606059334 <== mon.0 v2:172.21.15.1:3300/0 7 ==== mon_command_ack([{prefix=config set, name=osd_memory_target_autotune}]=0 v8)=0 v8) ==== 127+0+0 (secure 0 0 0) 0x7f0e7800f2e0 con 0x7f0e84107f30
2024-05-04T03:08:41.235 INFO:teuthology.orchestra.run.smithi001.stdout:/usr/bin/ceph: stderr
2024-05-04T03:08:40.668+0000 7f0e8abd5700 1 -- 172.21.15.1:0/1606059334 >> [v2:172.21.15.1:6800/402647351,v1:172.21.15.1:6801/402647351] conn(0x7f0e7403e570 msgr2=0x7f0e74040a80 secure :-1 s=STATE_CONNECTION_ESTABLISHED l=1).mark_down
2024-05-04T03:08:41.235 INFO:teuthology.orchestra.run.smithi001.stdout:/usr/bin/ceph: stderr
2024-05-04T03:08:40.668+0000 7f0e8abd5700 1 --2- 172.21.15.1:0/1606059334 >> [v2:172.21.15.1:6800/402647351,v1:172.21.15.1:6801/402647351] conn(0x7f0e7403e570 0x7f0e74040a80 secure :-1 s=READY pgs=10 cs=0 l=1 rev1=1 crypto rx=0x7f0e70006fd0 tx=0x7f0e70006e40 comp rx=0 tx=0).stop
2024-05-04T03:08:41.235 INFO:teuthology.orchestra.run.smithi001.stdout:/usr/bin/ceph: stderr
2024-05-04T03:08:40.668+0000 7f0e8abd5700 1 -- 172.21.15.1:0/1606059334 >> [v2:172.21.15.1:3300/0,v1:172.21.15.1:6789/0] conn(0x7f0e84107f30 msgr2=0x7f0e8419e250 secure :-1 s=STATE_CONNECTION_ESTABLISHED l=1).mark_down
2024-05-04T03:08:41.235 INFO:teuthology.orchestra.run.smithi001.stdout:/usr/bin/ceph: stderr
2024-05-04T03:08:40.668+0000 7f0e8abd5700 1 --2- 172.21.15.1:0/1606059334 >> [v2:172.21.15.1:3300/0,v1:172.21.15.1:6789/0] conn(0x7f0e84107f30 0x7f0e8419e250 secure :-1 s=READY pgs=75 cs=0 l=1 rev1=1 crypto rx=0x7f0e78011a20 tx=0x7f0e78011b00 comp rx=0 tx=0).stop
2024-05-04T03:08:41.235 INFO:teuthology.orchestra.run.smithi001.stdout:/usr/bin/ceph: stderr
2024-05-04T03:08:40.668+0000 7f0e8abd5700 1 -- 172.21.15.1:0/1606059334 shutdown_connections
2024-05-04T03:08:41.235 INFO:teuthology.orchestra.run.smithi001.stdout:/usr/bin/ceph: stderr
2024-05-04T03:08:40.668+0000 7f0e8abd5700 1 --2- 172.21.15.1:0/1606059334 >> [v2:172.21.15.1:6800/402647351,v1:172.21.15.1:6801/402647351] conn(0x7f0e7403e570 0x7f0e74040a80 unknown :-1 s=CLOSED pgs=10 cs=0 l=1 rev1=1 crypto rx=0 tx=0 comp rx=0 tx=0).stop
2024-05-04T03:08:41.235 INFO:teuthology.orchestra.run.smithi001.stdout:/usr/bin/ceph: stderr
2024-05-04T03:08:40.668+0000 7f0e8abd5700 1 --2- 172.21.15.1:0/1606059334 >> [v2:172.21.15.1:3300/0,v1:172.21.15.1:6789/0] conn(0x7f0e84107f30 0x7f0e8419e250 unknown :-1 s=CLOSED pgs=75 cs=0 l=1 rev1=1 crypto rx=0 tx=0 comp rx=0 tx=0).stop
2024-05-04T03:08:41.235 INFO:teuthology.orchestra.run.smithi001.stdout:/usr/bin/ceph: stderr
2024-05-04T03:08:40.668+0000 7f0e8abd5700 1 -- 172.21.15.1:0/1606059334 >> 172.21.15.1:0/1606059334 conn(0x7f0e84103900 msgr2=0x7f0e84104230 unknown :-1 s=STATE_NONE l=0).mark_down
2024-05-04T03:08:41.236 INFO:teuthology.orchestra.run.smithi001.stdout:/usr/bin/ceph: stderr
2024-05-04T03:08:40.668+0000 7f0e8abd5700 1 -- 172.21.15.1:0/1606059334 shutdown_connections
2024-05-04T03:08:41.236 INFO:teuthology.orchestra.run.smithi001.stdout:/usr/bin/ceph: stderr
2024-05-04T03:08:40.668+0000 7f0e8abd5700 1 -- 172.21.15.1:0/1606059334 wait complete.
2024-05-04T03:08:42.580 INFO:teuthology.orchestra.run.smithi001.stdout:/usr/bin/ceph: stderr
2024-05-04T03:08:41.675+0000 7ffacba35700 1 Processor -- start
2024-05-04T03:08:42.580 INFO:teuthology.orchestra.run.smithi001.stdout:/usr/bin/ceph: stderr
2024-05-04T03:08:41.675+0000 7ffacba35700 1 -- start start
2024-05-04T03:08:42.580 INFO:teuthology.orchestra.run.smithi001.stdout:/usr/bin/ceph: stderr
2024-05-04T03:08:41.675+0000 7ffacba35700 1 --2- >> [v2:172.21.15.1:3300/0,v1:172.21.15.1:6789/0] conn(0x7ffac4108530 0x7ffac4108940 unknown :-1 s=NONE pgs=0 cs=0 l=0 rev1=0 crypto rx=0 tx=0 comp rx=0 tx=0).connect
2024-05-04T03:08:42.580 INFO:teuthology.orchestra.run.smithi001.stdout:/usr/bin/ceph: stderr
2024-05-04T03:08:41.675+0000 7ffacba35700 1 -- --> [v2:172.21.15.1:3300/0,v1:172.21.15.1:6789/0] -- mon_getmap magic: 0 -- 0x7ffac407ce10 con 0x7ffac4108530
2024-05-04T03:08:42.580 INFO:teuthology.orchestra.run.smithi001.stdout:/usr/bin/ceph: stderr
2024-05-04T03:08:41.675+0000 7ffac97d1700 1 --2- >> [v2:172.21.15.1:3300/0,v1:172.21.15.1:6789/0] conn(0x7ffac4108530 0x7ffac4108940 unknown :-1 s=BANNER_CONNECTING pgs=0 cs=0 l=0 rev1=0 crypto rx=0 tx=0 comp rx=0 tx=0)._handle_peer_banner_payload supported=3 required=0
2024-05-04T03:08:42.580 INFO:teuthology.orchestra.run.smithi001.stdout:/usr/bin/ceph: stderr
2024-05-04T03:08:41.676+0000 7ffac97d1700 1 --2- >> [v2:172.21.15.1:3300/0,v1:172.21.15.1:6789/0] conn(0x7ffac4108530 0x7ffac4108940 unknown :-1 s=HELLO_CONNECTING pgs=0 cs=0 l=0 rev1=1 crypto rx=0 tx=0 comp rx=0 tx=0).handle_hello peer v2:172.21.15.1:3300/0 says I am v2:172.21.15.1:56870/0 (socket says 172.21.15.1:56870)
2024-05-04T03:08:42.581 INFO:teuthology.orchestra.run.smithi001.stdout:/usr/bin/ceph: stderr
2024-05-04T03:08:41.676+0000 7ffac97d1700 1 -- 172.21.15.1:0/3719758740 learned_addr learned my addr 172.21.15.1:0/3719758740 (peer_addr_for_me v2:172.21.15.1:0/0)
2024-05-04T03:08:42.581 INFO:teuthology.orchestra.run.smithi001.stdout:/usr/bin/ceph: stderr
2024-05-04T03:08:41.676+0000 7ffac97d1700 1 -- 172.21.15.1:0/3719758740 --> [v2:172.21.15.1:3300/0,v1:172.21.15.1:6789/0] -- mon_subscribe({config=0+,monmap=0+}) -- 0x7ffac4108e80 con 0x7ffac4108530
2024-05-04T03:08:42.581 INFO:teuthology.orchestra.run.smithi001.stdout:/usr/bin/ceph: stderr
2024-05-04T03:08:41.676+0000 7ffac97d1700 1 --2- 172.21.15.1:0/3719758740 >> [v2:172.21.15.1:3300/0,v1:172.21.15.1:6789/0] conn(0x7ffac4108530 0x7ffac4108940 secure :-1 s=READY pgs=76 cs=0 l=1 rev1=1 crypto rx=0x7ffab80098a0 tx=0x7ffab8009bb0 comp rx=0 tx=0).ready entity=mon.0 client_cookie=6b928fd197f77da5 server_cookie=0 in_seq=0 out_seq=0
2024-05-04T03:08:42.581 INFO:teuthology.orchestra.run.smithi001.stdout:/usr/bin/ceph: stderr
2024-05-04T03:08:41.676+0000 7ffab7fff700 1 -- 172.21.15.1:0/3719758740 <== mon.0 v2:172.21.15.1:3300/0 1 ==== mon_map magic: 0 ==== 205+0+0 (secure 0 0 0) 0x7ffab8004160 con 0x7ffac4108530
2024-05-04T03:08:42.581 INFO:teuthology.orchestra.run.smithi001.stdout:/usr/bin/ceph: stderr
2024-05-04T03:08:41.676+0000 7ffab7fff700 1 -- 172.21.15.1:0/3719758740 <== mon.0 v2:172.21.15.1:3300/0 2 ==== config(26 keys) ==== 1101+0+0 (secure 0 0 0) 0x7ffab8004300 con 0x7ffac4108530
2024-05-04T03:08:42.581 INFO:teuthology.orchestra.run.smithi001.stdout:/usr/bin/ceph: stderr
2024-05-04T03:08:41.676+0000 7ffab7fff700 1 -- 172.21.15.1:0/3719758740 <== mon.0 v2:172.21.15.1:3300/0 3 ==== mon_map magic: 0 ==== 205+0+0 (secure 0 0 0) 0x7ffab8011a20 con 0x7ffac4108530
2024-05-04T03:08:42.581 INFO:teuthology.orchestra.run.smithi001.stdout:/usr/bin/ceph: stderr
2024-05-04T03:08:41.677+0000 7ffacba35700 1 -- 172.21.15.1:0/3719758740 >> [v2:172.21.15.1:3300/0,v1:172.21.15.1:6789/0] conn(0x7ffac4108530 msgr2=0x7ffac4108940 secure :-1 s=STATE_CONNECTION_ESTABLISHED l=1).mark_down
2024-05-04T03:08:42.581 INFO:teuthology.orchestra.run.smithi001.stdout:/usr/bin/ceph: stderr
2024-05-04T03:08:41.677+0000 7ffacba35700 1 --2- 172.21.15.1:0/3719758740 >> [v2:172.21.15.1:3300/0,v1:172.21.15.1:6789/0] conn(0x7ffac4108530 0x7ffac4108940 secure :-1 s=READY pgs=76 cs=0 l=1 rev1=1 crypto rx=0x7ffab80098a0 tx=0x7ffab8009bb0 comp rx=0 tx=0).stop
2024-05-04T03:08:42.581 INFO:teuthology.orchestra.run.smithi001.stdout:/usr/bin/ceph: stderr
2024-05-04T03:08:41.677+0000 7ffacba35700 1 -- 172.21.15.1:0/3719758740 shutdown_connections
2024-05-04T03:08:42.581 INFO:teuthology.orchestra.run.smithi001.stdout:/usr/bin/ceph: stderr
2024-05-04T03:08:41.677+0000 7ffacba35700 1 --2- 172.21.15.1:0/3719758740 >> [v2:172.21.15.1:3300/0,v1:172.21.15.1:6789/0] conn(0x7ffac4108530 0x7ffac4108940 unknown :-1 s=CLOSED pgs=76 cs=0 l=1 rev1=1 crypto rx=0 tx=0 comp rx=0 tx=0).stop
2024-05-04T03:08:42.581 INFO:teuthology.orchestra.run.smithi001.stdout:/usr/bin/ceph: stderr
2024-05-04T03:08:41.677+0000 7ffacba35700 1 -- 172.21.15.1:0/3719758740 >> 172.21.15.1:0/3719758740 conn(0x7ffac41041e0 msgr2=0x7ffac4106630 unknown :-1 s=STATE_NONE l=0).mark_down
2024-05-04T03:08:42.581 INFO:teuthology.orchestra.run.smithi001.stdout:/usr/bin/ceph: stderr
2024-05-04T03:08:41.677+0000 7ffacba35700 1 -- 172.21.15.1:0/3719758740 shutdown_connections
2024-05-04T03:08:42.581 INFO:teuthology.orchestra.run.smithi001.stdout:/usr/bin/ceph: stderr
2024-05-04T03:08:41.677+0000 7ffacba35700 1 -- 172.21.15.1:0/3719758740 wait complete.
2024-05-04T03:08:42.581 INFO:teuthology.orchestra.run.smithi001.stdout:/usr/bin/ceph: stderr
2024-05-04T03:08:41.678+0000 7ffacba35700 1 Processor -- start
2024-05-04T03:08:42.581 INFO:teuthology.orchestra.run.smithi001.stdout:/usr/bin/ceph: stderr
2024-05-04T03:08:41.678+0000 7ffacba35700 1 -- start start
2024-05-04T03:08:42.582 INFO:teuthology.orchestra.run.smithi001.stdout:/usr/bin/ceph: stderr
2024-05-04T03:08:41.678+0000 7ffacba35700 1 --2- >> [v2:172.21.15.1:3300/0,v1:172.21.15.1:6789/0] conn(0x7ffac4108530 0x7ffac41a0270 unknown :-1 s=NONE pgs=0 cs=0 l=1 rev1=0 crypto rx=0 tx=0 comp rx=0 tx=0).connect
2024-05-04T03:08:42.582 INFO:teuthology.orchestra.run.smithi001.stdout:/usr/bin/ceph: stderr
2024-05-04T03:08:41.678+0000 7ffacba35700 1 -- --> [v2:172.21.15.1:3300/0,v1:172.21.15.1:6789/0] -- mon_getmap magic: 0 -- 0x7ffac4109f40 con 0x7ffac4108530
2024-05-04T03:08:42.582 INFO:teuthology.orchestra.run.smithi001.stdout:/usr/bin/ceph: stderr
2024-05-04T03:08:41.678+0000 7ffac97d1700 1 --2- >> [v2:172.21.15.1:3300/0,v1:172.21.15.1:6789/0] conn(0x7ffac4108530 0x7ffac41a0270 unknown :-1 s=BANNER_CONNECTING pgs=0 cs=0 l=1 rev1=0 crypto rx=0 tx=0 comp rx=0 tx=0)._handle_peer_banner_payload supported=3 required=0
2024-05-04T03:08:42.582 INFO:teuthology.orchestra.run.smithi001.stdout:/usr/bin/ceph: stderr
2024-05-04T03:08:41.678+0000 7ffac97d1700 1 --2- >> [v2:172.21.15.1:3300/0,v1:172.21.15.1:6789/0] conn(0x7ffac4108530 0x7ffac41a0270 unknown :-1 s=HELLO_CONNECTING pgs=0 cs=0 l=1 rev1=1 crypto rx=0 tx=0 comp rx=0 tx=0).handle_hello peer v2:172.21.15.1:3300/0 says I am v2:172.21.15.1:56880/0 (socket says 172.21.15.1:56880)
2024-05-04T03:08:42.582 INFO:teuthology.orchestra.run.smithi001.stdout:/usr/bin/ceph: stderr
2024-05-04T03:08:41.678+0000 7ffac97d1700 1 -- 172.21.15.1:0/1962439904 learned_addr learned my addr 172.21.15.1:0/1962439904 (peer_addr_for_me v2:172.21.15.1:0/0)
2024-05-04T03:08:42.582 INFO:teuthology.orchestra.run.smithi001.stdout:/usr/bin/ceph: stderr
2024-05-04T03:08:41.679+0000 7ffac97d1700 1 -- 172.21.15.1:0/1962439904 --> [v2:172.21.15.1:3300/0,v1:172.21.15.1:6789/0] -- mon_subscribe({config=0+,monmap=0+}) -- 0x7ffac41a07b0 con 0x7ffac4108530
2024-05-04T03:08:42.582 INFO:teuthology.orchestra.run.smithi001.stdout:/usr/bin/ceph: stderr
2024-05-04T03:08:41.679+0000 7ffac97d1700 1 --2- 172.21.15.1:0/1962439904 >> [v2:172.21.15.1:3300/0,v1:172.21.15.1:6789/0] conn(0x7ffac4108530 0x7ffac41a0270 secure :-1 s=READY pgs=77 cs=0 l=1 rev1=1 crypto rx=0x7ffab8004660 tx=0x7ffab8011aa0 comp rx=0 tx=0).ready entity=mon.0 client_cookie=0 server_cookie=0 in_seq=0 out_seq=0
2024-05-04T03:08:42.582 INFO:teuthology.orchestra.run.smithi001.stdout:/usr/bin/ceph: stderr
2024-05-04T03:08:41.679+0000 7ffab67fc700 1 -- 172.21.15.1:0/1962439904 <== mon.0 v2:172.21.15.1:3300/0 1 ==== mon_map magic: 0 ==== 205+0+0 (secure 0 0 0) 0x7ffab8003a60 con 0x7ffac4108530
2024-05-04T03:08:42.582 INFO:teuthology.orchestra.run.smithi001.stdout:/usr/bin/ceph: stderr
2024-05-04T03:08:41.679+0000 7ffacba35700 1 -- 172.21.15.1:0/1962439904 --> [v2:172.21.15.1:3300/0,v1:172.21.15.1:6789/0] -- mon_subscribe({mgrmap=0+}) -- 0x7ffac41a0a40 con 0x7ffac4108530
2024-05-04T03:08:42.582 INFO:teuthology.orchestra.run.smithi001.stdout:/usr/bin/ceph: stderr
2024-05-04T03:08:41.679+0000 7ffab67fc700 1 -- 172.21.15.1:0/1962439904 <== mon.0 v2:172.21.15.1:3300/0 2 ==== config(26 keys) ==== 1101+0+0 (secure 0 0 0) 0x7ffab801b8f0 con 0x7ffac4108530
2024-05-04T03:08:42.582 INFO:teuthology.orchestra.run.smithi001.stdout:/usr/bin/ceph: stderr
2024-05-04T03:08:41.679+0000 7ffab67fc700 1 -- 172.21.15.1:0/1962439904 <== mon.0 v2:172.21.15.1:3300/0 3 ==== mon_map magic: 0 ==== 205+0+0 (secure 0 0 0) 0x7ffab8023890 con 0x7ffac4108530
2024-05-04T03:08:42.582 INFO:teuthology.orchestra.run.smithi001.stdout:/usr/bin/ceph: stderr
2024-05-04T03:08:41.679+0000 7ffacba35700 1 -- 172.21.15.1:0/1962439904 --> [v2:172.21.15.1:3300/0,v1:172.21.15.1:6789/0] -- mon_subscribe({osdmap=0}) -- 0x7ffac41a3650 con 0x7ffac4108530
2024-05-04T03:08:42.582 INFO:teuthology.orchestra.run.smithi001.stdout:/usr/bin/ceph: stderr
2024-05-04T03:08:41.680+0000 7ffab67fc700 1 -- 172.21.15.1:0/1962439904 <== mon.0 v2:172.21.15.1:3300/0 4 ==== mgrmap(e 13) ==== 50277+0+0 (secure 0 0 0) 0x7ffab802c3f0 con 0x7ffac4108530
2024-05-04T03:08:42.583 INFO:teuthology.orchestra.run.smithi001.stdout:/usr/bin/ceph: stderr
2024-05-04T03:08:41.680+0000 7ffacba35700 1 -- 172.21.15.1:0/1962439904 --> [v2:172.21.15.1:3300/0,v1:172.21.15.1:6789/0] -- mon_command({"prefix": "get_command_descriptions"} v 0) -- 0x7ffac4064e20 con 0x7ffac4108530
2024-05-04T03:08:42.583 INFO:teuthology.orchestra.run.smithi001.stdout:/usr/bin/ceph: stderr
2024-05-04T03:08:41.680+0000 7ffab67fc700 1 --2- 172.21.15.1:0/1962439904 >> [v2:172.21.15.1:6800/402647351,v1:172.21.15.1:6801/402647351] conn(0x7ffab003e510 0x7ffab0040a20 unknown :-1 s=NONE pgs=0 cs=0 l=1 rev1=0 crypto rx=0 tx=0 comp rx=0 tx=0).connect
2024-05-04T03:08:42.583 INFO:teuthology.orchestra.run.smithi001.stdout:/usr/bin/ceph: stderr
2024-05-04T03:08:41.680+0000 7ffab67fc700 1 -- 172.21.15.1:0/1962439904 <== mon.0 v2:172.21.15.1:3300/0 5 ==== osd_map(3..3 src has 1..3) ==== 1155+0+0 (secure 0 0 0) 0x7ffab80541a0 con 0x7ffac4108530
2024-05-04T03:08:42.583 INFO:teuthology.orchestra.run.smithi001.stdout:/usr/bin/ceph: stderr
2024-05-04T03:08:41.680+0000 7ffac8fd0700 1 --2- 172.21.15.1:0/1962439904 >> [v2:172.21.15.1:6800/402647351,v1:172.21.15.1:6801/402647351] conn(0x7ffab003e510 0x7ffab0040a20 unknown :-1 s=BANNER_CONNECTING pgs=0 cs=0 l=1 rev1=0 crypto rx=0 tx=0 comp rx=0 tx=0)._handle_peer_banner_payload supported=3 required=0
2024-05-04T03:08:42.583 INFO:teuthology.orchestra.run.smithi001.stdout:/usr/bin/ceph: stderr
2024-05-04T03:08:41.681+0000 7ffac8fd0700 1 --2- 172.21.15.1:0/1962439904 >> [v2:172.21.15.1:6800/402647351,v1:172.21.15.1:6801/402647351] conn(0x7ffab003e510 0x7ffab0040a20 secure :-1 s=READY pgs=11 cs=0 l=1 rev1=1 crypto rx=0x7ffac0006fd0 tx=0x7ffac0006e40 comp rx=0 tx=0).ready entity=mgr.14150 client_cookie=0 server_cookie=0 in_seq=0 out_seq=0
2024-05-04T03:08:42.583 INFO:teuthology.orchestra.run.smithi001.stdout:/usr/bin/ceph: stderr
2024-05-04T03:08:41.686+0000 7ffab67fc700 1 -- 172.21.15.1:0/1962439904 <== mon.0 v2:172.21.15.1:3300/0 6 ==== mon_command_ack([{"prefix": "get_command_descriptions"}]=0 v0) ==== 72+0+191963 (secure 0 0 0) 0x7ffab801f030 con 0x7ffac4108530
2024-05-04T03:08:42.583 INFO:teuthology.orchestra.run.smithi001.stdout:/usr/bin/ceph: stderr
2024-05-04T03:08:42.018+0000 7ffacba35700 1 -- 172.21.15.1:0/1962439904 --> [v2:172.21.15.1:3300/0,v1:172.21.15.1:6789/0] -- mon_command([{prefix=config-key set, key=mgr/dashboard/cluster/status}] v 0) -- 0x7ffac402e860 con 0x7ffac4108530
2024-05-04T03:08:42.583 INFO:teuthology.orchestra.run.smithi001.stdout:/usr/bin/ceph: stderr
2024-05-04T03:08:42.021+0000 7ffab67fc700 1 -- 172.21.15.1:0/1962439904 <== mon.0 v2:172.21.15.1:3300/0 7 ==== mon_command_ack([{prefix=config-key set, key=mgr/dashboard/cluster/status}]=0 set mgr/dashboard/cluster/status v27)=0 set mgr/dashboard/cluster/status v27) ==== 153+0+0 (secure 0 0 0) 0x7ffab8017e90 con 0x7ffac4108530
2024-05-04T03:08:42.583 INFO:teuthology.orchestra.run.smithi001.stdout:/usr/bin/ceph: stderr
2024-05-04T03:08:42.023+0000 7ffacba35700 1 -- 172.21.15.1:0/1962439904 >> [v2:172.21.15.1:6800/402647351,v1:172.21.15.1:6801/402647351] conn(0x7ffab003e510 msgr2=0x7ffab0040a20 secure :-1 s=STATE_CONNECTION_ESTABLISHED l=1).mark_down
2024-05-04T03:08:42.583 INFO:teuthology.orchestra.run.smithi001.stdout:/usr/bin/ceph: stderr
2024-05-04T03:08:42.023+0000 7ffacba35700 1 --2- 172.21.15.1:0/1962439904 >> [v2:172.21.15.1:6800/402647351,v1:172.21.15.1:6801/402647351] conn(0x7ffab003e510 0x7ffab0040a20 secure :-1 s=READY pgs=11 cs=0 l=1 rev1=1 crypto rx=0x7ffac0006fd0 tx=0x7ffac0006e40 comp rx=0 tx=0).stop
2024-05-04T03:08:42.583 INFO:teuthology.orchestra.run.smithi001.stdout:/usr/bin/ceph: stderr
2024-05-04T03:08:42.023+0000 7ffacba35700 1 -- 172.21.15.1:0/1962439904 >> [v2:172.21.15.1:3300/0,v1:172.21.15.1:6789/0] conn(0x7ffac4108530 msgr2=0x7ffac41a0270 secure :-1 s=STATE_CONNECTION_ESTABLISHED l=1).mark_down
2024-05-04T03:08:42.583 INFO:teuthology.orchestra.run.smithi001.stdout:/usr/bin/ceph: stderr
2024-05-04T03:08:42.023+0000 7ffacba35700 1 --2- 172.21.15.1:0/1962439904 >> [v2:172.21.15.1:3300/0,v1:172.21.15.1:6789/0] conn(0x7ffac4108530 0x7ffac41a0270 secure :-1 s=READY pgs=77 cs=0 l=1 rev1=1 crypto rx=0x7ffab8004660 tx=0x7ffab8011aa0 comp rx=0 tx=0).stop
2024-05-04T03:08:42.583 INFO:teuthology.orchestra.run.smithi001.stdout:/usr/bin/ceph: stderr
2024-05-04T03:08:42.023+0000 7ffacba35700 1 -- 172.21.15.1:0/1962439904 shutdown_connections
2024-05-04T03:08:42.583 INFO:teuthology.orchestra.run.smithi001.stdout:/usr/bin/ceph: stderr
2024-05-04T03:08:42.023+0000 7ffacba35700 1 --2- 172.21.15.1:0/1962439904 >> [v2:172.21.15.1:6800/402647351,v1:172.21.15.1:6801/402647351] conn(0x7ffab003e510 0x7ffab0040a20 unknown :-1 s=CLOSED pgs=11 cs=0 l=1 rev1=1 crypto rx=0 tx=0 comp rx=0 tx=0).stop
2024-05-04T03:08:42.584 INFO:teuthology.orchestra.run.smithi001.stdout:/usr/bin/ceph: stderr
2024-05-04T03:08:42.023+0000 7ffacba35700 1 --2- 172.21.15.1:0/1962439904 >> [v2:172.21.15.1:3300/0,v1:172.21.15.1:6789/0] conn(0x7ffac4108530 0x7ffac41a0270 unknown :-1 s=CLOSED pgs=77 cs=0 l=1 rev1=1 crypto rx=0 tx=0 comp rx=0 tx=0).stop
2024-05-04T03:08:42.584 INFO:teuthology.orchestra.run.smithi001.stdout:/usr/bin/ceph: stderr
2024-05-04T03:08:42.023+0000 7ffacba35700 1 -- 172.21.15.1:0/1962439904 >> 172.21.15.1:0/1962439904 conn(0x7ffac41041e0 msgr2=0x7ffac4194220 unknown :-1 s=STATE_NONE l=0).mark_down
2024-05-04T03:08:42.584 INFO:teuthology.orchestra.run.smithi001.stdout:/usr/bin/ceph: stderr
2024-05-04T03:08:42.024+0000 7ffacba35700 1 -- 172.21.15.1:0/1962439904 shutdown_connections
2024-05-04T03:08:42.584 INFO:teuthology.orchestra.run.smithi001.stdout:/usr/bin/ceph: stderr
2024-05-04T03:08:42.024+0000 7ffacba35700 1 -- 172.21.15.1:0/1962439904 wait complete.
2024-05-04T03:08:42.584 INFO:teuthology.orchestra.run.smithi001.stdout:/usr/bin/ceph: stderr set mgr/dashboard/cluster/status
2024-05-04T03:08:42.584 INFO:teuthology.orchestra.run.smithi001.stdout:You can access the Ceph CLI as following in case of multi-cluster or non-default config:
2024-05-04T03:08:42.584 INFO:teuthology.orchestra.run.smithi001.stdout:
2024-05-04T03:08:42.584 INFO:teuthology.orchestra.run.smithi001.stdout: sudo /home/ubuntu/cephtest/cephadm shell --fsid 4a572aa8-09c3-11ef-bc97-c7b262605968 -c /etc/ceph/ceph.conf -k /etc/ceph/ceph.client.admin.keyring
2024-05-04T03:08:42.584 INFO:teuthology.orchestra.run.smithi001.stdout:
2024-05-04T03:08:42.584 INFO:teuthology.orchestra.run.smithi001.stdout:Or, if you are only running a single cluster on this host:
2024-05-04T03:08:42.584 INFO:teuthology.orchestra.run.smithi001.stdout:
2024-05-04T03:08:42.584 INFO:teuthology.orchestra.run.smithi001.stdout: sudo /home/ubuntu/cephtest/cephadm shell
2024-05-04T03:08:42.584 INFO:teuthology.orchestra.run.smithi001.stdout:
2024-05-04T03:08:42.584 INFO:teuthology.orchestra.run.smithi001.stdout:Please consider enabling telemetry to help improve Ceph:
2024-05-04T03:08:42.584 INFO:teuthology.orchestra.run.smithi001.stdout:
2024-05-04T03:08:42.585 INFO:teuthology.orchestra.run.smithi001.stdout: ceph telemetry on
2024-05-04T03:08:42.585 INFO:teuthology.orchestra.run.smithi001.stdout:
2024-05-04T03:08:42.585 INFO:teuthology.orchestra.run.smithi001.stdout:For more information see:
2024-05-04T03:08:42.585 INFO:teuthology.orchestra.run.smithi001.stdout:
2024-05-04T03:08:42.585 INFO:teuthology.orchestra.run.smithi001.stdout: https://docs.ceph.com/en/latest/mgr/telemetry/
2024-05-04T03:08:42.585 INFO:teuthology.orchestra.run.smithi001.stdout:
2024-05-04T03:08:42.585 INFO:teuthology.orchestra.run.smithi001.stdout:Bootstrap complete.
2024-05-04T03:08:42.617 INFO:tasks.cephadm:Fetching config...
2024-05-04T03:08:42.617 DEBUG:teuthology.orchestra.run.smithi001:> set -ex
2024-05-04T03:08:42.617 DEBUG:teuthology.orchestra.run.smithi001:> dd if=/etc/ceph/ceph.conf of=/dev/stdout
2024-05-04T03:08:42.634 INFO:tasks.cephadm:Fetching client.admin keyring...
2024-05-04T03:08:42.634 DEBUG:teuthology.orchestra.run.smithi001:> set -ex
2024-05-04T03:08:42.635 DEBUG:teuthology.orchestra.run.smithi001:> dd if=/etc/ceph/ceph.client.admin.keyring of=/dev/stdout
2024-05-04T03:08:42.690 INFO:tasks.cephadm:Fetching mon keyring...
2024-05-04T03:08:42.691 DEBUG:teuthology.orchestra.run.smithi001:> set -ex
2024-05-04T03:08:42.691 DEBUG:teuthology.orchestra.run.smithi001:> sudo dd if=/var/lib/ceph/4a572aa8-09c3-11ef-bc97-c7b262605968/mon.a/keyring of=/dev/stdout
2024-05-04T03:08:42.755 INFO:tasks.cephadm:Fetching pub ssh key...
2024-05-04T03:08:42.755 DEBUG:teuthology.orchestra.run.smithi001:> set -ex
2024-05-04T03:08:42.755 DEBUG:teuthology.orchestra.run.smithi001:> dd if=/home/ubuntu/cephtest/ceph.pub of=/dev/stdout
2024-05-04T03:08:42.811 INFO:tasks.cephadm:Installing pub ssh key for root users...
2024-05-04T03:08:42.811 DEBUG:teuthology.orchestra.run.smithi001:> sudo install -d -m 0700 /root/.ssh && echo 'ssh-rsa AAAAB3NzaC1yc2EAAAADAQABAAABgQDGVlXZK1X8uZZfL/hJsK8EueQx2js91wvEokJdSqH5Eimh4brSlWcuYmmf0mxR9mPT1+s5ymBO34rSSYfKFEfu1PiDM9sA3ov2wcME3Ax3lRwZJsK/qvpJ/4mcaOZMX7+Xg55ytxhUCe9pgHAivSdG4ufjDHnH3BKt4OR/89ZCRSBRGpkxiwM+1oMQzlwSKgju6wDWUBFrYBSvmcEIs/Biw1In+/4WhWnNYd63/AjXsGUI/6NPOaaqRFTeHVo7FtLvp50wZXxNeu5Td+NgCSvPdPE+YOAKM6coc9fM4NGSE+K+6rCN7p+XOqS+MF4Xq3g1BNI6gT6/GwXMTN6MX5hPwAIrTCuJJOJFDj32yw8EAGkP/k629ysBee7N8Bp6ORkUByyBbL181/pU/KQ3wRqHl2y8Z7k2DatyDP8Xdp0R25J9mQ65i7Mbxt1+s8GF8G2SNDba/awGwWHVjRRQpRrvoyAVREQWs7JUnkb8INyQjmZd8WXWrkOyTFL9wYgjUtE= ceph-4a572aa8-09c3-11ef-bc97-c7b262605968' | sudo tee -a /root/.ssh/authorized_keys && sudo chmod 0600 /root/.ssh/authorized_keys
2024-05-04T03:08:42.885 INFO:teuthology.orchestra.run.smithi001.stdout:ssh-rsa AAAAB3NzaC1yc2EAAAADAQABAAABgQDGVlXZK1X8uZZfL/hJsK8EueQx2js91wvEokJdSqH5Eimh4brSlWcuYmmf0mxR9mPT1+s5ymBO34rSSYfKFEfu1PiDM9sA3ov2wcME3Ax3lRwZJsK/qvpJ/4mcaOZMX7+Xg55ytxhUCe9pgHAivSdG4ufjDHnH3BKt4OR/89ZCRSBRGpkxiwM+1oMQzlwSKgju6wDWUBFrYBSvmcEIs/Biw1In+/4WhWnNYd63/AjXsGUI/6NPOaaqRFTeHVo7FtLvp50wZXxNeu5Td+NgCSvPdPE+YOAKM6coc9fM4NGSE+K+6rCN7p+XOqS+MF4Xq3g1BNI6gT6/GwXMTN6MX5hPwAIrTCuJJOJFDj32yw8EAGkP/k629ysBee7N8Bp6ORkUByyBbL181/pU/KQ3wRqHl2y8Z7k2DatyDP8Xdp0R25J9mQ65i7Mbxt1+s8GF8G2SNDba/awGwWHVjRRQpRrvoyAVREQWs7JUnkb8INyQjmZd8WXWrkOyTFL9wYgjUtE= ceph-4a572aa8-09c3-11ef-bc97-c7b262605968
2024-05-04T03:08:42.896 DEBUG:teuthology.orchestra.run.smithi072:> sudo install -d -m 0700 /root/.ssh && echo 'ssh-rsa AAAAB3NzaC1yc2EAAAADAQABAAABgQDGVlXZK1X8uZZfL/hJsK8EueQx2js91wvEokJdSqH5Eimh4brSlWcuYmmf0mxR9mPT1+s5ymBO34rSSYfKFEfu1PiDM9sA3ov2wcME3Ax3lRwZJsK/qvpJ/4mcaOZMX7+Xg55ytxhUCe9pgHAivSdG4ufjDHnH3BKt4OR/89ZCRSBRGpkxiwM+1oMQzlwSKgju6wDWUBFrYBSvmcEIs/Biw1In+/4WhWnNYd63/AjXsGUI/6NPOaaqRFTeHVo7FtLvp50wZXxNeu5Td+NgCSvPdPE+YOAKM6coc9fM4NGSE+K+6rCN7p+XOqS+MF4Xq3g1BNI6gT6/GwXMTN6MX5hPwAIrTCuJJOJFDj32yw8EAGkP/k629ysBee7N8Bp6ORkUByyBbL181/pU/KQ3wRqHl2y8Z7k2DatyDP8Xdp0R25J9mQ65i7Mbxt1+s8GF8G2SNDba/awGwWHVjRRQpRrvoyAVREQWs7JUnkb8INyQjmZd8WXWrkOyTFL9wYgjUtE= ceph-4a572aa8-09c3-11ef-bc97-c7b262605968' | sudo tee -a /root/.ssh/authorized_keys && sudo chmod 0600 /root/.ssh/authorized_keys
2024-05-04T03:08:42.935 INFO:teuthology.orchestra.run.smithi072.stdout:ssh-rsa AAAAB3NzaC1yc2EAAAADAQABAAABgQDGVlXZK1X8uZZfL/hJsK8EueQx2js91wvEokJdSqH5Eimh4brSlWcuYmmf0mxR9mPT1+s5ymBO34rSSYfKFEfu1PiDM9sA3ov2wcME3Ax3lRwZJsK/qvpJ/4mcaOZMX7+Xg55ytxhUCe9pgHAivSdG4ufjDHnH3BKt4OR/89ZCRSBRGpkxiwM+1oMQzlwSKgju6wDWUBFrYBSvmcEIs/Biw1In+/4WhWnNYd63/AjXsGUI/6NPOaaqRFTeHVo7FtLvp50wZXxNeu5Td+NgCSvPdPE+YOAKM6coc9fM4NGSE+K+6rCN7p+XOqS+MF4Xq3g1BNI6gT6/GwXMTN6MX5hPwAIrTCuJJOJFDj32yw8EAGkP/k629ysBee7N8Bp6ORkUByyBbL181/pU/KQ3wRqHl2y8Z7k2DatyDP8Xdp0R25J9mQ65i7Mbxt1+s8GF8G2SNDba/awGwWHVjRRQpRrvoyAVREQWs7JUnkb8INyQjmZd8WXWrkOyTFL9wYgjUtE= ceph-4a572aa8-09c3-11ef-bc97-c7b262605968
2024-05-04T03:08:42.947 DEBUG:teuthology.orchestra.run.smithi077:> sudo install -d -m 0700 /root/.ssh && echo 'ssh-rsa AAAAB3NzaC1yc2EAAAADAQABAAABgQDGVlXZK1X8uZZfL/hJsK8EueQx2js91wvEokJdSqH5Eimh4brSlWcuYmmf0mxR9mPT1+s5ymBO34rSSYfKFEfu1PiDM9sA3ov2wcME3Ax3lRwZJsK/qvpJ/4mcaOZMX7+Xg55ytxhUCe9pgHAivSdG4ufjDHnH3BKt4OR/89ZCRSBRGpkxiwM+1oMQzlwSKgju6wDWUBFrYBSvmcEIs/Biw1In+/4WhWnNYd63/AjXsGUI/6NPOaaqRFTeHVo7FtLvp50wZXxNeu5Td+NgCSvPdPE+YOAKM6coc9fM4NGSE+K+6rCN7p+XOqS+MF4Xq3g1BNI6gT6/GwXMTN6MX5hPwAIrTCuJJOJFDj32yw8EAGkP/k629ysBee7N8Bp6ORkUByyBbL181/pU/KQ3wRqHl2y8Z7k2DatyDP8Xdp0R25J9mQ65i7Mbxt1+s8GF8G2SNDba/awGwWHVjRRQpRrvoyAVREQWs7JUnkb8INyQjmZd8WXWrkOyTFL9wYgjUtE= ceph-4a572aa8-09c3-11ef-bc97-c7b262605968' | sudo tee -a /root/.ssh/authorized_keys && sudo chmod 0600 /root/.ssh/authorized_keys
2024-05-04T03:08:42.986 INFO:teuthology.orchestra.run.smithi077.stdout:ssh-rsa AAAAB3NzaC1yc2EAAAADAQABAAABgQDGVlXZK1X8uZZfL/hJsK8EueQx2js91wvEokJdSqH5Eimh4brSlWcuYmmf0mxR9mPT1+s5ymBO34rSSYfKFEfu1PiDM9sA3ov2wcME3Ax3lRwZJsK/qvpJ/4mcaOZMX7+Xg55ytxhUCe9pgHAivSdG4ufjDHnH3BKt4OR/89ZCRSBRGpkxiwM+1oMQzlwSKgju6wDWUBFrYBSvmcEIs/Biw1In+/4WhWnNYd63/AjXsGUI/6NPOaaqRFTeHVo7FtLvp50wZXxNeu5Td+NgCSvPdPE+YOAKM6coc9fM4NGSE+K+6rCN7p+XOqS+MF4Xq3g1BNI6gT6/GwXMTN6MX5hPwAIrTCuJJOJFDj32yw8EAGkP/k629ysBee7N8Bp6ORkUByyBbL181/pU/KQ3wRqHl2y8Z7k2DatyDP8Xdp0R25J9mQ65i7Mbxt1+s8GF8G2SNDba/awGwWHVjRRQpRrvoyAVREQWs7JUnkb8INyQjmZd8WXWrkOyTFL9wYgjUtE= ceph-4a572aa8-09c3-11ef-bc97-c7b262605968
2024-05-04T03:08:42.998 DEBUG:teuthology.orchestra.run.smithi001:> sudo /home/ubuntu/cephtest/cephadm --image quay-quay-quay.apps.os.sepia.ceph.com/ceph-ci/ceph:bd4e00a39d766328b458e4c953f4d722fed96a31 shell -c /etc/ceph/ceph.conf -k /etc/ceph/ceph.client.admin.keyring --fsid 4a572aa8-09c3-11ef-bc97-c7b262605968 -- ceph config set mgr mgr/cephadm/allow_ptrace true
2024-05-04T03:08:43.128 INFO:journalctl@ceph.mon.a.smithi001.stdout:May 04 03:08:43 smithi001 ceph-mon[29731]: from='client.? 172.21.15.1:0/1962439904' entity='client.admin'
2024-05-04T03:08:43.250 INFO:teuthology.orchestra.run.smithi001.stderr:Inferring config /var/lib/ceph/4a572aa8-09c3-11ef-bc97-c7b262605968/mon.a/config
2024-05-04T03:08:45.370 INFO:teuthology.orchestra.run.smithi001.stderr:2024-05-04T03:08:45.368+0000 7f9a37e07700 1 -- 172.21.15.1:0/3619386741 >> [v2:172.21.15.1:3300/0,v1:172.21.15.1:6789/0] conn(0x7f9a301046d0 msgr2=0x7f9a30106af0 secure :-1 s=STATE_CONNECTION_ESTABLISHED l=1).mark_down
2024-05-04T03:08:45.370 INFO:teuthology.orchestra.run.smithi001.stderr:2024-05-04T03:08:45.368+0000 7f9a37e07700 1 --2- 172.21.15.1:0/3619386741 >> [v2:172.21.15.1:3300/0,v1:172.21.15.1:6789/0] conn(0x7f9a301046d0 0x7f9a30106af0 secure :-1 s=READY pgs=78 cs=0 l=1 rev1=1 crypto rx=0x7f9a2c009910 tx=0x7f9a2c009c20 comp rx=0 tx=0).stop
2024-05-04T03:08:45.370 INFO:teuthology.orchestra.run.smithi001.stderr:2024-05-04T03:08:45.368+0000 7f9a37e07700 1 -- 172.21.15.1:0/3619386741 shutdown_connections
2024-05-04T03:08:45.371 INFO:teuthology.orchestra.run.smithi001.stderr:2024-05-04T03:08:45.368+0000 7f9a37e07700 1 --2- 172.21.15.1:0/3619386741 >> [v2:172.21.15.1:3300/0,v1:172.21.15.1:6789/0] conn(0x7f9a301046d0 0x7f9a30106af0 unknown :-1 s=CLOSED pgs=78 cs=0 l=1 rev1=1 crypto rx=0 tx=0 comp rx=0 tx=0).stop
2024-05-04T03:08:45.371 INFO:teuthology.orchestra.run.smithi001.stderr:2024-05-04T03:08:45.368+0000 7f9a37e07700 1 -- 172.21.15.1:0/3619386741 >> 172.21.15.1:0/3619386741 conn(0x7f9a300fe110 msgr2=0x7f9a301005c0 unknown :-1 s=STATE_NONE l=0).mark_down
2024-05-04T03:08:45.371 INFO:teuthology.orchestra.run.smithi001.stderr:2024-05-04T03:08:45.368+0000 7f9a37e07700 1 -- 172.21.15.1:0/3619386741 shutdown_connections
2024-05-04T03:08:45.371 INFO:teuthology.orchestra.run.smithi001.stderr:2024-05-04T03:08:45.368+0000 7f9a37e07700 1 -- 172.21.15.1:0/3619386741 wait complete.
2024-05-04T03:08:45.371 INFO:teuthology.orchestra.run.smithi001.stderr:2024-05-04T03:08:45.368+0000 7f9a37e07700 1 Processor -- start
2024-05-04T03:08:45.371 INFO:teuthology.orchestra.run.smithi001.stderr:2024-05-04T03:08:45.368+0000 7f9a37e07700 1 -- start start
2024-05-04T03:08:45.371 INFO:teuthology.orchestra.run.smithi001.stderr:2024-05-04T03:08:45.369+0000 7f9a37e07700 1 --2- >> [v2:172.21.15.1:3300/0,v1:172.21.15.1:6789/0] conn(0x7f9a301046d0 0x7f9a30103e50 unknown :-1 s=NONE pgs=0 cs=0 l=1 rev1=0 crypto rx=0 tx=0 comp rx=0 tx=0).connect
2024-05-04T03:08:45.371 INFO:teuthology.orchestra.run.smithi001.stderr:2024-05-04T03:08:45.369+0000 7f9a37e07700 1 -- --> [v2:172.21.15.1:3300/0,v1:172.21.15.1:6789/0] -- mon_getmap magic: 0 -- 0x7f9a30109b90 con 0x7f9a301046d0
2024-05-04T03:08:45.371 INFO:teuthology.orchestra.run.smithi001.stderr:2024-05-04T03:08:45.369+0000 7f9a35ba3700 1 --2- >> [v2:172.21.15.1:3300/0,v1:172.21.15.1:6789/0] conn(0x7f9a301046d0 0x7f9a30103e50 unknown :-1 s=BANNER_CONNECTING pgs=0 cs=0 l=1 rev1=0 crypto rx=0 tx=0 comp rx=0 tx=0)._handle_peer_banner_payload supported=3 required=0
2024-05-04T03:08:45.371 INFO:teuthology.orchestra.run.smithi001.stderr:2024-05-04T03:08:45.369+0000 7f9a35ba3700 1 --2- >> [v2:172.21.15.1:3300/0,v1:172.21.15.1:6789/0] conn(0x7f9a301046d0 0x7f9a30103e50 unknown :-1 s=HELLO_CONNECTING pgs=0 cs=0 l=1 rev1=1 crypto rx=0 tx=0 comp rx=0 tx=0).handle_hello peer v2:172.21.15.1:3300/0 says I am v2:172.21.15.1:56894/0 (socket says 172.21.15.1:56894)
2024-05-04T03:08:45.371 INFO:teuthology.orchestra.run.smithi001.stderr:2024-05-04T03:08:45.369+0000 7f9a35ba3700 1 -- 172.21.15.1:0/103303304 learned_addr learned my addr 172.21.15.1:0/103303304 (peer_addr_for_me v2:172.21.15.1:0/0)
2024-05-04T03:08:45.371 INFO:teuthology.orchestra.run.smithi001.stderr:2024-05-04T03:08:45.369+0000 7f9a35ba3700 1 -- 172.21.15.1:0/103303304 --> [v2:172.21.15.1:3300/0,v1:172.21.15.1:6789/0] -- mon_subscribe({config=0+,monmap=0+}) -- 0x7f9a30104390 con 0x7f9a301046d0
2024-05-04T03:08:45.371 INFO:teuthology.orchestra.run.smithi001.stderr:2024-05-04T03:08:45.369+0000 7f9a35ba3700 1 --2- 172.21.15.1:0/103303304 >> [v2:172.21.15.1:3300/0,v1:172.21.15.1:6789/0] conn(0x7f9a301046d0 0x7f9a30103e50 secure :-1 s=READY pgs=79 cs=0 l=1 rev1=1 crypto rx=0x7f9a2c006010 tx=0x7f9a2c005ad0 comp rx=0 tx=0).ready entity=mon.0 client_cookie=0 server_cookie=0 in_seq=0 out_seq=0
2024-05-04T03:08:45.372 INFO:teuthology.orchestra.run.smithi001.stderr:2024-05-04T03:08:45.369+0000 7f9a26ffd700 1 -- 172.21.15.1:0/103303304 <== mon.0 v2:172.21.15.1:3300/0 1 ==== mon_map magic: 0 ==== 205+0+0 (secure 0 0 0) 0x7f9a2c026070 con 0x7f9a301046d0
2024-05-04T03:08:45.372 INFO:teuthology.orchestra.run.smithi001.stderr:2024-05-04T03:08:45.369+0000 7f9a26ffd700 1 -- 172.21.15.1:0/103303304 <== mon.0 v2:172.21.15.1:3300/0 2 ==== config(26 keys) ==== 1101+0+0 (secure 0 0 0) 0x7f9a2c0044a0 con 0x7f9a301046d0
2024-05-04T03:08:45.372 INFO:teuthology.orchestra.run.smithi001.stderr:2024-05-04T03:08:45.369+0000 7f9a37e07700 1 -- 172.21.15.1:0/103303304 --> [v2:172.21.15.1:3300/0,v1:172.21.15.1:6789/0] -- mon_subscribe({mgrmap=0+}) -- 0x7f9a301025e0 con 0x7f9a301046d0
2024-05-04T03:08:45.372 INFO:teuthology.orchestra.run.smithi001.stderr:2024-05-04T03:08:45.369+0000 7f9a26ffd700 1 -- 172.21.15.1:0/103303304 <== mon.0 v2:172.21.15.1:3300/0 3 ==== mon_map magic: 0 ==== 205+0+0 (secure 0 0 0) 0x7f9a2c0039d0 con 0x7f9a301046d0
2024-05-04T03:08:45.372 INFO:teuthology.orchestra.run.smithi001.stderr:2024-05-04T03:08:45.369+0000 7f9a37e07700 1 -- 172.21.15.1:0/103303304 --> [v2:172.21.15.1:3300/0,v1:172.21.15.1:6789/0] -- mon_subscribe({osdmap=0}) -- 0x7f9a30102ac0 con 0x7f9a301046d0
2024-05-04T03:08:45.372 INFO:teuthology.orchestra.run.smithi001.stderr:2024-05-04T03:08:45.370+0000 7f9a37e07700 1 -- 172.21.15.1:0/103303304 --> [v2:172.21.15.1:3300/0,v1:172.21.15.1:6789/0] -- mon_command({"prefix": "get_command_descriptions"} v 0) -- 0x7f9a3010a310 con 0x7f9a301046d0
2024-05-04T03:08:45.373 INFO:teuthology.orchestra.run.smithi001.stderr:2024-05-04T03:08:45.370+0000 7f9a26ffd700 1 -- 172.21.15.1:0/103303304 <== mon.0 v2:172.21.15.1:3300/0 4 ==== mgrmap(e 13) ==== 50277+0+0 (secure 0 0 0) 0x7f9a2c029070 con 0x7f9a301046d0
