2024-05-07T01:34:15.051 INFO:teuthology.orchestra.run.smithi088.stdout:Deploying unmanaged mon service...
2024-05-07T01:34:15.592 INFO:journalctl@ceph.mon.a.smithi088.stdout:May 07 01:34:15 smithi088 ceph-mon[30160]: from='mgr.14120 172.21.15.88:0/537183104' entity='mgr.x'
2024-05-07T01:34:15.593 INFO:journalctl@ceph.mon.a.smithi088.stdout:May 07 01:34:15 smithi088 ceph-mon[30160]: Added host smithi088
2024-05-07T01:34:15.593 INFO:journalctl@ceph.mon.a.smithi088.stdout:May 07 01:34:15 smithi088 ceph-mon[30160]: from='mgr.14120 172.21.15.88:0/537183104' entity='mgr.x' cmd=[{"prefix": "config dump", "format": "json"}]: dispatch
2024-05-07T01:34:16.583 INFO:teuthology.orchestra.run.smithi088.stdout:/usr/bin/ceph: stdout Scheduled mon update...
2024-05-07T01:34:16.583 INFO:teuthology.orchestra.run.smithi088.stdout:/usr/bin/ceph: stderr
2024-05-07T01:34:15.623+0000 7f1599e8e700 1 Processor -- start
2024-05-07T01:34:16.583 INFO:teuthology.orchestra.run.smithi088.stdout:/usr/bin/ceph: stderr
2024-05-07T01:34:15.623+0000 7f1599e8e700 1 -- start start
2024-05-07T01:34:16.583 INFO:teuthology.orchestra.run.smithi088.stdout:/usr/bin/ceph: stderr
2024-05-07T01:34:15.623+0000 7f1599e8e700 1 --2- >> [v2:172.21.15.88:3300/0,v1:172.21.15.88:6789/0] conn(0x7f1594108950 0x7f1594108d60 unknown :-1 s=NONE pgs=0 cs=0 l=0 rev1=0 crypto rx=0 tx=0 comp rx=0 tx=0).connect
2024-05-07T01:34:16.583 INFO:teuthology.orchestra.run.smithi088.stdout:/usr/bin/ceph: stderr
2024-05-07T01:34:15.623+0000 7f1599e8e700 1 -- --> [v2:172.21.15.88:3300/0,v1:172.21.15.88:6789/0] -- mon_getmap magic: 0 -- 0x7f1594109350 con 0x7f1594108950
2024-05-07T01:34:16.583 INFO:teuthology.orchestra.run.smithi088.stdout:/usr/bin/ceph: stderr
2024-05-07T01:34:15.623+0000 7f15937fe700 1 --2- >> [v2:172.21.15.88:3300/0,v1:172.21.15.88:6789/0] conn(0x7f1594108950 0x7f1594108d60 unknown :-1 s=BANNER_CONNECTING pgs=0 cs=0 l=0 rev1=0 crypto rx=0 tx=0 comp rx=0 tx=0)._handle_peer_banner_payload supported=3 required=0
2024-05-07T01:34:16.583 INFO:teuthology.orchestra.run.smithi088.stdout:/usr/bin/ceph: stderr
2024-05-07T01:34:15.623+0000 7f15937fe700 1 --2- >> [v2:172.21.15.88:3300/0,v1:172.21.15.88:6789/0] conn(0x7f1594108950 0x7f1594108d60 unknown :-1 s=HELLO_CONNECTING pgs=0 cs=0 l=0 rev1=1 crypto rx=0 tx=0 comp rx=0 tx=0).handle_hello peer v2:172.21.15.88:3300/0 says I am v2:172.21.15.88:55174/0 (socket says 172.21.15.88:55174)
2024-05-07T01:34:16.583 INFO:teuthology.orchestra.run.smithi088.stdout:/usr/bin/ceph: stderr
2024-05-07T01:34:15.623+0000 7f15937fe700 1 -- 172.21.15.88:0/2272844696 learned_addr learned my addr 172.21.15.88:0/2272844696 (peer_addr_for_me v2:172.21.15.88:0/0)
2024-05-07T01:34:16.584 INFO:teuthology.orchestra.run.smithi088.stdout:/usr/bin/ceph: stderr
2024-05-07T01:34:15.624+0000 7f15937fe700 1 -- 172.21.15.88:0/2272844696 --> [v2:172.21.15.88:3300/0,v1:172.21.15.88:6789/0] -- mon_subscribe({config=0+,monmap=0+}) -- 0x7f1594109a80 con 0x7f1594108950
2024-05-07T01:34:16.584 INFO:teuthology.orchestra.run.smithi088.stdout:/usr/bin/ceph: stderr
2024-05-07T01:34:15.624+0000 7f15937fe700 1 --2- 172.21.15.88:0/2272844696 >> [v2:172.21.15.88:3300/0,v1:172.21.15.88:6789/0] conn(0x7f1594108950 0x7f1594108d60 secure :-1 s=READY pgs=47 cs=0 l=1 rev1=1 crypto rx=0x7f15840098a0 tx=0x7f1584009bb0 comp rx=0 tx=0).ready entity=mon.0 client_cookie=2f0a3b3dd5468d79 server_cookie=0 in_seq=0 out_seq=0
2024-05-07T01:34:16.584 INFO:teuthology.orchestra.run.smithi088.stdout:/usr/bin/ceph: stderr
2024-05-07T01:34:15.624+0000 7f15927fc700 1 -- 172.21.15.88:0/2272844696 <== mon.0 v2:172.21.15.88:3300/0 1 ==== mon_map magic: 0 ==== 205+0+0 (secure 0 0 0) 0x7f1584004160 con 0x7f1594108950
2024-05-07T01:34:16.584 INFO:teuthology.orchestra.run.smithi088.stdout:/usr/bin/ceph: stderr
2024-05-07T01:34:15.624+0000 7f15927fc700 1 -- 172.21.15.88:0/2272844696 <== mon.0 v2:172.21.15.88:3300/0 2 ==== config(25 keys) ==== 1032+0+0 (secure 0 0 0) 0x7f1584004300 con 0x7f1594108950
2024-05-07T01:34:16.584 INFO:teuthology.orchestra.run.smithi088.stdout:/usr/bin/ceph: stderr
2024-05-07T01:34:15.624+0000 7f15927fc700 1 -- 172.21.15.88:0/2272844696 <== mon.0 v2:172.21.15.88:3300/0 3 ==== mon_map magic: 0 ==== 205+0+0 (secure 0 0 0) 0x7f15840119e0 con 0x7f1594108950
2024-05-07T01:34:16.584 INFO:teuthology.orchestra.run.smithi088.stdout:/usr/bin/ceph: stderr
2024-05-07T01:34:15.625+0000 7f1599e8e700 1 -- 172.21.15.88:0/2272844696 >> [v2:172.21.15.88:3300/0,v1:172.21.15.88:6789/0] conn(0x7f1594108950 msgr2=0x7f1594108d60 secure :-1 s=STATE_CONNECTION_ESTABLISHED l=1).mark_down
2024-05-07T01:34:16.584 INFO:teuthology.orchestra.run.smithi088.stdout:/usr/bin/ceph: stderr
2024-05-07T01:34:15.625+0000 7f1599e8e700 1 --2- 172.21.15.88:0/2272844696 >> [v2:172.21.15.88:3300/0,v1:172.21.15.88:6789/0] conn(0x7f1594108950 0x7f1594108d60 secure :-1 s=READY pgs=47 cs=0 l=1 rev1=1 crypto rx=0x7f15840098a0 tx=0x7f1584009bb0 comp rx=0 tx=0).stop
2024-05-07T01:34:16.584 INFO:teuthology.orchestra.run.smithi088.stdout:/usr/bin/ceph: stderr
2024-05-07T01:34:15.625+0000 7f1599e8e700 1 -- 172.21.15.88:0/2272844696 shutdown_connections
2024-05-07T01:34:16.584 INFO:teuthology.orchestra.run.smithi088.stdout:/usr/bin/ceph: stderr
2024-05-07T01:34:15.625+0000 7f1599e8e700 1 --2- 172.21.15.88:0/2272844696 >> [v2:172.21.15.88:3300/0,v1:172.21.15.88:6789/0] conn(0x7f1594108950 0x7f1594108d60 unknown :-1 s=CLOSED pgs=47 cs=0 l=1 rev1=1 crypto rx=0 tx=0 comp rx=0 tx=0).stop
2024-05-07T01:34:16.584 INFO:teuthology.orchestra.run.smithi088.stdout:/usr/bin/ceph: stderr
2024-05-07T01:34:15.625+0000 7f1599e8e700 1 -- 172.21.15.88:0/2272844696 >> 172.21.15.88:0/2272844696 conn(0x7f1594103f90 msgr2=0x7f1594106440 unknown :-1 s=STATE_NONE l=0).mark_down
2024-05-07T01:34:16.584 INFO:teuthology.orchestra.run.smithi088.stdout:/usr/bin/ceph: stderr
2024-05-07T01:34:15.625+0000 7f1599e8e700 1 -- 172.21.15.88:0/2272844696 shutdown_connections
2024-05-07T01:34:16.584 INFO:teuthology.orchestra.run.smithi088.stdout:/usr/bin/ceph: stderr
2024-05-07T01:34:15.625+0000 7f1599e8e700 1 -- 172.21.15.88:0/2272844696 wait complete.
2024-05-07T01:34:16.584 INFO:teuthology.orchestra.run.smithi088.stdout:/usr/bin/ceph: stderr
2024-05-07T01:34:15.625+0000 7f1599e8e700 1 Processor -- start
2024-05-07T01:34:16.584 INFO:teuthology.orchestra.run.smithi088.stdout:/usr/bin/ceph: stderr
2024-05-07T01:34:15.626+0000 7f1599e8e700 1 -- start start
2024-05-07T01:34:16.585 INFO:teuthology.orchestra.run.smithi088.stdout:/usr/bin/ceph: stderr
2024-05-07T01:34:15.626+0000 7f1599e8e700 1 --2- >> [v2:172.21.15.88:3300/0,v1:172.21.15.88:6789/0] conn(0x7f1594108950 0x7f159407d390 unknown :-1 s=NONE pgs=0 cs=0 l=1 rev1=0 crypto rx=0 tx=0 comp rx=0 tx=0).connect
2024-05-07T01:34:16.585 INFO:teuthology.orchestra.run.smithi088.stdout:/usr/bin/ceph: stderr
2024-05-07T01:34:15.626+0000 7f1599e8e700 1 -- --> [v2:172.21.15.88:3300/0,v1:172.21.15.88:6789/0] -- mon_getmap magic: 0 -- 0x7f159410ce30 con 0x7f1594108950
2024-05-07T01:34:16.585 INFO:teuthology.orchestra.run.smithi088.stdout:/usr/bin/ceph: stderr
2024-05-07T01:34:15.626+0000 7f15937fe700 1 --2- >> [v2:172.21.15.88:3300/0,v1:172.21.15.88:6789/0] conn(0x7f1594108950 0x7f159407d390 unknown :-1 s=BANNER_CONNECTING pgs=0 cs=0 l=1 rev1=0 crypto rx=0 tx=0 comp rx=0 tx=0)._handle_peer_banner_payload supported=3 required=0
2024-05-07T01:34:16.585 INFO:teuthology.orchestra.run.smithi088.stdout:/usr/bin/ceph: stderr
2024-05-07T01:34:15.626+0000 7f15937fe700 1 --2- >> [v2:172.21.15.88:3300/0,v1:172.21.15.88:6789/0] conn(0x7f1594108950 0x7f159407d390 unknown :-1 s=HELLO_CONNECTING pgs=0 cs=0 l=1 rev1=1 crypto rx=0 tx=0 comp rx=0 tx=0).handle_hello peer v2:172.21.15.88:3300/0 says I am v2:172.21.15.88:55184/0 (socket says 172.21.15.88:55184)
2024-05-07T01:34:16.585 INFO:teuthology.orchestra.run.smithi088.stdout:/usr/bin/ceph: stderr
2024-05-07T01:34:15.626+0000 7f15937fe700 1 -- 172.21.15.88:0/336123863 learned_addr learned my addr 172.21.15.88:0/336123863 (peer_addr_for_me v2:172.21.15.88:0/0)
2024-05-07T01:34:16.585 INFO:teuthology.orchestra.run.smithi088.stdout:/usr/bin/ceph: stderr
2024-05-07T01:34:15.626+0000 7f15937fe700 1 -- 172.21.15.88:0/336123863 --> [v2:172.21.15.88:3300/0,v1:172.21.15.88:6789/0] -- mon_subscribe({config=0+,monmap=0+}) -- 0x7f159407d8d0 con 0x7f1594108950
2024-05-07T01:34:16.585 INFO:teuthology.orchestra.run.smithi088.stdout:/usr/bin/ceph: stderr
2024-05-07T01:34:15.626+0000 7f15937fe700 1 --2- 172.21.15.88:0/336123863 >> [v2:172.21.15.88:3300/0,v1:172.21.15.88:6789/0] conn(0x7f1594108950 0x7f159407d390 secure :-1 s=READY pgs=48 cs=0 l=1 rev1=1 crypto rx=0x7f15840119b0 tx=0x7f1584011a90 comp rx=0 tx=0).ready entity=mon.0 client_cookie=0 server_cookie=0 in_seq=0 out_seq=0
2024-05-07T01:34:16.585 INFO:teuthology.orchestra.run.smithi088.stdout:/usr/bin/ceph: stderr
2024-05-07T01:34:15.626+0000 7f1590ff9700 1 -- 172.21.15.88:0/336123863 <== mon.0 v2:172.21.15.88:3300/0 1 ==== mon_map magic: 0 ==== 205+0+0 (secure 0 0 0) 0x7f1584003970 con 0x7f1594108950
2024-05-07T01:34:16.585 INFO:teuthology.orchestra.run.smithi088.stdout:/usr/bin/ceph: stderr
2024-05-07T01:34:15.626+0000 7f1590ff9700 1 -- 172.21.15.88:0/336123863 <== mon.0 v2:172.21.15.88:3300/0 2 ==== config(25 keys) ==== 1032+0+0 (secure 0 0 0) 0x7f1584003b10 con 0x7f1594108950
2024-05-07T01:34:16.585 INFO:teuthology.orchestra.run.smithi088.stdout:/usr/bin/ceph: stderr
2024-05-07T01:34:15.626+0000 7f1599e8e700 1 -- 172.21.15.88:0/336123863 --> [v2:172.21.15.88:3300/0,v1:172.21.15.88:6789/0] -- mon_subscribe({mgrmap=0+}) -- 0x7f15941a0b00 con 0x7f1594108950
2024-05-07T01:34:16.585 INFO:teuthology.orchestra.run.smithi088.stdout:/usr/bin/ceph: stderr
2024-05-07T01:34:15.626+0000 7f1590ff9700 1 -- 172.21.15.88:0/336123863 <== mon.0 v2:172.21.15.88:3300/0 3 ==== mon_map magic: 0 ==== 205+0+0 (secure 0 0 0) 0x7f1584024610 con 0x7f1594108950
2024-05-07T01:34:16.585 INFO:teuthology.orchestra.run.smithi088.stdout:/usr/bin/ceph: stderr
2024-05-07T01:34:15.626+0000 7f1599e8e700 1 -- 172.21.15.88:0/336123863 --> [v2:172.21.15.88:3300/0,v1:172.21.15.88:6789/0] -- mon_subscribe({osdmap=0}) -- 0x7f15941a0f80 con 0x7f1594108950
2024-05-07T01:34:16.585 INFO:teuthology.orchestra.run.smithi088.stdout:/usr/bin/ceph: stderr
2024-05-07T01:34:15.627+0000 7f1599e8e700 1 -- 172.21.15.88:0/336123863 --> [v2:172.21.15.88:3300/0,v1:172.21.15.88:6789/0] -- mon_command({"prefix": "get_command_descriptions"} v 0) -- 0x7f1594064e20 con 0x7f1594108950
2024-05-07T01:34:16.586 INFO:teuthology.orchestra.run.smithi088.stdout:/usr/bin/ceph: stderr
2024-05-07T01:34:15.627+0000 7f1590ff9700 1 -- 172.21.15.88:0/336123863 <== mon.0 v2:172.21.15.88:3300/0 4 ==== mgrmap(e 8) ==== 50222+0+0 (secure 0 0 0) 0x7f158402d3f0 con 0x7f1594108950
2024-05-07T01:34:16.586 INFO:teuthology.orchestra.run.smithi088.stdout:/usr/bin/ceph: stderr
2024-05-07T01:34:15.628+0000 7f1590ff9700 1 --2- 172.21.15.88:0/336123863 >> [v2:172.21.15.88:6800/2821081918,v1:172.21.15.88:6801/2821081918] conn(0x7f157c03e4c0 0x7f157c0409d0 unknown :-1 s=NONE pgs=0 cs=0 l=1 rev1=0 crypto rx=0 tx=0 comp rx=0 tx=0).connect
2024-05-07T01:34:16.586 INFO:teuthology.orchestra.run.smithi088.stdout:/usr/bin/ceph: stderr
2024-05-07T01:34:15.628+0000 7f1590ff9700 1 -- 172.21.15.88:0/336123863 <== mon.0 v2:172.21.15.88:3300/0 5 ==== osd_map(2..2 src has 1..2) ==== 940+0+0 (secure 0 0 0) 0x7f1584053920 con 0x7f1594108950
2024-05-07T01:34:16.586 INFO:teuthology.orchestra.run.smithi088.stdout:/usr/bin/ceph: stderr
2024-05-07T01:34:15.628+0000 7f1592ffd700 1 --2- 172.21.15.88:0/336123863 >> [v2:172.21.15.88:6800/2821081918,v1:172.21.15.88:6801/2821081918] conn(0x7f157c03e4c0 0x7f157c0409d0 unknown :-1 s=BANNER_CONNECTING pgs=0 cs=0 l=1 rev1=0 crypto rx=0 tx=0 comp rx=0 tx=0)._handle_peer_banner_payload supported=3 required=0
2024-05-07T01:34:16.586 INFO:teuthology.orchestra.run.smithi088.stdout:/usr/bin/ceph: stderr
2024-05-07T01:34:15.628+0000 7f1592ffd700 1 --2- 172.21.15.88:0/336123863 >> [v2:172.21.15.88:6800/2821081918,v1:172.21.15.88:6801/2821081918] conn(0x7f157c03e4c0 0x7f157c0409d0 secure :-1 s=READY pgs=12 cs=0 l=1 rev1=1 crypto rx=0x7f1588006fd0 tx=0x7f1588006e40 comp rx=0 tx=0).ready entity=mgr.14120 client_cookie=0 server_cookie=0 in_seq=0 out_seq=0
2024-05-07T01:34:16.586 INFO:teuthology.orchestra.run.smithi088.stdout:/usr/bin/ceph: stderr
2024-05-07T01:34:15.633+0000 7f1590ff9700 1 -- 172.21.15.88:0/336123863 <== mon.0 v2:172.21.15.88:3300/0 6 ==== mon_command_ack([{"prefix": "get_command_descriptions"}]=0 v0) ==== 72+0+191963 (secure 0 0 0) 0x7f158400e260 con 0x7f1594108950
2024-05-07T01:34:16.586 INFO:teuthology.orchestra.run.smithi088.stdout:/usr/bin/ceph: stderr
2024-05-07T01:34:15.859+0000 7f1599e8e700 1 -- 172.21.15.88:0/336123863 --> [v2:172.21.15.88:6800/2821081918,v1:172.21.15.88:6801/2821081918] -- mgr_command(tid 0: {"prefix": "orch apply", "service_type": "mon", "unmanaged": true, "target": ["mon-mgr", ""]}) -- 0x7f1594105040 con 0x7f157c03e4c0
2024-05-07T01:34:16.586 INFO:teuthology.orchestra.run.smithi088.stdout:/usr/bin/ceph: stderr
2024-05-07T01:34:15.867+0000 7f1590ff9700 1 -- 172.21.15.88:0/336123863 <== mgr.14120 v2:172.21.15.88:6800/2821081918 1 ==== mgr_command_reply(tid 0: 0 ) ==== 8+0+24 (secure 0 0 0) 0x7f1594105040 con 0x7f157c03e4c0
2024-05-07T01:34:16.586 INFO:teuthology.orchestra.run.smithi088.stdout:/usr/bin/ceph: stderr
2024-05-07T01:34:15.869+0000 7f1599e8e700 1 -- 172.21.15.88:0/336123863 >> [v2:172.21.15.88:6800/2821081918,v1:172.21.15.88:6801/2821081918] conn(0x7f157c03e4c0 msgr2=0x7f157c0409d0 secure :-1 s=STATE_CONNECTION_ESTABLISHED l=1).mark_down
2024-05-07T01:34:16.586 INFO:teuthology.orchestra.run.smithi088.stdout:/usr/bin/ceph: stderr
2024-05-07T01:34:15.869+0000 7f1599e8e700 1 --2- 172.21.15.88:0/336123863 >> [v2:172.21.15.88:6800/2821081918,v1:172.21.15.88:6801/2821081918] conn(0x7f157c03e4c0 0x7f157c0409d0 secure :-1 s=READY pgs=12 cs=0 l=1 rev1=1 crypto rx=0x7f1588006fd0 tx=0x7f1588006e40 comp rx=0 tx=0).stop
2024-05-07T01:34:16.586 INFO:teuthology.orchestra.run.smithi088.stdout:/usr/bin/ceph: stderr
2024-05-07T01:34:15.869+0000 7f1599e8e700 1 -- 172.21.15.88:0/336123863 >> [v2:172.21.15.88:3300/0,v1:172.21.15.88:6789/0] conn(0x7f1594108950 msgr2=0x7f159407d390 secure :-1 s=STATE_CONNECTION_ESTABLISHED l=1).mark_down
2024-05-07T01:34:16.586 INFO:teuthology.orchestra.run.smithi088.stdout:/usr/bin/ceph: stderr
2024-05-07T01:34:15.869+0000 7f1599e8e700 1 --2- 172.21.15.88:0/336123863 >> [v2:172.21.15.88:3300/0,v1:172.21.15.88:6789/0] conn(0x7f1594108950 0x7f159407d390 secure :-1 s=READY pgs=48 cs=0 l=1 rev1=1 crypto rx=0x7f15840119b0 tx=0x7f1584011a90 comp rx=0 tx=0).stop
2024-05-07T01:34:16.586 INFO:teuthology.orchestra.run.smithi088.stdout:/usr/bin/ceph: stderr
2024-05-07T01:34:15.869+0000 7f1599e8e700 1 -- 172.21.15.88:0/336123863 shutdown_connections
2024-05-07T01:34:16.586 INFO:teuthology.orchestra.run.smithi088.stdout:/usr/bin/ceph: stderr
2024-05-07T01:34:15.869+0000 7f1599e8e700 1 --2- 172.21.15.88:0/336123863 >> [v2:172.21.15.88:6800/2821081918,v1:172.21.15.88:6801/2821081918] conn(0x7f157c03e4c0 0x7f157c0409d0 unknown :-1 s=CLOSED pgs=12 cs=0 l=1 rev1=1 crypto rx=0 tx=0 comp rx=0 tx=0).stop
2024-05-07T01:34:16.586 INFO:teuthology.orchestra.run.smithi088.stdout:/usr/bin/ceph: stderr
2024-05-07T01:34:15.869+0000 7f1599e8e700 1 --2- 172.21.15.88:0/336123863 >> [v2:172.21.15.88:3300/0,v1:172.21.15.88:6789/0] conn(0x7f1594108950 0x7f159407d390 unknown :-1 s=CLOSED pgs=48 cs=0 l=1 rev1=1 crypto rx=0 tx=0 comp rx=0 tx=0).stop
2024-05-07T01:34:16.587 INFO:teuthology.orchestra.run.smithi088.stdout:/usr/bin/ceph: stderr
2024-05-07T01:34:15.869+0000 7f1599e8e700 1 -- 172.21.15.88:0/336123863 >> 172.21.15.88:0/336123863 conn(0x7f1594103f90 msgr2=0x7f1594104910 unknown :-1 s=STATE_NONE l=0).mark_down
2024-05-07T01:34:16.587 INFO:teuthology.orchestra.run.smithi088.stdout:/usr/bin/ceph: stderr
2024-05-07T01:34:15.869+0000 7f1599e8e700 1 -- 172.21.15.88:0/336123863 shutdown_connections
2024-05-07T01:34:16.587 INFO:teuthology.orchestra.run.smithi088.stdout:/usr/bin/ceph: stderr
2024-05-07T01:34:15.870+0000 7f1599e8e700 1 -- 172.21.15.88:0/336123863 wait complete.
2024-05-07T01:34:16.587 INFO:teuthology.orchestra.run.smithi088.stdout:Deploying unmanaged mgr service...
2024-05-07T01:34:17.170 INFO:journalctl@ceph.mon.a.smithi088.stdout:May 07 01:34:16 smithi088 ceph-mon[30160]: from='client.14142 -' entity='client.admin' cmd=[{"prefix": "orch apply", "service_type": "mon", "unmanaged": true, "target": ["mon-mgr", ""]}]: dispatch
2024-05-07T01:34:17.171 INFO:journalctl@ceph.mon.a.smithi088.stdout:May 07 01:34:16 smithi088 ceph-mon[30160]: Saving service mon spec with placement count:5
2024-05-07T01:34:17.171 INFO:journalctl@ceph.mon.a.smithi088.stdout:May 07 01:34:16 smithi088 ceph-mon[30160]: from='mgr.14120 172.21.15.88:0/537183104' entity='mgr.x'
2024-05-07T01:34:18.376 INFO:teuthology.orchestra.run.smithi088.stdout:/usr/bin/ceph: stdout Scheduled mgr update...
2024-05-07T01:34:18.377 INFO:teuthology.orchestra.run.smithi088.stdout:/usr/bin/ceph: stderr
2024-05-07T01:34:17.207+0000 7fb4d2b2c700 1 Processor -- start
2024-05-07T01:34:18.377 INFO:teuthology.orchestra.run.smithi088.stdout:/usr/bin/ceph: stderr
2024-05-07T01:34:17.207+0000 7fb4d2b2c700 1 -- start start
2024-05-07T01:34:18.377 INFO:teuthology.orchestra.run.smithi088.stdout:/usr/bin/ceph: stderr
2024-05-07T01:34:17.207+0000 7fb4d2b2c700 1 --2- >> [v2:172.21.15.88:3300/0,v1:172.21.15.88:6789/0] conn(0x7fb4cc07d510 0x7fb4cc10e9a0 unknown :-1 s=NONE pgs=0 cs=0 l=0 rev1=0 crypto rx=0 tx=0 comp rx=0 tx=0).connect
2024-05-07T01:34:18.377 INFO:teuthology.orchestra.run.smithi088.stdout:/usr/bin/ceph: stderr
2024-05-07T01:34:17.207+0000 7fb4d2b2c700 1 -- --> [v2:172.21.15.88:3300/0,v1:172.21.15.88:6789/0] -- mon_getmap magic: 0 -- 0x7fb4cc10eee0 con 0x7fb4cc07d510
2024-05-07T01:34:18.377 INFO:teuthology.orchestra.run.smithi088.stdout:/usr/bin/ceph: stderr
2024-05-07T01:34:17.207+0000 7fb4d08c8700 1 --2- >> [v2:172.21.15.88:3300/0,v1:172.21.15.88:6789/0] conn(0x7fb4cc07d510 0x7fb4cc10e9a0 unknown :-1 s=BANNER_CONNECTING pgs=0 cs=0 l=0 rev1=0 crypto rx=0 tx=0 comp rx=0 tx=0)._handle_peer_banner_payload supported=3 required=0
2024-05-07T01:34:18.377 INFO:teuthology.orchestra.run.smithi088.stdout:/usr/bin/ceph: stderr
2024-05-07T01:34:17.208+0000 7fb4d08c8700 1 --2- >> [v2:172.21.15.88:3300/0,v1:172.21.15.88:6789/0] conn(0x7fb4cc07d510 0x7fb4cc10e9a0 unknown :-1 s=HELLO_CONNECTING pgs=0 cs=0 l=0 rev1=1 crypto rx=0 tx=0 comp rx=0 tx=0).handle_hello peer v2:172.21.15.88:3300/0 says I am v2:172.21.15.88:55196/0 (socket says 172.21.15.88:55196)
2024-05-07T01:34:18.377 INFO:teuthology.orchestra.run.smithi088.stdout:/usr/bin/ceph: stderr
2024-05-07T01:34:17.208+0000 7fb4d08c8700 1 -- 172.21.15.88:0/3038851732 learned_addr learned my addr 172.21.15.88:0/3038851732 (peer_addr_for_me v2:172.21.15.88:0/0)
2024-05-07T01:34:18.377 INFO:teuthology.orchestra.run.smithi088.stdout:/usr/bin/ceph: stderr
2024-05-07T01:34:17.208+0000 7fb4d08c8700 1 -- 172.21.15.88:0/3038851732 --> [v2:172.21.15.88:3300/0,v1:172.21.15.88:6789/0] -- mon_subscribe({config=0+,monmap=0+}) -- 0x7fb4cc10f060 con 0x7fb4cc07d510
2024-05-07T01:34:18.377 INFO:teuthology.orchestra.run.smithi088.stdout:/usr/bin/ceph: stderr
2024-05-07T01:34:17.208+0000 7fb4d08c8700 1 --2- 172.21.15.88:0/3038851732 >> [v2:172.21.15.88:3300/0,v1:172.21.15.88:6789/0] conn(0x7fb4cc07d510 0x7fb4cc10e9a0 secure :-1 s=READY pgs=49 cs=0 l=1 rev1=1 crypto rx=0x7fb4c8009e80 tx=0x7fb4c800b330 comp rx=0 tx=0).ready entity=mon.0 client_cookie=5b07cb004d23539e server_cookie=0 in_seq=0 out_seq=0
2024-05-07T01:34:18.377 INFO:teuthology.orchestra.run.smithi088.stdout:/usr/bin/ceph: stderr
2024-05-07T01:34:17.208+0000 7fb4c37fe700 1 -- 172.21.15.88:0/3038851732 <== mon.0 v2:172.21.15.88:3300/0 1 ==== mon_map magic: 0 ==== 205+0+0 (secure 0 0 0) 0x7fb4c8017070 con 0x7fb4cc07d510
2024-05-07T01:34:18.378 INFO:teuthology.orchestra.run.smithi088.stdout:/usr/bin/ceph: stderr
2024-05-07T01:34:17.208+0000 7fb4c37fe700 1 -- 172.21.15.88:0/3038851732 <== mon.0 v2:172.21.15.88:3300/0 2 ==== config(25 keys) ==== 1032+0+0 (secure 0 0 0) 0x7fb4c800b8c0 con 0x7fb4cc07d510
2024-05-07T01:34:18.378 INFO:teuthology.orchestra.run.smithi088.stdout:/usr/bin/ceph: stderr
2024-05-07T01:34:17.208+0000 7fb4c37fe700 1 -- 172.21.15.88:0/3038851732 <== mon.0 v2:172.21.15.88:3300/0 3 ==== mon_map magic: 0 ==== 205+0+0 (secure 0 0 0) 0x7fb4c8004420 con 0x7fb4cc07d510
2024-05-07T01:34:18.378 INFO:teuthology.orchestra.run.smithi088.stdout:/usr/bin/ceph: stderr
2024-05-07T01:34:17.209+0000 7fb4d2b2c700 1 -- 172.21.15.88:0/3038851732 >> [v2:172.21.15.88:3300/0,v1:172.21.15.88:6789/0] conn(0x7fb4cc07d510 msgr2=0x7fb4cc10e9a0 secure :-1 s=STATE_CONNECTION_ESTABLISHED l=1).mark_down
2024-05-07T01:34:18.378 INFO:teuthology.orchestra.run.smithi088.stdout:/usr/bin/ceph: stderr
2024-05-07T01:34:17.209+0000 7fb4d2b2c700 1 --2- 172.21.15.88:0/3038851732 >> [v2:172.21.15.88:3300/0,v1:172.21.15.88:6789/0] conn(0x7fb4cc07d510 0x7fb4cc10e9a0 secure :-1 s=READY pgs=49 cs=0 l=1 rev1=1 crypto rx=0x7fb4c8009e80 tx=0x7fb4c800b330 comp rx=0 tx=0).stop
2024-05-07T01:34:18.378 INFO:teuthology.orchestra.run.smithi088.stdout:/usr/bin/ceph: stderr
2024-05-07T01:34:17.209+0000 7fb4d2b2c700 1 -- 172.21.15.88:0/3038851732 shutdown_connections
2024-05-07T01:34:18.379 INFO:teuthology.orchestra.run.smithi088.stdout:/usr/bin/ceph: stderr
2024-05-07T01:34:17.209+0000 7fb4d2b2c700 1 --2- 172.21.15.88:0/3038851732 >> [v2:172.21.15.88:3300/0,v1:172.21.15.88:6789/0] conn(0x7fb4cc07d510 0x7fb4cc10e9a0 unknown :-1 s=CLOSED pgs=49 cs=0 l=1 rev1=1 crypto rx=0 tx=0 comp rx=0 tx=0).stop
2024-05-07T01:34:18.379 INFO:teuthology.orchestra.run.smithi088.stdout:/usr/bin/ceph: stderr
2024-05-07T01:34:17.209+0000 7fb4d2b2c700 1 -- 172.21.15.88:0/3038851732 >> 172.21.15.88:0/3038851732 conn(0x7fb4cc103ff0 msgr2=0x7fb4cc106440 unknown :-1 s=STATE_NONE l=0).mark_down
2024-05-07T01:34:18.379 INFO:teuthology.orchestra.run.smithi088.stdout:/usr/bin/ceph: stderr
2024-05-07T01:34:17.209+0000 7fb4d2b2c700 1 -- 172.21.15.88:0/3038851732 shutdown_connections
2024-05-07T01:34:18.379 INFO:teuthology.orchestra.run.smithi088.stdout:/usr/bin/ceph: stderr
2024-05-07T01:34:17.209+0000 7fb4d2b2c700 1 -- 172.21.15.88:0/3038851732 wait complete.
2024-05-07T01:34:18.379 INFO:teuthology.orchestra.run.smithi088.stdout:/usr/bin/ceph: stderr
2024-05-07T01:34:17.210+0000 7fb4d2b2c700 1 Processor -- start
2024-05-07T01:34:18.379 INFO:teuthology.orchestra.run.smithi088.stdout:/usr/bin/ceph: stderr
2024-05-07T01:34:17.210+0000 7fb4d2b2c700 1 -- start start
2024-05-07T01:34:18.379 INFO:teuthology.orchestra.run.smithi088.stdout:/usr/bin/ceph: stderr
2024-05-07T01:34:17.210+0000 7fb4d2b2c700 1 --2- >> [v2:172.21.15.88:3300/0,v1:172.21.15.88:6789/0] conn(0x7fb4cc07d510 0x7fb4cc19ff10 unknown :-1 s=NONE pgs=0 cs=0 l=1 rev1=0 crypto rx=0 tx=0 comp rx=0 tx=0).connect
2024-05-07T01:34:18.379 INFO:teuthology.orchestra.run.smithi088.stdout:/usr/bin/ceph: stderr
2024-05-07T01:34:17.210+0000 7fb4d2b2c700 1 -- --> [v2:172.21.15.88:3300/0,v1:172.21.15.88:6789/0] -- mon_getmap magic: 0 -- 0x7fb4cc10ff10 con 0x7fb4cc07d510
2024-05-07T01:34:18.379 INFO:teuthology.orchestra.run.smithi088.stdout:/usr/bin/ceph: stderr
2024-05-07T01:34:17.210+0000 7fb4d08c8700 1 --2- >> [v2:172.21.15.88:3300/0,v1:172.21.15.88:6789/0] conn(0x7fb4cc07d510 0x7fb4cc19ff10 unknown :-1 s=BANNER_CONNECTING pgs=0 cs=0 l=1 rev1=0 crypto rx=0 tx=0 comp rx=0 tx=0)._handle_peer_banner_payload supported=3 required=0
2024-05-07T01:34:18.379 INFO:teuthology.orchestra.run.smithi088.stdout:/usr/bin/ceph: stderr
2024-05-07T01:34:17.210+0000 7fb4d08c8700 1 --2- >> [v2:172.21.15.88:3300/0,v1:172.21.15.88:6789/0] conn(0x7fb4cc07d510 0x7fb4cc19ff10 unknown :-1 s=HELLO_CONNECTING pgs=0 cs=0 l=1 rev1=1 crypto rx=0 tx=0 comp rx=0 tx=0).handle_hello peer v2:172.21.15.88:3300/0 says I am v2:172.21.15.88:55202/0 (socket says 172.21.15.88:55202)
2024-05-07T01:34:18.379 INFO:teuthology.orchestra.run.smithi088.stdout:/usr/bin/ceph: stderr
2024-05-07T01:34:17.210+0000 7fb4d08c8700 1 -- 172.21.15.88:0/34257069 learned_addr learned my addr 172.21.15.88:0/34257069 (peer_addr_for_me v2:172.21.15.88:0/0)
2024-05-07T01:34:18.379 INFO:teuthology.orchestra.run.smithi088.stdout:/usr/bin/ceph: stderr
2024-05-07T01:34:17.210+0000 7fb4d08c8700 1 -- 172.21.15.88:0/34257069 --> [v2:172.21.15.88:3300/0,v1:172.21.15.88:6789/0] -- mon_subscribe({config=0+,monmap=0+}) -- 0x7fb4cc1a0450 con 0x7fb4cc07d510
2024-05-07T01:34:18.380 INFO:teuthology.orchestra.run.smithi088.stdout:/usr/bin/ceph: stderr
2024-05-07T01:34:17.210+0000 7fb4d08c8700 1 --2- 172.21.15.88:0/34257069 >> [v2:172.21.15.88:3300/0,v1:172.21.15.88:6789/0] conn(0x7fb4cc07d510 0x7fb4cc19ff10 secure :-1 s=READY pgs=50 cs=0 l=1 rev1=1 crypto rx=0x7fb4c8009e50 tx=0x7fb4c800bd50 comp rx=0 tx=0).ready entity=mon.0 client_cookie=0 server_cookie=0 in_seq=0 out_seq=0
2024-05-07T01:34:18.380 INFO:teuthology.orchestra.run.smithi088.stdout:/usr/bin/ceph: stderr
2024-05-07T01:34:17.211+0000 7fb4c1ffb700 1 -- 172.21.15.88:0/34257069 <== mon.0 v2:172.21.15.88:3300/0 1 ==== mon_map magic: 0 ==== 205+0+0 (secure 0 0 0) 0x7fb4c8020020 con 0x7fb4cc07d510
2024-05-07T01:34:18.380 INFO:teuthology.orchestra.run.smithi088.stdout:/usr/bin/ceph: stderr
2024-05-07T01:34:17.211+0000 7fb4d2b2c700 1 -- 172.21.15.88:0/34257069 --> [v2:172.21.15.88:3300/0,v1:172.21.15.88:6789/0] -- mon_subscribe({mgrmap=0+}) -- 0x7fb4cc1a06e0 con 0x7fb4cc07d510
2024-05-07T01:34:18.380 INFO:teuthology.orchestra.run.smithi088.stdout:/usr/bin/ceph: stderr
2024-05-07T01:34:17.211+0000 7fb4c1ffb700 1 -- 172.21.15.88:0/34257069 <== mon.0 v2:172.21.15.88:3300/0 2 ==== config(25 keys) ==== 1032+0+0 (secure 0 0 0) 0x7fb4c8012430 con 0x7fb4cc07d510
2024-05-07T01:34:18.380 INFO:teuthology.orchestra.run.smithi088.stdout:/usr/bin/ceph: stderr
2024-05-07T01:34:17.211+0000 7fb4c1ffb700 1 -- 172.21.15.88:0/34257069 <== mon.0 v2:172.21.15.88:3300/0 3 ==== mon_map magic: 0 ==== 205+0+0 (secure 0 0 0) 0x7fb4c8017040 con 0x7fb4cc07d510
2024-05-07T01:34:18.380 INFO:teuthology.orchestra.run.smithi088.stdout:/usr/bin/ceph: stderr
2024-05-07T01:34:17.211+0000 7fb4d2b2c700 1 -- 172.21.15.88:0/34257069 --> [v2:172.21.15.88:3300/0,v1:172.21.15.88:6789/0] -- mon_subscribe({osdmap=0}) -- 0x7fb4cc1a32f0 con 0x7fb4cc07d510
2024-05-07T01:34:18.380 INFO:teuthology.orchestra.run.smithi088.stdout:/usr/bin/ceph: stderr
2024-05-07T01:34:17.212+0000 7fb4d2b2c700 1 -- 172.21.15.88:0/34257069 --> [v2:172.21.15.88:3300/0,v1:172.21.15.88:6789/0] -- mon_command({"prefix": "get_command_descriptions"} v 0) -- 0x7fb4cc064e20 con 0x7fb4cc07d510
2024-05-07T01:34:18.380 INFO:teuthology.orchestra.run.smithi088.stdout:/usr/bin/ceph: stderr
2024-05-07T01:34:17.212+0000 7fb4c1ffb700 1 -- 172.21.15.88:0/34257069 <== mon.0 v2:172.21.15.88:3300/0 4 ==== mgrmap(e 8) ==== 50222+0+0 (secure 0 0 0) 0x7fb4c8023020 con 0x7fb4cc07d510
2024-05-07T01:34:18.380 INFO:teuthology.orchestra.run.smithi088.stdout:/usr/bin/ceph: stderr
2024-05-07T01:34:17.212+0000 7fb4c1ffb700 1 --2- 172.21.15.88:0/34257069 >> [v2:172.21.15.88:6800/2821081918,v1:172.21.15.88:6801/2821081918] conn(0x7fb4b403e420 0x7fb4b4040930 unknown :-1 s=NONE pgs=0 cs=0 l=1 rev1=0 crypto rx=0 tx=0 comp rx=0 tx=0).connect
2024-05-07T01:34:18.380 INFO:teuthology.orchestra.run.smithi088.stdout:/usr/bin/ceph: stderr
2024-05-07T01:34:17.212+0000 7fb4c1ffb700 1 -- 172.21.15.88:0/34257069 <== mon.0 v2:172.21.15.88:3300/0 5 ==== osd_map(2..2 src has 1..2) ==== 940+0+0 (secure 0 0 0) 0x7fb4c800f050 con 0x7fb4cc07d510
2024-05-07T01:34:18.380 INFO:teuthology.orchestra.run.smithi088.stdout:/usr/bin/ceph: stderr
2024-05-07T01:34:17.212+0000 7fb4c3fff700 1 --2- 172.21.15.88:0/34257069 >> [v2:172.21.15.88:6800/2821081918,v1:172.21.15.88:6801/2821081918] conn(0x7fb4b403e420 0x7fb4b4040930 unknown :-1 s=BANNER_CONNECTING pgs=0 cs=0 l=1 rev1=0 crypto rx=0 tx=0 comp rx=0 tx=0)._handle_peer_banner_payload supported=3 required=0
2024-05-07T01:34:18.380 INFO:teuthology.orchestra.run.smithi088.stdout:/usr/bin/ceph: stderr
2024-05-07T01:34:17.213+0000 7fb4c3fff700 1 --2- 172.21.15.88:0/34257069 >> [v2:172.21.15.88:6800/2821081918,v1:172.21.15.88:6801/2821081918] conn(0x7fb4b403e420 0x7fb4b4040930 secure :-1 s=READY pgs=13 cs=0 l=1 rev1=1 crypto rx=0x7fb4bc006fd0 tx=0x7fb4bc006e40 comp rx=0 tx=0).ready entity=mgr.14120 client_cookie=0 server_cookie=0 in_seq=0 out_seq=0
2024-05-07T01:34:18.380 INFO:teuthology.orchestra.run.smithi088.stdout:/usr/bin/ceph: stderr
2024-05-07T01:34:17.217+0000 7fb4c1ffb700 1 -- 172.21.15.88:0/34257069 <== mon.0 v2:172.21.15.88:3300/0 6 ==== mon_command_ack([{"prefix": "get_command_descriptions"}]=0 v0) ==== 72+0+191963 (secure 0 0 0) 0x7fb4c802a020 con 0x7fb4cc07d510
2024-05-07T01:34:18.381 INFO:teuthology.orchestra.run.smithi088.stdout:/usr/bin/ceph: stderr
2024-05-07T01:34:17.437+0000 7fb4d2b2c700 1 -- 172.21.15.88:0/34257069 --> [v2:172.21.15.88:6800/2821081918,v1:172.21.15.88:6801/2821081918] -- mgr_command(tid 0: {"prefix": "orch apply", "service_type": "mgr", "unmanaged": true, "target": ["mon-mgr", ""]}) -- 0x7fb4cc1060c0 con 0x7fb4b403e420
2024-05-07T01:34:18.381 INFO:teuthology.orchestra.run.smithi088.stdout:/usr/bin/ceph: stderr
2024-05-07T01:34:17.441+0000 7fb4c1ffb700 1 -- 172.21.15.88:0/34257069 <== mgr.14120 v2:172.21.15.88:6800/2821081918 1 ==== mgr_command_reply(tid 0: 0 ) ==== 8+0+24 (secure 0 0 0) 0x7fb4cc1060c0 con 0x7fb4b403e420
2024-05-07T01:34:18.381 INFO:teuthology.orchestra.run.smithi088.stdout:/usr/bin/ceph: stderr
2024-05-07T01:34:17.444+0000 7fb4d2b2c700 1 -- 172.21.15.88:0/34257069 >> [v2:172.21.15.88:6800/2821081918,v1:172.21.15.88:6801/2821081918] conn(0x7fb4b403e420 msgr2=0x7fb4b4040930 secure :-1 s=STATE_CONNECTION_ESTABLISHED l=1).mark_down
2024-05-07T01:34:18.381 INFO:teuthology.orchestra.run.smithi088.stdout:/usr/bin/ceph: stderr
2024-05-07T01:34:17.444+0000 7fb4d2b2c700 1 --2- 172.21.15.88:0/34257069 >> [v2:172.21.15.88:6800/2821081918,v1:172.21.15.88:6801/2821081918] conn(0x7fb4b403e420 0x7fb4b4040930 secure :-1 s=READY pgs=13 cs=0 l=1 rev1=1 crypto rx=0x7fb4bc006fd0 tx=0x7fb4bc006e40 comp rx=0 tx=0).stop
2024-05-07T01:34:18.381 INFO:teuthology.orchestra.run.smithi088.stdout:/usr/bin/ceph: stderr
2024-05-07T01:34:17.444+0000 7fb4d2b2c700 1 -- 172.21.15.88:0/34257069 >> [v2:172.21.15.88:3300/0,v1:172.21.15.88:6789/0] conn(0x7fb4cc07d510 msgr2=0x7fb4cc19ff10 secure :-1 s=STATE_CONNECTION_ESTABLISHED l=1).mark_down
2024-05-07T01:34:18.381 INFO:teuthology.orchestra.run.smithi088.stdout:/usr/bin/ceph: stderr
2024-05-07T01:34:17.444+0000 7fb4d2b2c700 1 --2- 172.21.15.88:0/34257069 >> [v2:172.21.15.88:3300/0,v1:172.21.15.88:6789/0] conn(0x7fb4cc07d510 0x7fb4cc19ff10 secure :-1 s=READY pgs=50 cs=0 l=1 rev1=1 crypto rx=0x7fb4c8009e50 tx=0x7fb4c800bd50 comp rx=0 tx=0).stop
2024-05-07T01:34:18.381 INFO:teuthology.orchestra.run.smithi088.stdout:/usr/bin/ceph: stderr
2024-05-07T01:34:17.444+0000 7fb4d2b2c700 1 -- 172.21.15.88:0/34257069 shutdown_connections
2024-05-07T01:34:18.381 INFO:teuthology.orchestra.run.smithi088.stdout:/usr/bin/ceph: stderr
2024-05-07T01:34:17.444+0000 7fb4d2b2c700 1 --2- 172.21.15.88:0/34257069 >> [v2:172.21.15.88:6800/2821081918,v1:172.21.15.88:6801/2821081918] conn(0x7fb4b403e420 0x7fb4b4040930 unknown :-1 s=CLOSED pgs=13 cs=0 l=1 rev1=1 crypto rx=0 tx=0 comp rx=0 tx=0).stop
2024-05-07T01:34:18.381 INFO:teuthology.orchestra.run.smithi088.stdout:/usr/bin/ceph: stderr
2024-05-07T01:34:17.444+0000 7fb4d2b2c700 1 --2- 172.21.15.88:0/34257069 >> [v2:172.21.15.88:3300/0,v1:172.21.15.88:6789/0] conn(0x7fb4cc07d510 0x7fb4cc19ff10 unknown :-1 s=CLOSED pgs=50 cs=0 l=1 rev1=1 crypto rx=0 tx=0 comp rx=0 tx=0).stop
2024-05-07T01:34:18.381 INFO:teuthology.orchestra.run.smithi088.stdout:/usr/bin/ceph: stderr
2024-05-07T01:34:17.444+0000 7fb4d2b2c700 1 -- 172.21.15.88:0/34257069 >> 172.21.15.88:0/34257069 conn(0x7fb4cc103ff0 msgr2=0x7fb4cc105990 unknown :-1 s=STATE_NONE l=0).mark_down
2024-05-07T01:34:18.381 INFO:teuthology.orchestra.run.smithi088.stdout:/usr/bin/ceph: stderr
2024-05-07T01:34:17.444+0000 7fb4d2b2c700 1 -- 172.21.15.88:0/34257069 shutdown_connections
2024-05-07T01:34:18.381 INFO:teuthology.orchestra.run.smithi088.stdout:/usr/bin/ceph: stderr
2024-05-07T01:34:17.444+0000 7fb4d2b2c700 1 -- 172.21.15.88:0/34257069 wait complete.
2024-05-07T01:34:18.650 INFO:journalctl@ceph.mon.a.smithi088.stdout:May 07 01:34:18 smithi088 ceph-mon[30160]: from='client.14144 -' entity='client.admin' cmd=[{"prefix": "orch apply", "service_type": "mgr", "unmanaged": true, "target": ["mon-mgr", ""]}]: dispatch
2024-05-07T01:34:18.650 INFO:journalctl@ceph.mon.a.smithi088.stdout:May 07 01:34:18 smithi088 ceph-mon[30160]: Saving service mgr spec with placement count:2
2024-05-07T01:34:18.650 INFO:journalctl@ceph.mon.a.smithi088.stdout:May 07 01:34:18 smithi088 ceph-mon[30160]: from='mgr.14120 172.21.15.88:0/537183104' entity='mgr.x'
2024-05-07T01:34:18.650 INFO:journalctl@ceph.mon.a.smithi088.stdout:May 07 01:34:18 smithi088 ceph-mon[30160]: from='mgr.14120 172.21.15.88:0/537183104' entity='mgr.x'
2024-05-07T01:34:19.842 INFO:journalctl@ceph.mon.a.smithi088.stdout:May 07 01:34:19 smithi088 ceph-mon[30160]: from='mgr.14120 172.21.15.88:0/537183104' entity='mgr.x'
2024-05-07T01:34:19.843 INFO:journalctl@ceph.mon.a.smithi088.stdout:May 07 01:34:19 smithi088 ceph-mon[30160]: from='client.? 172.21.15.88:0/300430017' entity='client.admin'
2024-05-07T01:34:19.885 INFO:teuthology.orchestra.run.smithi088.stdout:/usr/bin/ceph: stderr
2024-05-07T01:34:18.898+0000 7fd004506700 1 Processor -- start
2024-05-07T01:34:19.885 INFO:teuthology.orchestra.run.smithi088.stdout:/usr/bin/ceph: stderr
2024-05-07T01:34:18.898+0000 7fd004506700 1 -- start start
2024-05-07T01:34:19.885 INFO:teuthology.orchestra.run.smithi088.stdout:/usr/bin/ceph: stderr
2024-05-07T01:34:18.898+0000 7fd004506700 1 --2- >> [v2:172.21.15.88:3300/0,v1:172.21.15.88:6789/0] conn(0x7fcffc10a560 0x7fcffc10c980 unknown :-1 s=NONE pgs=0 cs=0 l=0 rev1=0 crypto rx=0 tx=0 comp rx=0 tx=0).connect
2024-05-07T01:34:19.885 INFO:teuthology.orchestra.run.smithi088.stdout:/usr/bin/ceph: stderr
2024-05-07T01:34:18.898+0000 7fd004506700 1 -- --> [v2:172.21.15.88:3300/0,v1:172.21.15.88:6789/0] -- mon_getmap magic: 0 -- 0x7fcffc07ce90 con 0x7fcffc10a560
2024-05-07T01:34:19.885 INFO:teuthology.orchestra.run.smithi088.stdout:/usr/bin/ceph: stderr
2024-05-07T01:34:18.899+0000 7fd0022a2700 1 --2- >> [v2:172.21.15.88:3300/0,v1:172.21.15.88:6789/0] conn(0x7fcffc10a560 0x7fcffc10c980 unknown :-1 s=BANNER_CONNECTING pgs=0 cs=0 l=0 rev1=0 crypto rx=0 tx=0 comp rx=0 tx=0)._handle_peer_banner_payload supported=3 required=0
2024-05-07T01:34:19.886 INFO:teuthology.orchestra.run.smithi088.stdout:/usr/bin/ceph: stderr
2024-05-07T01:34:18.899+0000 7fd0022a2700 1 --2- >> [v2:172.21.15.88:3300/0,v1:172.21.15.88:6789/0] conn(0x7fcffc10a560 0x7fcffc10c980 unknown :-1 s=HELLO_CONNECTING pgs=0 cs=0 l=0 rev1=1 crypto rx=0 tx=0 comp rx=0 tx=0).handle_hello peer v2:172.21.15.88:3300/0 says I am v2:172.21.15.88:55206/0 (socket says 172.21.15.88:55206)
2024-05-07T01:34:19.886 INFO:teuthology.orchestra.run.smithi088.stdout:/usr/bin/ceph: stderr
2024-05-07T01:34:18.899+0000 7fd0022a2700 1 -- 172.21.15.88:0/1040477160 learned_addr learned my addr 172.21.15.88:0/1040477160 (peer_addr_for_me v2:172.21.15.88:0/0)
2024-05-07T01:34:19.886 INFO:teuthology.orchestra.run.smithi088.stdout:/usr/bin/ceph: stderr
2024-05-07T01:34:18.899+0000 7fd0022a2700 1 -- 172.21.15.88:0/1040477160 --> [v2:172.21.15.88:3300/0,v1:172.21.15.88:6789/0] -- mon_subscribe({config=0+,monmap=0+}) -- 0x7fcffc10cec0 con 0x7fcffc10a560
2024-05-07T01:34:19.886 INFO:teuthology.orchestra.run.smithi088.stdout:/usr/bin/ceph: stderr
2024-05-07T01:34:18.899+0000 7fd0022a2700 1 --2- 172.21.15.88:0/1040477160 >> [v2:172.21.15.88:3300/0,v1:172.21.15.88:6789/0] conn(0x7fcffc10a560 0x7fcffc10c980 secure :-1 s=READY pgs=51 cs=0 l=1 rev1=1 crypto rx=0x7fcff80098a0 tx=0x7fcff8009bb0 comp rx=0 tx=0).ready entity=mon.0 client_cookie=75242286da1ed06d server_cookie=0 in_seq=0 out_seq=0
2024-05-07T01:34:19.886 INFO:teuthology.orchestra.run.smithi088.stdout:/usr/bin/ceph: stderr
2024-05-07T01:34:18.899+0000 7fd0012a0700 1 -- 172.21.15.88:0/1040477160 <== mon.0 v2:172.21.15.88:3300/0 1 ==== mon_map magic: 0 ==== 205+0+0 (secure 0 0 0) 0x7fcff8004160 con 0x7fcffc10a560
2024-05-07T01:34:19.886 INFO:teuthology.orchestra.run.smithi088.stdout:/usr/bin/ceph: stderr
2024-05-07T01:34:18.899+0000 7fd0012a0700 1 -- 172.21.15.88:0/1040477160 <== mon.0 v2:172.21.15.88:3300/0 2 ==== config(25 keys) ==== 1063+0+0 (secure 0 0 0) 0x7fcff8004300 con 0x7fcffc10a560
2024-05-07T01:34:19.886 INFO:teuthology.orchestra.run.smithi088.stdout:/usr/bin/ceph: stderr
2024-05-07T01:34:18.899+0000 7fd0012a0700 1 -- 172.21.15.88:0/1040477160 <== mon.0 v2:172.21.15.88:3300/0 3 ==== mon_map magic: 0 ==== 205+0+0 (secure 0 0 0) 0x7fcff8011960 con 0x7fcffc10a560
2024-05-07T01:34:19.886 INFO:teuthology.orchestra.run.smithi088.stdout:/usr/bin/ceph: stderr
2024-05-07T01:34:18.900+0000 7fd004506700 1 -- 172.21.15.88:0/1040477160 >> [v2:172.21.15.88:3300/0,v1:172.21.15.88:6789/0] conn(0x7fcffc10a560 msgr2=0x7fcffc10c980 secure :-1 s=STATE_CONNECTION_ESTABLISHED l=1).mark_down
2024-05-07T01:34:19.886 INFO:teuthology.orchestra.run.smithi088.stdout:/usr/bin/ceph: stderr
2024-05-07T01:34:18.900+0000 7fd004506700 1 --2- 172.21.15.88:0/1040477160 >> [v2:172.21.15.88:3300/0,v1:172.21.15.88:6789/0] conn(0x7fcffc10a560 0x7fcffc10c980 secure :-1 s=READY pgs=51 cs=0 l=1 rev1=1 crypto rx=0x7fcff80098a0 tx=0x7fcff8009bb0 comp rx=0 tx=0).stop
2024-05-07T01:34:19.886 INFO:teuthology.orchestra.run.smithi088.stdout:/usr/bin/ceph: stderr
2024-05-07T01:34:18.900+0000 7fd004506700 1 -- 172.21.15.88:0/1040477160 shutdown_connections
2024-05-07T01:34:19.886 INFO:teuthology.orchestra.run.smithi088.stdout:/usr/bin/ceph: stderr
2024-05-07T01:34:18.900+0000 7fd004506700 1 --2- 172.21.15.88:0/1040477160 >> [v2:172.21.15.88:3300/0,v1:172.21.15.88:6789/0] conn(0x7fcffc10a560 0x7fcffc10c980 unknown :-1 s=CLOSED pgs=51 cs=0 l=1 rev1=1 crypto rx=0 tx=0 comp rx=0 tx=0).stop
2024-05-07T01:34:19.886 INFO:teuthology.orchestra.run.smithi088.stdout:/usr/bin/ceph: stderr
2024-05-07T01:34:18.900+0000 7fd004506700 1 -- 172.21.15.88:0/1040477160 >> 172.21.15.88:0/1040477160 conn(0x7fcffc104000 msgr2=0x7fcffc106450 unknown :-1 s=STATE_NONE l=0).mark_down
2024-05-07T01:34:19.886 INFO:teuthology.orchestra.run.smithi088.stdout:/usr/bin/ceph: stderr
2024-05-07T01:34:18.900+0000 7fd004506700 1 -- 172.21.15.88:0/1040477160 shutdown_connections
2024-05-07T01:34:19.886 INFO:teuthology.orchestra.run.smithi088.stdout:/usr/bin/ceph: stderr
2024-05-07T01:34:18.900+0000 7fd004506700 1 -- 172.21.15.88:0/1040477160 wait complete.
2024-05-07T01:34:19.887 INFO:teuthology.orchestra.run.smithi088.stdout:/usr/bin/ceph: stderr
2024-05-07T01:34:18.901+0000 7fd004506700 1 Processor -- start
2024-05-07T01:34:19.887 INFO:teuthology.orchestra.run.smithi088.stdout:/usr/bin/ceph: stderr
2024-05-07T01:34:18.901+0000 7fd004506700 1 -- start start
2024-05-07T01:34:19.887 INFO:teuthology.orchestra.run.smithi088.stdout:/usr/bin/ceph: stderr
2024-05-07T01:34:18.901+0000 7fd004506700 1 --2- >> [v2:172.21.15.88:3300/0,v1:172.21.15.88:6789/0] conn(0x7fcffc10a560 0x7fcffc19ddd0 unknown :-1 s=NONE pgs=0 cs=0 l=1 rev1=0 crypto rx=0 tx=0 comp rx=0 tx=0).connect
2024-05-07T01:34:19.887 INFO:teuthology.orchestra.run.smithi088.stdout:/usr/bin/ceph: stderr
2024-05-07T01:34:18.901+0000 7fd004506700 1 -- --> [v2:172.21.15.88:3300/0,v1:172.21.15.88:6789/0] -- mon_getmap magic: 0 -- 0x7fcffc10de60 con 0x7fcffc10a560
2024-05-07T01:34:19.887 INFO:teuthology.orchestra.run.smithi088.stdout:/usr/bin/ceph: stderr
2024-05-07T01:34:18.902+0000 7fd0022a2700 1 --2- >> [v2:172.21.15.88:3300/0,v1:172.21.15.88:6789/0] conn(0x7fcffc10a560 0x7fcffc19ddd0 unknown :-1 s=BANNER_CONNECTING pgs=0 cs=0 l=1 rev1=0 crypto rx=0 tx=0 comp rx=0 tx=0)._handle_peer_banner_payload supported=3 required=0
2024-05-07T01:34:19.887 INFO:teuthology.orchestra.run.smithi088.stdout:/usr/bin/ceph: stderr
2024-05-07T01:34:18.902+0000 7fd0022a2700 1 --2- >> [v2:172.21.15.88:3300/0,v1:172.21.15.88:6789/0] conn(0x7fcffc10a560 0x7fcffc19ddd0 unknown :-1 s=HELLO_CONNECTING pgs=0 cs=0 l=1 rev1=1 crypto rx=0 tx=0 comp rx=0 tx=0).handle_hello peer v2:172.21.15.88:3300/0 says I am v2:172.21.15.88:55218/0 (socket says 172.21.15.88:55218)
2024-05-07T01:34:19.887 INFO:teuthology.orchestra.run.smithi088.stdout:/usr/bin/ceph: stderr
2024-05-07T01:34:18.902+0000 7fd0022a2700 1 -- 172.21.15.88:0/300430017 learned_addr learned my addr 172.21.15.88:0/300430017 (peer_addr_for_me v2:172.21.15.88:0/0)
2024-05-07T01:34:19.887 INFO:teuthology.orchestra.run.smithi088.stdout:/usr/bin/ceph: stderr
2024-05-07T01:34:18.902+0000 7fd0022a2700 1 -- 172.21.15.88:0/300430017 --> [v2:172.21.15.88:3300/0,v1:172.21.15.88:6789/0] -- mon_subscribe({config=0+,monmap=0+}) -- 0x7fcffc19e310 con 0x7fcffc10a560
2024-05-07T01:34:19.887 INFO:teuthology.orchestra.run.smithi088.stdout:/usr/bin/ceph: stderr
2024-05-07T01:34:18.902+0000 7fd0022a2700 1 --2- 172.21.15.88:0/300430017 >> [v2:172.21.15.88:3300/0,v1:172.21.15.88:6789/0] conn(0x7fcffc10a560 0x7fcffc19ddd0 secure :-1 s=READY pgs=52 cs=0 l=1 rev1=1 crypto rx=0x7fcff8011670 tx=0x7fcff8011a30 comp rx=0 tx=0).ready entity=mon.0 client_cookie=0 server_cookie=0 in_seq=0 out_seq=0
2024-05-07T01:34:19.887 INFO:teuthology.orchestra.run.smithi088.stdout:/usr/bin/ceph: stderr
2024-05-07T01:34:18.902+0000 7fcfef7fe700 1 -- 172.21.15.88:0/300430017 <== mon.0 v2:172.21.15.88:3300/0 1 ==== mon_map magic: 0 ==== 205+0+0 (secure 0 0 0) 0x7fcff8003aa0 con 0x7fcffc10a560
2024-05-07T01:34:19.887 INFO:teuthology.orchestra.run.smithi088.stdout:/usr/bin/ceph: stderr
2024-05-07T01:34:18.902+0000 7fd004506700 1 -- 172.21.15.88:0/300430017 --> [v2:172.21.15.88:3300/0,v1:172.21.15.88:6789/0] -- mon_subscribe({mgrmap=0+}) -- 0x7fcffc19e5a0 con 0x7fcffc10a560
2024-05-07T01:34:19.887 INFO:teuthology.orchestra.run.smithi088.stdout:/usr/bin/ceph: stderr
2024-05-07T01:34:18.902+0000 7fcfef7fe700 1 -- 172.21.15.88:0/300430017 <== mon.0 v2:172.21.15.88:3300/0 2 ==== config(25 keys) ==== 1063+0+0 (secure 0 0 0) 0x7fcff801b8d0 con 0x7fcffc10a560
2024-05-07T01:34:19.887 INFO:teuthology.orchestra.run.smithi088.stdout:/usr/bin/ceph: stderr
2024-05-07T01:34:18.902+0000 7fcfef7fe700 1 -- 172.21.15.88:0/300430017 <== mon.0 v2:172.21.15.88:3300/0 3 ==== mon_map magic: 0 ==== 205+0+0 (secure 0 0 0) 0x7fcff80197f0 con 0x7fcffc10a560
2024-05-07T01:34:19.887 INFO:teuthology.orchestra.run.smithi088.stdout:/usr/bin/ceph: stderr
2024-05-07T01:34:18.902+0000 7fd004506700 1 -- 172.21.15.88:0/300430017 --> [v2:172.21.15.88:3300/0,v1:172.21.15.88:6789/0] -- mon_subscribe({osdmap=0}) -- 0x7fcffc1a1170 con 0x7fcffc10a560
2024-05-07T01:34:19.887 INFO:teuthology.orchestra.run.smithi088.stdout:/usr/bin/ceph: stderr
2024-05-07T01:34:18.904+0000 7fd004506700 1 -- 172.21.15.88:0/300430017 --> [v2:172.21.15.88:3300/0,v1:172.21.15.88:6789/0] -- mon_command({"prefix": "get_command_descriptions"} v 0) -- 0x7fcffc064e20 con 0x7fcffc10a560
2024-05-07T01:34:19.888 INFO:teuthology.orchestra.run.smithi088.stdout:/usr/bin/ceph: stderr
2024-05-07T01:34:18.904+0000 7fcfef7fe700 1 -- 172.21.15.88:0/300430017 <== mon.0 v2:172.21.15.88:3300/0 4 ==== mgrmap(e 8) ==== 50222+0+0 (secure 0 0 0) 0x7fcff801b440 con 0x7fcffc10a560
2024-05-07T01:34:19.888 INFO:teuthology.orchestra.run.smithi088.stdout:/usr/bin/ceph: stderr
2024-05-07T01:34:18.904+0000 7fcfef7fe700 1 --2- 172.21.15.88:0/300430017 >> [v2:172.21.15.88:6800/2821081918,v1:172.21.15.88:6801/2821081918] conn(0x7fcfe803e470 0x7fcfe8040980 unknown :-1 s=NONE pgs=0 cs=0 l=1 rev1=0 crypto rx=0 tx=0 comp rx=0 tx=0).connect
2024-05-07T01:34:19.888 INFO:teuthology.orchestra.run.smithi088.stdout:/usr/bin/ceph: stderr
2024-05-07T01:34:18.904+0000 7fcfef7fe700 1 -- 172.21.15.88:0/300430017 <== mon.0 v2:172.21.15.88:3300/0 5 ==== osd_map(2..2 src has 1..2) ==== 940+0+0 (secure 0 0 0) 0x7fcff8053e70 con 0x7fcffc10a560
2024-05-07T01:34:19.888 INFO:teuthology.orchestra.run.smithi088.stdout:/usr/bin/ceph: stderr
2024-05-07T01:34:18.905+0000 7fd001aa1700 1 --2- 172.21.15.88:0/300430017 >> [v2:172.21.15.88:6800/2821081918,v1:172.21.15.88:6801/2821081918] conn(0x7fcfe803e470 0x7fcfe8040980 unknown :-1 s=BANNER_CONNECTING pgs=0 cs=0 l=1 rev1=0 crypto rx=0 tx=0 comp rx=0 tx=0)._handle_peer_banner_payload supported=3 required=0
2024-05-07T01:34:19.888 INFO:teuthology.orchestra.run.smithi088.stdout:/usr/bin/ceph: stderr
2024-05-07T01:34:18.905+0000 7fd001aa1700 1 --2- 172.21.15.88:0/300430017 >> [v2:172.21.15.88:6800/2821081918,v1:172.21.15.88:6801/2821081918] conn(0x7fcfe803e470 0x7fcfe8040980 secure :-1 s=READY pgs=14 cs=0 l=1 rev1=1 crypto rx=0x7fcff0006fd0 tx=0x7fcff0006e40 comp rx=0 tx=0).ready entity=mgr.14120 client_cookie=0 server_cookie=0 in_seq=0 out_seq=0
2024-05-07T01:34:19.888 INFO:teuthology.orchestra.run.smithi088.stdout:/usr/bin/ceph: stderr
2024-05-07T01:34:18.910+0000 7fcfef7fe700 1 -- 172.21.15.88:0/300430017 <== mon.0 v2:172.21.15.88:3300/0 6 ==== mon_command_ack([{"prefix": "get_command_descriptions"}]=0 v0) ==== 72+0+191963 (secure 0 0 0) 0x7fcff801f030 con 0x7fcffc10a560
2024-05-07T01:34:19.888 INFO:teuthology.orchestra.run.smithi088.stdout:/usr/bin/ceph: stderr
2024-05-07T01:34:19.167+0000 7fd004506700 1 -- 172.21.15.88:0/300430017 --> [v2:172.21.15.88:3300/0,v1:172.21.15.88:6789/0] -- mon_command([{prefix=config set, name=mgr/cephadm/container_init}] v 0) -- 0x7fcffc1a1730 con 0x7fcffc10a560
2024-05-07T01:34:19.888 INFO:teuthology.orchestra.run.smithi088.stdout:/usr/bin/ceph: stderr
2024-05-07T01:34:19.170+0000 7fcfef7fe700 1 -- 172.21.15.88:0/300430017 <== mon.0 v2:172.21.15.88:3300/0 7 ==== mon_command_ack([{prefix=config set, name=mgr/cephadm/container_init}]=0 v7)=0 v7) ==== 142+0+0 (secure 0 0 0) 0x7fcff800f2e0 con 0x7fcffc10a560
2024-05-07T01:34:19.888 INFO:teuthology.orchestra.run.smithi088.stdout:/usr/bin/ceph: stderr
2024-05-07T01:34:19.172+0000 7fd004506700 1 -- 172.21.15.88:0/300430017 >> [v2:172.21.15.88:6800/2821081918,v1:172.21.15.88:6801/2821081918] conn(0x7fcfe803e470 msgr2=0x7fcfe8040980 secure :-1 s=STATE_CONNECTION_ESTABLISHED l=1).mark_down
2024-05-07T01:34:19.888 INFO:teuthology.orchestra.run.smithi088.stdout:/usr/bin/ceph: stderr
2024-05-07T01:34:19.172+0000 7fd004506700 1 --2- 172.21.15.88:0/300430017 >> [v2:172.21.15.88:6800/2821081918,v1:172.21.15.88:6801/2821081918] conn(0x7fcfe803e470 0x7fcfe8040980 secure :-1 s=READY pgs=14 cs=0 l=1 rev1=1 crypto rx=0x7fcff0006fd0 tx=0x7fcff0006e40 comp rx=0 tx=0).stop
2024-05-07T01:34:19.888 INFO:teuthology.orchestra.run.smithi088.stdout:/usr/bin/ceph: stderr
2024-05-07T01:34:19.172+0000 7fd004506700 1 -- 172.21.15.88:0/300430017 >> [v2:172.21.15.88:3300/0,v1:172.21.15.88:6789/0] conn(0x7fcffc10a560 msgr2=0x7fcffc19ddd0 secure :-1 s=STATE_CONNECTION_ESTABLISHED l=1).mark_down
2024-05-07T01:34:19.888 INFO:teuthology.orchestra.run.smithi088.stdout:/usr/bin/ceph: stderr
2024-05-07T01:34:19.172+0000 7fd004506700 1 --2- 172.21.15.88:0/300430017 >> [v2:172.21.15.88:3300/0,v1:172.21.15.88:6789/0] conn(0x7fcffc10a560 0x7fcffc19ddd0 secure :-1 s=READY pgs=52 cs=0 l=1 rev1=1 crypto rx=0x7fcff8011670 tx=0x7fcff8011a30 comp rx=0 tx=0).stop
2024-05-07T01:34:19.888 INFO:teuthology.orchestra.run.smithi088.stdout:/usr/bin/ceph: stderr
2024-05-07T01:34:19.172+0000 7fd004506700 1 -- 172.21.15.88:0/300430017 shutdown_connections
2024-05-07T01:34:19.888 INFO:teuthology.orchestra.run.smithi088.stdout:/usr/bin/ceph: stderr
2024-05-07T01:34:19.172+0000 7fd004506700 1 --2- 172.21.15.88:0/300430017 >> [v2:172.21.15.88:6800/2821081918,v1:172.21.15.88:6801/2821081918] conn(0x7fcfe803e470 0x7fcfe8040980 unknown :-1 s=CLOSED pgs=14 cs=0 l=1 rev1=1 crypto rx=0 tx=0 comp rx=0 tx=0).stop
2024-05-07T01:34:19.888 INFO:teuthology.orchestra.run.smithi088.stdout:/usr/bin/ceph: stderr
2024-05-07T01:34:19.172+0000 7fd004506700 1 --2- 172.21.15.88:0/300430017 >> [v2:172.21.15.88:3300/0,v1:172.21.15.88:6789/0] conn(0x7fcffc10a560 0x7fcffc19ddd0 unknown :-1 s=CLOSED pgs=52 cs=0 l=1 rev1=1 crypto rx=0 tx=0 comp rx=0 tx=0).stop
2024-05-07T01:34:19.889 INFO:teuthology.orchestra.run.smithi088.stdout:/usr/bin/ceph: stderr
2024-05-07T01:34:19.172+0000 7fd004506700 1 -- 172.21.15.88:0/300430017 >> 172.21.15.88:0/300430017 conn(0x7fcffc104000 msgr2=0x7fcffc105840 unknown :-1 s=STATE_NONE l=0).mark_down
2024-05-07T01:34:19.889 INFO:teuthology.orchestra.run.smithi088.stdout:/usr/bin/ceph: stderr
2024-05-07T01:34:19.173+0000 7fd004506700 1 -- 172.21.15.88:0/300430017 shutdown_connections
2024-05-07T01:34:19.889 INFO:teuthology.orchestra.run.smithi088.stdout:/usr/bin/ceph: stderr
2024-05-07T01:34:19.173+0000 7fd004506700 1 -- 172.21.15.88:0/300430017 wait complete.
2024-05-07T01:34:21.370 INFO:teuthology.orchestra.run.smithi088.stdout:/usr/bin/ceph: stderr
2024-05-07T01:34:20.303+0000 7f720d0ac700 1 Processor -- start
2024-05-07T01:34:21.371 INFO:teuthology.orchestra.run.smithi088.stdout:/usr/bin/ceph: stderr
2024-05-07T01:34:20.303+0000 7f720d0ac700 1 -- start start
2024-05-07T01:34:21.371 INFO:teuthology.orchestra.run.smithi088.stdout:/usr/bin/ceph: stderr
2024-05-07T01:34:20.303+0000 7f720d0ac700 1 --2- >> [v2:172.21.15.88:3300/0,v1:172.21.15.88:6789/0] conn(0x7f720810a560 0x7f720810c980 unknown :-1 s=NONE pgs=0 cs=0 l=0 rev1=0 crypto rx=0 tx=0 comp rx=0 tx=0).connect
2024-05-07T01:34:21.371 INFO:teuthology.orchestra.run.smithi088.stdout:/usr/bin/ceph: stderr
2024-05-07T01:34:20.303+0000 7f720d0ac700 1 -- --> [v2:172.21.15.88:3300/0,v1:172.21.15.88:6789/0] -- mon_getmap magic: 0 -- 0x7f720807ce90 con 0x7f720810a560
2024-05-07T01:34:21.371 INFO:teuthology.orchestra.run.smithi088.stdout:/usr/bin/ceph: stderr
