2024-05-07T01:34:24.744 INFO:journalctl@ceph.mgr.x.smithi088.stdout:May 07 01:34:24 smithi088 ceph-ae749930-0c11-11ef-bc97-c7b262605968-mgr-x[30389]:
2024-05-07T01:34:24.678+0000 7fc3931ef200 -1 mgr[py] Module telegraf has missing NOTIFY_TYPES member
2024-05-07T01:34:25.038 INFO:journalctl@ceph.mgr.x.smithi088.stdout:May 07 01:34:24 smithi088 ceph-ae749930-0c11-11ef-bc97-c7b262605968-mgr-x[30389]:
2024-05-07T01:34:24.856+0000 7fc3931ef200 -1 mgr[py] Module osd_support has missing NOTIFY_TYPES member
2024-05-07T01:34:25.038 INFO:journalctl@ceph.mgr.x.smithi088.stdout:May 07 01:34:25 smithi088 ceph-ae749930-0c11-11ef-bc97-c7b262605968-mgr-x[30389]:
2024-05-07T01:34:25.038+0000 7fc3931ef200 -1 mgr[py] Module iostat has missing NOTIFY_TYPES member
2024-05-07T01:34:25.585 INFO:journalctl@ceph.mgr.x.smithi088.stdout:May 07 01:34:25 smithi088 ceph-ae749930-0c11-11ef-bc97-c7b262605968-mgr-x[30389]:
2024-05-07T01:34:25.332+0000 7fc3931ef200 -1 mgr[py] Module alerts has missing NOTIFY_TYPES member
2024-05-07T01:34:25.585 INFO:journalctl@ceph.mgr.x.smithi088.stdout:May 07 01:34:25 smithi088 ceph-ae749930-0c11-11ef-bc97-c7b262605968-mgr-x[30389]:
2024-05-07T01:34:25.427+0000 7fc3931ef200 -1 mgr[py] Module selftest has missing NOTIFY_TYPES member
2024-05-07T01:34:25.842 INFO:journalctl@ceph.mgr.x.smithi088.stdout:May 07 01:34:25 smithi088 ceph-ae749930-0c11-11ef-bc97-c7b262605968-mgr-x[30389]:
2024-05-07T01:34:25.631+0000 7fc3931ef200 -1 mgr[py] Module pg_autoscaler has missing NOTIFY_TYPES member
2024-05-07T01:34:25.843 INFO:journalctl@ceph.mgr.x.smithi088.stdout:May 07 01:34:25 smithi088 ceph-ae749930-0c11-11ef-bc97-c7b262605968-mgr-x[30389]:
2024-05-07T01:34:25.827+0000 7fc3931ef200 -1 mgr[py] Module test_orchestrator has missing NOTIFY_TYPES member
2024-05-07T01:34:26.653 INFO:journalctl@ceph.mgr.x.smithi088.stdout:May 07 01:34:26 smithi088 ceph-ae749930-0c11-11ef-bc97-c7b262605968-mgr-x[30389]:
2024-05-07T01:34:26.427+0000 7fc3931ef200 -1 mgr[py] Module rook has missing NOTIFY_TYPES member
2024-05-07T01:34:26.653 INFO:journalctl@ceph.mgr.x.smithi088.stdout:May 07 01:34:26 smithi088 ceph-ae749930-0c11-11ef-bc97-c7b262605968-mgr-x[30389]:
2024-05-07T01:34:26.653+0000 7fc3931ef200 -1 mgr[py] Module smb has missing NOTIFY_TYPES member
2024-05-07T01:34:27.342 INFO:journalctl@ceph.mgr.x.smithi088.stdout:May 07 01:34:27 smithi088 ceph-ae749930-0c11-11ef-bc97-c7b262605968-mgr-x[30389]:
2024-05-07T01:34:27.081+0000 7fc3931ef200 -1 mgr[py] Module volumes has missing NOTIFY_TYPES member
2024-05-07T01:34:27.343 INFO:journalctl@ceph.mgr.x.smithi088.stdout:May 07 01:34:27 smithi088 ceph-ae749930-0c11-11ef-bc97-c7b262605968-mgr-x[30389]:
2024-05-07T01:34:27.181+0000 7fc3931ef200 -1 mgr[py] Module crash has missing NOTIFY_TYPES member
2024-05-07T01:34:27.843 INFO:journalctl@ceph.mgr.x.smithi088.stdout:May 07 01:34:27 smithi088 ceph-ae749930-0c11-11ef-bc97-c7b262605968-mgr-x[30389]:
2024-05-07T01:34:27.551+0000 7fc3931ef200 -1 mgr[py] Module rgw has missing NOTIFY_TYPES member
2024-05-07T01:34:28.253 INFO:journalctl@ceph.mgr.x.smithi088.stdout:May 07 01:34:27 smithi088 ceph-ae749930-0c11-11ef-bc97-c7b262605968-mgr-x[30389]:
2024-05-07T01:34:27.908+0000 7fc3931ef200 -1 mgr[py] Module prometheus has missing NOTIFY_TYPES member
2024-05-07T01:34:28.253 INFO:journalctl@ceph.mgr.x.smithi088.stdout:May 07 01:34:28 smithi088 ceph-ae749930-0c11-11ef-bc97-c7b262605968-mgr-x[30389]:
2024-05-07T01:34:28.003+0000 7fc3931ef200 -1 mgr[py] Module devicehealth has missing NOTIFY_TYPES member
2024-05-07T01:34:28.592 INFO:journalctl@ceph.mgr.x.smithi088.stdout:May 07 01:34:28 smithi088 ceph-ae749930-0c11-11ef-bc97-c7b262605968-mgr-x[30389]:
2024-05-07T01:34:28.253+0000 7fc3931ef200 -1 mgr[py] Module telemetry has missing NOTIFY_TYPES member
2024-05-07T01:34:28.593 INFO:journalctl@ceph.mgr.x.smithi088.stdout:May 07 01:34:28 smithi088 ceph-ae749930-0c11-11ef-bc97-c7b262605968-mgr-x[30389]:
2024-05-07T01:34:28.389+0000 7fc3931ef200 -1 mgr[py] Module diskprediction_local has missing NOTIFY_TYPES member
2024-05-07T01:34:29.092 INFO:journalctl@ceph.mgr.x.smithi088.stdout:May 07 01:34:28 smithi088 ceph-ae749930-0c11-11ef-bc97-c7b262605968-mgr-x[30389]:
2024-05-07T01:34:28.696+0000 7fc3931ef200 -1 mgr[py] Module osd_perf_query has missing NOTIFY_TYPES member
2024-05-07T01:34:29.093 INFO:journalctl@ceph.mgr.x.smithi088.stdout:May 07 01:34:28 smithi088 ceph-ae749930-0c11-11ef-bc97-c7b262605968-mgr-x[30389]:
2024-05-07T01:34:28.812+0000 7fc3931ef200 -1 mgr[py] Module rbd_support has missing NOTIFY_TYPES member
2024-05-07T01:34:29.093 INFO:journalctl@ceph.mgr.x.smithi088.stdout:May 07 01:34:28 smithi088 ceph-ae749930-0c11-11ef-bc97-c7b262605968-mgr-x[30389]:
2024-05-07T01:34:28.907+0000 7fc3931ef200 -1 mgr[py] Module zabbix has missing NOTIFY_TYPES member
2024-05-07T01:34:29.786 INFO:journalctl@ceph.mgr.x.smithi088.stdout:May 07 01:34:29 smithi088 ceph-ae749930-0c11-11ef-bc97-c7b262605968-mgr-x[30389]:
2024-05-07T01:34:29.508+0000 7fc3931ef200 -1 mgr[py] Module status has missing NOTIFY_TYPES member
2024-05-07T01:34:29.786 INFO:journalctl@ceph.mgr.x.smithi088.stdout:May 07 01:34:29 smithi088 ceph-ae749930-0c11-11ef-bc97-c7b262605968-mgr-x[30389]:
2024-05-07T01:34:29.732+0000 7fc3931ef200 -1 mgr[py] Module nfs has missing NOTIFY_TYPES member
2024-05-07T01:34:30.092 INFO:journalctl@ceph.mon.a.smithi088.stdout:May 07 01:34:29 smithi088 ceph-mon[30160]: Active manager daemon x restarted
2024-05-07T01:34:30.093 INFO:journalctl@ceph.mon.a.smithi088.stdout:May 07 01:34:29 smithi088 ceph-mon[30160]: Activating manager daemon x
2024-05-07T01:34:30.093 INFO:journalctl@ceph.mon.a.smithi088.stdout:May 07 01:34:29 smithi088 ceph-mon[30160]: osdmap e3: 0 total, 0 up, 0 in
2024-05-07T01:34:30.093 INFO:journalctl@ceph.mon.a.smithi088.stdout:May 07 01:34:29 smithi088 ceph-mon[30160]: mgrmap e10: x(active, starting, since 0.00442577s)
2024-05-07T01:34:30.093 INFO:journalctl@ceph.mon.a.smithi088.stdout:May 07 01:34:29 smithi088 ceph-mon[30160]: from='mgr.14152 172.21.15.88:0/1162913545' entity='mgr.x' cmd=[{"prefix": "mon metadata", "id": "a"}]: dispatch
2024-05-07T01:34:30.093 INFO:journalctl@ceph.mon.a.smithi088.stdout:May 07 01:34:29 smithi088 ceph-mon[30160]: from='mgr.14152 172.21.15.88:0/1162913545' entity='mgr.x' cmd=[{"prefix": "mgr metadata", "who": "x", "id": "x"}]: dispatch
2024-05-07T01:34:30.093 INFO:journalctl@ceph.mon.a.smithi088.stdout:May 07 01:34:29 smithi088 ceph-mon[30160]: from='mgr.14152 172.21.15.88:0/1162913545' entity='mgr.x' cmd=[{"prefix": "mds metadata"}]: dispatch
2024-05-07T01:34:30.093 INFO:journalctl@ceph.mon.a.smithi088.stdout:May 07 01:34:29 smithi088 ceph-mon[30160]: from='mgr.14152 172.21.15.88:0/1162913545' entity='mgr.x' cmd=[{"prefix": "osd metadata"}]: dispatch
2024-05-07T01:34:30.093 INFO:journalctl@ceph.mon.a.smithi088.stdout:May 07 01:34:29 smithi088 ceph-mon[30160]: from='mgr.14152 172.21.15.88:0/1162913545' entity='mgr.x' cmd=[{"prefix": "mon metadata"}]: dispatch
2024-05-07T01:34:30.093 INFO:journalctl@ceph.mon.a.smithi088.stdout:May 07 01:34:29 smithi088 ceph-mon[30160]: Manager daemon x is now available
2024-05-07T01:34:30.093 INFO:journalctl@ceph.mon.a.smithi088.stdout:May 07 01:34:29 smithi088 ceph-mon[30160]: from='mgr.14152 172.21.15.88:0/1162913545' entity='mgr.x' cmd=[{"prefix": "config dump", "format": "json"}]: dispatch
2024-05-07T01:34:30.972 INFO:journalctl@ceph.mon.a.smithi088.stdout:May 07 01:34:30 smithi088 ceph-mon[30160]: from='mgr.14152 172.21.15.88:0/1162913545' entity='mgr.x' cmd=[{"prefix":"config rm","who":"mgr","name":"mgr/rbd_support/x/mirror_snapshot_schedule"}]: dispatch
2024-05-07T01:34:30.973 INFO:journalctl@ceph.mon.a.smithi088.stdout:May 07 01:34:30 smithi088 ceph-mon[30160]: from='mgr.14152 172.21.15.88:0/1162913545' entity='mgr.x' cmd=[{"prefix":"config rm","who":"mgr","name":"mgr/rbd_support/x/trash_purge_schedule"}]: dispatch
2024-05-07T01:34:30.973 INFO:journalctl@ceph.mon.a.smithi088.stdout:May 07 01:34:30 smithi088 ceph-mon[30160]: mgrmap e11: x(active, since 1.00663s)
2024-05-07T01:34:31.662 INFO:teuthology.orchestra.run.smithi088.stdout:/usr/bin/ceph: stdout {
2024-05-07T01:34:31.663 INFO:teuthology.orchestra.run.smithi088.stdout:/usr/bin/ceph: stdout "mgrmap_epoch": 11,
2024-05-07T01:34:31.663 INFO:teuthology.orchestra.run.smithi088.stdout:/usr/bin/ceph: stdout "initialized": true
2024-05-07T01:34:31.663 INFO:teuthology.orchestra.run.smithi088.stdout:/usr/bin/ceph: stdout }
2024-05-07T01:34:31.663 INFO:teuthology.orchestra.run.smithi088.stdout:/usr/bin/ceph: stderr
2024-05-07T01:34:24.978+0000 7faa7095c700 1 Processor -- start
2024-05-07T01:34:31.663 INFO:teuthology.orchestra.run.smithi088.stdout:/usr/bin/ceph: stderr
2024-05-07T01:34:24.978+0000 7faa7095c700 1 -- start start
2024-05-07T01:34:31.663 INFO:teuthology.orchestra.run.smithi088.stdout:/usr/bin/ceph: stderr
2024-05-07T01:34:24.978+0000 7faa7095c700 1 --2- >> [v2:172.21.15.88:3300/0,v1:172.21.15.88:6789/0] conn(0x7faa6c10a580 0x7faa6c10c9a0 unknown :-1 s=NONE pgs=0 cs=0 l=0 rev1=0 crypto rx=0 tx=0 comp rx=0 tx=0).connect
2024-05-07T01:34:31.663 INFO:teuthology.orchestra.run.smithi088.stdout:/usr/bin/ceph: stderr
2024-05-07T01:34:24.978+0000 7faa7095c700 1 -- --> [v2:172.21.15.88:3300/0,v1:172.21.15.88:6789/0] -- mon_getmap magic: 0 -- 0x7faa6c07ce70 con 0x7faa6c10a580
2024-05-07T01:34:31.663 INFO:teuthology.orchestra.run.smithi088.stdout:/usr/bin/ceph: stderr
2024-05-07T01:34:24.978+0000 7faa6a59c700 1 --2- >> [v2:172.21.15.88:3300/0,v1:172.21.15.88:6789/0] conn(0x7faa6c10a580 0x7faa6c10c9a0 unknown :-1 s=BANNER_CONNECTING pgs=0 cs=0 l=0 rev1=0 crypto rx=0 tx=0 comp rx=0 tx=0)._handle_peer_banner_payload supported=3 required=0
2024-05-07T01:34:31.663 INFO:teuthology.orchestra.run.smithi088.stdout:/usr/bin/ceph: stderr
2024-05-07T01:34:24.978+0000 7faa6a59c700 1 --2- >> [v2:172.21.15.88:3300/0,v1:172.21.15.88:6789/0] conn(0x7faa6c10a580 0x7faa6c10c9a0 unknown :-1 s=HELLO_CONNECTING pgs=0 cs=0 l=0 rev1=1 crypto rx=0 tx=0 comp rx=0 tx=0).handle_hello peer v2:172.21.15.88:3300/0 says I am v2:172.21.15.88:60378/0 (socket says 172.21.15.88:60378)
2024-05-07T01:34:31.663 INFO:teuthology.orchestra.run.smithi088.stdout:/usr/bin/ceph: stderr
2024-05-07T01:34:24.978+0000 7faa6a59c700 1 -- 172.21.15.88:0/3393825357 learned_addr learned my addr 172.21.15.88:0/3393825357 (peer_addr_for_me v2:172.21.15.88:0/0)
2024-05-07T01:34:31.663 INFO:teuthology.orchestra.run.smithi088.stdout:/usr/bin/ceph: stderr
2024-05-07T01:34:24.979+0000 7faa6a59c700 1 -- 172.21.15.88:0/3393825357 --> [v2:172.21.15.88:3300/0,v1:172.21.15.88:6789/0] -- mon_subscribe({config=0+,monmap=0+}) -- 0x7faa6c10cee0 con 0x7faa6c10a580
2024-05-07T01:34:31.663 INFO:teuthology.orchestra.run.smithi088.stdout:/usr/bin/ceph: stderr
2024-05-07T01:34:24.979+0000 7faa6a59c700 1 --2- 172.21.15.88:0/3393825357 >> [v2:172.21.15.88:3300/0,v1:172.21.15.88:6789/0] conn(0x7faa6c10a580 0x7faa6c10c9a0 secure :-1 s=READY pgs=61 cs=0 l=1 rev1=1 crypto rx=0x7faa600098a0 tx=0x7faa60009bb0 comp rx=0 tx=0).ready entity=mon.0 client_cookie=c860959bd87d2f79 server_cookie=0 in_seq=0 out_seq=0
2024-05-07T01:34:31.663 INFO:teuthology.orchestra.run.smithi088.stdout:/usr/bin/ceph: stderr
2024-05-07T01:34:24.979+0000 7faa6959a700 1 -- 172.21.15.88:0/3393825357 <== mon.0 v2:172.21.15.88:3300/0 1 ==== mon_map magic: 0 ==== 205+0+0 (secure 0 0 0) 0x7faa60004160 con 0x7faa6c10a580
2024-05-07T01:34:31.664 INFO:teuthology.orchestra.run.smithi088.stdout:/usr/bin/ceph: stderr
2024-05-07T01:34:24.979+0000 7faa6959a700 1 -- 172.21.15.88:0/3393825357 <== mon.0 v2:172.21.15.88:3300/0 2 ==== config(25 keys) ==== 1063+0+0 (secure 0 0 0) 0x7faa60004300 con 0x7faa6c10a580
2024-05-07T01:34:31.664 INFO:teuthology.orchestra.run.smithi088.stdout:/usr/bin/ceph: stderr
2024-05-07T01:34:24.979+0000 7faa6959a700 1 -- 172.21.15.88:0/3393825357 <== mon.0 v2:172.21.15.88:3300/0 3 ==== mon_map magic: 0 ==== 205+0+0 (secure 0 0 0) 0x7faa60011960 con 0x7faa6c10a580
2024-05-07T01:34:31.664 INFO:teuthology.orchestra.run.smithi088.stdout:/usr/bin/ceph: stderr
2024-05-07T01:34:24.980+0000 7faa7095c700 1 -- 172.21.15.88:0/3393825357 >> [v2:172.21.15.88:3300/0,v1:172.21.15.88:6789/0] conn(0x7faa6c10a580 msgr2=0x7faa6c10c9a0 secure :-1 s=STATE_CONNECTION_ESTABLISHED l=1).mark_down
2024-05-07T01:34:31.664 INFO:teuthology.orchestra.run.smithi088.stdout:/usr/bin/ceph: stderr
2024-05-07T01:34:24.980+0000 7faa7095c700 1 --2- 172.21.15.88:0/3393825357 >> [v2:172.21.15.88:3300/0,v1:172.21.15.88:6789/0] conn(0x7faa6c10a580 0x7faa6c10c9a0 secure :-1 s=READY pgs=61 cs=0 l=1 rev1=1 crypto rx=0x7faa600098a0 tx=0x7faa60009bb0 comp rx=0 tx=0).stop
2024-05-07T01:34:31.664 INFO:teuthology.orchestra.run.smithi088.stdout:/usr/bin/ceph: stderr
2024-05-07T01:34:24.980+0000 7faa7095c700 1 -- 172.21.15.88:0/3393825357 shutdown_connections
2024-05-07T01:34:31.664 INFO:teuthology.orchestra.run.smithi088.stdout:/usr/bin/ceph: stderr
2024-05-07T01:34:24.980+0000 7faa7095c700 1 --2- 172.21.15.88:0/3393825357 >> [v2:172.21.15.88:3300/0,v1:172.21.15.88:6789/0] conn(0x7faa6c10a580 0x7faa6c10c9a0 unknown :-1 s=CLOSED pgs=61 cs=0 l=1 rev1=1 crypto rx=0 tx=0 comp rx=0 tx=0).stop
2024-05-07T01:34:31.664 INFO:teuthology.orchestra.run.smithi088.stdout:/usr/bin/ceph: stderr
2024-05-07T01:34:24.980+0000 7faa7095c700 1 -- 172.21.15.88:0/3393825357 >> 172.21.15.88:0/3393825357 conn(0x7faa6c104000 msgr2=0x7faa6c106450 unknown :-1 s=STATE_NONE l=0).mark_down
2024-05-07T01:34:31.664 INFO:teuthology.orchestra.run.smithi088.stdout:/usr/bin/ceph: stderr
2024-05-07T01:34:24.980+0000 7faa7095c700 1 -- 172.21.15.88:0/3393825357 shutdown_connections
2024-05-07T01:34:31.664 INFO:teuthology.orchestra.run.smithi088.stdout:/usr/bin/ceph: stderr
2024-05-07T01:34:24.980+0000 7faa7095c700 1 -- 172.21.15.88:0/3393825357 wait complete.
2024-05-07T01:34:31.664 INFO:teuthology.orchestra.run.smithi088.stdout:/usr/bin/ceph: stderr
2024-05-07T01:34:24.981+0000 7faa7095c700 1 Processor -- start
2024-05-07T01:34:31.664 INFO:teuthology.orchestra.run.smithi088.stdout:/usr/bin/ceph: stderr
2024-05-07T01:34:24.981+0000 7faa7095c700 1 -- start start
2024-05-07T01:34:31.664 INFO:teuthology.orchestra.run.smithi088.stdout:/usr/bin/ceph: stderr
2024-05-07T01:34:24.981+0000 7faa7095c700 1 --2- >> [v2:172.21.15.88:3300/0,v1:172.21.15.88:6789/0] conn(0x7faa6c10a580 0x7faa6c19dde0 unknown :-1 s=NONE pgs=0 cs=0 l=1 rev1=0 crypto rx=0 tx=0 comp rx=0 tx=0).connect
2024-05-07T01:34:31.664 INFO:teuthology.orchestra.run.smithi088.stdout:/usr/bin/ceph: stderr
2024-05-07T01:34:24.981+0000 7faa7095c700 1 -- --> [v2:172.21.15.88:3300/0,v1:172.21.15.88:6789/0] -- mon_getmap magic: 0 -- 0x7faa6c10de80 con 0x7faa6c10a580
2024-05-07T01:34:31.664 INFO:teuthology.orchestra.run.smithi088.stdout:/usr/bin/ceph: stderr
2024-05-07T01:34:24.981+0000 7faa6a59c700 1 --2- >> [v2:172.21.15.88:3300/0,v1:172.21.15.88:6789/0] conn(0x7faa6c10a580 0x7faa6c19dde0 unknown :-1 s=BANNER_CONNECTING pgs=0 cs=0 l=1 rev1=0 crypto rx=0 tx=0 comp rx=0 tx=0)._handle_peer_banner_payload supported=3 required=0
2024-05-07T01:34:31.665 INFO:teuthology.orchestra.run.smithi088.stdout:/usr/bin/ceph: stderr
2024-05-07T01:34:24.981+0000 7faa6a59c700 1 --2- >> [v2:172.21.15.88:3300/0,v1:172.21.15.88:6789/0] conn(0x7faa6c10a580 0x7faa6c19dde0 unknown :-1 s=HELLO_CONNECTING pgs=0 cs=0 l=1 rev1=1 crypto rx=0 tx=0 comp rx=0 tx=0).handle_hello peer v2:172.21.15.88:3300/0 says I am v2:172.21.15.88:60388/0 (socket says 172.21.15.88:60388)
2024-05-07T01:34:31.665 INFO:teuthology.orchestra.run.smithi088.stdout:/usr/bin/ceph: stderr
2024-05-07T01:34:24.981+0000 7faa6a59c700 1 -- 172.21.15.88:0/4249630269 learned_addr learned my addr 172.21.15.88:0/4249630269 (peer_addr_for_me v2:172.21.15.88:0/0)
2024-05-07T01:34:31.665 INFO:teuthology.orchestra.run.smithi088.stdout:/usr/bin/ceph: stderr
2024-05-07T01:34:24.982+0000 7faa6a59c700 1 -- 172.21.15.88:0/4249630269 --> [v2:172.21.15.88:3300/0,v1:172.21.15.88:6789/0] -- mon_subscribe({config=0+,monmap=0+}) -- 0x7faa6c19e320 con 0x7faa6c10a580
2024-05-07T01:34:31.665 INFO:teuthology.orchestra.run.smithi088.stdout:/usr/bin/ceph: stderr
2024-05-07T01:34:24.982+0000 7faa6a59c700 1 --2- 172.21.15.88:0/4249630269 >> [v2:172.21.15.88:3300/0,v1:172.21.15.88:6789/0] conn(0x7faa6c10a580 0x7faa6c19dde0 secure :-1 s=READY pgs=62 cs=0 l=1 rev1=1 crypto rx=0x7faa60011670 tx=0x7faa60011a30 comp rx=0 tx=0).ready entity=mon.0 client_cookie=0 server_cookie=0 in_seq=0 out_seq=0
2024-05-07T01:34:31.665 INFO:teuthology.orchestra.run.smithi088.stdout:/usr/bin/ceph: stderr
2024-05-07T01:34:24.982+0000 7faa5b7fe700 1 -- 172.21.15.88:0/4249630269 <== mon.0 v2:172.21.15.88:3300/0 1 ==== mon_map magic: 0 ==== 205+0+0 (secure 0 0 0) 0x7faa60003aa0 con 0x7faa6c10a580
2024-05-07T01:34:31.665 INFO:teuthology.orchestra.run.smithi088.stdout:/usr/bin/ceph: stderr
2024-05-07T01:34:24.982+0000 7faa7095c700 1 -- 172.21.15.88:0/4249630269 --> [v2:172.21.15.88:3300/0,v1:172.21.15.88:6789/0] -- mon_subscribe({mgrmap=0+}) -- 0x7faa6c19e5b0 con 0x7faa6c10a580
2024-05-07T01:34:31.665 INFO:teuthology.orchestra.run.smithi088.stdout:/usr/bin/ceph: stderr
2024-05-07T01:34:24.982+0000 7faa5b7fe700 1 -- 172.21.15.88:0/4249630269 <== mon.0 v2:172.21.15.88:3300/0 2 ==== config(25 keys) ==== 1063+0+0 (secure 0 0 0) 0x7faa6001b8d0 con 0x7faa6c10a580
2024-05-07T01:34:31.665 INFO:teuthology.orchestra.run.smithi088.stdout:/usr/bin/ceph: stderr
2024-05-07T01:34:24.982+0000 7faa7095c700 1 -- 172.21.15.88:0/4249630269 --> [v2:172.21.15.88:3300/0,v1:172.21.15.88:6789/0] -- mon_subscribe({osdmap=0}) -- 0x7faa6c1a11c0 con 0x7faa6c10a580
2024-05-07T01:34:31.665 INFO:teuthology.orchestra.run.smithi088.stdout:/usr/bin/ceph: stderr
2024-05-07T01:34:24.982+0000 7faa5b7fe700 1 -- 172.21.15.88:0/4249630269 <== mon.0 v2:172.21.15.88:3300/0 3 ==== mon_map magic: 0 ==== 205+0+0 (secure 0 0 0) 0x7faa600197f0 con 0x7faa6c10a580
2024-05-07T01:34:31.665 INFO:teuthology.orchestra.run.smithi088.stdout:/usr/bin/ceph: stderr
2024-05-07T01:34:24.983+0000 7faa5b7fe700 1 -- 172.21.15.88:0/4249630269 <== mon.0 v2:172.21.15.88:3300/0 4 ==== mgrmap(e 9) ==== 50235+0+0 (secure 0 0 0) 0x7faa600199b0 con 0x7faa6c10a580
2024-05-07T01:34:31.665 INFO:teuthology.orchestra.run.smithi088.stdout:/usr/bin/ceph: stderr
2024-05-07T01:34:24.983+0000 7faa5b7fe700 1 --2- 172.21.15.88:0/4249630269 >> [v2:172.21.15.88:6800/2821081918,v1:172.21.15.88:6801/2821081918] conn(0x7faa5403e4d0 0x7faa540409e0 unknown :-1 s=NONE pgs=0 cs=0 l=1 rev1=0 crypto rx=0 tx=0 comp rx=0 tx=0).connect
2024-05-07T01:34:31.665 INFO:teuthology.orchestra.run.smithi088.stdout:/usr/bin/ceph: stderr
2024-05-07T01:34:24.983+0000 7faa5b7fe700 1 -- 172.21.15.88:0/4249630269 --> [v2:172.21.15.88:6800/2821081918,v1:172.21.15.88:6801/2821081918] -- command(tid 0: {"prefix": "get_command_descriptions"}) -- 0x7faa540410f0 con 0x7faa5403e4d0
2024-05-07T01:34:31.665 INFO:teuthology.orchestra.run.smithi088.stdout:/usr/bin/ceph: stderr
2024-05-07T01:34:24.983+0000 7faa69d9b700 1 -- 172.21.15.88:0/4249630269 >> [v2:172.21.15.88:6800/2821081918,v1:172.21.15.88:6801/2821081918] conn(0x7faa5403e4d0 msgr2=0x7faa540409e0 unknown :-1 s=STATE_CONNECTING_RE l=1).process reconnect failed to v2:172.21.15.88:6800/2821081918
2024-05-07T01:34:31.665 INFO:teuthology.orchestra.run.smithi088.stdout:/usr/bin/ceph: stderr
2024-05-07T01:34:24.983+0000 7faa5b7fe700 1 -- 172.21.15.88:0/4249630269 <== mon.0 v2:172.21.15.88:3300/0 5 ==== osd_map(2..2 src has 1..2) ==== 940+0+0 (secure 0 0 0) 0x7faa600541c0 con 0x7faa6c10a580
2024-05-07T01:34:31.665 INFO:teuthology.orchestra.run.smithi088.stdout:/usr/bin/ceph: stderr
2024-05-07T01:34:24.983+0000 7faa69d9b700 1 --2- 172.21.15.88:0/4249630269 >> [v2:172.21.15.88:6800/2821081918,v1:172.21.15.88:6801/2821081918] conn(0x7faa5403e4d0 0x7faa540409e0 unknown :-1 s=START_CONNECT pgs=0 cs=0 l=1 rev1=0 crypto rx=0 tx=0 comp rx=0 tx=0)._fault waiting 0.200000
2024-05-07T01:34:31.666 INFO:teuthology.orchestra.run.smithi088.stdout:/usr/bin/ceph: stderr
2024-05-07T01:34:25.184+0000 7faa69d9b700 1 -- 172.21.15.88:0/4249630269 >> [v2:172.21.15.88:6800/2821081918,v1:172.21.15.88:6801/2821081918] conn(0x7faa5403e4d0 msgr2=0x7faa540409e0 unknown :-1 s=STATE_CONNECTING_RE l=1).process reconnect failed to v2:172.21.15.88:6800/2821081918
2024-05-07T01:34:31.666 INFO:teuthology.orchestra.run.smithi088.stdout:/usr/bin/ceph: stderr
2024-05-07T01:34:25.184+0000 7faa69d9b700 1 --2- 172.21.15.88:0/4249630269 >> [v2:172.21.15.88:6800/2821081918,v1:172.21.15.88:6801/2821081918] conn(0x7faa5403e4d0 0x7faa540409e0 unknown :-1 s=START_CONNECT pgs=0 cs=0 l=1 rev1=0 crypto rx=0 tx=0 comp rx=0 tx=0)._fault waiting 0.400000
2024-05-07T01:34:31.666 INFO:teuthology.orchestra.run.smithi088.stdout:/usr/bin/ceph: stderr
2024-05-07T01:34:25.585+0000 7faa69d9b700 1 -- 172.21.15.88:0/4249630269 >> [v2:172.21.15.88:6800/2821081918,v1:172.21.15.88:6801/2821081918] conn(0x7faa5403e4d0 msgr2=0x7faa540409e0 unknown :-1 s=STATE_CONNECTING_RE l=1).process reconnect failed to v2:172.21.15.88:6800/2821081918
2024-05-07T01:34:31.666 INFO:teuthology.orchestra.run.smithi088.stdout:/usr/bin/ceph: stderr
2024-05-07T01:34:25.585+0000 7faa69d9b700 1 --2- 172.21.15.88:0/4249630269 >> [v2:172.21.15.88:6800/2821081918,v1:172.21.15.88:6801/2821081918] conn(0x7faa5403e4d0 0x7faa540409e0 unknown :-1 s=START_CONNECT pgs=0 cs=0 l=1 rev1=0 crypto rx=0 tx=0 comp rx=0 tx=0)._fault waiting 0.800000
2024-05-07T01:34:31.666 INFO:teuthology.orchestra.run.smithi088.stdout:/usr/bin/ceph: stderr
2024-05-07T01:34:26.386+0000 7faa69d9b700 1 -- 172.21.15.88:0/4249630269 >> [v2:172.21.15.88:6800/2821081918,v1:172.21.15.88:6801/2821081918] conn(0x7faa5403e4d0 msgr2=0x7faa540409e0 unknown :-1 s=STATE_CONNECTING_RE l=1).process reconnect failed to v2:172.21.15.88:6800/2821081918
2024-05-07T01:34:31.666 INFO:teuthology.orchestra.run.smithi088.stdout:/usr/bin/ceph: stderr
2024-05-07T01:34:26.386+0000 7faa69d9b700 1 --2- 172.21.15.88:0/4249630269 >> [v2:172.21.15.88:6800/2821081918,v1:172.21.15.88:6801/2821081918] conn(0x7faa5403e4d0 0x7faa540409e0 unknown :-1 s=START_CONNECT pgs=0 cs=0 l=1 rev1=0 crypto rx=0 tx=0 comp rx=0 tx=0)._fault waiting 1.600000
2024-05-07T01:34:31.666 INFO:teuthology.orchestra.run.smithi088.stdout:/usr/bin/ceph: stderr
2024-05-07T01:34:27.987+0000 7faa69d9b700 1 -- 172.21.15.88:0/4249630269 >> [v2:172.21.15.88:6800/2821081918,v1:172.21.15.88:6801/2821081918] conn(0x7faa5403e4d0 msgr2=0x7faa540409e0 unknown :-1 s=STATE_CONNECTING_RE l=1).process reconnect failed to v2:172.21.15.88:6800/2821081918
2024-05-07T01:34:31.666 INFO:teuthology.orchestra.run.smithi088.stdout:/usr/bin/ceph: stderr
2024-05-07T01:34:27.987+0000 7faa69d9b700 1 --2- 172.21.15.88:0/4249630269 >> [v2:172.21.15.88:6800/2821081918,v1:172.21.15.88:6801/2821081918] conn(0x7faa5403e4d0 0x7faa540409e0 unknown :-1 s=START_CONNECT pgs=0 cs=0 l=1 rev1=0 crypto rx=0 tx=0 comp rx=0 tx=0)._fault waiting 3.200000
2024-05-07T01:34:31.666 INFO:teuthology.orchestra.run.smithi088.stdout:/usr/bin/ceph: stderr
2024-05-07T01:34:29.737+0000 7faa5b7fe700 1 -- 172.21.15.88:0/4249630269 <== mon.0 v2:172.21.15.88:3300/0 6 ==== mgrmap(e 10) ==== 50002+0+0 (secure 0 0 0) 0x7faa6002a350 con 0x7faa6c10a580
2024-05-07T01:34:31.666 INFO:teuthology.orchestra.run.smithi088.stdout:/usr/bin/ceph: stderr
2024-05-07T01:34:29.737+0000 7faa5b7fe700 1 -- 172.21.15.88:0/4249630269 >> [v2:172.21.15.88:6800/2821081918,v1:172.21.15.88:6801/2821081918] conn(0x7faa5403e4d0 msgr2=0x7faa540409e0 unknown :-1 s=STATE_CONNECTING l=1).mark_down
2024-05-07T01:34:31.666 INFO:teuthology.orchestra.run.smithi088.stdout:/usr/bin/ceph: stderr
2024-05-07T01:34:29.737+0000 7faa5b7fe700 1 --2- 172.21.15.88:0/4249630269 >> [v2:172.21.15.88:6800/2821081918,v1:172.21.15.88:6801/2821081918] conn(0x7faa5403e4d0 0x7faa540409e0 unknown :-1 s=START_CONNECT pgs=0 cs=0 l=1 rev1=0 crypto rx=0 tx=0 comp rx=0 tx=0).stop
2024-05-07T01:34:31.666 INFO:teuthology.orchestra.run.smithi088.stdout:/usr/bin/ceph: stderr
2024-05-07T01:34:30.738+0000 7faa5b7fe700 1 -- 172.21.15.88:0/4249630269 <== mon.0 v2:172.21.15.88:3300/0 7 ==== mgrmap(e 11) ==== 50129+0+0 (secure 0 0 0) 0x7faa600563b0 con 0x7faa6c10a580
2024-05-07T01:34:31.666 INFO:teuthology.orchestra.run.smithi088.stdout:/usr/bin/ceph: stderr
2024-05-07T01:34:30.738+0000 7faa5b7fe700 1 --2- 172.21.15.88:0/4249630269 >> [v2:172.21.15.88:6800/1779015537,v1:172.21.15.88:6801/1779015537] conn(0x7faa60053d50 0x7faa54043fd0 unknown :-1 s=NONE pgs=0 cs=0 l=1 rev1=0 crypto rx=0 tx=0 comp rx=0 tx=0).connect
2024-05-07T01:34:31.666 INFO:teuthology.orchestra.run.smithi088.stdout:/usr/bin/ceph: stderr
2024-05-07T01:34:30.738+0000 7faa5b7fe700 1 -- 172.21.15.88:0/4249630269 --> [v2:172.21.15.88:6800/1779015537,v1:172.21.15.88:6801/1779015537] -- command(tid 0: {"prefix": "get_command_descriptions"}) -- 0x7faa60021e80 con 0x7faa60053d50
2024-05-07T01:34:31.667 INFO:teuthology.orchestra.run.smithi088.stdout:/usr/bin/ceph: stderr
2024-05-07T01:34:30.739+0000 7faa69d9b700 1 --2- 172.21.15.88:0/4249630269 >> [v2:172.21.15.88:6800/1779015537,v1:172.21.15.88:6801/1779015537] conn(0x7faa60053d50 0x7faa54043fd0 unknown :-1 s=BANNER_CONNECTING pgs=0 cs=0 l=1 rev1=0 crypto rx=0 tx=0 comp rx=0 tx=0)._handle_peer_banner_payload supported=3 required=0
2024-05-07T01:34:31.667 INFO:teuthology.orchestra.run.smithi088.stdout:/usr/bin/ceph: stderr
2024-05-07T01:34:30.740+0000 7faa69d9b700 1 --2- 172.21.15.88:0/4249630269 >> [v2:172.21.15.88:6800/1779015537,v1:172.21.15.88:6801/1779015537] conn(0x7faa60053d50 0x7faa54043fd0 secure :-1 s=READY pgs=2 cs=0 l=1 rev1=1 crypto rx=0x7faa5c003a10 tx=0x7faa5c009270 comp rx=0 tx=0).ready entity=mgr.14152 client_cookie=0 server_cookie=0 in_seq=0 out_seq=0
2024-05-07T01:34:31.667 INFO:teuthology.orchestra.run.smithi088.stdout:/usr/bin/ceph: stderr
2024-05-07T01:34:30.741+0000 7faa5b7fe700 1 -- 172.21.15.88:0/4249630269 <== mgr.14152 v2:172.21.15.88:6800/1779015537 1 ==== command_reply(tid 0: 0 ) ==== 8+0+9564 (secure 0 0 0) 0x7faa60021e80 con 0x7faa60053d50
2024-05-07T01:34:31.667 INFO:teuthology.orchestra.run.smithi088.stdout:/usr/bin/ceph: stderr
2024-05-07T01:34:30.749+0000 7faa7095c700 1 -- 172.21.15.88:0/4249630269 --> [v2:172.21.15.88:6800/1779015537,v1:172.21.15.88:6801/1779015537] -- command(tid 1: {"prefix": "mgr_status"}) -- 0x7faa4c002630 con 0x7faa60053d50
2024-05-07T01:34:31.667 INFO:teuthology.orchestra.run.smithi088.stdout:/usr/bin/ceph: stderr
2024-05-07T01:34:30.749+0000 7faa5b7fe700 1 -- 172.21.15.88:0/4249630269 <== mgr.14152 v2:172.21.15.88:6800/1779015537 2 ==== command_reply(tid 1: 0 ) ==== 8+0+52 (secure 0 0 0) 0x7faa4c002630 con 0x7faa60053d50
2024-05-07T01:34:31.667 INFO:teuthology.orchestra.run.smithi088.stdout:/usr/bin/ceph: stderr
2024-05-07T01:34:30.750+0000 7faa7095c700 1 -- 172.21.15.88:0/4249630269 >> [v2:172.21.15.88:6800/1779015537,v1:172.21.15.88:6801/1779015537] conn(0x7faa60053d50 msgr2=0x7faa54043fd0 secure :-1 s=STATE_CONNECTION_ESTABLISHED l=1).mark_down
2024-05-07T01:34:31.667 INFO:teuthology.orchestra.run.smithi088.stdout:/usr/bin/ceph: stderr
2024-05-07T01:34:30.750+0000 7faa7095c700 1 --2- 172.21.15.88:0/4249630269 >> [v2:172.21.15.88:6800/1779015537,v1:172.21.15.88:6801/1779015537] conn(0x7faa60053d50 0x7faa54043fd0 secure :-1 s=READY pgs=2 cs=0 l=1 rev1=1 crypto rx=0x7faa5c003a10 tx=0x7faa5c009270 comp rx=0 tx=0).stop
2024-05-07T01:34:31.667 INFO:teuthology.orchestra.run.smithi088.stdout:/usr/bin/ceph: stderr
2024-05-07T01:34:30.750+0000 7faa7095c700 1 -- 172.21.15.88:0/4249630269 >> [v2:172.21.15.88:3300/0,v1:172.21.15.88:6789/0] conn(0x7faa6c10a580 msgr2=0x7faa6c19dde0 secure :-1 s=STATE_CONNECTION_ESTABLISHED l=1).mark_down
2024-05-07T01:34:31.667 INFO:teuthology.orchestra.run.smithi088.stdout:/usr/bin/ceph: stderr
2024-05-07T01:34:30.750+0000 7faa7095c700 1 --2- 172.21.15.88:0/4249630269 >> [v2:172.21.15.88:3300/0,v1:172.21.15.88:6789/0] conn(0x7faa6c10a580 0x7faa6c19dde0 secure :-1 s=READY pgs=62 cs=0 l=1 rev1=1 crypto rx=0x7faa60011670 tx=0x7faa60011a30 comp rx=0 tx=0).stop
2024-05-07T01:34:31.667 INFO:teuthology.orchestra.run.smithi088.stdout:/usr/bin/ceph: stderr
2024-05-07T01:34:30.750+0000 7faa7095c700 1 -- 172.21.15.88:0/4249630269 shutdown_connections
2024-05-07T01:34:31.667 INFO:teuthology.orchestra.run.smithi088.stdout:/usr/bin/ceph: stderr
2024-05-07T01:34:30.750+0000 7faa7095c700 1 --2- 172.21.15.88:0/4249630269 >> [v2:172.21.15.88:6800/1779015537,v1:172.21.15.88:6801/1779015537] conn(0x7faa60053d50 0x7faa54043fd0 unknown :-1 s=CLOSED pgs=2 cs=0 l=1 rev1=1 crypto rx=0 tx=0 comp rx=0 tx=0).stop
2024-05-07T01:34:31.667 INFO:teuthology.orchestra.run.smithi088.stdout:/usr/bin/ceph: stderr
2024-05-07T01:34:30.750+0000 7faa7095c700 1 --2- 172.21.15.88:0/4249630269 >> [v2:172.21.15.88:3300/0,v1:172.21.15.88:6789/0] conn(0x7faa6c10a580 0x7faa6c19dde0 unknown :-1 s=CLOSED pgs=62 cs=0 l=1 rev1=1 crypto rx=0 tx=0 comp rx=0 tx=0).stop
2024-05-07T01:34:31.667 INFO:teuthology.orchestra.run.smithi088.stdout:/usr/bin/ceph: stderr
2024-05-07T01:34:30.750+0000 7faa7095c700 1 --2- 172.21.15.88:0/4249630269 >> [v2:172.21.15.88:6800/2821081918,v1:172.21.15.88:6801/2821081918] conn(0x7faa5403e4d0 0x7faa540409e0 unknown :-1 s=CLOSED pgs=0 cs=0 l=1 rev1=0 crypto rx=0 tx=0 comp rx=0 tx=0).stop
2024-05-07T01:34:31.667 INFO:teuthology.orchestra.run.smithi088.stdout:/usr/bin/ceph: stderr
2024-05-07T01:34:30.750+0000 7faa7095c700 1 -- 172.21.15.88:0/4249630269 >> 172.21.15.88:0/4249630269 conn(0x7faa6c104000 msgr2=0x7faa6c1058a0 unknown :-1 s=STATE_NONE l=0).mark_down
2024-05-07T01:34:31.668 INFO:teuthology.orchestra.run.smithi088.stdout:/usr/bin/ceph: stderr
2024-05-07T01:34:30.750+0000 7faa7095c700 1 -- 172.21.15.88:0/4249630269 shutdown_connections
2024-05-07T01:34:31.668 INFO:teuthology.orchestra.run.smithi088.stdout:/usr/bin/ceph: stderr
2024-05-07T01:34:30.750+0000 7faa7095c700 1 -- 172.21.15.88:0/4249630269 wait complete.
2024-05-07T01:34:31.668 INFO:teuthology.orchestra.run.smithi088.stdout:mgr epoch 9 is available
2024-05-07T01:34:31.668 INFO:teuthology.orchestra.run.smithi088.stdout:Generating a dashboard self-signed certificate...
2024-05-07T01:34:32.592 INFO:journalctl@ceph.mon.a.smithi088.stdout:May 07 01:34:32 smithi088 ceph-mon[30160]: from='client.14156 -' entity='client.admin' cmd=[{"prefix": "get_command_descriptions"}]: dispatch
2024-05-07T01:34:32.593 INFO:journalctl@ceph.mon.a.smithi088.stdout:May 07 01:34:32 smithi088 ceph-mon[30160]: from='client.14156 -' entity='client.admin' cmd=[{"prefix": "mgr_status"}]: dispatch
2024-05-07T01:34:32.593 INFO:journalctl@ceph.mon.a.smithi088.stdout:May 07 01:34:32 smithi088 ceph-mon[30160]: from='mgr.14152 172.21.15.88:0/1162913545' entity='mgr.x'
2024-05-07T01:34:33.084 INFO:teuthology.orchestra.run.smithi088.stdout:/usr/bin/ceph: stdout Self-signed certificate created
2024-05-07T01:34:33.084 INFO:teuthology.orchestra.run.smithi088.stdout:/usr/bin/ceph: stderr
2024-05-07T01:34:32.119+0000 7f0024805700 1 Processor -- start
2024-05-07T01:34:33.084 INFO:teuthology.orchestra.run.smithi088.stdout:/usr/bin/ceph: stderr
2024-05-07T01:34:32.119+0000 7f0024805700 1 -- start start
2024-05-07T01:34:33.084 INFO:teuthology.orchestra.run.smithi088.stdout:/usr/bin/ceph: stderr
2024-05-07T01:34:32.120+0000 7f0024805700 1 --2- >> [v2:172.21.15.88:3300/0,v1:172.21.15.88:6789/0] conn(0x7f0020109f80 0x7f002010a390 unknown :-1 s=NONE pgs=0 cs=0 l=0 rev1=0 crypto rx=0 tx=0 comp rx=0 tx=0).connect
2024-05-07T01:34:33.084 INFO:teuthology.orchestra.run.smithi088.stdout:/usr/bin/ceph: stderr
2024-05-07T01:34:32.120+0000 7f0024805700 1 -- --> [v2:172.21.15.88:3300/0,v1:172.21.15.88:6789/0] -- mon_getmap magic: 0 -- 0x7f0020108530 con 0x7f0020109f80
2024-05-07T01:34:33.084 INFO:teuthology.orchestra.run.smithi088.stdout:/usr/bin/ceph: stderr
2024-05-07T01:34:32.120+0000 7f001e59c700 1 --2- >> [v2:172.21.15.88:3300/0,v1:172.21.15.88:6789/0] conn(0x7f0020109f80 0x7f002010a390 unknown :-1 s=BANNER_CONNECTING pgs=0 cs=0 l=0 rev1=0 crypto rx=0 tx=0 comp rx=0 tx=0)._handle_peer_banner_payload supported=3 required=0
2024-05-07T01:34:33.084 INFO:teuthology.orchestra.run.smithi088.stdout:/usr/bin/ceph: stderr
2024-05-07T01:34:32.120+0000 7f001e59c700 1 --2- >> [v2:172.21.15.88:3300/0,v1:172.21.15.88:6789/0] conn(0x7f0020109f80 0x7f002010a390 unknown :-1 s=HELLO_CONNECTING pgs=0 cs=0 l=0 rev1=1 crypto rx=0 tx=0 comp rx=0 tx=0).handle_hello peer v2:172.21.15.88:3300/0 says I am v2:172.21.15.88:51956/0 (socket says 172.21.15.88:51956)
2024-05-07T01:34:33.084 INFO:teuthology.orchestra.run.smithi088.stdout:/usr/bin/ceph: stderr
2024-05-07T01:34:32.120+0000 7f001e59c700 1 -- 172.21.15.88:0/1945328517 learned_addr learned my addr 172.21.15.88:0/1945328517 (peer_addr_for_me v2:172.21.15.88:0/0)
2024-05-07T01:34:33.084 INFO:teuthology.orchestra.run.smithi088.stdout:/usr/bin/ceph: stderr
2024-05-07T01:34:32.120+0000 7f001e59c700 1 -- 172.21.15.88:0/1945328517 --> [v2:172.21.15.88:3300/0,v1:172.21.15.88:6789/0] -- mon_subscribe({config=0+,monmap=0+}) -- 0x7f00201086b0 con 0x7f0020109f80
2024-05-07T01:34:33.084 INFO:teuthology.orchestra.run.smithi088.stdout:/usr/bin/ceph: stderr
2024-05-07T01:34:32.120+0000 7f001e59c700 1 --2- 172.21.15.88:0/1945328517 >> [v2:172.21.15.88:3300/0,v1:172.21.15.88:6789/0] conn(0x7f0020109f80 0x7f002010a390 secure :-1 s=READY pgs=70 cs=0 l=1 rev1=1 crypto rx=0x7f00100098a0 tx=0x7f0010009bb0 comp rx=0 tx=0).ready entity=mon.0 client_cookie=5872113befcc10aa server_cookie=0 in_seq=0 out_seq=0
2024-05-07T01:34:33.085 INFO:teuthology.orchestra.run.smithi088.stdout:/usr/bin/ceph: stderr
2024-05-07T01:34:32.120+0000 7f001d59a700 1 -- 172.21.15.88:0/1945328517 <== mon.0 v2:172.21.15.88:3300/0 1 ==== mon_map magic: 0 ==== 205+0+0 (secure 0 0 0) 0x7f0010004160 con 0x7f0020109f80
2024-05-07T01:34:33.085 INFO:teuthology.orchestra.run.smithi088.stdout:/usr/bin/ceph: stderr
2024-05-07T01:34:32.121+0000 7f001d59a700 1 -- 172.21.15.88:0/1945328517 <== mon.0 v2:172.21.15.88:3300/0 2 ==== config(25 keys) ==== 1063+0+0 (secure 0 0 0) 0x7f0010004300 con 0x7f0020109f80
2024-05-07T01:34:33.085 INFO:teuthology.orchestra.run.smithi088.stdout:/usr/bin/ceph: stderr
2024-05-07T01:34:32.121+0000 7f001d59a700 1 -- 172.21.15.88:0/1945328517 <== mon.0 v2:172.21.15.88:3300/0 3 ==== mon_map magic: 0 ==== 205+0+0 (secure 0 0 0) 0x7f0010011960 con 0x7f0020109f80
2024-05-07T01:34:33.085 INFO:teuthology.orchestra.run.smithi088.stdout:/usr/bin/ceph: stderr
2024-05-07T01:34:32.121+0000 7f0024805700 1 -- 172.21.15.88:0/1945328517 >> [v2:172.21.15.88:3300/0,v1:172.21.15.88:6789/0] conn(0x7f0020109f80 msgr2=0x7f002010a390 secure :-1 s=STATE_CONNECTION_ESTABLISHED l=1).mark_down
2024-05-07T01:34:33.085 INFO:teuthology.orchestra.run.smithi088.stdout:/usr/bin/ceph: stderr
2024-05-07T01:34:32.121+0000 7f0024805700 1 --2- 172.21.15.88:0/1945328517 >> [v2:172.21.15.88:3300/0,v1:172.21.15.88:6789/0] conn(0x7f0020109f80 0x7f002010a390 secure :-1 s=READY pgs=70 cs=0 l=1 rev1=1 crypto rx=0x7f00100098a0 tx=0x7f0010009bb0 comp rx=0 tx=0).stop
2024-05-07T01:34:33.085 INFO:teuthology.orchestra.run.smithi088.stdout:/usr/bin/ceph: stderr
2024-05-07T01:34:32.121+0000 7f0024805700 1 -- 172.21.15.88:0/1945328517 shutdown_connections
2024-05-07T01:34:33.085 INFO:teuthology.orchestra.run.smithi088.stdout:/usr/bin/ceph: stderr
2024-05-07T01:34:32.121+0000 7f0024805700 1 --2- 172.21.15.88:0/1945328517 >> [v2:172.21.15.88:3300/0,v1:172.21.15.88:6789/0] conn(0x7f0020109f80 0x7f002010a390 unknown :-1 s=CLOSED pgs=70 cs=0 l=1 rev1=1 crypto rx=0 tx=0 comp rx=0 tx=0).stop
2024-05-07T01:34:33.085 INFO:teuthology.orchestra.run.smithi088.stdout:/usr/bin/ceph: stderr
2024-05-07T01:34:32.121+0000 7f0024805700 1 -- 172.21.15.88:0/1945328517 >> 172.21.15.88:0/1945328517 conn(0x7f0020104000 msgr2=0x7f0020106450 unknown :-1 s=STATE_NONE l=0).mark_down
2024-05-07T01:34:33.085 INFO:teuthology.orchestra.run.smithi088.stdout:/usr/bin/ceph: stderr
2024-05-07T01:34:32.122+0000 7f0024805700 1 -- 172.21.15.88:0/1945328517 shutdown_connections
2024-05-07T01:34:33.085 INFO:teuthology.orchestra.run.smithi088.stdout:/usr/bin/ceph: stderr
2024-05-07T01:34:32.122+0000 7f0024805700 1 -- 172.21.15.88:0/1945328517 wait complete.
2024-05-07T01:34:33.085 INFO:teuthology.orchestra.run.smithi088.stdout:/usr/bin/ceph: stderr
2024-05-07T01:34:32.122+0000 7f0024805700 1 Processor -- start
2024-05-07T01:34:33.086 INFO:teuthology.orchestra.run.smithi088.stdout:/usr/bin/ceph: stderr
2024-05-07T01:34:32.122+0000 7f0024805700 1 -- start start
2024-05-07T01:34:33.086 INFO:teuthology.orchestra.run.smithi088.stdout:/usr/bin/ceph: stderr
2024-05-07T01:34:32.123+0000 7f0024805700 1 --2- >> [v2:172.21.15.88:3300/0,v1:172.21.15.88:6789/0] conn(0x7f0020109f80 0x7f002019dde0 unknown :-1 s=NONE pgs=0 cs=0 l=1 rev1=0 crypto rx=0 tx=0 comp rx=0 tx=0).connect
2024-05-07T01:34:33.086 INFO:teuthology.orchestra.run.smithi088.stdout:/usr/bin/ceph: stderr
2024-05-07T01:34:32.123+0000 7f0024805700 1 -- --> [v2:172.21.15.88:3300/0,v1:172.21.15.88:6789/0] -- mon_getmap magic: 0 -- 0x7f002010ce20 con 0x7f0020109f80
2024-05-07T01:34:33.086 INFO:teuthology.orchestra.run.smithi088.stdout:/usr/bin/ceph: stderr
2024-05-07T01:34:32.123+0000 7f001e59c700 1 --2- >> [v2:172.21.15.88:3300/0,v1:172.21.15.88:6789/0] conn(0x7f0020109f80 0x7f002019dde0 unknown :-1 s=BANNER_CONNECTING pgs=0 cs=0 l=1 rev1=0 crypto rx=0 tx=0 comp rx=0 tx=0)._handle_peer_banner_payload supported=3 required=0
2024-05-07T01:34:33.086 INFO:teuthology.orchestra.run.smithi088.stdout:/usr/bin/ceph: stderr
2024-05-07T01:34:32.123+0000 7f001e59c700 1 --2- >> [v2:172.21.15.88:3300/0,v1:172.21.15.88:6789/0] conn(0x7f0020109f80 0x7f002019dde0 unknown :-1 s=HELLO_CONNECTING pgs=0 cs=0 l=1 rev1=1 crypto rx=0 tx=0 comp rx=0 tx=0).handle_hello peer v2:172.21.15.88:3300/0 says I am v2:172.21.15.88:51958/0 (socket says 172.21.15.88:51958)
2024-05-07T01:34:33.086 INFO:teuthology.orchestra.run.smithi088.stdout:/usr/bin/ceph: stderr
2024-05-07T01:34:32.123+0000 7f001e59c700 1 -- 172.21.15.88:0/1232084215 learned_addr learned my addr 172.21.15.88:0/1232084215 (peer_addr_for_me v2:172.21.15.88:0/0)
2024-05-07T01:34:33.086 INFO:teuthology.orchestra.run.smithi088.stdout:/usr/bin/ceph: stderr
2024-05-07T01:34:32.123+0000 7f001e59c700 1 -- 172.21.15.88:0/1232084215 --> [v2:172.21.15.88:3300/0,v1:172.21.15.88:6789/0] -- mon_subscribe({config=0+,monmap=0+}) -- 0x7f002019e320 con 0x7f0020109f80
2024-05-07T01:34:33.086 INFO:teuthology.orchestra.run.smithi088.stdout:/usr/bin/ceph: stderr
2024-05-07T01:34:32.123+0000 7f001e59c700 1 --2- 172.21.15.88:0/1232084215 >> [v2:172.21.15.88:3300/0,v1:172.21.15.88:6789/0] conn(0x7f0020109f80 0x7f002019dde0 secure :-1 s=READY pgs=71 cs=0 l=1 rev1=1 crypto rx=0x7f0010003f50 tx=0x7f0010011a30 comp rx=0 tx=0).ready entity=mon.0 client_cookie=0 server_cookie=0 in_seq=0 out_seq=0
2024-05-07T01:34:33.086 INFO:teuthology.orchestra.run.smithi088.stdout:/usr/bin/ceph: stderr
2024-05-07T01:34:32.123+0000 7f000f7fe700 1 -- 172.21.15.88:0/1232084215 <== mon.0 v2:172.21.15.88:3300/0 1 ==== mon_map magic: 0 ==== 205+0+0 (secure 0 0 0) 0x7f001001f070 con 0x7f0020109f80
2024-05-07T01:34:33.086 INFO:teuthology.orchestra.run.smithi088.stdout:/usr/bin/ceph: stderr
2024-05-07T01:34:32.123+0000 7f0024805700 1 -- 172.21.15.88:0/1232084215 --> [v2:172.21.15.88:3300/0,v1:172.21.15.88:6789/0] -- mon_subscribe({mgrmap=0+}) -- 0x7f002019e5b0 con 0x7f0020109f80
2024-05-07T01:34:33.086 INFO:teuthology.orchestra.run.smithi088.stdout:/usr/bin/ceph: stderr
2024-05-07T01:34:32.123+0000 7f000f7fe700 1 -- 172.21.15.88:0/1232084215 <== mon.0 v2:172.21.15.88:3300/0 2 ==== config(25 keys) ==== 1063+0+0 (secure 0 0 0) 0x7f0010003aa0 con 0x7f0020109f80
2024-05-07T01:34:33.086 INFO:teuthology.orchestra.run.smithi088.stdout:/usr/bin/ceph: stderr
2024-05-07T01:34:32.123+0000 7f000f7fe700 1 -- 172.21.15.88:0/1232084215 <== mon.0 v2:172.21.15.88:3300/0 3 ==== mon_map magic: 0 ==== 205+0+0 (secure 0 0 0) 0x7f0010019580 con 0x7f0020109f80
2024-05-07T01:34:33.087 INFO:teuthology.orchestra.run.smithi088.stdout:/usr/bin/ceph: stderr
2024-05-07T01:34:32.124+0000 7f0024805700 1 -- 172.21.15.88:0/1232084215 --> [v2:172.21.15.88:3300/0,v1:172.21.15.88:6789/0] -- mon_subscribe({osdmap=0}) -- 0x7f00201a11c0 con 0x7f0020109f80
2024-05-07T01:34:33.087 INFO:teuthology.orchestra.run.smithi088.stdout:/usr/bin/ceph: stderr
2024-05-07T01:34:32.125+0000 7f000f7fe700 1 -- 172.21.15.88:0/1232084215 <== mon.0 v2:172.21.15.88:3300/0 4 ==== mgrmap(e 11) ==== 50129+0+0 (secure 0 0 0) 0x7f0010022070 con 0x7f0020109f80
2024-05-07T01:34:33.087 INFO:teuthology.orchestra.run.smithi088.stdout:/usr/bin/ceph: stderr
2024-05-07T01:34:32.125+0000 7f000f7fe700 1 --2- 172.21.15.88:0/1232084215 >> [v2:172.21.15.88:6800/1779015537,v1:172.21.15.88:6801/1779015537] conn(0x7f000803e3a0 0x7f00080408b0 unknown :-1 s=NONE pgs=0 cs=0 l=1 rev1=0 crypto rx=0 tx=0 comp rx=0 tx=0).connect
2024-05-07T01:34:33.087 INFO:teuthology.orchestra.run.smithi088.stdout:/usr/bin/ceph: stderr
2024-05-07T01:34:32.125+0000 7f000f7fe700 1 -- 172.21.15.88:0/1232084215 <== mon.0 v2:172.21.15.88:3300/0 5 ==== osd_map(3..3 src has 1..3) ==== 1155+0+0 (secure 0 0 0) 0x7f0010058660 con 0x7f0020109f80
2024-05-07T01:34:33.087 INFO:teuthology.orchestra.run.smithi088.stdout:/usr/bin/ceph: stderr
2024-05-07T01:34:32.125+0000 7f0024805700 1 -- 172.21.15.88:0/1232084215 --> [v2:172.21.15.88:3300/0,v1:172.21.15.88:6789/0] -- mon_command({"prefix": "get_command_descriptions"} v 0) -- 0x7f0020064e20 con 0x7f0020109f80
2024-05-07T01:34:33.087 INFO:teuthology.orchestra.run.smithi088.stdout:/usr/bin/ceph: stderr
2024-05-07T01:34:32.125+0000 7f001dd9b700 1 --2- 172.21.15.88:0/1232084215 >> [v2:172.21.15.88:6800/1779015537,v1:172.21.15.88:6801/1779015537] conn(0x7f000803e3a0 0x7f00080408b0 unknown :-1 s=BANNER_CONNECTING pgs=0 cs=0 l=1 rev1=0 crypto rx=0 tx=0 comp rx=0 tx=0)._handle_peer_banner_payload supported=3 required=0
2024-05-07T01:34:33.087 INFO:teuthology.orchestra.run.smithi088.stdout:/usr/bin/ceph: stderr
2024-05-07T01:34:32.125+0000 7f001dd9b700 1 --2- 172.21.15.88:0/1232084215 >> [v2:172.21.15.88:6800/1779015537,v1:172.21.15.88:6801/1779015537] conn(0x7f000803e3a0 0x7f00080408b0 secure :-1 s=READY pgs=7 cs=0 l=1 rev1=1 crypto rx=0x7f0014006fd0 tx=0x7f0014006e40 comp rx=0 tx=0).ready entity=mgr.14152 client_cookie=0 server_cookie=0 in_seq=0 out_seq=0
2024-05-07T01:34:33.087 INFO:teuthology.orchestra.run.smithi088.stdout:/usr/bin/ceph: stderr
2024-05-07T01:34:32.131+0000 7f000f7fe700 1 -- 172.21.15.88:0/1232084215 <== mon.0 v2:172.21.15.88:3300/0 6 ==== mon_command_ack([{"prefix": "get_command_descriptions"}]=0 v0) ==== 72+0+191963 (secure 0 0 0) 0x7f0010022360 con 0x7f0020109f80
2024-05-07T01:34:33.087 INFO:teuthology.orchestra.run.smithi088.stdout:/usr/bin/ceph: stderr
2024-05-07T01:34:32.345+0000 7f000f7fe700 1 -- 172.21.15.88:0/1232084215 <== mon.0 v2:172.21.15.88:3300/0 7 ==== mgrmap(e 12) ==== 50235+0+0 (secure 0 0 0) 0x7f001001ad00 con 0x7f0020109f80
2024-05-07T01:34:33.087 INFO:teuthology.orchestra.run.smithi088.stdout:/usr/bin/ceph: stderr
2024-05-07T01:34:32.352+0000 7f0024805700 1 -- 172.21.15.88:0/1232084215 --> [v2:172.21.15.88:6800/1779015537,v1:172.21.15.88:6801/1779015537] -- mgr_command(tid 0: {"prefix": "dashboard create-self-signed-cert", "target": ["mon-mgr", ""]}) -- 0x7f0020105ff0 con 0x7f000803e3a0
2024-05-07T01:34:33.087 INFO:teuthology.orchestra.run.smithi088.stdout:/usr/bin/ceph: stderr
2024-05-07T01:34:32.459+0000 7f000f7fe700 1 -- 172.21.15.88:0/1232084215 <== mgr.14152 v2:172.21.15.88:6800/1779015537 1 ==== mgr_command_reply(tid 0: 0 ) ==== 8+0+32 (secure 0 0 0) 0x7f0020105ff0 con 0x7f000803e3a0
2024-05-07T01:34:33.088 INFO:teuthology.orchestra.run.smithi088.stdout:/usr/bin/ceph: stderr
2024-05-07T01:34:32.461+0000 7f0024805700 1 -- 172.21.15.88:0/1232084215 >> [v2:172.21.15.88:6800/1779015537,v1:172.21.15.88:6801/1779015537] conn(0x7f000803e3a0 msgr2=0x7f00080408b0 secure :-1 s=STATE_CONNECTION_ESTABLISHED l=1).mark_down
2024-05-07T01:34:33.088 INFO:teuthology.orchestra.run.smithi088.stdout:/usr/bin/ceph: stderr
2024-05-07T01:34:32.461+0000 7f0024805700 1 --2- 172.21.15.88:0/1232084215 >> [v2:172.21.15.88:6800/1779015537,v1:172.21.15.88:6801/1779015537] conn(0x7f000803e3a0 0x7f00080408b0 secure :-1 s=READY pgs=7 cs=0 l=1 rev1=1 crypto rx=0x7f0014006fd0 tx=0x7f0014006e40 comp rx=0 tx=0).stop
2024-05-07T01:34:33.088 INFO:teuthology.orchestra.run.smithi088.stdout:/usr/bin/ceph: stderr
2024-05-07T01:34:32.461+0000 7f0024805700 1 -- 172.21.15.88:0/1232084215 >> [v2:172.21.15.88:3300/0,v1:172.21.15.88:6789/0] conn(0x7f0020109f80 msgr2=0x7f002019dde0 secure :-1 s=STATE_CONNECTION_ESTABLISHED l=1).mark_down
2024-05-07T01:34:33.088 INFO:teuthology.orchestra.run.smithi088.stdout:/usr/bin/ceph: stderr
2024-05-07T01:34:32.461+0000 7f0024805700 1 --2- 172.21.15.88:0/1232084215 >> [v2:172.21.15.88:3300/0,v1:172.21.15.88:6789/0] conn(0x7f0020109f80 0x7f002019dde0 secure :-1 s=READY pgs=71 cs=0 l=1 rev1=1 crypto rx=0x7f0010003f50 tx=0x7f0010011a30 comp rx=0 tx=0).stop
2024-05-07T01:34:33.088 INFO:teuthology.orchestra.run.smithi088.stdout:/usr/bin/ceph: stderr
2024-05-07T01:34:32.461+0000 7f0024805700 1 -- 172.21.15.88:0/1232084215 shutdown_connections
2024-05-07T01:34:33.088 INFO:teuthology.orchestra.run.smithi088.stdout:/usr/bin/ceph: stderr
2024-05-07T01:34:32.461+0000 7f0024805700 1 --2- 172.21.15.88:0/1232084215 >> [v2:172.21.15.88:6800/1779015537,v1:172.21.15.88:6801/1779015537] conn(0x7f000803e3a0 0x7f00080408b0 unknown :-1 s=CLOSED pgs=7 cs=0 l=1 rev1=1 crypto rx=0 tx=0 comp rx=0 tx=0).stop
2024-05-07T01:34:33.088 INFO:teuthology.orchestra.run.smithi088.stdout:/usr/bin/ceph: stderr
2024-05-07T01:34:32.461+0000 7f0024805700 1 --2- 172.21.15.88:0/1232084215 >> [v2:172.21.15.88:3300/0,v1:172.21.15.88:6789/0] conn(0x7f0020109f80 0x7f002019dde0 unknown :-1 s=CLOSED pgs=71 cs=0 l=1 rev1=1 crypto rx=0 tx=0 comp rx=0 tx=0).stop
2024-05-07T01:34:33.088 INFO:teuthology.orchestra.run.smithi088.stdout:/usr/bin/ceph: stderr
2024-05-07T01:34:32.461+0000 7f0024805700 1 -- 172.21.15.88:0/1232084215 >> 172.21.15.88:0/1232084215 conn(0x7f0020104000 msgr2=0x7f00201058e0 unknown :-1 s=STATE_NONE l=0).mark_down
2024-05-07T01:34:33.088 INFO:teuthology.orchestra.run.smithi088.stdout:/usr/bin/ceph: stderr
2024-05-07T01:34:32.461+0000 7f0024805700 1 -- 172.21.15.88:0/1232084215 shutdown_connections
2024-05-07T01:34:33.088 INFO:teuthology.orchestra.run.smithi088.stdout:/usr/bin/ceph: stderr
2024-05-07T01:34:32.461+0000 7f0024805700 1 -- 172.21.15.88:0/1232084215 wait complete.
2024-05-07T01:34:33.088 INFO:teuthology.orchestra.run.smithi088.stdout:Creating initial admin user...
2024-05-07T01:34:33.643 INFO:journalctl@ceph.mon.a.smithi088.stdout:May 07 01:34:33 smithi088 ceph-mon[30160]: [07/May/2024:01:34:31] ENGINE Bus STARTING
2024-05-07T01:34:33.644 INFO:journalctl@ceph.mon.a.smithi088.stdout:May 07 01:34:33 smithi088 ceph-mon[30160]: [07/May/2024:01:34:31] ENGINE Serving on http://172.21.15.88:8765
2024-05-07T01:34:33.644 INFO:journalctl@ceph.mon.a.smithi088.stdout:May 07 01:34:33 smithi088 ceph-mon[30160]: [07/May/2024:01:34:31] ENGINE Serving on https://172.21.15.88:7150
2024-05-07T01:34:33.644 INFO:journalctl@ceph.mon.a.smithi088.stdout:May 07 01:34:33 smithi088 ceph-mon[30160]: [07/May/2024:01:34:31] ENGINE Bus STARTED
2024-05-07T01:34:33.644 INFO:journalctl@ceph.mon.a.smithi088.stdout:May 07 01:34:33 smithi088 ceph-mon[30160]: mgrmap e12: x(active, since 2s)
2024-05-07T01:34:33.644 INFO:journalctl@ceph.mon.a.smithi088.stdout:May 07 01:34:33 smithi088 ceph-mon[30160]: from='client.14164 -' entity='client.admin' cmd=[{"prefix": "dashboard create-self-signed-cert", "target": ["mon-mgr", ""]}]: dispatch
2024-05-07T01:34:33.644 INFO:journalctl@ceph.mon.a.smithi088.stdout:May 07 01:34:33 smithi088 ceph-mon[30160]: from='mgr.14152 172.21.15.88:0/1162913545' entity='mgr.x'
2024-05-07T01:34:33.644 INFO:journalctl@ceph.mon.a.smithi088.stdout:May 07 01:34:33 smithi088 ceph-mon[30160]: from='mgr.14152 172.21.15.88:0/1162913545' entity='mgr.x'
2024-05-07T01:34:33.644 INFO:journalctl@ceph.mon.a.smithi088.stdout:May 07 01:34:33 smithi088 ceph-mon[30160]: from='mgr.14152 172.21.15.88:0/1162913545' entity='mgr.x'
2024-05-07T01:34:35.093 INFO:journalctl@ceph.mon.a.smithi088.stdout:May 07 01:34:35 smithi088 ceph-mon[30160]: from='client.14166 -' entity='client.admin' cmd=[{"prefix": "dashboard ac-user-create", "username": "admin", "rolename": "administrator", "force_password": true, "pwd_update_required": true, "target": ["mon-mgr", ""]}]: dispatch
2024-05-07T01:34:35.094 INFO:journalctl@ceph.mon.a.smithi088.stdout:May 07 01:34:35 smithi088 ceph-mon[30160]: from='mgr.14152 172.21.15.88:0/1162913545' entity='mgr.x'
2024-05-07T01:34:35.313 INFO:teuthology.orchestra.run.smithi088.stdout:/usr/bin/ceph: stdout {"username": "admin", "password": "$2b$12$0ZaZDRUlRnj09A7eq.88COrnqvu9ZogNVoH.6M1n4nVT3ISdsIrkC", "roles": ["administrator"], "name": null, "email": null, "lastUpdate": 1715045674, "enabled": true, "pwdExpirationDate": null, "pwdUpdateRequired": true}
2024-05-07T01:34:35.313 INFO:teuthology.orchestra.run.smithi088.stdout:/usr/bin/ceph: stderr
2024-05-07T01:34:33.543+0000 7fb3a20b1700 1 Processor -- start
2024-05-07T01:34:35.313 INFO:teuthology.orchestra.run.smithi088.stdout:/usr/bin/ceph: stderr
2024-05-07T01:34:33.543+0000 7fb3a20b1700 1 -- start start
2024-05-07T01:34:35.313 INFO:teuthology.orchestra.run.smithi088.stdout:/usr/bin/ceph: stderr
2024-05-07T01:34:33.543+0000 7fb3a20b1700 1 --2- >> [v2:172.21.15.88:3300/0,v1:172.21.15.88:6789/0] conn(0x7fb39c10a580 0x7fb39c10c9a0 unknown :-1 s=NONE pgs=0 cs=0 l=0 rev1=0 crypto rx=0 tx=0 comp rx=0 tx=0).connect
2024-05-07T01:34:35.313 INFO:teuthology.orchestra.run.smithi088.stdout:/usr/bin/ceph: stderr
2024-05-07T01:34:33.543+0000 7fb3a20b1700 1 -- --> [v2:172.21.15.88:3300/0,v1:172.21.15.88:6789/0] -- mon_getmap magic: 0 -- 0x7fb39c07ce70 con 0x7fb39c10a580
2024-05-07T01:34:35.314 INFO:teuthology.orchestra.run.smithi088.stdout:/usr/bin/ceph: stderr
