2024-05-07T02:17:00.329+0000 7f90cd000700 1 --2- >> [v2:172.21.15.19:3300/0,v1:172.21.15.19:6789/0] conn(0x7f90c810bcb0 0x7f90c810c0c0 unknown :-1 s=BANNER_CONNECTING pgs=0 cs=0 l=0 rev1=0 crypto rx=0 tx=0 comp rx=0 tx=0)._handle_peer_banner_payload supported=3 required=0
2024-05-07T02:17:01.893 INFO:teuthology.orchestra.run.smithi019.stdout:/usr/bin/ceph: stderr
2024-05-07T02:17:00.329+0000 7f90cd000700 1 --2- >> [v2:172.21.15.19:3300/0,v1:172.21.15.19:6789/0] conn(0x7f90c810bcb0 0x7f90c810c0c0 unknown :-1 s=HELLO_CONNECTING pgs=0 cs=0 l=0 rev1=1 crypto rx=0 tx=0 comp rx=0 tx=0).handle_hello peer v2:172.21.15.19:3300/0 says I am v2:172.21.15.19:48762/0 (socket says 172.21.15.19:48762)
2024-05-07T02:17:01.893 INFO:teuthology.orchestra.run.smithi019.stdout:/usr/bin/ceph: stderr
2024-05-07T02:17:00.329+0000 7f90cd000700 1 -- 172.21.15.19:0/1171046174 learned_addr learned my addr 172.21.15.19:0/1171046174 (peer_addr_for_me v2:172.21.15.19:0/0)
2024-05-07T02:17:01.893 INFO:teuthology.orchestra.run.smithi019.stdout:/usr/bin/ceph: stderr
2024-05-07T02:17:00.329+0000 7f90cd000700 1 -- 172.21.15.19:0/1171046174 --> [v2:172.21.15.19:3300/0,v1:172.21.15.19:6789/0] -- mon_subscribe({config=0+,monmap=0+}) -- 0x7f90c810cde0 con 0x7f90c810bcb0
2024-05-07T02:17:01.893 INFO:teuthology.orchestra.run.smithi019.stdout:/usr/bin/ceph: stderr
2024-05-07T02:17:00.330+0000 7f90cd000700 1 --2- 172.21.15.19:0/1171046174 >> [v2:172.21.15.19:3300/0,v1:172.21.15.19:6789/0] conn(0x7f90c810bcb0 0x7f90c810c0c0 secure :-1 s=READY pgs=41 cs=0 l=1 rev1=1 crypto rx=0x7f90bc0098a0 tx=0x7f90bc009bb0 comp rx=0 tx=0).ready entity=mon.0 client_cookie=3da951be77c6df1d server_cookie=0 in_seq=0 out_seq=0
2024-05-07T02:17:01.893 INFO:teuthology.orchestra.run.smithi019.stdout:/usr/bin/ceph: stderr
2024-05-07T02:17:00.330+0000 7f90c7400700 1 -- 172.21.15.19:0/1171046174 <== mon.0 v2:172.21.15.19:3300/0 1 ==== mon_map magic: 0 ==== 205+0+0 (secure 0 0 0) 0x7f90bc004160 con 0x7f90c810bcb0
2024-05-07T02:17:01.894 INFO:teuthology.orchestra.run.smithi019.stdout:/usr/bin/ceph: stderr
2024-05-07T02:17:00.330+0000 7f90c7400700 1 -- 172.21.15.19:0/1171046174 <== mon.0 v2:172.21.15.19:3300/0 2 ==== config(26 keys) ==== 1070+0+0 (secure 0 0 0) 0x7f90bc004300 con 0x7f90c810bcb0
2024-05-07T02:17:01.894 INFO:teuthology.orchestra.run.smithi019.stdout:/usr/bin/ceph: stderr
2024-05-07T02:17:00.330+0000 7f90c7400700 1 -- 172.21.15.19:0/1171046174 <== mon.0 v2:172.21.15.19:3300/0 3 ==== mon_map magic: 0 ==== 205+0+0 (secure 0 0 0) 0x7f90bc011af0 con 0x7f90c810bcb0
2024-05-07T02:17:01.894 INFO:teuthology.orchestra.run.smithi019.stdout:/usr/bin/ceph: stderr
2024-05-07T02:17:00.331+0000 7f90cfa00700 1 -- 172.21.15.19:0/1171046174 >> [v2:172.21.15.19:3300/0,v1:172.21.15.19:6789/0] conn(0x7f90c810bcb0 msgr2=0x7f90c810c0c0 secure :-1 s=STATE_CONNECTION_ESTABLISHED l=1).mark_down
2024-05-07T02:17:01.894 INFO:teuthology.orchestra.run.smithi019.stdout:/usr/bin/ceph: stderr
2024-05-07T02:17:00.331+0000 7f90cfa00700 1 --2- 172.21.15.19:0/1171046174 >> [v2:172.21.15.19:3300/0,v1:172.21.15.19:6789/0] conn(0x7f90c810bcb0 0x7f90c810c0c0 secure :-1 s=READY pgs=41 cs=0 l=1 rev1=1 crypto rx=0x7f90bc0098a0 tx=0x7f90bc009bb0 comp rx=0 tx=0).stop
2024-05-07T02:17:01.894 INFO:teuthology.orchestra.run.smithi019.stdout:/usr/bin/ceph: stderr
2024-05-07T02:17:00.331+0000 7f90cfa00700 1 -- 172.21.15.19:0/1171046174 shutdown_connections
2024-05-07T02:17:01.894 INFO:teuthology.orchestra.run.smithi019.stdout:/usr/bin/ceph: stderr
2024-05-07T02:17:00.331+0000 7f90cfa00700 1 --2- 172.21.15.19:0/1171046174 >> [v2:172.21.15.19:3300/0,v1:172.21.15.19:6789/0] conn(0x7f90c810bcb0 0x7f90c810c0c0 unknown :-1 s=CLOSED pgs=41 cs=0 l=1 rev1=1 crypto rx=0 tx=0 comp rx=0 tx=0).stop
2024-05-07T02:17:01.894 INFO:teuthology.orchestra.run.smithi019.stdout:/usr/bin/ceph: stderr
2024-05-07T02:17:00.331+0000 7f90cfa00700 1 -- 172.21.15.19:0/1171046174 >> 172.21.15.19:0/1171046174 conn(0x7f90c8107490 msgr2=0x7f90c81098b0 unknown :-1 s=STATE_NONE l=0).mark_down
2024-05-07T02:17:01.894 INFO:teuthology.orchestra.run.smithi019.stdout:/usr/bin/ceph: stderr
2024-05-07T02:17:00.331+0000 7f90cfa00700 1 -- 172.21.15.19:0/1171046174 shutdown_connections
2024-05-07T02:17:01.894 INFO:teuthology.orchestra.run.smithi019.stdout:/usr/bin/ceph: stderr
2024-05-07T02:17:00.331+0000 7f90cfa00700 1 -- 172.21.15.19:0/1171046174 wait complete.
2024-05-07T02:17:01.894 INFO:teuthology.orchestra.run.smithi019.stdout:/usr/bin/ceph: stderr
2024-05-07T02:17:00.332+0000 7f90cfa00700 1 Processor -- start
2024-05-07T02:17:01.894 INFO:teuthology.orchestra.run.smithi019.stdout:/usr/bin/ceph: stderr
2024-05-07T02:17:00.333+0000 7f90cfa00700 1 -- start start
2024-05-07T02:17:01.894 INFO:teuthology.orchestra.run.smithi019.stdout:/usr/bin/ceph: stderr
2024-05-07T02:17:00.333+0000 7f90cfa00700 1 --2- >> [v2:172.21.15.19:3300/0,v1:172.21.15.19:6789/0] conn(0x7f90c810bcb0 0x7f90c819ffe0 unknown :-1 s=NONE pgs=0 cs=0 l=1 rev1=0 crypto rx=0 tx=0 comp rx=0 tx=0).connect
2024-05-07T02:17:01.894 INFO:teuthology.orchestra.run.smithi019.stdout:/usr/bin/ceph: stderr
2024-05-07T02:17:00.333+0000 7f90cfa00700 1 -- --> [v2:172.21.15.19:3300/0,v1:172.21.15.19:6789/0] -- mon_getmap magic: 0 -- 0x7f90c8110190 con 0x7f90c810bcb0
2024-05-07T02:17:01.895 INFO:teuthology.orchestra.run.smithi019.stdout:/usr/bin/ceph: stderr
2024-05-07T02:17:00.333+0000 7f90cd000700 1 --2- >> [v2:172.21.15.19:3300/0,v1:172.21.15.19:6789/0] conn(0x7f90c810bcb0 0x7f90c819ffe0 unknown :-1 s=BANNER_CONNECTING pgs=0 cs=0 l=1 rev1=0 crypto rx=0 tx=0 comp rx=0 tx=0)._handle_peer_banner_payload supported=3 required=0
2024-05-07T02:17:01.895 INFO:teuthology.orchestra.run.smithi019.stdout:/usr/bin/ceph: stderr
2024-05-07T02:17:00.333+0000 7f90cd000700 1 --2- >> [v2:172.21.15.19:3300/0,v1:172.21.15.19:6789/0] conn(0x7f90c810bcb0 0x7f90c819ffe0 unknown :-1 s=HELLO_CONNECTING pgs=0 cs=0 l=1 rev1=1 crypto rx=0 tx=0 comp rx=0 tx=0).handle_hello peer v2:172.21.15.19:3300/0 says I am v2:172.21.15.19:48768/0 (socket says 172.21.15.19:48768)
2024-05-07T02:17:01.895 INFO:teuthology.orchestra.run.smithi019.stdout:/usr/bin/ceph: stderr
2024-05-07T02:17:00.333+0000 7f90cd000700 1 -- 172.21.15.19:0/3318568984 learned_addr learned my addr 172.21.15.19:0/3318568984 (peer_addr_for_me v2:172.21.15.19:0/0)
2024-05-07T02:17:01.895 INFO:teuthology.orchestra.run.smithi019.stdout:/usr/bin/ceph: stderr
2024-05-07T02:17:00.334+0000 7f90cd000700 1 -- 172.21.15.19:0/3318568984 --> [v2:172.21.15.19:3300/0,v1:172.21.15.19:6789/0] -- mon_subscribe({config=0+,monmap=0+}) -- 0x7f90c81a0520 con 0x7f90c810bcb0
2024-05-07T02:17:01.895 INFO:teuthology.orchestra.run.smithi019.stdout:/usr/bin/ceph: stderr
2024-05-07T02:17:00.334+0000 7f90cd000700 1 --2- 172.21.15.19:0/3318568984 >> [v2:172.21.15.19:3300/0,v1:172.21.15.19:6789/0] conn(0x7f90c810bcb0 0x7f90c819ffe0 secure :-1 s=READY pgs=42 cs=0 l=1 rev1=1 crypto rx=0x7f90bc011890 tx=0x7f90bc011970 comp rx=0 tx=0).ready entity=mon.0 client_cookie=0 server_cookie=0 in_seq=0 out_seq=0
2024-05-07T02:17:01.895 INFO:teuthology.orchestra.run.smithi019.stdout:/usr/bin/ceph: stderr
2024-05-07T02:17:00.334+0000 7f90c5600700 1 -- 172.21.15.19:0/3318568984 <== mon.0 v2:172.21.15.19:3300/0 1 ==== mon_map magic: 0 ==== 205+0+0 (secure 0 0 0) 0x7f90bc0039e0 con 0x7f90c810bcb0
2024-05-07T02:17:01.895 INFO:teuthology.orchestra.run.smithi019.stdout:/usr/bin/ceph: stderr
2024-05-07T02:17:00.334+0000 7f90c5600700 1 -- 172.21.15.19:0/3318568984 <== mon.0 v2:172.21.15.19:3300/0 2 ==== config(26 keys) ==== 1070+0+0 (secure 0 0 0) 0x7f90bc003b80 con 0x7f90c810bcb0
2024-05-07T02:17:01.895 INFO:teuthology.orchestra.run.smithi019.stdout:/usr/bin/ceph: stderr
2024-05-07T02:17:00.334+0000 7f90c5600700 1 -- 172.21.15.19:0/3318568984 <== mon.0 v2:172.21.15.19:3300/0 3 ==== mon_map magic: 0 ==== 205+0+0 (secure 0 0 0) 0x7f90bc0246e0 con 0x7f90c810bcb0
2024-05-07T02:17:01.895 INFO:teuthology.orchestra.run.smithi019.stdout:/usr/bin/ceph: stderr
2024-05-07T02:17:00.334+0000 7f90cfa00700 1 -- 172.21.15.19:0/3318568984 --> [v2:172.21.15.19:3300/0,v1:172.21.15.19:6789/0] -- mon_subscribe({mgrmap=0+}) -- 0x7f90c81a07b0 con 0x7f90c810bcb0
2024-05-07T02:17:01.895 INFO:teuthology.orchestra.run.smithi019.stdout:/usr/bin/ceph: stderr
2024-05-07T02:17:00.335+0000 7f90cfa00700 1 -- 172.21.15.19:0/3318568984 --> [v2:172.21.15.19:3300/0,v1:172.21.15.19:6789/0] -- mon_subscribe({osdmap=0}) -- 0x7f90c81a33c0 con 0x7f90c810bcb0
2024-05-07T02:17:01.895 INFO:teuthology.orchestra.run.smithi019.stdout:/usr/bin/ceph: stderr
2024-05-07T02:17:00.336+0000 7f90cfa00700 1 -- 172.21.15.19:0/3318568984 --> [v2:172.21.15.19:3300/0,v1:172.21.15.19:6789/0] -- mon_command({"prefix": "get_command_descriptions"} v 0) -- 0x7f90c8064e20 con 0x7f90c810bcb0
2024-05-07T02:17:01.895 INFO:teuthology.orchestra.run.smithi019.stdout:/usr/bin/ceph: stderr
2024-05-07T02:17:00.336+0000 7f90c5600700 1 -- 172.21.15.19:0/3318568984 <== mon.0 v2:172.21.15.19:3300/0 4 ==== mgrmap(e 8) ==== 50222+0+0 (secure 0 0 0) 0x7f90bc022020 con 0x7f90c810bcb0
2024-05-07T02:17:01.895 INFO:teuthology.orchestra.run.smithi019.stdout:/usr/bin/ceph: stderr
2024-05-07T02:17:00.336+0000 7f90c5600700 1 --2- 172.21.15.19:0/3318568984 >> [v2:172.21.15.19:6800/174304059,v1:172.21.15.19:6801/174304059] conn(0x7f90b003e580 0x7f90b0040a90 unknown :-1 s=NONE pgs=0 cs=0 l=1 rev1=0 crypto rx=0 tx=0 comp rx=0 tx=0).connect
2024-05-07T02:17:01.895 INFO:teuthology.orchestra.run.smithi019.stdout:/usr/bin/ceph: stderr
2024-05-07T02:17:00.336+0000 7f90c5600700 1 -- 172.21.15.19:0/3318568984 <== mon.0 v2:172.21.15.19:3300/0 5 ==== osd_map(2..2 src has 1..2) ==== 940+0+0 (secure 0 0 0) 0x7f90bc053700 con 0x7f90c810bcb0
2024-05-07T02:17:01.896 INFO:teuthology.orchestra.run.smithi019.stdout:/usr/bin/ceph: stderr
2024-05-07T02:17:00.337+0000 7f90c7e00700 1 --2- 172.21.15.19:0/3318568984 >> [v2:172.21.15.19:6800/174304059,v1:172.21.15.19:6801/174304059] conn(0x7f90b003e580 0x7f90b0040a90 unknown :-1 s=BANNER_CONNECTING pgs=0 cs=0 l=1 rev1=0 crypto rx=0 tx=0 comp rx=0 tx=0)._handle_peer_banner_payload supported=3 required=0
2024-05-07T02:17:01.896 INFO:teuthology.orchestra.run.smithi019.stdout:/usr/bin/ceph: stderr
2024-05-07T02:17:00.337+0000 7f90c7e00700 1 --2- 172.21.15.19:0/3318568984 >> [v2:172.21.15.19:6800/174304059,v1:172.21.15.19:6801/174304059] conn(0x7f90b003e580 0x7f90b0040a90 secure :-1 s=READY pgs=9 cs=0 l=1 rev1=1 crypto rx=0x7f90b4006fd0 tx=0x7f90b4006e40 comp rx=0 tx=0).ready entity=mgr.14120 client_cookie=0 server_cookie=0 in_seq=0 out_seq=0
2024-05-07T02:17:01.896 INFO:teuthology.orchestra.run.smithi019.stdout:/usr/bin/ceph: stderr
2024-05-07T02:17:00.342+0000 7f90c5600700 1 -- 172.21.15.19:0/3318568984 <== mon.0 v2:172.21.15.19:3300/0 6 ==== mon_command_ack([{"prefix": "get_command_descriptions"}]=0 v0) ==== 72+0+191963 (secure 0 0 0) 0x7f90bc0212c0 con 0x7f90c810bcb0
2024-05-07T02:17:01.896 INFO:teuthology.orchestra.run.smithi019.stdout:/usr/bin/ceph: stderr
2024-05-07T02:17:00.579+0000 7f90cfa00700 1 -- 172.21.15.19:0/3318568984 --> [v2:172.21.15.19:6800/174304059,v1:172.21.15.19:6801/174304059] -- mgr_command(tid 0: {"prefix": "cephadm generate-key", "target": ["mon-mgr", ""]}) -- 0x7f90c81092f0 con 0x7f90b003e580
2024-05-07T02:17:01.896 INFO:teuthology.orchestra.run.smithi019.stdout:/usr/bin/ceph: stderr
2024-05-07T02:17:00.953+0000 7f90c5600700 1 -- 172.21.15.19:0/3318568984 <== mgr.14120 v2:172.21.15.19:6800/174304059 1 ==== mgr_command_reply(tid 0: 0 ) ==== 8+0+0 (secure 0 0 0) 0x7f90c81092f0 con 0x7f90b003e580
2024-05-07T02:17:01.896 INFO:teuthology.orchestra.run.smithi019.stdout:/usr/bin/ceph: stderr
2024-05-07T02:17:00.956+0000 7f90cfa00700 1 -- 172.21.15.19:0/3318568984 >> [v2:172.21.15.19:6800/174304059,v1:172.21.15.19:6801/174304059] conn(0x7f90b003e580 msgr2=0x7f90b0040a90 secure :-1 s=STATE_CONNECTION_ESTABLISHED l=1).mark_down
2024-05-07T02:17:01.896 INFO:teuthology.orchestra.run.smithi019.stdout:/usr/bin/ceph: stderr
2024-05-07T02:17:00.956+0000 7f90cfa00700 1 --2- 172.21.15.19:0/3318568984 >> [v2:172.21.15.19:6800/174304059,v1:172.21.15.19:6801/174304059] conn(0x7f90b003e580 0x7f90b0040a90 secure :-1 s=READY pgs=9 cs=0 l=1 rev1=1 crypto rx=0x7f90b4006fd0 tx=0x7f90b4006e40 comp rx=0 tx=0).stop
2024-05-07T02:17:01.896 INFO:teuthology.orchestra.run.smithi019.stdout:/usr/bin/ceph: stderr
2024-05-07T02:17:00.956+0000 7f90cfa00700 1 -- 172.21.15.19:0/3318568984 >> [v2:172.21.15.19:3300/0,v1:172.21.15.19:6789/0] conn(0x7f90c810bcb0 msgr2=0x7f90c819ffe0 secure :-1 s=STATE_CONNECTION_ESTABLISHED l=1).mark_down
2024-05-07T02:17:01.896 INFO:teuthology.orchestra.run.smithi019.stdout:/usr/bin/ceph: stderr
2024-05-07T02:17:00.956+0000 7f90cfa00700 1 --2- 172.21.15.19:0/3318568984 >> [v2:172.21.15.19:3300/0,v1:172.21.15.19:6789/0] conn(0x7f90c810bcb0 0x7f90c819ffe0 secure :-1 s=READY pgs=42 cs=0 l=1 rev1=1 crypto rx=0x7f90bc011890 tx=0x7f90bc011970 comp rx=0 tx=0).stop
2024-05-07T02:17:01.896 INFO:teuthology.orchestra.run.smithi019.stdout:/usr/bin/ceph: stderr
2024-05-07T02:17:00.957+0000 7f90cfa00700 1 -- 172.21.15.19:0/3318568984 shutdown_connections
2024-05-07T02:17:01.896 INFO:teuthology.orchestra.run.smithi019.stdout:/usr/bin/ceph: stderr
2024-05-07T02:17:00.957+0000 7f90cfa00700 1 --2- 172.21.15.19:0/3318568984 >> [v2:172.21.15.19:6800/174304059,v1:172.21.15.19:6801/174304059] conn(0x7f90b003e580 0x7f90b0040a90 unknown :-1 s=CLOSED pgs=9 cs=0 l=1 rev1=1 crypto rx=0 tx=0 comp rx=0 tx=0).stop
2024-05-07T02:17:01.896 INFO:teuthology.orchestra.run.smithi019.stdout:/usr/bin/ceph: stderr
2024-05-07T02:17:00.957+0000 7f90cfa00700 1 --2- 172.21.15.19:0/3318568984 >> [v2:172.21.15.19:3300/0,v1:172.21.15.19:6789/0] conn(0x7f90c810bcb0 0x7f90c819ffe0 unknown :-1 s=CLOSED pgs=42 cs=0 l=1 rev1=1 crypto rx=0 tx=0 comp rx=0 tx=0).stop
2024-05-07T02:17:01.896 INFO:teuthology.orchestra.run.smithi019.stdout:/usr/bin/ceph: stderr
2024-05-07T02:17:00.957+0000 7f90cfa00700 1 -- 172.21.15.19:0/3318568984 >> 172.21.15.19:0/3318568984 conn(0x7f90c8107490 msgr2=0x7f90c8108be0 unknown :-1 s=STATE_NONE l=0).mark_down
2024-05-07T02:17:01.896 INFO:teuthology.orchestra.run.smithi019.stdout:/usr/bin/ceph: stderr
2024-05-07T02:17:00.957+0000 7f90cfa00700 1 -- 172.21.15.19:0/3318568984 shutdown_connections
2024-05-07T02:17:01.897 INFO:teuthology.orchestra.run.smithi019.stdout:/usr/bin/ceph: stderr
2024-05-07T02:17:00.957+0000 7f90cfa00700 1 -- 172.21.15.19:0/3318568984 wait complete.
2024-05-07T02:17:02.145 INFO:journalctl@ceph.mon.a.smithi019.stdout:May 07 02:17:01 smithi019 ceph-mon[29781]: from='client.14136 -' entity='client.admin' cmd=[{"prefix": "cephadm generate-key", "target": ["mon-mgr", ""]}]: dispatch
2024-05-07T02:17:02.145 INFO:journalctl@ceph.mon.a.smithi019.stdout:May 07 02:17:01 smithi019 ceph-mon[29781]: Generating ssh key...
2024-05-07T02:17:02.145 INFO:journalctl@ceph.mon.a.smithi019.stdout:May 07 02:17:01 smithi019 ceph-mon[29781]: from='mgr.14120 172.21.15.19:0/3795770355' entity='mgr.x'
2024-05-07T02:17:02.145 INFO:journalctl@ceph.mon.a.smithi019.stdout:May 07 02:17:01 smithi019 ceph-mon[29781]: from='mgr.14120 172.21.15.19:0/3795770355' entity='mgr.x'
2024-05-07T02:17:03.500 INFO:journalctl@ceph.mon.a.smithi019.stdout:May 07 02:17:03 smithi019 ceph-mon[29781]: from='client.14138 -' entity='client.admin' cmd=[{"prefix": "cephadm get-pub-key", "target": ["mon-mgr", ""]}]: dispatch
2024-05-07T02:17:03.514 INFO:teuthology.orchestra.run.smithi019.stdout:/usr/bin/ceph: stdout ssh-rsa AAAAB3NzaC1yc2EAAAADAQABAAABgQDWaSFHRR01PItWFiaCHApyakbyvTm1iFnKo7o7gyMhFt8Iz/7y19vrY8+uZYTceXTfy5uypRm0N3v1PfKQaGosbxTtdcqdnPShx3ob3VKMkoliJmB6qUHonbR5HL0hLYnDY5U/S3GruG338biAE4zFOBgKyGkxuW/9GdqElVpDQbOFlWWxxdLRu6Ziab9zKrRba8o8a+Z/qt9PjGkl75dW0wWrMAHShNo8zhOMvjCEB6jowhzgFrHlSM6fBcBiZMKZ00PhXX6cBPiQjN7eSg5nLyamkmhGujUJt0Ddo5Wjzudm5pu0vZMww3f1+QKhDMfHroaxhEHu3radW9Z0Ts6YWFvOUq4yQVNYHbusvEiG1gYrORuiXGMD/GLXQ0oQjQy37VsswvCfGVy70iBDDSFmRzeVVhu+4rADDk5dX2mFK8MsBA1Jbz+XDydBmIP41hzuKwTjOZSVgO4eLKiwXoaPkDOqm8bxPLdil0LdUk0tyAoku0Cly6pvlo8BYcHJwA0= ceph-9ff84c16-0c17-11ef-bc97-c7b262605968
2024-05-07T02:17:03.514 INFO:teuthology.orchestra.run.smithi019.stdout:/usr/bin/ceph: stderr
2024-05-07T02:17:02.556+0000 7f2e49400700 1 Processor -- start
2024-05-07T02:17:03.514 INFO:teuthology.orchestra.run.smithi019.stdout:/usr/bin/ceph: stderr
2024-05-07T02:17:02.557+0000 7f2e49400700 1 -- start start
2024-05-07T02:17:03.517 INFO:teuthology.orchestra.run.smithi019.stdout:/usr/bin/ceph: stderr
2024-05-07T02:17:02.557+0000 7f2e49400700 1 --2- >> [v2:172.21.15.19:3300/0,v1:172.21.15.19:6789/0] conn(0x7f2e44109950 0x7f2e44109d60 unknown :-1 s=NONE pgs=0 cs=0 l=0 rev1=0 crypto rx=0 tx=0 comp rx=0 tx=0).connect
2024-05-07T02:17:03.517 INFO:teuthology.orchestra.run.smithi019.stdout:/usr/bin/ceph: stderr
2024-05-07T02:17:02.557+0000 7f2e49400700 1 -- --> [v2:172.21.15.19:3300/0,v1:172.21.15.19:6789/0] -- mon_getmap magic: 0 -- 0x7f2e4410a350 con 0x7f2e44109950
2024-05-07T02:17:03.517 INFO:teuthology.orchestra.run.smithi019.stdout:/usr/bin/ceph: stderr
2024-05-07T02:17:02.557+0000 7f2e43e00700 1 --2- >> [v2:172.21.15.19:3300/0,v1:172.21.15.19:6789/0] conn(0x7f2e44109950 0x7f2e44109d60 unknown :-1 s=BANNER_CONNECTING pgs=0 cs=0 l=0 rev1=0 crypto rx=0 tx=0 comp rx=0 tx=0)._handle_peer_banner_payload supported=3 required=0
2024-05-07T02:17:03.517 INFO:teuthology.orchestra.run.smithi019.stdout:/usr/bin/ceph: stderr
2024-05-07T02:17:02.557+0000 7f2e43e00700 1 --2- >> [v2:172.21.15.19:3300/0,v1:172.21.15.19:6789/0] conn(0x7f2e44109950 0x7f2e44109d60 unknown :-1 s=HELLO_CONNECTING pgs=0 cs=0 l=0 rev1=1 crypto rx=0 tx=0 comp rx=0 tx=0).handle_hello peer v2:172.21.15.19:3300/0 says I am v2:172.21.15.19:48782/0 (socket says 172.21.15.19:48782)
2024-05-07T02:17:03.517 INFO:teuthology.orchestra.run.smithi019.stdout:/usr/bin/ceph: stderr
2024-05-07T02:17:02.557+0000 7f2e43e00700 1 -- 172.21.15.19:0/218623699 learned_addr learned my addr 172.21.15.19:0/218623699 (peer_addr_for_me v2:172.21.15.19:0/0)
2024-05-07T02:17:03.517 INFO:teuthology.orchestra.run.smithi019.stdout:/usr/bin/ceph: stderr
2024-05-07T02:17:02.558+0000 7f2e43e00700 1 -- 172.21.15.19:0/218623699 --> [v2:172.21.15.19:3300/0,v1:172.21.15.19:6789/0] -- mon_subscribe({config=0+,monmap=0+}) -- 0x7f2e4410aa80 con 0x7f2e44109950
2024-05-07T02:17:03.517 INFO:teuthology.orchestra.run.smithi019.stdout:/usr/bin/ceph: stderr
2024-05-07T02:17:02.558+0000 7f2e43e00700 1 --2- 172.21.15.19:0/218623699 >> [v2:172.21.15.19:3300/0,v1:172.21.15.19:6789/0] conn(0x7f2e44109950 0x7f2e44109d60 secure :-1 s=READY pgs=43 cs=0 l=1 rev1=1 crypto rx=0x7f2e34009e80 tx=0x7f2e3400b330 comp rx=0 tx=0).ready entity=mon.0 client_cookie=8ba1baa71f45c40b server_cookie=0 in_seq=0 out_seq=0
2024-05-07T02:17:03.517 INFO:teuthology.orchestra.run.smithi019.stdout:/usr/bin/ceph: stderr
2024-05-07T02:17:02.559+0000 7f2e42a00700 1 -- 172.21.15.19:0/218623699 <== mon.0 v2:172.21.15.19:3300/0 1 ==== mon_map magic: 0 ==== 205+0+0 (secure 0 0 0) 0x7f2e34017070 con 0x7f2e44109950
2024-05-07T02:17:03.517 INFO:teuthology.orchestra.run.smithi019.stdout:/usr/bin/ceph: stderr
2024-05-07T02:17:02.559+0000 7f2e42a00700 1 -- 172.21.15.19:0/218623699 <== mon.0 v2:172.21.15.19:3300/0 2 ==== config(26 keys) ==== 1070+0+0 (secure 0 0 0) 0x7f2e3400b8c0 con 0x7f2e44109950
2024-05-07T02:17:03.517 INFO:teuthology.orchestra.run.smithi019.stdout:/usr/bin/ceph: stderr
2024-05-07T02:17:02.559+0000 7f2e42a00700 1 -- 172.21.15.19:0/218623699 <== mon.0 v2:172.21.15.19:3300/0 3 ==== mon_map magic: 0 ==== 205+0+0 (secure 0 0 0) 0x7f2e34004490 con 0x7f2e44109950
2024-05-07T02:17:03.517 INFO:teuthology.orchestra.run.smithi019.stdout:/usr/bin/ceph: stderr
2024-05-07T02:17:02.559+0000 7f2e49400700 1 -- 172.21.15.19:0/218623699 >> [v2:172.21.15.19:3300/0,v1:172.21.15.19:6789/0] conn(0x7f2e44109950 msgr2=0x7f2e44109d60 secure :-1 s=STATE_CONNECTION_ESTABLISHED l=1).mark_down
2024-05-07T02:17:03.517 INFO:teuthology.orchestra.run.smithi019.stdout:/usr/bin/ceph: stderr
2024-05-07T02:17:02.559+0000 7f2e49400700 1 --2- 172.21.15.19:0/218623699 >> [v2:172.21.15.19:3300/0,v1:172.21.15.19:6789/0] conn(0x7f2e44109950 0x7f2e44109d60 secure :-1 s=READY pgs=43 cs=0 l=1 rev1=1 crypto rx=0x7f2e34009e80 tx=0x7f2e3400b330 comp rx=0 tx=0).stop
2024-05-07T02:17:03.517 INFO:teuthology.orchestra.run.smithi019.stdout:/usr/bin/ceph: stderr
2024-05-07T02:17:02.560+0000 7f2e49400700 1 -- 172.21.15.19:0/218623699 shutdown_connections
2024-05-07T02:17:03.518 INFO:teuthology.orchestra.run.smithi019.stdout:/usr/bin/ceph: stderr
2024-05-07T02:17:02.560+0000 7f2e49400700 1 --2- 172.21.15.19:0/218623699 >> [v2:172.21.15.19:3300/0,v1:172.21.15.19:6789/0] conn(0x7f2e44109950 0x7f2e44109d60 unknown :-1 s=CLOSED pgs=43 cs=0 l=1 rev1=1 crypto rx=0 tx=0 comp rx=0 tx=0).stop
2024-05-07T02:17:03.518 INFO:teuthology.orchestra.run.smithi019.stdout:/usr/bin/ceph: stderr
2024-05-07T02:17:02.560+0000 7f2e49400700 1 -- 172.21.15.19:0/218623699 >> 172.21.15.19:0/218623699 conn(0x7f2e44104ff0 msgr2=0x7f2e44107440 unknown :-1 s=STATE_NONE l=0).mark_down
2024-05-07T02:17:03.518 INFO:teuthology.orchestra.run.smithi019.stdout:/usr/bin/ceph: stderr
2024-05-07T02:17:02.560+0000 7f2e49400700 1 -- 172.21.15.19:0/218623699 shutdown_connections
2024-05-07T02:17:03.518 INFO:teuthology.orchestra.run.smithi019.stdout:/usr/bin/ceph: stderr
2024-05-07T02:17:02.560+0000 7f2e49400700 1 -- 172.21.15.19:0/218623699 wait complete.
2024-05-07T02:17:03.518 INFO:teuthology.orchestra.run.smithi019.stdout:/usr/bin/ceph: stderr
2024-05-07T02:17:02.561+0000 7f2e49400700 1 Processor -- start
2024-05-07T02:17:03.518 INFO:teuthology.orchestra.run.smithi019.stdout:/usr/bin/ceph: stderr
2024-05-07T02:17:02.561+0000 7f2e49400700 1 -- start start
2024-05-07T02:17:03.518 INFO:teuthology.orchestra.run.smithi019.stdout:/usr/bin/ceph: stderr
2024-05-07T02:17:02.561+0000 7f2e49400700 1 --2- >> [v2:172.21.15.19:3300/0,v1:172.21.15.19:6789/0] conn(0x7f2e44109950 0x7f2e4419dc80 unknown :-1 s=NONE pgs=0 cs=0 l=1 rev1=0 crypto rx=0 tx=0 comp rx=0 tx=0).connect
2024-05-07T02:17:03.518 INFO:teuthology.orchestra.run.smithi019.stdout:/usr/bin/ceph: stderr
2024-05-07T02:17:02.561+0000 7f2e49400700 1 -- --> [v2:172.21.15.19:3300/0,v1:172.21.15.19:6789/0] -- mon_getmap magic: 0 -- 0x7f2e4410de30 con 0x7f2e44109950
2024-05-07T02:17:03.521 INFO:teuthology.orchestra.run.smithi019.stdout:/usr/bin/ceph: stderr
2024-05-07T02:17:02.562+0000 7f2e43e00700 1 --2- >> [v2:172.21.15.19:3300/0,v1:172.21.15.19:6789/0] conn(0x7f2e44109950 0x7f2e4419dc80 unknown :-1 s=BANNER_CONNECTING pgs=0 cs=0 l=1 rev1=0 crypto rx=0 tx=0 comp rx=0 tx=0)._handle_peer_banner_payload supported=3 required=0
2024-05-07T02:17:03.521 INFO:teuthology.orchestra.run.smithi019.stdout:/usr/bin/ceph: stderr
2024-05-07T02:17:02.562+0000 7f2e43e00700 1 --2- >> [v2:172.21.15.19:3300/0,v1:172.21.15.19:6789/0] conn(0x7f2e44109950 0x7f2e4419dc80 unknown :-1 s=HELLO_CONNECTING pgs=0 cs=0 l=1 rev1=1 crypto rx=0 tx=0 comp rx=0 tx=0).handle_hello peer v2:172.21.15.19:3300/0 says I am v2:172.21.15.19:48794/0 (socket says 172.21.15.19:48794)
2024-05-07T02:17:03.521 INFO:teuthology.orchestra.run.smithi019.stdout:/usr/bin/ceph: stderr
2024-05-07T02:17:02.562+0000 7f2e43e00700 1 -- 172.21.15.19:0/2075138673 learned_addr learned my addr 172.21.15.19:0/2075138673 (peer_addr_for_me v2:172.21.15.19:0/0)
2024-05-07T02:17:03.521 INFO:teuthology.orchestra.run.smithi019.stdout:/usr/bin/ceph: stderr
2024-05-07T02:17:02.562+0000 7f2e43e00700 1 -- 172.21.15.19:0/2075138673 --> [v2:172.21.15.19:3300/0,v1:172.21.15.19:6789/0] -- mon_subscribe({config=0+,monmap=0+}) -- 0x7f2e4419e1c0 con 0x7f2e44109950
2024-05-07T02:17:03.522 INFO:teuthology.orchestra.run.smithi019.stdout:/usr/bin/ceph: stderr
2024-05-07T02:17:02.562+0000 7f2e43e00700 1 --2- 172.21.15.19:0/2075138673 >> [v2:172.21.15.19:3300/0,v1:172.21.15.19:6789/0] conn(0x7f2e44109950 0x7f2e4419dc80 secure :-1 s=READY pgs=44 cs=0 l=1 rev1=1 crypto rx=0x7f2e34009fd0 tx=0x7f2e3400bd50 comp rx=0 tx=0).ready entity=mon.0 client_cookie=0 server_cookie=0 in_seq=0 out_seq=0
2024-05-07T02:17:03.522 INFO:teuthology.orchestra.run.smithi019.stdout:/usr/bin/ceph: stderr
2024-05-07T02:17:02.563+0000 7f2e40c00700 1 -- 172.21.15.19:0/2075138673 <== mon.0 v2:172.21.15.19:3300/0 1 ==== mon_map magic: 0 ==== 205+0+0 (secure 0 0 0) 0x7f2e34020020 con 0x7f2e44109950
2024-05-07T02:17:03.522 INFO:teuthology.orchestra.run.smithi019.stdout:/usr/bin/ceph: stderr
2024-05-07T02:17:02.563+0000 7f2e40c00700 1 -- 172.21.15.19:0/2075138673 <== mon.0 v2:172.21.15.19:3300/0 2 ==== config(26 keys) ==== 1070+0+0 (secure 0 0 0) 0x7f2e34012430 con 0x7f2e44109950
2024-05-07T02:17:03.522 INFO:teuthology.orchestra.run.smithi019.stdout:/usr/bin/ceph: stderr
2024-05-07T02:17:02.563+0000 7f2e40c00700 1 -- 172.21.15.19:0/2075138673 <== mon.0 v2:172.21.15.19:3300/0 3 ==== mon_map magic: 0 ==== 205+0+0 (secure 0 0 0) 0x7f2e34017040 con 0x7f2e44109950
2024-05-07T02:17:03.522 INFO:teuthology.orchestra.run.smithi019.stdout:/usr/bin/ceph: stderr
2024-05-07T02:17:02.563+0000 7f2e49400700 1 -- 172.21.15.19:0/2075138673 --> [v2:172.21.15.19:3300/0,v1:172.21.15.19:6789/0] -- mon_subscribe({mgrmap=0+}) -- 0x7f2e4419e450 con 0x7f2e44109950
2024-05-07T02:17:03.522 INFO:teuthology.orchestra.run.smithi019.stdout:/usr/bin/ceph: stderr
2024-05-07T02:17:02.563+0000 7f2e49400700 1 -- 172.21.15.19:0/2075138673 --> [v2:172.21.15.19:3300/0,v1:172.21.15.19:6789/0] -- mon_subscribe({osdmap=0}) -- 0x7f2e441a1060 con 0x7f2e44109950
2024-05-07T02:17:03.522 INFO:teuthology.orchestra.run.smithi019.stdout:/usr/bin/ceph: stderr
2024-05-07T02:17:02.564+0000 7f2e49400700 1 -- 172.21.15.19:0/2075138673 --> [v2:172.21.15.19:3300/0,v1:172.21.15.19:6789/0] -- mon_command({"prefix": "get_command_descriptions"} v 0) -- 0x7f2e44064e20 con 0x7f2e44109950
2024-05-07T02:17:03.522 INFO:teuthology.orchestra.run.smithi019.stdout:/usr/bin/ceph: stderr
2024-05-07T02:17:02.564+0000 7f2e40c00700 1 -- 172.21.15.19:0/2075138673 <== mon.0 v2:172.21.15.19:3300/0 4 ==== mgrmap(e 8) ==== 50222+0+0 (secure 0 0 0) 0x7f2e34023020 con 0x7f2e44109950
2024-05-07T02:17:03.522 INFO:teuthology.orchestra.run.smithi019.stdout:/usr/bin/ceph: stderr
2024-05-07T02:17:02.565+0000 7f2e40c00700 1 --2- 172.21.15.19:0/2075138673 >> [v2:172.21.15.19:6800/174304059,v1:172.21.15.19:6801/174304059] conn(0x7f2e2803e580 0x7f2e28040a90 unknown :-1 s=NONE pgs=0 cs=0 l=1 rev1=0 crypto rx=0 tx=0 comp rx=0 tx=0).connect
2024-05-07T02:17:03.522 INFO:teuthology.orchestra.run.smithi019.stdout:/usr/bin/ceph: stderr
2024-05-07T02:17:02.565+0000 7f2e40c00700 1 -- 172.21.15.19:0/2075138673 <== mon.0 v2:172.21.15.19:3300/0 5 ==== osd_map(2..2 src has 1..2) ==== 940+0+0 (secure 0 0 0) 0x7f2e3400f050 con 0x7f2e44109950
2024-05-07T02:17:03.522 INFO:teuthology.orchestra.run.smithi019.stdout:/usr/bin/ceph: stderr
2024-05-07T02:17:02.565+0000 7f2e43400700 1 --2- 172.21.15.19:0/2075138673 >> [v2:172.21.15.19:6800/174304059,v1:172.21.15.19:6801/174304059] conn(0x7f2e2803e580 0x7f2e28040a90 unknown :-1 s=BANNER_CONNECTING pgs=0 cs=0 l=1 rev1=0 crypto rx=0 tx=0 comp rx=0 tx=0)._handle_peer_banner_payload supported=3 required=0
2024-05-07T02:17:03.522 INFO:teuthology.orchestra.run.smithi019.stdout:/usr/bin/ceph: stderr
2024-05-07T02:17:02.566+0000 7f2e43400700 1 --2- 172.21.15.19:0/2075138673 >> [v2:172.21.15.19:6800/174304059,v1:172.21.15.19:6801/174304059] conn(0x7f2e2803e580 0x7f2e28040a90 secure :-1 s=READY pgs=10 cs=0 l=1 rev1=1 crypto rx=0x7f2e30006fd0 tx=0x7f2e30006e40 comp rx=0 tx=0).ready entity=mgr.14120 client_cookie=0 server_cookie=0 in_seq=0 out_seq=0
2024-05-07T02:17:03.522 INFO:teuthology.orchestra.run.smithi019.stdout:/usr/bin/ceph: stderr
2024-05-07T02:17:02.572+0000 7f2e40c00700 1 -- 172.21.15.19:0/2075138673 <== mon.0 v2:172.21.15.19:3300/0 6 ==== mon_command_ack([{"prefix": "get_command_descriptions"}]=0 v0) ==== 72+0+191963 (secure 0 0 0) 0x7f2e3402a020 con 0x7f2e44109950
2024-05-07T02:17:03.522 INFO:teuthology.orchestra.run.smithi019.stdout:/usr/bin/ceph: stderr
2024-05-07T02:17:02.805+0000 7f2e49400700 1 -- 172.21.15.19:0/2075138673 --> [v2:172.21.15.19:6800/174304059,v1:172.21.15.19:6801/174304059] -- mgr_command(tid 0: {"prefix": "cephadm get-pub-key", "target": ["mon-mgr", ""]}) -- 0x7f2e44105f10 con 0x7f2e2803e580
2024-05-07T02:17:03.523 INFO:teuthology.orchestra.run.smithi019.stdout:/usr/bin/ceph: stderr
2024-05-07T02:17:02.807+0000 7f2e40c00700 1 -- 172.21.15.19:0/2075138673 <== mgr.14120 v2:172.21.15.19:6800/174304059 1 ==== mgr_command_reply(tid 0: 0 ) ==== 8+0+595 (secure 0 0 0) 0x7f2e44105f10 con 0x7f2e2803e580
2024-05-07T02:17:03.523 INFO:teuthology.orchestra.run.smithi019.stdout:/usr/bin/ceph: stderr
2024-05-07T02:17:02.810+0000 7f2e49400700 1 -- 172.21.15.19:0/2075138673 >> [v2:172.21.15.19:6800/174304059,v1:172.21.15.19:6801/174304059] conn(0x7f2e2803e580 msgr2=0x7f2e28040a90 secure :-1 s=STATE_CONNECTION_ESTABLISHED l=1).mark_down
2024-05-07T02:17:03.523 INFO:teuthology.orchestra.run.smithi019.stdout:/usr/bin/ceph: stderr
2024-05-07T02:17:02.810+0000 7f2e49400700 1 --2- 172.21.15.19:0/2075138673 >> [v2:172.21.15.19:6800/174304059,v1:172.21.15.19:6801/174304059] conn(0x7f2e2803e580 0x7f2e28040a90 secure :-1 s=READY pgs=10 cs=0 l=1 rev1=1 crypto rx=0x7f2e30006fd0 tx=0x7f2e30006e40 comp rx=0 tx=0).stop
2024-05-07T02:17:03.523 INFO:teuthology.orchestra.run.smithi019.stdout:/usr/bin/ceph: stderr
2024-05-07T02:17:02.810+0000 7f2e49400700 1 -- 172.21.15.19:0/2075138673 >> [v2:172.21.15.19:3300/0,v1:172.21.15.19:6789/0] conn(0x7f2e44109950 msgr2=0x7f2e4419dc80 secure :-1 s=STATE_CONNECTION_ESTABLISHED l=1).mark_down
2024-05-07T02:17:03.523 INFO:teuthology.orchestra.run.smithi019.stdout:/usr/bin/ceph: stderr
2024-05-07T02:17:02.810+0000 7f2e49400700 1 --2- 172.21.15.19:0/2075138673 >> [v2:172.21.15.19:3300/0,v1:172.21.15.19:6789/0] conn(0x7f2e44109950 0x7f2e4419dc80 secure :-1 s=READY pgs=44 cs=0 l=1 rev1=1 crypto rx=0x7f2e34009fd0 tx=0x7f2e3400bd50 comp rx=0 tx=0).stop
2024-05-07T02:17:03.523 INFO:teuthology.orchestra.run.smithi019.stdout:/usr/bin/ceph: stderr
2024-05-07T02:17:02.810+0000 7f2e49400700 1 -- 172.21.15.19:0/2075138673 shutdown_connections
2024-05-07T02:17:03.523 INFO:teuthology.orchestra.run.smithi019.stdout:/usr/bin/ceph: stderr
2024-05-07T02:17:02.810+0000 7f2e49400700 1 --2- 172.21.15.19:0/2075138673 >> [v2:172.21.15.19:6800/174304059,v1:172.21.15.19:6801/174304059] conn(0x7f2e2803e580 0x7f2e28040a90 unknown :-1 s=CLOSED pgs=10 cs=0 l=1 rev1=1 crypto rx=0 tx=0 comp rx=0 tx=0).stop
2024-05-07T02:17:03.523 INFO:teuthology.orchestra.run.smithi019.stdout:/usr/bin/ceph: stderr
2024-05-07T02:17:02.810+0000 7f2e49400700 1 --2- 172.21.15.19:0/2075138673 >> [v2:172.21.15.19:3300/0,v1:172.21.15.19:6789/0] conn(0x7f2e44109950 0x7f2e4419dc80 unknown :-1 s=CLOSED pgs=44 cs=0 l=1 rev1=1 crypto rx=0 tx=0 comp rx=0 tx=0).stop
2024-05-07T02:17:03.523 INFO:teuthology.orchestra.run.smithi019.stdout:/usr/bin/ceph: stderr
2024-05-07T02:17:02.810+0000 7f2e49400700 1 -- 172.21.15.19:0/2075138673 >> 172.21.15.19:0/2075138673 conn(0x7f2e44104ff0 msgr2=0x7f2e44105800 unknown :-1 s=STATE_NONE l=0).mark_down
2024-05-07T02:17:03.523 INFO:teuthology.orchestra.run.smithi019.stdout:/usr/bin/ceph: stderr
2024-05-07T02:17:02.811+0000 7f2e49400700 1 -- 172.21.15.19:0/2075138673 shutdown_connections
2024-05-07T02:17:03.523 INFO:teuthology.orchestra.run.smithi019.stdout:/usr/bin/ceph: stderr
2024-05-07T02:17:02.811+0000 7f2e49400700 1 -- 172.21.15.19:0/2075138673 wait complete.
2024-05-07T02:17:03.523 INFO:teuthology.orchestra.run.smithi019.stdout:Wrote public SSH key to /home/ubuntu/cephtest/ceph.pub
2024-05-07T02:17:03.523 INFO:teuthology.orchestra.run.smithi019.stdout:Adding key to root@localhost authorized_keys...
2024-05-07T02:17:03.524 INFO:teuthology.orchestra.run.smithi019.stdout:Adding host smithi019...
2024-05-07T02:17:05.394 INFO:journalctl@ceph.mon.a.smithi019.stdout:May 07 02:17:05 smithi019 ceph-mon[29781]: from='client.14140 -' entity='client.admin' cmd=[{"prefix": "orch host add", "hostname": "smithi019", "addr": "172.21.15.19", "target": ["mon-mgr", ""]}]: dispatch
2024-05-07T02:17:06.394 INFO:journalctl@ceph.mon.a.smithi019.stdout:May 07 02:17:06 smithi019 ceph-mon[29781]: Deploying cephadm binary to smithi019
2024-05-07T02:17:11.591 INFO:teuthology.orchestra.run.smithi019.stdout:/usr/bin/ceph: stdout Added host 'smithi019' with addr '172.21.15.19'
2024-05-07T02:17:11.591 INFO:teuthology.orchestra.run.smithi019.stdout:/usr/bin/ceph: stderr
2024-05-07T02:17:04.147+0000 7fc425600700 1 Processor -- start
2024-05-07T02:17:11.591 INFO:teuthology.orchestra.run.smithi019.stdout:/usr/bin/ceph: stderr
2024-05-07T02:17:04.147+0000 7fc425600700 1 -- start start
2024-05-07T02:17:11.591 INFO:teuthology.orchestra.run.smithi019.stdout:/usr/bin/ceph: stderr
2024-05-07T02:17:04.147+0000 7fc425600700 1 --2- >> [v2:172.21.15.19:3300/0,v1:172.21.15.19:6789/0] conn(0x7fc42010bcb0 0x7fc42010c0c0 unknown :-1 s=NONE pgs=0 cs=0 l=0 rev1=0 crypto rx=0 tx=0 comp rx=0 tx=0).connect
2024-05-07T02:17:11.592 INFO:teuthology.orchestra.run.smithi019.stdout:/usr/bin/ceph: stderr
2024-05-07T02:17:04.147+0000 7fc425600700 1 -- --> [v2:172.21.15.19:3300/0,v1:172.21.15.19:6789/0] -- mon_getmap magic: 0 -- 0x7fc42010c6b0 con 0x7fc42010bcb0
2024-05-07T02:17:11.592 INFO:teuthology.orchestra.run.smithi019.stdout:/usr/bin/ceph: stderr
2024-05-07T02:17:04.148+0000 7fc41ea00700 1 --2- >> [v2:172.21.15.19:3300/0,v1:172.21.15.19:6789/0] conn(0x7fc42010bcb0 0x7fc42010c0c0 unknown :-1 s=BANNER_CONNECTING pgs=0 cs=0 l=0 rev1=0 crypto rx=0 tx=0 comp rx=0 tx=0)._handle_peer_banner_payload supported=3 required=0
2024-05-07T02:17:11.592 INFO:teuthology.orchestra.run.smithi019.stdout:/usr/bin/ceph: stderr
2024-05-07T02:17:04.148+0000 7fc41ea00700 1 --2- >> [v2:172.21.15.19:3300/0,v1:172.21.15.19:6789/0] conn(0x7fc42010bcb0 0x7fc42010c0c0 unknown :-1 s=HELLO_CONNECTING pgs=0 cs=0 l=0 rev1=1 crypto rx=0 tx=0 comp rx=0 tx=0).handle_hello peer v2:172.21.15.19:3300/0 says I am v2:172.21.15.19:48804/0 (socket says 172.21.15.19:48804)
2024-05-07T02:17:11.592 INFO:teuthology.orchestra.run.smithi019.stdout:/usr/bin/ceph: stderr
2024-05-07T02:17:04.148+0000 7fc41ea00700 1 -- 172.21.15.19:0/1525856796 learned_addr learned my addr 172.21.15.19:0/1525856796 (peer_addr_for_me v2:172.21.15.19:0/0)
2024-05-07T02:17:11.592 INFO:teuthology.orchestra.run.smithi019.stdout:/usr/bin/ceph: stderr
2024-05-07T02:17:04.148+0000 7fc41ea00700 1 -- 172.21.15.19:0/1525856796 --> [v2:172.21.15.19:3300/0,v1:172.21.15.19:6789/0] -- mon_subscribe({config=0+,monmap=0+}) -- 0x7fc42010cde0 con 0x7fc42010bcb0
2024-05-07T02:17:11.592 INFO:teuthology.orchestra.run.smithi019.stdout:/usr/bin/ceph: stderr
2024-05-07T02:17:04.149+0000 7fc41ea00700 1 --2- 172.21.15.19:0/1525856796 >> [v2:172.21.15.19:3300/0,v1:172.21.15.19:6789/0] conn(0x7fc42010bcb0 0x7fc42010c0c0 secure :-1 s=READY pgs=45 cs=0 l=1 rev1=1 crypto rx=0x7fc4100098a0 tx=0x7fc410009bb0 comp rx=0 tx=0).ready entity=mon.0 client_cookie=1593196902866b22 server_cookie=0 in_seq=0 out_seq=0
2024-05-07T02:17:11.592 INFO:teuthology.orchestra.run.smithi019.stdout:/usr/bin/ceph: stderr
2024-05-07T02:17:04.149+0000 7fc41e000700 1 -- 172.21.15.19:0/1525856796 <== mon.0 v2:172.21.15.19:3300/0 1 ==== mon_map magic: 0 ==== 205+0+0 (secure 0 0 0) 0x7fc410004160 con 0x7fc42010bcb0
2024-05-07T02:17:11.592 INFO:teuthology.orchestra.run.smithi019.stdout:/usr/bin/ceph: stderr
2024-05-07T02:17:04.149+0000 7fc41e000700 1 -- 172.21.15.19:0/1525856796 <== mon.0 v2:172.21.15.19:3300/0 2 ==== config(26 keys) ==== 1070+0+0 (secure 0 0 0) 0x7fc410004300 con 0x7fc42010bcb0
2024-05-07T02:17:11.592 INFO:teuthology.orchestra.run.smithi019.stdout:/usr/bin/ceph: stderr
2024-05-07T02:17:04.149+0000 7fc41e000700 1 -- 172.21.15.19:0/1525856796 <== mon.0 v2:172.21.15.19:3300/0 3 ==== mon_map magic: 0 ==== 205+0+0 (secure 0 0 0) 0x7fc410011af0 con 0x7fc42010bcb0
2024-05-07T02:17:11.592 INFO:teuthology.orchestra.run.smithi019.stdout:/usr/bin/ceph: stderr
2024-05-07T02:17:04.150+0000 7fc425600700 1 -- 172.21.15.19:0/1525856796 >> [v2:172.21.15.19:3300/0,v1:172.21.15.19:6789/0] conn(0x7fc42010bcb0 msgr2=0x7fc42010c0c0 secure :-1 s=STATE_CONNECTION_ESTABLISHED l=1).mark_down
2024-05-07T02:17:11.592 INFO:teuthology.orchestra.run.smithi019.stdout:/usr/bin/ceph: stderr
2024-05-07T02:17:04.150+0000 7fc425600700 1 --2- 172.21.15.19:0/1525856796 >> [v2:172.21.15.19:3300/0,v1:172.21.15.19:6789/0] conn(0x7fc42010bcb0 0x7fc42010c0c0 secure :-1 s=READY pgs=45 cs=0 l=1 rev1=1 crypto rx=0x7fc4100098a0 tx=0x7fc410009bb0 comp rx=0 tx=0).stop
2024-05-07T02:17:11.592 INFO:teuthology.orchestra.run.smithi019.stdout:/usr/bin/ceph: stderr
2024-05-07T02:17:04.150+0000 7fc425600700 1 -- 172.21.15.19:0/1525856796 shutdown_connections
2024-05-07T02:17:11.592 INFO:teuthology.orchestra.run.smithi019.stdout:/usr/bin/ceph: stderr
2024-05-07T02:17:04.150+0000 7fc425600700 1 --2- 172.21.15.19:0/1525856796 >> [v2:172.21.15.19:3300/0,v1:172.21.15.19:6789/0] conn(0x7fc42010bcb0 0x7fc42010c0c0 unknown :-1 s=CLOSED pgs=45 cs=0 l=1 rev1=1 crypto rx=0 tx=0 comp rx=0 tx=0).stop
2024-05-07T02:17:11.592 INFO:teuthology.orchestra.run.smithi019.stdout:/usr/bin/ceph: stderr
2024-05-07T02:17:04.150+0000 7fc425600700 1 -- 172.21.15.19:0/1525856796 >> 172.21.15.19:0/1525856796 conn(0x7fc420107490 msgr2=0x7fc4201098b0 unknown :-1 s=STATE_NONE l=0).mark_down
2024-05-07T02:17:11.593 INFO:teuthology.orchestra.run.smithi019.stdout:/usr/bin/ceph: stderr
2024-05-07T02:17:04.150+0000 7fc425600700 1 -- 172.21.15.19:0/1525856796 shutdown_connections
2024-05-07T02:17:11.593 INFO:teuthology.orchestra.run.smithi019.stdout:/usr/bin/ceph: stderr
2024-05-07T02:17:04.151+0000 7fc425600700 1 -- 172.21.15.19:0/1525856796 wait complete.
2024-05-07T02:17:11.593 INFO:teuthology.orchestra.run.smithi019.stdout:/usr/bin/ceph: stderr
2024-05-07T02:17:04.152+0000 7fc425600700 1 Processor -- start
2024-05-07T02:17:11.593 INFO:teuthology.orchestra.run.smithi019.stdout:/usr/bin/ceph: stderr
2024-05-07T02:17:04.152+0000 7fc425600700 1 -- start start
2024-05-07T02:17:11.593 INFO:teuthology.orchestra.run.smithi019.stdout:/usr/bin/ceph: stderr
2024-05-07T02:17:04.152+0000 7fc425600700 1 --2- >> [v2:172.21.15.19:3300/0,v1:172.21.15.19:6789/0] conn(0x7fc42010bcb0 0x7fc42019ffe0 unknown :-1 s=NONE pgs=0 cs=0 l=1 rev1=0 crypto rx=0 tx=0 comp rx=0 tx=0).connect
2024-05-07T02:17:11.593 INFO:teuthology.orchestra.run.smithi019.stdout:/usr/bin/ceph: stderr
2024-05-07T02:17:04.152+0000 7fc425600700 1 -- --> [v2:172.21.15.19:3300/0,v1:172.21.15.19:6789/0] -- mon_getmap magic: 0 -- 0x7fc420110190 con 0x7fc42010bcb0
2024-05-07T02:17:11.593 INFO:teuthology.orchestra.run.smithi019.stdout:/usr/bin/ceph: stderr
2024-05-07T02:17:04.153+0000 7fc41ea00700 1 --2- >> [v2:172.21.15.19:3300/0,v1:172.21.15.19:6789/0] conn(0x7fc42010bcb0 0x7fc42019ffe0 unknown :-1 s=BANNER_CONNECTING pgs=0 cs=0 l=1 rev1=0 crypto rx=0 tx=0 comp rx=0 tx=0)._handle_peer_banner_payload supported=3 required=0
2024-05-07T02:17:11.593 INFO:teuthology.orchestra.run.smithi019.stdout:/usr/bin/ceph: stderr
2024-05-07T02:17:04.153+0000 7fc41ea00700 1 --2- >> [v2:172.21.15.19:3300/0,v1:172.21.15.19:6789/0] conn(0x7fc42010bcb0 0x7fc42019ffe0 unknown :-1 s=HELLO_CONNECTING pgs=0 cs=0 l=1 rev1=1 crypto rx=0 tx=0 comp rx=0 tx=0).handle_hello peer v2:172.21.15.19:3300/0 says I am v2:172.21.15.19:48812/0 (socket says 172.21.15.19:48812)
2024-05-07T02:17:11.593 INFO:teuthology.orchestra.run.smithi019.stdout:/usr/bin/ceph: stderr
2024-05-07T02:17:04.153+0000 7fc41ea00700 1 -- 172.21.15.19:0/3073970710 learned_addr learned my addr 172.21.15.19:0/3073970710 (peer_addr_for_me v2:172.21.15.19:0/0)
2024-05-07T02:17:11.593 INFO:teuthology.orchestra.run.smithi019.stdout:/usr/bin/ceph: stderr
2024-05-07T02:17:04.153+0000 7fc41ea00700 1 -- 172.21.15.19:0/3073970710 --> [v2:172.21.15.19:3300/0,v1:172.21.15.19:6789/0] -- mon_subscribe({config=0+,monmap=0+}) -- 0x7fc4201a0520 con 0x7fc42010bcb0
2024-05-07T02:17:11.593 INFO:teuthology.orchestra.run.smithi019.stdout:/usr/bin/ceph: stderr
2024-05-07T02:17:04.153+0000 7fc41ea00700 1 --2- 172.21.15.19:0/3073970710 >> [v2:172.21.15.19:3300/0,v1:172.21.15.19:6789/0] conn(0x7fc42010bcb0 0x7fc42019ffe0 secure :-1 s=READY pgs=46 cs=0 l=1 rev1=1 crypto rx=0x7fc410009fb0 tx=0x7fc410011890 comp rx=0 tx=0).ready entity=mon.0 client_cookie=0 server_cookie=0 in_seq=0 out_seq=0
2024-05-07T02:17:11.593 INFO:teuthology.orchestra.run.smithi019.stdout:/usr/bin/ceph: stderr
2024-05-07T02:17:04.154+0000 7fc417400700 1 -- 172.21.15.19:0/3073970710 <== mon.0 v2:172.21.15.19:3300/0 1 ==== mon_map magic: 0 ==== 205+0+0 (secure 0 0 0) 0x7fc4100036a0 con 0x7fc42010bcb0
2024-05-07T02:17:11.593 INFO:teuthology.orchestra.run.smithi019.stdout:/usr/bin/ceph: stderr
2024-05-07T02:17:04.154+0000 7fc417400700 1 -- 172.21.15.19:0/3073970710 <== mon.0 v2:172.21.15.19:3300/0 2 ==== config(26 keys) ==== 1070+0+0 (secure 0 0 0) 0x7fc410003cd0 con 0x7fc42010bcb0
2024-05-07T02:17:11.593 INFO:teuthology.orchestra.run.smithi019.stdout:/usr/bin/ceph: stderr
2024-05-07T02:17:04.154+0000 7fc425600700 1 -- 172.21.15.19:0/3073970710 --> [v2:172.21.15.19:3300/0,v1:172.21.15.19:6789/0] -- mon_subscribe({mgrmap=0+}) -- 0x7fc4201a07b0 con 0x7fc42010bcb0
2024-05-07T02:17:11.593 INFO:teuthology.orchestra.run.smithi019.stdout:/usr/bin/ceph: stderr
2024-05-07T02:17:04.154+0000 7fc417400700 1 -- 172.21.15.19:0/3073970710 <== mon.0 v2:172.21.15.19:3300/0 3 ==== mon_map magic: 0 ==== 205+0+0 (secure 0 0 0) 0x7fc41001a430 con 0x7fc42010bcb0
2024-05-07T02:17:11.594 INFO:teuthology.orchestra.run.smithi019.stdout:/usr/bin/ceph: stderr
2024-05-07T02:17:04.154+0000 7fc425600700 1 -- 172.21.15.19:0/3073970710 --> [v2:172.21.15.19:3300/0,v1:172.21.15.19:6789/0] -- mon_subscribe({osdmap=0}) -- 0x7fc4201a33c0 con 0x7fc42010bcb0
2024-05-07T02:17:11.594 INFO:teuthology.orchestra.run.smithi019.stdout:/usr/bin/ceph: stderr
2024-05-07T02:17:04.155+0000 7fc425600700 1 -- 172.21.15.19:0/3073970710 --> [v2:172.21.15.19:3300/0,v1:172.21.15.19:6789/0] -- mon_command({"prefix": "get_command_descriptions"} v 0) -- 0x7fc420064e20 con 0x7fc42010bcb0
2024-05-07T02:17:11.594 INFO:teuthology.orchestra.run.smithi019.stdout:/usr/bin/ceph: stderr
2024-05-07T02:17:04.156+0000 7fc417400700 1 -- 172.21.15.19:0/3073970710 <== mon.0 v2:172.21.15.19:3300/0 4 ==== mgrmap(e 8) ==== 50222+0+0 (secure 0 0 0) 0x7fc410003840 con 0x7fc42010bcb0
2024-05-07T02:17:11.594 INFO:teuthology.orchestra.run.smithi019.stdout:/usr/bin/ceph: stderr
2024-05-07T02:17:04.156+0000 7fc417400700 1 --2- 172.21.15.19:0/3073970710 >> [v2:172.21.15.19:6800/174304059,v1:172.21.15.19:6801/174304059] conn(0x7fc40403e4e0 0x7fc4040409f0 unknown :-1 s=NONE pgs=0 cs=0 l=1 rev1=0 crypto rx=0 tx=0 comp rx=0 tx=0).connect
2024-05-07T02:17:11.594 INFO:teuthology.orchestra.run.smithi019.stdout:/usr/bin/ceph: stderr
2024-05-07T02:17:04.156+0000 7fc417400700 1 -- 172.21.15.19:0/3073970710 <== mon.0 v2:172.21.15.19:3300/0 5 ==== osd_map(2..2 src has 1..2) ==== 940+0+0 (secure 0 0 0) 0x7fc410053730 con 0x7fc42010bcb0
2024-05-07T02:17:11.594 INFO:teuthology.orchestra.run.smithi019.stdout:/usr/bin/ceph: stderr
2024-05-07T02:17:04.157+0000 7fc417e00700 1 --2- 172.21.15.19:0/3073970710 >> [v2:172.21.15.19:6800/174304059,v1:172.21.15.19:6801/174304059] conn(0x7fc40403e4e0 0x7fc4040409f0 unknown :-1 s=BANNER_CONNECTING pgs=0 cs=0 l=1 rev1=0 crypto rx=0 tx=0 comp rx=0 tx=0)._handle_peer_banner_payload supported=3 required=0
2024-05-07T02:17:11.594 INFO:teuthology.orchestra.run.smithi019.stdout:/usr/bin/ceph: stderr
2024-05-07T02:17:04.157+0000 7fc417e00700 1 --2- 172.21.15.19:0/3073970710 >> [v2:172.21.15.19:6800/174304059,v1:172.21.15.19:6801/174304059] conn(0x7fc40403e4e0 0x7fc4040409f0 secure :-1 s=READY pgs=11 cs=0 l=1 rev1=1 crypto rx=0x7fc408006fd0 tx=0x7fc408006e40 comp rx=0 tx=0).ready entity=mgr.14120 client_cookie=0 server_cookie=0 in_seq=0 out_seq=0
2024-05-07T02:17:11.594 INFO:teuthology.orchestra.run.smithi019.stdout:/usr/bin/ceph: stderr
2024-05-07T02:17:04.162+0000 7fc417400700 1 -- 172.21.15.19:0/3073970710 <== mon.0 v2:172.21.15.19:3300/0 6 ==== mon_command_ack([{"prefix": "get_command_descriptions"}]=0 v0) ==== 72+0+191963 (secure 0 0 0) 0x7fc410024440 con 0x7fc42010bcb0
2024-05-07T02:17:11.594 INFO:teuthology.orchestra.run.smithi019.stdout:/usr/bin/ceph: stderr
2024-05-07T02:17:04.404+0000 7fc425600700 1 -- 172.21.15.19:0/3073970710 --> [v2:172.21.15.19:6800/174304059,v1:172.21.15.19:6801/174304059] -- mgr_command(tid 0: {"prefix": "orch host add", "hostname": "smithi019", "addr": "172.21.15.19", "target": ["mon-mgr", ""]}) -- 0x7fc4201092f0 con 0x7fc40403e4e0
2024-05-07T02:17:11.594 INFO:teuthology.orchestra.run.smithi019.stdout:/usr/bin/ceph: stderr
2024-05-07T02:17:10.734+0000 7fc417400700 1 -- 172.21.15.19:0/3073970710 <== mgr.14120 v2:172.21.15.19:6800/174304059 1 ==== mgr_command_reply(tid 0: 0 ) ==== 8+0+48 (secure 0 0 0) 0x7fc4201092f0 con 0x7fc40403e4e0
2024-05-07T02:17:11.595 INFO:teuthology.orchestra.run.smithi019.stdout:/usr/bin/ceph: stderr
2024-05-07T02:17:10.738+0000 7fc425600700 1 -- 172.21.15.19:0/3073970710 >> [v2:172.21.15.19:6800/174304059,v1:172.21.15.19:6801/174304059] conn(0x7fc40403e4e0 msgr2=0x7fc4040409f0 secure :-1 s=STATE_CONNECTION_ESTABLISHED l=1).mark_down
2024-05-07T02:17:11.595 INFO:teuthology.orchestra.run.smithi019.stdout:/usr/bin/ceph: stderr
2024-05-07T02:17:10.738+0000 7fc425600700 1 --2- 172.21.15.19:0/3073970710 >> [v2:172.21.15.19:6800/174304059,v1:172.21.15.19:6801/174304059] conn(0x7fc40403e4e0 0x7fc4040409f0 secure :-1 s=READY pgs=11 cs=0 l=1 rev1=1 crypto rx=0x7fc408006fd0 tx=0x7fc408006e40 comp rx=0 tx=0).stop
2024-05-07T02:17:11.595 INFO:teuthology.orchestra.run.smithi019.stdout:/usr/bin/ceph: stderr
2024-05-07T02:17:10.738+0000 7fc425600700 1 -- 172.21.15.19:0/3073970710 >> [v2:172.21.15.19:3300/0,v1:172.21.15.19:6789/0] conn(0x7fc42010bcb0 msgr2=0x7fc42019ffe0 secure :-1 s=STATE_CONNECTION_ESTABLISHED l=1).mark_down
2024-05-07T02:17:11.595 INFO:teuthology.orchestra.run.smithi019.stdout:/usr/bin/ceph: stderr
2024-05-07T02:17:10.738+0000 7fc425600700 1 --2- 172.21.15.19:0/3073970710 >> [v2:172.21.15.19:3300/0,v1:172.21.15.19:6789/0] conn(0x7fc42010bcb0 0x7fc42019ffe0 secure :-1 s=READY pgs=46 cs=0 l=1 rev1=1 crypto rx=0x7fc410009fb0 tx=0x7fc410011890 comp rx=0 tx=0).stop
2024-05-07T02:17:11.595 INFO:teuthology.orchestra.run.smithi019.stdout:/usr/bin/ceph: stderr
2024-05-07T02:17:10.739+0000 7fc425600700 1 -- 172.21.15.19:0/3073970710 shutdown_connections
2024-05-07T02:17:11.595 INFO:teuthology.orchestra.run.smithi019.stdout:/usr/bin/ceph: stderr
2024-05-07T02:17:10.739+0000 7fc425600700 1 --2- 172.21.15.19:0/3073970710 >> [v2:172.21.15.19:6800/174304059,v1:172.21.15.19:6801/174304059] conn(0x7fc40403e4e0 0x7fc4040409f0 unknown :-1 s=CLOSED pgs=11 cs=0 l=1 rev1=1 crypto rx=0 tx=0 comp rx=0 tx=0).stop
2024-05-07T02:17:11.595 INFO:teuthology.orchestra.run.smithi019.stdout:/usr/bin/ceph: stderr
2024-05-07T02:17:10.739+0000 7fc425600700 1 --2- 172.21.15.19:0/3073970710 >> [v2:172.21.15.19:3300/0,v1:172.21.15.19:6789/0] conn(0x7fc42010bcb0 0x7fc42019ffe0 unknown :-1 s=CLOSED pgs=46 cs=0 l=1 rev1=1 crypto rx=0 tx=0 comp rx=0 tx=0).stop
2024-05-07T02:17:11.595 INFO:teuthology.orchestra.run.smithi019.stdout:/usr/bin/ceph: stderr
2024-05-07T02:17:10.739+0000 7fc425600700 1 -- 172.21.15.19:0/3073970710 >> 172.21.15.19:0/3073970710 conn(0x7fc420107490 msgr2=0x7fc420108be0 unknown :-1 s=STATE_NONE l=0).mark_down
2024-05-07T02:17:11.595 INFO:teuthology.orchestra.run.smithi019.stdout:/usr/bin/ceph: stderr
2024-05-07T02:17:10.739+0000 7fc425600700 1 -- 172.21.15.19:0/3073970710 shutdown_connections
2024-05-07T02:17:11.595 INFO:teuthology.orchestra.run.smithi019.stdout:/usr/bin/ceph: stderr
2024-05-07T02:17:10.739+0000 7fc425600700 1 -- 172.21.15.19:0/3073970710 wait complete.
2024-05-07T02:17:11.595 INFO:teuthology.orchestra.run.smithi019.stdout:Deploying unmanaged mon service...
2024-05-07T02:17:11.867 INFO:journalctl@ceph.mon.a.smithi019.stdout:May 07 02:17:11 smithi019 ceph-mon[29781]: from='mgr.14120 172.21.15.19:0/3795770355' entity='mgr.x'
2024-05-07T02:17:11.867 INFO:journalctl@ceph.mon.a.smithi019.stdout:May 07 02:17:11 smithi019 ceph-mon[29781]: Added host smithi019
2024-05-07T02:17:11.868 INFO:journalctl@ceph.mon.a.smithi019.stdout:May 07 02:17:11 smithi019 ceph-mon[29781]: from='mgr.14120 172.21.15.19:0/3795770355' entity='mgr.x' cmd=[{"prefix": "config dump", "format": "json"}]: dispatch
2024-05-07T02:17:13.567 INFO:teuthology.orchestra.run.smithi019.stdout:/usr/bin/ceph: stdout Scheduled mon update...
2024-05-07T02:17:13.567 INFO:teuthology.orchestra.run.smithi019.stdout:/usr/bin/ceph: stderr
2024-05-07T02:17:12.341+0000 7f16bf400700 1 Processor -- start
2024-05-07T02:17:13.567 INFO:teuthology.orchestra.run.smithi019.stdout:/usr/bin/ceph: stderr
2024-05-07T02:17:12.341+0000 7f16bf400700 1 -- start start
2024-05-07T02:17:13.567 INFO:teuthology.orchestra.run.smithi019.stdout:/usr/bin/ceph: stderr
2024-05-07T02:17:12.341+0000 7f16bf400700 1 --2- >> [v2:172.21.15.19:3300/0,v1:172.21.15.19:6789/0] conn(0x7f16b8109b30 0x7f16b8109f40 unknown :-1 s=NONE pgs=0 cs=0 l=0 rev1=0 crypto rx=0 tx=0 comp rx=0 tx=0).connect
2024-05-07T02:17:13.567 INFO:teuthology.orchestra.run.smithi019.stdout:/usr/bin/ceph: stderr
2024-05-07T02:17:12.341+0000 7f16bf400700 1 -- --> [v2:172.21.15.19:3300/0,v1:172.21.15.19:6789/0] -- mon_getmap magic: 0 -- 0x7f16b810a530 con 0x7f16b8109b30
2024-05-07T02:17:13.567 INFO:teuthology.orchestra.run.smithi019.stdout:/usr/bin/ceph: stderr
2024-05-07T02:17:12.342+0000 7f16bca00700 1 --2- >> [v2:172.21.15.19:3300/0,v1:172.21.15.19:6789/0] conn(0x7f16b8109b30 0x7f16b8109f40 unknown :-1 s=BANNER_CONNECTING pgs=0 cs=0 l=0 rev1=0 crypto rx=0 tx=0 comp rx=0 tx=0)._handle_peer_banner_payload supported=3 required=0
2024-05-07T02:17:13.567 INFO:teuthology.orchestra.run.smithi019.stdout:/usr/bin/ceph: stderr
