2024-05-07T02:17:18.507+0000 7f4e42a00700 1 -- 172.21.15.19:0/3276439731 --> [v2:172.21.15.19:3300/0,v1:172.21.15.19:6789/0] -- mon_subscribe({config=0+,monmap=0+}) -- 0x7f4e4410cd70 con 0x7f4e4407cc80
2024-05-07T02:17:19.507 INFO:teuthology.orchestra.run.smithi019.stdout:/usr/bin/ceph: stderr
2024-05-07T02:17:18.507+0000 7f4e42a00700 1 --2- 172.21.15.19:0/3276439731 >> [v2:172.21.15.19:3300/0,v1:172.21.15.19:6789/0] conn(0x7f4e4407cc80 0x7f4e4410c600 secure :-1 s=READY pgs=53 cs=0 l=1 rev1=1 crypto rx=0x7f4e340098a0 tx=0x7f4e34009bb0 comp rx=0 tx=0).ready entity=mon.0 client_cookie=d34f8f464b53e71f server_cookie=0 in_seq=0 out_seq=0
2024-05-07T02:17:19.507 INFO:teuthology.orchestra.run.smithi019.stdout:/usr/bin/ceph: stderr
2024-05-07T02:17:18.507+0000 7f4e41600700 1 -- 172.21.15.19:0/3276439731 <== mon.0 v2:172.21.15.19:3300/0 1 ==== mon_map magic: 0 ==== 205+0+0 (secure 0 0 0) 0x7f4e34004160 con 0x7f4e4407cc80
2024-05-07T02:17:19.507 INFO:teuthology.orchestra.run.smithi019.stdout:/usr/bin/ceph: stderr
2024-05-07T02:17:18.507+0000 7f4e41600700 1 -- 172.21.15.19:0/3276439731 <== mon.0 v2:172.21.15.19:3300/0 2 ==== config(26 keys) ==== 1101+0+0 (secure 0 0 0) 0x7f4e34004300 con 0x7f4e4407cc80
2024-05-07T02:17:19.507 INFO:teuthology.orchestra.run.smithi019.stdout:/usr/bin/ceph: stderr
2024-05-07T02:17:18.507+0000 7f4e41600700 1 -- 172.21.15.19:0/3276439731 <== mon.0 v2:172.21.15.19:3300/0 3 ==== mon_map magic: 0 ==== 205+0+0 (secure 0 0 0) 0x7f4e34011a20 con 0x7f4e4407cc80
2024-05-07T02:17:19.507 INFO:teuthology.orchestra.run.smithi019.stdout:/usr/bin/ceph: stderr
2024-05-07T02:17:18.508+0000 7f4e49800700 1 -- 172.21.15.19:0/3276439731 >> [v2:172.21.15.19:3300/0,v1:172.21.15.19:6789/0] conn(0x7f4e4407cc80 msgr2=0x7f4e4410c600 secure :-1 s=STATE_CONNECTION_ESTABLISHED l=1).mark_down
2024-05-07T02:17:19.508 INFO:teuthology.orchestra.run.smithi019.stdout:/usr/bin/ceph: stderr
2024-05-07T02:17:18.508+0000 7f4e49800700 1 --2- 172.21.15.19:0/3276439731 >> [v2:172.21.15.19:3300/0,v1:172.21.15.19:6789/0] conn(0x7f4e4407cc80 0x7f4e4410c600 secure :-1 s=READY pgs=53 cs=0 l=1 rev1=1 crypto rx=0x7f4e340098a0 tx=0x7f4e34009bb0 comp rx=0 tx=0).stop
2024-05-07T02:17:19.512 INFO:teuthology.orchestra.run.smithi019.stdout:/usr/bin/ceph: stderr
2024-05-07T02:17:18.508+0000 7f4e49800700 1 -- 172.21.15.19:0/3276439731 shutdown_connections
2024-05-07T02:17:19.512 INFO:teuthology.orchestra.run.smithi019.stdout:/usr/bin/ceph: stderr
2024-05-07T02:17:18.508+0000 7f4e49800700 1 --2- 172.21.15.19:0/3276439731 >> [v2:172.21.15.19:3300/0,v1:172.21.15.19:6789/0] conn(0x7f4e4407cc80 0x7f4e4410c600 unknown :-1 s=CLOSED pgs=53 cs=0 l=1 rev1=1 crypto rx=0 tx=0 comp rx=0 tx=0).stop
2024-05-07T02:17:19.512 INFO:teuthology.orchestra.run.smithi019.stdout:/usr/bin/ceph: stderr
2024-05-07T02:17:18.508+0000 7f4e49800700 1 -- 172.21.15.19:0/3276439731 >> 172.21.15.19:0/3276439731 conn(0x7f4e44104050 msgr2=0x7f4e441064a0 unknown :-1 s=STATE_NONE l=0).mark_down
2024-05-07T02:17:19.512 INFO:teuthology.orchestra.run.smithi019.stdout:/usr/bin/ceph: stderr
2024-05-07T02:17:18.508+0000 7f4e49800700 1 -- 172.21.15.19:0/3276439731 shutdown_connections
2024-05-07T02:17:19.512 INFO:teuthology.orchestra.run.smithi019.stdout:/usr/bin/ceph: stderr
2024-05-07T02:17:18.509+0000 7f4e49800700 1 -- 172.21.15.19:0/3276439731 wait complete.
2024-05-07T02:17:19.512 INFO:teuthology.orchestra.run.smithi019.stdout:/usr/bin/ceph: stderr
2024-05-07T02:17:18.510+0000 7f4e49800700 1 Processor -- start
2024-05-07T02:17:19.512 INFO:teuthology.orchestra.run.smithi019.stdout:/usr/bin/ceph: stderr
2024-05-07T02:17:18.510+0000 7f4e49800700 1 -- start start
2024-05-07T02:17:19.512 INFO:teuthology.orchestra.run.smithi019.stdout:/usr/bin/ceph: stderr
2024-05-07T02:17:18.510+0000 7f4e49800700 1 --2- >> [v2:172.21.15.19:3300/0,v1:172.21.15.19:6789/0] conn(0x7f4e4407cc80 0x7f4e44109d70 unknown :-1 s=NONE pgs=0 cs=0 l=1 rev1=0 crypto rx=0 tx=0 comp rx=0 tx=0).connect
2024-05-07T02:17:19.512 INFO:teuthology.orchestra.run.smithi019.stdout:/usr/bin/ceph: stderr
2024-05-07T02:17:18.510+0000 7f4e49800700 1 -- --> [v2:172.21.15.19:3300/0,v1:172.21.15.19:6789/0] -- mon_getmap magic: 0 -- 0x7f4e4410de30 con 0x7f4e4407cc80
2024-05-07T02:17:19.513 INFO:teuthology.orchestra.run.smithi019.stdout:/usr/bin/ceph: stderr
2024-05-07T02:17:18.511+0000 7f4e42a00700 1 --2- >> [v2:172.21.15.19:3300/0,v1:172.21.15.19:6789/0] conn(0x7f4e4407cc80 0x7f4e44109d70 unknown :-1 s=BANNER_CONNECTING pgs=0 cs=0 l=1 rev1=0 crypto rx=0 tx=0 comp rx=0 tx=0)._handle_peer_banner_payload supported=3 required=0
2024-05-07T02:17:19.513 INFO:teuthology.orchestra.run.smithi019.stdout:/usr/bin/ceph: stderr
2024-05-07T02:17:18.511+0000 7f4e42a00700 1 --2- >> [v2:172.21.15.19:3300/0,v1:172.21.15.19:6789/0] conn(0x7f4e4407cc80 0x7f4e44109d70 unknown :-1 s=HELLO_CONNECTING pgs=0 cs=0 l=1 rev1=1 crypto rx=0 tx=0 comp rx=0 tx=0).handle_hello peer v2:172.21.15.19:3300/0 says I am v2:172.21.15.19:49998/0 (socket says 172.21.15.19:49998)
2024-05-07T02:17:19.513 INFO:teuthology.orchestra.run.smithi019.stdout:/usr/bin/ceph: stderr
2024-05-07T02:17:18.511+0000 7f4e42a00700 1 -- 172.21.15.19:0/656326290 learned_addr learned my addr 172.21.15.19:0/656326290 (peer_addr_for_me v2:172.21.15.19:0/0)
2024-05-07T02:17:19.513 INFO:teuthology.orchestra.run.smithi019.stdout:/usr/bin/ceph: stderr
2024-05-07T02:17:18.511+0000 7f4e42a00700 1 -- 172.21.15.19:0/656326290 --> [v2:172.21.15.19:3300/0,v1:172.21.15.19:6789/0] -- mon_subscribe({config=0+,monmap=0+}) -- 0x7f4e4410a2b0 con 0x7f4e4407cc80
2024-05-07T02:17:19.513 INFO:teuthology.orchestra.run.smithi019.stdout:/usr/bin/ceph: stderr
2024-05-07T02:17:18.511+0000 7f4e42a00700 1 --2- 172.21.15.19:0/656326290 >> [v2:172.21.15.19:3300/0,v1:172.21.15.19:6789/0] conn(0x7f4e4407cc80 0x7f4e44109d70 secure :-1 s=READY pgs=54 cs=0 l=1 rev1=1 crypto rx=0x7f4e340119f0 tx=0x7f4e34011ad0 comp rx=0 tx=0).ready entity=mon.0 client_cookie=0 server_cookie=0 in_seq=0 out_seq=0
2024-05-07T02:17:19.513 INFO:teuthology.orchestra.run.smithi019.stdout:/usr/bin/ceph: stderr
2024-05-07T02:17:18.512+0000 7f4e3b400700 1 -- 172.21.15.19:0/656326290 <== mon.0 v2:172.21.15.19:3300/0 1 ==== mon_map magic: 0 ==== 205+0+0 (secure 0 0 0) 0x7f4e340039e0 con 0x7f4e4407cc80
2024-05-07T02:17:19.513 INFO:teuthology.orchestra.run.smithi019.stdout:/usr/bin/ceph: stderr
2024-05-07T02:17:18.512+0000 7f4e3b400700 1 -- 172.21.15.19:0/656326290 <== mon.0 v2:172.21.15.19:3300/0 2 ==== config(26 keys) ==== 1101+0+0 (secure 0 0 0) 0x7f4e3401b8f0 con 0x7f4e4407cc80
2024-05-07T02:17:19.513 INFO:teuthology.orchestra.run.smithi019.stdout:/usr/bin/ceph: stderr
2024-05-07T02:17:18.512+0000 7f4e49800700 1 -- 172.21.15.19:0/656326290 --> [v2:172.21.15.19:3300/0,v1:172.21.15.19:6789/0] -- mon_subscribe({mgrmap=0+}) -- 0x7f4e44108500 con 0x7f4e4407cc80
2024-05-07T02:17:19.513 INFO:teuthology.orchestra.run.smithi019.stdout:/usr/bin/ceph: stderr
2024-05-07T02:17:18.512+0000 7f4e3b400700 1 -- 172.21.15.19:0/656326290 <== mon.0 v2:172.21.15.19:3300/0 3 ==== mon_map magic: 0 ==== 205+0+0 (secure 0 0 0) 0x7f4e340237a0 con 0x7f4e4407cc80
2024-05-07T02:17:19.513 INFO:teuthology.orchestra.run.smithi019.stdout:/usr/bin/ceph: stderr
2024-05-07T02:17:18.512+0000 7f4e49800700 1 -- 172.21.15.19:0/656326290 --> [v2:172.21.15.19:3300/0,v1:172.21.15.19:6789/0] -- mon_subscribe({osdmap=0}) -- 0x7f4e441089e0 con 0x7f4e4407cc80
2024-05-07T02:17:19.514 INFO:teuthology.orchestra.run.smithi019.stdout:/usr/bin/ceph: stderr
2024-05-07T02:17:18.513+0000 7f4e49800700 1 -- 172.21.15.19:0/656326290 --> [v2:172.21.15.19:3300/0,v1:172.21.15.19:6789/0] -- mon_command({"prefix": "get_command_descriptions"} v 0) -- 0x7f4e44064e20 con 0x7f4e4407cc80
2024-05-07T02:17:19.514 INFO:teuthology.orchestra.run.smithi019.stdout:/usr/bin/ceph: stderr
2024-05-07T02:17:18.514+0000 7f4e3b400700 1 -- 172.21.15.19:0/656326290 <== mon.0 v2:172.21.15.19:3300/0 4 ==== mgrmap(e 8) ==== 50222+0+0 (secure 0 0 0) 0x7f4e3401b440 con 0x7f4e4407cc80
2024-05-07T02:17:19.514 INFO:teuthology.orchestra.run.smithi019.stdout:/usr/bin/ceph: stderr
2024-05-07T02:17:18.515+0000 7f4e3b400700 1 --2- 172.21.15.19:0/656326290 >> [v2:172.21.15.19:6800/174304059,v1:172.21.15.19:6801/174304059] conn(0x7f4e2803e530 0x7f4e28040a40 unknown :-1 s=NONE pgs=0 cs=0 l=1 rev1=0 crypto rx=0 tx=0 comp rx=0 tx=0).connect
2024-05-07T02:17:19.514 INFO:teuthology.orchestra.run.smithi019.stdout:/usr/bin/ceph: stderr
2024-05-07T02:17:18.515+0000 7f4e3b400700 1 -- 172.21.15.19:0/656326290 <== mon.0 v2:172.21.15.19:3300/0 5 ==== osd_map(2..2 src has 1..2) ==== 940+0+0 (secure 0 0 0) 0x7f4e34053e30 con 0x7f4e4407cc80
2024-05-07T02:17:19.514 INFO:teuthology.orchestra.run.smithi019.stdout:/usr/bin/ceph: stderr
2024-05-07T02:17:18.515+0000 7f4e42000700 1 --2- 172.21.15.19:0/656326290 >> [v2:172.21.15.19:6800/174304059,v1:172.21.15.19:6801/174304059] conn(0x7f4e2803e530 0x7f4e28040a40 unknown :-1 s=BANNER_CONNECTING pgs=0 cs=0 l=1 rev1=0 crypto rx=0 tx=0 comp rx=0 tx=0)._handle_peer_banner_payload supported=3 required=0
2024-05-07T02:17:19.514 INFO:teuthology.orchestra.run.smithi019.stdout:/usr/bin/ceph: stderr
2024-05-07T02:17:18.516+0000 7f4e42000700 1 --2- 172.21.15.19:0/656326290 >> [v2:172.21.15.19:6800/174304059,v1:172.21.15.19:6801/174304059] conn(0x7f4e2803e530 0x7f4e28040a40 secure :-1 s=READY pgs=15 cs=0 l=1 rev1=1 crypto rx=0x7f4e30006fd0 tx=0x7f4e30006e40 comp rx=0 tx=0).ready entity=mgr.14120 client_cookie=0 server_cookie=0 in_seq=0 out_seq=0
2024-05-07T02:17:19.514 INFO:teuthology.orchestra.run.smithi019.stdout:/usr/bin/ceph: stderr
2024-05-07T02:17:18.521+0000 7f4e3b400700 1 -- 172.21.15.19:0/656326290 <== mon.0 v2:172.21.15.19:3300/0 6 ==== mon_command_ack([{"prefix": "get_command_descriptions"}]=0 v0) ==== 72+0+191963 (secure 0 0 0) 0x7f4e3401f030 con 0x7f4e4407cc80
2024-05-07T02:17:19.514 INFO:teuthology.orchestra.run.smithi019.stdout:/usr/bin/ceph: stderr
2024-05-07T02:17:18.762+0000 7f4e49800700 1 -- 172.21.15.19:0/656326290 --> [v2:172.21.15.19:3300/0,v1:172.21.15.19:6789/0] -- mon_command([{prefix=config set, name=mgr/dashboard/ssl_server_port}] v 0) -- 0x7f4e44109140 con 0x7f4e4407cc80
2024-05-07T02:17:19.514 INFO:teuthology.orchestra.run.smithi019.stdout:/usr/bin/ceph: stderr
2024-05-07T02:17:18.766+0000 7f4e3b400700 1 -- 172.21.15.19:0/656326290 <== mon.0 v2:172.21.15.19:3300/0 7 ==== mon_command_ack([{prefix=config set, name=mgr/dashboard/ssl_server_port}]=0 v8)=0 v8) ==== 130+0+0 (secure 0 0 0) 0x7f4e3401bb50 con 0x7f4e4407cc80
2024-05-07T02:17:19.514 INFO:teuthology.orchestra.run.smithi019.stdout:/usr/bin/ceph: stderr
2024-05-07T02:17:18.770+0000 7f4e49800700 1 -- 172.21.15.19:0/656326290 >> [v2:172.21.15.19:6800/174304059,v1:172.21.15.19:6801/174304059] conn(0x7f4e2803e530 msgr2=0x7f4e28040a40 secure :-1 s=STATE_CONNECTION_ESTABLISHED l=1).mark_down
2024-05-07T02:17:19.514 INFO:teuthology.orchestra.run.smithi019.stdout:/usr/bin/ceph: stderr
2024-05-07T02:17:18.770+0000 7f4e49800700 1 --2- 172.21.15.19:0/656326290 >> [v2:172.21.15.19:6800/174304059,v1:172.21.15.19:6801/174304059] conn(0x7f4e2803e530 0x7f4e28040a40 secure :-1 s=READY pgs=15 cs=0 l=1 rev1=1 crypto rx=0x7f4e30006fd0 tx=0x7f4e30006e40 comp rx=0 tx=0).stop
2024-05-07T02:17:19.514 INFO:teuthology.orchestra.run.smithi019.stdout:/usr/bin/ceph: stderr
2024-05-07T02:17:18.770+0000 7f4e49800700 1 -- 172.21.15.19:0/656326290 >> [v2:172.21.15.19:3300/0,v1:172.21.15.19:6789/0] conn(0x7f4e4407cc80 msgr2=0x7f4e44109d70 secure :-1 s=STATE_CONNECTION_ESTABLISHED l=1).mark_down
2024-05-07T02:17:19.514 INFO:teuthology.orchestra.run.smithi019.stdout:/usr/bin/ceph: stderr
2024-05-07T02:17:18.770+0000 7f4e49800700 1 --2- 172.21.15.19:0/656326290 >> [v2:172.21.15.19:3300/0,v1:172.21.15.19:6789/0] conn(0x7f4e4407cc80 0x7f4e44109d70 secure :-1 s=READY pgs=54 cs=0 l=1 rev1=1 crypto rx=0x7f4e340119f0 tx=0x7f4e34011ad0 comp rx=0 tx=0).stop
2024-05-07T02:17:19.515 INFO:teuthology.orchestra.run.smithi019.stdout:/usr/bin/ceph: stderr
2024-05-07T02:17:18.770+0000 7f4e49800700 1 -- 172.21.15.19:0/656326290 shutdown_connections
2024-05-07T02:17:19.515 INFO:teuthology.orchestra.run.smithi019.stdout:/usr/bin/ceph: stderr
2024-05-07T02:17:18.770+0000 7f4e49800700 1 --2- 172.21.15.19:0/656326290 >> [v2:172.21.15.19:6800/174304059,v1:172.21.15.19:6801/174304059] conn(0x7f4e2803e530 0x7f4e28040a40 unknown :-1 s=CLOSED pgs=15 cs=0 l=1 rev1=1 crypto rx=0 tx=0 comp rx=0 tx=0).stop
2024-05-07T02:17:19.515 INFO:teuthology.orchestra.run.smithi019.stdout:/usr/bin/ceph: stderr
2024-05-07T02:17:18.770+0000 7f4e49800700 1 --2- 172.21.15.19:0/656326290 >> [v2:172.21.15.19:3300/0,v1:172.21.15.19:6789/0] conn(0x7f4e4407cc80 0x7f4e44109d70 unknown :-1 s=CLOSED pgs=54 cs=0 l=1 rev1=1 crypto rx=0 tx=0 comp rx=0 tx=0).stop
2024-05-07T02:17:19.515 INFO:teuthology.orchestra.run.smithi019.stdout:/usr/bin/ceph: stderr
2024-05-07T02:17:18.770+0000 7f4e49800700 1 -- 172.21.15.19:0/656326290 >> 172.21.15.19:0/656326290 conn(0x7f4e44104050 msgr2=0x7f4e441047d0 unknown :-1 s=STATE_NONE l=0).mark_down
2024-05-07T02:17:19.515 INFO:teuthology.orchestra.run.smithi019.stdout:/usr/bin/ceph: stderr
2024-05-07T02:17:18.770+0000 7f4e49800700 1 -- 172.21.15.19:0/656326290 shutdown_connections
2024-05-07T02:17:19.515 INFO:teuthology.orchestra.run.smithi019.stdout:/usr/bin/ceph: stderr
2024-05-07T02:17:18.770+0000 7f4e49800700 1 -- 172.21.15.19:0/656326290 wait complete.
2024-05-07T02:17:19.515 INFO:teuthology.orchestra.run.smithi019.stdout:Enabling the dashboard module...
2024-05-07T02:17:20.394 INFO:journalctl@ceph.mon.a.smithi019.stdout:May 07 02:17:20 smithi019 ceph-mon[29781]: pgmap v5: 0 pgs: ; 0 B data, 0 B used, 0 B / 0 B avail
2024-05-07T02:17:21.675 INFO:journalctl@ceph.mon.a.smithi019.stdout:May 07 02:17:21 smithi019 ceph-mon[29781]: from='mgr.14120 172.21.15.19:0/3795770355' entity='mgr.x'
2024-05-07T02:17:21.675 INFO:journalctl@ceph.mon.a.smithi019.stdout:May 07 02:17:21 smithi019 ceph-mon[29781]: from='client.? 172.21.15.19:0/3401355320' entity='client.admin' cmd=[{"prefix": "mgr module enable", "module": "dashboard"}]: dispatch
2024-05-07T02:17:21.675 INFO:journalctl@ceph.mon.a.smithi019.stdout:May 07 02:17:21 smithi019 ceph-mon[29781]: pgmap v6: 0 pgs: ; 0 B data, 0 B used, 0 B / 0 B avail
2024-05-07T02:17:21.675 INFO:journalctl@ceph.mgr.x.smithi019.stdout:May 07 02:17:21 smithi019 ceph-9ff84c16-0c17-11ef-bc97-c7b262605968-mgr-x[30011]: ignoring --setuser ceph since I am not root
2024-05-07T02:17:21.675 INFO:journalctl@ceph.mgr.x.smithi019.stdout:May 07 02:17:21 smithi019 ceph-9ff84c16-0c17-11ef-bc97-c7b262605968-mgr-x[30011]: ignoring --setgroup ceph since I am not root
2024-05-07T02:17:21.957 INFO:journalctl@ceph.mgr.x.smithi019.stdout:May 07 02:17:21 smithi019 ceph-9ff84c16-0c17-11ef-bc97-c7b262605968-mgr-x[30011]:
2024-05-07T02:17:21.849+0000 7f29d8169200 -1 mgr[py] Module balancer has missing NOTIFY_TYPES member
2024-05-07T02:17:22.252 INFO:journalctl@ceph.mgr.x.smithi019.stdout:May 07 02:17:22 smithi019 ceph-9ff84c16-0c17-11ef-bc97-c7b262605968-mgr-x[30011]:
2024-05-07T02:17:22.114+0000 7f29d8169200 -1 mgr[py] Module orchestrator has missing NOTIFY_TYPES member
2024-05-07T02:17:22.252 INFO:journalctl@ceph.mgr.x.smithi019.stdout:May 07 02:17:22 smithi019 ceph-9ff84c16-0c17-11ef-bc97-c7b262605968-mgr-x[30011]:
2024-05-07T02:17:22.251+0000 7f29d8169200 -1 mgr[py] Module snap_schedule has missing NOTIFY_TYPES member
2024-05-07T02:17:22.516 INFO:journalctl@ceph.mon.a.smithi019.stdout:May 07 02:17:22 smithi019 ceph-mon[29781]: from='client.? 172.21.15.19:0/3401355320' entity='client.admin' cmd='[{"prefix": "mgr module enable", "module": "dashboard"}]': finished
2024-05-07T02:17:22.516 INFO:journalctl@ceph.mon.a.smithi019.stdout:May 07 02:17:22 smithi019 ceph-mon[29781]: mgrmap e9: x(active, since 26s)
2024-05-07T02:17:22.786 INFO:journalctl@ceph.mgr.x.smithi019.stdout:May 07 02:17:22 smithi019 ceph-9ff84c16-0c17-11ef-bc97-c7b262605968-mgr-x[30011]:
2024-05-07T02:17:22.667+0000 7f29d8169200 -1 mgr[py] Module progress has missing NOTIFY_TYPES member
2024-05-07T02:17:22.786 INFO:journalctl@ceph.mgr.x.smithi019.stdout:May 07 02:17:22 smithi019 ceph-9ff84c16-0c17-11ef-bc97-c7b262605968-mgr-x[30011]:
2024-05-07T02:17:22.786+0000 7f29d8169200 -1 mgr[py] Module influx has missing NOTIFY_TYPES member
2024-05-07T02:17:23.488 INFO:teuthology.orchestra.run.smithi019.stdout:/usr/bin/ceph: stderr
2024-05-07T02:17:20.194+0000 7f8300200700 1 Processor -- start
2024-05-07T02:17:23.488 INFO:teuthology.orchestra.run.smithi019.stdout:/usr/bin/ceph: stderr
2024-05-07T02:17:20.194+0000 7f8300200700 1 -- start start
2024-05-07T02:17:23.489 INFO:teuthology.orchestra.run.smithi019.stdout:/usr/bin/ceph: stderr
2024-05-07T02:17:20.195+0000 7f8300200700 1 --2- >> [v2:172.21.15.19:3300/0,v1:172.21.15.19:6789/0] conn(0x7f82f8109ad0 0x7f82f8109ee0 unknown :-1 s=NONE pgs=0 cs=0 l=0 rev1=0 crypto rx=0 tx=0 comp rx=0 tx=0).connect
2024-05-07T02:17:23.489 INFO:teuthology.orchestra.run.smithi019.stdout:/usr/bin/ceph: stderr
2024-05-07T02:17:20.195+0000 7f8300200700 1 -- --> [v2:172.21.15.19:3300/0,v1:172.21.15.19:6789/0] -- mon_getmap magic: 0 -- 0x7f82f810a4d0 con 0x7f82f8109ad0
2024-05-07T02:17:23.489 INFO:teuthology.orchestra.run.smithi019.stdout:/usr/bin/ceph: stderr
2024-05-07T02:17:20.195+0000 7f82fd800700 1 --2- >> [v2:172.21.15.19:3300/0,v1:172.21.15.19:6789/0] conn(0x7f82f8109ad0 0x7f82f8109ee0 unknown :-1 s=BANNER_CONNECTING pgs=0 cs=0 l=0 rev1=0 crypto rx=0 tx=0 comp rx=0 tx=0)._handle_peer_banner_payload supported=3 required=0
2024-05-07T02:17:23.489 INFO:teuthology.orchestra.run.smithi019.stdout:/usr/bin/ceph: stderr
2024-05-07T02:17:20.195+0000 7f82fd800700 1 --2- >> [v2:172.21.15.19:3300/0,v1:172.21.15.19:6789/0] conn(0x7f82f8109ad0 0x7f82f8109ee0 unknown :-1 s=HELLO_CONNECTING pgs=0 cs=0 l=0 rev1=1 crypto rx=0 tx=0 comp rx=0 tx=0).handle_hello peer v2:172.21.15.19:3300/0 says I am v2:172.21.15.19:49170/0 (socket says 172.21.15.19:49170)
2024-05-07T02:17:23.489 INFO:teuthology.orchestra.run.smithi019.stdout:/usr/bin/ceph: stderr
2024-05-07T02:17:20.195+0000 7f82fd800700 1 -- 172.21.15.19:0/2675318399 learned_addr learned my addr 172.21.15.19:0/2675318399 (peer_addr_for_me v2:172.21.15.19:0/0)
2024-05-07T02:17:23.489 INFO:teuthology.orchestra.run.smithi019.stdout:/usr/bin/ceph: stderr
2024-05-07T02:17:20.196+0000 7f82fd800700 1 -- 172.21.15.19:0/2675318399 --> [v2:172.21.15.19:3300/0,v1:172.21.15.19:6789/0] -- mon_subscribe({config=0+,monmap=0+}) -- 0x7f82f810ac00 con 0x7f82f8109ad0
2024-05-07T02:17:23.489 INFO:teuthology.orchestra.run.smithi019.stdout:/usr/bin/ceph: stderr
2024-05-07T02:17:20.196+0000 7f82fd800700 1 --2- 172.21.15.19:0/2675318399 >> [v2:172.21.15.19:3300/0,v1:172.21.15.19:6789/0] conn(0x7f82f8109ad0 0x7f82f8109ee0 secure :-1 s=READY pgs=55 cs=0 l=1 rev1=1 crypto rx=0x7f82ec009e80 tx=0x7f82ec00b330 comp rx=0 tx=0).ready entity=mon.0 client_cookie=1d836d864909dc4e server_cookie=0 in_seq=0 out_seq=0
2024-05-07T02:17:23.489 INFO:teuthology.orchestra.run.smithi019.stdout:/usr/bin/ceph: stderr
2024-05-07T02:17:20.197+0000 7f82f7e00700 1 -- 172.21.15.19:0/2675318399 <== mon.0 v2:172.21.15.19:3300/0 1 ==== mon_map magic: 0 ==== 205+0+0 (secure 0 0 0) 0x7f82ec017070 con 0x7f82f8109ad0
2024-05-07T02:17:23.489 INFO:teuthology.orchestra.run.smithi019.stdout:/usr/bin/ceph: stderr
2024-05-07T02:17:20.197+0000 7f82f7e00700 1 -- 172.21.15.19:0/2675318399 <== mon.0 v2:172.21.15.19:3300/0 2 ==== config(26 keys) ==== 1101+0+0 (secure 0 0 0) 0x7f82ec00b8c0 con 0x7f82f8109ad0
2024-05-07T02:17:23.489 INFO:teuthology.orchestra.run.smithi019.stdout:/usr/bin/ceph: stderr
2024-05-07T02:17:20.197+0000 7f82f7e00700 1 -- 172.21.15.19:0/2675318399 <== mon.0 v2:172.21.15.19:3300/0 3 ==== mon_map magic: 0 ==== 205+0+0 (secure 0 0 0) 0x7f82ec004490 con 0x7f82f8109ad0
2024-05-07T02:17:23.489 INFO:teuthology.orchestra.run.smithi019.stdout:/usr/bin/ceph: stderr
2024-05-07T02:17:20.198+0000 7f8300200700 1 -- 172.21.15.19:0/2675318399 >> [v2:172.21.15.19:3300/0,v1:172.21.15.19:6789/0] conn(0x7f82f8109ad0 msgr2=0x7f82f8109ee0 secure :-1 s=STATE_CONNECTION_ESTABLISHED l=1).mark_down
2024-05-07T02:17:23.489 INFO:teuthology.orchestra.run.smithi019.stdout:/usr/bin/ceph: stderr
2024-05-07T02:17:20.198+0000 7f8300200700 1 --2- 172.21.15.19:0/2675318399 >> [v2:172.21.15.19:3300/0,v1:172.21.15.19:6789/0] conn(0x7f82f8109ad0 0x7f82f8109ee0 secure :-1 s=READY pgs=55 cs=0 l=1 rev1=1 crypto rx=0x7f82ec009e80 tx=0x7f82ec00b330 comp rx=0 tx=0).stop
2024-05-07T02:17:23.489 INFO:teuthology.orchestra.run.smithi019.stdout:/usr/bin/ceph: stderr
2024-05-07T02:17:20.198+0000 7f8300200700 1 -- 172.21.15.19:0/2675318399 shutdown_connections
2024-05-07T02:17:23.489 INFO:teuthology.orchestra.run.smithi019.stdout:/usr/bin/ceph: stderr
2024-05-07T02:17:20.198+0000 7f8300200700 1 --2- 172.21.15.19:0/2675318399 >> [v2:172.21.15.19:3300/0,v1:172.21.15.19:6789/0] conn(0x7f82f8109ad0 0x7f82f8109ee0 unknown :-1 s=CLOSED pgs=55 cs=0 l=1 rev1=1 crypto rx=0 tx=0 comp rx=0 tx=0).stop
2024-05-07T02:17:23.490 INFO:teuthology.orchestra.run.smithi019.stdout:/usr/bin/ceph: stderr
2024-05-07T02:17:20.198+0000 7f8300200700 1 -- 172.21.15.19:0/2675318399 >> 172.21.15.19:0/2675318399 conn(0x7f82f8105150 msgr2=0x7f82f81075c0 unknown :-1 s=STATE_NONE l=0).mark_down
2024-05-07T02:17:23.490 INFO:teuthology.orchestra.run.smithi019.stdout:/usr/bin/ceph: stderr
2024-05-07T02:17:20.198+0000 7f8300200700 1 -- 172.21.15.19:0/2675318399 shutdown_connections
2024-05-07T02:17:23.490 INFO:teuthology.orchestra.run.smithi019.stdout:/usr/bin/ceph: stderr
2024-05-07T02:17:20.198+0000 7f8300200700 1 -- 172.21.15.19:0/2675318399 wait complete.
2024-05-07T02:17:23.490 INFO:teuthology.orchestra.run.smithi019.stdout:/usr/bin/ceph: stderr
2024-05-07T02:17:20.199+0000 7f8300200700 1 Processor -- start
2024-05-07T02:17:23.490 INFO:teuthology.orchestra.run.smithi019.stdout:/usr/bin/ceph: stderr
2024-05-07T02:17:20.199+0000 7f8300200700 1 -- start start
2024-05-07T02:17:23.490 INFO:teuthology.orchestra.run.smithi019.stdout:/usr/bin/ceph: stderr
2024-05-07T02:17:20.200+0000 7f8300200700 1 --2- >> [v2:172.21.15.19:3300/0,v1:172.21.15.19:6789/0] conn(0x7f82f8109ad0 0x7f82f819fff0 unknown :-1 s=NONE pgs=0 cs=0 l=1 rev1=0 crypto rx=0 tx=0 comp rx=0 tx=0).connect
2024-05-07T02:17:23.490 INFO:teuthology.orchestra.run.smithi019.stdout:/usr/bin/ceph: stderr
2024-05-07T02:17:20.200+0000 7f8300200700 1 -- --> [v2:172.21.15.19:3300/0,v1:172.21.15.19:6789/0] -- mon_getmap magic: 0 -- 0x7f82f810dfb0 con 0x7f82f8109ad0
2024-05-07T02:17:23.490 INFO:teuthology.orchestra.run.smithi019.stdout:/usr/bin/ceph: stderr
2024-05-07T02:17:20.200+0000 7f82fd800700 1 --2- >> [v2:172.21.15.19:3300/0,v1:172.21.15.19:6789/0] conn(0x7f82f8109ad0 0x7f82f819fff0 unknown :-1 s=BANNER_CONNECTING pgs=0 cs=0 l=1 rev1=0 crypto rx=0 tx=0 comp rx=0 tx=0)._handle_peer_banner_payload supported=3 required=0
2024-05-07T02:17:23.490 INFO:teuthology.orchestra.run.smithi019.stdout:/usr/bin/ceph: stderr
2024-05-07T02:17:20.200+0000 7f82fd800700 1 --2- >> [v2:172.21.15.19:3300/0,v1:172.21.15.19:6789/0] conn(0x7f82f8109ad0 0x7f82f819fff0 unknown :-1 s=HELLO_CONNECTING pgs=0 cs=0 l=1 rev1=1 crypto rx=0 tx=0 comp rx=0 tx=0).handle_hello peer v2:172.21.15.19:3300/0 says I am v2:172.21.15.19:49176/0 (socket says 172.21.15.19:49176)
2024-05-07T02:17:23.490 INFO:teuthology.orchestra.run.smithi019.stdout:/usr/bin/ceph: stderr
2024-05-07T02:17:20.200+0000 7f82fd800700 1 -- 172.21.15.19:0/3401355320 learned_addr learned my addr 172.21.15.19:0/3401355320 (peer_addr_for_me v2:172.21.15.19:0/0)
2024-05-07T02:17:23.490 INFO:teuthology.orchestra.run.smithi019.stdout:/usr/bin/ceph: stderr
2024-05-07T02:17:20.200+0000 7f82fd800700 1 -- 172.21.15.19:0/3401355320 --> [v2:172.21.15.19:3300/0,v1:172.21.15.19:6789/0] -- mon_subscribe({config=0+,monmap=0+}) -- 0x7f82f81a0530 con 0x7f82f8109ad0
2024-05-07T02:17:23.490 INFO:teuthology.orchestra.run.smithi019.stdout:/usr/bin/ceph: stderr
2024-05-07T02:17:20.201+0000 7f82fd800700 1 --2- 172.21.15.19:0/3401355320 >> [v2:172.21.15.19:3300/0,v1:172.21.15.19:6789/0] conn(0x7f82f8109ad0 0x7f82f819fff0 secure :-1 s=READY pgs=56 cs=0 l=1 rev1=1 crypto rx=0x7f82ec00bc80 tx=0x7f82ec00bd60 comp rx=0 tx=0).ready entity=mon.0 client_cookie=0 server_cookie=0 in_seq=0 out_seq=0
2024-05-07T02:17:23.490 INFO:teuthology.orchestra.run.smithi019.stdout:/usr/bin/ceph: stderr
2024-05-07T02:17:20.201+0000 7f82f6000700 1 -- 172.21.15.19:0/3401355320 <== mon.0 v2:172.21.15.19:3300/0 1 ==== mon_map magic: 0 ==== 205+0+0 (secure 0 0 0) 0x7f82ec020020 con 0x7f82f8109ad0
2024-05-07T02:17:23.490 INFO:teuthology.orchestra.run.smithi019.stdout:/usr/bin/ceph: stderr
2024-05-07T02:17:20.201+0000 7f82f6000700 1 -- 172.21.15.19:0/3401355320 <== mon.0 v2:172.21.15.19:3300/0 2 ==== config(26 keys) ==== 1101+0+0 (secure 0 0 0) 0x7f82ec003b50 con 0x7f82f8109ad0
2024-05-07T02:17:23.491 INFO:teuthology.orchestra.run.smithi019.stdout:/usr/bin/ceph: stderr
2024-05-07T02:17:20.201+0000 7f82f6000700 1 -- 172.21.15.19:0/3401355320 <== mon.0 v2:172.21.15.19:3300/0 3 ==== mon_map magic: 0 ==== 205+0+0 (secure 0 0 0) 0x7f82ec017040 con 0x7f82f8109ad0
2024-05-07T02:17:23.491 INFO:teuthology.orchestra.run.smithi019.stdout:/usr/bin/ceph: stderr
2024-05-07T02:17:20.201+0000 7f8300200700 1 -- 172.21.15.19:0/3401355320 --> [v2:172.21.15.19:3300/0,v1:172.21.15.19:6789/0] -- mon_subscribe({mgrmap=0+}) -- 0x7f82f81a07c0 con 0x7f82f8109ad0
2024-05-07T02:17:23.491 INFO:teuthology.orchestra.run.smithi019.stdout:/usr/bin/ceph: stderr
2024-05-07T02:17:20.201+0000 7f8300200700 1 -- 172.21.15.19:0/3401355320 --> [v2:172.21.15.19:3300/0,v1:172.21.15.19:6789/0] -- mon_subscribe({osdmap=0}) -- 0x7f82f81a33d0 con 0x7f82f8109ad0
2024-05-07T02:17:23.491 INFO:teuthology.orchestra.run.smithi019.stdout:/usr/bin/ceph: stderr
2024-05-07T02:17:20.203+0000 7f8300200700 1 -- 172.21.15.19:0/3401355320 --> [v2:172.21.15.19:3300/0,v1:172.21.15.19:6789/0] -- mon_command({"prefix": "get_command_descriptions"} v 0) -- 0x7f82f8064e20 con 0x7f82f8109ad0
2024-05-07T02:17:23.491 INFO:teuthology.orchestra.run.smithi019.stdout:/usr/bin/ceph: stderr
2024-05-07T02:17:20.203+0000 7f82f6000700 1 -- 172.21.15.19:0/3401355320 <== mon.0 v2:172.21.15.19:3300/0 4 ==== mgrmap(e 8) ==== 50222+0+0 (secure 0 0 0) 0x7f82ec023020 con 0x7f82f8109ad0
2024-05-07T02:17:23.491 INFO:teuthology.orchestra.run.smithi019.stdout:/usr/bin/ceph: stderr
2024-05-07T02:17:20.204+0000 7f82f6000700 1 --2- 172.21.15.19:0/3401355320 >> [v2:172.21.15.19:6800/174304059,v1:172.21.15.19:6801/174304059] conn(0x7f82e003e580 0x7f82e0040a90 unknown :-1 s=NONE pgs=0 cs=0 l=1 rev1=0 crypto rx=0 tx=0 comp rx=0 tx=0).connect
2024-05-07T02:17:23.491 INFO:teuthology.orchestra.run.smithi019.stdout:/usr/bin/ceph: stderr
2024-05-07T02:17:20.204+0000 7f82f6000700 1 -- 172.21.15.19:0/3401355320 <== mon.0 v2:172.21.15.19:3300/0 5 ==== osd_map(2..2 src has 1..2) ==== 940+0+0 (secure 0 0 0) 0x7f82ec00f050 con 0x7f82f8109ad0
2024-05-07T02:17:23.491 INFO:teuthology.orchestra.run.smithi019.stdout:/usr/bin/ceph: stderr
2024-05-07T02:17:20.204+0000 7f82fce00700 1 --2- 172.21.15.19:0/3401355320 >> [v2:172.21.15.19:6800/174304059,v1:172.21.15.19:6801/174304059] conn(0x7f82e003e580 0x7f82e0040a90 unknown :-1 s=BANNER_CONNECTING pgs=0 cs=0 l=1 rev1=0 crypto rx=0 tx=0 comp rx=0 tx=0)._handle_peer_banner_payload supported=3 required=0
2024-05-07T02:17:23.491 INFO:teuthology.orchestra.run.smithi019.stdout:/usr/bin/ceph: stderr
2024-05-07T02:17:20.205+0000 7f82fce00700 1 --2- 172.21.15.19:0/3401355320 >> [v2:172.21.15.19:6800/174304059,v1:172.21.15.19:6801/174304059] conn(0x7f82e003e580 0x7f82e0040a90 secure :-1 s=READY pgs=16 cs=0 l=1 rev1=1 crypto rx=0x7f82e4006fd0 tx=0x7f82e4006e40 comp rx=0 tx=0).ready entity=mgr.14120 client_cookie=0 server_cookie=0 in_seq=0 out_seq=0
2024-05-07T02:17:23.491 INFO:teuthology.orchestra.run.smithi019.stdout:/usr/bin/ceph: stderr
2024-05-07T02:17:20.209+0000 7f82f6000700 1 -- 172.21.15.19:0/3401355320 <== mon.0 v2:172.21.15.19:3300/0 6 ==== mon_command_ack([{"prefix": "get_command_descriptions"}]=0 v0) ==== 72+0+191963 (secure 0 0 0) 0x7f82ec02a020 con 0x7f82f8109ad0
2024-05-07T02:17:23.491 INFO:teuthology.orchestra.run.smithi019.stdout:/usr/bin/ceph: stderr
2024-05-07T02:17:20.519+0000 7f8300200700 1 -- 172.21.15.19:0/3401355320 --> [v2:172.21.15.19:3300/0,v1:172.21.15.19:6789/0] -- mon_command({"prefix": "mgr module enable", "module": "dashboard"} v 0) -- 0x7f82f81a35a0 con 0x7f82f8109ad0
2024-05-07T02:17:23.491 INFO:teuthology.orchestra.run.smithi019.stdout:/usr/bin/ceph: stderr
2024-05-07T02:17:21.426+0000 7f82f6000700 1 -- 172.21.15.19:0/3401355320 <== mon.0 v2:172.21.15.19:3300/0 7 ==== mon_command_ack([{"prefix": "mgr module enable", "module": "dashboard"}]=0 v9) ==== 88+0+0 (secure 0 0 0) 0x7f82ec012a00 con 0x7f82f8109ad0
2024-05-07T02:17:23.491 INFO:teuthology.orchestra.run.smithi019.stdout:/usr/bin/ceph: stderr
2024-05-07T02:17:21.430+0000 7f82f6000700 1 -- 172.21.15.19:0/3401355320 <== mon.0 v2:172.21.15.19:3300/0 8 ==== mgrmap(e 9) ==== 50235+0+0 (secure 0 0 0) 0x7f82ec011d60 con 0x7f82f8109ad0
2024-05-07T02:17:23.491 INFO:teuthology.orchestra.run.smithi019.stdout:/usr/bin/ceph: stderr
2024-05-07T02:17:21.432+0000 7f8300200700 1 -- 172.21.15.19:0/3401355320 >> [v2:172.21.15.19:6800/174304059,v1:172.21.15.19:6801/174304059] conn(0x7f82e003e580 msgr2=0x7f82e0040a90 secure :-1 s=STATE_CONNECTION_ESTABLISHED l=1).mark_down
2024-05-07T02:17:23.492 INFO:teuthology.orchestra.run.smithi019.stdout:/usr/bin/ceph: stderr
2024-05-07T02:17:21.432+0000 7f8300200700 1 --2- 172.21.15.19:0/3401355320 >> [v2:172.21.15.19:6800/174304059,v1:172.21.15.19:6801/174304059] conn(0x7f82e003e580 0x7f82e0040a90 secure :-1 s=READY pgs=16 cs=0 l=1 rev1=1 crypto rx=0x7f82e4006fd0 tx=0x7f82e4006e40 comp rx=0 tx=0).stop
2024-05-07T02:17:23.492 INFO:teuthology.orchestra.run.smithi019.stdout:/usr/bin/ceph: stderr
2024-05-07T02:17:21.432+0000 7f8300200700 1 -- 172.21.15.19:0/3401355320 >> [v2:172.21.15.19:3300/0,v1:172.21.15.19:6789/0] conn(0x7f82f8109ad0 msgr2=0x7f82f819fff0 secure :-1 s=STATE_CONNECTION_ESTABLISHED l=1).mark_down
2024-05-07T02:17:23.492 INFO:teuthology.orchestra.run.smithi019.stdout:/usr/bin/ceph: stderr
2024-05-07T02:17:21.432+0000 7f8300200700 1 --2- 172.21.15.19:0/3401355320 >> [v2:172.21.15.19:3300/0,v1:172.21.15.19:6789/0] conn(0x7f82f8109ad0 0x7f82f819fff0 secure :-1 s=READY pgs=56 cs=0 l=1 rev1=1 crypto rx=0x7f82ec00bc80 tx=0x7f82ec00bd60 comp rx=0 tx=0).stop
2024-05-07T02:17:23.492 INFO:teuthology.orchestra.run.smithi019.stdout:/usr/bin/ceph: stderr
2024-05-07T02:17:21.432+0000 7f8300200700 1 -- 172.21.15.19:0/3401355320 shutdown_connections
2024-05-07T02:17:23.492 INFO:teuthology.orchestra.run.smithi019.stdout:/usr/bin/ceph: stderr
2024-05-07T02:17:21.432+0000 7f8300200700 1 --2- 172.21.15.19:0/3401355320 >> [v2:172.21.15.19:6800/174304059,v1:172.21.15.19:6801/174304059] conn(0x7f82e003e580 0x7f82e0040a90 unknown :-1 s=CLOSED pgs=16 cs=0 l=1 rev1=1 crypto rx=0 tx=0 comp rx=0 tx=0).stop
2024-05-07T02:17:23.492 INFO:teuthology.orchestra.run.smithi019.stdout:/usr/bin/ceph: stderr
2024-05-07T02:17:21.432+0000 7f8300200700 1 --2- 172.21.15.19:0/3401355320 >> [v2:172.21.15.19:3300/0,v1:172.21.15.19:6789/0] conn(0x7f82f8109ad0 0x7f82f819fff0 unknown :-1 s=CLOSED pgs=56 cs=0 l=1 rev1=1 crypto rx=0 tx=0 comp rx=0 tx=0).stop
2024-05-07T02:17:23.492 INFO:teuthology.orchestra.run.smithi019.stdout:/usr/bin/ceph: stderr
2024-05-07T02:17:21.432+0000 7f8300200700 1 -- 172.21.15.19:0/3401355320 >> 172.21.15.19:0/3401355320 conn(0x7f82f8105150 msgr2=0x7f82f807d1b0 unknown :-1 s=STATE_NONE l=0).mark_down
2024-05-07T02:17:23.492 INFO:teuthology.orchestra.run.smithi019.stdout:/usr/bin/ceph: stderr
2024-05-07T02:17:21.433+0000 7f8300200700 1 -- 172.21.15.19:0/3401355320 shutdown_connections
2024-05-07T02:17:23.492 INFO:teuthology.orchestra.run.smithi019.stdout:/usr/bin/ceph: stderr
2024-05-07T02:17:21.433+0000 7f8300200700 1 -- 172.21.15.19:0/3401355320 wait complete.
2024-05-07T02:17:24.669 INFO:journalctl@ceph.mon.a.smithi019.stdout:May 07 02:17:24 smithi019 ceph-mon[29781]: from='client.? 172.21.15.19:0/1956000478' entity='client.admin' cmd=[{"prefix": "mgr stat"}]: dispatch
2024-05-07T02:17:24.669 INFO:journalctl@ceph.mgr.x.smithi019.stdout:May 07 02:17:24 smithi019 ceph-9ff84c16-0c17-11ef-bc97-c7b262605968-mgr-x[30011]:
2024-05-07T02:17:24.418+0000 7f29d8169200 -1 mgr[py] Module telegraf has missing NOTIFY_TYPES member
2024-05-07T02:17:25.125 INFO:journalctl@ceph.mgr.x.smithi019.stdout:May 07 02:17:24 smithi019 ceph-9ff84c16-0c17-11ef-bc97-c7b262605968-mgr-x[30011]:
2024-05-07T02:17:24.668+0000 7f29d8169200 -1 mgr[py] Module osd_support has missing NOTIFY_TYPES member
2024-05-07T02:17:25.125 INFO:journalctl@ceph.mgr.x.smithi019.stdout:May 07 02:17:24 smithi019 ceph-9ff84c16-0c17-11ef-bc97-c7b262605968-mgr-x[30011]:
2024-05-07T02:17:24.911+0000 7f29d8169200 -1 mgr[py] Module iostat has missing NOTIFY_TYPES member
2024-05-07T02:17:25.133 INFO:teuthology.orchestra.run.smithi019.stdout:/usr/bin/ceph: stdout {
2024-05-07T02:17:25.141 INFO:teuthology.orchestra.run.smithi019.stdout:/usr/bin/ceph: stdout "epoch": 9,
2024-05-07T02:17:25.141 INFO:teuthology.orchestra.run.smithi019.stdout:/usr/bin/ceph: stdout "available": true,
2024-05-07T02:17:25.141 INFO:teuthology.orchestra.run.smithi019.stdout:/usr/bin/ceph: stdout "active_name": "x",
2024-05-07T02:17:25.141 INFO:teuthology.orchestra.run.smithi019.stdout:/usr/bin/ceph: stdout "num_standby": 0
2024-05-07T02:17:25.141 INFO:teuthology.orchestra.run.smithi019.stdout:/usr/bin/ceph: stdout }
2024-05-07T02:17:25.141 INFO:teuthology.orchestra.run.smithi019.stdout:/usr/bin/ceph: stderr
2024-05-07T02:17:24.142+0000 7f81d7000700 1 Processor -- start
2024-05-07T02:17:25.141 INFO:teuthology.orchestra.run.smithi019.stdout:/usr/bin/ceph: stderr
2024-05-07T02:17:24.142+0000 7f81d7000700 1 -- start start
2024-05-07T02:17:25.141 INFO:teuthology.orchestra.run.smithi019.stdout:/usr/bin/ceph: stderr
2024-05-07T02:17:24.143+0000 7f81d7000700 1 --2- >> [v2:172.21.15.19:3300/0,v1:172.21.15.19:6789/0] conn(0x7f81d007ed20 0x7f81d007d1f0 unknown :-1 s=NONE pgs=0 cs=0 l=0 rev1=0 crypto rx=0 tx=0 comp rx=0 tx=0).connect
2024-05-07T02:17:25.141 INFO:teuthology.orchestra.run.smithi019.stdout:/usr/bin/ceph: stderr
2024-05-07T02:17:24.143+0000 7f81d7000700 1 -- --> [v2:172.21.15.19:3300/0,v1:172.21.15.19:6789/0] -- mon_getmap magic: 0 -- 0x7f81d007d730 con 0x7f81d007ed20
2024-05-07T02:17:25.141 INFO:teuthology.orchestra.run.smithi019.stdout:/usr/bin/ceph: stderr
2024-05-07T02:17:24.143+0000 7f81cfe00700 1 --2- >> [v2:172.21.15.19:3300/0,v1:172.21.15.19:6789/0] conn(0x7f81d007ed20 0x7f81d007d1f0 unknown :-1 s=BANNER_CONNECTING pgs=0 cs=0 l=0 rev1=0 crypto rx=0 tx=0 comp rx=0 tx=0)._handle_peer_banner_payload supported=3 required=0
2024-05-07T02:17:25.141 INFO:teuthology.orchestra.run.smithi019.stdout:/usr/bin/ceph: stderr
2024-05-07T02:17:24.143+0000 7f81cfe00700 1 --2- >> [v2:172.21.15.19:3300/0,v1:172.21.15.19:6789/0] conn(0x7f81d007ed20 0x7f81d007d1f0 unknown :-1 s=HELLO_CONNECTING pgs=0 cs=0 l=0 rev1=1 crypto rx=0 tx=0 comp rx=0 tx=0).handle_hello peer v2:172.21.15.19:3300/0 says I am v2:172.21.15.19:49206/0 (socket says 172.21.15.19:49206)
2024-05-07T02:17:25.141 INFO:teuthology.orchestra.run.smithi019.stdout:/usr/bin/ceph: stderr
2024-05-07T02:17:24.143+0000 7f81cfe00700 1 -- 172.21.15.19:0/3890031158 learned_addr learned my addr 172.21.15.19:0/3890031158 (peer_addr_for_me v2:172.21.15.19:0/0)
2024-05-07T02:17:25.142 INFO:teuthology.orchestra.run.smithi019.stdout:/usr/bin/ceph: stderr
2024-05-07T02:17:24.144+0000 7f81cfe00700 1 -- 172.21.15.19:0/3890031158 --> [v2:172.21.15.19:3300/0,v1:172.21.15.19:6789/0] -- mon_subscribe({config=0+,monmap=0+}) -- 0x7f81d007d8b0 con 0x7f81d007ed20
2024-05-07T02:17:25.142 INFO:teuthology.orchestra.run.smithi019.stdout:/usr/bin/ceph: stderr
2024-05-07T02:17:24.144+0000 7f81cfe00700 1 --2- 172.21.15.19:0/3890031158 >> [v2:172.21.15.19:3300/0,v1:172.21.15.19:6789/0] conn(0x7f81d007ed20 0x7f81d007d1f0 secure :-1 s=READY pgs=59 cs=0 l=1 rev1=1 crypto rx=0x7f81c00098a0 tx=0x7f81c0009bb0 comp rx=0 tx=0).ready entity=mon.0 client_cookie=d41d68e5dd316e8d server_cookie=0 in_seq=0 out_seq=0
2024-05-07T02:17:25.142 INFO:teuthology.orchestra.run.smithi019.stdout:/usr/bin/ceph: stderr
2024-05-07T02:17:24.145+0000 7f81cea00700 1 -- 172.21.15.19:0/3890031158 <== mon.0 v2:172.21.15.19:3300/0 1 ==== mon_map magic: 0 ==== 205+0+0 (secure 0 0 0) 0x7f81c0004160 con 0x7f81d007ed20
2024-05-07T02:17:25.142 INFO:teuthology.orchestra.run.smithi019.stdout:/usr/bin/ceph: stderr
2024-05-07T02:17:24.145+0000 7f81cea00700 1 -- 172.21.15.19:0/3890031158 <== mon.0 v2:172.21.15.19:3300/0 2 ==== config(26 keys) ==== 1101+0+0 (secure 0 0 0) 0x7f81c0004300 con 0x7f81d007ed20
2024-05-07T02:17:25.142 INFO:teuthology.orchestra.run.smithi019.stdout:/usr/bin/ceph: stderr
2024-05-07T02:17:24.145+0000 7f81cea00700 1 -- 172.21.15.19:0/3890031158 <== mon.0 v2:172.21.15.19:3300/0 3 ==== mon_map magic: 0 ==== 205+0+0 (secure 0 0 0) 0x7f81c0011a20 con 0x7f81d007ed20
2024-05-07T02:17:25.142 INFO:teuthology.orchestra.run.smithi019.stdout:/usr/bin/ceph: stderr
2024-05-07T02:17:24.146+0000 7f81d7000700 1 -- 172.21.15.19:0/3890031158 >> [v2:172.21.15.19:3300/0,v1:172.21.15.19:6789/0] conn(0x7f81d007ed20 msgr2=0x7f81d007d1f0 secure :-1 s=STATE_CONNECTION_ESTABLISHED l=1).mark_down
2024-05-07T02:17:25.142 INFO:teuthology.orchestra.run.smithi019.stdout:/usr/bin/ceph: stderr
2024-05-07T02:17:24.146+0000 7f81d7000700 1 --2- 172.21.15.19:0/3890031158 >> [v2:172.21.15.19:3300/0,v1:172.21.15.19:6789/0] conn(0x7f81d007ed20 0x7f81d007d1f0 secure :-1 s=READY pgs=59 cs=0 l=1 rev1=1 crypto rx=0x7f81c00098a0 tx=0x7f81c0009bb0 comp rx=0 tx=0).stop
2024-05-07T02:17:25.142 INFO:teuthology.orchestra.run.smithi019.stdout:/usr/bin/ceph: stderr
2024-05-07T02:17:24.146+0000 7f81d7000700 1 -- 172.21.15.19:0/3890031158 shutdown_connections
2024-05-07T02:17:25.142 INFO:teuthology.orchestra.run.smithi019.stdout:/usr/bin/ceph: stderr
2024-05-07T02:17:24.146+0000 7f81d7000700 1 --2- 172.21.15.19:0/3890031158 >> [v2:172.21.15.19:3300/0,v1:172.21.15.19:6789/0] conn(0x7f81d007ed20 0x7f81d007d1f0 unknown :-1 s=CLOSED pgs=59 cs=0 l=1 rev1=1 crypto rx=0 tx=0 comp rx=0 tx=0).stop
2024-05-07T02:17:25.142 INFO:teuthology.orchestra.run.smithi019.stdout:/usr/bin/ceph: stderr
2024-05-07T02:17:24.146+0000 7f81d7000700 1 -- 172.21.15.19:0/3890031158 >> 172.21.15.19:0/3890031158 conn(0x7f81d01051a0 msgr2=0x7f81d01075f0 unknown :-1 s=STATE_NONE l=0).mark_down
2024-05-07T02:17:25.142 INFO:teuthology.orchestra.run.smithi019.stdout:/usr/bin/ceph: stderr
2024-05-07T02:17:24.146+0000 7f81d7000700 1 -- 172.21.15.19:0/3890031158 shutdown_connections
2024-05-07T02:17:25.142 INFO:teuthology.orchestra.run.smithi019.stdout:/usr/bin/ceph: stderr
2024-05-07T02:17:24.146+0000 7f81d7000700 1 -- 172.21.15.19:0/3890031158 wait complete.
2024-05-07T02:17:25.142 INFO:teuthology.orchestra.run.smithi019.stdout:/usr/bin/ceph: stderr
2024-05-07T02:17:24.148+0000 7f81d7000700 1 Processor -- start
2024-05-07T02:17:25.143 INFO:teuthology.orchestra.run.smithi019.stdout:/usr/bin/ceph: stderr
2024-05-07T02:17:24.148+0000 7f81d7000700 1 -- start start
2024-05-07T02:17:25.143 INFO:teuthology.orchestra.run.smithi019.stdout:/usr/bin/ceph: stderr
2024-05-07T02:17:24.149+0000 7f81d7000700 1 --2- >> [v2:172.21.15.19:3300/0,v1:172.21.15.19:6789/0] conn(0x7f81d007ed20 0x7f81d019ff30 unknown :-1 s=NONE pgs=0 cs=0 l=1 rev1=0 crypto rx=0 tx=0 comp rx=0 tx=0).connect
2024-05-07T02:17:25.143 INFO:teuthology.orchestra.run.smithi019.stdout:/usr/bin/ceph: stderr
2024-05-07T02:17:24.149+0000 7f81d7000700 1 -- --> [v2:172.21.15.19:3300/0,v1:172.21.15.19:6789/0] -- mon_getmap magic: 0 -- 0x7f81d0110060 con 0x7f81d007ed20
2024-05-07T02:17:25.143 INFO:teuthology.orchestra.run.smithi019.stdout:/usr/bin/ceph: stderr
2024-05-07T02:17:24.149+0000 7f81cfe00700 1 --2- >> [v2:172.21.15.19:3300/0,v1:172.21.15.19:6789/0] conn(0x7f81d007ed20 0x7f81d019ff30 unknown :-1 s=BANNER_CONNECTING pgs=0 cs=0 l=1 rev1=0 crypto rx=0 tx=0 comp rx=0 tx=0)._handle_peer_banner_payload supported=3 required=0
2024-05-07T02:17:25.143 INFO:teuthology.orchestra.run.smithi019.stdout:/usr/bin/ceph: stderr
2024-05-07T02:17:24.149+0000 7f81cfe00700 1 --2- >> [v2:172.21.15.19:3300/0,v1:172.21.15.19:6789/0] conn(0x7f81d007ed20 0x7f81d019ff30 unknown :-1 s=HELLO_CONNECTING pgs=0 cs=0 l=1 rev1=1 crypto rx=0 tx=0 comp rx=0 tx=0).handle_hello peer v2:172.21.15.19:3300/0 says I am v2:172.21.15.19:49216/0 (socket says 172.21.15.19:49216)
2024-05-07T02:17:25.143 INFO:teuthology.orchestra.run.smithi019.stdout:/usr/bin/ceph: stderr
2024-05-07T02:17:24.149+0000 7f81cfe00700 1 -- 172.21.15.19:0/1956000478 learned_addr learned my addr 172.21.15.19:0/1956000478 (peer_addr_for_me v2:172.21.15.19:0/0)
2024-05-07T02:17:25.143 INFO:teuthology.orchestra.run.smithi019.stdout:/usr/bin/ceph: stderr
2024-05-07T02:17:24.150+0000 7f81cfe00700 1 -- 172.21.15.19:0/1956000478 --> [v2:172.21.15.19:3300/0,v1:172.21.15.19:6789/0] -- mon_subscribe({config=0+,monmap=0+}) -- 0x7f81d01a0470 con 0x7f81d007ed20
2024-05-07T02:17:25.143 INFO:teuthology.orchestra.run.smithi019.stdout:/usr/bin/ceph: stderr
2024-05-07T02:17:24.150+0000 7f81cfe00700 1 --2- 172.21.15.19:0/1956000478 >> [v2:172.21.15.19:3300/0,v1:172.21.15.19:6789/0] conn(0x7f81d007ed20 0x7f81d019ff30 secure :-1 s=READY pgs=60 cs=0 l=1 rev1=1 crypto rx=0x7f81c0000c00 tx=0x7f81c0011aa0 comp rx=0 tx=0).ready entity=mon.0 client_cookie=0 server_cookie=0 in_seq=0 out_seq=0
2024-05-07T02:17:25.143 INFO:teuthology.orchestra.run.smithi019.stdout:/usr/bin/ceph: stderr
2024-05-07T02:17:24.150+0000 7f81ccc00700 1 -- 172.21.15.19:0/1956000478 <== mon.0 v2:172.21.15.19:3300/0 1 ==== mon_map magic: 0 ==== 205+0+0 (secure 0 0 0) 0x7f81c0003aa0 con 0x7f81d007ed20
2024-05-07T02:17:25.143 INFO:teuthology.orchestra.run.smithi019.stdout:/usr/bin/ceph: stderr
2024-05-07T02:17:24.150+0000 7f81d7000700 1 -- 172.21.15.19:0/1956000478 --> [v2:172.21.15.19:3300/0,v1:172.21.15.19:6789/0] -- mon_subscribe({mgrmap=0+}) -- 0x7f81d01a0700 con 0x7f81d007ed20
2024-05-07T02:17:25.143 INFO:teuthology.orchestra.run.smithi019.stdout:/usr/bin/ceph: stderr
2024-05-07T02:17:24.150+0000 7f81ccc00700 1 -- 172.21.15.19:0/1956000478 <== mon.0 v2:172.21.15.19:3300/0 2 ==== config(26 keys) ==== 1101+0+0 (secure 0 0 0) 0x7f81c001b8f0 con 0x7f81d007ed20
2024-05-07T02:17:25.143 INFO:teuthology.orchestra.run.smithi019.stdout:/usr/bin/ceph: stderr
2024-05-07T02:17:24.150+0000 7f81ccc00700 1 -- 172.21.15.19:0/1956000478 <== mon.0 v2:172.21.15.19:3300/0 3 ==== mon_map magic: 0 ==== 205+0+0 (secure 0 0 0) 0x7f81c0023890 con 0x7f81d007ed20
2024-05-07T02:17:25.143 INFO:teuthology.orchestra.run.smithi019.stdout:/usr/bin/ceph: stderr
2024-05-07T02:17:24.151+0000 7f81d7000700 1 -- 172.21.15.19:0/1956000478 --> [v2:172.21.15.19:3300/0,v1:172.21.15.19:6789/0] -- mon_subscribe({osdmap=0}) -- 0x7f81d01a3310 con 0x7f81d007ed20
2024-05-07T02:17:25.143 INFO:teuthology.orchestra.run.smithi019.stdout:/usr/bin/ceph: stderr
2024-05-07T02:17:24.152+0000 7f81d7000700 1 -- 172.21.15.19:0/1956000478 --> [v2:172.21.15.19:3300/0,v1:172.21.15.19:6789/0] -- mon_command({"prefix": "get_command_descriptions"} v 0) -- 0x7f81d0064e20 con 0x7f81d007ed20
2024-05-07T02:17:25.144 INFO:teuthology.orchestra.run.smithi019.stdout:/usr/bin/ceph: stderr
2024-05-07T02:17:24.152+0000 7f81ccc00700 1 -- 172.21.15.19:0/1956000478 <== mon.0 v2:172.21.15.19:3300/0 4 ==== mgrmap(e 9) ==== 50235+0+0 (secure 0 0 0) 0x7f81c001b440 con 0x7f81d007ed20
2024-05-07T02:17:25.144 INFO:teuthology.orchestra.run.smithi019.stdout:/usr/bin/ceph: stderr
2024-05-07T02:17:24.153+0000 7f81ccc00700 1 --2- 172.21.15.19:0/1956000478 >> [v2:172.21.15.19:6800/174304059,v1:172.21.15.19:6801/174304059] conn(0x7f81b403e630 0x7f81b4040b40 unknown :-1 s=NONE pgs=0 cs=0 l=1 rev1=0 crypto rx=0 tx=0 comp rx=0 tx=0).connect
2024-05-07T02:17:25.144 INFO:teuthology.orchestra.run.smithi019.stdout:/usr/bin/ceph: stderr
2024-05-07T02:17:24.153+0000 7f81ccc00700 1 -- 172.21.15.19:0/1956000478 <== mon.0 v2:172.21.15.19:3300/0 5 ==== osd_map(2..2 src has 1..2) ==== 940+0+0 (secure 0 0 0) 0x7f81c0053f20 con 0x7f81d007ed20
2024-05-07T02:17:25.144 INFO:teuthology.orchestra.run.smithi019.stdout:/usr/bin/ceph: stderr
2024-05-07T02:17:24.153+0000 7f81cf400700 1 -- 172.21.15.19:0/1956000478 >> [v2:172.21.15.19:6800/174304059,v1:172.21.15.19:6801/174304059] conn(0x7f81b403e630 msgr2=0x7f81b4040b40 unknown :-1 s=STATE_CONNECTING_RE l=1).process reconnect failed to v2:172.21.15.19:6800/174304059
2024-05-07T02:17:25.144 INFO:teuthology.orchestra.run.smithi019.stdout:/usr/bin/ceph: stderr
2024-05-07T02:17:24.153+0000 7f81cf400700 1 --2- 172.21.15.19:0/1956000478 >> [v2:172.21.15.19:6800/174304059,v1:172.21.15.19:6801/174304059] conn(0x7f81b403e630 0x7f81b4040b40 unknown :-1 s=START_CONNECT pgs=0 cs=0 l=1 rev1=0 crypto rx=0 tx=0 comp rx=0 tx=0)._fault waiting 0.200000
2024-05-07T02:17:25.144 INFO:teuthology.orchestra.run.smithi019.stdout:/usr/bin/ceph: stderr
2024-05-07T02:17:24.159+0000 7f81ccc00700 1 -- 172.21.15.19:0/1956000478 <== mon.0 v2:172.21.15.19:3300/0 6 ==== mon_command_ack([{"prefix": "get_command_descriptions"}]=0 v0) ==== 72+0+191963 (secure 0 0 0) 0x7f81c001f030 con 0x7f81d007ed20
2024-05-07T02:17:25.144 INFO:teuthology.orchestra.run.smithi019.stdout:/usr/bin/ceph: stderr
2024-05-07T02:17:24.354+0000 7f81cf400700 1 -- 172.21.15.19:0/1956000478 >> [v2:172.21.15.19:6800/174304059,v1:172.21.15.19:6801/174304059] conn(0x7f81b403e630 msgr2=0x7f81b4040b40 unknown :-1 s=STATE_CONNECTING_RE l=1).process reconnect failed to v2:172.21.15.19:6800/174304059
2024-05-07T02:17:25.144 INFO:teuthology.orchestra.run.smithi019.stdout:/usr/bin/ceph: stderr
2024-05-07T02:17:24.354+0000 7f81cf400700 1 --2- 172.21.15.19:0/1956000478 >> [v2:172.21.15.19:6800/174304059,v1:172.21.15.19:6801/174304059] conn(0x7f81b403e630 0x7f81b4040b40 unknown :-1 s=START_CONNECT pgs=0 cs=0 l=1 rev1=0 crypto rx=0 tx=0 comp rx=0 tx=0)._fault waiting 0.400000
2024-05-07T02:17:25.144 INFO:teuthology.orchestra.run.smithi019.stdout:/usr/bin/ceph: stderr
2024-05-07T02:17:24.458+0000 7f81d7000700 1 -- 172.21.15.19:0/1956000478 --> [v2:172.21.15.19:3300/0,v1:172.21.15.19:6789/0] -- mon_command({"prefix": "mgr stat"} v 0) -- 0x7f81d01a34e0 con 0x7f81d007ed20
2024-05-07T02:17:25.144 INFO:teuthology.orchestra.run.smithi019.stdout:/usr/bin/ceph: stderr
2024-05-07T02:17:24.459+0000 7f81ccc00700 1 -- 172.21.15.19:0/1956000478 <== mon.0 v2:172.21.15.19:3300/0 7 ==== mon_command_ack([{"prefix": "mgr stat"}]=0 v9) ==== 56+0+88 (secure 0 0 0) 0x7f81d01a34e0 con 0x7f81d007ed20
2024-05-07T02:17:25.144 INFO:teuthology.orchestra.run.smithi019.stdout:/usr/bin/ceph: stderr
2024-05-07T02:17:24.462+0000 7f81d7000700 1 -- 172.21.15.19:0/1956000478 >> [v2:172.21.15.19:6800/174304059,v1:172.21.15.19:6801/174304059] conn(0x7f81b403e630 msgr2=0x7f81b4040b40 unknown :-1 s=STATE_CONNECTING l=1).mark_down
2024-05-07T02:17:25.144 INFO:teuthology.orchestra.run.smithi019.stdout:/usr/bin/ceph: stderr
2024-05-07T02:17:24.462+0000 7f81d7000700 1 --2- 172.21.15.19:0/1956000478 >> [v2:172.21.15.19:6800/174304059,v1:172.21.15.19:6801/174304059] conn(0x7f81b403e630 0x7f81b4040b40 unknown :-1 s=START_CONNECT pgs=0 cs=0 l=1 rev1=0 crypto rx=0 tx=0 comp rx=0 tx=0).stop
2024-05-07T02:17:25.144 INFO:teuthology.orchestra.run.smithi019.stdout:/usr/bin/ceph: stderr
2024-05-07T02:17:24.462+0000 7f81d7000700 1 -- 172.21.15.19:0/1956000478 >> [v2:172.21.15.19:3300/0,v1:172.21.15.19:6789/0] conn(0x7f81d007ed20 msgr2=0x7f81d019ff30 secure :-1 s=STATE_CONNECTION_ESTABLISHED l=1).mark_down
2024-05-07T02:17:25.144 INFO:teuthology.orchestra.run.smithi019.stdout:/usr/bin/ceph: stderr
2024-05-07T02:17:24.462+0000 7f81d7000700 1 --2- 172.21.15.19:0/1956000478 >> [v2:172.21.15.19:3300/0,v1:172.21.15.19:6789/0] conn(0x7f81d007ed20 0x7f81d019ff30 secure :-1 s=READY pgs=60 cs=0 l=1 rev1=1 crypto rx=0x7f81c0000c00 tx=0x7f81c0011aa0 comp rx=0 tx=0).stop
2024-05-07T02:17:25.145 INFO:teuthology.orchestra.run.smithi019.stdout:/usr/bin/ceph: stderr
2024-05-07T02:17:24.462+0000 7f81d7000700 1 -- 172.21.15.19:0/1956000478 shutdown_connections
2024-05-07T02:17:25.145 INFO:teuthology.orchestra.run.smithi019.stdout:/usr/bin/ceph: stderr
2024-05-07T02:17:24.462+0000 7f81d7000700 1 --2- 172.21.15.19:0/1956000478 >> [v2:172.21.15.19:6800/174304059,v1:172.21.15.19:6801/174304059] conn(0x7f81b403e630 0x7f81b4040b40 unknown :-1 s=CLOSED pgs=0 cs=0 l=1 rev1=0 crypto rx=0 tx=0 comp rx=0 tx=0).stop
2024-05-07T02:17:25.145 INFO:teuthology.orchestra.run.smithi019.stdout:/usr/bin/ceph: stderr
2024-05-07T02:17:24.462+0000 7f81d7000700 1 --2- 172.21.15.19:0/1956000478 >> [v2:172.21.15.19:3300/0,v1:172.21.15.19:6789/0] conn(0x7f81d007ed20 0x7f81d019ff30 unknown :-1 s=CLOSED pgs=60 cs=0 l=1 rev1=1 crypto rx=0 tx=0 comp rx=0 tx=0).stop
2024-05-07T02:17:25.145 INFO:teuthology.orchestra.run.smithi019.stdout:/usr/bin/ceph: stderr
2024-05-07T02:17:24.462+0000 7f81d7000700 1 -- 172.21.15.19:0/1956000478 >> 172.21.15.19:0/1956000478 conn(0x7f81d01051a0 msgr2=0x7f81d01069b0 unknown :-1 s=STATE_NONE l=0).mark_down
2024-05-07T02:17:25.145 INFO:teuthology.orchestra.run.smithi019.stdout:/usr/bin/ceph: stderr
2024-05-07T02:17:24.462+0000 7f81d7000700 1 -- 172.21.15.19:0/1956000478 shutdown_connections
2024-05-07T02:17:25.145 INFO:teuthology.orchestra.run.smithi019.stdout:/usr/bin/ceph: stderr
2024-05-07T02:17:24.462+0000 7f81d7000700 1 -- 172.21.15.19:0/1956000478 wait complete.
2024-05-07T02:17:25.145 INFO:teuthology.orchestra.run.smithi019.stdout:Waiting for the mgr to restart...
2024-05-07T02:17:25.145 INFO:teuthology.orchestra.run.smithi019.stdout:Waiting for mgr epoch 9...
2024-05-07T02:17:25.395 INFO:journalctl@ceph.mgr.x.smithi019.stdout:May 07 02:17:25 smithi019 ceph-9ff84c16-0c17-11ef-bc97-c7b262605968-mgr-x[30011]:
