2024-05-07T02:16:38.510 INFO:teuthology.orchestra.run.smithi019.stdout:/usr/bin/ceph: stderr
2024-05-07T02:16:37.841+0000 7f0095c00700 1 --2- 172.21.15.19:0/3332139802 >> [v2:172.21.15.19:3300/0,v1:172.21.15.19:6789/0] conn(0x7f009007ed60 0x7f009019ffb0 secure :-1 s=READY pgs=10 cs=0 l=1 rev1=1 crypto rx=0x7f00800117b0 tx=0x7f0080011b70 comp rx=0 tx=0).stop
2024-05-07T02:16:38.510 INFO:teuthology.orchestra.run.smithi019.stdout:/usr/bin/ceph: stderr
2024-05-07T02:16:37.841+0000 7f0095c00700 1 -- 172.21.15.19:0/3332139802 shutdown_connections
2024-05-07T02:16:38.510 INFO:teuthology.orchestra.run.smithi019.stdout:/usr/bin/ceph: stderr
2024-05-07T02:16:37.841+0000 7f0095c00700 1 --2- 172.21.15.19:0/3332139802 >> [v2:172.21.15.19:3300/0,v1:172.21.15.19:6789/0] conn(0x7f009007ed60 0x7f009019ffb0 unknown :-1 s=CLOSED pgs=10 cs=0 l=1 rev1=1 crypto rx=0 tx=0 comp rx=0 tx=0).stop
2024-05-07T02:16:38.511 INFO:teuthology.orchestra.run.smithi019.stdout:/usr/bin/ceph: stderr
2024-05-07T02:16:37.841+0000 7f0095c00700 1 -- 172.21.15.19:0/3332139802 >> 172.21.15.19:0/3332139802 conn(0x7f0090105150 msgr2=0x7f00901059d0 unknown :-1 s=STATE_NONE l=0).mark_down
2024-05-07T02:16:38.511 INFO:teuthology.orchestra.run.smithi019.stdout:/usr/bin/ceph: stderr
2024-05-07T02:16:37.841+0000 7f0095c00700 1 -- 172.21.15.19:0/3332139802 shutdown_connections
2024-05-07T02:16:38.511 INFO:teuthology.orchestra.run.smithi019.stdout:/usr/bin/ceph: stderr
2024-05-07T02:16:37.841+0000 7f0095c00700 1 -- 172.21.15.19:0/3332139802 wait complete.
2024-05-07T02:16:38.511 INFO:teuthology.orchestra.run.smithi019.stdout:mgr not available, waiting (3/15)...
2024-05-07T02:16:39.331 INFO:journalctl@ceph.mgr.x.smithi019.stdout:May 07 02:16:39 smithi019 ceph-9ff84c16-0c17-11ef-bc97-c7b262605968-mgr-x[30011]:
2024-05-07T02:16:39.028+0000 7fc5995a6200 -1 mgr[py] Module status has missing NOTIFY_TYPES member
2024-05-07T02:16:39.644 INFO:journalctl@ceph.mgr.x.smithi019.stdout:May 07 02:16:39 smithi019 ceph-9ff84c16-0c17-11ef-bc97-c7b262605968-mgr-x[30011]:
2024-05-07T02:16:39.331+0000 7fc5995a6200 -1 mgr[py] Module nfs has missing NOTIFY_TYPES member
2024-05-07T02:16:39.645 INFO:journalctl@ceph.mon.a.smithi019.stdout:May 07 02:16:39 smithi019 ceph-mon[29781]: Activating manager daemon x
2024-05-07T02:16:39.645 INFO:journalctl@ceph.mon.a.smithi019.stdout:May 07 02:16:39 smithi019 ceph-mon[29781]: mgrmap e2: x(active, starting, since 0.0145922s)
2024-05-07T02:16:39.645 INFO:journalctl@ceph.mon.a.smithi019.stdout:May 07 02:16:39 smithi019 ceph-mon[29781]: from='mgr.14100 172.21.15.19:0/390980089' entity='mgr.x' cmd=[{"prefix": "mds metadata"}]: dispatch
2024-05-07T02:16:39.645 INFO:journalctl@ceph.mon.a.smithi019.stdout:May 07 02:16:39 smithi019 ceph-mon[29781]: from='mgr.14100 172.21.15.19:0/390980089' entity='mgr.x' cmd=[{"prefix": "osd metadata"}]: dispatch
2024-05-07T02:16:39.645 INFO:journalctl@ceph.mon.a.smithi019.stdout:May 07 02:16:39 smithi019 ceph-mon[29781]: from='mgr.14100 172.21.15.19:0/390980089' entity='mgr.x' cmd=[{"prefix": "mon metadata"}]: dispatch
2024-05-07T02:16:39.645 INFO:journalctl@ceph.mon.a.smithi019.stdout:May 07 02:16:39 smithi019 ceph-mon[29781]: from='mgr.14100 172.21.15.19:0/390980089' entity='mgr.x' cmd=[{"prefix": "mon metadata", "id": "a"}]: dispatch
2024-05-07T02:16:39.645 INFO:journalctl@ceph.mon.a.smithi019.stdout:May 07 02:16:39 smithi019 ceph-mon[29781]: from='mgr.14100 172.21.15.19:0/390980089' entity='mgr.x' cmd=[{"prefix": "mgr metadata", "who": "x", "id": "x"}]: dispatch
2024-05-07T02:16:39.645 INFO:journalctl@ceph.mon.a.smithi019.stdout:May 07 02:16:39 smithi019 ceph-mon[29781]: Manager daemon x is now available
2024-05-07T02:16:39.645 INFO:journalctl@ceph.mon.a.smithi019.stdout:May 07 02:16:39 smithi019 ceph-mon[29781]: from='mgr.14100 172.21.15.19:0/390980089' entity='mgr.x' cmd=[{"prefix":"config rm","who":"mgr","name":"mgr/rbd_support/x/mirror_snapshot_schedule"}]: dispatch
2024-05-07T02:16:39.645 INFO:journalctl@ceph.mon.a.smithi019.stdout:May 07 02:16:39 smithi019 ceph-mon[29781]: from='mgr.14100 172.21.15.19:0/390980089' entity='mgr.x' cmd=[{"prefix":"config rm","who":"mgr","name":"mgr/rbd_support/x/trash_purge_schedule"}]: dispatch
2024-05-07T02:16:40.665 INFO:journalctl@ceph.mon.a.smithi019.stdout:May 07 02:16:40 smithi019 ceph-mon[29781]: from='mgr.14100 172.21.15.19:0/390980089' entity='mgr.x'
2024-05-07T02:16:40.665 INFO:journalctl@ceph.mon.a.smithi019.stdout:May 07 02:16:40 smithi019 ceph-mon[29781]: from='mgr.14100 172.21.15.19:0/390980089' entity='mgr.x'
2024-05-07T02:16:40.666 INFO:journalctl@ceph.mon.a.smithi019.stdout:May 07 02:16:40 smithi019 ceph-mon[29781]: from='mgr.14100 172.21.15.19:0/390980089' entity='mgr.x'
2024-05-07T02:16:40.666 INFO:journalctl@ceph.mon.a.smithi019.stdout:May 07 02:16:40 smithi019 ceph-mon[29781]: mgrmap e3: x(active, since 1.02539s)
2024-05-07T02:16:42.446 INFO:teuthology.orchestra.run.smithi019.stdout:/usr/bin/ceph: stdout
2024-05-07T02:16:42.446 INFO:teuthology.orchestra.run.smithi019.stdout:/usr/bin/ceph: stdout {
2024-05-07T02:16:42.446 INFO:teuthology.orchestra.run.smithi019.stdout:/usr/bin/ceph: stdout "fsid": "9ff84c16-0c17-11ef-bc97-c7b262605968",
2024-05-07T02:16:42.446 INFO:teuthology.orchestra.run.smithi019.stdout:/usr/bin/ceph: stdout "health": {
2024-05-07T02:16:42.448 INFO:teuthology.orchestra.run.smithi019.stdout:/usr/bin/ceph: stdout "status": "HEALTH_OK",
2024-05-07T02:16:42.448 INFO:teuthology.orchestra.run.smithi019.stdout:/usr/bin/ceph: stdout "checks": {},
2024-05-07T02:16:42.448 INFO:teuthology.orchestra.run.smithi019.stdout:/usr/bin/ceph: stdout "mutes": []
2024-05-07T02:16:42.448 INFO:teuthology.orchestra.run.smithi019.stdout:/usr/bin/ceph: stdout },
2024-05-07T02:16:42.448 INFO:teuthology.orchestra.run.smithi019.stdout:/usr/bin/ceph: stdout "election_epoch": 5,
2024-05-07T02:16:42.448 INFO:teuthology.orchestra.run.smithi019.stdout:/usr/bin/ceph: stdout "quorum": [
2024-05-07T02:16:42.448 INFO:teuthology.orchestra.run.smithi019.stdout:/usr/bin/ceph: stdout 0
2024-05-07T02:16:42.448 INFO:teuthology.orchestra.run.smithi019.stdout:/usr/bin/ceph: stdout ],
2024-05-07T02:16:42.448 INFO:teuthology.orchestra.run.smithi019.stdout:/usr/bin/ceph: stdout "quorum_names": [
2024-05-07T02:16:42.448 INFO:teuthology.orchestra.run.smithi019.stdout:/usr/bin/ceph: stdout "a"
2024-05-07T02:16:42.448 INFO:teuthology.orchestra.run.smithi019.stdout:/usr/bin/ceph: stdout ],
2024-05-07T02:16:42.448 INFO:teuthology.orchestra.run.smithi019.stdout:/usr/bin/ceph: stdout "quorum_age": 14,
2024-05-07T02:16:42.448 INFO:teuthology.orchestra.run.smithi019.stdout:/usr/bin/ceph: stdout "monmap": {
2024-05-07T02:16:42.450 INFO:teuthology.orchestra.run.smithi019.stdout:/usr/bin/ceph: stdout "epoch": 1,
2024-05-07T02:16:42.450 INFO:teuthology.orchestra.run.smithi019.stdout:/usr/bin/ceph: stdout "min_mon_release_name": "squid",
2024-05-07T02:16:42.450 INFO:teuthology.orchestra.run.smithi019.stdout:/usr/bin/ceph: stdout "num_mons": 1
2024-05-07T02:16:42.450 INFO:teuthology.orchestra.run.smithi019.stdout:/usr/bin/ceph: stdout },
2024-05-07T02:16:42.450 INFO:teuthology.orchestra.run.smithi019.stdout:/usr/bin/ceph: stdout "osdmap": {
2024-05-07T02:16:42.450 INFO:teuthology.orchestra.run.smithi019.stdout:/usr/bin/ceph: stdout "epoch": 1,
2024-05-07T02:16:42.450 INFO:teuthology.orchestra.run.smithi019.stdout:/usr/bin/ceph: stdout "num_osds": 0,
2024-05-07T02:16:42.450 INFO:teuthology.orchestra.run.smithi019.stdout:/usr/bin/ceph: stdout "num_up_osds": 0,
2024-05-07T02:16:42.450 INFO:teuthology.orchestra.run.smithi019.stdout:/usr/bin/ceph: stdout "osd_up_since": 0,
2024-05-07T02:16:42.450 INFO:teuthology.orchestra.run.smithi019.stdout:/usr/bin/ceph: stdout "num_in_osds": 0,
2024-05-07T02:16:42.454 INFO:teuthology.orchestra.run.smithi019.stdout:/usr/bin/ceph: stdout "osd_in_since": 0,
2024-05-07T02:16:42.454 INFO:teuthology.orchestra.run.smithi019.stdout:/usr/bin/ceph: stdout "num_remapped_pgs": 0
2024-05-07T02:16:42.454 INFO:teuthology.orchestra.run.smithi019.stdout:/usr/bin/ceph: stdout },
2024-05-07T02:16:42.454 INFO:teuthology.orchestra.run.smithi019.stdout:/usr/bin/ceph: stdout "pgmap": {
2024-05-07T02:16:42.454 INFO:teuthology.orchestra.run.smithi019.stdout:/usr/bin/ceph: stdout "pgs_by_state": [],
2024-05-07T02:16:42.454 INFO:teuthology.orchestra.run.smithi019.stdout:/usr/bin/ceph: stdout "num_pgs": 0,
2024-05-07T02:16:42.454 INFO:teuthology.orchestra.run.smithi019.stdout:/usr/bin/ceph: stdout "num_pools": 0,
2024-05-07T02:16:42.454 INFO:teuthology.orchestra.run.smithi019.stdout:/usr/bin/ceph: stdout "num_objects": 0,
2024-05-07T02:16:42.454 INFO:teuthology.orchestra.run.smithi019.stdout:/usr/bin/ceph: stdout "data_bytes": 0,
2024-05-07T02:16:42.454 INFO:teuthology.orchestra.run.smithi019.stdout:/usr/bin/ceph: stdout "bytes_used": 0,
2024-05-07T02:16:42.454 INFO:teuthology.orchestra.run.smithi019.stdout:/usr/bin/ceph: stdout "bytes_avail": 0,
2024-05-07T02:16:42.454 INFO:teuthology.orchestra.run.smithi019.stdout:/usr/bin/ceph: stdout "bytes_total": 0
2024-05-07T02:16:42.454 INFO:teuthology.orchestra.run.smithi019.stdout:/usr/bin/ceph: stdout },
2024-05-07T02:16:42.454 INFO:teuthology.orchestra.run.smithi019.stdout:/usr/bin/ceph: stdout "fsmap": {
2024-05-07T02:16:42.455 INFO:teuthology.orchestra.run.smithi019.stdout:/usr/bin/ceph: stdout "epoch": 1,
2024-05-07T02:16:42.455 INFO:teuthology.orchestra.run.smithi019.stdout:/usr/bin/ceph: stdout "by_rank": [],
2024-05-07T02:16:42.455 INFO:teuthology.orchestra.run.smithi019.stdout:/usr/bin/ceph: stdout "up:standby": 0
2024-05-07T02:16:42.455 INFO:teuthology.orchestra.run.smithi019.stdout:/usr/bin/ceph: stdout },
2024-05-07T02:16:42.455 INFO:teuthology.orchestra.run.smithi019.stdout:/usr/bin/ceph: stdout "mgrmap": {
2024-05-07T02:16:42.455 INFO:teuthology.orchestra.run.smithi019.stdout:/usr/bin/ceph: stdout "available": true,
2024-05-07T02:16:42.455 INFO:teuthology.orchestra.run.smithi019.stdout:/usr/bin/ceph: stdout "num_standbys": 0,
2024-05-07T02:16:42.455 INFO:teuthology.orchestra.run.smithi019.stdout:/usr/bin/ceph: stdout "modules": [
2024-05-07T02:16:42.455 INFO:teuthology.orchestra.run.smithi019.stdout:/usr/bin/ceph: stdout "iostat",
2024-05-07T02:16:42.455 INFO:teuthology.orchestra.run.smithi019.stdout:/usr/bin/ceph: stdout "nfs",
2024-05-07T02:16:42.455 INFO:teuthology.orchestra.run.smithi019.stdout:/usr/bin/ceph: stdout "restful"
2024-05-07T02:16:42.455 INFO:teuthology.orchestra.run.smithi019.stdout:/usr/bin/ceph: stdout ],
2024-05-07T02:16:42.455 INFO:teuthology.orchestra.run.smithi019.stdout:/usr/bin/ceph: stdout "services": {}
2024-05-07T02:16:42.455 INFO:teuthology.orchestra.run.smithi019.stdout:/usr/bin/ceph: stdout },
2024-05-07T02:16:42.455 INFO:teuthology.orchestra.run.smithi019.stdout:/usr/bin/ceph: stdout "servicemap": {
2024-05-07T02:16:42.456 INFO:teuthology.orchestra.run.smithi019.stdout:/usr/bin/ceph: stdout "epoch": 1,
2024-05-07T02:16:42.456 INFO:teuthology.orchestra.run.smithi019.stdout:/usr/bin/ceph: stdout "modified": "2024-05-07T02:16:19.508731+0000",
2024-05-07T02:16:42.456 INFO:teuthology.orchestra.run.smithi019.stdout:/usr/bin/ceph: stdout "services": {}
2024-05-07T02:16:42.461 INFO:teuthology.orchestra.run.smithi019.stdout:/usr/bin/ceph: stdout },
2024-05-07T02:16:42.461 INFO:teuthology.orchestra.run.smithi019.stdout:/usr/bin/ceph: stdout "progress_events": {}
2024-05-07T02:16:42.461 INFO:teuthology.orchestra.run.smithi019.stdout:/usr/bin/ceph: stdout }
2024-05-07T02:16:42.462 INFO:teuthology.orchestra.run.smithi019.stdout:/usr/bin/ceph: stderr
2024-05-07T02:16:41.180+0000 7fbd45200700 1 Processor -- start
2024-05-07T02:16:42.462 INFO:teuthology.orchestra.run.smithi019.stdout:/usr/bin/ceph: stderr
2024-05-07T02:16:41.180+0000 7fbd45200700 1 -- start start
2024-05-07T02:16:42.462 INFO:teuthology.orchestra.run.smithi019.stdout:/usr/bin/ceph: stderr
2024-05-07T02:16:41.181+0000 7fbd45200700 1 --2- >> [v2:172.21.15.19:3300/0,v1:172.21.15.19:6789/0] conn(0x7fbd40109b30 0x7fbd40109f40 unknown :-1 s=NONE pgs=0 cs=0 l=0 rev1=0 crypto rx=0 tx=0 comp rx=0 tx=0).connect
2024-05-07T02:16:42.462 INFO:teuthology.orchestra.run.smithi019.stdout:/usr/bin/ceph: stderr
2024-05-07T02:16:41.181+0000 7fbd45200700 1 -- --> [v2:172.21.15.19:3300/0,v1:172.21.15.19:6789/0] -- mon_getmap magic: 0 -- 0x7fbd4010a530 con 0x7fbd40109b30
2024-05-07T02:16:42.462 INFO:teuthology.orchestra.run.smithi019.stdout:/usr/bin/ceph: stderr
2024-05-07T02:16:41.181+0000 7fbd3de00700 1 --2- >> [v2:172.21.15.19:3300/0,v1:172.21.15.19:6789/0] conn(0x7fbd40109b30 0x7fbd40109f40 unknown :-1 s=BANNER_CONNECTING pgs=0 cs=0 l=0 rev1=0 crypto rx=0 tx=0 comp rx=0 tx=0)._handle_peer_banner_payload supported=3 required=0
2024-05-07T02:16:42.462 INFO:teuthology.orchestra.run.smithi019.stdout:/usr/bin/ceph: stderr
2024-05-07T02:16:41.181+0000 7fbd3de00700 1 --2- >> [v2:172.21.15.19:3300/0,v1:172.21.15.19:6789/0] conn(0x7fbd40109b30 0x7fbd40109f40 unknown :-1 s=HELLO_CONNECTING pgs=0 cs=0 l=0 rev1=1 crypto rx=0 tx=0 comp rx=0 tx=0).handle_hello peer v2:172.21.15.19:3300/0 says I am v2:172.21.15.19:41874/0 (socket says 172.21.15.19:41874)
2024-05-07T02:16:42.462 INFO:teuthology.orchestra.run.smithi019.stdout:/usr/bin/ceph: stderr
2024-05-07T02:16:41.181+0000 7fbd3de00700 1 -- 172.21.15.19:0/4245404315 learned_addr learned my addr 172.21.15.19:0/4245404315 (peer_addr_for_me v2:172.21.15.19:0/0)
2024-05-07T02:16:42.462 INFO:teuthology.orchestra.run.smithi019.stdout:/usr/bin/ceph: stderr
2024-05-07T02:16:41.181+0000 7fbd3de00700 1 -- 172.21.15.19:0/4245404315 --> [v2:172.21.15.19:3300/0,v1:172.21.15.19:6789/0] -- mon_subscribe({config=0+,monmap=0+}) -- 0x7fbd4010ac60 con 0x7fbd40109b30
2024-05-07T02:16:42.462 INFO:teuthology.orchestra.run.smithi019.stdout:/usr/bin/ceph: stderr
2024-05-07T02:16:41.182+0000 7fbd3de00700 1 --2- 172.21.15.19:0/4245404315 >> [v2:172.21.15.19:3300/0,v1:172.21.15.19:6789/0] conn(0x7fbd40109b30 0x7fbd40109f40 secure :-1 s=READY pgs=18 cs=0 l=1 rev1=1 crypto rx=0x7fbd300098a0 tx=0x7fbd30009bb0 comp rx=0 tx=0).ready entity=mon.0 client_cookie=6852f7cf1ccc4217 server_cookie=0 in_seq=0 out_seq=0
2024-05-07T02:16:42.462 INFO:teuthology.orchestra.run.smithi019.stdout:/usr/bin/ceph: stderr
2024-05-07T02:16:41.182+0000 7fbd3ca00700 1 -- 172.21.15.19:0/4245404315 <== mon.0 v2:172.21.15.19:3300/0 1 ==== mon_map magic: 0 ==== 205+0+0 (secure 0 0 0) 0x7fbd30004160 con 0x7fbd40109b30
2024-05-07T02:16:42.462 INFO:teuthology.orchestra.run.smithi019.stdout:/usr/bin/ceph: stderr
2024-05-07T02:16:41.182+0000 7fbd3ca00700 1 -- 172.21.15.19:0/4245404315 <== mon.0 v2:172.21.15.19:3300/0 2 ==== config(26 keys) ==== 1070+0+0 (secure 0 0 0) 0x7fbd30004300 con 0x7fbd40109b30
2024-05-07T02:16:42.462 INFO:teuthology.orchestra.run.smithi019.stdout:/usr/bin/ceph: stderr
2024-05-07T02:16:41.182+0000 7fbd3ca00700 1 -- 172.21.15.19:0/4245404315 <== mon.0 v2:172.21.15.19:3300/0 3 ==== mon_map magic: 0 ==== 205+0+0 (secure 0 0 0) 0x7fbd30011af0 con 0x7fbd40109b30
2024-05-07T02:16:42.462 INFO:teuthology.orchestra.run.smithi019.stdout:/usr/bin/ceph: stderr
2024-05-07T02:16:41.183+0000 7fbd45200700 1 -- 172.21.15.19:0/4245404315 >> [v2:172.21.15.19:3300/0,v1:172.21.15.19:6789/0] conn(0x7fbd40109b30 msgr2=0x7fbd40109f40 secure :-1 s=STATE_CONNECTION_ESTABLISHED l=1).mark_down
2024-05-07T02:16:42.463 INFO:teuthology.orchestra.run.smithi019.stdout:/usr/bin/ceph: stderr
2024-05-07T02:16:41.183+0000 7fbd45200700 1 --2- 172.21.15.19:0/4245404315 >> [v2:172.21.15.19:3300/0,v1:172.21.15.19:6789/0] conn(0x7fbd40109b30 0x7fbd40109f40 secure :-1 s=READY pgs=18 cs=0 l=1 rev1=1 crypto rx=0x7fbd300098a0 tx=0x7fbd30009bb0 comp rx=0 tx=0).stop
2024-05-07T02:16:42.463 INFO:teuthology.orchestra.run.smithi019.stdout:/usr/bin/ceph: stderr
2024-05-07T02:16:41.183+0000 7fbd45200700 1 -- 172.21.15.19:0/4245404315 shutdown_connections
2024-05-07T02:16:42.463 INFO:teuthology.orchestra.run.smithi019.stdout:/usr/bin/ceph: stderr
2024-05-07T02:16:41.183+0000 7fbd45200700 1 --2- 172.21.15.19:0/4245404315 >> [v2:172.21.15.19:3300/0,v1:172.21.15.19:6789/0] conn(0x7fbd40109b30 0x7fbd40109f40 unknown :-1 s=CLOSED pgs=18 cs=0 l=1 rev1=1 crypto rx=0 tx=0 comp rx=0 tx=0).stop
2024-05-07T02:16:42.463 INFO:teuthology.orchestra.run.smithi019.stdout:/usr/bin/ceph: stderr
2024-05-07T02:16:41.183+0000 7fbd45200700 1 -- 172.21.15.19:0/4245404315 >> 172.21.15.19:0/4245404315 conn(0x7fbd401051b0 msgr2=0x7fbd40107620 unknown :-1 s=STATE_NONE l=0).mark_down
2024-05-07T02:16:42.463 INFO:teuthology.orchestra.run.smithi019.stdout:/usr/bin/ceph: stderr
2024-05-07T02:16:41.183+0000 7fbd45200700 1 -- 172.21.15.19:0/4245404315 shutdown_connections
2024-05-07T02:16:42.463 INFO:teuthology.orchestra.run.smithi019.stdout:/usr/bin/ceph: stderr
2024-05-07T02:16:41.183+0000 7fbd45200700 1 -- 172.21.15.19:0/4245404315 wait complete.
2024-05-07T02:16:42.463 INFO:teuthology.orchestra.run.smithi019.stdout:/usr/bin/ceph: stderr
2024-05-07T02:16:41.184+0000 7fbd45200700 1 Processor -- start
2024-05-07T02:16:42.463 INFO:teuthology.orchestra.run.smithi019.stdout:/usr/bin/ceph: stderr
2024-05-07T02:16:41.185+0000 7fbd45200700 1 -- start start
2024-05-07T02:16:42.463 INFO:teuthology.orchestra.run.smithi019.stdout:/usr/bin/ceph: stderr
2024-05-07T02:16:41.185+0000 7fbd45200700 1 --2- >> [v2:172.21.15.19:3300/0,v1:172.21.15.19:6789/0] conn(0x7fbd40109b30 0x7fbd4007f470 unknown :-1 s=NONE pgs=0 cs=0 l=1 rev1=0 crypto rx=0 tx=0 comp rx=0 tx=0).connect
2024-05-07T02:16:42.463 INFO:teuthology.orchestra.run.smithi019.stdout:/usr/bin/ceph: stderr
2024-05-07T02:16:41.185+0000 7fbd45200700 1 -- --> [v2:172.21.15.19:3300/0,v1:172.21.15.19:6789/0] -- mon_getmap magic: 0 -- 0x7fbd4010de90 con 0x7fbd40109b30
2024-05-07T02:16:42.463 INFO:teuthology.orchestra.run.smithi019.stdout:/usr/bin/ceph: stderr
2024-05-07T02:16:41.185+0000 7fbd3de00700 1 --2- >> [v2:172.21.15.19:3300/0,v1:172.21.15.19:6789/0] conn(0x7fbd40109b30 0x7fbd4007f470 unknown :-1 s=BANNER_CONNECTING pgs=0 cs=0 l=1 rev1=0 crypto rx=0 tx=0 comp rx=0 tx=0)._handle_peer_banner_payload supported=3 required=0
2024-05-07T02:16:42.464 INFO:teuthology.orchestra.run.smithi019.stdout:/usr/bin/ceph: stderr
2024-05-07T02:16:41.185+0000 7fbd3de00700 1 --2- >> [v2:172.21.15.19:3300/0,v1:172.21.15.19:6789/0] conn(0x7fbd40109b30 0x7fbd4007f470 unknown :-1 s=HELLO_CONNECTING pgs=0 cs=0 l=1 rev1=1 crypto rx=0 tx=0 comp rx=0 tx=0).handle_hello peer v2:172.21.15.19:3300/0 says I am v2:172.21.15.19:41890/0 (socket says 172.21.15.19:41890)
2024-05-07T02:16:42.464 INFO:teuthology.orchestra.run.smithi019.stdout:/usr/bin/ceph: stderr
2024-05-07T02:16:41.185+0000 7fbd3de00700 1 -- 172.21.15.19:0/513069838 learned_addr learned my addr 172.21.15.19:0/513069838 (peer_addr_for_me v2:172.21.15.19:0/0)
2024-05-07T02:16:42.464 INFO:teuthology.orchestra.run.smithi019.stdout:/usr/bin/ceph: stderr
2024-05-07T02:16:41.186+0000 7fbd3de00700 1 -- 172.21.15.19:0/513069838 --> [v2:172.21.15.19:3300/0,v1:172.21.15.19:6789/0] -- mon_subscribe({config=0+,monmap=0+}) -- 0x7fbd4007f9b0 con 0x7fbd40109b30
2024-05-07T02:16:42.464 INFO:teuthology.orchestra.run.smithi019.stdout:/usr/bin/ceph: stderr
2024-05-07T02:16:41.186+0000 7fbd3de00700 1 --2- 172.21.15.19:0/513069838 >> [v2:172.21.15.19:3300/0,v1:172.21.15.19:6789/0] conn(0x7fbd40109b30 0x7fbd4007f470 secure :-1 s=READY pgs=19 cs=0 l=1 rev1=1 crypto rx=0x7fbd30011670 tx=0x7fbd30004280 comp rx=0 tx=0).ready entity=mon.0 client_cookie=0 server_cookie=0 in_seq=0 out_seq=0
2024-05-07T02:16:42.464 INFO:teuthology.orchestra.run.smithi019.stdout:/usr/bin/ceph: stderr
2024-05-07T02:16:41.186+0000 7fbd36a00700 1 -- 172.21.15.19:0/513069838 <== mon.0 v2:172.21.15.19:3300/0 1 ==== mon_map magic: 0 ==== 205+0+0 (secure 0 0 0) 0x7fbd300036a0 con 0x7fbd40109b30
2024-05-07T02:16:42.464 INFO:teuthology.orchestra.run.smithi019.stdout:/usr/bin/ceph: stderr
2024-05-07T02:16:41.186+0000 7fbd45200700 1 -- 172.21.15.19:0/513069838 --> [v2:172.21.15.19:3300/0,v1:172.21.15.19:6789/0] -- mon_subscribe({mgrmap=0+}) -- 0x7fbd4007dc00 con 0x7fbd40109b30
2024-05-07T02:16:42.464 INFO:teuthology.orchestra.run.smithi019.stdout:/usr/bin/ceph: stderr
2024-05-07T02:16:41.186+0000 7fbd36a00700 1 -- 172.21.15.19:0/513069838 <== mon.0 v2:172.21.15.19:3300/0 2 ==== config(26 keys) ==== 1070+0+0 (secure 0 0 0) 0x7fbd30003cd0 con 0x7fbd40109b30
2024-05-07T02:16:42.464 INFO:teuthology.orchestra.run.smithi019.stdout:/usr/bin/ceph: stderr
2024-05-07T02:16:41.186+0000 7fbd36a00700 1 -- 172.21.15.19:0/513069838 <== mon.0 v2:172.21.15.19:3300/0 3 ==== mon_map magic: 0 ==== 205+0+0 (secure 0 0 0) 0x7fbd300193c0 con 0x7fbd40109b30
2024-05-07T02:16:42.464 INFO:teuthology.orchestra.run.smithi019.stdout:/usr/bin/ceph: stderr
2024-05-07T02:16:41.186+0000 7fbd45200700 1 -- 172.21.15.19:0/513069838 --> [v2:172.21.15.19:3300/0,v1:172.21.15.19:6789/0] -- mon_subscribe({osdmap=0}) -- 0x7fbd4007e0e0 con 0x7fbd40109b30
2024-05-07T02:16:42.464 INFO:teuthology.orchestra.run.smithi019.stdout:/usr/bin/ceph: stderr
2024-05-07T02:16:41.187+0000 7fbd45200700 1 -- 172.21.15.19:0/513069838 --> [v2:172.21.15.19:3300/0,v1:172.21.15.19:6789/0] -- mon_command({"prefix": "get_command_descriptions"} v 0) -- 0x7fbd40064e20 con 0x7fbd40109b30
2024-05-07T02:16:42.464 INFO:teuthology.orchestra.run.smithi019.stdout:/usr/bin/ceph: stderr
2024-05-07T02:16:41.188+0000 7fbd36a00700 1 -- 172.21.15.19:0/513069838 <== mon.0 v2:172.21.15.19:3300/0 4 ==== mgrmap(e 3) ==== 50105+0+0 (secure 0 0 0) 0x7fbd30019680 con 0x7fbd40109b30
2024-05-07T02:16:42.464 INFO:teuthology.orchestra.run.smithi019.stdout:/usr/bin/ceph: stderr
2024-05-07T02:16:41.188+0000 7fbd36a00700 1 --2- 172.21.15.19:0/513069838 >> [v2:172.21.15.19:6800/3614957309,v1:172.21.15.19:6801/3614957309] conn(0x7fbd2403e380 0x7fbd24040890 unknown :-1 s=NONE pgs=0 cs=0 l=1 rev1=0 crypto rx=0 tx=0 comp rx=0 tx=0).connect
2024-05-07T02:16:42.464 INFO:teuthology.orchestra.run.smithi019.stdout:/usr/bin/ceph: stderr
2024-05-07T02:16:41.188+0000 7fbd36a00700 1 -- 172.21.15.19:0/513069838 <== mon.0 v2:172.21.15.19:3300/0 5 ==== osd_map(1..1 src has 1..1) ==== 725+0+0 (secure 0 0 0) 0x7fbd300535a0 con 0x7fbd40109b30
2024-05-07T02:16:42.464 INFO:teuthology.orchestra.run.smithi019.stdout:/usr/bin/ceph: stderr
2024-05-07T02:16:41.189+0000 7fbd3d400700 1 --2- 172.21.15.19:0/513069838 >> [v2:172.21.15.19:6800/3614957309,v1:172.21.15.19:6801/3614957309] conn(0x7fbd2403e380 0x7fbd24040890 unknown :-1 s=BANNER_CONNECTING pgs=0 cs=0 l=1 rev1=0 crypto rx=0 tx=0 comp rx=0 tx=0)._handle_peer_banner_payload supported=3 required=0
2024-05-07T02:16:42.464 INFO:teuthology.orchestra.run.smithi019.stdout:/usr/bin/ceph: stderr
2024-05-07T02:16:41.189+0000 7fbd3d400700 1 --2- 172.21.15.19:0/513069838 >> [v2:172.21.15.19:6800/3614957309,v1:172.21.15.19:6801/3614957309] conn(0x7fbd2403e380 0x7fbd24040890 secure :-1 s=READY pgs=6 cs=0 l=1 rev1=1 crypto rx=0x7fbd2c006fd0 tx=0x7fbd2c006e40 comp rx=0 tx=0).ready entity=mgr.14100 client_cookie=0 server_cookie=0 in_seq=0 out_seq=0
2024-05-07T02:16:42.464 INFO:teuthology.orchestra.run.smithi019.stdout:/usr/bin/ceph: stderr
2024-05-07T02:16:41.195+0000 7fbd36a00700 1 -- 172.21.15.19:0/513069838 <== mon.0 v2:172.21.15.19:3300/0 6 ==== mon_command_ack([{"prefix": "get_command_descriptions"}]=0 v0) ==== 72+0+191963 (secure 0 0 0) 0x7fbd3001a430 con 0x7fbd40109b30
2024-05-07T02:16:42.465 INFO:teuthology.orchestra.run.smithi019.stdout:/usr/bin/ceph: stderr
2024-05-07T02:16:41.405+0000 7fbd36a00700 1 -- 172.21.15.19:0/513069838 <== mon.0 v2:172.21.15.19:3300/0 7 ==== mgrmap(e 4) ==== 50211+0+0 (secure 0 0 0) 0x7fbd3001a6c0 con 0x7fbd40109b30
2024-05-07T02:16:42.465 INFO:teuthology.orchestra.run.smithi019.stdout:/usr/bin/ceph: stderr
2024-05-07T02:16:41.528+0000 7fbd45200700 1 -- 172.21.15.19:0/513069838 --> [v2:172.21.15.19:3300/0,v1:172.21.15.19:6789/0] -- mon_command({"prefix": "status", "format": "json-pretty"} v 0) -- 0x7fbd4007e830 con 0x7fbd40109b30
2024-05-07T02:16:42.465 INFO:teuthology.orchestra.run.smithi019.stdout:/usr/bin/ceph: stderr
2024-05-07T02:16:41.529+0000 7fbd36a00700 1 -- 172.21.15.19:0/513069838 <== mon.0 v2:172.21.15.19:3300/0 8 ==== mon_command_ack([{"prefix": "status", "format": "json-pretty"}]=0 v0) ==== 79+0+1239 (secure 0 0 0) 0x7fbd30003840 con 0x7fbd40109b30
2024-05-07T02:16:42.465 INFO:teuthology.orchestra.run.smithi019.stdout:/usr/bin/ceph: stderr
2024-05-07T02:16:41.534+0000 7fbd45200700 1 -- 172.21.15.19:0/513069838 >> [v2:172.21.15.19:6800/3614957309,v1:172.21.15.19:6801/3614957309] conn(0x7fbd2403e380 msgr2=0x7fbd24040890 secure :-1 s=STATE_CONNECTION_ESTABLISHED l=1).mark_down
2024-05-07T02:16:42.465 INFO:teuthology.orchestra.run.smithi019.stdout:/usr/bin/ceph: stderr
2024-05-07T02:16:41.534+0000 7fbd45200700 1 --2- 172.21.15.19:0/513069838 >> [v2:172.21.15.19:6800/3614957309,v1:172.21.15.19:6801/3614957309] conn(0x7fbd2403e380 0x7fbd24040890 secure :-1 s=READY pgs=6 cs=0 l=1 rev1=1 crypto rx=0x7fbd2c006fd0 tx=0x7fbd2c006e40 comp rx=0 tx=0).stop
2024-05-07T02:16:42.465 INFO:teuthology.orchestra.run.smithi019.stdout:/usr/bin/ceph: stderr
2024-05-07T02:16:41.534+0000 7fbd45200700 1 -- 172.21.15.19:0/513069838 >> [v2:172.21.15.19:3300/0,v1:172.21.15.19:6789/0] conn(0x7fbd40109b30 msgr2=0x7fbd4007f470 secure :-1 s=STATE_CONNECTION_ESTABLISHED l=1).mark_down
2024-05-07T02:16:42.465 INFO:teuthology.orchestra.run.smithi019.stdout:/usr/bin/ceph: stderr
2024-05-07T02:16:41.534+0000 7fbd45200700 1 --2- 172.21.15.19:0/513069838 >> [v2:172.21.15.19:3300/0,v1:172.21.15.19:6789/0] conn(0x7fbd40109b30 0x7fbd4007f470 secure :-1 s=READY pgs=19 cs=0 l=1 rev1=1 crypto rx=0x7fbd30011670 tx=0x7fbd30004280 comp rx=0 tx=0).stop
2024-05-07T02:16:42.465 INFO:teuthology.orchestra.run.smithi019.stdout:/usr/bin/ceph: stderr
2024-05-07T02:16:41.534+0000 7fbd45200700 1 -- 172.21.15.19:0/513069838 shutdown_connections
2024-05-07T02:16:42.465 INFO:teuthology.orchestra.run.smithi019.stdout:/usr/bin/ceph: stderr
2024-05-07T02:16:41.534+0000 7fbd45200700 1 --2- 172.21.15.19:0/513069838 >> [v2:172.21.15.19:6800/3614957309,v1:172.21.15.19:6801/3614957309] conn(0x7fbd2403e380 0x7fbd24040890 unknown :-1 s=CLOSED pgs=6 cs=0 l=1 rev1=1 crypto rx=0 tx=0 comp rx=0 tx=0).stop
2024-05-07T02:16:42.465 INFO:teuthology.orchestra.run.smithi019.stdout:/usr/bin/ceph: stderr
2024-05-07T02:16:41.534+0000 7fbd45200700 1 --2- 172.21.15.19:0/513069838 >> [v2:172.21.15.19:3300/0,v1:172.21.15.19:6789/0] conn(0x7fbd40109b30 0x7fbd4007f470 unknown :-1 s=CLOSED pgs=19 cs=0 l=1 rev1=1 crypto rx=0 tx=0 comp rx=0 tx=0).stop
2024-05-07T02:16:42.465 INFO:teuthology.orchestra.run.smithi019.stdout:/usr/bin/ceph: stderr
2024-05-07T02:16:41.534+0000 7fbd45200700 1 -- 172.21.15.19:0/513069838 >> 172.21.15.19:0/513069838 conn(0x7fbd401051b0 msgr2=0x7fbd40105a40 unknown :-1 s=STATE_NONE l=0).mark_down
2024-05-07T02:16:42.465 INFO:teuthology.orchestra.run.smithi019.stdout:/usr/bin/ceph: stderr
2024-05-07T02:16:41.534+0000 7fbd45200700 1 -- 172.21.15.19:0/513069838 shutdown_connections
2024-05-07T02:16:42.466 INFO:teuthology.orchestra.run.smithi019.stdout:/usr/bin/ceph: stderr
2024-05-07T02:16:41.534+0000 7fbd45200700 1 -- 172.21.15.19:0/513069838 wait complete.
2024-05-07T02:16:42.466 INFO:teuthology.orchestra.run.smithi019.stdout:mgr is available
2024-05-07T02:16:42.758 INFO:journalctl@ceph.mon.a.smithi019.stdout:May 07 02:16:42 smithi019 ceph-mon[29781]: mgrmap e4: x(active, since 2s)
2024-05-07T02:16:42.758 INFO:journalctl@ceph.mon.a.smithi019.stdout:May 07 02:16:42 smithi019 ceph-mon[29781]: from='client.? 172.21.15.19:0/513069838' entity='client.admin' cmd=[{"prefix": "status", "format": "json-pretty"}]: dispatch
2024-05-07T02:16:43.644 INFO:journalctl@ceph.mon.a.smithi019.stdout:May 07 02:16:43 smithi019 ceph-mon[29781]: from='client.? 172.21.15.19:0/1486864336' entity='client.admin' cmd=[{"prefix": "config assimilate-conf"}]: dispatch
2024-05-07T02:16:43.975 INFO:teuthology.orchestra.run.smithi019.stdout:/usr/bin/ceph: stdout
2024-05-07T02:16:43.975 INFO:teuthology.orchestra.run.smithi019.stdout:/usr/bin/ceph: stdout [global]
2024-05-07T02:16:43.975 INFO:teuthology.orchestra.run.smithi019.stdout:/usr/bin/ceph: stdout fsid = 9ff84c16-0c17-11ef-bc97-c7b262605968
2024-05-07T02:16:43.976 INFO:teuthology.orchestra.run.smithi019.stdout:/usr/bin/ceph: stdout mon_cluster_log_file_level = debug
2024-05-07T02:16:43.976 INFO:teuthology.orchestra.run.smithi019.stdout:/usr/bin/ceph: stdout mon_osd_allow_pg_remap = true
2024-05-07T02:16:43.976 INFO:teuthology.orchestra.run.smithi019.stdout:/usr/bin/ceph: stdout mon_osd_allow_primary_affinity = true
2024-05-07T02:16:43.976 INFO:teuthology.orchestra.run.smithi019.stdout:/usr/bin/ceph: stdout mon_warn_on_no_sortbitwise = false
2024-05-07T02:16:43.976 INFO:teuthology.orchestra.run.smithi019.stdout:/usr/bin/ceph: stdout osd_crush_chooseleaf_type = 0
2024-05-07T02:16:43.982 INFO:teuthology.orchestra.run.smithi019.stdout:/usr/bin/ceph: stdout
2024-05-07T02:16:43.982 INFO:teuthology.orchestra.run.smithi019.stdout:/usr/bin/ceph: stdout [mgr]
2024-05-07T02:16:43.983 INFO:teuthology.orchestra.run.smithi019.stdout:/usr/bin/ceph: stdout mgr/telemetry/nag = false
2024-05-07T02:16:43.983 INFO:teuthology.orchestra.run.smithi019.stdout:/usr/bin/ceph: stdout
2024-05-07T02:16:43.983 INFO:teuthology.orchestra.run.smithi019.stdout:/usr/bin/ceph: stdout [osd]
2024-05-07T02:16:43.983 INFO:teuthology.orchestra.run.smithi019.stdout:/usr/bin/ceph: stdout mon_osd_backfillfull_ratio = 0.85
2024-05-07T02:16:43.983 INFO:teuthology.orchestra.run.smithi019.stdout:/usr/bin/ceph: stdout mon_osd_full_ratio = 0.9
2024-05-07T02:16:43.983 INFO:teuthology.orchestra.run.smithi019.stdout:/usr/bin/ceph: stdout mon_osd_nearfull_ratio = 0.8
2024-05-07T02:16:43.983 INFO:teuthology.orchestra.run.smithi019.stdout:/usr/bin/ceph: stdout osd_map_max_advance = 10
2024-05-07T02:16:43.983 INFO:teuthology.orchestra.run.smithi019.stdout:/usr/bin/ceph: stdout osd_sloppy_crc = true
2024-05-07T02:16:43.983 INFO:teuthology.orchestra.run.smithi019.stdout:/usr/bin/ceph: stderr
2024-05-07T02:16:43.139+0000 7fb520800700 1 Processor -- start
2024-05-07T02:16:43.983 INFO:teuthology.orchestra.run.smithi019.stdout:/usr/bin/ceph: stderr
2024-05-07T02:16:43.139+0000 7fb520800700 1 -- start start
2024-05-07T02:16:43.983 INFO:teuthology.orchestra.run.smithi019.stdout:/usr/bin/ceph: stderr
2024-05-07T02:16:43.140+0000 7fb520800700 1 --2- >> [v2:172.21.15.19:3300/0,v1:172.21.15.19:6789/0] conn(0x7fb518109b30 0x7fb518109f40 unknown :-1 s=NONE pgs=0 cs=0 l=0 rev1=0 crypto rx=0 tx=0 comp rx=0 tx=0).connect
2024-05-07T02:16:43.983 INFO:teuthology.orchestra.run.smithi019.stdout:/usr/bin/ceph: stderr
2024-05-07T02:16:43.140+0000 7fb520800700 1 -- --> [v2:172.21.15.19:3300/0,v1:172.21.15.19:6789/0] -- mon_getmap magic: 0 -- 0x7fb51810a530 con 0x7fb518109b30
2024-05-07T02:16:43.983 INFO:teuthology.orchestra.run.smithi019.stdout:/usr/bin/ceph: stderr
2024-05-07T02:16:43.140+0000 7fb51de00700 1 --2- >> [v2:172.21.15.19:3300/0,v1:172.21.15.19:6789/0] conn(0x7fb518109b30 0x7fb518109f40 unknown :-1 s=BANNER_CONNECTING pgs=0 cs=0 l=0 rev1=0 crypto rx=0 tx=0 comp rx=0 tx=0)._handle_peer_banner_payload supported=3 required=0
2024-05-07T02:16:43.984 INFO:teuthology.orchestra.run.smithi019.stdout:/usr/bin/ceph: stderr
2024-05-07T02:16:43.140+0000 7fb51de00700 1 --2- >> [v2:172.21.15.19:3300/0,v1:172.21.15.19:6789/0] conn(0x7fb518109b30 0x7fb518109f40 unknown :-1 s=HELLO_CONNECTING pgs=0 cs=0 l=0 rev1=1 crypto rx=0 tx=0 comp rx=0 tx=0).handle_hello peer v2:172.21.15.19:3300/0 says I am v2:172.21.15.19:41892/0 (socket says 172.21.15.19:41892)
2024-05-07T02:16:43.984 INFO:teuthology.orchestra.run.smithi019.stdout:/usr/bin/ceph: stderr
2024-05-07T02:16:43.140+0000 7fb51de00700 1 -- 172.21.15.19:0/3839783384 learned_addr learned my addr 172.21.15.19:0/3839783384 (peer_addr_for_me v2:172.21.15.19:0/0)
2024-05-07T02:16:43.984 INFO:teuthology.orchestra.run.smithi019.stdout:/usr/bin/ceph: stderr
2024-05-07T02:16:43.141+0000 7fb51de00700 1 -- 172.21.15.19:0/3839783384 --> [v2:172.21.15.19:3300/0,v1:172.21.15.19:6789/0] -- mon_subscribe({config=0+,monmap=0+}) -- 0x7fb51810ac60 con 0x7fb518109b30
2024-05-07T02:16:43.984 INFO:teuthology.orchestra.run.smithi019.stdout:/usr/bin/ceph: stderr
2024-05-07T02:16:43.141+0000 7fb51de00700 1 --2- 172.21.15.19:0/3839783384 >> [v2:172.21.15.19:3300/0,v1:172.21.15.19:6789/0] conn(0x7fb518109b30 0x7fb518109f40 secure :-1 s=READY pgs=20 cs=0 l=1 rev1=1 crypto rx=0x7fb50c0098a0 tx=0x7fb50c009bb0 comp rx=0 tx=0).ready entity=mon.0 client_cookie=7cee9e3cb7f4bd07 server_cookie=0 in_seq=0 out_seq=0
2024-05-07T02:16:43.984 INFO:teuthology.orchestra.run.smithi019.stdout:/usr/bin/ceph: stderr
2024-05-07T02:16:43.141+0000 7fb51ca00700 1 -- 172.21.15.19:0/3839783384 <== mon.0 v2:172.21.15.19:3300/0 1 ==== mon_map magic: 0 ==== 205+0+0 (secure 0 0 0) 0x7fb50c004160 con 0x7fb518109b30
2024-05-07T02:16:43.984 INFO:teuthology.orchestra.run.smithi019.stdout:/usr/bin/ceph: stderr
2024-05-07T02:16:43.141+0000 7fb51ca00700 1 -- 172.21.15.19:0/3839783384 <== mon.0 v2:172.21.15.19:3300/0 2 ==== config(26 keys) ==== 1070+0+0 (secure 0 0 0) 0x7fb50c004300 con 0x7fb518109b30
2024-05-07T02:16:43.984 INFO:teuthology.orchestra.run.smithi019.stdout:/usr/bin/ceph: stderr
2024-05-07T02:16:43.141+0000 7fb51ca00700 1 -- 172.21.15.19:0/3839783384 <== mon.0 v2:172.21.15.19:3300/0 3 ==== mon_map magic: 0 ==== 205+0+0 (secure 0 0 0) 0x7fb50c011af0 con 0x7fb518109b30
2024-05-07T02:16:43.984 INFO:teuthology.orchestra.run.smithi019.stdout:/usr/bin/ceph: stderr
2024-05-07T02:16:43.142+0000 7fb520800700 1 -- 172.21.15.19:0/3839783384 >> [v2:172.21.15.19:3300/0,v1:172.21.15.19:6789/0] conn(0x7fb518109b30 msgr2=0x7fb518109f40 secure :-1 s=STATE_CONNECTION_ESTABLISHED l=1).mark_down
2024-05-07T02:16:43.984 INFO:teuthology.orchestra.run.smithi019.stdout:/usr/bin/ceph: stderr
2024-05-07T02:16:43.142+0000 7fb520800700 1 --2- 172.21.15.19:0/3839783384 >> [v2:172.21.15.19:3300/0,v1:172.21.15.19:6789/0] conn(0x7fb518109b30 0x7fb518109f40 secure :-1 s=READY pgs=20 cs=0 l=1 rev1=1 crypto rx=0x7fb50c0098a0 tx=0x7fb50c009bb0 comp rx=0 tx=0).stop
2024-05-07T02:16:43.984 INFO:teuthology.orchestra.run.smithi019.stdout:/usr/bin/ceph: stderr
2024-05-07T02:16:43.142+0000 7fb520800700 1 -- 172.21.15.19:0/3839783384 shutdown_connections
2024-05-07T02:16:43.984 INFO:teuthology.orchestra.run.smithi019.stdout:/usr/bin/ceph: stderr
2024-05-07T02:16:43.142+0000 7fb520800700 1 --2- 172.21.15.19:0/3839783384 >> [v2:172.21.15.19:3300/0,v1:172.21.15.19:6789/0] conn(0x7fb518109b30 0x7fb518109f40 unknown :-1 s=CLOSED pgs=20 cs=0 l=1 rev1=1 crypto rx=0 tx=0 comp rx=0 tx=0).stop
2024-05-07T02:16:43.984 INFO:teuthology.orchestra.run.smithi019.stdout:/usr/bin/ceph: stderr
2024-05-07T02:16:43.142+0000 7fb520800700 1 -- 172.21.15.19:0/3839783384 >> 172.21.15.19:0/3839783384 conn(0x7fb518105270 msgr2=0x7fb5181076c0 unknown :-1 s=STATE_NONE l=0).mark_down
2024-05-07T02:16:43.984 INFO:teuthology.orchestra.run.smithi019.stdout:/usr/bin/ceph: stderr
2024-05-07T02:16:43.142+0000 7fb520800700 1 -- 172.21.15.19:0/3839783384 shutdown_connections
2024-05-07T02:16:43.984 INFO:teuthology.orchestra.run.smithi019.stdout:/usr/bin/ceph: stderr
2024-05-07T02:16:43.143+0000 7fb520800700 1 -- 172.21.15.19:0/3839783384 wait complete.
2024-05-07T02:16:43.984 INFO:teuthology.orchestra.run.smithi019.stdout:/usr/bin/ceph: stderr
2024-05-07T02:16:43.144+0000 7fb520800700 1 Processor -- start
2024-05-07T02:16:43.985 INFO:teuthology.orchestra.run.smithi019.stdout:/usr/bin/ceph: stderr
2024-05-07T02:16:43.144+0000 7fb520800700 1 -- start start
2024-05-07T02:16:43.985 INFO:teuthology.orchestra.run.smithi019.stdout:/usr/bin/ceph: stderr
2024-05-07T02:16:43.144+0000 7fb520800700 1 --2- >> [v2:172.21.15.19:3300/0,v1:172.21.15.19:6789/0] conn(0x7fb518109b30 0x7fb51819ddd0 unknown :-1 s=NONE pgs=0 cs=0 l=1 rev1=0 crypto rx=0 tx=0 comp rx=0 tx=0).connect
2024-05-07T02:16:43.985 INFO:teuthology.orchestra.run.smithi019.stdout:/usr/bin/ceph: stderr
2024-05-07T02:16:43.144+0000 7fb520800700 1 -- --> [v2:172.21.15.19:3300/0,v1:172.21.15.19:6789/0] -- mon_getmap magic: 0 -- 0x7fb51810de90 con 0x7fb518109b30
2024-05-07T02:16:43.985 INFO:teuthology.orchestra.run.smithi019.stdout:/usr/bin/ceph: stderr
2024-05-07T02:16:43.145+0000 7fb51de00700 1 --2- >> [v2:172.21.15.19:3300/0,v1:172.21.15.19:6789/0] conn(0x7fb518109b30 0x7fb51819ddd0 unknown :-1 s=BANNER_CONNECTING pgs=0 cs=0 l=1 rev1=0 crypto rx=0 tx=0 comp rx=0 tx=0)._handle_peer_banner_payload supported=3 required=0
2024-05-07T02:16:43.985 INFO:teuthology.orchestra.run.smithi019.stdout:/usr/bin/ceph: stderr
2024-05-07T02:16:43.145+0000 7fb51de00700 1 --2- >> [v2:172.21.15.19:3300/0,v1:172.21.15.19:6789/0] conn(0x7fb518109b30 0x7fb51819ddd0 unknown :-1 s=HELLO_CONNECTING pgs=0 cs=0 l=1 rev1=1 crypto rx=0 tx=0 comp rx=0 tx=0).handle_hello peer v2:172.21.15.19:3300/0 says I am v2:172.21.15.19:41894/0 (socket says 172.21.15.19:41894)
2024-05-07T02:16:43.985 INFO:teuthology.orchestra.run.smithi019.stdout:/usr/bin/ceph: stderr
2024-05-07T02:16:43.145+0000 7fb51de00700 1 -- 172.21.15.19:0/1486864336 learned_addr learned my addr 172.21.15.19:0/1486864336 (peer_addr_for_me v2:172.21.15.19:0/0)
2024-05-07T02:16:43.985 INFO:teuthology.orchestra.run.smithi019.stdout:/usr/bin/ceph: stderr
2024-05-07T02:16:43.145+0000 7fb51de00700 1 -- 172.21.15.19:0/1486864336 --> [v2:172.21.15.19:3300/0,v1:172.21.15.19:6789/0] -- mon_subscribe({config=0+,monmap=0+}) -- 0x7fb51819e310 con 0x7fb518109b30
2024-05-07T02:16:43.985 INFO:teuthology.orchestra.run.smithi019.stdout:/usr/bin/ceph: stderr
2024-05-07T02:16:43.145+0000 7fb51de00700 1 --2- 172.21.15.19:0/1486864336 >> [v2:172.21.15.19:3300/0,v1:172.21.15.19:6789/0] conn(0x7fb518109b30 0x7fb51819ddd0 secure :-1 s=READY pgs=21 cs=0 l=1 rev1=1 crypto rx=0x7fb50c011890 tx=0x7fb50c011970 comp rx=0 tx=0).ready entity=mon.0 client_cookie=0 server_cookie=0 in_seq=0 out_seq=0
2024-05-07T02:16:43.985 INFO:teuthology.orchestra.run.smithi019.stdout:/usr/bin/ceph: stderr
2024-05-07T02:16:43.146+0000 7fb512a00700 1 -- 172.21.15.19:0/1486864336 <== mon.0 v2:172.21.15.19:3300/0 1 ==== mon_map magic: 0 ==== 205+0+0 (secure 0 0 0) 0x7fb50c0039e0 con 0x7fb518109b30
2024-05-07T02:16:43.985 INFO:teuthology.orchestra.run.smithi019.stdout:/usr/bin/ceph: stderr
2024-05-07T02:16:43.146+0000 7fb512a00700 1 -- 172.21.15.19:0/1486864336 <== mon.0 v2:172.21.15.19:3300/0 2 ==== config(26 keys) ==== 1070+0+0 (secure 0 0 0) 0x7fb50c003b80 con 0x7fb518109b30
2024-05-07T02:16:43.985 INFO:teuthology.orchestra.run.smithi019.stdout:/usr/bin/ceph: stderr
2024-05-07T02:16:43.146+0000 7fb520800700 1 -- 172.21.15.19:0/1486864336 --> [v2:172.21.15.19:3300/0,v1:172.21.15.19:6789/0] -- mon_subscribe({mgrmap=0+}) -- 0x7fb51819e5a0 con 0x7fb518109b30
2024-05-07T02:16:43.985 INFO:teuthology.orchestra.run.smithi019.stdout:/usr/bin/ceph: stderr
2024-05-07T02:16:43.146+0000 7fb512a00700 1 -- 172.21.15.19:0/1486864336 <== mon.0 v2:172.21.15.19:3300/0 3 ==== mon_map magic: 0 ==== 205+0+0 (secure 0 0 0) 0x7fb50c0246e0 con 0x7fb518109b30
2024-05-07T02:16:43.985 INFO:teuthology.orchestra.run.smithi019.stdout:/usr/bin/ceph: stderr
2024-05-07T02:16:43.146+0000 7fb520800700 1 -- 172.21.15.19:0/1486864336 --> [v2:172.21.15.19:3300/0,v1:172.21.15.19:6789/0] -- mon_subscribe({osdmap=0}) -- 0x7fb5181a1170 con 0x7fb518109b30
2024-05-07T02:16:43.985 INFO:teuthology.orchestra.run.smithi019.stdout:/usr/bin/ceph: stderr
2024-05-07T02:16:43.147+0000 7fb512a00700 1 -- 172.21.15.19:0/1486864336 <== mon.0 v2:172.21.15.19:3300/0 4 ==== mgrmap(e 4) ==== 50211+0+0 (secure 0 0 0) 0x7fb50c022020 con 0x7fb518109b30
2024-05-07T02:16:43.985 INFO:teuthology.orchestra.run.smithi019.stdout:/usr/bin/ceph: stderr
2024-05-07T02:16:43.147+0000 7fb507e00700 1 -- 172.21.15.19:0/1486864336 --> [v2:172.21.15.19:3300/0,v1:172.21.15.19:6789/0] -- mon_command({"prefix": "get_command_descriptions"} v 0) -- 0x7fb4f4005330 con 0x7fb518109b30
2024-05-07T02:16:43.986 INFO:teuthology.orchestra.run.smithi019.stdout:/usr/bin/ceph: stderr
2024-05-07T02:16:43.148+0000 7fb512a00700 1 --2- 172.21.15.19:0/1486864336 >> [v2:172.21.15.19:6800/3614957309,v1:172.21.15.19:6801/3614957309] conn(0x7fb50003e4e0 0x7fb5000409f0 unknown :-1 s=NONE pgs=0 cs=0 l=1 rev1=0 crypto rx=0 tx=0 comp rx=0 tx=0).connect
2024-05-07T02:16:43.986 INFO:teuthology.orchestra.run.smithi019.stdout:/usr/bin/ceph: stderr
2024-05-07T02:16:43.148+0000 7fb512a00700 1 -- 172.21.15.19:0/1486864336 <== mon.0 v2:172.21.15.19:3300/0 5 ==== osd_map(1..1 src has 1..1) ==== 725+0+0 (secure 0 0 0) 0x7fb50c053640 con 0x7fb518109b30
2024-05-07T02:16:43.986 INFO:teuthology.orchestra.run.smithi019.stdout:/usr/bin/ceph: stderr
2024-05-07T02:16:43.148+0000 7fb51d400700 1 --2- 172.21.15.19:0/1486864336 >> [v2:172.21.15.19:6800/3614957309,v1:172.21.15.19:6801/3614957309] conn(0x7fb50003e4e0 0x7fb5000409f0 unknown :-1 s=BANNER_CONNECTING pgs=0 cs=0 l=1 rev1=0 crypto rx=0 tx=0 comp rx=0 tx=0)._handle_peer_banner_payload supported=3 required=0
2024-05-07T02:16:43.986 INFO:teuthology.orchestra.run.smithi019.stdout:/usr/bin/ceph: stderr
2024-05-07T02:16:43.149+0000 7fb51d400700 1 --2- 172.21.15.19:0/1486864336 >> [v2:172.21.15.19:6800/3614957309,v1:172.21.15.19:6801/3614957309] conn(0x7fb50003e4e0 0x7fb5000409f0 secure :-1 s=READY pgs=7 cs=0 l=1 rev1=1 crypto rx=0x7fb508006fd0 tx=0x7fb508006e40 comp rx=0 tx=0).ready entity=mgr.14100 client_cookie=0 server_cookie=0 in_seq=0 out_seq=0
2024-05-07T02:16:43.986 INFO:teuthology.orchestra.run.smithi019.stdout:/usr/bin/ceph: stderr
2024-05-07T02:16:43.154+0000 7fb512a00700 1 -- 172.21.15.19:0/1486864336 <== mon.0 v2:172.21.15.19:3300/0 6 ==== mon_command_ack([{"prefix": "get_command_descriptions"}]=0 v0) ==== 72+0+191963 (secure 0 0 0) 0x7fb50c012040 con 0x7fb518109b30
2024-05-07T02:16:43.986 INFO:teuthology.orchestra.run.smithi019.stdout:/usr/bin/ceph: stderr
2024-05-07T02:16:43.390+0000 7fb507e00700 1 -- 172.21.15.19:0/1486864336 --> [v2:172.21.15.19:3300/0,v1:172.21.15.19:6789/0] -- mon_command({"prefix": "config assimilate-conf"} v 0) -- 0x7fb4f4002400 con 0x7fb518109b30
2024-05-07T02:16:43.986 INFO:teuthology.orchestra.run.smithi019.stdout:/usr/bin/ceph: stderr
2024-05-07T02:16:43.393+0000 7fb512a00700 1 -- 172.21.15.19:0/1486864336 <== mon.0 v2:172.21.15.19:3300/0 7 ==== mon_command_ack([{"prefix": "config assimilate-conf"}]=0 v3) ==== 70+0+409 (secure 0 0 0) 0x7fb50c0533a0 con 0x7fb518109b30
2024-05-07T02:16:43.986 INFO:teuthology.orchestra.run.smithi019.stdout:/usr/bin/ceph: stderr
2024-05-07T02:16:43.396+0000 7fb507e00700 1 -- 172.21.15.19:0/1486864336 >> [v2:172.21.15.19:6800/3614957309,v1:172.21.15.19:6801/3614957309] conn(0x7fb50003e4e0 msgr2=0x7fb5000409f0 secure :-1 s=STATE_CONNECTION_ESTABLISHED l=1).mark_down
2024-05-07T02:16:43.986 INFO:teuthology.orchestra.run.smithi019.stdout:/usr/bin/ceph: stderr
2024-05-07T02:16:43.396+0000 7fb507e00700 1 --2- 172.21.15.19:0/1486864336 >> [v2:172.21.15.19:6800/3614957309,v1:172.21.15.19:6801/3614957309] conn(0x7fb50003e4e0 0x7fb5000409f0 secure :-1 s=READY pgs=7 cs=0 l=1 rev1=1 crypto rx=0x7fb508006fd0 tx=0x7fb508006e40 comp rx=0 tx=0).stop
2024-05-07T02:16:43.986 INFO:teuthology.orchestra.run.smithi019.stdout:/usr/bin/ceph: stderr
2024-05-07T02:16:43.396+0000 7fb507e00700 1 -- 172.21.15.19:0/1486864336 >> [v2:172.21.15.19:3300/0,v1:172.21.15.19:6789/0] conn(0x7fb518109b30 msgr2=0x7fb51819ddd0 secure :-1 s=STATE_CONNECTION_ESTABLISHED l=1).mark_down
2024-05-07T02:16:43.986 INFO:teuthology.orchestra.run.smithi019.stdout:/usr/bin/ceph: stderr
2024-05-07T02:16:43.396+0000 7fb507e00700 1 --2- 172.21.15.19:0/1486864336 >> [v2:172.21.15.19:3300/0,v1:172.21.15.19:6789/0] conn(0x7fb518109b30 0x7fb51819ddd0 secure :-1 s=READY pgs=21 cs=0 l=1 rev1=1 crypto rx=0x7fb50c011890 tx=0x7fb50c011970 comp rx=0 tx=0).stop
2024-05-07T02:16:43.986 INFO:teuthology.orchestra.run.smithi019.stdout:/usr/bin/ceph: stderr
2024-05-07T02:16:43.396+0000 7fb507e00700 1 -- 172.21.15.19:0/1486864336 shutdown_connections
2024-05-07T02:16:43.987 INFO:teuthology.orchestra.run.smithi019.stdout:/usr/bin/ceph: stderr
2024-05-07T02:16:43.396+0000 7fb507e00700 1 --2- 172.21.15.19:0/1486864336 >> [v2:172.21.15.19:6800/3614957309,v1:172.21.15.19:6801/3614957309] conn(0x7fb50003e4e0 0x7fb5000409f0 unknown :-1 s=CLOSED pgs=7 cs=0 l=1 rev1=1 crypto rx=0 tx=0 comp rx=0 tx=0).stop
2024-05-07T02:16:43.987 INFO:teuthology.orchestra.run.smithi019.stdout:/usr/bin/ceph: stderr
2024-05-07T02:16:43.396+0000 7fb507e00700 1 --2- 172.21.15.19:0/1486864336 >> [v2:172.21.15.19:3300/0,v1:172.21.15.19:6789/0] conn(0x7fb518109b30 0x7fb51819ddd0 unknown :-1 s=CLOSED pgs=21 cs=0 l=1 rev1=1 crypto rx=0 tx=0 comp rx=0 tx=0).stop
2024-05-07T02:16:43.987 INFO:teuthology.orchestra.run.smithi019.stdout:/usr/bin/ceph: stderr
2024-05-07T02:16:43.396+0000 7fb507e00700 1 -- 172.21.15.19:0/1486864336 >> 172.21.15.19:0/1486864336 conn(0x7fb518105270 msgr2=0x7fb518106b00 unknown :-1 s=STATE_NONE l=0).mark_down
2024-05-07T02:16:43.987 INFO:teuthology.orchestra.run.smithi019.stdout:/usr/bin/ceph: stderr
2024-05-07T02:16:43.397+0000 7fb507e00700 1 -- 172.21.15.19:0/1486864336 shutdown_connections
2024-05-07T02:16:43.987 INFO:teuthology.orchestra.run.smithi019.stdout:/usr/bin/ceph: stderr
2024-05-07T02:16:43.397+0000 7fb507e00700 1 -- 172.21.15.19:0/1486864336 wait complete.
2024-05-07T02:16:43.987 INFO:teuthology.orchestra.run.smithi019.stdout:Enabling cephadm module...
2024-05-07T02:16:45.373 INFO:journalctl@ceph.mon.a.smithi019.stdout:May 07 02:16:45 smithi019 ceph-mon[29781]: from='client.? 172.21.15.19:0/2733606141' entity='client.admin' cmd=[{"prefix": "mgr module enable", "module": "cephadm"}]: dispatch
2024-05-07T02:16:45.373 INFO:journalctl@ceph.mgr.x.smithi019.stdout:May 07 02:16:45 smithi019 ceph-9ff84c16-0c17-11ef-bc97-c7b262605968-mgr-x[30011]: ignoring --setuser ceph since I am not root
2024-05-07T02:16:45.373 INFO:journalctl@ceph.mgr.x.smithi019.stdout:May 07 02:16:45 smithi019 ceph-9ff84c16-0c17-11ef-bc97-c7b262605968-mgr-x[30011]: ignoring --setgroup ceph since I am not root
2024-05-07T02:16:45.644 INFO:journalctl@ceph.mgr.x.smithi019.stdout:May 07 02:16:45 smithi019 ceph-9ff84c16-0c17-11ef-bc97-c7b262605968-mgr-x[30011]:
2024-05-07T02:16:45.435+0000 7f1387901200 -1 mgr[py] Module balancer has missing NOTIFY_TYPES member
2024-05-07T02:16:45.706 INFO:teuthology.orchestra.run.smithi019.stdout:/usr/bin/ceph: stderr
2024-05-07T02:16:44.697+0000 7f9b60e00700 1 Processor -- start
2024-05-07T02:16:45.706 INFO:teuthology.orchestra.run.smithi019.stdout:/usr/bin/ceph: stderr
2024-05-07T02:16:44.697+0000 7f9b60e00700 1 -- start start
2024-05-07T02:16:45.706 INFO:teuthology.orchestra.run.smithi019.stdout:/usr/bin/ceph: stderr
2024-05-07T02:16:44.698+0000 7f9b60e00700 1 --2- >> [v2:172.21.15.19:3300/0,v1:172.21.15.19:6789/0] conn(0x7f9b5c110850 0x7f9b5c110cc0 unknown :-1 s=NONE pgs=0 cs=0 l=0 rev1=0 crypto rx=0 tx=0 comp rx=0 tx=0).connect
2024-05-07T02:16:45.706 INFO:teuthology.orchestra.run.smithi019.stdout:/usr/bin/ceph: stderr
2024-05-07T02:16:44.698+0000 7f9b60e00700 1 -- --> [v2:172.21.15.19:3300/0,v1:172.21.15.19:6789/0] -- mon_getmap magic: 0 -- 0x7f9b5c1112d0 con 0x7f9b5c110850
2024-05-07T02:16:45.706 INFO:teuthology.orchestra.run.smithi019.stdout:/usr/bin/ceph: stderr
2024-05-07T02:16:44.698+0000 7f9b59e00700 1 --2- >> [v2:172.21.15.19:3300/0,v1:172.21.15.19:6789/0] conn(0x7f9b5c110850 0x7f9b5c110cc0 unknown :-1 s=BANNER_CONNECTING pgs=0 cs=0 l=0 rev1=0 crypto rx=0 tx=0 comp rx=0 tx=0)._handle_peer_banner_payload supported=3 required=0
2024-05-07T02:16:45.706 INFO:teuthology.orchestra.run.smithi019.stdout:/usr/bin/ceph: stderr
2024-05-07T02:16:44.698+0000 7f9b59e00700 1 --2- >> [v2:172.21.15.19:3300/0,v1:172.21.15.19:6789/0] conn(0x7f9b5c110850 0x7f9b5c110cc0 unknown :-1 s=HELLO_CONNECTING pgs=0 cs=0 l=0 rev1=1 crypto rx=0 tx=0 comp rx=0 tx=0).handle_hello peer v2:172.21.15.19:3300/0 says I am v2:172.21.15.19:41908/0 (socket says 172.21.15.19:41908)
2024-05-07T02:16:45.708 INFO:teuthology.orchestra.run.smithi019.stdout:/usr/bin/ceph: stderr
2024-05-07T02:16:44.698+0000 7f9b59e00700 1 -- 172.21.15.19:0/799295062 learned_addr learned my addr 172.21.15.19:0/799295062 (peer_addr_for_me v2:172.21.15.19:0/0)
2024-05-07T02:16:45.708 INFO:teuthology.orchestra.run.smithi019.stdout:/usr/bin/ceph: stderr
2024-05-07T02:16:44.699+0000 7f9b59e00700 1 -- 172.21.15.19:0/799295062 --> [v2:172.21.15.19:3300/0,v1:172.21.15.19:6789/0] -- mon_subscribe({config=0+,monmap=0+}) -- 0x7f9b5c1135e0 con 0x7f9b5c110850
2024-05-07T02:16:45.708 INFO:teuthology.orchestra.run.smithi019.stdout:/usr/bin/ceph: stderr
2024-05-07T02:16:44.699+0000 7f9b59e00700 1 --2- 172.21.15.19:0/799295062 >> [v2:172.21.15.19:3300/0,v1:172.21.15.19:6789/0] conn(0x7f9b5c110850 0x7f9b5c110cc0 secure :-1 s=READY pgs=22 cs=0 l=1 rev1=1 crypto rx=0x7f9b4c0098a0 tx=0x7f9b4c009bb0 comp rx=0 tx=0).ready entity=mon.0 client_cookie=9bbb5264df51eb7b server_cookie=0 in_seq=0 out_seq=0
2024-05-07T02:16:45.708 INFO:teuthology.orchestra.run.smithi019.stdout:/usr/bin/ceph: stderr
2024-05-07T02:16:44.700+0000 7f9b58a00700 1 -- 172.21.15.19:0/799295062 <== mon.0 v2:172.21.15.19:3300/0 1 ==== mon_map magic: 0 ==== 205+0+0 (secure 0 0 0) 0x7f9b4c004160 con 0x7f9b5c110850
2024-05-07T02:16:45.708 INFO:teuthology.orchestra.run.smithi019.stdout:/usr/bin/ceph: stderr
2024-05-07T02:16:44.700+0000 7f9b58a00700 1 -- 172.21.15.19:0/799295062 <== mon.0 v2:172.21.15.19:3300/0 2 ==== config(26 keys) ==== 1070+0+0 (secure 0 0 0) 0x7f9b4c004300 con 0x7f9b5c110850
2024-05-07T02:16:45.708 INFO:teuthology.orchestra.run.smithi019.stdout:/usr/bin/ceph: stderr
2024-05-07T02:16:44.700+0000 7f9b58a00700 1 -- 172.21.15.19:0/799295062 <== mon.0 v2:172.21.15.19:3300/0 3 ==== mon_map magic: 0 ==== 205+0+0 (secure 0 0 0) 0x7f9b4c011af0 con 0x7f9b5c110850
2024-05-07T02:16:45.709 INFO:teuthology.orchestra.run.smithi019.stdout:/usr/bin/ceph: stderr
