2024-05-08T19:58:24.170+0000 7ff88d758700 1 --2- 172.21.15.33:0/3950461392 >> [v2:172.21.15.33:6800/2102553152,v1:172.21.15.33:6801/2102553152] conn(0x7ff874038700 0x7ff87403abc0 unknown :-1 s=START_CONNECT pgs=0 cs=0 l=1 rev1=0 crypto rx=0 tx=0 comp rx=0 tx=0)._fault waiting 3.200000
2024-05-08T19:58:28.617 INFO:teuthology.orchestra.run.smithi033.stdout:/usr/bin/ceph: stderr
2024-05-08T19:58:27.049+0000 7ff87effd700 1 -- 172.21.15.33:0/3950461392 <== mon.0 v2:172.21.15.33:3300/0 6 ==== mgrmap(e 10) v1 ==== 45321+0+0 (secure 0 0 0) 0x7ff88402d5d0 con 0x7ff888107350
2024-05-08T19:58:28.617 INFO:teuthology.orchestra.run.smithi033.stdout:/usr/bin/ceph: stderr
2024-05-08T19:58:27.049+0000 7ff87effd700 1 -- 172.21.15.33:0/3950461392 >> [v2:172.21.15.33:6800/2102553152,v1:172.21.15.33:6801/2102553152] conn(0x7ff874038700 msgr2=0x7ff87403abc0 unknown :-1 s=STATE_CONNECTING l=1).mark_down
2024-05-08T19:58:28.617 INFO:teuthology.orchestra.run.smithi033.stdout:/usr/bin/ceph: stderr
2024-05-08T19:58:27.049+0000 7ff87effd700 1 --2- 172.21.15.33:0/3950461392 >> [v2:172.21.15.33:6800/2102553152,v1:172.21.15.33:6801/2102553152] conn(0x7ff874038700 0x7ff87403abc0 unknown :-1 s=START_CONNECT pgs=0 cs=0 l=1 rev1=0 crypto rx=0 tx=0 comp rx=0 tx=0).stop
2024-05-08T19:58:28.617 INFO:teuthology.orchestra.run.smithi033.stdout:/usr/bin/ceph: stderr
2024-05-08T19:58:28.052+0000 7ff87effd700 1 -- 172.21.15.33:0/3950461392 <== mon.0 v2:172.21.15.33:3300/0 7 ==== mgrmap(e 11) v1 ==== 45448+0+0 (secure 0 0 0) 0x7ff88404e910 con 0x7ff888107350
2024-05-08T19:58:28.617 INFO:teuthology.orchestra.run.smithi033.stdout:/usr/bin/ceph: stderr
2024-05-08T19:58:28.052+0000 7ff87effd700 1 --2- 172.21.15.33:0/3950461392 >> [v2:172.21.15.33:6800/3089330166,v1:172.21.15.33:6801/3089330166] conn(0x7ff87403bff0 0x7ff87403e3e0 unknown :-1 s=NONE pgs=0 cs=0 l=1 rev1=0 crypto rx=0 tx=0 comp rx=0 tx=0).connect
2024-05-08T19:58:28.617 INFO:teuthology.orchestra.run.smithi033.stdout:/usr/bin/ceph: stderr
2024-05-08T19:58:28.052+0000 7ff87effd700 1 -- 172.21.15.33:0/3950461392 --> [v2:172.21.15.33:6800/3089330166,v1:172.21.15.33:6801/3089330166] -- command(tid 0: {"prefix": "get_command_descriptions"}) v1 -- 0x7ff87403b2d0 con 0x7ff87403bff0
2024-05-08T19:58:28.617 INFO:teuthology.orchestra.run.smithi033.stdout:/usr/bin/ceph: stderr
2024-05-08T19:58:28.052+0000 7ff88d758700 1 --2- 172.21.15.33:0/3950461392 >> [v2:172.21.15.33:6800/3089330166,v1:172.21.15.33:6801/3089330166] conn(0x7ff87403bff0 0x7ff87403e3e0 unknown :-1 s=BANNER_CONNECTING pgs=0 cs=0 l=1 rev1=0 crypto rx=0 tx=0 comp rx=0 tx=0)._handle_peer_banner_payload supported=3 required=0
2024-05-08T19:58:28.617 INFO:teuthology.orchestra.run.smithi033.stdout:/usr/bin/ceph: stderr
2024-05-08T19:58:28.053+0000 7ff88d758700 1 --2- 172.21.15.33:0/3950461392 >> [v2:172.21.15.33:6800/3089330166,v1:172.21.15.33:6801/3089330166] conn(0x7ff87403bff0 0x7ff87403e3e0 secure :-1 s=READY pgs=4 cs=0 l=1 rev1=1 crypto rx=0x7ff878003a10 tx=0x7ff8780092b0 comp rx=0 tx=0).ready entity=mgr.14152 client_cookie=0 server_cookie=0 in_seq=0 out_seq=0
2024-05-08T19:58:28.617 INFO:teuthology.orchestra.run.smithi033.stdout:/usr/bin/ceph: stderr
2024-05-08T19:58:28.054+0000 7ff87effd700 1 -- 172.21.15.33:0/3950461392 <== mgr.14152 v2:172.21.15.33:6800/3089330166 1 ==== command_reply(tid 0: 0 ) v1 ==== 8+0+7774 (secure 0 0 0) 0x7ff87403b2d0 con 0x7ff87403bff0
2024-05-08T19:58:28.617 INFO:teuthology.orchestra.run.smithi033.stdout:/usr/bin/ceph: stderr
2024-05-08T19:58:28.061+0000 7ff8901bd700 1 -- 172.21.15.33:0/3950461392 --> [v2:172.21.15.33:6800/3089330166,v1:172.21.15.33:6801/3089330166] -- command(tid 1: {"prefix": "mgr_status"}) v1 -- 0x7ff88819b310 con 0x7ff87403bff0
2024-05-08T19:58:28.618 INFO:teuthology.orchestra.run.smithi033.stdout:/usr/bin/ceph: stderr
2024-05-08T19:58:28.062+0000 7ff87effd700 1 -- 172.21.15.33:0/3950461392 <== mgr.14152 v2:172.21.15.33:6800/3089330166 2 ==== command_reply(tid 1: 0 ) v1 ==== 8+0+52 (secure 0 0 0) 0x7ff87800a050 con 0x7ff87403bff0
2024-05-08T19:58:28.618 INFO:teuthology.orchestra.run.smithi033.stdout:/usr/bin/ceph: stderr
2024-05-08T19:58:28.062+0000 7ff8901bd700 1 -- 172.21.15.33:0/3950461392 >> [v2:172.21.15.33:6800/3089330166,v1:172.21.15.33:6801/3089330166] conn(0x7ff87403bff0 msgr2=0x7ff87403e3e0 secure :-1 s=STATE_CONNECTION_ESTABLISHED l=1).mark_down
2024-05-08T19:58:28.618 INFO:teuthology.orchestra.run.smithi033.stdout:/usr/bin/ceph: stderr
2024-05-08T19:58:28.062+0000 7ff8901bd700 1 --2- 172.21.15.33:0/3950461392 >> [v2:172.21.15.33:6800/3089330166,v1:172.21.15.33:6801/3089330166] conn(0x7ff87403bff0 0x7ff87403e3e0 secure :-1 s=READY pgs=4 cs=0 l=1 rev1=1 crypto rx=0x7ff878003a10 tx=0x7ff8780092b0 comp rx=0 tx=0).stop
2024-05-08T19:58:28.618 INFO:teuthology.orchestra.run.smithi033.stdout:/usr/bin/ceph: stderr
2024-05-08T19:58:28.062+0000 7ff8901bd700 1 -- 172.21.15.33:0/3950461392 >> [v2:172.21.15.33:3300/0,v1:172.21.15.33:6789/0] conn(0x7ff888107350 msgr2=0x7ff88819a5a0 secure :-1 s=STATE_CONNECTION_ESTABLISHED l=1).mark_down
2024-05-08T19:58:28.618 INFO:teuthology.orchestra.run.smithi033.stdout:/usr/bin/ceph: stderr
2024-05-08T19:58:28.062+0000 7ff8901bd700 1 --2- 172.21.15.33:0/3950461392 >> [v2:172.21.15.33:3300/0,v1:172.21.15.33:6789/0] conn(0x7ff888107350 0x7ff88819a5a0 secure :-1 s=READY pgs=62 cs=0 l=1 rev1=1 crypto rx=0x7ff884011740 tx=0x7ff884011a50 comp rx=0 tx=0).stop
2024-05-08T19:58:28.618 INFO:teuthology.orchestra.run.smithi033.stdout:/usr/bin/ceph: stderr
2024-05-08T19:58:28.062+0000 7ff8901bd700 1 -- 172.21.15.33:0/3950461392 shutdown_connections
2024-05-08T19:58:28.618 INFO:teuthology.orchestra.run.smithi033.stdout:/usr/bin/ceph: stderr
2024-05-08T19:58:28.062+0000 7ff8901bd700 1 --2- 172.21.15.33:0/3950461392 >> [v2:172.21.15.33:6800/3089330166,v1:172.21.15.33:6801/3089330166] conn(0x7ff87403bff0 0x7ff87403e3e0 unknown :-1 s=CLOSED pgs=4 cs=0 l=1 rev1=1 crypto rx=0 tx=0 comp rx=0 tx=0).stop
2024-05-08T19:58:28.618 INFO:teuthology.orchestra.run.smithi033.stdout:/usr/bin/ceph: stderr
2024-05-08T19:58:28.062+0000 7ff8901bd700 1 --2- 172.21.15.33:0/3950461392 >> [v2:172.21.15.33:3300/0,v1:172.21.15.33:6789/0] conn(0x7ff888107350 0x7ff88819a5a0 unknown :-1 s=CLOSED pgs=62 cs=0 l=1 rev1=1 crypto rx=0 tx=0 comp rx=0 tx=0).stop
2024-05-08T19:58:28.618 INFO:teuthology.orchestra.run.smithi033.stdout:/usr/bin/ceph: stderr
2024-05-08T19:58:28.062+0000 7ff8901bd700 1 --2- 172.21.15.33:0/3950461392 >> [v2:172.21.15.33:6800/2102553152,v1:172.21.15.33:6801/2102553152] conn(0x7ff874038700 0x7ff87403abc0 unknown :-1 s=CLOSED pgs=0 cs=0 l=1 rev1=0 crypto rx=0 tx=0 comp rx=0 tx=0).stop
2024-05-08T19:58:28.618 INFO:teuthology.orchestra.run.smithi033.stdout:/usr/bin/ceph: stderr
2024-05-08T19:58:28.062+0000 7ff8901bd700 1 -- 172.21.15.33:0/3950461392 >> 172.21.15.33:0/3950461392 conn(0x7ff888100e00 msgr2=0x7ff8881018a0 unknown :-1 s=STATE_NONE l=0).mark_down
2024-05-08T19:58:28.618 INFO:teuthology.orchestra.run.smithi033.stdout:/usr/bin/ceph: stderr
2024-05-08T19:58:28.062+0000 7ff8901bd700 1 -- 172.21.15.33:0/3950461392 shutdown_connections
2024-05-08T19:58:28.618 INFO:teuthology.orchestra.run.smithi033.stdout:/usr/bin/ceph: stderr
2024-05-08T19:58:28.062+0000 7ff8901bd700 1 -- 172.21.15.33:0/3950461392 wait complete.
2024-05-08T19:58:28.618 INFO:teuthology.orchestra.run.smithi033.stdout:mgr epoch 9 is available
2024-05-08T19:58:28.618 INFO:teuthology.orchestra.run.smithi033.stdout:Generating a dashboard self-signed certificate...
2024-05-08T19:58:29.462 INFO:journalctl@ceph.mon.a.smithi033.stdout:May 08 19:58:29 smithi033 ceph-mon[42490]: [08/May/2024:19:58:27] ENGINE Bus STARTING
2024-05-08T19:58:29.462 INFO:journalctl@ceph.mon.a.smithi033.stdout:May 08 19:58:29 smithi033 ceph-mon[42490]: [08/May/2024:19:58:27] ENGINE Serving on http://172.21.15.33:8765
2024-05-08T19:58:29.462 INFO:journalctl@ceph.mon.a.smithi033.stdout:May 08 19:58:29 smithi033 ceph-mon[42490]: from='client.14156 -' entity='client.admin' cmd=[{"prefix": "get_command_descriptions"}]: dispatch
2024-05-08T19:58:29.462 INFO:journalctl@ceph.mon.a.smithi033.stdout:May 08 19:58:29 smithi033 ceph-mon[42490]: from='client.14156 -' entity='client.admin' cmd=[{"prefix": "mgr_status"}]: dispatch
2024-05-08T19:58:29.462 INFO:journalctl@ceph.mon.a.smithi033.stdout:May 08 19:58:29 smithi033 ceph-mon[42490]: [08/May/2024:19:58:28] ENGINE Serving on https://172.21.15.33:7150
2024-05-08T19:58:29.462 INFO:journalctl@ceph.mon.a.smithi033.stdout:May 08 19:58:29 smithi033 ceph-mon[42490]: [08/May/2024:19:58:28] ENGINE Bus STARTED
2024-05-08T19:58:29.462 INFO:journalctl@ceph.mon.a.smithi033.stdout:May 08 19:58:29 smithi033 ceph-mon[42490]: from='mgr.14152 172.21.15.33:0/3177159581' entity='mgr.x'
2024-05-08T19:58:29.652 INFO:teuthology.orchestra.run.smithi033.stdout:/usr/bin/ceph: stdout Self-signed certificate created
2024-05-08T19:58:29.652 INFO:teuthology.orchestra.run.smithi033.stdout:/usr/bin/ceph: stderr
2024-05-08T19:58:29.003+0000 7f214c941700 1 Processor -- start
2024-05-08T19:58:29.652 INFO:teuthology.orchestra.run.smithi033.stdout:/usr/bin/ceph: stderr
2024-05-08T19:58:29.003+0000 7f214c941700 1 -- start start
2024-05-08T19:58:29.652 INFO:teuthology.orchestra.run.smithi033.stdout:/usr/bin/ceph: stderr
2024-05-08T19:58:29.004+0000 7f214c941700 1 --2- >> [v2:172.21.15.33:3300/0,v1:172.21.15.33:6789/0] conn(0x7f2148107330 0x7f2148109720 unknown :-1 s=NONE pgs=0 cs=0 l=0 rev1=0 crypto rx=0 tx=0 comp rx=0 tx=0).connect
2024-05-08T19:58:29.652 INFO:teuthology.orchestra.run.smithi033.stdout:/usr/bin/ceph: stderr
2024-05-08T19:58:29.004+0000 7f214c941700 1 -- --> [v2:172.21.15.33:3300/0,v1:172.21.15.33:6789/0] -- mon_getmap magic: 0 v1 -- 0x7f2148079eb0 con 0x7f2148107330
2024-05-08T19:58:29.652 INFO:teuthology.orchestra.run.smithi033.stdout:/usr/bin/ceph: stderr
2024-05-08T19:58:29.004+0000 7f214659c700 1 --2- >> [v2:172.21.15.33:3300/0,v1:172.21.15.33:6789/0] conn(0x7f2148107330 0x7f2148109720 unknown :-1 s=BANNER_CONNECTING pgs=0 cs=0 l=0 rev1=0 crypto rx=0 tx=0 comp rx=0 tx=0)._handle_peer_banner_payload supported=3 required=0
2024-05-08T19:58:29.652 INFO:teuthology.orchestra.run.smithi033.stdout:/usr/bin/ceph: stderr
2024-05-08T19:58:29.004+0000 7f214659c700 1 --2- >> [v2:172.21.15.33:3300/0,v1:172.21.15.33:6789/0] conn(0x7f2148107330 0x7f2148109720 unknown :-1 s=HELLO_CONNECTING pgs=0 cs=0 l=0 rev1=1 crypto rx=0 tx=0 comp rx=0 tx=0).handle_hello peer v2:172.21.15.33:3300/0 says I am v2:172.21.15.33:39292/0 (socket says 172.21.15.33:39292)
2024-05-08T19:58:29.652 INFO:teuthology.orchestra.run.smithi033.stdout:/usr/bin/ceph: stderr
2024-05-08T19:58:29.004+0000 7f214659c700 1 -- 172.21.15.33:0/288405542 learned_addr learned my addr 172.21.15.33:0/288405542 (peer_addr_for_me v2:172.21.15.33:0/0)
2024-05-08T19:58:29.652 INFO:teuthology.orchestra.run.smithi033.stdout:/usr/bin/ceph: stderr
2024-05-08T19:58:29.004+0000 7f214659c700 1 -- 172.21.15.33:0/288405542 --> [v2:172.21.15.33:3300/0,v1:172.21.15.33:6789/0] -- mon_subscribe({config=0+,monmap=0+}) v3 -- 0x7f2148109c60 con 0x7f2148107330
2024-05-08T19:58:29.653 INFO:teuthology.orchestra.run.smithi033.stdout:/usr/bin/ceph: stderr
2024-05-08T19:58:29.005+0000 7f214659c700 1 --2- 172.21.15.33:0/288405542 >> [v2:172.21.15.33:3300/0,v1:172.21.15.33:6789/0] conn(0x7f2148107330 0x7f2148109720 secure :-1 s=READY pgs=70 cs=0 l=1 rev1=1 crypto rx=0x7f21380098a0 tx=0x7f2138009bb0 comp rx=0 tx=0).ready entity=mon.0 client_cookie=4fb023f9ab546af5 server_cookie=0 in_seq=0 out_seq=0
2024-05-08T19:58:29.653 INFO:teuthology.orchestra.run.smithi033.stdout:/usr/bin/ceph: stderr
2024-05-08T19:58:29.005+0000 7f214559a700 1 -- 172.21.15.33:0/288405542 <== mon.0 v2:172.21.15.33:3300/0 1 ==== mon_map magic: 0 v1 ==== 205+0+0 (secure 0 0 0) 0x7f2138004160 con 0x7f2148107330
2024-05-08T19:58:29.653 INFO:teuthology.orchestra.run.smithi033.stdout:/usr/bin/ceph: stderr
2024-05-08T19:58:29.005+0000 7f214559a700 1 -- 172.21.15.33:0/288405542 <== mon.0 v2:172.21.15.33:3300/0 2 ==== config(27 keys) v1 ==== 1139+0+0 (secure 0 0 0) 0x7f21380042c0 con 0x7f2148107330
2024-05-08T19:58:29.653 INFO:teuthology.orchestra.run.smithi033.stdout:/usr/bin/ceph: stderr
2024-05-08T19:58:29.005+0000 7f214559a700 1 -- 172.21.15.33:0/288405542 <== mon.0 v2:172.21.15.33:3300/0 3 ==== mon_map magic: 0 v1 ==== 205+0+0 (secure 0 0 0) 0x7f2138011a80 con 0x7f2148107330
2024-05-08T19:58:29.653 INFO:teuthology.orchestra.run.smithi033.stdout:/usr/bin/ceph: stderr
2024-05-08T19:58:29.006+0000 7f214c941700 1 -- 172.21.15.33:0/288405542 >> [v2:172.21.15.33:3300/0,v1:172.21.15.33:6789/0] conn(0x7f2148107330 msgr2=0x7f2148109720 secure :-1 s=STATE_CONNECTION_ESTABLISHED l=1).mark_down
2024-05-08T19:58:29.653 INFO:teuthology.orchestra.run.smithi033.stdout:/usr/bin/ceph: stderr
2024-05-08T19:58:29.006+0000 7f214c941700 1 --2- 172.21.15.33:0/288405542 >> [v2:172.21.15.33:3300/0,v1:172.21.15.33:6789/0] conn(0x7f2148107330 0x7f2148109720 secure :-1 s=READY pgs=70 cs=0 l=1 rev1=1 crypto rx=0x7f21380098a0 tx=0x7f2138009bb0 comp rx=0 tx=0).stop
2024-05-08T19:58:29.653 INFO:teuthology.orchestra.run.smithi033.stdout:/usr/bin/ceph: stderr
2024-05-08T19:58:29.006+0000 7f214c941700 1 -- 172.21.15.33:0/288405542 shutdown_connections
2024-05-08T19:58:29.653 INFO:teuthology.orchestra.run.smithi033.stdout:/usr/bin/ceph: stderr
2024-05-08T19:58:29.006+0000 7f214c941700 1 --2- 172.21.15.33:0/288405542 >> [v2:172.21.15.33:3300/0,v1:172.21.15.33:6789/0] conn(0x7f2148107330 0x7f2148109720 unknown :-1 s=CLOSED pgs=70 cs=0 l=1 rev1=1 crypto rx=0 tx=0 comp rx=0 tx=0).stop
2024-05-08T19:58:29.653 INFO:teuthology.orchestra.run.smithi033.stdout:/usr/bin/ceph: stderr
2024-05-08T19:58:29.006+0000 7f214c941700 1 -- 172.21.15.33:0/288405542 >> 172.21.15.33:0/288405542 conn(0x7f2148100dc0 msgr2=0x7f21481031e0 unknown :-1 s=STATE_NONE l=0).mark_down
2024-05-08T19:58:29.653 INFO:teuthology.orchestra.run.smithi033.stdout:/usr/bin/ceph: stderr
2024-05-08T19:58:29.006+0000 7f214c941700 1 -- 172.21.15.33:0/288405542 shutdown_connections
2024-05-08T19:58:29.653 INFO:teuthology.orchestra.run.smithi033.stdout:/usr/bin/ceph: stderr
2024-05-08T19:58:29.006+0000 7f214c941700 1 -- 172.21.15.33:0/288405542 wait complete.
2024-05-08T19:58:29.653 INFO:teuthology.orchestra.run.smithi033.stdout:/usr/bin/ceph: stderr
2024-05-08T19:58:29.007+0000 7f214c941700 1 Processor -- start
2024-05-08T19:58:29.653 INFO:teuthology.orchestra.run.smithi033.stdout:/usr/bin/ceph: stderr
2024-05-08T19:58:29.007+0000 7f214c941700 1 -- start start
2024-05-08T19:58:29.653 INFO:teuthology.orchestra.run.smithi033.stdout:/usr/bin/ceph: stderr
2024-05-08T19:58:29.007+0000 7f214c941700 1 --2- >> [v2:172.21.15.33:3300/0,v1:172.21.15.33:6789/0] conn(0x7f2148107330 0x7f2148106b60 unknown :-1 s=NONE pgs=0 cs=0 l=1 rev1=0 crypto rx=0 tx=0 comp rx=0 tx=0).connect
2024-05-08T19:58:29.654 INFO:teuthology.orchestra.run.smithi033.stdout:/usr/bin/ceph: stderr
2024-05-08T19:58:29.007+0000 7f214c941700 1 -- --> [v2:172.21.15.33:3300/0,v1:172.21.15.33:6789/0] -- mon_getmap magic: 0 v1 -- 0x7f21481070a0 con 0x7f2148107330
2024-05-08T19:58:29.654 INFO:teuthology.orchestra.run.smithi033.stdout:/usr/bin/ceph: stderr
2024-05-08T19:58:29.007+0000 7f214659c700 1 --2- >> [v2:172.21.15.33:3300/0,v1:172.21.15.33:6789/0] conn(0x7f2148107330 0x7f2148106b60 unknown :-1 s=BANNER_CONNECTING pgs=0 cs=0 l=1 rev1=0 crypto rx=0 tx=0 comp rx=0 tx=0)._handle_peer_banner_payload supported=3 required=0
2024-05-08T19:58:29.654 INFO:teuthology.orchestra.run.smithi033.stdout:/usr/bin/ceph: stderr
2024-05-08T19:58:29.007+0000 7f214659c700 1 --2- >> [v2:172.21.15.33:3300/0,v1:172.21.15.33:6789/0] conn(0x7f2148107330 0x7f2148106b60 unknown :-1 s=HELLO_CONNECTING pgs=0 cs=0 l=1 rev1=1 crypto rx=0 tx=0 comp rx=0 tx=0).handle_hello peer v2:172.21.15.33:3300/0 says I am v2:172.21.15.33:39298/0 (socket says 172.21.15.33:39298)
2024-05-08T19:58:29.654 INFO:teuthology.orchestra.run.smithi033.stdout:/usr/bin/ceph: stderr
2024-05-08T19:58:29.007+0000 7f214659c700 1 -- 172.21.15.33:0/4192127007 learned_addr learned my addr 172.21.15.33:0/4192127007 (peer_addr_for_me v2:172.21.15.33:0/0)
2024-05-08T19:58:29.654 INFO:teuthology.orchestra.run.smithi033.stdout:/usr/bin/ceph: stderr
2024-05-08T19:58:29.007+0000 7f214659c700 1 -- 172.21.15.33:0/4192127007 --> [v2:172.21.15.33:3300/0,v1:172.21.15.33:6789/0] -- mon_subscribe({config=0+,monmap=0+}) v3 -- 0x7f2138009550 con 0x7f2148107330
2024-05-08T19:58:29.654 INFO:teuthology.orchestra.run.smithi033.stdout:/usr/bin/ceph: stderr
2024-05-08T19:58:29.008+0000 7f214659c700 1 --2- 172.21.15.33:0/4192127007 >> [v2:172.21.15.33:3300/0,v1:172.21.15.33:6789/0] conn(0x7f2148107330 0x7f2148106b60 secure :-1 s=READY pgs=71 cs=0 l=1 rev1=1 crypto rx=0x7f2138003f20 tx=0x7f2138011b00 comp rx=0 tx=0).ready entity=mon.0 client_cookie=0 server_cookie=0 in_seq=0 out_seq=0
2024-05-08T19:58:29.654 INFO:teuthology.orchestra.run.smithi033.stdout:/usr/bin/ceph: stderr
2024-05-08T19:58:29.008+0000 7f21377fe700 1 -- 172.21.15.33:0/4192127007 <== mon.0 v2:172.21.15.33:3300/0 1 ==== mon_map magic: 0 v1 ==== 205+0+0 (secure 0 0 0) 0x7f21380039f0 con 0x7f2148107330
2024-05-08T19:58:29.654 INFO:teuthology.orchestra.run.smithi033.stdout:/usr/bin/ceph: stderr
2024-05-08T19:58:29.008+0000 7f21377fe700 1 -- 172.21.15.33:0/4192127007 <== mon.0 v2:172.21.15.33:3300/0 2 ==== config(27 keys) v1 ==== 1139+0+0 (secure 0 0 0) 0x7f2138003b50 con 0x7f2148107330
2024-05-08T19:58:29.654 INFO:teuthology.orchestra.run.smithi033.stdout:/usr/bin/ceph: stderr
2024-05-08T19:58:29.008+0000 7f214c941700 1 -- 172.21.15.33:0/4192127007 --> [v2:172.21.15.33:3300/0,v1:172.21.15.33:6789/0] -- mon_subscribe({mgrmap=0+}) v3 -- 0x7f21481052e0 con 0x7f2148107330
2024-05-08T19:58:29.654 INFO:teuthology.orchestra.run.smithi033.stdout:/usr/bin/ceph: stderr
2024-05-08T19:58:29.008+0000 7f21377fe700 1 -- 172.21.15.33:0/4192127007 <== mon.0 v2:172.21.15.33:3300/0 3 ==== mon_map magic: 0 v1 ==== 205+0+0 (secure 0 0 0) 0x7f213801a6d0 con 0x7f2148107330
2024-05-08T19:58:29.654 INFO:teuthology.orchestra.run.smithi033.stdout:/usr/bin/ceph: stderr
2024-05-08T19:58:29.008+0000 7f214c941700 1 -- 172.21.15.33:0/4192127007 --> [v2:172.21.15.33:3300/0,v1:172.21.15.33:6789/0] -- mon_subscribe({osdmap=0}) v3 -- 0x7f2148105780 con 0x7f2148107330
2024-05-08T19:58:29.654 INFO:teuthology.orchestra.run.smithi033.stdout:/usr/bin/ceph: stderr
2024-05-08T19:58:29.009+0000 7f214c941700 1 -- 172.21.15.33:0/4192127007 --> [v2:172.21.15.33:3300/0,v1:172.21.15.33:6789/0] -- mon_command({"prefix": "get_command_descriptions"} v 0) v1 -- 0x7f214810ab00 con 0x7f2148107330
2024-05-08T19:58:29.654 INFO:teuthology.orchestra.run.smithi033.stdout:/usr/bin/ceph: stderr
2024-05-08T19:58:29.010+0000 7f21377fe700 1 -- 172.21.15.33:0/4192127007 <== mon.0 v2:172.21.15.33:3300/0 4 ==== mgrmap(e 11) v1 ==== 45448+0+0 (secure 0 0 0) 0x7f2138024430 con 0x7f2148107330
2024-05-08T19:58:29.654 INFO:teuthology.orchestra.run.smithi033.stdout:/usr/bin/ceph: stderr
2024-05-08T19:58:29.010+0000 7f21377fe700 1 --2- 172.21.15.33:0/4192127007 >> [v2:172.21.15.33:6800/3089330166,v1:172.21.15.33:6801/3089330166] conn(0x7f21300385e0 0x7f213003aaa0 unknown :-1 s=NONE pgs=0 cs=0 l=1 rev1=0 crypto rx=0 tx=0 comp rx=0 tx=0).connect
2024-05-08T19:58:29.655 INFO:teuthology.orchestra.run.smithi033.stdout:/usr/bin/ceph: stderr
2024-05-08T19:58:29.010+0000 7f21377fe700 1 -- 172.21.15.33:0/4192127007 <== mon.0 v2:172.21.15.33:3300/0 5 ==== osd_map(3..3 src has 1..3) v4 ==== 1155+0+0 (secure 0 0 0) 0x7f213804cda0 con 0x7f2148107330
2024-05-08T19:58:29.655 INFO:teuthology.orchestra.run.smithi033.stdout:/usr/bin/ceph: stderr
2024-05-08T19:58:29.010+0000 7f2145d9b700 1 --2- 172.21.15.33:0/4192127007 >> [v2:172.21.15.33:6800/3089330166,v1:172.21.15.33:6801/3089330166] conn(0x7f21300385e0 0x7f213003aaa0 unknown :-1 s=BANNER_CONNECTING pgs=0 cs=0 l=1 rev1=0 crypto rx=0 tx=0 comp rx=0 tx=0)._handle_peer_banner_payload supported=3 required=0
2024-05-08T19:58:29.655 INFO:teuthology.orchestra.run.smithi033.stdout:/usr/bin/ceph: stderr
2024-05-08T19:58:29.010+0000 7f2145d9b700 1 --2- 172.21.15.33:0/4192127007 >> [v2:172.21.15.33:6800/3089330166,v1:172.21.15.33:6801/3089330166] conn(0x7f21300385e0 0x7f213003aaa0 secure :-1 s=READY pgs=7 cs=0 l=1 rev1=1 crypto rx=0x7f213c006fd0 tx=0x7f213c006e40 comp rx=0 tx=0).ready entity=mgr.14152 client_cookie=0 server_cookie=0 in_seq=0 out_seq=0
2024-05-08T19:58:29.655 INFO:teuthology.orchestra.run.smithi033.stdout:/usr/bin/ceph: stderr
2024-05-08T19:58:29.015+0000 7f21377fe700 1 -- 172.21.15.33:0/4192127007 <== mon.0 v2:172.21.15.33:3300/0 6 ==== mon_command_ack([{"prefix": "get_command_descriptions"}]=0 v0) v1 ==== 72+0+183622 (secure 0 0 0) 0x7f21380249a0 con 0x7f2148107330
2024-05-08T19:58:29.655 INFO:teuthology.orchestra.run.smithi033.stdout:/usr/bin/ceph: stderr
2024-05-08T19:58:29.238+0000 7f214c941700 1 -- 172.21.15.33:0/4192127007 --> [v2:172.21.15.33:6800/3089330166,v1:172.21.15.33:6801/3089330166] -- mgr_command(tid 0: {"prefix": "dashboard create-self-signed-cert", "target": ["mon-mgr", ""]}) v1 -- 0x7f2148105f30 con 0x7f21300385e0
2024-05-08T19:58:29.655 INFO:teuthology.orchestra.run.smithi033.stdout:/usr/bin/ceph: stderr
2024-05-08T19:58:29.304+0000 7f21377fe700 1 -- 172.21.15.33:0/4192127007 <== mgr.14152 v2:172.21.15.33:6800/3089330166 1 ==== mgr_command_reply(tid 0: 0 ) v1 ==== 8+0+32 (secure 0 0 0) 0x7f2148105f30 con 0x7f21300385e0
2024-05-08T19:58:29.655 INFO:teuthology.orchestra.run.smithi033.stdout:/usr/bin/ceph: stderr
2024-05-08T19:58:29.307+0000 7f214c941700 1 -- 172.21.15.33:0/4192127007 >> [v2:172.21.15.33:6800/3089330166,v1:172.21.15.33:6801/3089330166] conn(0x7f21300385e0 msgr2=0x7f213003aaa0 secure :-1 s=STATE_CONNECTION_ESTABLISHED l=1).mark_down
2024-05-08T19:58:29.655 INFO:teuthology.orchestra.run.smithi033.stdout:/usr/bin/ceph: stderr
2024-05-08T19:58:29.307+0000 7f214c941700 1 --2- 172.21.15.33:0/4192127007 >> [v2:172.21.15.33:6800/3089330166,v1:172.21.15.33:6801/3089330166] conn(0x7f21300385e0 0x7f213003aaa0 secure :-1 s=READY pgs=7 cs=0 l=1 rev1=1 crypto rx=0x7f213c006fd0 tx=0x7f213c006e40 comp rx=0 tx=0).stop
2024-05-08T19:58:29.655 INFO:teuthology.orchestra.run.smithi033.stdout:/usr/bin/ceph: stderr
2024-05-08T19:58:29.307+0000 7f214c941700 1 -- 172.21.15.33:0/4192127007 >> [v2:172.21.15.33:3300/0,v1:172.21.15.33:6789/0] conn(0x7f2148107330 msgr2=0x7f2148106b60 secure :-1 s=STATE_CONNECTION_ESTABLISHED l=1).mark_down
2024-05-08T19:58:29.655 INFO:teuthology.orchestra.run.smithi033.stdout:/usr/bin/ceph: stderr
2024-05-08T19:58:29.307+0000 7f214c941700 1 --2- 172.21.15.33:0/4192127007 >> [v2:172.21.15.33:3300/0,v1:172.21.15.33:6789/0] conn(0x7f2148107330 0x7f2148106b60 secure :-1 s=READY pgs=71 cs=0 l=1 rev1=1 crypto rx=0x7f2138003f20 tx=0x7f2138011b00 comp rx=0 tx=0).stop
2024-05-08T19:58:29.655 INFO:teuthology.orchestra.run.smithi033.stdout:/usr/bin/ceph: stderr
2024-05-08T19:58:29.307+0000 7f214c941700 1 -- 172.21.15.33:0/4192127007 shutdown_connections
2024-05-08T19:58:29.655 INFO:teuthology.orchestra.run.smithi033.stdout:/usr/bin/ceph: stderr
2024-05-08T19:58:29.307+0000 7f214c941700 1 --2- 172.21.15.33:0/4192127007 >> [v2:172.21.15.33:6800/3089330166,v1:172.21.15.33:6801/3089330166] conn(0x7f21300385e0 0x7f213003aaa0 unknown :-1 s=CLOSED pgs=7 cs=0 l=1 rev1=1 crypto rx=0 tx=0 comp rx=0 tx=0).stop
2024-05-08T19:58:29.655 INFO:teuthology.orchestra.run.smithi033.stdout:/usr/bin/ceph: stderr
2024-05-08T19:58:29.307+0000 7f214c941700 1 --2- 172.21.15.33:0/4192127007 >> [v2:172.21.15.33:3300/0,v1:172.21.15.33:6789/0] conn(0x7f2148107330 0x7f2148106b60 unknown :-1 s=CLOSED pgs=71 cs=0 l=1 rev1=1 crypto rx=0 tx=0 comp rx=0 tx=0).stop
2024-05-08T19:58:29.655 INFO:teuthology.orchestra.run.smithi033.stdout:/usr/bin/ceph: stderr
2024-05-08T19:58:29.307+0000 7f214c941700 1 -- 172.21.15.33:0/4192127007 >> 172.21.15.33:0/4192127007 conn(0x7f2148100dc0 msgr2=0x7f21481018e0 unknown :-1 s=STATE_NONE l=0).mark_down
2024-05-08T19:58:29.656 INFO:teuthology.orchestra.run.smithi033.stdout:/usr/bin/ceph: stderr
2024-05-08T19:58:29.307+0000 7f214c941700 1 -- 172.21.15.33:0/4192127007 shutdown_connections
2024-05-08T19:58:29.656 INFO:teuthology.orchestra.run.smithi033.stdout:/usr/bin/ceph: stderr
2024-05-08T19:58:29.307+0000 7f214c941700 1 -- 172.21.15.33:0/4192127007 wait complete.
2024-05-08T19:58:29.656 INFO:teuthology.orchestra.run.smithi033.stdout:Creating initial admin user...
2024-05-08T19:58:30.390 INFO:journalctl@ceph.mon.a.smithi033.stdout:May 08 19:58:30 smithi033 ceph-mon[42490]: from='mgr.14152 172.21.15.33:0/3177159581' entity='mgr.x'
2024-05-08T19:58:30.390 INFO:journalctl@ceph.mon.a.smithi033.stdout:May 08 19:58:30 smithi033 ceph-mon[42490]: from='client.14164 -' entity='client.admin' cmd=[{"prefix": "dashboard create-self-signed-cert", "target": ["mon-mgr", ""]}]: dispatch
2024-05-08T19:58:30.390 INFO:journalctl@ceph.mon.a.smithi033.stdout:May 08 19:58:30 smithi033 ceph-mon[42490]: from='mgr.14152 172.21.15.33:0/3177159581' entity='mgr.x'
2024-05-08T19:58:30.390 INFO:journalctl@ceph.mon.a.smithi033.stdout:May 08 19:58:30 smithi033 ceph-mon[42490]: from='mgr.14152 172.21.15.33:0/3177159581' entity='mgr.x'
2024-05-08T19:58:30.390 INFO:journalctl@ceph.mon.a.smithi033.stdout:May 08 19:58:30 smithi033 ceph-mon[42490]: mgrmap e12: x(active, since 2s)
2024-05-08T19:58:30.910 INFO:teuthology.orchestra.run.smithi033.stdout:/usr/bin/ceph: stdout {"username": "admin", "password": "$2b$12$dze6aSfT.L3KHhAS5rB4SO9op2c/YJ18gkxR.5V0C4CZk7sQ3BDGO", "roles": ["administrator"], "name": null, "email": null, "lastUpdate": 1715198310, "enabled": true, "pwdExpirationDate": null, "pwdUpdateRequired": true}
2024-05-08T19:58:30.910 INFO:teuthology.orchestra.run.smithi033.stdout:/usr/bin/ceph: stderr
2024-05-08T19:58:30.058+0000 7f01d5c17700 1 Processor -- start
2024-05-08T19:58:30.910 INFO:teuthology.orchestra.run.smithi033.stdout:/usr/bin/ceph: stderr
2024-05-08T19:58:30.058+0000 7f01d5c17700 1 -- start start
2024-05-08T19:58:30.910 INFO:teuthology.orchestra.run.smithi033.stdout:/usr/bin/ceph: stderr
2024-05-08T19:58:30.058+0000 7f01d5c17700 1 --2- >> [v2:172.21.15.33:3300/0,v1:172.21.15.33:6789/0] conn(0x7f01d007be10 0x7f01d007a2c0 unknown :-1 s=NONE pgs=0 cs=0 l=0 rev1=0 crypto rx=0 tx=0 comp rx=0 tx=0).connect
2024-05-08T19:58:30.910 INFO:teuthology.orchestra.run.smithi033.stdout:/usr/bin/ceph: stderr
2024-05-08T19:58:30.058+0000 7f01d5c17700 1 -- --> [v2:172.21.15.33:3300/0,v1:172.21.15.33:6789/0] -- mon_getmap magic: 0 v1 -- 0x7f01d007a800 con 0x7f01d007be10
2024-05-08T19:58:30.910 INFO:teuthology.orchestra.run.smithi033.stdout:/usr/bin/ceph: stderr
2024-05-08T19:58:30.059+0000 7f01cf7fe700 1 --2- >> [v2:172.21.15.33:3300/0,v1:172.21.15.33:6789/0] conn(0x7f01d007be10 0x7f01d007a2c0 unknown :-1 s=BANNER_CONNECTING pgs=0 cs=0 l=0 rev1=0 crypto rx=0 tx=0 comp rx=0 tx=0)._handle_peer_banner_payload supported=3 required=0
2024-05-08T19:58:30.910 INFO:teuthology.orchestra.run.smithi033.stdout:/usr/bin/ceph: stderr
2024-05-08T19:58:30.059+0000 7f01cf7fe700 1 --2- >> [v2:172.21.15.33:3300/0,v1:172.21.15.33:6789/0] conn(0x7f01d007be10 0x7f01d007a2c0 unknown :-1 s=HELLO_CONNECTING pgs=0 cs=0 l=0 rev1=1 crypto rx=0 tx=0 comp rx=0 tx=0).handle_hello peer v2:172.21.15.33:3300/0 says I am v2:172.21.15.33:39308/0 (socket says 172.21.15.33:39308)
2024-05-08T19:58:30.910 INFO:teuthology.orchestra.run.smithi033.stdout:/usr/bin/ceph: stderr
2024-05-08T19:58:30.059+0000 7f01cf7fe700 1 -- 172.21.15.33:0/2204172878 learned_addr learned my addr 172.21.15.33:0/2204172878 (peer_addr_for_me v2:172.21.15.33:0/0)
2024-05-08T19:58:30.911 INFO:teuthology.orchestra.run.smithi033.stdout:/usr/bin/ceph: stderr
2024-05-08T19:58:30.059+0000 7f01cf7fe700 1 -- 172.21.15.33:0/2204172878 --> [v2:172.21.15.33:3300/0,v1:172.21.15.33:6789/0] -- mon_subscribe({config=0+,monmap=0+}) v3 -- 0x7f01d007a940 con 0x7f01d007be10
2024-05-08T19:58:30.911 INFO:teuthology.orchestra.run.smithi033.stdout:/usr/bin/ceph: stderr
2024-05-08T19:58:30.059+0000 7f01cf7fe700 1 --2- 172.21.15.33:0/2204172878 >> [v2:172.21.15.33:3300/0,v1:172.21.15.33:6789/0] conn(0x7f01d007be10 0x7f01d007a2c0 secure :-1 s=READY pgs=72 cs=0 l=1 rev1=1 crypto rx=0x7f01c00098a0 tx=0x7f01c0009bb0 comp rx=0 tx=0).ready entity=mon.0 client_cookie=5f46a70131e37343 server_cookie=0 in_seq=0 out_seq=0
2024-05-08T19:58:30.911 INFO:teuthology.orchestra.run.smithi033.stdout:/usr/bin/ceph: stderr
2024-05-08T19:58:30.059+0000 7f01ce7fc700 1 -- 172.21.15.33:0/2204172878 <== mon.0 v2:172.21.15.33:3300/0 1 ==== mon_map magic: 0 v1 ==== 205+0+0 (secure 0 0 0) 0x7f01c0004160 con 0x7f01d007be10
2024-05-08T19:58:30.911 INFO:teuthology.orchestra.run.smithi033.stdout:/usr/bin/ceph: stderr
2024-05-08T19:58:30.060+0000 7f01ce7fc700 1 -- 172.21.15.33:0/2204172878 <== mon.0 v2:172.21.15.33:3300/0 2 ==== config(27 keys) v1 ==== 1139+0+0 (secure 0 0 0) 0x7f01c00042c0 con 0x7f01d007be10
2024-05-08T19:58:30.911 INFO:teuthology.orchestra.run.smithi033.stdout:/usr/bin/ceph: stderr
2024-05-08T19:58:30.060+0000 7f01ce7fc700 1 -- 172.21.15.33:0/2204172878 <== mon.0 v2:172.21.15.33:3300/0 3 ==== mon_map magic: 0 v1 ==== 205+0+0 (secure 0 0 0) 0x7f01c0011a80 con 0x7f01d007be10
2024-05-08T19:58:30.911 INFO:teuthology.orchestra.run.smithi033.stdout:/usr/bin/ceph: stderr
2024-05-08T19:58:30.060+0000 7f01d5c17700 1 -- 172.21.15.33:0/2204172878 >> [v2:172.21.15.33:3300/0,v1:172.21.15.33:6789/0] conn(0x7f01d007be10 msgr2=0x7f01d007a2c0 secure :-1 s=STATE_CONNECTION_ESTABLISHED l=1).mark_down
2024-05-08T19:58:30.911 INFO:teuthology.orchestra.run.smithi033.stdout:/usr/bin/ceph: stderr
2024-05-08T19:58:30.060+0000 7f01d5c17700 1 --2- 172.21.15.33:0/2204172878 >> [v2:172.21.15.33:3300/0,v1:172.21.15.33:6789/0] conn(0x7f01d007be10 0x7f01d007a2c0 secure :-1 s=READY pgs=72 cs=0 l=1 rev1=1 crypto rx=0x7f01c00098a0 tx=0x7f01c0009bb0 comp rx=0 tx=0).stop
2024-05-08T19:58:30.911 INFO:teuthology.orchestra.run.smithi033.stdout:/usr/bin/ceph: stderr
2024-05-08T19:58:30.060+0000 7f01d5c17700 1 -- 172.21.15.33:0/2204172878 shutdown_connections
2024-05-08T19:58:30.911 INFO:teuthology.orchestra.run.smithi033.stdout:/usr/bin/ceph: stderr
2024-05-08T19:58:30.060+0000 7f01d5c17700 1 --2- 172.21.15.33:0/2204172878 >> [v2:172.21.15.33:3300/0,v1:172.21.15.33:6789/0] conn(0x7f01d007be10 0x7f01d007a2c0 unknown :-1 s=CLOSED pgs=72 cs=0 l=1 rev1=1 crypto rx=0 tx=0 comp rx=0 tx=0).stop
2024-05-08T19:58:30.911 INFO:teuthology.orchestra.run.smithi033.stdout:/usr/bin/ceph: stderr
2024-05-08T19:58:30.060+0000 7f01d5c17700 1 -- 172.21.15.33:0/2204172878 >> 172.21.15.33:0/2204172878 conn(0x7f01d0101f10 msgr2=0x7f01d0104330 unknown :-1 s=STATE_NONE l=0).mark_down
2024-05-08T19:58:30.911 INFO:teuthology.orchestra.run.smithi033.stdout:/usr/bin/ceph: stderr
2024-05-08T19:58:30.060+0000 7f01d5c17700 1 -- 172.21.15.33:0/2204172878 shutdown_connections
2024-05-08T19:58:30.911 INFO:teuthology.orchestra.run.smithi033.stdout:/usr/bin/ceph: stderr
2024-05-08T19:58:30.060+0000 7f01d5c17700 1 -- 172.21.15.33:0/2204172878 wait complete.
2024-05-08T19:58:30.911 INFO:teuthology.orchestra.run.smithi033.stdout:/usr/bin/ceph: stderr
2024-05-08T19:58:30.061+0000 7f01d5c17700 1 Processor -- start
2024-05-08T19:58:30.911 INFO:teuthology.orchestra.run.smithi033.stdout:/usr/bin/ceph: stderr
2024-05-08T19:58:30.061+0000 7f01d5c17700 1 -- start start
2024-05-08T19:58:30.912 INFO:teuthology.orchestra.run.smithi033.stdout:/usr/bin/ceph: stderr
2024-05-08T19:58:30.061+0000 7f01d5c17700 1 --2- >> [v2:172.21.15.33:3300/0,v1:172.21.15.33:6789/0] conn(0x7f01d007be10 0x7f01d019c800 unknown :-1 s=NONE pgs=0 cs=0 l=1 rev1=0 crypto rx=0 tx=0 comp rx=0 tx=0).connect
2024-05-08T19:58:30.912 INFO:teuthology.orchestra.run.smithi033.stdout:/usr/bin/ceph: stderr
2024-05-08T19:58:30.061+0000 7f01d5c17700 1 -- --> [v2:172.21.15.33:3300/0,v1:172.21.15.33:6789/0] -- mon_getmap magic: 0 v1 -- 0x7f01d019cd40 con 0x7f01d007be10
2024-05-08T19:58:30.912 INFO:teuthology.orchestra.run.smithi033.stdout:/usr/bin/ceph: stderr
2024-05-08T19:58:30.062+0000 7f01cf7fe700 1 --2- >> [v2:172.21.15.33:3300/0,v1:172.21.15.33:6789/0] conn(0x7f01d007be10 0x7f01d019c800 unknown :-1 s=BANNER_CONNECTING pgs=0 cs=0 l=1 rev1=0 crypto rx=0 tx=0 comp rx=0 tx=0)._handle_peer_banner_payload supported=3 required=0
2024-05-08T19:58:30.912 INFO:teuthology.orchestra.run.smithi033.stdout:/usr/bin/ceph: stderr
2024-05-08T19:58:30.062+0000 7f01cf7fe700 1 --2- >> [v2:172.21.15.33:3300/0,v1:172.21.15.33:6789/0] conn(0x7f01d007be10 0x7f01d019c800 unknown :-1 s=HELLO_CONNECTING pgs=0 cs=0 l=1 rev1=1 crypto rx=0 tx=0 comp rx=0 tx=0).handle_hello peer v2:172.21.15.33:3300/0 says I am v2:172.21.15.33:39320/0 (socket says 172.21.15.33:39320)
2024-05-08T19:58:30.912 INFO:teuthology.orchestra.run.smithi033.stdout:/usr/bin/ceph: stderr
2024-05-08T19:58:30.062+0000 7f01cf7fe700 1 -- 172.21.15.33:0/2359419763 learned_addr learned my addr 172.21.15.33:0/2359419763 (peer_addr_for_me v2:172.21.15.33:0/0)
2024-05-08T19:58:30.912 INFO:teuthology.orchestra.run.smithi033.stdout:/usr/bin/ceph: stderr
2024-05-08T19:58:30.062+0000 7f01cf7fe700 1 -- 172.21.15.33:0/2359419763 --> [v2:172.21.15.33:3300/0,v1:172.21.15.33:6789/0] -- mon_subscribe({config=0+,monmap=0+}) v3 -- 0x7f01c0009550 con 0x7f01d007be10
2024-05-08T19:58:30.912 INFO:teuthology.orchestra.run.smithi033.stdout:/usr/bin/ceph: stderr
2024-05-08T19:58:30.062+0000 7f01cf7fe700 1 --2- 172.21.15.33:0/2359419763 >> [v2:172.21.15.33:3300/0,v1:172.21.15.33:6789/0] conn(0x7f01d007be10 0x7f01d019c800 secure :-1 s=READY pgs=73 cs=0 l=1 rev1=1 crypto rx=0x7f01c0003f20 tx=0x7f01c0011b00 comp rx=0 tx=0).ready entity=mon.0 client_cookie=0 server_cookie=0 in_seq=0 out_seq=0
2024-05-08T19:58:30.912 INFO:teuthology.orchestra.run.smithi033.stdout:/usr/bin/ceph: stderr
2024-05-08T19:58:30.062+0000 7f01ccff9700 1 -- 172.21.15.33:0/2359419763 <== mon.0 v2:172.21.15.33:3300/0 1 ==== mon_map magic: 0 v1 ==== 205+0+0 (secure 0 0 0) 0x7f01c00039f0 con 0x7f01d007be10
2024-05-08T19:58:30.912 INFO:teuthology.orchestra.run.smithi033.stdout:/usr/bin/ceph: stderr
2024-05-08T19:58:30.062+0000 7f01ccff9700 1 -- 172.21.15.33:0/2359419763 <== mon.0 v2:172.21.15.33:3300/0 2 ==== config(27 keys) v1 ==== 1139+0+0 (secure 0 0 0) 0x7f01c0003b50 con 0x7f01d007be10
2024-05-08T19:58:30.912 INFO:teuthology.orchestra.run.smithi033.stdout:/usr/bin/ceph: stderr
2024-05-08T19:58:30.062+0000 7f01d5c17700 1 -- 172.21.15.33:0/2359419763 --> [v2:172.21.15.33:3300/0,v1:172.21.15.33:6789/0] -- mon_subscribe({mgrmap=0+}) v3 -- 0x7f01d019cf40 con 0x7f01d007be10
2024-05-08T19:58:30.912 INFO:teuthology.orchestra.run.smithi033.stdout:/usr/bin/ceph: stderr
2024-05-08T19:58:30.062+0000 7f01ccff9700 1 -- 172.21.15.33:0/2359419763 <== mon.0 v2:172.21.15.33:3300/0 3 ==== mon_map magic: 0 v1 ==== 205+0+0 (secure 0 0 0) 0x7f01c001a6d0 con 0x7f01d007be10
2024-05-08T19:58:30.912 INFO:teuthology.orchestra.run.smithi033.stdout:/usr/bin/ceph: stderr
2024-05-08T19:58:30.062+0000 7f01d5c17700 1 -- 172.21.15.33:0/2359419763 --> [v2:172.21.15.33:3300/0,v1:172.21.15.33:6789/0] -- mon_subscribe({osdmap=0}) v3 -- 0x7f01d019d3e0 con 0x7f01d007be10
2024-05-08T19:58:30.912 INFO:teuthology.orchestra.run.smithi033.stdout:/usr/bin/ceph: stderr
2024-05-08T19:58:30.063+0000 7f01ccff9700 1 -- 172.21.15.33:0/2359419763 <== mon.0 v2:172.21.15.33:3300/0 4 ==== mgrmap(e 12) v1 ==== 45554+0+0 (secure 0 0 0) 0x7f01c001a990 con 0x7f01d007be10
2024-05-08T19:58:30.912 INFO:teuthology.orchestra.run.smithi033.stdout:/usr/bin/ceph: stderr
2024-05-08T19:58:30.063+0000 7f01d5c17700 1 -- 172.21.15.33:0/2359419763 --> [v2:172.21.15.33:3300/0,v1:172.21.15.33:6789/0] -- mon_command({"prefix": "get_command_descriptions"} v 0) v1 -- 0x7f01d010ccf0 con 0x7f01d007be10
2024-05-08T19:58:30.912 INFO:teuthology.orchestra.run.smithi033.stdout:/usr/bin/ceph: stderr
2024-05-08T19:58:30.063+0000 7f01ccff9700 1 --2- 172.21.15.33:0/2359419763 >> [v2:172.21.15.33:6800/3089330166,v1:172.21.15.33:6801/3089330166] conn(0x7f01bc038700 0x7f01bc03abc0 unknown :-1 s=NONE pgs=0 cs=0 l=1 rev1=0 crypto rx=0 tx=0 comp rx=0 tx=0).connect
2024-05-08T19:58:30.913 INFO:teuthology.orchestra.run.smithi033.stdout:/usr/bin/ceph: stderr
2024-05-08T19:58:30.063+0000 7f01ccff9700 1 -- 172.21.15.33:0/2359419763 <== mon.0 v2:172.21.15.33:3300/0 5 ==== osd_map(3..3 src has 1..3) v4 ==== 1155+0+0 (secure 0 0 0) 0x7f01c004ca80 con 0x7f01d007be10
2024-05-08T19:58:30.913 INFO:teuthology.orchestra.run.smithi033.stdout:/usr/bin/ceph: stderr
2024-05-08T19:58:30.064+0000 7f01ceffd700 1 --2- 172.21.15.33:0/2359419763 >> [v2:172.21.15.33:6800/3089330166,v1:172.21.15.33:6801/3089330166] conn(0x7f01bc038700 0x7f01bc03abc0 unknown :-1 s=BANNER_CONNECTING pgs=0 cs=0 l=1 rev1=0 crypto rx=0 tx=0 comp rx=0 tx=0)._handle_peer_banner_payload supported=3 required=0
2024-05-08T19:58:30.913 INFO:teuthology.orchestra.run.smithi033.stdout:/usr/bin/ceph: stderr
2024-05-08T19:58:30.064+0000 7f01ceffd700 1 --2- 172.21.15.33:0/2359419763 >> [v2:172.21.15.33:6800/3089330166,v1:172.21.15.33:6801/3089330166] conn(0x7f01bc038700 0x7f01bc03abc0 secure :-1 s=READY pgs=8 cs=0 l=1 rev1=1 crypto rx=0x7f01b8006fd0 tx=0x7f01b8006e40 comp rx=0 tx=0).ready entity=mgr.14152 client_cookie=0 server_cookie=0 in_seq=0 out_seq=0
2024-05-08T19:58:30.913 INFO:teuthology.orchestra.run.smithi033.stdout:/usr/bin/ceph: stderr
2024-05-08T19:58:30.068+0000 7f01ccff9700 1 -- 172.21.15.33:0/2359419763 <== mon.0 v2:172.21.15.33:3300/0 6 ==== mon_command_ack([{"prefix": "get_command_descriptions"}]=0 v0) v1 ==== 72+0+183622 (secure 0 0 0) 0x7f01c002da50 con 0x7f01d007be10
2024-05-08T19:58:30.913 INFO:teuthology.orchestra.run.smithi033.stdout:/usr/bin/ceph: stderr
2024-05-08T19:58:30.306+0000 7f01d5c17700 1 -- 172.21.15.33:0/2359419763 --> [v2:172.21.15.33:6800/3089330166,v1:172.21.15.33:6801/3089330166] -- mgr_command(tid 0: {"prefix": "dashboard ac-user-create", "username": "admin", "rolename": "administrator", "force_password": true, "pwd_update_required": true, "target": ["mon-mgr", ""]}) v1 -- 0x7f01d00623f0 con 0x7f01bc038700
2024-05-08T19:58:30.913 INFO:teuthology.orchestra.run.smithi033.stdout:/usr/bin/ceph: stderr
2024-05-08T19:58:30.559+0000 7f01ccff9700 1 -- 172.21.15.33:0/2359419763 <== mgr.14152 v2:172.21.15.33:6800/3089330166 1 ==== mgr_command_reply(tid 0: 0 ) v1 ==== 8+0+252 (secure 0 0 0) 0x7f01d00623f0 con 0x7f01bc038700
2024-05-08T19:58:30.913 INFO:teuthology.orchestra.run.smithi033.stdout:/usr/bin/ceph: stderr
2024-05-08T19:58:30.562+0000 7f01d5c17700 1 -- 172.21.15.33:0/2359419763 >> [v2:172.21.15.33:6800/3089330166,v1:172.21.15.33:6801/3089330166] conn(0x7f01bc038700 msgr2=0x7f01bc03abc0 secure :-1 s=STATE_CONNECTION_ESTABLISHED l=1).mark_down
2024-05-08T19:58:30.913 INFO:teuthology.orchestra.run.smithi033.stdout:/usr/bin/ceph: stderr
2024-05-08T19:58:30.562+0000 7f01d5c17700 1 --2- 172.21.15.33:0/2359419763 >> [v2:172.21.15.33:6800/3089330166,v1:172.21.15.33:6801/3089330166] conn(0x7f01bc038700 0x7f01bc03abc0 secure :-1 s=READY pgs=8 cs=0 l=1 rev1=1 crypto rx=0x7f01b8006fd0 tx=0x7f01b8006e40 comp rx=0 tx=0).stop
2024-05-08T19:58:30.913 INFO:teuthology.orchestra.run.smithi033.stdout:/usr/bin/ceph: stderr
2024-05-08T19:58:30.562+0000 7f01d5c17700 1 -- 172.21.15.33:0/2359419763 >> [v2:172.21.15.33:3300/0,v1:172.21.15.33:6789/0] conn(0x7f01d007be10 msgr2=0x7f01d019c800 secure :-1 s=STATE_CONNECTION_ESTABLISHED l=1).mark_down
2024-05-08T19:58:30.913 INFO:teuthology.orchestra.run.smithi033.stdout:/usr/bin/ceph: stderr
2024-05-08T19:58:30.562+0000 7f01d5c17700 1 --2- 172.21.15.33:0/2359419763 >> [v2:172.21.15.33:3300/0,v1:172.21.15.33:6789/0] conn(0x7f01d007be10 0x7f01d019c800 secure :-1 s=READY pgs=73 cs=0 l=1 rev1=1 crypto rx=0x7f01c0003f20 tx=0x7f01c0011b00 comp rx=0 tx=0).stop
2024-05-08T19:58:30.913 INFO:teuthology.orchestra.run.smithi033.stdout:/usr/bin/ceph: stderr
2024-05-08T19:58:30.562+0000 7f01d5c17700 1 -- 172.21.15.33:0/2359419763 shutdown_connections
2024-05-08T19:58:30.913 INFO:teuthology.orchestra.run.smithi033.stdout:/usr/bin/ceph: stderr
2024-05-08T19:58:30.562+0000 7f01d5c17700 1 --2- 172.21.15.33:0/2359419763 >> [v2:172.21.15.33:6800/3089330166,v1:172.21.15.33:6801/3089330166] conn(0x7f01bc038700 0x7f01bc03abc0 unknown :-1 s=CLOSED pgs=8 cs=0 l=1 rev1=1 crypto rx=0 tx=0 comp rx=0 tx=0).stop
2024-05-08T19:58:30.913 INFO:teuthology.orchestra.run.smithi033.stdout:/usr/bin/ceph: stderr
2024-05-08T19:58:30.562+0000 7f01d5c17700 1 --2- 172.21.15.33:0/2359419763 >> [v2:172.21.15.33:3300/0,v1:172.21.15.33:6789/0] conn(0x7f01d007be10 0x7f01d019c800 unknown :-1 s=CLOSED pgs=73 cs=0 l=1 rev1=1 crypto rx=0 tx=0 comp rx=0 tx=0).stop
2024-05-08T19:58:30.913 INFO:teuthology.orchestra.run.smithi033.stdout:/usr/bin/ceph: stderr
2024-05-08T19:58:30.562+0000 7f01d5c17700 1 -- 172.21.15.33:0/2359419763 >> 172.21.15.33:0/2359419763 conn(0x7f01d0101f10 msgr2=0x7f01d0102a70 unknown :-1 s=STATE_NONE l=0).mark_down
2024-05-08T19:58:30.914 INFO:teuthology.orchestra.run.smithi033.stdout:/usr/bin/ceph: stderr
2024-05-08T19:58:30.562+0000 7f01d5c17700 1 -- 172.21.15.33:0/2359419763 shutdown_connections
2024-05-08T19:58:30.914 INFO:teuthology.orchestra.run.smithi033.stdout:/usr/bin/ceph: stderr
2024-05-08T19:58:30.562+0000 7f01d5c17700 1 -- 172.21.15.33:0/2359419763 wait complete.
2024-05-08T19:58:30.914 INFO:teuthology.orchestra.run.smithi033.stdout:Fetching dashboard port number...
2024-05-08T19:58:31.321 INFO:journalctl@ceph.mon.a.smithi033.stdout:May 08 19:58:31 smithi033 ceph-mon[42490]: from='client.14166 -' entity='client.admin' cmd=[{"prefix": "dashboard ac-user-create", "username": "admin", "rolename": "administrator", "force_password": true, "pwd_update_required": true, "target": ["mon-mgr", ""]}]: dispatch
2024-05-08T19:58:31.321 INFO:journalctl@ceph.mon.a.smithi033.stdout:May 08 19:58:31 smithi033 ceph-mon[42490]: from='mgr.14152 172.21.15.33:0/3177159581' entity='mgr.x'
2024-05-08T19:58:31.901 INFO:teuthology.orchestra.run.smithi033.stdout:/usr/bin/ceph: stdout 8443
2024-05-08T19:58:31.901 INFO:teuthology.orchestra.run.smithi033.stdout:/usr/bin/ceph: stderr
2024-05-08T19:58:31.332+0000 7f7ceb8d7700 1 Processor -- start
2024-05-08T19:58:31.901 INFO:teuthology.orchestra.run.smithi033.stdout:/usr/bin/ceph: stderr
2024-05-08T19:58:31.332+0000 7f7ceb8d7700 1 -- start start
2024-05-08T19:58:31.901 INFO:teuthology.orchestra.run.smithi033.stdout:/usr/bin/ceph: stderr
2024-05-08T19:58:31.332+0000 7f7ceb8d7700 1 --2- >> [v2:172.21.15.33:3300/0,v1:172.21.15.33:6789/0] conn(0x7f7ce407be70 0x7f7ce407a320 unknown :-1 s=NONE pgs=0 cs=0 l=0 rev1=0 crypto rx=0 tx=0 comp rx=0 tx=0).connect
2024-05-08T19:58:31.901 INFO:teuthology.orchestra.run.smithi033.stdout:/usr/bin/ceph: stderr
2024-05-08T19:58:31.332+0000 7f7ceb8d7700 1 -- --> [v2:172.21.15.33:3300/0,v1:172.21.15.33:6789/0] -- mon_getmap magic: 0 v1 -- 0x7f7ce407a8f0 con 0x7f7ce407be70
2024-05-08T19:58:31.902 INFO:teuthology.orchestra.run.smithi033.stdout:/usr/bin/ceph: stderr
2024-05-08T19:58:31.333+0000 7f7ce9673700 1 --2- >> [v2:172.21.15.33:3300/0,v1:172.21.15.33:6789/0] conn(0x7f7ce407be70 0x7f7ce407a320 unknown :-1 s=BANNER_CONNECTING pgs=0 cs=0 l=0 rev1=0 crypto rx=0 tx=0 comp rx=0 tx=0)._handle_peer_banner_payload supported=3 required=0
2024-05-08T19:58:31.902 INFO:teuthology.orchestra.run.smithi033.stdout:/usr/bin/ceph: stderr
2024-05-08T19:58:31.333+0000 7f7ce9673700 1 --2- >> [v2:172.21.15.33:3300/0,v1:172.21.15.33:6789/0] conn(0x7f7ce407be70 0x7f7ce407a320 unknown :-1 s=HELLO_CONNECTING pgs=0 cs=0 l=0 rev1=1 crypto rx=0 tx=0 comp rx=0 tx=0).handle_hello peer v2:172.21.15.33:3300/0 says I am v2:172.21.15.33:39336/0 (socket says 172.21.15.33:39336)
2024-05-08T19:58:31.902 INFO:teuthology.orchestra.run.smithi033.stdout:/usr/bin/ceph: stderr
2024-05-08T19:58:31.333+0000 7f7ce9673700 1 -- 172.21.15.33:0/1289322505 learned_addr learned my addr 172.21.15.33:0/1289322505 (peer_addr_for_me v2:172.21.15.33:0/0)
2024-05-08T19:58:31.902 INFO:teuthology.orchestra.run.smithi033.stdout:/usr/bin/ceph: stderr
2024-05-08T19:58:31.333+0000 7f7ce9673700 1 -- 172.21.15.33:0/1289322505 --> [v2:172.21.15.33:3300/0,v1:172.21.15.33:6789/0] -- mon_subscribe({config=0+,monmap=0+}) v3 -- 0x7f7ce407aa30 con 0x7f7ce407be70
2024-05-08T19:58:31.902 INFO:teuthology.orchestra.run.smithi033.stdout:/usr/bin/ceph: stderr
2024-05-08T19:58:31.333+0000 7f7ce9673700 1 --2- 172.21.15.33:0/1289322505 >> [v2:172.21.15.33:3300/0,v1:172.21.15.33:6789/0] conn(0x7f7ce407be70 0x7f7ce407a320 secure :-1 s=READY pgs=74 cs=0 l=1 rev1=1 crypto rx=0x7f7cd40098a0 tx=0x7f7cd4009bb0 comp rx=0 tx=0).ready entity=mon.0 client_cookie=8ae5863b9a0c1d1 server_cookie=0 in_seq=0 out_seq=0
2024-05-08T19:58:31.902 INFO:teuthology.orchestra.run.smithi033.stdout:/usr/bin/ceph: stderr
2024-05-08T19:58:31.333+0000 7f7cdbfff700 1 -- 172.21.15.33:0/1289322505 <== mon.0 v2:172.21.15.33:3300/0 1 ==== mon_map magic: 0 v1 ==== 205+0+0 (secure 0 0 0) 0x7f7cd4004160 con 0x7f7ce407be70
2024-05-08T19:58:31.902 INFO:teuthology.orchestra.run.smithi033.stdout:/usr/bin/ceph: stderr
2024-05-08T19:58:31.333+0000 7f7cdbfff700 1 -- 172.21.15.33:0/1289322505 <== mon.0 v2:172.21.15.33:3300/0 2 ==== config(27 keys) v1 ==== 1139+0+0 (secure 0 0 0) 0x7f7cd40042c0 con 0x7f7ce407be70
2024-05-08T19:58:31.902 INFO:teuthology.orchestra.run.smithi033.stdout:/usr/bin/ceph: stderr
2024-05-08T19:58:31.333+0000 7f7cdbfff700 1 -- 172.21.15.33:0/1289322505 <== mon.0 v2:172.21.15.33:3300/0 3 ==== mon_map magic: 0 v1 ==== 205+0+0 (secure 0 0 0) 0x7f7cd4011a80 con 0x7f7ce407be70
2024-05-08T19:58:31.902 INFO:teuthology.orchestra.run.smithi033.stdout:/usr/bin/ceph: stderr
2024-05-08T19:58:31.334+0000 7f7ceb8d7700 1 -- 172.21.15.33:0/1289322505 >> [v2:172.21.15.33:3300/0,v1:172.21.15.33:6789/0] conn(0x7f7ce407be70 msgr2=0x7f7ce407a320 secure :-1 s=STATE_CONNECTION_ESTABLISHED l=1).mark_down
2024-05-08T19:58:31.902 INFO:teuthology.orchestra.run.smithi033.stdout:/usr/bin/ceph: stderr
2024-05-08T19:58:31.334+0000 7f7ceb8d7700 1 --2- 172.21.15.33:0/1289322505 >> [v2:172.21.15.33:3300/0,v1:172.21.15.33:6789/0] conn(0x7f7ce407be70 0x7f7ce407a320 secure :-1 s=READY pgs=74 cs=0 l=1 rev1=1 crypto rx=0x7f7cd40098a0 tx=0x7f7cd4009bb0 comp rx=0 tx=0).stop
2024-05-08T19:58:31.902 INFO:teuthology.orchestra.run.smithi033.stdout:/usr/bin/ceph: stderr
2024-05-08T19:58:31.334+0000 7f7ceb8d7700 1 -- 172.21.15.33:0/1289322505 shutdown_connections
2024-05-08T19:58:31.902 INFO:teuthology.orchestra.run.smithi033.stdout:/usr/bin/ceph: stderr
2024-05-08T19:58:31.334+0000 7f7ceb8d7700 1 --2- 172.21.15.33:0/1289322505 >> [v2:172.21.15.33:3300/0,v1:172.21.15.33:6789/0] conn(0x7f7ce407be70 0x7f7ce407a320 unknown :-1 s=CLOSED pgs=74 cs=0 l=1 rev1=1 crypto rx=0 tx=0 comp rx=0 tx=0).stop
2024-05-08T19:58:31.903 INFO:teuthology.orchestra.run.smithi033.stdout:/usr/bin/ceph: stderr
2024-05-08T19:58:31.334+0000 7f7ceb8d7700 1 -- 172.21.15.33:0/1289322505 >> 172.21.15.33:0/1289322505 conn(0x7f7ce4101fc0 msgr2=0x7f7ce41043e0 unknown :-1 s=STATE_NONE l=0).mark_down
2024-05-08T19:58:31.903 INFO:teuthology.orchestra.run.smithi033.stdout:/usr/bin/ceph: stderr
2024-05-08T19:58:31.334+0000 7f7ceb8d7700 1 -- 172.21.15.33:0/1289322505 shutdown_connections
2024-05-08T19:58:31.903 INFO:teuthology.orchestra.run.smithi033.stdout:/usr/bin/ceph: stderr
2024-05-08T19:58:31.334+0000 7f7ceb8d7700 1 -- 172.21.15.33:0/1289322505 wait complete.
2024-05-08T19:58:31.903 INFO:teuthology.orchestra.run.smithi033.stdout:/usr/bin/ceph: stderr
2024-05-08T19:58:31.335+0000 7f7ceb8d7700 1 Processor -- start
2024-05-08T19:58:31.903 INFO:teuthology.orchestra.run.smithi033.stdout:/usr/bin/ceph: stderr
2024-05-08T19:58:31.335+0000 7f7ceb8d7700 1 -- start start
2024-05-08T19:58:31.903 INFO:teuthology.orchestra.run.smithi033.stdout:/usr/bin/ceph: stderr
2024-05-08T19:58:31.335+0000 7f7ceb8d7700 1 --2- >> [v2:172.21.15.33:3300/0,v1:172.21.15.33:6789/0] conn(0x7f7ce407be70 0x7f7ce419c810 unknown :-1 s=NONE pgs=0 cs=0 l=1 rev1=0 crypto rx=0 tx=0 comp rx=0 tx=0).connect
2024-05-08T19:58:31.903 INFO:teuthology.orchestra.run.smithi033.stdout:/usr/bin/ceph: stderr
2024-05-08T19:58:31.335+0000 7f7ceb8d7700 1 -- --> [v2:172.21.15.33:3300/0,v1:172.21.15.33:6789/0] -- mon_getmap magic: 0 v1 -- 0x7f7ce419cd50 con 0x7f7ce407be70
2024-05-08T19:58:31.903 INFO:teuthology.orchestra.run.smithi033.stdout:/usr/bin/ceph: stderr
2024-05-08T19:58:31.335+0000 7f7ce9673700 1 --2- >> [v2:172.21.15.33:3300/0,v1:172.21.15.33:6789/0] conn(0x7f7ce407be70 0x7f7ce419c810 unknown :-1 s=BANNER_CONNECTING pgs=0 cs=0 l=1 rev1=0 crypto rx=0 tx=0 comp rx=0 tx=0)._handle_peer_banner_payload supported=3 required=0
2024-05-08T19:58:31.903 INFO:teuthology.orchestra.run.smithi033.stdout:/usr/bin/ceph: stderr
2024-05-08T19:58:31.335+0000 7f7ce9673700 1 --2- >> [v2:172.21.15.33:3300/0,v1:172.21.15.33:6789/0] conn(0x7f7ce407be70 0x7f7ce419c810 unknown :-1 s=HELLO_CONNECTING pgs=0 cs=0 l=1 rev1=1 crypto rx=0 tx=0 comp rx=0 tx=0).handle_hello peer v2:172.21.15.33:3300/0 says I am v2:172.21.15.33:39348/0 (socket says 172.21.15.33:39348)
2024-05-08T19:58:31.903 INFO:teuthology.orchestra.run.smithi033.stdout:/usr/bin/ceph: stderr
2024-05-08T19:58:31.335+0000 7f7ce9673700 1 -- 172.21.15.33:0/532101604 learned_addr learned my addr 172.21.15.33:0/532101604 (peer_addr_for_me v2:172.21.15.33:0/0)
2024-05-08T19:58:31.903 INFO:teuthology.orchestra.run.smithi033.stdout:/usr/bin/ceph: stderr
2024-05-08T19:58:31.335+0000 7f7ce9673700 1 -- 172.21.15.33:0/532101604 --> [v2:172.21.15.33:3300/0,v1:172.21.15.33:6789/0] -- mon_subscribe({config=0+,monmap=0+}) v3 -- 0x7f7cd4009550 con 0x7f7ce407be70
2024-05-08T19:58:31.903 INFO:teuthology.orchestra.run.smithi033.stdout:/usr/bin/ceph: stderr
2024-05-08T19:58:31.336+0000 7f7ce9673700 1 --2- 172.21.15.33:0/532101604 >> [v2:172.21.15.33:3300/0,v1:172.21.15.33:6789/0] conn(0x7f7ce407be70 0x7f7ce419c810 secure :-1 s=READY pgs=75 cs=0 l=1 rev1=1 crypto rx=0x7f7cd4011740 tx=0x7f7cd4011a50 comp rx=0 tx=0).ready entity=mon.0 client_cookie=0 server_cookie=0 in_seq=0 out_seq=0
