2024-05-08T19:58:31.903 INFO:teuthology.orchestra.run.smithi033.stdout:/usr/bin/ceph: stderr
2024-05-08T19:58:31.336+0000 7f7cda7fc700 1 -- 172.21.15.33:0/532101604 <== mon.0 v2:172.21.15.33:3300/0 1 ==== mon_map magic: 0 v1 ==== 205+0+0 (secure 0 0 0) 0x7f7cd4003b20 con 0x7f7ce407be70
2024-05-08T19:58:31.903 INFO:teuthology.orchestra.run.smithi033.stdout:/usr/bin/ceph: stderr
2024-05-08T19:58:31.336+0000 7f7cda7fc700 1 -- 172.21.15.33:0/532101604 <== mon.0 v2:172.21.15.33:3300/0 2 ==== config(27 keys) v1 ==== 1139+0+0 (secure 0 0 0) 0x7f7cd401a910 con 0x7f7ce407be70
2024-05-08T19:58:31.904 INFO:teuthology.orchestra.run.smithi033.stdout:/usr/bin/ceph: stderr
2024-05-08T19:58:31.336+0000 7f7ceb8d7700 1 -- 172.21.15.33:0/532101604 --> [v2:172.21.15.33:3300/0,v1:172.21.15.33:6789/0] -- mon_subscribe({mgrmap=0+}) v3 -- 0x7f7ce419cf50 con 0x7f7ce407be70
2024-05-08T19:58:31.904 INFO:teuthology.orchestra.run.smithi033.stdout:/usr/bin/ceph: stderr
2024-05-08T19:58:31.336+0000 7f7cda7fc700 1 -- 172.21.15.33:0/532101604 <== mon.0 v2:172.21.15.33:3300/0 3 ==== mon_map magic: 0 v1 ==== 205+0+0 (secure 0 0 0) 0x7f7cd4024900 con 0x7f7ce407be70
2024-05-08T19:58:31.904 INFO:teuthology.orchestra.run.smithi033.stdout:/usr/bin/ceph: stderr
2024-05-08T19:58:31.336+0000 7f7ceb8d7700 1 -- 172.21.15.33:0/532101604 --> [v2:172.21.15.33:3300/0,v1:172.21.15.33:6789/0] -- mon_subscribe({osdmap=0}) v3 -- 0x7f7ce419d3f0 con 0x7f7ce407be70
2024-05-08T19:58:31.904 INFO:teuthology.orchestra.run.smithi033.stdout:/usr/bin/ceph: stderr
2024-05-08T19:58:31.337+0000 7f7cda7fc700 1 -- 172.21.15.33:0/532101604 <== mon.0 v2:172.21.15.33:3300/0 4 ==== mgrmap(e 12) v1 ==== 45554+0+0 (secure 0 0 0) 0x7f7cd4024a60 con 0x7f7ce407be70
2024-05-08T19:58:31.904 INFO:teuthology.orchestra.run.smithi033.stdout:/usr/bin/ceph: stderr
2024-05-08T19:58:31.337+0000 7f7ceb8d7700 1 -- 172.21.15.33:0/532101604 --> [v2:172.21.15.33:3300/0,v1:172.21.15.33:6789/0] -- mon_command({"prefix": "get_command_descriptions"} v 0) v1 -- 0x7f7ce410cd00 con 0x7f7ce407be70
2024-05-08T19:58:31.904 INFO:teuthology.orchestra.run.smithi033.stdout:/usr/bin/ceph: stderr
2024-05-08T19:58:31.337+0000 7f7cda7fc700 1 --2- 172.21.15.33:0/532101604 >> [v2:172.21.15.33:6800/3089330166,v1:172.21.15.33:6801/3089330166] conn(0x7f7cd0038750 0x7f7cd003ac10 unknown :-1 s=NONE pgs=0 cs=0 l=1 rev1=0 crypto rx=0 tx=0 comp rx=0 tx=0).connect
2024-05-08T19:58:31.904 INFO:teuthology.orchestra.run.smithi033.stdout:/usr/bin/ceph: stderr
2024-05-08T19:58:31.337+0000 7f7cda7fc700 1 -- 172.21.15.33:0/532101604 <== mon.0 v2:172.21.15.33:3300/0 5 ==== osd_map(3..3 src has 1..3) v4 ==== 1155+0+0 (secure 0 0 0) 0x7f7cd404cbf0 con 0x7f7ce407be70
2024-05-08T19:58:31.904 INFO:teuthology.orchestra.run.smithi033.stdout:/usr/bin/ceph: stderr
2024-05-08T19:58:31.337+0000 7f7ce8e72700 1 --2- 172.21.15.33:0/532101604 >> [v2:172.21.15.33:6800/3089330166,v1:172.21.15.33:6801/3089330166] conn(0x7f7cd0038750 0x7f7cd003ac10 unknown :-1 s=BANNER_CONNECTING pgs=0 cs=0 l=1 rev1=0 crypto rx=0 tx=0 comp rx=0 tx=0)._handle_peer_banner_payload supported=3 required=0
2024-05-08T19:58:31.904 INFO:teuthology.orchestra.run.smithi033.stdout:/usr/bin/ceph: stderr
2024-05-08T19:58:31.338+0000 7f7ce8e72700 1 --2- 172.21.15.33:0/532101604 >> [v2:172.21.15.33:6800/3089330166,v1:172.21.15.33:6801/3089330166] conn(0x7f7cd0038750 0x7f7cd003ac10 secure :-1 s=READY pgs=9 cs=0 l=1 rev1=1 crypto rx=0x7f7ce0006fd0 tx=0x7f7ce0006e40 comp rx=0 tx=0).ready entity=mgr.14152 client_cookie=0 server_cookie=0 in_seq=0 out_seq=0
2024-05-08T19:58:31.904 INFO:teuthology.orchestra.run.smithi033.stdout:/usr/bin/ceph: stderr
2024-05-08T19:58:31.342+0000 7f7cda7fc700 1 -- 172.21.15.33:0/532101604 <== mon.0 v2:172.21.15.33:3300/0 6 ==== mon_command_ack([{"prefix": "get_command_descriptions"}]=0 v0) v1 ==== 72+0+183622 (secure 0 0 0) 0x7f7cd4022310 con 0x7f7ce407be70
2024-05-08T19:58:31.904 INFO:teuthology.orchestra.run.smithi033.stdout:/usr/bin/ceph: stderr
2024-05-08T19:58:31.554+0000 7f7ceb8d7700 1 -- 172.21.15.33:0/532101604 --> [v2:172.21.15.33:3300/0,v1:172.21.15.33:6789/0] -- mon_command({"prefix": "config get", "who": "mgr", "key": "mgr/dashboard/ssl_server_port"} v 0) v1 -- 0x7f7ce410cf40 con 0x7f7ce407be70
2024-05-08T19:58:31.904 INFO:teuthology.orchestra.run.smithi033.stdout:/usr/bin/ceph: stderr
2024-05-08T19:58:31.555+0000 7f7cda7fc700 1 -- 172.21.15.33:0/532101604 <== mon.0 v2:172.21.15.33:3300/0 7 ==== mon_command_ack([{"prefix": "config get", "who": "mgr", "key": "mgr/dashboard/ssl_server_port"}]=0 v8) v1 ==== 112+0+5 (secure 0 0 0) 0x7f7cd402c350 con 0x7f7ce407be70
2024-05-08T19:58:31.904 INFO:teuthology.orchestra.run.smithi033.stdout:/usr/bin/ceph: stderr
2024-05-08T19:58:31.557+0000 7f7ceb8d7700 1 -- 172.21.15.33:0/532101604 >> [v2:172.21.15.33:6800/3089330166,v1:172.21.15.33:6801/3089330166] conn(0x7f7cd0038750 msgr2=0x7f7cd003ac10 secure :-1 s=STATE_CONNECTION_ESTABLISHED l=1).mark_down
2024-05-08T19:58:31.905 INFO:teuthology.orchestra.run.smithi033.stdout:/usr/bin/ceph: stderr
2024-05-08T19:58:31.557+0000 7f7ceb8d7700 1 --2- 172.21.15.33:0/532101604 >> [v2:172.21.15.33:6800/3089330166,v1:172.21.15.33:6801/3089330166] conn(0x7f7cd0038750 0x7f7cd003ac10 secure :-1 s=READY pgs=9 cs=0 l=1 rev1=1 crypto rx=0x7f7ce0006fd0 tx=0x7f7ce0006e40 comp rx=0 tx=0).stop
2024-05-08T19:58:31.905 INFO:teuthology.orchestra.run.smithi033.stdout:/usr/bin/ceph: stderr
2024-05-08T19:58:31.557+0000 7f7ceb8d7700 1 -- 172.21.15.33:0/532101604 >> [v2:172.21.15.33:3300/0,v1:172.21.15.33:6789/0] conn(0x7f7ce407be70 msgr2=0x7f7ce419c810 secure :-1 s=STATE_CONNECTION_ESTABLISHED l=1).mark_down
2024-05-08T19:58:31.905 INFO:teuthology.orchestra.run.smithi033.stdout:/usr/bin/ceph: stderr
2024-05-08T19:58:31.557+0000 7f7ceb8d7700 1 --2- 172.21.15.33:0/532101604 >> [v2:172.21.15.33:3300/0,v1:172.21.15.33:6789/0] conn(0x7f7ce407be70 0x7f7ce419c810 secure :-1 s=READY pgs=75 cs=0 l=1 rev1=1 crypto rx=0x7f7cd4011740 tx=0x7f7cd4011a50 comp rx=0 tx=0).stop
2024-05-08T19:58:31.905 INFO:teuthology.orchestra.run.smithi033.stdout:/usr/bin/ceph: stderr
2024-05-08T19:58:31.557+0000 7f7ceb8d7700 1 -- 172.21.15.33:0/532101604 shutdown_connections
2024-05-08T19:58:31.905 INFO:teuthology.orchestra.run.smithi033.stdout:/usr/bin/ceph: stderr
2024-05-08T19:58:31.557+0000 7f7ceb8d7700 1 --2- 172.21.15.33:0/532101604 >> [v2:172.21.15.33:6800/3089330166,v1:172.21.15.33:6801/3089330166] conn(0x7f7cd0038750 0x7f7cd003ac10 unknown :-1 s=CLOSED pgs=9 cs=0 l=1 rev1=1 crypto rx=0 tx=0 comp rx=0 tx=0).stop
2024-05-08T19:58:31.905 INFO:teuthology.orchestra.run.smithi033.stdout:/usr/bin/ceph: stderr
2024-05-08T19:58:31.557+0000 7f7ceb8d7700 1 --2- 172.21.15.33:0/532101604 >> [v2:172.21.15.33:3300/0,v1:172.21.15.33:6789/0] conn(0x7f7ce407be70 0x7f7ce419c810 unknown :-1 s=CLOSED pgs=75 cs=0 l=1 rev1=1 crypto rx=0 tx=0 comp rx=0 tx=0).stop
2024-05-08T19:58:31.905 INFO:teuthology.orchestra.run.smithi033.stdout:/usr/bin/ceph: stderr
2024-05-08T19:58:31.557+0000 7f7ceb8d7700 1 -- 172.21.15.33:0/532101604 >> 172.21.15.33:0/532101604 conn(0x7f7ce4101fc0 msgr2=0x7f7ce4102ab0 unknown :-1 s=STATE_NONE l=0).mark_down
2024-05-08T19:58:31.905 INFO:teuthology.orchestra.run.smithi033.stdout:/usr/bin/ceph: stderr
2024-05-08T19:58:31.557+0000 7f7ceb8d7700 1 -- 172.21.15.33:0/532101604 shutdown_connections
2024-05-08T19:58:31.905 INFO:teuthology.orchestra.run.smithi033.stdout:/usr/bin/ceph: stderr
2024-05-08T19:58:31.557+0000 7f7ceb8d7700 1 -- 172.21.15.33:0/532101604 wait complete.
2024-05-08T19:58:31.911 INFO:teuthology.orchestra.run.smithi033.stdout:Non-zero exit code 1 from systemctl is-enabled firewalld.service
2024-05-08T19:58:31.911 INFO:teuthology.orchestra.run.smithi033.stdout:systemctl: stdout disabled
2024-05-08T19:58:31.920 INFO:teuthology.orchestra.run.smithi033.stdout:Non-zero exit code 3 from systemctl is-active firewalld.service
2024-05-08T19:58:31.921 INFO:teuthology.orchestra.run.smithi033.stdout:systemctl: stdout inactive
2024-05-08T19:58:31.921 INFO:teuthology.orchestra.run.smithi033.stdout:firewalld.service is not enabled
2024-05-08T19:58:31.921 INFO:teuthology.orchestra.run.smithi033.stdout:Not possible to open ports <[8443]>. firewalld.service is not available
2024-05-08T19:58:31.923 INFO:teuthology.orchestra.run.smithi033.stdout:Ceph Dashboard is now available at:
2024-05-08T19:58:31.923 INFO:teuthology.orchestra.run.smithi033.stdout:
2024-05-08T19:58:31.923 INFO:teuthology.orchestra.run.smithi033.stdout: URL: https://smithi033:8443/
2024-05-08T19:58:31.923 INFO:teuthology.orchestra.run.smithi033.stdout: User: admin
2024-05-08T19:58:31.923 INFO:teuthology.orchestra.run.smithi033.stdout: Password: 7eadl0om0f
2024-05-08T19:58:31.923 INFO:teuthology.orchestra.run.smithi033.stdout:
2024-05-08T19:58:31.924 INFO:teuthology.orchestra.run.smithi033.stdout:Saving cluster configuration to /var/lib/ceph/0ee61dd4-0d75-11ef-bc97-c7b262605968/config directory
2024-05-08T19:58:31.924 INFO:teuthology.orchestra.run.smithi033.stdout:Enabling autotune for osd_memory_target
2024-05-08T19:58:32.558 INFO:journalctl@ceph.mon.a.smithi033.stdout:May 08 19:58:32 smithi033 ceph-mon[42490]: from='client.? 172.21.15.33:0/532101604' entity='client.admin' cmd=[{"prefix": "config get", "who": "mgr", "key": "mgr/dashboard/ssl_server_port"}]: dispatch
2024-05-08T19:58:32.911 INFO:teuthology.orchestra.run.smithi033.stdout:/usr/bin/ceph: stderr
2024-05-08T19:58:32.319+0000 7fa22d70d700 1 Processor -- start
2024-05-08T19:58:32.911 INFO:teuthology.orchestra.run.smithi033.stdout:/usr/bin/ceph: stderr
2024-05-08T19:58:32.319+0000 7fa22d70d700 1 -- start start
2024-05-08T19:58:32.911 INFO:teuthology.orchestra.run.smithi033.stdout:/usr/bin/ceph: stderr
2024-05-08T19:58:32.319+0000 7fa22d70d700 1 --2- >> [v2:172.21.15.33:3300/0,v1:172.21.15.33:6789/0] conn(0x7fa22807be30 0x7fa22807a2e0 unknown :-1 s=NONE pgs=0 cs=0 l=0 rev1=0 crypto rx=0 tx=0 comp rx=0 tx=0).connect
2024-05-08T19:58:32.911 INFO:teuthology.orchestra.run.smithi033.stdout:/usr/bin/ceph: stderr
2024-05-08T19:58:32.319+0000 7fa22d70d700 1 -- --> [v2:172.21.15.33:3300/0,v1:172.21.15.33:6789/0] -- mon_getmap magic: 0 v1 -- 0x7fa22807a820 con 0x7fa22807be30
2024-05-08T19:58:32.911 INFO:teuthology.orchestra.run.smithi033.stdout:/usr/bin/ceph: stderr
2024-05-08T19:58:32.319+0000 7fa226ffd700 1 --2- >> [v2:172.21.15.33:3300/0,v1:172.21.15.33:6789/0] conn(0x7fa22807be30 0x7fa22807a2e0 unknown :-1 s=BANNER_CONNECTING pgs=0 cs=0 l=0 rev1=0 crypto rx=0 tx=0 comp rx=0 tx=0)._handle_peer_banner_payload supported=3 required=0
2024-05-08T19:58:32.911 INFO:teuthology.orchestra.run.smithi033.stdout:/usr/bin/ceph: stderr
2024-05-08T19:58:32.319+0000 7fa226ffd700 1 --2- >> [v2:172.21.15.33:3300/0,v1:172.21.15.33:6789/0] conn(0x7fa22807be30 0x7fa22807a2e0 unknown :-1 s=HELLO_CONNECTING pgs=0 cs=0 l=0 rev1=1 crypto rx=0 tx=0 comp rx=0 tx=0).handle_hello peer v2:172.21.15.33:3300/0 says I am v2:172.21.15.33:56976/0 (socket says 172.21.15.33:56976)
2024-05-08T19:58:32.912 INFO:teuthology.orchestra.run.smithi033.stdout:/usr/bin/ceph: stderr
2024-05-08T19:58:32.319+0000 7fa226ffd700 1 -- 172.21.15.33:0/28112874 learned_addr learned my addr 172.21.15.33:0/28112874 (peer_addr_for_me v2:172.21.15.33:0/0)
2024-05-08T19:58:32.912 INFO:teuthology.orchestra.run.smithi033.stdout:/usr/bin/ceph: stderr
2024-05-08T19:58:32.320+0000 7fa226ffd700 1 -- 172.21.15.33:0/28112874 --> [v2:172.21.15.33:3300/0,v1:172.21.15.33:6789/0] -- mon_subscribe({config=0+,monmap=0+}) v3 -- 0x7fa22807a960 con 0x7fa22807be30
2024-05-08T19:58:32.912 INFO:teuthology.orchestra.run.smithi033.stdout:/usr/bin/ceph: stderr
2024-05-08T19:58:32.320+0000 7fa226ffd700 1 --2- 172.21.15.33:0/28112874 >> [v2:172.21.15.33:3300/0,v1:172.21.15.33:6789/0] conn(0x7fa22807be30 0x7fa22807a2e0 secure :-1 s=READY pgs=76 cs=0 l=1 rev1=1 crypto rx=0x7fa2180098a0 tx=0x7fa218009bb0 comp rx=0 tx=0).ready entity=mon.0 client_cookie=ddb6e2582cb42aff server_cookie=0 in_seq=0 out_seq=0
2024-05-08T19:58:32.912 INFO:teuthology.orchestra.run.smithi033.stdout:/usr/bin/ceph: stderr
2024-05-08T19:58:32.320+0000 7fa225ffb700 1 -- 172.21.15.33:0/28112874 <== mon.0 v2:172.21.15.33:3300/0 1 ==== mon_map magic: 0 v1 ==== 205+0+0 (secure 0 0 0) 0x7fa218004160 con 0x7fa22807be30
2024-05-08T19:58:32.912 INFO:teuthology.orchestra.run.smithi033.stdout:/usr/bin/ceph: stderr
2024-05-08T19:58:32.320+0000 7fa225ffb700 1 -- 172.21.15.33:0/28112874 <== mon.0 v2:172.21.15.33:3300/0 2 ==== config(27 keys) v1 ==== 1139+0+0 (secure 0 0 0) 0x7fa2180042c0 con 0x7fa22807be30
2024-05-08T19:58:32.912 INFO:teuthology.orchestra.run.smithi033.stdout:/usr/bin/ceph: stderr
2024-05-08T19:58:32.320+0000 7fa225ffb700 1 -- 172.21.15.33:0/28112874 <== mon.0 v2:172.21.15.33:3300/0 3 ==== mon_map magic: 0 v1 ==== 205+0+0 (secure 0 0 0) 0x7fa218011a80 con 0x7fa22807be30
2024-05-08T19:58:32.912 INFO:teuthology.orchestra.run.smithi033.stdout:/usr/bin/ceph: stderr
2024-05-08T19:58:32.321+0000 7fa22d70d700 1 -- 172.21.15.33:0/28112874 >> [v2:172.21.15.33:3300/0,v1:172.21.15.33:6789/0] conn(0x7fa22807be30 msgr2=0x7fa22807a2e0 secure :-1 s=STATE_CONNECTION_ESTABLISHED l=1).mark_down
2024-05-08T19:58:32.912 INFO:teuthology.orchestra.run.smithi033.stdout:/usr/bin/ceph: stderr
2024-05-08T19:58:32.321+0000 7fa22d70d700 1 --2- 172.21.15.33:0/28112874 >> [v2:172.21.15.33:3300/0,v1:172.21.15.33:6789/0] conn(0x7fa22807be30 0x7fa22807a2e0 secure :-1 s=READY pgs=76 cs=0 l=1 rev1=1 crypto rx=0x7fa2180098a0 tx=0x7fa218009bb0 comp rx=0 tx=0).stop
2024-05-08T19:58:32.912 INFO:teuthology.orchestra.run.smithi033.stdout:/usr/bin/ceph: stderr
2024-05-08T19:58:32.321+0000 7fa22d70d700 1 -- 172.21.15.33:0/28112874 shutdown_connections
2024-05-08T19:58:32.912 INFO:teuthology.orchestra.run.smithi033.stdout:/usr/bin/ceph: stderr
2024-05-08T19:58:32.321+0000 7fa22d70d700 1 --2- 172.21.15.33:0/28112874 >> [v2:172.21.15.33:3300/0,v1:172.21.15.33:6789/0] conn(0x7fa22807be30 0x7fa22807a2e0 unknown :-1 s=CLOSED pgs=76 cs=0 l=1 rev1=1 crypto rx=0 tx=0 comp rx=0 tx=0).stop
2024-05-08T19:58:32.913 INFO:teuthology.orchestra.run.smithi033.stdout:/usr/bin/ceph: stderr
2024-05-08T19:58:32.321+0000 7fa22d70d700 1 -- 172.21.15.33:0/28112874 >> 172.21.15.33:0/28112874 conn(0x7fa228101f40 msgr2=0x7fa228104360 unknown :-1 s=STATE_NONE l=0).mark_down
2024-05-08T19:58:32.913 INFO:teuthology.orchestra.run.smithi033.stdout:/usr/bin/ceph: stderr
2024-05-08T19:58:32.321+0000 7fa22d70d700 1 -- 172.21.15.33:0/28112874 shutdown_connections
2024-05-08T19:58:32.913 INFO:teuthology.orchestra.run.smithi033.stdout:/usr/bin/ceph: stderr
2024-05-08T19:58:32.321+0000 7fa22d70d700 1 -- 172.21.15.33:0/28112874 wait complete.
2024-05-08T19:58:32.913 INFO:teuthology.orchestra.run.smithi033.stdout:/usr/bin/ceph: stderr
2024-05-08T19:58:32.322+0000 7fa22d70d700 1 Processor -- start
2024-05-08T19:58:32.913 INFO:teuthology.orchestra.run.smithi033.stdout:/usr/bin/ceph: stderr
2024-05-08T19:58:32.322+0000 7fa22d70d700 1 -- start start
2024-05-08T19:58:32.913 INFO:teuthology.orchestra.run.smithi033.stdout:/usr/bin/ceph: stderr
2024-05-08T19:58:32.322+0000 7fa22d70d700 1 --2- >> [v2:172.21.15.33:3300/0,v1:172.21.15.33:6789/0] conn(0x7fa22807be30 0x7fa22819c830 unknown :-1 s=NONE pgs=0 cs=0 l=1 rev1=0 crypto rx=0 tx=0 comp rx=0 tx=0).connect
2024-05-08T19:58:32.913 INFO:teuthology.orchestra.run.smithi033.stdout:/usr/bin/ceph: stderr
2024-05-08T19:58:32.322+0000 7fa22d70d700 1 -- --> [v2:172.21.15.33:3300/0,v1:172.21.15.33:6789/0] -- mon_getmap magic: 0 v1 -- 0x7fa22819cd70 con 0x7fa22807be30
2024-05-08T19:58:32.913 INFO:teuthology.orchestra.run.smithi033.stdout:/usr/bin/ceph: stderr
2024-05-08T19:58:32.322+0000 7fa226ffd700 1 --2- >> [v2:172.21.15.33:3300/0,v1:172.21.15.33:6789/0] conn(0x7fa22807be30 0x7fa22819c830 unknown :-1 s=BANNER_CONNECTING pgs=0 cs=0 l=1 rev1=0 crypto rx=0 tx=0 comp rx=0 tx=0)._handle_peer_banner_payload supported=3 required=0
2024-05-08T19:58:32.913 INFO:teuthology.orchestra.run.smithi033.stdout:/usr/bin/ceph: stderr
2024-05-08T19:58:32.322+0000 7fa226ffd700 1 --2- >> [v2:172.21.15.33:3300/0,v1:172.21.15.33:6789/0] conn(0x7fa22807be30 0x7fa22819c830 unknown :-1 s=HELLO_CONNECTING pgs=0 cs=0 l=1 rev1=1 crypto rx=0 tx=0 comp rx=0 tx=0).handle_hello peer v2:172.21.15.33:3300/0 says I am v2:172.21.15.33:56990/0 (socket says 172.21.15.33:56990)
2024-05-08T19:58:32.913 INFO:teuthology.orchestra.run.smithi033.stdout:/usr/bin/ceph: stderr
2024-05-08T19:58:32.322+0000 7fa226ffd700 1 -- 172.21.15.33:0/893676349 learned_addr learned my addr 172.21.15.33:0/893676349 (peer_addr_for_me v2:172.21.15.33:0/0)
2024-05-08T19:58:32.913 INFO:teuthology.orchestra.run.smithi033.stdout:/usr/bin/ceph: stderr
2024-05-08T19:58:32.323+0000 7fa226ffd700 1 -- 172.21.15.33:0/893676349 --> [v2:172.21.15.33:3300/0,v1:172.21.15.33:6789/0] -- mon_subscribe({config=0+,monmap=0+}) v3 -- 0x7fa218009550 con 0x7fa22807be30
2024-05-08T19:58:32.913 INFO:teuthology.orchestra.run.smithi033.stdout:/usr/bin/ceph: stderr
2024-05-08T19:58:32.323+0000 7fa226ffd700 1 --2- 172.21.15.33:0/893676349 >> [v2:172.21.15.33:3300/0,v1:172.21.15.33:6789/0] conn(0x7fa22807be30 0x7fa22819c830 secure :-1 s=READY pgs=77 cs=0 l=1 rev1=1 crypto rx=0x7fa218003f20 tx=0x7fa218011b00 comp rx=0 tx=0).ready entity=mon.0 client_cookie=0 server_cookie=0 in_seq=0 out_seq=0
2024-05-08T19:58:32.913 INFO:teuthology.orchestra.run.smithi033.stdout:/usr/bin/ceph: stderr
2024-05-08T19:58:32.323+0000 7fa20ffff700 1 -- 172.21.15.33:0/893676349 <== mon.0 v2:172.21.15.33:3300/0 1 ==== mon_map magic: 0 v1 ==== 205+0+0 (secure 0 0 0) 0x7fa218003a70 con 0x7fa22807be30
2024-05-08T19:58:32.913 INFO:teuthology.orchestra.run.smithi033.stdout:/usr/bin/ceph: stderr
2024-05-08T19:58:32.323+0000 7fa20ffff700 1 -- 172.21.15.33:0/893676349 <== mon.0 v2:172.21.15.33:3300/0 2 ==== config(27 keys) v1 ==== 1139+0+0 (secure 0 0 0) 0x7fa218003bd0 con 0x7fa22807be30
2024-05-08T19:58:32.914 INFO:teuthology.orchestra.run.smithi033.stdout:/usr/bin/ceph: stderr
2024-05-08T19:58:32.323+0000 7fa20ffff700 1 -- 172.21.15.33:0/893676349 <== mon.0 v2:172.21.15.33:3300/0 3 ==== mon_map magic: 0 v1 ==== 205+0+0 (secure 0 0 0) 0x7fa21801a800 con 0x7fa22807be30
2024-05-08T19:58:32.914 INFO:teuthology.orchestra.run.smithi033.stdout:/usr/bin/ceph: stderr
2024-05-08T19:58:32.323+0000 7fa22d70d700 1 -- 172.21.15.33:0/893676349 --> [v2:172.21.15.33:3300/0,v1:172.21.15.33:6789/0] -- mon_subscribe({mgrmap=0+}) v3 -- 0x7fa22819cf70 con 0x7fa22807be30
2024-05-08T19:58:32.914 INFO:teuthology.orchestra.run.smithi033.stdout:/usr/bin/ceph: stderr
2024-05-08T19:58:32.323+0000 7fa22d70d700 1 -- 172.21.15.33:0/893676349 --> [v2:172.21.15.33:3300/0,v1:172.21.15.33:6789/0] -- mon_subscribe({osdmap=0}) v3 -- 0x7fa22819d410 con 0x7fa22807be30
2024-05-08T19:58:32.914 INFO:teuthology.orchestra.run.smithi033.stdout:/usr/bin/ceph: stderr
2024-05-08T19:58:32.324+0000 7fa20ffff700 1 -- 172.21.15.33:0/893676349 <== mon.0 v2:172.21.15.33:3300/0 4 ==== mgrmap(e 12) v1 ==== 45554+0+0 (secure 0 0 0) 0x7fa218024430 con 0x7fa22807be30
2024-05-08T19:58:32.914 INFO:teuthology.orchestra.run.smithi033.stdout:/usr/bin/ceph: stderr
2024-05-08T19:58:32.324+0000 7fa22d70d700 1 -- 172.21.15.33:0/893676349 --> [v2:172.21.15.33:3300/0,v1:172.21.15.33:6789/0] -- mon_command({"prefix": "get_command_descriptions"} v 0) v1 -- 0x7fa22810cd00 con 0x7fa22807be30
2024-05-08T19:58:32.914 INFO:teuthology.orchestra.run.smithi033.stdout:/usr/bin/ceph: stderr
2024-05-08T19:58:32.324+0000 7fa20ffff700 1 --2- 172.21.15.33:0/893676349 >> [v2:172.21.15.33:6800/3089330166,v1:172.21.15.33:6801/3089330166] conn(0x7fa210038700 0x7fa21003abc0 unknown :-1 s=NONE pgs=0 cs=0 l=1 rev1=0 crypto rx=0 tx=0 comp rx=0 tx=0).connect
2024-05-08T19:58:32.914 INFO:teuthology.orchestra.run.smithi033.stdout:/usr/bin/ceph: stderr
2024-05-08T19:58:32.325+0000 7fa20ffff700 1 -- 172.21.15.33:0/893676349 <== mon.0 v2:172.21.15.33:3300/0 5 ==== osd_map(3..3 src has 1..3) v4 ==== 1155+0+0 (secure 0 0 0) 0x7fa21804ca60 con 0x7fa22807be30
2024-05-08T19:58:32.914 INFO:teuthology.orchestra.run.smithi033.stdout:/usr/bin/ceph: stderr
2024-05-08T19:58:32.325+0000 7fa2267fc700 1 --2- 172.21.15.33:0/893676349 >> [v2:172.21.15.33:6800/3089330166,v1:172.21.15.33:6801/3089330166] conn(0x7fa210038700 0x7fa21003abc0 unknown :-1 s=BANNER_CONNECTING pgs=0 cs=0 l=1 rev1=0 crypto rx=0 tx=0 comp rx=0 tx=0)._handle_peer_banner_payload supported=3 required=0
2024-05-08T19:58:32.914 INFO:teuthology.orchestra.run.smithi033.stdout:/usr/bin/ceph: stderr
2024-05-08T19:58:32.325+0000 7fa2267fc700 1 --2- 172.21.15.33:0/893676349 >> [v2:172.21.15.33:6800/3089330166,v1:172.21.15.33:6801/3089330166] conn(0x7fa210038700 0x7fa21003abc0 secure :-1 s=READY pgs=10 cs=0 l=1 rev1=1 crypto rx=0x7fa21c006fd0 tx=0x7fa21c006e40 comp rx=0 tx=0).ready entity=mgr.14152 client_cookie=0 server_cookie=0 in_seq=0 out_seq=0
2024-05-08T19:58:32.914 INFO:teuthology.orchestra.run.smithi033.stdout:/usr/bin/ceph: stderr
2024-05-08T19:58:32.330+0000 7fa20ffff700 1 -- 172.21.15.33:0/893676349 <== mon.0 v2:172.21.15.33:3300/0 6 ==== mon_command_ack([{"prefix": "get_command_descriptions"}]=0 v0) v1 ==== 72+0+183622 (secure 0 0 0) 0x7fa218024aa0 con 0x7fa22807be30
2024-05-08T19:58:32.914 INFO:teuthology.orchestra.run.smithi033.stdout:/usr/bin/ceph: stderr
2024-05-08T19:58:32.541+0000 7fa22d70d700 1 -- 172.21.15.33:0/893676349 --> [v2:172.21.15.33:3300/0,v1:172.21.15.33:6789/0] -- mon_command([{prefix=config set, name=osd_memory_target_autotune}] v 0) v1 -- 0x7fa22810cf40 con 0x7fa22807be30
2024-05-08T19:58:32.914 INFO:teuthology.orchestra.run.smithi033.stdout:/usr/bin/ceph: stderr
2024-05-08T19:58:32.541+0000 7fa20ffff700 1 -- 172.21.15.33:0/893676349 <== mon.0 v2:172.21.15.33:3300/0 7 ==== mon_command_ack([{prefix=config set, name=osd_memory_target_autotune}]=0 v8)=0 v8) v1 ==== 127+0+0 (secure 0 0 0) 0x7fa218018350 con 0x7fa22807be30
2024-05-08T19:58:32.914 INFO:teuthology.orchestra.run.smithi033.stdout:/usr/bin/ceph: stderr
2024-05-08T19:58:32.544+0000 7fa22d70d700 1 -- 172.21.15.33:0/893676349 >> [v2:172.21.15.33:6800/3089330166,v1:172.21.15.33:6801/3089330166] conn(0x7fa210038700 msgr2=0x7fa21003abc0 secure :-1 s=STATE_CONNECTION_ESTABLISHED l=1).mark_down
2024-05-08T19:58:32.914 INFO:teuthology.orchestra.run.smithi033.stdout:/usr/bin/ceph: stderr
2024-05-08T19:58:32.544+0000 7fa22d70d700 1 --2- 172.21.15.33:0/893676349 >> [v2:172.21.15.33:6800/3089330166,v1:172.21.15.33:6801/3089330166] conn(0x7fa210038700 0x7fa21003abc0 secure :-1 s=READY pgs=10 cs=0 l=1 rev1=1 crypto rx=0x7fa21c006fd0 tx=0x7fa21c006e40 comp rx=0 tx=0).stop
2024-05-08T19:58:32.915 INFO:teuthology.orchestra.run.smithi033.stdout:/usr/bin/ceph: stderr
2024-05-08T19:58:32.544+0000 7fa22d70d700 1 -- 172.21.15.33:0/893676349 >> [v2:172.21.15.33:3300/0,v1:172.21.15.33:6789/0] conn(0x7fa22807be30 msgr2=0x7fa22819c830 secure :-1 s=STATE_CONNECTION_ESTABLISHED l=1).mark_down
2024-05-08T19:58:32.915 INFO:teuthology.orchestra.run.smithi033.stdout:/usr/bin/ceph: stderr
2024-05-08T19:58:32.544+0000 7fa22d70d700 1 --2- 172.21.15.33:0/893676349 >> [v2:172.21.15.33:3300/0,v1:172.21.15.33:6789/0] conn(0x7fa22807be30 0x7fa22819c830 secure :-1 s=READY pgs=77 cs=0 l=1 rev1=1 crypto rx=0x7fa218003f20 tx=0x7fa218011b00 comp rx=0 tx=0).stop
2024-05-08T19:58:32.915 INFO:teuthology.orchestra.run.smithi033.stdout:/usr/bin/ceph: stderr
2024-05-08T19:58:32.544+0000 7fa22d70d700 1 -- 172.21.15.33:0/893676349 shutdown_connections
2024-05-08T19:58:32.915 INFO:teuthology.orchestra.run.smithi033.stdout:/usr/bin/ceph: stderr
2024-05-08T19:58:32.544+0000 7fa22d70d700 1 --2- 172.21.15.33:0/893676349 >> [v2:172.21.15.33:6800/3089330166,v1:172.21.15.33:6801/3089330166] conn(0x7fa210038700 0x7fa21003abc0 unknown :-1 s=CLOSED pgs=10 cs=0 l=1 rev1=1 crypto rx=0 tx=0 comp rx=0 tx=0).stop
2024-05-08T19:58:32.915 INFO:teuthology.orchestra.run.smithi033.stdout:/usr/bin/ceph: stderr
2024-05-08T19:58:32.544+0000 7fa22d70d700 1 --2- 172.21.15.33:0/893676349 >> [v2:172.21.15.33:3300/0,v1:172.21.15.33:6789/0] conn(0x7fa22807be30 0x7fa22819c830 unknown :-1 s=CLOSED pgs=77 cs=0 l=1 rev1=1 crypto rx=0 tx=0 comp rx=0 tx=0).stop
2024-05-08T19:58:32.915 INFO:teuthology.orchestra.run.smithi033.stdout:/usr/bin/ceph: stderr
2024-05-08T19:58:32.544+0000 7fa22d70d700 1 -- 172.21.15.33:0/893676349 >> 172.21.15.33:0/893676349 conn(0x7fa228101f40 msgr2=0x7fa228102a30 unknown :-1 s=STATE_NONE l=0).mark_down
2024-05-08T19:58:32.915 INFO:teuthology.orchestra.run.smithi033.stdout:/usr/bin/ceph: stderr
2024-05-08T19:58:32.544+0000 7fa22d70d700 1 -- 172.21.15.33:0/893676349 shutdown_connections
2024-05-08T19:58:32.915 INFO:teuthology.orchestra.run.smithi033.stdout:/usr/bin/ceph: stderr
2024-05-08T19:58:32.544+0000 7fa22d70d700 1 -- 172.21.15.33:0/893676349 wait complete.
2024-05-08T19:58:34.028 INFO:teuthology.orchestra.run.smithi033.stdout:/usr/bin/ceph: stderr
2024-05-08T19:58:33.297+0000 7fc4dc01e700 1 Processor -- start
2024-05-08T19:58:34.029 INFO:teuthology.orchestra.run.smithi033.stdout:/usr/bin/ceph: stderr
2024-05-08T19:58:33.297+0000 7fc4dc01e700 1 -- start start
2024-05-08T19:58:34.029 INFO:teuthology.orchestra.run.smithi033.stdout:/usr/bin/ceph: stderr
2024-05-08T19:58:33.297+0000 7fc4dc01e700 1 --2- >> [v2:172.21.15.33:3300/0,v1:172.21.15.33:6789/0] conn(0x7fc4d407be70 0x7fc4d407a320 unknown :-1 s=NONE pgs=0 cs=0 l=0 rev1=0 crypto rx=0 tx=0 comp rx=0 tx=0).connect
2024-05-08T19:58:34.029 INFO:teuthology.orchestra.run.smithi033.stdout:/usr/bin/ceph: stderr
2024-05-08T19:58:33.297+0000 7fc4dc01e700 1 -- --> [v2:172.21.15.33:3300/0,v1:172.21.15.33:6789/0] -- mon_getmap magic: 0 v1 -- 0x7fc4d407a8f0 con 0x7fc4d407be70
2024-05-08T19:58:34.029 INFO:teuthology.orchestra.run.smithi033.stdout:/usr/bin/ceph: stderr
2024-05-08T19:58:33.297+0000 7fc4d9dba700 1 --2- >> [v2:172.21.15.33:3300/0,v1:172.21.15.33:6789/0] conn(0x7fc4d407be70 0x7fc4d407a320 unknown :-1 s=BANNER_CONNECTING pgs=0 cs=0 l=0 rev1=0 crypto rx=0 tx=0 comp rx=0 tx=0)._handle_peer_banner_payload supported=3 required=0
2024-05-08T19:58:34.029 INFO:teuthology.orchestra.run.smithi033.stdout:/usr/bin/ceph: stderr
2024-05-08T19:58:33.297+0000 7fc4d9dba700 1 --2- >> [v2:172.21.15.33:3300/0,v1:172.21.15.33:6789/0] conn(0x7fc4d407be70 0x7fc4d407a320 unknown :-1 s=HELLO_CONNECTING pgs=0 cs=0 l=0 rev1=1 crypto rx=0 tx=0 comp rx=0 tx=0).handle_hello peer v2:172.21.15.33:3300/0 says I am v2:172.21.15.33:57004/0 (socket says 172.21.15.33:57004)
2024-05-08T19:58:34.029 INFO:teuthology.orchestra.run.smithi033.stdout:/usr/bin/ceph: stderr
2024-05-08T19:58:33.297+0000 7fc4d9dba700 1 -- 172.21.15.33:0/1722107849 learned_addr learned my addr 172.21.15.33:0/1722107849 (peer_addr_for_me v2:172.21.15.33:0/0)
2024-05-08T19:58:34.029 INFO:teuthology.orchestra.run.smithi033.stdout:/usr/bin/ceph: stderr
2024-05-08T19:58:33.298+0000 7fc4d9dba700 1 -- 172.21.15.33:0/1722107849 --> [v2:172.21.15.33:3300/0,v1:172.21.15.33:6789/0] -- mon_subscribe({config=0+,monmap=0+}) v3 -- 0x7fc4d407aa30 con 0x7fc4d407be70
2024-05-08T19:58:34.029 INFO:teuthology.orchestra.run.smithi033.stdout:/usr/bin/ceph: stderr
2024-05-08T19:58:33.298+0000 7fc4d9dba700 1 --2- 172.21.15.33:0/1722107849 >> [v2:172.21.15.33:3300/0,v1:172.21.15.33:6789/0] conn(0x7fc4d407be70 0x7fc4d407a320 secure :-1 s=READY pgs=78 cs=0 l=1 rev1=1 crypto rx=0x7fc4d00098a0 tx=0x7fc4d0009bb0 comp rx=0 tx=0).ready entity=mon.0 client_cookie=b93977fc7305afac server_cookie=0 in_seq=0 out_seq=0
2024-05-08T19:58:34.029 INFO:teuthology.orchestra.run.smithi033.stdout:/usr/bin/ceph: stderr
2024-05-08T19:58:33.298+0000 7fc4d8db8700 1 -- 172.21.15.33:0/1722107849 <== mon.0 v2:172.21.15.33:3300/0 1 ==== mon_map magic: 0 v1 ==== 205+0+0 (secure 0 0 0) 0x7fc4d0004160 con 0x7fc4d407be70
2024-05-08T19:58:34.029 INFO:teuthology.orchestra.run.smithi033.stdout:/usr/bin/ceph: stderr
2024-05-08T19:58:33.298+0000 7fc4d8db8700 1 -- 172.21.15.33:0/1722107849 <== mon.0 v2:172.21.15.33:3300/0 2 ==== config(27 keys) v1 ==== 1139+0+0 (secure 0 0 0) 0x7fc4d00042c0 con 0x7fc4d407be70
2024-05-08T19:58:34.029 INFO:teuthology.orchestra.run.smithi033.stdout:/usr/bin/ceph: stderr
2024-05-08T19:58:33.298+0000 7fc4d8db8700 1 -- 172.21.15.33:0/1722107849 <== mon.0 v2:172.21.15.33:3300/0 3 ==== mon_map magic: 0 v1 ==== 205+0+0 (secure 0 0 0) 0x7fc4d0011a80 con 0x7fc4d407be70
2024-05-08T19:58:34.029 INFO:teuthology.orchestra.run.smithi033.stdout:/usr/bin/ceph: stderr
2024-05-08T19:58:33.299+0000 7fc4dc01e700 1 -- 172.21.15.33:0/1722107849 >> [v2:172.21.15.33:3300/0,v1:172.21.15.33:6789/0] conn(0x7fc4d407be70 msgr2=0x7fc4d407a320 secure :-1 s=STATE_CONNECTION_ESTABLISHED l=1).mark_down
2024-05-08T19:58:34.030 INFO:teuthology.orchestra.run.smithi033.stdout:/usr/bin/ceph: stderr
2024-05-08T19:58:33.299+0000 7fc4dc01e700 1 --2- 172.21.15.33:0/1722107849 >> [v2:172.21.15.33:3300/0,v1:172.21.15.33:6789/0] conn(0x7fc4d407be70 0x7fc4d407a320 secure :-1 s=READY pgs=78 cs=0 l=1 rev1=1 crypto rx=0x7fc4d00098a0 tx=0x7fc4d0009bb0 comp rx=0 tx=0).stop
2024-05-08T19:58:34.030 INFO:teuthology.orchestra.run.smithi033.stdout:/usr/bin/ceph: stderr
2024-05-08T19:58:33.299+0000 7fc4dc01e700 1 -- 172.21.15.33:0/1722107849 shutdown_connections
2024-05-08T19:58:34.030 INFO:teuthology.orchestra.run.smithi033.stdout:/usr/bin/ceph: stderr
2024-05-08T19:58:33.299+0000 7fc4dc01e700 1 --2- 172.21.15.33:0/1722107849 >> [v2:172.21.15.33:3300/0,v1:172.21.15.33:6789/0] conn(0x7fc4d407be70 0x7fc4d407a320 unknown :-1 s=CLOSED pgs=78 cs=0 l=1 rev1=1 crypto rx=0 tx=0 comp rx=0 tx=0).stop
2024-05-08T19:58:34.030 INFO:teuthology.orchestra.run.smithi033.stdout:/usr/bin/ceph: stderr
2024-05-08T19:58:33.299+0000 7fc4dc01e700 1 -- 172.21.15.33:0/1722107849 >> 172.21.15.33:0/1722107849 conn(0x7fc4d4101f40 msgr2=0x7fc4d4104360 unknown :-1 s=STATE_NONE l=0).mark_down
2024-05-08T19:58:34.030 INFO:teuthology.orchestra.run.smithi033.stdout:/usr/bin/ceph: stderr
2024-05-08T19:58:33.299+0000 7fc4dc01e700 1 -- 172.21.15.33:0/1722107849 shutdown_connections
2024-05-08T19:58:34.030 INFO:teuthology.orchestra.run.smithi033.stdout:/usr/bin/ceph: stderr
2024-05-08T19:58:33.299+0000 7fc4dc01e700 1 -- 172.21.15.33:0/1722107849 wait complete.
2024-05-08T19:58:34.030 INFO:teuthology.orchestra.run.smithi033.stdout:/usr/bin/ceph: stderr
2024-05-08T19:58:33.300+0000 7fc4dc01e700 1 Processor -- start
2024-05-08T19:58:34.030 INFO:teuthology.orchestra.run.smithi033.stdout:/usr/bin/ceph: stderr
2024-05-08T19:58:33.300+0000 7fc4dc01e700 1 -- start start
2024-05-08T19:58:34.030 INFO:teuthology.orchestra.run.smithi033.stdout:/usr/bin/ceph: stderr
2024-05-08T19:58:33.300+0000 7fc4dc01e700 1 --2- >> [v2:172.21.15.33:3300/0,v1:172.21.15.33:6789/0] conn(0x7fc4d407be70 0x7fc4d419c820 unknown :-1 s=NONE pgs=0 cs=0 l=1 rev1=0 crypto rx=0 tx=0 comp rx=0 tx=0).connect
2024-05-08T19:58:34.030 INFO:teuthology.orchestra.run.smithi033.stdout:/usr/bin/ceph: stderr
2024-05-08T19:58:33.300+0000 7fc4dc01e700 1 -- --> [v2:172.21.15.33:3300/0,v1:172.21.15.33:6789/0] -- mon_getmap magic: 0 v1 -- 0x7fc4d419cd60 con 0x7fc4d407be70
2024-05-08T19:58:34.030 INFO:teuthology.orchestra.run.smithi033.stdout:/usr/bin/ceph: stderr
2024-05-08T19:58:33.300+0000 7fc4d9dba700 1 --2- >> [v2:172.21.15.33:3300/0,v1:172.21.15.33:6789/0] conn(0x7fc4d407be70 0x7fc4d419c820 unknown :-1 s=BANNER_CONNECTING pgs=0 cs=0 l=1 rev1=0 crypto rx=0 tx=0 comp rx=0 tx=0)._handle_peer_banner_payload supported=3 required=0
2024-05-08T19:58:34.030 INFO:teuthology.orchestra.run.smithi033.stdout:/usr/bin/ceph: stderr
2024-05-08T19:58:33.300+0000 7fc4d9dba700 1 --2- >> [v2:172.21.15.33:3300/0,v1:172.21.15.33:6789/0] conn(0x7fc4d407be70 0x7fc4d419c820 unknown :-1 s=HELLO_CONNECTING pgs=0 cs=0 l=1 rev1=1 crypto rx=0 tx=0 comp rx=0 tx=0).handle_hello peer v2:172.21.15.33:3300/0 says I am v2:172.21.15.33:57016/0 (socket says 172.21.15.33:57016)
2024-05-08T19:58:34.030 INFO:teuthology.orchestra.run.smithi033.stdout:/usr/bin/ceph: stderr
2024-05-08T19:58:33.300+0000 7fc4d9dba700 1 -- 172.21.15.33:0/3932954517 learned_addr learned my addr 172.21.15.33:0/3932954517 (peer_addr_for_me v2:172.21.15.33:0/0)
2024-05-08T19:58:34.031 INFO:teuthology.orchestra.run.smithi033.stdout:/usr/bin/ceph: stderr
2024-05-08T19:58:33.300+0000 7fc4d9dba700 1 -- 172.21.15.33:0/3932954517 --> [v2:172.21.15.33:3300/0,v1:172.21.15.33:6789/0] -- mon_subscribe({config=0+,monmap=0+}) v3 -- 0x7fc4d0009550 con 0x7fc4d407be70
2024-05-08T19:58:34.031 INFO:teuthology.orchestra.run.smithi033.stdout:/usr/bin/ceph: stderr
2024-05-08T19:58:33.300+0000 7fc4d9dba700 1 --2- 172.21.15.33:0/3932954517 >> [v2:172.21.15.33:3300/0,v1:172.21.15.33:6789/0] conn(0x7fc4d407be70 0x7fc4d419c820 secure :-1 s=READY pgs=79 cs=0 l=1 rev1=1 crypto rx=0x7fc4d0009130 tx=0x7fc4d0011b00 comp rx=0 tx=0).ready entity=mon.0 client_cookie=0 server_cookie=0 in_seq=0 out_seq=0
2024-05-08T19:58:34.031 INFO:teuthology.orchestra.run.smithi033.stdout:/usr/bin/ceph: stderr
2024-05-08T19:58:33.301+0000 7fc4caffd700 1 -- 172.21.15.33:0/3932954517 <== mon.0 v2:172.21.15.33:3300/0 1 ==== mon_map magic: 0 v1 ==== 205+0+0 (secure 0 0 0) 0x7fc4d0003aa0 con 0x7fc4d407be70
2024-05-08T19:58:34.031 INFO:teuthology.orchestra.run.smithi033.stdout:/usr/bin/ceph: stderr
2024-05-08T19:58:33.301+0000 7fc4caffd700 1 -- 172.21.15.33:0/3932954517 <== mon.0 v2:172.21.15.33:3300/0 2 ==== config(27 keys) v1 ==== 1139+0+0 (secure 0 0 0) 0x7fc4d0003c00 con 0x7fc4d407be70
2024-05-08T19:58:34.031 INFO:teuthology.orchestra.run.smithi033.stdout:/usr/bin/ceph: stderr
2024-05-08T19:58:33.301+0000 7fc4dc01e700 1 -- 172.21.15.33:0/3932954517 --> [v2:172.21.15.33:3300/0,v1:172.21.15.33:6789/0] -- mon_subscribe({mgrmap=0+}) v3 -- 0x7fc4d419cf60 con 0x7fc4d407be70
2024-05-08T19:58:34.031 INFO:teuthology.orchestra.run.smithi033.stdout:/usr/bin/ceph: stderr
2024-05-08T19:58:33.301+0000 7fc4caffd700 1 -- 172.21.15.33:0/3932954517 <== mon.0 v2:172.21.15.33:3300/0 3 ==== mon_map magic: 0 v1 ==== 205+0+0 (secure 0 0 0) 0x7fc4d00248a0 con 0x7fc4d407be70
2024-05-08T19:58:34.031 INFO:teuthology.orchestra.run.smithi033.stdout:/usr/bin/ceph: stderr
2024-05-08T19:58:33.301+0000 7fc4dc01e700 1 -- 172.21.15.33:0/3932954517 --> [v2:172.21.15.33:3300/0,v1:172.21.15.33:6789/0] -- mon_subscribe({osdmap=0}) v3 -- 0x7fc4d419d400 con 0x7fc4d407be70
2024-05-08T19:58:34.031 INFO:teuthology.orchestra.run.smithi033.stdout:/usr/bin/ceph: stderr
2024-05-08T19:58:33.302+0000 7fc4caffd700 1 -- 172.21.15.33:0/3932954517 <== mon.0 v2:172.21.15.33:3300/0 4 ==== mgrmap(e 13) v1 ==== 45597+0+0 (secure 0 0 0) 0x7fc4d001a430 con 0x7fc4d407be70
2024-05-08T19:58:34.031 INFO:teuthology.orchestra.run.smithi033.stdout:/usr/bin/ceph: stderr
2024-05-08T19:58:33.302+0000 7fc4caffd700 1 --2- 172.21.15.33:0/3932954517 >> [v2:172.21.15.33:6800/3089330166,v1:172.21.15.33:6801/3089330166] conn(0x7fc4c00387f0 0x7fc4c003acb0 unknown :-1 s=NONE pgs=0 cs=0 l=1 rev1=0 crypto rx=0 tx=0 comp rx=0 tx=0).connect
2024-05-08T19:58:34.031 INFO:teuthology.orchestra.run.smithi033.stdout:/usr/bin/ceph: stderr
2024-05-08T19:58:33.302+0000 7fc4dc01e700 1 -- 172.21.15.33:0/3932954517 --> [v2:172.21.15.33:3300/0,v1:172.21.15.33:6789/0] -- mon_command({"prefix": "get_command_descriptions"} v 0) v1 -- 0x7fc4d410cd20 con 0x7fc4d407be70
2024-05-08T19:58:34.031 INFO:teuthology.orchestra.run.smithi033.stdout:/usr/bin/ceph: stderr
2024-05-08T19:58:33.302+0000 7fc4caffd700 1 -- 172.21.15.33:0/3932954517 <== mon.0 v2:172.21.15.33:3300/0 5 ==== osd_map(3..3 src has 1..3) v4 ==== 1155+0+0 (secure 0 0 0) 0x7fc4d004ca00 con 0x7fc4d407be70
2024-05-08T19:58:34.031 INFO:teuthology.orchestra.run.smithi033.stdout:/usr/bin/ceph: stderr
2024-05-08T19:58:33.302+0000 7fc4d95b9700 1 --2- 172.21.15.33:0/3932954517 >> [v2:172.21.15.33:6800/3089330166,v1:172.21.15.33:6801/3089330166] conn(0x7fc4c00387f0 0x7fc4c003acb0 unknown :-1 s=BANNER_CONNECTING pgs=0 cs=0 l=1 rev1=0 crypto rx=0 tx=0 comp rx=0 tx=0)._handle_peer_banner_payload supported=3 required=0
2024-05-08T19:58:34.031 INFO:teuthology.orchestra.run.smithi033.stdout:/usr/bin/ceph: stderr
2024-05-08T19:58:33.302+0000 7fc4d95b9700 1 --2- 172.21.15.33:0/3932954517 >> [v2:172.21.15.33:6800/3089330166,v1:172.21.15.33:6801/3089330166] conn(0x7fc4c00387f0 0x7fc4c003acb0 secure :-1 s=READY pgs=11 cs=0 l=1 rev1=1 crypto rx=0x7fc4c4006fd0 tx=0x7fc4c4006e40 comp rx=0 tx=0).ready entity=mgr.14152 client_cookie=0 server_cookie=0 in_seq=0 out_seq=0
2024-05-08T19:58:34.031 INFO:teuthology.orchestra.run.smithi033.stdout:/usr/bin/ceph: stderr
2024-05-08T19:58:33.307+0000 7fc4caffd700 1 -- 172.21.15.33:0/3932954517 <== mon.0 v2:172.21.15.33:3300/0 6 ==== mon_command_ack([{"prefix": "get_command_descriptions"}]=0 v0) v1 ==== 72+0+183622 (secure 0 0 0) 0x7fc4d001a730 con 0x7fc4d407be70
2024-05-08T19:58:34.032 INFO:teuthology.orchestra.run.smithi033.stdout:/usr/bin/ceph: stderr
2024-05-08T19:58:33.642+0000 7fc4dc01e700 1 -- 172.21.15.33:0/3932954517 --> [v2:172.21.15.33:3300/0,v1:172.21.15.33:6789/0] -- mon_command([{prefix=config-key set, key=mgr/dashboard/cluster/status}] v 0) v1 -- 0x7fc4d410cf30 con 0x7fc4d407be70
2024-05-08T19:58:34.032 INFO:teuthology.orchestra.run.smithi033.stdout:/usr/bin/ceph: stderr
2024-05-08T19:58:33.645+0000 7fc4caffd700 1 -- 172.21.15.33:0/3932954517 <== mon.0 v2:172.21.15.33:3300/0 7 ==== mon_command_ack([{prefix=config-key set, key=mgr/dashboard/cluster/status}]=0 set mgr/dashboard/cluster/status v28)=0 set mgr/dashboard/cluster/status v28) v1 ==== 153+0+0 (secure 0 0 0) 0x7fc4d0018350 con 0x7fc4d407be70
2024-05-08T19:58:34.032 INFO:teuthology.orchestra.run.smithi033.stdout:/usr/bin/ceph: stderr
2024-05-08T19:58:33.647+0000 7fc4dc01e700 1 -- 172.21.15.33:0/3932954517 >> [v2:172.21.15.33:6800/3089330166,v1:172.21.15.33:6801/3089330166] conn(0x7fc4c00387f0 msgr2=0x7fc4c003acb0 secure :-1 s=STATE_CONNECTION_ESTABLISHED l=1).mark_down
2024-05-08T19:58:34.032 INFO:teuthology.orchestra.run.smithi033.stdout:/usr/bin/ceph: stderr
2024-05-08T19:58:33.647+0000 7fc4dc01e700 1 --2- 172.21.15.33:0/3932954517 >> [v2:172.21.15.33:6800/3089330166,v1:172.21.15.33:6801/3089330166] conn(0x7fc4c00387f0 0x7fc4c003acb0 secure :-1 s=READY pgs=11 cs=0 l=1 rev1=1 crypto rx=0x7fc4c4006fd0 tx=0x7fc4c4006e40 comp rx=0 tx=0).stop
2024-05-08T19:58:34.032 INFO:teuthology.orchestra.run.smithi033.stdout:/usr/bin/ceph: stderr
2024-05-08T19:58:33.647+0000 7fc4dc01e700 1 -- 172.21.15.33:0/3932954517 >> [v2:172.21.15.33:3300/0,v1:172.21.15.33:6789/0] conn(0x7fc4d407be70 msgr2=0x7fc4d419c820 secure :-1 s=STATE_CONNECTION_ESTABLISHED l=1).mark_down
2024-05-08T19:58:34.032 INFO:teuthology.orchestra.run.smithi033.stdout:/usr/bin/ceph: stderr
2024-05-08T19:58:33.647+0000 7fc4dc01e700 1 --2- 172.21.15.33:0/3932954517 >> [v2:172.21.15.33:3300/0,v1:172.21.15.33:6789/0] conn(0x7fc4d407be70 0x7fc4d419c820 secure :-1 s=READY pgs=79 cs=0 l=1 rev1=1 crypto rx=0x7fc4d0009130 tx=0x7fc4d0011b00 comp rx=0 tx=0).stop
2024-05-08T19:58:34.032 INFO:teuthology.orchestra.run.smithi033.stdout:/usr/bin/ceph: stderr
2024-05-08T19:58:33.647+0000 7fc4dc01e700 1 -- 172.21.15.33:0/3932954517 shutdown_connections
2024-05-08T19:58:34.032 INFO:teuthology.orchestra.run.smithi033.stdout:/usr/bin/ceph: stderr
2024-05-08T19:58:33.647+0000 7fc4dc01e700 1 --2- 172.21.15.33:0/3932954517 >> [v2:172.21.15.33:6800/3089330166,v1:172.21.15.33:6801/3089330166] conn(0x7fc4c00387f0 0x7fc4c003acb0 unknown :-1 s=CLOSED pgs=11 cs=0 l=1 rev1=1 crypto rx=0 tx=0 comp rx=0 tx=0).stop
2024-05-08T19:58:34.032 INFO:teuthology.orchestra.run.smithi033.stdout:/usr/bin/ceph: stderr
2024-05-08T19:58:33.647+0000 7fc4dc01e700 1 --2- 172.21.15.33:0/3932954517 >> [v2:172.21.15.33:3300/0,v1:172.21.15.33:6789/0] conn(0x7fc4d407be70 0x7fc4d419c820 unknown :-1 s=CLOSED pgs=79 cs=0 l=1 rev1=1 crypto rx=0 tx=0 comp rx=0 tx=0).stop
2024-05-08T19:58:34.032 INFO:teuthology.orchestra.run.smithi033.stdout:/usr/bin/ceph: stderr
2024-05-08T19:58:33.647+0000 7fc4dc01e700 1 -- 172.21.15.33:0/3932954517 >> 172.21.15.33:0/3932954517 conn(0x7fc4d4101f40 msgr2=0x7fc4d4102a80 unknown :-1 s=STATE_NONE l=0).mark_down
2024-05-08T19:58:34.032 INFO:teuthology.orchestra.run.smithi033.stdout:/usr/bin/ceph: stderr
2024-05-08T19:58:33.647+0000 7fc4dc01e700 1 -- 172.21.15.33:0/3932954517 shutdown_connections
2024-05-08T19:58:34.032 INFO:teuthology.orchestra.run.smithi033.stdout:/usr/bin/ceph: stderr
2024-05-08T19:58:33.647+0000 7fc4dc01e700 1 -- 172.21.15.33:0/3932954517 wait complete.
2024-05-08T19:58:34.032 INFO:teuthology.orchestra.run.smithi033.stdout:/usr/bin/ceph: stderr set mgr/dashboard/cluster/status
2024-05-08T19:58:34.032 INFO:teuthology.orchestra.run.smithi033.stdout:You can access the Ceph CLI as following in case of multi-cluster or non-default config:
2024-05-08T19:58:34.033 INFO:teuthology.orchestra.run.smithi033.stdout:
2024-05-08T19:58:34.033 INFO:teuthology.orchestra.run.smithi033.stdout: sudo /home/ubuntu/cephtest/cephadm shell --fsid 0ee61dd4-0d75-11ef-bc97-c7b262605968 -c /etc/ceph/ceph.conf -k /etc/ceph/ceph.client.admin.keyring
2024-05-08T19:58:34.033 INFO:teuthology.orchestra.run.smithi033.stdout:
2024-05-08T19:58:34.033 INFO:teuthology.orchestra.run.smithi033.stdout:Or, if you are only running a single cluster on this host:
2024-05-08T19:58:34.033 INFO:teuthology.orchestra.run.smithi033.stdout:
2024-05-08T19:58:34.033 INFO:teuthology.orchestra.run.smithi033.stdout: sudo /home/ubuntu/cephtest/cephadm shell
2024-05-08T19:58:34.033 INFO:teuthology.orchestra.run.smithi033.stdout:
2024-05-08T19:58:34.033 INFO:teuthology.orchestra.run.smithi033.stdout:Please consider enabling telemetry to help improve Ceph:
2024-05-08T19:58:34.033 INFO:teuthology.orchestra.run.smithi033.stdout:
2024-05-08T19:58:34.033 INFO:teuthology.orchestra.run.smithi033.stdout: ceph telemetry on
2024-05-08T19:58:34.033 INFO:teuthology.orchestra.run.smithi033.stdout:
2024-05-08T19:58:34.033 INFO:teuthology.orchestra.run.smithi033.stdout:For more information see:
2024-05-08T19:58:34.033 INFO:teuthology.orchestra.run.smithi033.stdout:
2024-05-08T19:58:34.033 INFO:teuthology.orchestra.run.smithi033.stdout: https://docs.ceph.com/en/latest/mgr/telemetry/
2024-05-08T19:58:34.033 INFO:teuthology.orchestra.run.smithi033.stdout:
2024-05-08T19:58:34.034 INFO:teuthology.orchestra.run.smithi033.stdout:Bootstrap complete.
2024-05-08T19:58:34.072 INFO:tasks.cephadm:Fetching config...
2024-05-08T19:58:34.072 DEBUG:teuthology.orchestra.run.smithi033:> set -ex
2024-05-08T19:58:34.072 DEBUG:teuthology.orchestra.run.smithi033:> dd if=/etc/ceph/ceph.conf of=/dev/stdout
2024-05-08T19:58:34.091 INFO:tasks.cephadm:Fetching client.admin keyring...
2024-05-08T19:58:34.091 DEBUG:teuthology.orchestra.run.smithi033:> set -ex
2024-05-08T19:58:34.091 DEBUG:teuthology.orchestra.run.smithi033:> dd if=/etc/ceph/ceph.client.admin.keyring of=/dev/stdout
2024-05-08T19:58:34.152 INFO:tasks.cephadm:Fetching mon keyring...
2024-05-08T19:58:34.152 DEBUG:teuthology.orchestra.run.smithi033:> set -ex
2024-05-08T19:58:34.152 DEBUG:teuthology.orchestra.run.smithi033:> sudo dd if=/var/lib/ceph/0ee61dd4-0d75-11ef-bc97-c7b262605968/mon.a/keyring of=/dev/stdout
2024-05-08T19:58:34.226 INFO:tasks.cephadm:Fetching pub ssh key...
2024-05-08T19:58:34.226 DEBUG:teuthology.orchestra.run.smithi033:> set -ex
2024-05-08T19:58:34.226 DEBUG:teuthology.orchestra.run.smithi033:> dd if=/home/ubuntu/cephtest/ceph.pub of=/dev/stdout
2024-05-08T19:58:34.287 INFO:tasks.cephadm:Installing pub ssh key for root users...
2024-05-08T19:58:34.288 DEBUG:teuthology.orchestra.run.smithi033:> sudo install -d -m 0700 /root/.ssh && echo 'ssh-rsa AAAAB3NzaC1yc2EAAAADAQABAAABgQDdOwC03map9NuB042MVigt5yaNSSBPH7PYu2uQ89Q5B52zxIkqCTKEo1r+Khs005BqlDzNQ4i+MciF3hCn5SnwyBkRVIm5tyRFp2aTDEBnu57TsYtlCpLtGIDFd9Yq0rWWiH+l43BPXZN4Q/cb7gm679T4UJDVtQcCrClb6I8cc3IN0i3LW7gTFkzFqMWzyvrVDJ4GLnJMdUinWxu3dZF7FZezUToTbBbnCmOcn1Gf/m3JGghFAIQAMXXGlGm0fwvKS2vqpjp31I2LCHq5JiBGFrrLG6uTyZi+RWXPQgZGkbRWXJ/ItdkamtfyGvGWQDrqdXnxY+Kh8F3gFAzXarglAyZks+4ECLuFXz0BzDoiWOaLfTbXDZiBYTXt4Ecf1OoQ7+cqlHzvU6AtZuRUXBE6/Vg8jKo5Qg4uF5UuJCjekqgvfgRpOi0lEcdbF/7HfwTaTVKRVLOly2Jhm/VmSSDDBgqvztvwUXuhwsho73qF9gYhZH181+mShVtwbcJx2JU= ceph-0ee61dd4-0d75-11ef-bc97-c7b262605968' | sudo tee -a /root/.ssh/authorized_keys && sudo chmod 0600 /root/.ssh/authorized_keys
2024-05-08T19:58:34.321 INFO:journalctl@ceph.mon.a.smithi033.stdout:May 08 19:58:34 smithi033 ceph-mon[42490]: mgrmap e13: x(active, since 6s)
2024-05-08T19:58:34.321 INFO:journalctl@ceph.mon.a.smithi033.stdout:May 08 19:58:34 smithi033 ceph-mon[42490]: from='client.? 172.21.15.33:0/3932954517' entity='client.admin'
2024-05-08T19:58:34.378 INFO:teuthology.orchestra.run.smithi033.stdout:ssh-rsa AAAAB3NzaC1yc2EAAAADAQABAAABgQDdOwC03map9NuB042MVigt5yaNSSBPH7PYu2uQ89Q5B52zxIkqCTKEo1r+Khs005BqlDzNQ4i+MciF3hCn5SnwyBkRVIm5tyRFp2aTDEBnu57TsYtlCpLtGIDFd9Yq0rWWiH+l43BPXZN4Q/cb7gm679T4UJDVtQcCrClb6I8cc3IN0i3LW7gTFkzFqMWzyvrVDJ4GLnJMdUinWxu3dZF7FZezUToTbBbnCmOcn1Gf/m3JGghFAIQAMXXGlGm0fwvKS2vqpjp31I2LCHq5JiBGFrrLG6uTyZi+RWXPQgZGkbRWXJ/ItdkamtfyGvGWQDrqdXnxY+Kh8F3gFAzXarglAyZks+4ECLuFXz0BzDoiWOaLfTbXDZiBYTXt4Ecf1OoQ7+cqlHzvU6AtZuRUXBE6/Vg8jKo5Qg4uF5UuJCjekqgvfgRpOi0lEcdbF/7HfwTaTVKRVLOly2Jhm/VmSSDDBgqvztvwUXuhwsho73qF9gYhZH181+mShVtwbcJx2JU= ceph-0ee61dd4-0d75-11ef-bc97-c7b262605968
2024-05-08T19:58:34.394 DEBUG:teuthology.orchestra.run.smithi082:> sudo install -d -m 0700 /root/.ssh && echo 'ssh-rsa AAAAB3NzaC1yc2EAAAADAQABAAABgQDdOwC03map9NuB042MVigt5yaNSSBPH7PYu2uQ89Q5B52zxIkqCTKEo1r+Khs005BqlDzNQ4i+MciF3hCn5SnwyBkRVIm5tyRFp2aTDEBnu57TsYtlCpLtGIDFd9Yq0rWWiH+l43BPXZN4Q/cb7gm679T4UJDVtQcCrClb6I8cc3IN0i3LW7gTFkzFqMWzyvrVDJ4GLnJMdUinWxu3dZF7FZezUToTbBbnCmOcn1Gf/m3JGghFAIQAMXXGlGm0fwvKS2vqpjp31I2LCHq5JiBGFrrLG6uTyZi+RWXPQgZGkbRWXJ/ItdkamtfyGvGWQDrqdXnxY+Kh8F3gFAzXarglAyZks+4ECLuFXz0BzDoiWOaLfTbXDZiBYTXt4Ecf1OoQ7+cqlHzvU6AtZuRUXBE6/Vg8jKo5Qg4uF5UuJCjekqgvfgRpOi0lEcdbF/7HfwTaTVKRVLOly2Jhm/VmSSDDBgqvztvwUXuhwsho73qF9gYhZH181+mShVtwbcJx2JU= ceph-0ee61dd4-0d75-11ef-bc97-c7b262605968' | sudo tee -a /root/.ssh/authorized_keys && sudo chmod 0600 /root/.ssh/authorized_keys
2024-05-08T19:58:34.440 INFO:teuthology.orchestra.run.smithi082.stdout:ssh-rsa AAAAB3NzaC1yc2EAAAADAQABAAABgQDdOwC03map9NuB042MVigt5yaNSSBPH7PYu2uQ89Q5B52zxIkqCTKEo1r+Khs005BqlDzNQ4i+MciF3hCn5SnwyBkRVIm5tyRFp2aTDEBnu57TsYtlCpLtGIDFd9Yq0rWWiH+l43BPXZN4Q/cb7gm679T4UJDVtQcCrClb6I8cc3IN0i3LW7gTFkzFqMWzyvrVDJ4GLnJMdUinWxu3dZF7FZezUToTbBbnCmOcn1Gf/m3JGghFAIQAMXXGlGm0fwvKS2vqpjp31I2LCHq5JiBGFrrLG6uTyZi+RWXPQgZGkbRWXJ/ItdkamtfyGvGWQDrqdXnxY+Kh8F3gFAzXarglAyZks+4ECLuFXz0BzDoiWOaLfTbXDZiBYTXt4Ecf1OoQ7+cqlHzvU6AtZuRUXBE6/Vg8jKo5Qg4uF5UuJCjekqgvfgRpOi0lEcdbF/7HfwTaTVKRVLOly2Jhm/VmSSDDBgqvztvwUXuhwsho73qF9gYhZH181+mShVtwbcJx2JU= ceph-0ee61dd4-0d75-11ef-bc97-c7b262605968
2024-05-08T19:58:34.453 DEBUG:teuthology.orchestra.run.smithi132:> sudo install -d -m 0700 /root/.ssh && echo 'ssh-rsa AAAAB3NzaC1yc2EAAAADAQABAAABgQDdOwC03map9NuB042MVigt5yaNSSBPH7PYu2uQ89Q5B52zxIkqCTKEo1r+Khs005BqlDzNQ4i+MciF3hCn5SnwyBkRVIm5tyRFp2aTDEBnu57TsYtlCpLtGIDFd9Yq0rWWiH+l43BPXZN4Q/cb7gm679T4UJDVtQcCrClb6I8cc3IN0i3LW7gTFkzFqMWzyvrVDJ4GLnJMdUinWxu3dZF7FZezUToTbBbnCmOcn1Gf/m3JGghFAIQAMXXGlGm0fwvKS2vqpjp31I2LCHq5JiBGFrrLG6uTyZi+RWXPQgZGkbRWXJ/ItdkamtfyGvGWQDrqdXnxY+Kh8F3gFAzXarglAyZks+4ECLuFXz0BzDoiWOaLfTbXDZiBYTXt4Ecf1OoQ7+cqlHzvU6AtZuRUXBE6/Vg8jKo5Qg4uF5UuJCjekqgvfgRpOi0lEcdbF/7HfwTaTVKRVLOly2Jhm/VmSSDDBgqvztvwUXuhwsho73qF9gYhZH181+mShVtwbcJx2JU= ceph-0ee61dd4-0d75-11ef-bc97-c7b262605968' | sudo tee -a /root/.ssh/authorized_keys && sudo chmod 0600 /root/.ssh/authorized_keys
2024-05-08T19:58:34.499 INFO:teuthology.orchestra.run.smithi132.stdout:ssh-rsa AAAAB3NzaC1yc2EAAAADAQABAAABgQDdOwC03map9NuB042MVigt5yaNSSBPH7PYu2uQ89Q5B52zxIkqCTKEo1r+Khs005BqlDzNQ4i+MciF3hCn5SnwyBkRVIm5tyRFp2aTDEBnu57TsYtlCpLtGIDFd9Yq0rWWiH+l43BPXZN4Q/cb7gm679T4UJDVtQcCrClb6I8cc3IN0i3LW7gTFkzFqMWzyvrVDJ4GLnJMdUinWxu3dZF7FZezUToTbBbnCmOcn1Gf/m3JGghFAIQAMXXGlGm0fwvKS2vqpjp31I2LCHq5JiBGFrrLG6uTyZi+RWXPQgZGkbRWXJ/ItdkamtfyGvGWQDrqdXnxY+Kh8F3gFAzXarglAyZks+4ECLuFXz0BzDoiWOaLfTbXDZiBYTXt4Ecf1OoQ7+cqlHzvU6AtZuRUXBE6/Vg8jKo5Qg4uF5UuJCjekqgvfgRpOi0lEcdbF/7HfwTaTVKRVLOly2Jhm/VmSSDDBgqvztvwUXuhwsho73qF9gYhZH181+mShVtwbcJx2JU= ceph-0ee61dd4-0d75-11ef-bc97-c7b262605968
2024-05-08T19:58:34.512 DEBUG:teuthology.orchestra.run.smithi033:> sudo /home/ubuntu/cephtest/cephadm --image quay-quay-quay.apps.os.sepia.ceph.com/ceph-ci/ceph:d21e4f961318b56f0d915caa2490c3711bf13c34 shell -c /etc/ceph/ceph.conf -k /etc/ceph/ceph.client.admin.keyring --fsid 0ee61dd4-0d75-11ef-bc97-c7b262605968 -- ceph config set mgr mgr/cephadm/allow_ptrace true
2024-05-08T19:58:34.757 INFO:teuthology.orchestra.run.smithi033.stderr:Inferring config /var/lib/ceph/0ee61dd4-0d75-11ef-bc97-c7b262605968/mon.a/config
2024-05-08T19:58:35.765 INFO:teuthology.orchestra.run.smithi033.stderr:2024-05-08T19:58:35.774+0000 7f276312c700 1 -- 172.21.15.33:0/2729133742 >> [v2:172.21.15.33:3300/0,v1:172.21.15.33:6789/0] conn(0x7f275c0ff830 msgr2=0x7f275c0ffc50 secure :-1 s=STATE_CONNECTION_ESTABLISHED l=1).mark_down
2024-05-08T19:58:35.766 INFO:teuthology.orchestra.run.smithi033.stderr:2024-05-08T19:58:35.774+0000 7f276312c700 1 --2- 172.21.15.33:0/2729133742 >> [v2:172.21.15.33:3300/0,v1:172.21.15.33:6789/0] conn(0x7f275c0ff830 0x7f275c0ffc50 secure :-1 s=READY pgs=80 cs=0 l=1 rev1=1 crypto rx=0x7f2750009910 tx=0x7f2750009c20 comp rx=0 tx=0).stop
2024-05-08T19:58:35.766 INFO:teuthology.orchestra.run.smithi033.stderr:2024-05-08T19:58:35.774+0000 7f276312c700 1 -- 172.21.15.33:0/2729133742 shutdown_connections
2024-05-08T19:58:35.766 INFO:teuthology.orchestra.run.smithi033.stderr:2024-05-08T19:58:35.774+0000 7f276312c700 1 --2- 172.21.15.33:0/2729133742 >> [v2:172.21.15.33:3300/0,v1:172.21.15.33:6789/0] conn(0x7f275c0ff830 0x7f275c0ffc50 unknown :-1 s=CLOSED pgs=80 cs=0 l=1 rev1=1 crypto rx=0 tx=0 comp rx=0 tx=0).stop
2024-05-08T19:58:35.766 INFO:teuthology.orchestra.run.smithi033.stderr:2024-05-08T19:58:35.774+0000 7f276312c700 1 -- 172.21.15.33:0/2729133742 >> 172.21.15.33:0/2729133742 conn(0x7f275c0fadd0 msgr2=0x7f275c0fd210 unknown :-1 s=STATE_NONE l=0).mark_down
