2024-05-08T19:57:54.350+0000 7ffbc489e700 1 -- 172.21.15.33:0/234541540 <== mon.0 v2:172.21.15.33:3300/0 1 ==== mon_map magic: 0 v1 ==== 205+0+0 (secure 0 0 0) 0x7ffbb40039c0 con 0x7ffbc0106d90
2024-05-08T19:57:54.987 INFO:teuthology.orchestra.run.smithi033.stdout:/usr/bin/ceph: stderr
2024-05-08T19:57:54.350+0000 7ffbc489e700 1 -- 172.21.15.33:0/234541540 <== mon.0 v2:172.21.15.33:3300/0 2 ==== config(27 keys) v1 ==== 1108+0+0 (secure 0 0 0) 0x7ffbb4003b20 con 0x7ffbc0106d90
2024-05-08T19:57:54.987 INFO:teuthology.orchestra.run.smithi033.stdout:/usr/bin/ceph: stderr
2024-05-08T19:57:54.350+0000 7ffbc58a0700 1 -- 172.21.15.33:0/234541540 --> [v2:172.21.15.33:3300/0,v1:172.21.15.33:6789/0] -- mon_subscribe({mgrmap=0+}) v3 -- 0x7ffbc019b1d0 con 0x7ffbc0106d90
2024-05-08T19:57:54.987 INFO:teuthology.orchestra.run.smithi033.stdout:/usr/bin/ceph: stderr
2024-05-08T19:57:54.350+0000 7ffbc489e700 1 -- 172.21.15.33:0/234541540 <== mon.0 v2:172.21.15.33:3300/0 3 ==== mon_map magic: 0 v1 ==== 205+0+0 (secure 0 0 0) 0x7ffbb4024610 con 0x7ffbc0106d90
2024-05-08T19:57:54.987 INFO:teuthology.orchestra.run.smithi033.stdout:/usr/bin/ceph: stderr
2024-05-08T19:57:54.350+0000 7ffbc58a0700 1 -- 172.21.15.33:0/234541540 --> [v2:172.21.15.33:3300/0,v1:172.21.15.33:6789/0] -- mon_subscribe({osdmap=0}) v3 -- 0x7ffbc019fa90 con 0x7ffbc0106d90
2024-05-08T19:57:54.987 INFO:teuthology.orchestra.run.smithi033.stdout:/usr/bin/ceph: stderr
2024-05-08T19:57:54.351+0000 7ffbc489e700 1 -- 172.21.15.33:0/234541540 <== mon.0 v2:172.21.15.33:3300/0 4 ==== mgrmap(e 3) v1 ==== 45424+0+0 (secure 0 0 0) 0x7ffbb402d3f0 con 0x7ffbc0106d90
2024-05-08T19:57:54.987 INFO:teuthology.orchestra.run.smithi033.stdout:/usr/bin/ceph: stderr
2024-05-08T19:57:54.351+0000 7ffbc489e700 1 --2- 172.21.15.33:0/234541540 >> [v2:172.21.15.33:6800/113789498,v1:172.21.15.33:6801/113789498] conn(0x7ffba8038580 0x7ffba803aa40 unknown :-1 s=NONE pgs=0 cs=0 l=1 rev1=0 crypto rx=0 tx=0 comp rx=0 tx=0).connect
2024-05-08T19:57:54.987 INFO:teuthology.orchestra.run.smithi033.stdout:/usr/bin/ceph: stderr
2024-05-08T19:57:54.351+0000 7ffbc58a0700 1 -- 172.21.15.33:0/234541540 --> [v2:172.21.15.33:3300/0,v1:172.21.15.33:6789/0] -- mon_command({"prefix": "get_command_descriptions"} v 0) v1 -- 0x7ffbc0109c30 con 0x7ffbc0106d90
2024-05-08T19:57:54.987 INFO:teuthology.orchestra.run.smithi033.stdout:/usr/bin/ceph: stderr
2024-05-08T19:57:54.351+0000 7ffbc489e700 1 -- 172.21.15.33:0/234541540 <== mon.0 v2:172.21.15.33:3300/0 5 ==== osd_map(1..1 src has 1..1) v4 ==== 725+0+0 (secure 0 0 0) 0x7ffbb404c470 con 0x7ffbc0106d90
2024-05-08T19:57:54.987 INFO:teuthology.orchestra.run.smithi033.stdout:/usr/bin/ceph: stderr
2024-05-08T19:57:54.351+0000 7ffbbe7fc700 1 --2- 172.21.15.33:0/234541540 >> [v2:172.21.15.33:6800/113789498,v1:172.21.15.33:6801/113789498] conn(0x7ffba8038580 0x7ffba803aa40 unknown :-1 s=BANNER_CONNECTING pgs=0 cs=0 l=1 rev1=0 crypto rx=0 tx=0 comp rx=0 tx=0)._handle_peer_banner_payload supported=3 required=0
2024-05-08T19:57:54.987 INFO:teuthology.orchestra.run.smithi033.stdout:/usr/bin/ceph: stderr
2024-05-08T19:57:54.352+0000 7ffbbe7fc700 1 --2- 172.21.15.33:0/234541540 >> [v2:172.21.15.33:6800/113789498,v1:172.21.15.33:6801/113789498] conn(0x7ffba8038580 0x7ffba803aa40 secure :-1 s=READY pgs=6 cs=0 l=1 rev1=1 crypto rx=0x7ffbb0006fd0 tx=0x7ffbb0006e40 comp rx=0 tx=0).ready entity=mgr.14100 client_cookie=0 server_cookie=0 in_seq=0 out_seq=0
2024-05-08T19:57:54.987 INFO:teuthology.orchestra.run.smithi033.stdout:/usr/bin/ceph: stderr
2024-05-08T19:57:54.357+0000 7ffbc489e700 1 -- 172.21.15.33:0/234541540 <== mon.0 v2:172.21.15.33:3300/0 6 ==== mon_command_ack([{"prefix": "get_command_descriptions"}]=0 v0) v1 ==== 72+0+183622 (secure 0 0 0) 0x7ffbb400d1c0 con 0x7ffbc0106d90
2024-05-08T19:57:54.987 INFO:teuthology.orchestra.run.smithi033.stdout:/usr/bin/ceph: stderr
2024-05-08T19:57:54.652+0000 7ffbc58a0700 1 -- 172.21.15.33:0/234541540 --> [v2:172.21.15.33:3300/0,v1:172.21.15.33:6789/0] -- mon_command({"prefix": "status", "format": "json-pretty"} v 0) v1 -- 0x7ffbc0109e70 con 0x7ffbc0106d90
2024-05-08T19:57:54.988 INFO:teuthology.orchestra.run.smithi033.stdout:/usr/bin/ceph: stderr
2024-05-08T19:57:54.653+0000 7ffbc489e700 1 -- 172.21.15.33:0/234541540 <== mon.0 v2:172.21.15.33:3300/0 7 ==== mon_command_ack([{"prefix": "status", "format": "json-pretty"}]=0 v0) v1 ==== 79+0+1238 (secure 0 0 0) 0x7ffbb4027e50 con 0x7ffbc0106d90
2024-05-08T19:57:54.988 INFO:teuthology.orchestra.run.smithi033.stdout:/usr/bin/ceph: stderr
2024-05-08T19:57:54.655+0000 7ffbc58a0700 1 -- 172.21.15.33:0/234541540 >> [v2:172.21.15.33:6800/113789498,v1:172.21.15.33:6801/113789498] conn(0x7ffba8038580 msgr2=0x7ffba803aa40 secure :-1 s=STATE_CONNECTION_ESTABLISHED l=1).mark_down
2024-05-08T19:57:54.988 INFO:teuthology.orchestra.run.smithi033.stdout:/usr/bin/ceph: stderr
2024-05-08T19:57:54.655+0000 7ffbc58a0700 1 --2- 172.21.15.33:0/234541540 >> [v2:172.21.15.33:6800/113789498,v1:172.21.15.33:6801/113789498] conn(0x7ffba8038580 0x7ffba803aa40 secure :-1 s=READY pgs=6 cs=0 l=1 rev1=1 crypto rx=0x7ffbb0006fd0 tx=0x7ffbb0006e40 comp rx=0 tx=0).stop
2024-05-08T19:57:54.988 INFO:teuthology.orchestra.run.smithi033.stdout:/usr/bin/ceph: stderr
2024-05-08T19:57:54.655+0000 7ffbc58a0700 1 -- 172.21.15.33:0/234541540 >> [v2:172.21.15.33:3300/0,v1:172.21.15.33:6789/0] conn(0x7ffbc0106d90 msgr2=0x7ffbc0105370 secure :-1 s=STATE_CONNECTION_ESTABLISHED l=1).mark_down
2024-05-08T19:57:54.988 INFO:teuthology.orchestra.run.smithi033.stdout:/usr/bin/ceph: stderr
2024-05-08T19:57:54.655+0000 7ffbc58a0700 1 --2- 172.21.15.33:0/234541540 >> [v2:172.21.15.33:3300/0,v1:172.21.15.33:6789/0] conn(0x7ffbc0106d90 0x7ffbc0105370 secure :-1 s=READY pgs=19 cs=0 l=1 rev1=1 crypto rx=0x7ffbb4011a70 tx=0x7ffbb4011b50 comp rx=0 tx=0).stop
2024-05-08T19:57:54.988 INFO:teuthology.orchestra.run.smithi033.stdout:/usr/bin/ceph: stderr
2024-05-08T19:57:54.655+0000 7ffbc58a0700 1 -- 172.21.15.33:0/234541540 shutdown_connections
2024-05-08T19:57:54.988 INFO:teuthology.orchestra.run.smithi033.stdout:/usr/bin/ceph: stderr
2024-05-08T19:57:54.655+0000 7ffbc58a0700 1 --2- 172.21.15.33:0/234541540 >> [v2:172.21.15.33:6800/113789498,v1:172.21.15.33:6801/113789498] conn(0x7ffba8038580 0x7ffba803aa40 unknown :-1 s=CLOSED pgs=6 cs=0 l=1 rev1=1 crypto rx=0 tx=0 comp rx=0 tx=0).stop
2024-05-08T19:57:54.988 INFO:teuthology.orchestra.run.smithi033.stdout:/usr/bin/ceph: stderr
2024-05-08T19:57:54.655+0000 7ffbc58a0700 1 --2- 172.21.15.33:0/234541540 >> [v2:172.21.15.33:3300/0,v1:172.21.15.33:6789/0] conn(0x7ffbc0106d90 0x7ffbc0105370 unknown :-1 s=CLOSED pgs=19 cs=0 l=1 rev1=1 crypto rx=0 tx=0 comp rx=0 tx=0).stop
2024-05-08T19:57:54.988 INFO:teuthology.orchestra.run.smithi033.stdout:/usr/bin/ceph: stderr
2024-05-08T19:57:54.655+0000 7ffbc58a0700 1 -- 172.21.15.33:0/234541540 >> 172.21.15.33:0/234541540 conn(0x7ffbc0100520 msgr2=0x7ffbc0101150 unknown :-1 s=STATE_NONE l=0).mark_down
2024-05-08T19:57:54.988 INFO:teuthology.orchestra.run.smithi033.stdout:/usr/bin/ceph: stderr
2024-05-08T19:57:54.655+0000 7ffbc58a0700 1 -- 172.21.15.33:0/234541540 shutdown_connections
2024-05-08T19:57:54.988 INFO:teuthology.orchestra.run.smithi033.stdout:/usr/bin/ceph: stderr
2024-05-08T19:57:54.656+0000 7ffbc58a0700 1 -- 172.21.15.33:0/234541540 wait complete.
2024-05-08T19:57:54.988 INFO:teuthology.orchestra.run.smithi033.stdout:mgr is available
2024-05-08T19:57:55.925 INFO:teuthology.orchestra.run.smithi033.stdout:/usr/bin/ceph: stdout
2024-05-08T19:57:55.925 INFO:teuthology.orchestra.run.smithi033.stdout:/usr/bin/ceph: stdout [global]
2024-05-08T19:57:55.925 INFO:teuthology.orchestra.run.smithi033.stdout:/usr/bin/ceph: stdout fsid = 0ee61dd4-0d75-11ef-bc97-c7b262605968
2024-05-08T19:57:55.925 INFO:teuthology.orchestra.run.smithi033.stdout:/usr/bin/ceph: stdout mon_osd_allow_pg_remap = true
2024-05-08T19:57:55.925 INFO:teuthology.orchestra.run.smithi033.stdout:/usr/bin/ceph: stdout mon_osd_allow_primary_affinity = true
2024-05-08T19:57:55.925 INFO:teuthology.orchestra.run.smithi033.stdout:/usr/bin/ceph: stdout mon_warn_on_no_sortbitwise = false
2024-05-08T19:57:55.925 INFO:teuthology.orchestra.run.smithi033.stdout:/usr/bin/ceph: stdout osd_crush_chooseleaf_type = 0
2024-05-08T19:57:55.925 INFO:teuthology.orchestra.run.smithi033.stdout:/usr/bin/ceph: stdout
2024-05-08T19:57:55.925 INFO:teuthology.orchestra.run.smithi033.stdout:/usr/bin/ceph: stdout [mgr]
2024-05-08T19:57:55.926 INFO:teuthology.orchestra.run.smithi033.stdout:/usr/bin/ceph: stdout mgr/telemetry/nag = false
2024-05-08T19:57:55.926 INFO:teuthology.orchestra.run.smithi033.stdout:/usr/bin/ceph: stdout
2024-05-08T19:57:55.926 INFO:teuthology.orchestra.run.smithi033.stdout:/usr/bin/ceph: stdout [osd]
2024-05-08T19:57:55.926 INFO:teuthology.orchestra.run.smithi033.stdout:/usr/bin/ceph: stdout mon_osd_backfillfull_ratio = 0.85
2024-05-08T19:57:55.926 INFO:teuthology.orchestra.run.smithi033.stdout:/usr/bin/ceph: stdout mon_osd_full_ratio = 0.9
2024-05-08T19:57:55.926 INFO:teuthology.orchestra.run.smithi033.stdout:/usr/bin/ceph: stdout mon_osd_nearfull_ratio = 0.8
2024-05-08T19:57:55.926 INFO:teuthology.orchestra.run.smithi033.stdout:/usr/bin/ceph: stdout osd_map_max_advance = 10
2024-05-08T19:57:55.926 INFO:teuthology.orchestra.run.smithi033.stdout:/usr/bin/ceph: stdout osd_sloppy_crc = true
2024-05-08T19:57:55.926 INFO:teuthology.orchestra.run.smithi033.stdout:/usr/bin/ceph: stderr
2024-05-08T19:57:55.346+0000 7fa7f6c5a700 1 Processor -- start
2024-05-08T19:57:55.926 INFO:teuthology.orchestra.run.smithi033.stdout:/usr/bin/ceph: stderr
2024-05-08T19:57:55.346+0000 7fa7f6c5a700 1 -- start start
2024-05-08T19:57:55.926 INFO:teuthology.orchestra.run.smithi033.stdout:/usr/bin/ceph: stderr
2024-05-08T19:57:55.346+0000 7fa7f6c5a700 1 --2- >> [v2:172.21.15.33:3300/0,v1:172.21.15.33:6789/0] conn(0x7fa7f01057c0 0x7fa7f0105be0 unknown :-1 s=NONE pgs=0 cs=0 l=0 rev1=0 crypto rx=0 tx=0 comp rx=0 tx=0).connect
2024-05-08T19:57:55.926 INFO:teuthology.orchestra.run.smithi033.stdout:/usr/bin/ceph: stderr
2024-05-08T19:57:55.346+0000 7fa7f6c5a700 1 -- --> [v2:172.21.15.33:3300/0,v1:172.21.15.33:6789/0] -- mon_getmap magic: 0 v1 -- 0x7fa7f01061b0 con 0x7fa7f01057c0
2024-05-08T19:57:55.926 INFO:teuthology.orchestra.run.smithi033.stdout:/usr/bin/ceph: stderr
2024-05-08T19:57:55.346+0000 7fa7f49f6700 1 --2- >> [v2:172.21.15.33:3300/0,v1:172.21.15.33:6789/0] conn(0x7fa7f01057c0 0x7fa7f0105be0 unknown :-1 s=BANNER_CONNECTING pgs=0 cs=0 l=0 rev1=0 crypto rx=0 tx=0 comp rx=0 tx=0)._handle_peer_banner_payload supported=3 required=0
2024-05-08T19:57:55.926 INFO:teuthology.orchestra.run.smithi033.stdout:/usr/bin/ceph: stderr
2024-05-08T19:57:55.346+0000 7fa7f49f6700 1 --2- >> [v2:172.21.15.33:3300/0,v1:172.21.15.33:6789/0] conn(0x7fa7f01057c0 0x7fa7f0105be0 unknown :-1 s=HELLO_CONNECTING pgs=0 cs=0 l=0 rev1=1 crypto rx=0 tx=0 comp rx=0 tx=0).handle_hello peer v2:172.21.15.33:3300/0 says I am v2:172.21.15.33:38050/0 (socket says 172.21.15.33:38050)
2024-05-08T19:57:55.927 INFO:teuthology.orchestra.run.smithi033.stdout:/usr/bin/ceph: stderr
2024-05-08T19:57:55.346+0000 7fa7f49f6700 1 -- 172.21.15.33:0/433595736 learned_addr learned my addr 172.21.15.33:0/433595736 (peer_addr_for_me v2:172.21.15.33:0/0)
2024-05-08T19:57:55.927 INFO:teuthology.orchestra.run.smithi033.stdout:/usr/bin/ceph: stderr
2024-05-08T19:57:55.347+0000 7fa7f49f6700 1 -- 172.21.15.33:0/433595736 --> [v2:172.21.15.33:3300/0,v1:172.21.15.33:6789/0] -- mon_subscribe({config=0+,monmap=0+}) v3 -- 0x7fa7f01069c0 con 0x7fa7f01057c0
2024-05-08T19:57:55.927 INFO:teuthology.orchestra.run.smithi033.stdout:/usr/bin/ceph: stderr
2024-05-08T19:57:55.347+0000 7fa7f49f6700 1 --2- 172.21.15.33:0/433595736 >> [v2:172.21.15.33:3300/0,v1:172.21.15.33:6789/0] conn(0x7fa7f01057c0 0x7fa7f0105be0 secure :-1 s=READY pgs=20 cs=0 l=1 rev1=1 crypto rx=0x7fa7e40098a0 tx=0x7fa7e4009bb0 comp rx=0 tx=0).ready entity=mon.0 client_cookie=4f10e293fed4927b server_cookie=0 in_seq=0 out_seq=0
2024-05-08T19:57:55.927 INFO:teuthology.orchestra.run.smithi033.stdout:/usr/bin/ceph: stderr
2024-05-08T19:57:55.347+0000 7fa7ef7fe700 1 -- 172.21.15.33:0/433595736 <== mon.0 v2:172.21.15.33:3300/0 1 ==== mon_map magic: 0 v1 ==== 205+0+0 (secure 0 0 0) 0x7fa7e4004160 con 0x7fa7f01057c0
2024-05-08T19:57:55.927 INFO:teuthology.orchestra.run.smithi033.stdout:/usr/bin/ceph: stderr
2024-05-08T19:57:55.347+0000 7fa7ef7fe700 1 -- 172.21.15.33:0/433595736 <== mon.0 v2:172.21.15.33:3300/0 2 ==== config(27 keys) v1 ==== 1108+0+0 (secure 0 0 0) 0x7fa7e40042c0 con 0x7fa7f01057c0
2024-05-08T19:57:55.927 INFO:teuthology.orchestra.run.smithi033.stdout:/usr/bin/ceph: stderr
2024-05-08T19:57:55.347+0000 7fa7ef7fe700 1 -- 172.21.15.33:0/433595736 <== mon.0 v2:172.21.15.33:3300/0 3 ==== mon_map magic: 0 v1 ==== 205+0+0 (secure 0 0 0) 0x7fa7e4011ac0 con 0x7fa7f01057c0
2024-05-08T19:57:55.927 INFO:teuthology.orchestra.run.smithi033.stdout:/usr/bin/ceph: stderr
2024-05-08T19:57:55.348+0000 7fa7f6c5a700 1 -- 172.21.15.33:0/433595736 >> [v2:172.21.15.33:3300/0,v1:172.21.15.33:6789/0] conn(0x7fa7f01057c0 msgr2=0x7fa7f0105be0 secure :-1 s=STATE_CONNECTION_ESTABLISHED l=1).mark_down
2024-05-08T19:57:55.927 INFO:teuthology.orchestra.run.smithi033.stdout:/usr/bin/ceph: stderr
2024-05-08T19:57:55.348+0000 7fa7f6c5a700 1 --2- 172.21.15.33:0/433595736 >> [v2:172.21.15.33:3300/0,v1:172.21.15.33:6789/0] conn(0x7fa7f01057c0 0x7fa7f0105be0 secure :-1 s=READY pgs=20 cs=0 l=1 rev1=1 crypto rx=0x7fa7e40098a0 tx=0x7fa7e4009bb0 comp rx=0 tx=0).stop
2024-05-08T19:57:55.927 INFO:teuthology.orchestra.run.smithi033.stdout:/usr/bin/ceph: stderr
2024-05-08T19:57:55.348+0000 7fa7f6c5a700 1 -- 172.21.15.33:0/433595736 shutdown_connections
2024-05-08T19:57:55.927 INFO:teuthology.orchestra.run.smithi033.stdout:/usr/bin/ceph: stderr
2024-05-08T19:57:55.348+0000 7fa7f6c5a700 1 --2- 172.21.15.33:0/433595736 >> [v2:172.21.15.33:3300/0,v1:172.21.15.33:6789/0] conn(0x7fa7f01057c0 0x7fa7f0105be0 unknown :-1 s=CLOSED pgs=20 cs=0 l=1 rev1=1 crypto rx=0 tx=0 comp rx=0 tx=0).stop
2024-05-08T19:57:55.927 INFO:teuthology.orchestra.run.smithi033.stdout:/usr/bin/ceph: stderr
2024-05-08T19:57:55.348+0000 7fa7f6c5a700 1 -- 172.21.15.33:0/433595736 >> 172.21.15.33:0/433595736 conn(0x7fa7f0100e00 msgr2=0x7fa7f0103220 unknown :-1 s=STATE_NONE l=0).mark_down
2024-05-08T19:57:55.927 INFO:teuthology.orchestra.run.smithi033.stdout:/usr/bin/ceph: stderr
2024-05-08T19:57:55.348+0000 7fa7f6c5a700 1 -- 172.21.15.33:0/433595736 shutdown_connections
2024-05-08T19:57:55.927 INFO:teuthology.orchestra.run.smithi033.stdout:/usr/bin/ceph: stderr
2024-05-08T19:57:55.348+0000 7fa7f6c5a700 1 -- 172.21.15.33:0/433595736 wait complete.
2024-05-08T19:57:55.927 INFO:teuthology.orchestra.run.smithi033.stdout:/usr/bin/ceph: stderr
2024-05-08T19:57:55.348+0000 7fa7f6c5a700 1 Processor -- start
2024-05-08T19:57:55.928 INFO:teuthology.orchestra.run.smithi033.stdout:/usr/bin/ceph: stderr
2024-05-08T19:57:55.349+0000 7fa7f6c5a700 1 -- start start
2024-05-08T19:57:55.928 INFO:teuthology.orchestra.run.smithi033.stdout:/usr/bin/ceph: stderr
2024-05-08T19:57:55.349+0000 7fa7f6c5a700 1 --2- >> [v2:172.21.15.33:3300/0,v1:172.21.15.33:6789/0] conn(0x7fa7f01057c0 0x7fa7f01908e0 unknown :-1 s=NONE pgs=0 cs=0 l=1 rev1=0 crypto rx=0 tx=0 comp rx=0 tx=0).connect
2024-05-08T19:57:55.928 INFO:teuthology.orchestra.run.smithi033.stdout:/usr/bin/ceph: stderr
2024-05-08T19:57:55.349+0000 7fa7f6c5a700 1 -- --> [v2:172.21.15.33:3300/0,v1:172.21.15.33:6789/0] -- mon_getmap magic: 0 v1 -- 0x7fa7f0190e20 con 0x7fa7f01057c0
2024-05-08T19:57:55.928 INFO:teuthology.orchestra.run.smithi033.stdout:/usr/bin/ceph: stderr
2024-05-08T19:57:55.349+0000 7fa7f49f6700 1 --2- >> [v2:172.21.15.33:3300/0,v1:172.21.15.33:6789/0] conn(0x7fa7f01057c0 0x7fa7f01908e0 unknown :-1 s=BANNER_CONNECTING pgs=0 cs=0 l=1 rev1=0 crypto rx=0 tx=0 comp rx=0 tx=0)._handle_peer_banner_payload supported=3 required=0
2024-05-08T19:57:55.928 INFO:teuthology.orchestra.run.smithi033.stdout:/usr/bin/ceph: stderr
2024-05-08T19:57:55.349+0000 7fa7f49f6700 1 --2- >> [v2:172.21.15.33:3300/0,v1:172.21.15.33:6789/0] conn(0x7fa7f01057c0 0x7fa7f01908e0 unknown :-1 s=HELLO_CONNECTING pgs=0 cs=0 l=1 rev1=1 crypto rx=0 tx=0 comp rx=0 tx=0).handle_hello peer v2:172.21.15.33:3300/0 says I am v2:172.21.15.33:38064/0 (socket says 172.21.15.33:38064)
2024-05-08T19:57:55.928 INFO:teuthology.orchestra.run.smithi033.stdout:/usr/bin/ceph: stderr
2024-05-08T19:57:55.349+0000 7fa7f49f6700 1 -- 172.21.15.33:0/2248559794 learned_addr learned my addr 172.21.15.33:0/2248559794 (peer_addr_for_me v2:172.21.15.33:0/0)
2024-05-08T19:57:55.928 INFO:teuthology.orchestra.run.smithi033.stdout:/usr/bin/ceph: stderr
2024-05-08T19:57:55.349+0000 7fa7f49f6700 1 -- 172.21.15.33:0/2248559794 --> [v2:172.21.15.33:3300/0,v1:172.21.15.33:6789/0] -- mon_subscribe({config=0+,monmap=0+}) v3 -- 0x7fa7e4009550 con 0x7fa7f01057c0
2024-05-08T19:57:55.928 INFO:teuthology.orchestra.run.smithi033.stdout:/usr/bin/ceph: stderr
2024-05-08T19:57:55.349+0000 7fa7f49f6700 1 --2- 172.21.15.33:0/2248559794 >> [v2:172.21.15.33:3300/0,v1:172.21.15.33:6789/0] conn(0x7fa7f01057c0 0x7fa7f01908e0 secure :-1 s=READY pgs=21 cs=0 l=1 rev1=1 crypto rx=0x7fa7e4003f70 tx=0x7fa7e4011b40 comp rx=0 tx=0).ready entity=mon.0 client_cookie=0 server_cookie=0 in_seq=0 out_seq=0
2024-05-08T19:57:55.928 INFO:teuthology.orchestra.run.smithi033.stdout:/usr/bin/ceph: stderr
2024-05-08T19:57:55.349+0000 7fa7edffb700 1 -- 172.21.15.33:0/2248559794 <== mon.0 v2:172.21.15.33:3300/0 1 ==== mon_map magic: 0 v1 ==== 205+0+0 (secure 0 0 0) 0x7fa7e40039f0 con 0x7fa7f01057c0
2024-05-08T19:57:55.928 INFO:teuthology.orchestra.run.smithi033.stdout:/usr/bin/ceph: stderr
2024-05-08T19:57:55.350+0000 7fa7edffb700 1 -- 172.21.15.33:0/2248559794 <== mon.0 v2:172.21.15.33:3300/0 2 ==== config(27 keys) v1 ==== 1108+0+0 (secure 0 0 0) 0x7fa7e4003b50 con 0x7fa7f01057c0
2024-05-08T19:57:55.928 INFO:teuthology.orchestra.run.smithi033.stdout:/usr/bin/ceph: stderr
2024-05-08T19:57:55.350+0000 7fa7f6c5a700 1 -- 172.21.15.33:0/2248559794 --> [v2:172.21.15.33:3300/0,v1:172.21.15.33:6789/0] -- mon_subscribe({mgrmap=0+}) v3 -- 0x7fa7f018f060 con 0x7fa7f01057c0
2024-05-08T19:57:55.928 INFO:teuthology.orchestra.run.smithi033.stdout:/usr/bin/ceph: stderr
2024-05-08T19:57:55.350+0000 7fa7edffb700 1 -- 172.21.15.33:0/2248559794 <== mon.0 v2:172.21.15.33:3300/0 3 ==== mon_map magic: 0 v1 ==== 205+0+0 (secure 0 0 0) 0x7fa7e401a690 con 0x7fa7f01057c0
2024-05-08T19:57:55.928 INFO:teuthology.orchestra.run.smithi033.stdout:/usr/bin/ceph: stderr
2024-05-08T19:57:55.350+0000 7fa7f6c5a700 1 -- 172.21.15.33:0/2248559794 --> [v2:172.21.15.33:3300/0,v1:172.21.15.33:6789/0] -- mon_subscribe({osdmap=0}) v3 -- 0x7fa7f018f500 con 0x7fa7f01057c0
2024-05-08T19:57:55.928 INFO:teuthology.orchestra.run.smithi033.stdout:/usr/bin/ceph: stderr
2024-05-08T19:57:55.351+0000 7fa7edffb700 1 -- 172.21.15.33:0/2248559794 <== mon.0 v2:172.21.15.33:3300/0 4 ==== mgrmap(e 4) v1 ==== 45530+0+0 (secure 0 0 0) 0x7fa7e4024430 con 0x7fa7f01057c0
2024-05-08T19:57:55.929 INFO:teuthology.orchestra.run.smithi033.stdout:/usr/bin/ceph: stderr
2024-05-08T19:57:55.351+0000 7fa7edffb700 1 --2- 172.21.15.33:0/2248559794 >> [v2:172.21.15.33:6800/113789498,v1:172.21.15.33:6801/113789498] conn(0x7fa7e0038660 0x7fa7e003ab20 unknown :-1 s=NONE pgs=0 cs=0 l=1 rev1=0 crypto rx=0 tx=0 comp rx=0 tx=0).connect
2024-05-08T19:57:55.929 INFO:teuthology.orchestra.run.smithi033.stdout:/usr/bin/ceph: stderr
2024-05-08T19:57:55.351+0000 7fa7edffb700 1 -- 172.21.15.33:0/2248559794 <== mon.0 v2:172.21.15.33:3300/0 5 ==== osd_map(1..1 src has 1..1) v4 ==== 725+0+0 (secure 0 0 0) 0x7fa7e404c820 con 0x7fa7f01057c0
2024-05-08T19:57:55.929 INFO:teuthology.orchestra.run.smithi033.stdout:/usr/bin/ceph: stderr
2024-05-08T19:57:55.351+0000 7fa7f6c5a700 1 -- 172.21.15.33:0/2248559794 --> [v2:172.21.15.33:3300/0,v1:172.21.15.33:6789/0] -- mon_command({"prefix": "get_command_descriptions"} v 0) v1 -- 0x7fa7f0068030 con 0x7fa7f01057c0
2024-05-08T19:57:55.929 INFO:teuthology.orchestra.run.smithi033.stdout:/usr/bin/ceph: stderr
2024-05-08T19:57:55.351+0000 7fa7effff700 1 --2- 172.21.15.33:0/2248559794 >> [v2:172.21.15.33:6800/113789498,v1:172.21.15.33:6801/113789498] conn(0x7fa7e0038660 0x7fa7e003ab20 unknown :-1 s=BANNER_CONNECTING pgs=0 cs=0 l=1 rev1=0 crypto rx=0 tx=0 comp rx=0 tx=0)._handle_peer_banner_payload supported=3 required=0
2024-05-08T19:57:55.929 INFO:teuthology.orchestra.run.smithi033.stdout:/usr/bin/ceph: stderr
2024-05-08T19:57:55.351+0000 7fa7effff700 1 --2- 172.21.15.33:0/2248559794 >> [v2:172.21.15.33:6800/113789498,v1:172.21.15.33:6801/113789498] conn(0x7fa7e0038660 0x7fa7e003ab20 secure :-1 s=READY pgs=7 cs=0 l=1 rev1=1 crypto rx=0x7fa7dc006fd0 tx=0x7fa7dc006e40 comp rx=0 tx=0).ready entity=mgr.14100 client_cookie=0 server_cookie=0 in_seq=0 out_seq=0
2024-05-08T19:57:55.929 INFO:teuthology.orchestra.run.smithi033.stdout:/usr/bin/ceph: stderr
2024-05-08T19:57:55.356+0000 7fa7edffb700 1 -- 172.21.15.33:0/2248559794 <== mon.0 v2:172.21.15.33:3300/0 6 ==== mon_command_ack([{"prefix": "get_command_descriptions"}]=0 v0) v1 ==== 72+0+183622 (secure 0 0 0) 0x7fa7e40189a0 con 0x7fa7f01057c0
2024-05-08T19:57:55.929 INFO:teuthology.orchestra.run.smithi033.stdout:/usr/bin/ceph: stderr
2024-05-08T19:57:55.565+0000 7fa7f6c5a700 1 -- 172.21.15.33:0/2248559794 --> [v2:172.21.15.33:3300/0,v1:172.21.15.33:6789/0] -- mon_command({"prefix": "config assimilate-conf"} v 0) v1 -- 0x7fa7f0109bf0 con 0x7fa7f01057c0
2024-05-08T19:57:55.929 INFO:teuthology.orchestra.run.smithi033.stdout:/usr/bin/ceph: stderr
2024-05-08T19:57:55.566+0000 7fa7edffb700 1 -- 172.21.15.33:0/2248559794 <== mon.0 v2:172.21.15.33:3300/0 7 ==== mon_command_ack([{"prefix": "config assimilate-conf"}]=0 v3) v1 ==== 70+0+373 (secure 0 0 0) 0x7fa7e4018350 con 0x7fa7f01057c0
2024-05-08T19:57:55.929 INFO:teuthology.orchestra.run.smithi033.stdout:/usr/bin/ceph: stderr
2024-05-08T19:57:55.569+0000 7fa7f6c5a700 1 -- 172.21.15.33:0/2248559794 >> [v2:172.21.15.33:6800/113789498,v1:172.21.15.33:6801/113789498] conn(0x7fa7e0038660 msgr2=0x7fa7e003ab20 secure :-1 s=STATE_CONNECTION_ESTABLISHED l=1).mark_down
2024-05-08T19:57:55.929 INFO:teuthology.orchestra.run.smithi033.stdout:/usr/bin/ceph: stderr
2024-05-08T19:57:55.569+0000 7fa7f6c5a700 1 --2- 172.21.15.33:0/2248559794 >> [v2:172.21.15.33:6800/113789498,v1:172.21.15.33:6801/113789498] conn(0x7fa7e0038660 0x7fa7e003ab20 secure :-1 s=READY pgs=7 cs=0 l=1 rev1=1 crypto rx=0x7fa7dc006fd0 tx=0x7fa7dc006e40 comp rx=0 tx=0).stop
2024-05-08T19:57:55.929 INFO:teuthology.orchestra.run.smithi033.stdout:/usr/bin/ceph: stderr
2024-05-08T19:57:55.569+0000 7fa7f6c5a700 1 -- 172.21.15.33:0/2248559794 >> [v2:172.21.15.33:3300/0,v1:172.21.15.33:6789/0] conn(0x7fa7f01057c0 msgr2=0x7fa7f01908e0 secure :-1 s=STATE_CONNECTION_ESTABLISHED l=1).mark_down
2024-05-08T19:57:55.929 INFO:teuthology.orchestra.run.smithi033.stdout:/usr/bin/ceph: stderr
2024-05-08T19:57:55.569+0000 7fa7f6c5a700 1 --2- 172.21.15.33:0/2248559794 >> [v2:172.21.15.33:3300/0,v1:172.21.15.33:6789/0] conn(0x7fa7f01057c0 0x7fa7f01908e0 secure :-1 s=READY pgs=21 cs=0 l=1 rev1=1 crypto rx=0x7fa7e4003f70 tx=0x7fa7e4011b40 comp rx=0 tx=0).stop
2024-05-08T19:57:55.929 INFO:teuthology.orchestra.run.smithi033.stdout:/usr/bin/ceph: stderr
2024-05-08T19:57:55.569+0000 7fa7f6c5a700 1 -- 172.21.15.33:0/2248559794 shutdown_connections
2024-05-08T19:57:55.929 INFO:teuthology.orchestra.run.smithi033.stdout:/usr/bin/ceph: stderr
2024-05-08T19:57:55.569+0000 7fa7f6c5a700 1 --2- 172.21.15.33:0/2248559794 >> [v2:172.21.15.33:6800/113789498,v1:172.21.15.33:6801/113789498] conn(0x7fa7e0038660 0x7fa7e003ab20 unknown :-1 s=CLOSED pgs=7 cs=0 l=1 rev1=1 crypto rx=0 tx=0 comp rx=0 tx=0).stop
2024-05-08T19:57:55.930 INFO:teuthology.orchestra.run.smithi033.stdout:/usr/bin/ceph: stderr
2024-05-08T19:57:55.569+0000 7fa7f6c5a700 1 --2- 172.21.15.33:0/2248559794 >> [v2:172.21.15.33:3300/0,v1:172.21.15.33:6789/0] conn(0x7fa7f01057c0 0x7fa7f01908e0 unknown :-1 s=CLOSED pgs=21 cs=0 l=1 rev1=1 crypto rx=0 tx=0 comp rx=0 tx=0).stop
2024-05-08T19:57:55.930 INFO:teuthology.orchestra.run.smithi033.stdout:/usr/bin/ceph: stderr
2024-05-08T19:57:55.569+0000 7fa7f6c5a700 1 -- 172.21.15.33:0/2248559794 >> 172.21.15.33:0/2248559794 conn(0x7fa7f0100e00 msgr2=0x7fa7f0101cb0 unknown :-1 s=STATE_NONE l=0).mark_down
2024-05-08T19:57:55.930 INFO:teuthology.orchestra.run.smithi033.stdout:/usr/bin/ceph: stderr
2024-05-08T19:57:55.569+0000 7fa7f6c5a700 1 -- 172.21.15.33:0/2248559794 shutdown_connections
2024-05-08T19:57:55.930 INFO:teuthology.orchestra.run.smithi033.stdout:/usr/bin/ceph: stderr
2024-05-08T19:57:55.569+0000 7fa7f6c5a700 1 -- 172.21.15.33:0/2248559794 wait complete.
2024-05-08T19:57:55.930 INFO:teuthology.orchestra.run.smithi033.stdout:Enabling cephadm module...
2024-05-08T19:57:56.321 INFO:journalctl@ceph.mon.a.smithi033.stdout:May 08 19:57:55 smithi033 ceph-mon[42490]: mgrmap e4: x(active, since 2s)
2024-05-08T19:57:56.321 INFO:journalctl@ceph.mon.a.smithi033.stdout:May 08 19:57:55 smithi033 ceph-mon[42490]: from='client.? 172.21.15.33:0/2248559794' entity='client.admin' cmd=[{"prefix": "config assimilate-conf"}]: dispatch
2024-05-08T19:57:57.238 INFO:journalctl@ceph.mon.a.smithi033.stdout:May 08 19:57:56 smithi033 ceph-mon[42490]: from='client.? 172.21.15.33:0/527932960' entity='client.admin' cmd=[{"prefix": "mgr module enable", "module": "cephadm"}]: dispatch
2024-05-08T19:57:57.238 INFO:journalctl@ceph.mgr.x.smithi033.stdout:May 08 19:57:56 smithi033 ceph-0ee61dd4-0d75-11ef-bc97-c7b262605968-mgr-x[42743]: ignoring --setuser ceph since I am not root
2024-05-08T19:57:57.238 INFO:journalctl@ceph.mgr.x.smithi033.stdout:May 08 19:57:56 smithi033 ceph-0ee61dd4-0d75-11ef-bc97-c7b262605968-mgr-x[42743]: ignoring --setgroup ceph since I am not root
2024-05-08T19:57:57.285 INFO:teuthology.orchestra.run.smithi033.stdout:/usr/bin/ceph: stderr
2024-05-08T19:57:56.334+0000 7ff4572df700 1 Processor -- start
2024-05-08T19:57:57.285 INFO:teuthology.orchestra.run.smithi033.stdout:/usr/bin/ceph: stderr
2024-05-08T19:57:56.334+0000 7ff4572df700 1 -- start start
2024-05-08T19:57:57.285 INFO:teuthology.orchestra.run.smithi033.stdout:/usr/bin/ceph: stderr
2024-05-08T19:57:56.334+0000 7ff4572df700 1 --2- >> [v2:172.21.15.33:3300/0,v1:172.21.15.33:6789/0] conn(0x7ff450107380 0x7ff450109770 unknown :-1 s=NONE pgs=0 cs=0 l=0 rev1=0 crypto rx=0 tx=0 comp rx=0 tx=0).connect
2024-05-08T19:57:57.285 INFO:teuthology.orchestra.run.smithi033.stdout:/usr/bin/ceph: stderr
2024-05-08T19:57:56.335+0000 7ff4572df700 1 -- --> [v2:172.21.15.33:3300/0,v1:172.21.15.33:6789/0] -- mon_getmap magic: 0 v1 -- 0x7ff450079e50 con 0x7ff450107380
2024-05-08T19:57:57.285 INFO:teuthology.orchestra.run.smithi033.stdout:/usr/bin/ceph: stderr
2024-05-08T19:57:56.335+0000 7ff45507b700 1 --2- >> [v2:172.21.15.33:3300/0,v1:172.21.15.33:6789/0] conn(0x7ff450107380 0x7ff450109770 unknown :-1 s=BANNER_CONNECTING pgs=0 cs=0 l=0 rev1=0 crypto rx=0 tx=0 comp rx=0 tx=0)._handle_peer_banner_payload supported=3 required=0
2024-05-08T19:57:57.285 INFO:teuthology.orchestra.run.smithi033.stdout:/usr/bin/ceph: stderr
2024-05-08T19:57:56.335+0000 7ff45507b700 1 --2- >> [v2:172.21.15.33:3300/0,v1:172.21.15.33:6789/0] conn(0x7ff450107380 0x7ff450109770 unknown :-1 s=HELLO_CONNECTING pgs=0 cs=0 l=0 rev1=1 crypto rx=0 tx=0 comp rx=0 tx=0).handle_hello peer v2:172.21.15.33:3300/0 says I am v2:172.21.15.33:38074/0 (socket says 172.21.15.33:38074)
2024-05-08T19:57:57.285 INFO:teuthology.orchestra.run.smithi033.stdout:/usr/bin/ceph: stderr
2024-05-08T19:57:56.335+0000 7ff45507b700 1 -- 172.21.15.33:0/426270859 learned_addr learned my addr 172.21.15.33:0/426270859 (peer_addr_for_me v2:172.21.15.33:0/0)
2024-05-08T19:57:57.286 INFO:teuthology.orchestra.run.smithi033.stdout:/usr/bin/ceph: stderr
2024-05-08T19:57:56.335+0000 7ff45507b700 1 -- 172.21.15.33:0/426270859 --> [v2:172.21.15.33:3300/0,v1:172.21.15.33:6789/0] -- mon_subscribe({config=0+,monmap=0+}) v3 -- 0x7ff450109cb0 con 0x7ff450107380
2024-05-08T19:57:57.291 INFO:teuthology.orchestra.run.smithi033.stdout:/usr/bin/ceph: stderr
2024-05-08T19:57:56.335+0000 7ff45507b700 1 --2- 172.21.15.33:0/426270859 >> [v2:172.21.15.33:3300/0,v1:172.21.15.33:6789/0] conn(0x7ff450107380 0x7ff450109770 secure :-1 s=READY pgs=22 cs=0 l=1 rev1=1 crypto rx=0x7ff44c0098a0 tx=0x7ff44c009bb0 comp rx=0 tx=0).ready entity=mon.0 client_cookie=9ba4ab97416a8b7d server_cookie=0 in_seq=0 out_seq=0
2024-05-08T19:57:57.291 INFO:teuthology.orchestra.run.smithi033.stdout:/usr/bin/ceph: stderr
2024-05-08T19:57:56.335+0000 7ff447fff700 1 -- 172.21.15.33:0/426270859 <== mon.0 v2:172.21.15.33:3300/0 1 ==== mon_map magic: 0 v1 ==== 205+0+0 (secure 0 0 0) 0x7ff44c004160 con 0x7ff450107380
2024-05-08T19:57:57.291 INFO:teuthology.orchestra.run.smithi033.stdout:/usr/bin/ceph: stderr
2024-05-08T19:57:56.335+0000 7ff447fff700 1 -- 172.21.15.33:0/426270859 <== mon.0 v2:172.21.15.33:3300/0 2 ==== config(27 keys) v1 ==== 1108+0+0 (secure 0 0 0) 0x7ff44c0042c0 con 0x7ff450107380
2024-05-08T19:57:57.292 INFO:teuthology.orchestra.run.smithi033.stdout:/usr/bin/ceph: stderr
2024-05-08T19:57:56.335+0000 7ff447fff700 1 -- 172.21.15.33:0/426270859 <== mon.0 v2:172.21.15.33:3300/0 3 ==== mon_map magic: 0 v1 ==== 205+0+0 (secure 0 0 0) 0x7ff44c011ac0 con 0x7ff450107380
2024-05-08T19:57:57.292 INFO:teuthology.orchestra.run.smithi033.stdout:/usr/bin/ceph: stderr
2024-05-08T19:57:56.336+0000 7ff4572df700 1 -- 172.21.15.33:0/426270859 >> [v2:172.21.15.33:3300/0,v1:172.21.15.33:6789/0] conn(0x7ff450107380 msgr2=0x7ff450109770 secure :-1 s=STATE_CONNECTION_ESTABLISHED l=1).mark_down
2024-05-08T19:57:57.292 INFO:teuthology.orchestra.run.smithi033.stdout:/usr/bin/ceph: stderr
2024-05-08T19:57:56.336+0000 7ff4572df700 1 --2- 172.21.15.33:0/426270859 >> [v2:172.21.15.33:3300/0,v1:172.21.15.33:6789/0] conn(0x7ff450107380 0x7ff450109770 secure :-1 s=READY pgs=22 cs=0 l=1 rev1=1 crypto rx=0x7ff44c0098a0 tx=0x7ff44c009bb0 comp rx=0 tx=0).stop
2024-05-08T19:57:57.292 INFO:teuthology.orchestra.run.smithi033.stdout:/usr/bin/ceph: stderr
2024-05-08T19:57:56.336+0000 7ff4572df700 1 -- 172.21.15.33:0/426270859 shutdown_connections
2024-05-08T19:57:57.292 INFO:teuthology.orchestra.run.smithi033.stdout:/usr/bin/ceph: stderr
2024-05-08T19:57:56.336+0000 7ff4572df700 1 --2- 172.21.15.33:0/426270859 >> [v2:172.21.15.33:3300/0,v1:172.21.15.33:6789/0] conn(0x7ff450107380 0x7ff450109770 unknown :-1 s=CLOSED pgs=22 cs=0 l=1 rev1=1 crypto rx=0 tx=0 comp rx=0 tx=0).stop
2024-05-08T19:57:57.292 INFO:teuthology.orchestra.run.smithi033.stdout:/usr/bin/ceph: stderr
2024-05-08T19:57:56.336+0000 7ff4572df700 1 -- 172.21.15.33:0/426270859 >> 172.21.15.33:0/426270859 conn(0x7ff450100e30 msgr2=0x7ff450103250 unknown :-1 s=STATE_NONE l=0).mark_down
2024-05-08T19:57:57.292 INFO:teuthology.orchestra.run.smithi033.stdout:/usr/bin/ceph: stderr
2024-05-08T19:57:56.336+0000 7ff4572df700 1 -- 172.21.15.33:0/426270859 shutdown_connections
2024-05-08T19:57:57.292 INFO:teuthology.orchestra.run.smithi033.stdout:/usr/bin/ceph: stderr
2024-05-08T19:57:56.336+0000 7ff4572df700 1 -- 172.21.15.33:0/426270859 wait complete.
2024-05-08T19:57:57.292 INFO:teuthology.orchestra.run.smithi033.stdout:/usr/bin/ceph: stderr
2024-05-08T19:57:56.337+0000 7ff4572df700 1 Processor -- start
2024-05-08T19:57:57.292 INFO:teuthology.orchestra.run.smithi033.stdout:/usr/bin/ceph: stderr
2024-05-08T19:57:56.337+0000 7ff4572df700 1 -- start start
2024-05-08T19:57:57.292 INFO:teuthology.orchestra.run.smithi033.stdout:/usr/bin/ceph: stderr
2024-05-08T19:57:56.337+0000 7ff4572df700 1 --2- >> [v2:172.21.15.33:3300/0,v1:172.21.15.33:6789/0] conn(0x7ff450107380 0x7ff45019a620 unknown :-1 s=NONE pgs=0 cs=0 l=1 rev1=0 crypto rx=0 tx=0 comp rx=0 tx=0).connect
2024-05-08T19:57:57.292 INFO:teuthology.orchestra.run.smithi033.stdout:/usr/bin/ceph: stderr
2024-05-08T19:57:56.337+0000 7ff4572df700 1 -- --> [v2:172.21.15.33:3300/0,v1:172.21.15.33:6789/0] -- mon_getmap magic: 0 v1 -- 0x7ff45019ab60 con 0x7ff450107380
2024-05-08T19:57:57.293 INFO:teuthology.orchestra.run.smithi033.stdout:/usr/bin/ceph: stderr
2024-05-08T19:57:56.337+0000 7ff45507b700 1 --2- >> [v2:172.21.15.33:3300/0,v1:172.21.15.33:6789/0] conn(0x7ff450107380 0x7ff45019a620 unknown :-1 s=BANNER_CONNECTING pgs=0 cs=0 l=1 rev1=0 crypto rx=0 tx=0 comp rx=0 tx=0)._handle_peer_banner_payload supported=3 required=0
2024-05-08T19:57:57.293 INFO:teuthology.orchestra.run.smithi033.stdout:/usr/bin/ceph: stderr
2024-05-08T19:57:56.337+0000 7ff45507b700 1 --2- >> [v2:172.21.15.33:3300/0,v1:172.21.15.33:6789/0] conn(0x7ff450107380 0x7ff45019a620 unknown :-1 s=HELLO_CONNECTING pgs=0 cs=0 l=1 rev1=1 crypto rx=0 tx=0 comp rx=0 tx=0).handle_hello peer v2:172.21.15.33:3300/0 says I am v2:172.21.15.33:38080/0 (socket says 172.21.15.33:38080)
2024-05-08T19:57:57.293 INFO:teuthology.orchestra.run.smithi033.stdout:/usr/bin/ceph: stderr
2024-05-08T19:57:56.337+0000 7ff45507b700 1 -- 172.21.15.33:0/527932960 learned_addr learned my addr 172.21.15.33:0/527932960 (peer_addr_for_me v2:172.21.15.33:0/0)
2024-05-08T19:57:57.293 INFO:teuthology.orchestra.run.smithi033.stdout:/usr/bin/ceph: stderr
2024-05-08T19:57:56.338+0000 7ff45507b700 1 -- 172.21.15.33:0/527932960 --> [v2:172.21.15.33:3300/0,v1:172.21.15.33:6789/0] -- mon_subscribe({config=0+,monmap=0+}) v3 -- 0x7ff44c009550 con 0x7ff450107380
2024-05-08T19:57:57.293 INFO:teuthology.orchestra.run.smithi033.stdout:/usr/bin/ceph: stderr
2024-05-08T19:57:56.338+0000 7ff45507b700 1 --2- 172.21.15.33:0/527932960 >> [v2:172.21.15.33:3300/0,v1:172.21.15.33:6789/0] conn(0x7ff450107380 0x7ff45019a620 secure :-1 s=READY pgs=23 cs=0 l=1 rev1=1 crypto rx=0x7ff44c009130 tx=0x7ff44c011b40 comp rx=0 tx=0).ready entity=mon.0 client_cookie=0 server_cookie=0 in_seq=0 out_seq=0
2024-05-08T19:57:57.293 INFO:teuthology.orchestra.run.smithi033.stdout:/usr/bin/ceph: stderr
2024-05-08T19:57:56.338+0000 7ff4467fc700 1 -- 172.21.15.33:0/527932960 <== mon.0 v2:172.21.15.33:3300/0 1 ==== mon_map magic: 0 v1 ==== 205+0+0 (secure 0 0 0) 0x7ff44c003aa0 con 0x7ff450107380
2024-05-08T19:57:57.293 INFO:teuthology.orchestra.run.smithi033.stdout:/usr/bin/ceph: stderr
2024-05-08T19:57:56.338+0000 7ff4467fc700 1 -- 172.21.15.33:0/527932960 <== mon.0 v2:172.21.15.33:3300/0 2 ==== config(27 keys) v1 ==== 1108+0+0 (secure 0 0 0) 0x7ff44c003c00 con 0x7ff450107380
2024-05-08T19:57:57.293 INFO:teuthology.orchestra.run.smithi033.stdout:/usr/bin/ceph: stderr
2024-05-08T19:57:56.338+0000 7ff4572df700 1 -- 172.21.15.33:0/527932960 --> [v2:172.21.15.33:3300/0,v1:172.21.15.33:6789/0] -- mon_subscribe({mgrmap=0+}) v3 -- 0x7ff45019ad60 con 0x7ff450107380
2024-05-08T19:57:57.293 INFO:teuthology.orchestra.run.smithi033.stdout:/usr/bin/ceph: stderr
2024-05-08T19:57:56.338+0000 7ff4467fc700 1 -- 172.21.15.33:0/527932960 <== mon.0 v2:172.21.15.33:3300/0 3 ==== mon_map magic: 0 v1 ==== 205+0+0 (secure 0 0 0) 0x7ff44c024800 con 0x7ff450107380
2024-05-08T19:57:57.293 INFO:teuthology.orchestra.run.smithi033.stdout:/usr/bin/ceph: stderr
2024-05-08T19:57:56.338+0000 7ff4572df700 1 -- 172.21.15.33:0/527932960 --> [v2:172.21.15.33:3300/0,v1:172.21.15.33:6789/0] -- mon_subscribe({osdmap=0}) v3 -- 0x7ff45019b200 con 0x7ff450107380
2024-05-08T19:57:57.293 INFO:teuthology.orchestra.run.smithi033.stdout:/usr/bin/ceph: stderr
2024-05-08T19:57:56.339+0000 7ff4467fc700 1 -- 172.21.15.33:0/527932960 <== mon.0 v2:172.21.15.33:3300/0 4 ==== mgrmap(e 4) v1 ==== 45530+0+0 (secure 0 0 0) 0x7ff44c024ac0 con 0x7ff450107380
2024-05-08T19:57:57.294 INFO:teuthology.orchestra.run.smithi033.stdout:/usr/bin/ceph: stderr
2024-05-08T19:57:56.339+0000 7ff4467fc700 1 --2- 172.21.15.33:0/527932960 >> [v2:172.21.15.33:6800/113789498,v1:172.21.15.33:6801/113789498] conn(0x7ff43c0386b0 0x7ff43c03ab70 unknown :-1 s=NONE pgs=0 cs=0 l=1 rev1=0 crypto rx=0 tx=0 comp rx=0 tx=0).connect
2024-05-08T19:57:57.294 INFO:teuthology.orchestra.run.smithi033.stdout:/usr/bin/ceph: stderr
2024-05-08T19:57:56.339+0000 7ff4467fc700 1 -- 172.21.15.33:0/527932960 <== mon.0 v2:172.21.15.33:3300/0 5 ==== osd_map(1..1 src has 1..1) v4 ==== 725+0+0 (secure 0 0 0) 0x7ff44c04c540 con 0x7ff450107380
2024-05-08T19:57:57.294 INFO:teuthology.orchestra.run.smithi033.stdout:/usr/bin/ceph: stderr
2024-05-08T19:57:56.339+0000 7ff45487a700 1 --2- 172.21.15.33:0/527932960 >> [v2:172.21.15.33:6800/113789498,v1:172.21.15.33:6801/113789498] conn(0x7ff43c0386b0 0x7ff43c03ab70 unknown :-1 s=BANNER_CONNECTING pgs=0 cs=0 l=1 rev1=0 crypto rx=0 tx=0 comp rx=0 tx=0)._handle_peer_banner_payload supported=3 required=0
2024-05-08T19:57:57.294 INFO:teuthology.orchestra.run.smithi033.stdout:/usr/bin/ceph: stderr
2024-05-08T19:57:56.339+0000 7ff4572df700 1 -- 172.21.15.33:0/527932960 --> [v2:172.21.15.33:3300/0,v1:172.21.15.33:6789/0] -- mon_command({"prefix": "get_command_descriptions"} v 0) v1 -- 0x7ff4500625d0 con 0x7ff450107380
2024-05-08T19:57:57.294 INFO:teuthology.orchestra.run.smithi033.stdout:/usr/bin/ceph: stderr
2024-05-08T19:57:56.340+0000 7ff45487a700 1 --2- 172.21.15.33:0/527932960 >> [v2:172.21.15.33:6800/113789498,v1:172.21.15.33:6801/113789498] conn(0x7ff43c0386b0 0x7ff43c03ab70 secure :-1 s=READY pgs=8 cs=0 l=1 rev1=1 crypto rx=0x7ff440006fd0 tx=0x7ff440006e40 comp rx=0 tx=0).ready entity=mgr.14100 client_cookie=0 server_cookie=0 in_seq=0 out_seq=0
2024-05-08T19:57:57.294 INFO:teuthology.orchestra.run.smithi033.stdout:/usr/bin/ceph: stderr
2024-05-08T19:57:56.344+0000 7ff4467fc700 1 -- 172.21.15.33:0/527932960 <== mon.0 v2:172.21.15.33:3300/0 6 ==== mon_command_ack([{"prefix": "get_command_descriptions"}]=0 v0) v1 ==== 72+0+183622 (secure 0 0 0) 0x7ff44c024d70 con 0x7ff450107380
2024-05-08T19:57:57.294 INFO:teuthology.orchestra.run.smithi033.stdout:/usr/bin/ceph: stderr
2024-05-08T19:57:56.617+0000 7ff4572df700 1 -- 172.21.15.33:0/527932960 --> [v2:172.21.15.33:3300/0,v1:172.21.15.33:6789/0] -- mon_command({"prefix": "mgr module enable", "module": "cephadm"} v 0) v1 -- 0x7ff45019dcb0 con 0x7ff450107380
2024-05-08T19:57:57.294 INFO:teuthology.orchestra.run.smithi033.stdout:/usr/bin/ceph: stderr
2024-05-08T19:57:56.913+0000 7ff4467fc700 1 -- 172.21.15.33:0/527932960 <== mon.0 v2:172.21.15.33:3300/0 7 ==== mgrmap(e 5) v1 ==== 45541+0+0 (secure 0 0 0) 0x7ff44c018350 con 0x7ff450107380
2024-05-08T19:57:57.295 INFO:teuthology.orchestra.run.smithi033.stdout:/usr/bin/ceph: stderr
2024-05-08T19:57:56.914+0000 7ff4467fc700 1 -- 172.21.15.33:0/527932960 <== mon.0 v2:172.21.15.33:3300/0 8 ==== mon_command_ack([{"prefix": "mgr module enable", "module": "cephadm"}]=0 v5) v1 ==== 86+0+0 (secure 0 0 0) 0x7ff44c024d70 con 0x7ff450107380
2024-05-08T19:57:57.295 INFO:teuthology.orchestra.run.smithi033.stdout:/usr/bin/ceph: stderr
2024-05-08T19:57:56.918+0000 7ff4572df700 1 -- 172.21.15.33:0/527932960 >> [v2:172.21.15.33:6800/113789498,v1:172.21.15.33:6801/113789498] conn(0x7ff43c0386b0 msgr2=0x7ff43c03ab70 secure :-1 s=STATE_CONNECTION_ESTABLISHED l=1).mark_down
2024-05-08T19:57:57.295 INFO:teuthology.orchestra.run.smithi033.stdout:/usr/bin/ceph: stderr
2024-05-08T19:57:56.918+0000 7ff4572df700 1 --2- 172.21.15.33:0/527932960 >> [v2:172.21.15.33:6800/113789498,v1:172.21.15.33:6801/113789498] conn(0x7ff43c0386b0 0x7ff43c03ab70 secure :-1 s=READY pgs=8 cs=0 l=1 rev1=1 crypto rx=0x7ff440006fd0 tx=0x7ff440006e40 comp rx=0 tx=0).stop
2024-05-08T19:57:57.295 INFO:teuthology.orchestra.run.smithi033.stdout:/usr/bin/ceph: stderr
2024-05-08T19:57:56.918+0000 7ff4572df700 1 -- 172.21.15.33:0/527932960 >> [v2:172.21.15.33:3300/0,v1:172.21.15.33:6789/0] conn(0x7ff450107380 msgr2=0x7ff45019a620 secure :-1 s=STATE_CONNECTION_ESTABLISHED l=1).mark_down
2024-05-08T19:57:57.295 INFO:teuthology.orchestra.run.smithi033.stdout:/usr/bin/ceph: stderr
2024-05-08T19:57:56.918+0000 7ff4572df700 1 --2- 172.21.15.33:0/527932960 >> [v2:172.21.15.33:3300/0,v1:172.21.15.33:6789/0] conn(0x7ff450107380 0x7ff45019a620 secure :-1 s=READY pgs=23 cs=0 l=1 rev1=1 crypto rx=0x7ff44c009130 tx=0x7ff44c011b40 comp rx=0 tx=0).stop
2024-05-08T19:57:57.295 INFO:teuthology.orchestra.run.smithi033.stdout:/usr/bin/ceph: stderr
2024-05-08T19:57:56.918+0000 7ff4572df700 1 -- 172.21.15.33:0/527932960 shutdown_connections
2024-05-08T19:57:57.296 INFO:teuthology.orchestra.run.smithi033.stdout:/usr/bin/ceph: stderr
2024-05-08T19:57:56.918+0000 7ff4572df700 1 --2- 172.21.15.33:0/527932960 >> [v2:172.21.15.33:6800/113789498,v1:172.21.15.33:6801/113789498] conn(0x7ff43c0386b0 0x7ff43c03ab70 unknown :-1 s=CLOSED pgs=8 cs=0 l=1 rev1=1 crypto rx=0 tx=0 comp rx=0 tx=0).stop
2024-05-08T19:57:57.296 INFO:teuthology.orchestra.run.smithi033.stdout:/usr/bin/ceph: stderr
2024-05-08T19:57:56.918+0000 7ff4572df700 1 --2- 172.21.15.33:0/527932960 >> [v2:172.21.15.33:3300/0,v1:172.21.15.33:6789/0] conn(0x7ff450107380 0x7ff45019a620 unknown :-1 s=CLOSED pgs=23 cs=0 l=1 rev1=1 crypto rx=0 tx=0 comp rx=0 tx=0).stop
2024-05-08T19:57:57.296 INFO:teuthology.orchestra.run.smithi033.stdout:/usr/bin/ceph: stderr
2024-05-08T19:57:56.918+0000 7ff4572df700 1 -- 172.21.15.33:0/527932960 >> 172.21.15.33:0/527932960 conn(0x7ff450100e30 msgr2=0x7ff450101970 unknown :-1 s=STATE_NONE l=0).mark_down
2024-05-08T19:57:57.296 INFO:teuthology.orchestra.run.smithi033.stdout:/usr/bin/ceph: stderr
2024-05-08T19:57:56.919+0000 7ff4572df700 1 -- 172.21.15.33:0/527932960 shutdown_connections
2024-05-08T19:57:57.296 INFO:teuthology.orchestra.run.smithi033.stdout:/usr/bin/ceph: stderr
2024-05-08T19:57:56.919+0000 7ff4572df700 1 -- 172.21.15.33:0/527932960 wait complete.
2024-05-08T19:57:57.513 INFO:journalctl@ceph.mgr.x.smithi033.stdout:May 08 19:57:57 smithi033 ceph-0ee61dd4-0d75-11ef-bc97-c7b262605968-mgr-x[42743]:
2024-05-08T19:57:57.409+0000 7fe93c365200 -1 mgr[py] Module prometheus has missing NOTIFY_TYPES member
2024-05-08T19:57:57.514 INFO:journalctl@ceph.mgr.x.smithi033.stdout:May 08 19:57:57 smithi033 ceph-0ee61dd4-0d75-11ef-bc97-c7b262605968-mgr-x[42743]:
2024-05-08T19:57:57.516+0000 7fe93c365200 -1 mgr[py] Module alerts has missing NOTIFY_TYPES member
2024-05-08T19:57:57.823 INFO:journalctl@ceph.mgr.x.smithi033.stdout:May 08 19:57:57 smithi033 ceph-0ee61dd4-0d75-11ef-bc97-c7b262605968-mgr-x[42743]:
2024-05-08T19:57:57.616+0000 7fe93c365200 -1 mgr[py] Module osd_perf_query has missing NOTIFY_TYPES member
2024-05-08T19:57:57.823 INFO:journalctl@ceph.mgr.x.smithi033.stdout:May 08 19:57:57 smithi033 ceph-0ee61dd4-0d75-11ef-bc97-c7b262605968-mgr-x[42743]:
2024-05-08T19:57:57.715+0000 7fe93c365200 -1 mgr[py] Module progress has missing NOTIFY_TYPES member
2024-05-08T19:57:58.286 INFO:journalctl@ceph.mon.a.smithi033.stdout:May 08 19:57:57 smithi033 ceph-mon[42490]: from='client.? 172.21.15.33:0/527932960' entity='client.admin' cmd='[{"prefix": "mgr module enable", "module": "cephadm"}]': finished
2024-05-08T19:57:58.287 INFO:journalctl@ceph.mon.a.smithi033.stdout:May 08 19:57:57 smithi033 ceph-mon[42490]: mgrmap e5: x(active, since 4s)
2024-05-08T19:57:58.318 INFO:teuthology.orchestra.run.smithi033.stdout:/usr/bin/ceph: stdout {
2024-05-08T19:57:58.325 INFO:teuthology.orchestra.run.smithi033.stdout:/usr/bin/ceph: stdout "epoch": 5,
2024-05-08T19:57:58.325 INFO:teuthology.orchestra.run.smithi033.stdout:/usr/bin/ceph: stdout "available": true,
2024-05-08T19:57:58.325 INFO:teuthology.orchestra.run.smithi033.stdout:/usr/bin/ceph: stdout "active_name": "x",
2024-05-08T19:57:58.325 INFO:teuthology.orchestra.run.smithi033.stdout:/usr/bin/ceph: stdout "num_standby": 0
2024-05-08T19:57:58.325 INFO:teuthology.orchestra.run.smithi033.stdout:/usr/bin/ceph: stdout }
2024-05-08T19:57:58.325 INFO:teuthology.orchestra.run.smithi033.stdout:/usr/bin/ceph: stderr
2024-05-08T19:57:57.690+0000 7fcb65292700 1 Processor -- start
2024-05-08T19:57:58.325 INFO:teuthology.orchestra.run.smithi033.stdout:/usr/bin/ceph: stderr
2024-05-08T19:57:57.690+0000 7fcb65292700 1 -- start start
2024-05-08T19:57:58.325 INFO:teuthology.orchestra.run.smithi033.stdout:/usr/bin/ceph: stderr
2024-05-08T19:57:57.691+0000 7fcb65292700 1 --2- >> [v2:172.21.15.33:3300/0,v1:172.21.15.33:6789/0] conn(0x7fcb601069e0 0x7fcb60106e00 unknown :-1 s=NONE pgs=0 cs=0 l=0 rev1=0 crypto rx=0 tx=0 comp rx=0 tx=0).connect
2024-05-08T19:57:58.325 INFO:teuthology.orchestra.run.smithi033.stdout:/usr/bin/ceph: stderr
2024-05-08T19:57:57.691+0000 7fcb65292700 1 -- --> [v2:172.21.15.33:3300/0,v1:172.21.15.33:6789/0] -- mon_getmap magic: 0 v1 -- 0x7fcb601073d0 con 0x7fcb601069e0
2024-05-08T19:57:58.325 INFO:teuthology.orchestra.run.smithi033.stdout:/usr/bin/ceph: stderr
2024-05-08T19:57:57.691+0000 7fcb5effd700 1 --2- >> [v2:172.21.15.33:3300/0,v1:172.21.15.33:6789/0] conn(0x7fcb601069e0 0x7fcb60106e00 unknown :-1 s=BANNER_CONNECTING pgs=0 cs=0 l=0 rev1=0 crypto rx=0 tx=0 comp rx=0 tx=0)._handle_peer_banner_payload supported=3 required=0
2024-05-08T19:57:58.325 INFO:teuthology.orchestra.run.smithi033.stdout:/usr/bin/ceph: stderr
2024-05-08T19:57:57.691+0000 7fcb5effd700 1 --2- >> [v2:172.21.15.33:3300/0,v1:172.21.15.33:6789/0] conn(0x7fcb601069e0 0x7fcb60106e00 unknown :-1 s=HELLO_CONNECTING pgs=0 cs=0 l=0 rev1=1 crypto rx=0 tx=0 comp rx=0 tx=0).handle_hello peer v2:172.21.15.33:3300/0 says I am v2:172.21.15.33:38102/0 (socket says 172.21.15.33:38102)
2024-05-08T19:57:58.325 INFO:teuthology.orchestra.run.smithi033.stdout:/usr/bin/ceph: stderr
2024-05-08T19:57:57.691+0000 7fcb5effd700 1 -- 172.21.15.33:0/2258477658 learned_addr learned my addr 172.21.15.33:0/2258477658 (peer_addr_for_me v2:172.21.15.33:0/0)
2024-05-08T19:57:58.325 INFO:teuthology.orchestra.run.smithi033.stdout:/usr/bin/ceph: stderr
2024-05-08T19:57:57.691+0000 7fcb5effd700 1 -- 172.21.15.33:0/2258477658 --> [v2:172.21.15.33:3300/0,v1:172.21.15.33:6789/0] -- mon_subscribe({config=0+,monmap=0+}) v3 -- 0x7fcb60107b90 con 0x7fcb601069e0
2024-05-08T19:57:58.326 INFO:teuthology.orchestra.run.smithi033.stdout:/usr/bin/ceph: stderr
2024-05-08T19:57:57.691+0000 7fcb5effd700 1 --2- 172.21.15.33:0/2258477658 >> [v2:172.21.15.33:3300/0,v1:172.21.15.33:6789/0] conn(0x7fcb601069e0 0x7fcb60106e00 secure :-1 s=READY pgs=26 cs=0 l=1 rev1=1 crypto rx=0x7fcb500098a0 tx=0x7fcb50009bb0 comp rx=0 tx=0).ready entity=mon.0 client_cookie=212adf2186934981 server_cookie=0 in_seq=0 out_seq=0
2024-05-08T19:57:58.326 INFO:teuthology.orchestra.run.smithi033.stdout:/usr/bin/ceph: stderr
2024-05-08T19:57:57.692+0000 7fcb5dffb700 1 -- 172.21.15.33:0/2258477658 <== mon.0 v2:172.21.15.33:3300/0 1 ==== mon_map magic: 0 v1 ==== 205+0+0 (secure 0 0 0) 0x7fcb50004160 con 0x7fcb601069e0
2024-05-08T19:57:58.326 INFO:teuthology.orchestra.run.smithi033.stdout:/usr/bin/ceph: stderr
2024-05-08T19:57:57.692+0000 7fcb5dffb700 1 -- 172.21.15.33:0/2258477658 <== mon.0 v2:172.21.15.33:3300/0 2 ==== config(27 keys) v1 ==== 1108+0+0 (secure 0 0 0) 0x7fcb500042c0 con 0x7fcb601069e0
2024-05-08T19:57:58.326 INFO:teuthology.orchestra.run.smithi033.stdout:/usr/bin/ceph: stderr
2024-05-08T19:57:57.692+0000 7fcb5dffb700 1 -- 172.21.15.33:0/2258477658 <== mon.0 v2:172.21.15.33:3300/0 3 ==== mon_map magic: 0 v1 ==== 205+0+0 (secure 0 0 0) 0x7fcb50011ac0 con 0x7fcb601069e0
2024-05-08T19:57:58.326 INFO:teuthology.orchestra.run.smithi033.stdout:/usr/bin/ceph: stderr
2024-05-08T19:57:57.692+0000 7fcb65292700 1 -- 172.21.15.33:0/2258477658 >> [v2:172.21.15.33:3300/0,v1:172.21.15.33:6789/0] conn(0x7fcb601069e0 msgr2=0x7fcb60106e00 secure :-1 s=STATE_CONNECTION_ESTABLISHED l=1).mark_down
2024-05-08T19:57:58.326 INFO:teuthology.orchestra.run.smithi033.stdout:/usr/bin/ceph: stderr
2024-05-08T19:57:57.692+0000 7fcb65292700 1 --2- 172.21.15.33:0/2258477658 >> [v2:172.21.15.33:3300/0,v1:172.21.15.33:6789/0] conn(0x7fcb601069e0 0x7fcb60106e00 secure :-1 s=READY pgs=26 cs=0 l=1 rev1=1 crypto rx=0x7fcb500098a0 tx=0x7fcb50009bb0 comp rx=0 tx=0).stop
2024-05-08T19:57:58.326 INFO:teuthology.orchestra.run.smithi033.stdout:/usr/bin/ceph: stderr
2024-05-08T19:57:57.692+0000 7fcb65292700 1 -- 172.21.15.33:0/2258477658 shutdown_connections
2024-05-08T19:57:58.326 INFO:teuthology.orchestra.run.smithi033.stdout:/usr/bin/ceph: stderr
2024-05-08T19:57:57.692+0000 7fcb65292700 1 --2- 172.21.15.33:0/2258477658 >> [v2:172.21.15.33:3300/0,v1:172.21.15.33:6789/0] conn(0x7fcb601069e0 0x7fcb60106e00 unknown :-1 s=CLOSED pgs=26 cs=0 l=1 rev1=1 crypto rx=0 tx=0 comp rx=0 tx=0).stop
2024-05-08T19:57:58.326 INFO:teuthology.orchestra.run.smithi033.stdout:/usr/bin/ceph: stderr
2024-05-08T19:57:57.692+0000 7fcb65292700 1 -- 172.21.15.33:0/2258477658 >> 172.21.15.33:0/2258477658 conn(0x7fcb60101f60 msgr2=0x7fcb601043c0 unknown :-1 s=STATE_NONE l=0).mark_down
2024-05-08T19:57:58.326 INFO:teuthology.orchestra.run.smithi033.stdout:/usr/bin/ceph: stderr
2024-05-08T19:57:57.692+0000 7fcb65292700 1 -- 172.21.15.33:0/2258477658 shutdown_connections
2024-05-08T19:57:58.326 INFO:teuthology.orchestra.run.smithi033.stdout:/usr/bin/ceph: stderr
2024-05-08T19:57:57.692+0000 7fcb65292700 1 -- 172.21.15.33:0/2258477658 wait complete.
2024-05-08T19:57:58.326 INFO:teuthology.orchestra.run.smithi033.stdout:/usr/bin/ceph: stderr
2024-05-08T19:57:57.693+0000 7fcb65292700 1 Processor -- start
2024-05-08T19:57:58.326 INFO:teuthology.orchestra.run.smithi033.stdout:/usr/bin/ceph: stderr
2024-05-08T19:57:57.693+0000 7fcb65292700 1 -- start start
2024-05-08T19:57:58.327 INFO:teuthology.orchestra.run.smithi033.stdout:/usr/bin/ceph: stderr
2024-05-08T19:57:57.693+0000 7fcb65292700 1 --2- >> [v2:172.21.15.33:3300/0,v1:172.21.15.33:6789/0] conn(0x7fcb601069e0 0x7fcb6019a7a0 unknown :-1 s=NONE pgs=0 cs=0 l=1 rev1=0 crypto rx=0 tx=0 comp rx=0 tx=0).connect
2024-05-08T19:57:58.327 INFO:teuthology.orchestra.run.smithi033.stdout:/usr/bin/ceph: stderr
2024-05-08T19:57:57.693+0000 7fcb65292700 1 -- --> [v2:172.21.15.33:3300/0,v1:172.21.15.33:6789/0] -- mon_getmap magic: 0 v1 -- 0x7fcb6019ace0 con 0x7fcb601069e0
2024-05-08T19:57:58.327 INFO:teuthology.orchestra.run.smithi033.stdout:/usr/bin/ceph: stderr
