2024-05-08T19:57:57.694+0000 7fcb5effd700 1 --2- >> [v2:172.21.15.33:3300/0,v1:172.21.15.33:6789/0] conn(0x7fcb601069e0 0x7fcb6019a7a0 unknown :-1 s=BANNER_CONNECTING pgs=0 cs=0 l=1 rev1=0 crypto rx=0 tx=0 comp rx=0 tx=0)._handle_peer_banner_payload supported=3 required=0
2024-05-08T19:57:58.327 INFO:teuthology.orchestra.run.smithi033.stdout:/usr/bin/ceph: stderr
2024-05-08T19:57:57.694+0000 7fcb5effd700 1 --2- >> [v2:172.21.15.33:3300/0,v1:172.21.15.33:6789/0] conn(0x7fcb601069e0 0x7fcb6019a7a0 unknown :-1 s=HELLO_CONNECTING pgs=0 cs=0 l=1 rev1=1 crypto rx=0 tx=0 comp rx=0 tx=0).handle_hello peer v2:172.21.15.33:3300/0 says I am v2:172.21.15.33:38118/0 (socket says 172.21.15.33:38118)
2024-05-08T19:57:58.327 INFO:teuthology.orchestra.run.smithi033.stdout:/usr/bin/ceph: stderr
2024-05-08T19:57:57.694+0000 7fcb5effd700 1 -- 172.21.15.33:0/234707571 learned_addr learned my addr 172.21.15.33:0/234707571 (peer_addr_for_me v2:172.21.15.33:0/0)
2024-05-08T19:57:58.327 INFO:teuthology.orchestra.run.smithi033.stdout:/usr/bin/ceph: stderr
2024-05-08T19:57:57.694+0000 7fcb5effd700 1 -- 172.21.15.33:0/234707571 --> [v2:172.21.15.33:3300/0,v1:172.21.15.33:6789/0] -- mon_subscribe({config=0+,monmap=0+}) v3 -- 0x7fcb50009550 con 0x7fcb601069e0
2024-05-08T19:57:58.327 INFO:teuthology.orchestra.run.smithi033.stdout:/usr/bin/ceph: stderr
2024-05-08T19:57:57.694+0000 7fcb5effd700 1 --2- 172.21.15.33:0/234707571 >> [v2:172.21.15.33:3300/0,v1:172.21.15.33:6789/0] conn(0x7fcb601069e0 0x7fcb6019a7a0 secure :-1 s=READY pgs=27 cs=0 l=1 rev1=1 crypto rx=0x7fcb50011780 tx=0x7fcb50011b40 comp rx=0 tx=0).ready entity=mon.0 client_cookie=0 server_cookie=0 in_seq=0 out_seq=0
2024-05-08T19:57:58.327 INFO:teuthology.orchestra.run.smithi033.stdout:/usr/bin/ceph: stderr
2024-05-08T19:57:57.694+0000 7fcb47fff700 1 -- 172.21.15.33:0/234707571 <== mon.0 v2:172.21.15.33:3300/0 1 ==== mon_map magic: 0 v1 ==== 205+0+0 (secure 0 0 0) 0x7fcb50003af0 con 0x7fcb601069e0
2024-05-08T19:57:58.327 INFO:teuthology.orchestra.run.smithi033.stdout:/usr/bin/ceph: stderr
2024-05-08T19:57:57.694+0000 7fcb47fff700 1 -- 172.21.15.33:0/234707571 <== mon.0 v2:172.21.15.33:3300/0 2 ==== config(27 keys) v1 ==== 1108+0+0 (secure 0 0 0) 0x7fcb50003c50 con 0x7fcb601069e0
2024-05-08T19:57:58.327 INFO:teuthology.orchestra.run.smithi033.stdout:/usr/bin/ceph: stderr
2024-05-08T19:57:57.694+0000 7fcb65292700 1 -- 172.21.15.33:0/234707571 --> [v2:172.21.15.33:3300/0,v1:172.21.15.33:6789/0] -- mon_subscribe({mgrmap=0+}) v3 -- 0x7fcb6019aee0 con 0x7fcb601069e0
2024-05-08T19:57:58.327 INFO:teuthology.orchestra.run.smithi033.stdout:/usr/bin/ceph: stderr
2024-05-08T19:57:57.694+0000 7fcb47fff700 1 -- 172.21.15.33:0/234707571 <== mon.0 v2:172.21.15.33:3300/0 3 ==== mon_map magic: 0 v1 ==== 205+0+0 (secure 0 0 0) 0x7fcb50019800 con 0x7fcb601069e0
2024-05-08T19:57:58.327 INFO:teuthology.orchestra.run.smithi033.stdout:/usr/bin/ceph: stderr
2024-05-08T19:57:57.694+0000 7fcb65292700 1 -- 172.21.15.33:0/234707571 --> [v2:172.21.15.33:3300/0,v1:172.21.15.33:6789/0] -- mon_subscribe({osdmap=0}) v3 -- 0x7fcb6019b380 con 0x7fcb601069e0
2024-05-08T19:57:58.327 INFO:teuthology.orchestra.run.smithi033.stdout:/usr/bin/ceph: stderr
2024-05-08T19:57:57.696+0000 7fcb47fff700 1 -- 172.21.15.33:0/234707571 <== mon.0 v2:172.21.15.33:3300/0 4 ==== mgrmap(e 5) v1 ==== 45541+0+0 (secure 0 0 0) 0x7fcb50019a30 con 0x7fcb601069e0
2024-05-08T19:57:58.327 INFO:teuthology.orchestra.run.smithi033.stdout:/usr/bin/ceph: stderr
2024-05-08T19:57:57.696+0000 7fcb65292700 1 -- 172.21.15.33:0/234707571 --> [v2:172.21.15.33:3300/0,v1:172.21.15.33:6789/0] -- mon_command({"prefix": "get_command_descriptions"} v 0) v1 -- 0x7fcb6010adc0 con 0x7fcb601069e0
2024-05-08T19:57:58.327 INFO:teuthology.orchestra.run.smithi033.stdout:/usr/bin/ceph: stderr
2024-05-08T19:57:57.696+0000 7fcb47fff700 1 --2- 172.21.15.33:0/234707571 >> [v2:172.21.15.33:6800/113789498,v1:172.21.15.33:6801/113789498] conn(0x7fcb48038750 0x7fcb4803ac10 unknown :-1 s=NONE pgs=0 cs=0 l=1 rev1=0 crypto rx=0 tx=0 comp rx=0 tx=0).connect
2024-05-08T19:57:58.328 INFO:teuthology.orchestra.run.smithi033.stdout:/usr/bin/ceph: stderr
2024-05-08T19:57:57.696+0000 7fcb47fff700 1 -- 172.21.15.33:0/234707571 <== mon.0 v2:172.21.15.33:3300/0 5 ==== osd_map(1..1 src has 1..1) v4 ==== 725+0+0 (secure 0 0 0) 0x7fcb5004ca80 con 0x7fcb601069e0
2024-05-08T19:57:58.328 INFO:teuthology.orchestra.run.smithi033.stdout:/usr/bin/ceph: stderr
2024-05-08T19:57:57.696+0000 7fcb5e7fc700 1 -- 172.21.15.33:0/234707571 >> [v2:172.21.15.33:6800/113789498,v1:172.21.15.33:6801/113789498] conn(0x7fcb48038750 msgr2=0x7fcb4803ac10 unknown :-1 s=STATE_CONNECTING_RE l=1).process reconnect failed to v2:172.21.15.33:6800/113789498
2024-05-08T19:57:58.328 INFO:teuthology.orchestra.run.smithi033.stdout:/usr/bin/ceph: stderr
2024-05-08T19:57:57.696+0000 7fcb5e7fc700 1 --2- 172.21.15.33:0/234707571 >> [v2:172.21.15.33:6800/113789498,v1:172.21.15.33:6801/113789498] conn(0x7fcb48038750 0x7fcb4803ac10 unknown :-1 s=START_CONNECT pgs=0 cs=0 l=1 rev1=0 crypto rx=0 tx=0 comp rx=0 tx=0)._fault waiting 0.200000
2024-05-08T19:57:58.328 INFO:teuthology.orchestra.run.smithi033.stdout:/usr/bin/ceph: stderr
2024-05-08T19:57:57.701+0000 7fcb47fff700 1 -- 172.21.15.33:0/234707571 <== mon.0 v2:172.21.15.33:3300/0 6 ==== mon_command_ack([{"prefix": "get_command_descriptions"}]=0 v0) v1 ==== 72+0+183622 (secure 0 0 0) 0x7fcb50018530 con 0x7fcb601069e0
2024-05-08T19:57:58.328 INFO:teuthology.orchestra.run.smithi033.stdout:/usr/bin/ceph: stderr
2024-05-08T19:57:57.897+0000 7fcb5e7fc700 1 -- 172.21.15.33:0/234707571 >> [v2:172.21.15.33:6800/113789498,v1:172.21.15.33:6801/113789498] conn(0x7fcb48038750 msgr2=0x7fcb4803ac10 unknown :-1 s=STATE_CONNECTING_RE l=1).process reconnect failed to v2:172.21.15.33:6800/113789498
2024-05-08T19:57:58.328 INFO:teuthology.orchestra.run.smithi033.stdout:/usr/bin/ceph: stderr
2024-05-08T19:57:57.897+0000 7fcb5e7fc700 1 --2- 172.21.15.33:0/234707571 >> [v2:172.21.15.33:6800/113789498,v1:172.21.15.33:6801/113789498] conn(0x7fcb48038750 0x7fcb4803ac10 unknown :-1 s=START_CONNECT pgs=0 cs=0 l=1 rev1=0 crypto rx=0 tx=0 comp rx=0 tx=0)._fault waiting 0.400000
2024-05-08T19:57:58.328 INFO:teuthology.orchestra.run.smithi033.stdout:/usr/bin/ceph: stderr
2024-05-08T19:57:57.974+0000 7fcb65292700 1 -- 172.21.15.33:0/234707571 --> [v2:172.21.15.33:3300/0,v1:172.21.15.33:6789/0] -- mon_command({"prefix": "mgr stat"} v 0) v1 -- 0x7fcb6019dc10 con 0x7fcb601069e0
2024-05-08T19:57:58.328 INFO:teuthology.orchestra.run.smithi033.stdout:/usr/bin/ceph: stderr
2024-05-08T19:57:57.974+0000 7fcb47fff700 1 -- 172.21.15.33:0/234707571 <== mon.0 v2:172.21.15.33:3300/0 7 ==== mon_command_ack([{"prefix": "mgr stat"}]=0 v5) v1 ==== 56+0+88 (secure 0 0 0) 0x7fcb50018350 con 0x7fcb601069e0
2024-05-08T19:57:58.328 INFO:teuthology.orchestra.run.smithi033.stdout:/usr/bin/ceph: stderr
2024-05-08T19:57:57.976+0000 7fcb65292700 1 -- 172.21.15.33:0/234707571 >> [v2:172.21.15.33:6800/113789498,v1:172.21.15.33:6801/113789498] conn(0x7fcb48038750 msgr2=0x7fcb4803ac10 unknown :-1 s=STATE_CONNECTING l=1).mark_down
2024-05-08T19:57:58.328 INFO:teuthology.orchestra.run.smithi033.stdout:/usr/bin/ceph: stderr
2024-05-08T19:57:57.976+0000 7fcb65292700 1 --2- 172.21.15.33:0/234707571 >> [v2:172.21.15.33:6800/113789498,v1:172.21.15.33:6801/113789498] conn(0x7fcb48038750 0x7fcb4803ac10 unknown :-1 s=START_CONNECT pgs=0 cs=0 l=1 rev1=0 crypto rx=0 tx=0 comp rx=0 tx=0).stop
2024-05-08T19:57:58.328 INFO:teuthology.orchestra.run.smithi033.stdout:/usr/bin/ceph: stderr
2024-05-08T19:57:57.976+0000 7fcb65292700 1 -- 172.21.15.33:0/234707571 >> [v2:172.21.15.33:3300/0,v1:172.21.15.33:6789/0] conn(0x7fcb601069e0 msgr2=0x7fcb6019a7a0 secure :-1 s=STATE_CONNECTION_ESTABLISHED l=1).mark_down
2024-05-08T19:57:58.328 INFO:teuthology.orchestra.run.smithi033.stdout:/usr/bin/ceph: stderr
2024-05-08T19:57:57.976+0000 7fcb65292700 1 --2- 172.21.15.33:0/234707571 >> [v2:172.21.15.33:3300/0,v1:172.21.15.33:6789/0] conn(0x7fcb601069e0 0x7fcb6019a7a0 secure :-1 s=READY pgs=27 cs=0 l=1 rev1=1 crypto rx=0x7fcb50011780 tx=0x7fcb50011b40 comp rx=0 tx=0).stop
2024-05-08T19:57:58.328 INFO:teuthology.orchestra.run.smithi033.stdout:/usr/bin/ceph: stderr
2024-05-08T19:57:57.976+0000 7fcb65292700 1 -- 172.21.15.33:0/234707571 shutdown_connections
2024-05-08T19:57:58.328 INFO:teuthology.orchestra.run.smithi033.stdout:/usr/bin/ceph: stderr
2024-05-08T19:57:57.976+0000 7fcb65292700 1 --2- 172.21.15.33:0/234707571 >> [v2:172.21.15.33:6800/113789498,v1:172.21.15.33:6801/113789498] conn(0x7fcb48038750 0x7fcb4803ac10 unknown :-1 s=CLOSED pgs=0 cs=0 l=1 rev1=0 crypto rx=0 tx=0 comp rx=0 tx=0).stop
2024-05-08T19:57:58.329 INFO:teuthology.orchestra.run.smithi033.stdout:/usr/bin/ceph: stderr
2024-05-08T19:57:57.976+0000 7fcb65292700 1 --2- 172.21.15.33:0/234707571 >> [v2:172.21.15.33:3300/0,v1:172.21.15.33:6789/0] conn(0x7fcb601069e0 0x7fcb6019a7a0 unknown :-1 s=CLOSED pgs=27 cs=0 l=1 rev1=1 crypto rx=0 tx=0 comp rx=0 tx=0).stop
2024-05-08T19:57:58.329 INFO:teuthology.orchestra.run.smithi033.stdout:/usr/bin/ceph: stderr
2024-05-08T19:57:57.976+0000 7fcb65292700 1 -- 172.21.15.33:0/234707571 >> 172.21.15.33:0/234707571 conn(0x7fcb60101f60 msgr2=0x7fcb60102ba0 unknown :-1 s=STATE_NONE l=0).mark_down
2024-05-08T19:57:58.329 INFO:teuthology.orchestra.run.smithi033.stdout:/usr/bin/ceph: stderr
2024-05-08T19:57:57.977+0000 7fcb65292700 1 -- 172.21.15.33:0/234707571 shutdown_connections
2024-05-08T19:57:58.329 INFO:teuthology.orchestra.run.smithi033.stdout:/usr/bin/ceph: stderr
2024-05-08T19:57:57.977+0000 7fcb65292700 1 -- 172.21.15.33:0/234707571 wait complete.
2024-05-08T19:57:58.329 INFO:teuthology.orchestra.run.smithi033.stdout:Waiting for the mgr to restart...
2024-05-08T19:57:58.329 INFO:teuthology.orchestra.run.smithi033.stdout:Waiting for mgr epoch 5...
2024-05-08T19:57:58.571 INFO:journalctl@ceph.mgr.x.smithi033.stdout:May 08 19:57:58 smithi033 ceph-0ee61dd4-0d75-11ef-bc97-c7b262605968-mgr-x[42743]:
2024-05-08T19:57:58.456+0000 7fe93c365200 -1 mgr[py] Module orchestrator has missing NOTIFY_TYPES member
2024-05-08T19:57:59.071 INFO:journalctl@ceph.mon.a.smithi033.stdout:May 08 19:57:58 smithi033 ceph-mon[42490]: from='client.? 172.21.15.33:0/234707571' entity='client.admin' cmd=[{"prefix": "mgr stat"}]: dispatch
2024-05-08T19:57:59.071 INFO:journalctl@ceph.mgr.x.smithi033.stdout:May 08 19:57:58 smithi033 ceph-0ee61dd4-0d75-11ef-bc97-c7b262605968-mgr-x[42743]:
2024-05-08T19:57:58.747+0000 7fe93c365200 -1 mgr[py] Module nfs has missing NOTIFY_TYPES member
2024-05-08T19:57:59.071 INFO:journalctl@ceph.mgr.x.smithi033.stdout:May 08 19:57:58 smithi033 ceph-0ee61dd4-0d75-11ef-bc97-c7b262605968-mgr-x[42743]:
2024-05-08T19:57:58.847+0000 7fe93c365200 -1 mgr[py] Module zabbix has missing NOTIFY_TYPES member
2024-05-08T19:57:59.071 INFO:journalctl@ceph.mgr.x.smithi033.stdout:May 08 19:57:58 smithi033 ceph-0ee61dd4-0d75-11ef-bc97-c7b262605968-mgr-x[42743]:
2024-05-08T19:57:58.971+0000 7fe93c365200 -1 mgr[py] Module rbd_support has missing NOTIFY_TYPES member
2024-05-08T19:57:59.571 INFO:journalctl@ceph.mgr.x.smithi033.stdout:May 08 19:57:59 smithi033 ceph-0ee61dd4-0d75-11ef-bc97-c7b262605968-mgr-x[42743]:
2024-05-08T19:57:59.151+0000 7fe93c365200 -1 mgr[py] Module status has missing NOTIFY_TYPES member
2024-05-08T19:57:59.571 INFO:journalctl@ceph.mgr.x.smithi033.stdout:May 08 19:57:59 smithi033 ceph-0ee61dd4-0d75-11ef-bc97-c7b262605968-mgr-x[42743]:
2024-05-08T19:57:59.295+0000 7fe93c365200 -1 mgr[py] Module diskprediction_local has missing NOTIFY_TYPES member
2024-05-08T19:57:59.571 INFO:journalctl@ceph.mgr.x.smithi033.stdout:May 08 19:57:59 smithi033 ceph-0ee61dd4-0d75-11ef-bc97-c7b262605968-mgr-x[42743]:
2024-05-08T19:57:59.392+0000 7fe93c365200 -1 mgr[py] Module telegraf has missing NOTIFY_TYPES member
2024-05-08T19:58:00.071 INFO:journalctl@ceph.mgr.x.smithi033.stdout:May 08 19:57:59 smithi033 ceph-0ee61dd4-0d75-11ef-bc97-c7b262605968-mgr-x[42743]:
2024-05-08T19:57:59.814+0000 7fe93c365200 -1 mgr[py] Module influx has missing NOTIFY_TYPES member
2024-05-08T19:58:00.570 INFO:journalctl@ceph.mgr.x.smithi033.stdout:May 08 19:58:00 smithi033 ceph-0ee61dd4-0d75-11ef-bc97-c7b262605968-mgr-x[42743]:
2024-05-08T19:58:00.256+0000 7fe93c365200 -1 mgr[py] Module pg_autoscaler has missing NOTIFY_TYPES member
2024-05-08T19:58:00.570 INFO:journalctl@ceph.mgr.x.smithi033.stdout:May 08 19:58:00 smithi033 ceph-0ee61dd4-0d75-11ef-bc97-c7b262605968-mgr-x[42743]:
2024-05-08T19:58:00.475+0000 7fe93c365200 -1 mgr[py] Module rgw has missing NOTIFY_TYPES member
2024-05-08T19:58:00.821 INFO:journalctl@ceph.mgr.x.smithi033.stdout:May 08 19:58:00 smithi033 ceph-0ee61dd4-0d75-11ef-bc97-c7b262605968-mgr-x[42743]:
2024-05-08T19:58:00.580+0000 7fe93c365200 -1 mgr[py] Module balancer has missing NOTIFY_TYPES member
2024-05-08T19:58:01.718 INFO:journalctl@ceph.mgr.x.smithi033.stdout:May 08 19:58:01 smithi033 ceph-0ee61dd4-0d75-11ef-bc97-c7b262605968-mgr-x[42743]:
2024-05-08T19:58:01.450+0000 7fe93c365200 -1 mgr[py] Module iostat has missing NOTIFY_TYPES member
2024-05-08T19:58:01.718 INFO:journalctl@ceph.mgr.x.smithi033.stdout:May 08 19:58:01 smithi033 ceph-0ee61dd4-0d75-11ef-bc97-c7b262605968-mgr-x[42743]:
2024-05-08T19:58:01.559+0000 7fe93c365200 -1 mgr[py] Module snap_schedule has missing NOTIFY_TYPES member
2024-05-08T19:58:02.071 INFO:journalctl@ceph.mgr.x.smithi033.stdout:May 08 19:58:01 smithi033 ceph-0ee61dd4-0d75-11ef-bc97-c7b262605968-mgr-x[42743]:
2024-05-08T19:58:01.728+0000 7fe93c365200 -1 mgr[py] Module telemetry has missing NOTIFY_TYPES member
2024-05-08T19:58:02.821 INFO:journalctl@ceph.mgr.x.smithi033.stdout:May 08 19:58:02 smithi033 ceph-0ee61dd4-0d75-11ef-bc97-c7b262605968-mgr-x[42743]:
2024-05-08T19:58:02.451+0000 7fe93c365200 -1 mgr[py] Module rook has missing NOTIFY_TYPES member
2024-05-08T19:58:02.821 INFO:journalctl@ceph.mgr.x.smithi033.stdout:May 08 19:58:02 smithi033 ceph-0ee61dd4-0d75-11ef-bc97-c7b262605968-mgr-x[42743]:
2024-05-08T19:58:02.657+0000 7fe93c365200 -1 mgr[py] Module selftest has missing NOTIFY_TYPES member
2024-05-08T19:58:03.321 INFO:journalctl@ceph.mgr.x.smithi033.stdout:May 08 19:58:02 smithi033 ceph-0ee61dd4-0d75-11ef-bc97-c7b262605968-mgr-x[42743]:
2024-05-08T19:58:02.876+0000 7fe93c365200 -1 mgr[py] Module devicehealth has missing NOTIFY_TYPES member
2024-05-08T19:58:04.244 INFO:journalctl@ceph.mgr.x.smithi033.stdout:May 08 19:58:03 smithi033 ceph-0ee61dd4-0d75-11ef-bc97-c7b262605968-mgr-x[42743]:
2024-05-08T19:58:03.933+0000 7fe93c365200 -1 mgr[py] Module volumes has missing NOTIFY_TYPES member
2024-05-08T19:58:04.559 INFO:journalctl@ceph.mgr.x.smithi033.stdout:May 08 19:58:04 smithi033 ceph-0ee61dd4-0d75-11ef-bc97-c7b262605968-mgr-x[42743]:
2024-05-08T19:58:04.254+0000 7fe93c365200 -1 mgr[py] Module test_orchestrator has missing NOTIFY_TYPES member
2024-05-08T19:58:04.559 INFO:journalctl@ceph.mgr.x.smithi033.stdout:May 08 19:58:04 smithi033 ceph-0ee61dd4-0d75-11ef-bc97-c7b262605968-mgr-x[42743]:
2024-05-08T19:58:04.354+0000 7fe93c365200 -1 mgr[py] Module osd_support has missing NOTIFY_TYPES member
2024-05-08T19:58:04.821 INFO:journalctl@ceph.mgr.x.smithi033.stdout:May 08 19:58:04 smithi033 ceph-0ee61dd4-0d75-11ef-bc97-c7b262605968-mgr-x[42743]:
2024-05-08T19:58:04.569+0000 7fe93c365200 -1 mgr[py] Module crash has missing NOTIFY_TYPES member
2024-05-08T19:58:04.821 INFO:journalctl@ceph.mon.a.smithi033.stdout:May 08 19:58:04 smithi033 ceph-mon[42490]: Active manager daemon x restarted
2024-05-08T19:58:04.821 INFO:journalctl@ceph.mon.a.smithi033.stdout:May 08 19:58:04 smithi033 ceph-mon[42490]: Activating manager daemon x
2024-05-08T19:58:04.821 INFO:journalctl@ceph.mon.a.smithi033.stdout:May 08 19:58:04 smithi033 ceph-mon[42490]: osdmap e2: 0 total, 0 up, 0 in
2024-05-08T19:58:04.821 INFO:journalctl@ceph.mon.a.smithi033.stdout:May 08 19:58:04 smithi033 ceph-mon[42490]: mgrmap e6: x(active, starting, since 0.00359839s)
2024-05-08T19:58:04.821 INFO:journalctl@ceph.mon.a.smithi033.stdout:May 08 19:58:04 smithi033 ceph-mon[42490]: from='mgr.14120 172.21.15.33:0/4139457887' entity='mgr.x' cmd=[{"prefix": "mon metadata", "id": "a"}]: dispatch
2024-05-08T19:58:04.821 INFO:journalctl@ceph.mon.a.smithi033.stdout:May 08 19:58:04 smithi033 ceph-mon[42490]: from='mgr.14120 172.21.15.33:0/4139457887' entity='mgr.x' cmd=[{"prefix": "mgr metadata", "who": "x", "id": "x"}]: dispatch
2024-05-08T19:58:04.821 INFO:journalctl@ceph.mon.a.smithi033.stdout:May 08 19:58:04 smithi033 ceph-mon[42490]: from='mgr.14120 172.21.15.33:0/4139457887' entity='mgr.x' cmd=[{"prefix": "mds metadata"}]: dispatch
2024-05-08T19:58:04.821 INFO:journalctl@ceph.mon.a.smithi033.stdout:May 08 19:58:04 smithi033 ceph-mon[42490]: from='mgr.14120 172.21.15.33:0/4139457887' entity='mgr.x' cmd=[{"prefix": "osd metadata"}]: dispatch
2024-05-08T19:58:04.822 INFO:journalctl@ceph.mon.a.smithi033.stdout:May 08 19:58:04 smithi033 ceph-mon[42490]: from='mgr.14120 172.21.15.33:0/4139457887' entity='mgr.x' cmd=[{"prefix": "mon metadata"}]: dispatch
2024-05-08T19:58:04.822 INFO:journalctl@ceph.mon.a.smithi033.stdout:May 08 19:58:04 smithi033 ceph-mon[42490]: Manager daemon x is now available
2024-05-08T19:58:04.822 INFO:journalctl@ceph.mon.a.smithi033.stdout:May 08 19:58:04 smithi033 ceph-mon[42490]: from='mgr.14120 172.21.15.33:0/4139457887' entity='mgr.x'
2024-05-08T19:58:04.822 INFO:journalctl@ceph.mon.a.smithi033.stdout:May 08 19:58:04 smithi033 ceph-mon[42490]: from='mgr.14120 172.21.15.33:0/4139457887' entity='mgr.x'
2024-05-08T19:58:04.822 INFO:journalctl@ceph.mon.a.smithi033.stdout:May 08 19:58:04 smithi033 ceph-mon[42490]: from='mgr.14120 172.21.15.33:0/4139457887' entity='mgr.x' cmd=[{"prefix": "config dump", "format": "json"}]: dispatch
2024-05-08T19:58:05.944 INFO:journalctl@ceph.mon.a.smithi033.stdout:May 08 19:58:05 smithi033 ceph-mon[42490]: Found migration_current of "None". Setting to last migration.
2024-05-08T19:58:05.944 INFO:journalctl@ceph.mon.a.smithi033.stdout:May 08 19:58:05 smithi033 ceph-mon[42490]: from='mgr.14120 172.21.15.33:0/4139457887' entity='mgr.x' cmd=[{"prefix": "config dump", "format": "json"}]: dispatch
2024-05-08T19:58:05.944 INFO:journalctl@ceph.mon.a.smithi033.stdout:May 08 19:58:05 smithi033 ceph-mon[42490]: from='mgr.14120 172.21.15.33:0/4139457887' entity='mgr.x' cmd=[{"prefix":"config rm","who":"mgr","name":"mgr/rbd_support/x/mirror_snapshot_schedule"}]: dispatch
2024-05-08T19:58:05.944 INFO:journalctl@ceph.mon.a.smithi033.stdout:May 08 19:58:05 smithi033 ceph-mon[42490]: from='mgr.14120 172.21.15.33:0/4139457887' entity='mgr.x' cmd=[{"prefix":"config rm","who":"mgr","name":"mgr/rbd_support/x/trash_purge_schedule"}]: dispatch
2024-05-08T19:58:05.944 INFO:journalctl@ceph.mon.a.smithi033.stdout:May 08 19:58:05 smithi033 ceph-mon[42490]: mgrmap e7: x(active, since 1.00604s)
2024-05-08T19:58:06.003 INFO:teuthology.orchestra.run.smithi033.stdout:/usr/bin/ceph: stdout {
2024-05-08T19:58:06.003 INFO:teuthology.orchestra.run.smithi033.stdout:/usr/bin/ceph: stdout "mgrmap_epoch": 7,
2024-05-08T19:58:06.003 INFO:teuthology.orchestra.run.smithi033.stdout:/usr/bin/ceph: stdout "initialized": true
2024-05-08T19:58:06.003 INFO:teuthology.orchestra.run.smithi033.stdout:/usr/bin/ceph: stdout }
2024-05-08T19:58:06.003 INFO:teuthology.orchestra.run.smithi033.stdout:/usr/bin/ceph: stderr
2024-05-08T19:57:58.747+0000 7f039697b700 1 Processor -- start
2024-05-08T19:58:06.003 INFO:teuthology.orchestra.run.smithi033.stdout:/usr/bin/ceph: stderr
2024-05-08T19:57:58.747+0000 7f039697b700 1 -- start start
2024-05-08T19:58:06.004 INFO:teuthology.orchestra.run.smithi033.stdout:/usr/bin/ceph: stderr
2024-05-08T19:57:58.747+0000 7f039697b700 1 --2- >> [v2:172.21.15.33:3300/0,v1:172.21.15.33:6789/0] conn(0x7f0390107370 0x7f0390109760 unknown :-1 s=NONE pgs=0 cs=0 l=0 rev1=0 crypto rx=0 tx=0 comp rx=0 tx=0).connect
2024-05-08T19:58:06.004 INFO:teuthology.orchestra.run.smithi033.stdout:/usr/bin/ceph: stderr
2024-05-08T19:57:58.747+0000 7f039697b700 1 -- --> [v2:172.21.15.33:3300/0,v1:172.21.15.33:6789/0] -- mon_getmap magic: 0 v1 -- 0x7f0390079e70 con 0x7f0390107370
2024-05-08T19:58:06.004 INFO:teuthology.orchestra.run.smithi033.stdout:/usr/bin/ceph: stderr
2024-05-08T19:57:58.747+0000 7f038ffff700 1 --2- >> [v2:172.21.15.33:3300/0,v1:172.21.15.33:6789/0] conn(0x7f0390107370 0x7f0390109760 unknown :-1 s=BANNER_CONNECTING pgs=0 cs=0 l=0 rev1=0 crypto rx=0 tx=0 comp rx=0 tx=0)._handle_peer_banner_payload supported=3 required=0
2024-05-08T19:58:06.004 INFO:teuthology.orchestra.run.smithi033.stdout:/usr/bin/ceph: stderr
2024-05-08T19:57:58.747+0000 7f038ffff700 1 --2- >> [v2:172.21.15.33:3300/0,v1:172.21.15.33:6789/0] conn(0x7f0390107370 0x7f0390109760 unknown :-1 s=HELLO_CONNECTING pgs=0 cs=0 l=0 rev1=1 crypto rx=0 tx=0 comp rx=0 tx=0).handle_hello peer v2:172.21.15.33:3300/0 says I am v2:172.21.15.33:38134/0 (socket says 172.21.15.33:38134)
2024-05-08T19:58:06.004 INFO:teuthology.orchestra.run.smithi033.stdout:/usr/bin/ceph: stderr
2024-05-08T19:57:58.747+0000 7f038ffff700 1 -- 172.21.15.33:0/3128107111 learned_addr learned my addr 172.21.15.33:0/3128107111 (peer_addr_for_me v2:172.21.15.33:0/0)
2024-05-08T19:58:06.004 INFO:teuthology.orchestra.run.smithi033.stdout:/usr/bin/ceph: stderr
2024-05-08T19:57:58.747+0000 7f038ffff700 1 -- 172.21.15.33:0/3128107111 --> [v2:172.21.15.33:3300/0,v1:172.21.15.33:6789/0] -- mon_subscribe({config=0+,monmap=0+}) v3 -- 0x7f0390109ca0 con 0x7f0390107370
2024-05-08T19:58:06.004 INFO:teuthology.orchestra.run.smithi033.stdout:/usr/bin/ceph: stderr
2024-05-08T19:57:58.748+0000 7f038ffff700 1 --2- 172.21.15.33:0/3128107111 >> [v2:172.21.15.33:3300/0,v1:172.21.15.33:6789/0] conn(0x7f0390107370 0x7f0390109760 secure :-1 s=READY pgs=28 cs=0 l=1 rev1=1 crypto rx=0x7f03800098a0 tx=0x7f0380009bb0 comp rx=0 tx=0).ready entity=mon.0 client_cookie=cfa214207529d85d server_cookie=0 in_seq=0 out_seq=0
2024-05-08T19:58:06.004 INFO:teuthology.orchestra.run.smithi033.stdout:/usr/bin/ceph: stderr
2024-05-08T19:57:58.748+0000 7f038effd700 1 -- 172.21.15.33:0/3128107111 <== mon.0 v2:172.21.15.33:3300/0 1 ==== mon_map magic: 0 v1 ==== 205+0+0 (secure 0 0 0) 0x7f0380004160 con 0x7f0390107370
2024-05-08T19:58:06.004 INFO:teuthology.orchestra.run.smithi033.stdout:/usr/bin/ceph: stderr
2024-05-08T19:57:58.748+0000 7f038effd700 1 -- 172.21.15.33:0/3128107111 <== mon.0 v2:172.21.15.33:3300/0 2 ==== config(27 keys) v1 ==== 1108+0+0 (secure 0 0 0) 0x7f03800042c0 con 0x7f0390107370
2024-05-08T19:58:06.004 INFO:teuthology.orchestra.run.smithi033.stdout:/usr/bin/ceph: stderr
2024-05-08T19:57:58.748+0000 7f038effd700 1 -- 172.21.15.33:0/3128107111 <== mon.0 v2:172.21.15.33:3300/0 3 ==== mon_map magic: 0 v1 ==== 205+0+0 (secure 0 0 0) 0x7f0380011ac0 con 0x7f0390107370
2024-05-08T19:58:06.004 INFO:teuthology.orchestra.run.smithi033.stdout:/usr/bin/ceph: stderr
2024-05-08T19:57:58.749+0000 7f039697b700 1 -- 172.21.15.33:0/3128107111 >> [v2:172.21.15.33:3300/0,v1:172.21.15.33:6789/0] conn(0x7f0390107370 msgr2=0x7f0390109760 secure :-1 s=STATE_CONNECTION_ESTABLISHED l=1).mark_down
2024-05-08T19:58:06.004 INFO:teuthology.orchestra.run.smithi033.stdout:/usr/bin/ceph: stderr
2024-05-08T19:57:58.749+0000 7f039697b700 1 --2- 172.21.15.33:0/3128107111 >> [v2:172.21.15.33:3300/0,v1:172.21.15.33:6789/0] conn(0x7f0390107370 0x7f0390109760 secure :-1 s=READY pgs=28 cs=0 l=1 rev1=1 crypto rx=0x7f03800098a0 tx=0x7f0380009bb0 comp rx=0 tx=0).stop
2024-05-08T19:58:06.004 INFO:teuthology.orchestra.run.smithi033.stdout:/usr/bin/ceph: stderr
2024-05-08T19:57:58.749+0000 7f039697b700 1 -- 172.21.15.33:0/3128107111 shutdown_connections
2024-05-08T19:58:06.005 INFO:teuthology.orchestra.run.smithi033.stdout:/usr/bin/ceph: stderr
2024-05-08T19:57:58.749+0000 7f039697b700 1 --2- 172.21.15.33:0/3128107111 >> [v2:172.21.15.33:3300/0,v1:172.21.15.33:6789/0] conn(0x7f0390107370 0x7f0390109760 unknown :-1 s=CLOSED pgs=28 cs=0 l=1 rev1=1 crypto rx=0 tx=0 comp rx=0 tx=0).stop
2024-05-08T19:58:06.005 INFO:teuthology.orchestra.run.smithi033.stdout:/usr/bin/ceph: stderr
2024-05-08T19:57:58.749+0000 7f039697b700 1 -- 172.21.15.33:0/3128107111 >> 172.21.15.33:0/3128107111 conn(0x7f0390100e00 msgr2=0x7f0390103220 unknown :-1 s=STATE_NONE l=0).mark_down
2024-05-08T19:58:06.005 INFO:teuthology.orchestra.run.smithi033.stdout:/usr/bin/ceph: stderr
2024-05-08T19:57:58.749+0000 7f039697b700 1 -- 172.21.15.33:0/3128107111 shutdown_connections
2024-05-08T19:58:06.005 INFO:teuthology.orchestra.run.smithi033.stdout:/usr/bin/ceph: stderr
2024-05-08T19:57:58.749+0000 7f039697b700 1 -- 172.21.15.33:0/3128107111 wait complete.
2024-05-08T19:58:06.005 INFO:teuthology.orchestra.run.smithi033.stdout:/usr/bin/ceph: stderr
2024-05-08T19:57:58.749+0000 7f039697b700 1 Processor -- start
2024-05-08T19:58:06.005 INFO:teuthology.orchestra.run.smithi033.stdout:/usr/bin/ceph: stderr
2024-05-08T19:57:58.749+0000 7f039697b700 1 -- start start
2024-05-08T19:58:06.005 INFO:teuthology.orchestra.run.smithi033.stdout:/usr/bin/ceph: stderr
2024-05-08T19:57:58.750+0000 7f039697b700 1 --2- >> [v2:172.21.15.33:3300/0,v1:172.21.15.33:6789/0] conn(0x7f0390107370 0x7f039019a680 unknown :-1 s=NONE pgs=0 cs=0 l=1 rev1=0 crypto rx=0 tx=0 comp rx=0 tx=0).connect
2024-05-08T19:58:06.005 INFO:teuthology.orchestra.run.smithi033.stdout:/usr/bin/ceph: stderr
2024-05-08T19:57:58.750+0000 7f039697b700 1 -- --> [v2:172.21.15.33:3300/0,v1:172.21.15.33:6789/0] -- mon_getmap magic: 0 v1 -- 0x7f039019abc0 con 0x7f0390107370
2024-05-08T19:58:06.005 INFO:teuthology.orchestra.run.smithi033.stdout:/usr/bin/ceph: stderr
2024-05-08T19:57:58.750+0000 7f038ffff700 1 --2- >> [v2:172.21.15.33:3300/0,v1:172.21.15.33:6789/0] conn(0x7f0390107370 0x7f039019a680 unknown :-1 s=BANNER_CONNECTING pgs=0 cs=0 l=1 rev1=0 crypto rx=0 tx=0 comp rx=0 tx=0)._handle_peer_banner_payload supported=3 required=0
2024-05-08T19:58:06.005 INFO:teuthology.orchestra.run.smithi033.stdout:/usr/bin/ceph: stderr
2024-05-08T19:57:58.750+0000 7f038ffff700 1 --2- >> [v2:172.21.15.33:3300/0,v1:172.21.15.33:6789/0] conn(0x7f0390107370 0x7f039019a680 unknown :-1 s=HELLO_CONNECTING pgs=0 cs=0 l=1 rev1=1 crypto rx=0 tx=0 comp rx=0 tx=0).handle_hello peer v2:172.21.15.33:3300/0 says I am v2:172.21.15.33:38144/0 (socket says 172.21.15.33:38144)
2024-05-08T19:58:06.005 INFO:teuthology.orchestra.run.smithi033.stdout:/usr/bin/ceph: stderr
2024-05-08T19:57:58.750+0000 7f038ffff700 1 -- 172.21.15.33:0/287010633 learned_addr learned my addr 172.21.15.33:0/287010633 (peer_addr_for_me v2:172.21.15.33:0/0)
2024-05-08T19:58:06.005 INFO:teuthology.orchestra.run.smithi033.stdout:/usr/bin/ceph: stderr
2024-05-08T19:57:58.750+0000 7f038ffff700 1 -- 172.21.15.33:0/287010633 --> [v2:172.21.15.33:3300/0,v1:172.21.15.33:6789/0] -- mon_subscribe({config=0+,monmap=0+}) v3 -- 0x7f0380009550 con 0x7f0390107370
2024-05-08T19:58:06.006 INFO:teuthology.orchestra.run.smithi033.stdout:/usr/bin/ceph: stderr
2024-05-08T19:57:58.750+0000 7f038ffff700 1 --2- 172.21.15.33:0/287010633 >> [v2:172.21.15.33:3300/0,v1:172.21.15.33:6789/0] conn(0x7f0390107370 0x7f039019a680 secure :-1 s=READY pgs=29 cs=0 l=1 rev1=1 crypto rx=0x7f0380003f70 tx=0x7f0380011b40 comp rx=0 tx=0).ready entity=mon.0 client_cookie=0 server_cookie=0 in_seq=0 out_seq=0
2024-05-08T19:58:06.006 INFO:teuthology.orchestra.run.smithi033.stdout:/usr/bin/ceph: stderr
2024-05-08T19:57:58.751+0000 7f038d7fa700 1 -- 172.21.15.33:0/287010633 <== mon.0 v2:172.21.15.33:3300/0 1 ==== mon_map magic: 0 v1 ==== 205+0+0 (secure 0 0 0) 0x7f03800039f0 con 0x7f0390107370
2024-05-08T19:58:06.006 INFO:teuthology.orchestra.run.smithi033.stdout:/usr/bin/ceph: stderr
2024-05-08T19:57:58.751+0000 7f039697b700 1 -- 172.21.15.33:0/287010633 --> [v2:172.21.15.33:3300/0,v1:172.21.15.33:6789/0] -- mon_subscribe({mgrmap=0+}) v3 -- 0x7f039019adc0 con 0x7f0390107370
2024-05-08T19:58:06.006 INFO:teuthology.orchestra.run.smithi033.stdout:/usr/bin/ceph: stderr
2024-05-08T19:57:58.751+0000 7f039697b700 1 -- 172.21.15.33:0/287010633 --> [v2:172.21.15.33:3300/0,v1:172.21.15.33:6789/0] -- mon_subscribe({osdmap=0}) v3 -- 0x7f039019b260 con 0x7f0390107370
2024-05-08T19:58:06.006 INFO:teuthology.orchestra.run.smithi033.stdout:/usr/bin/ceph: stderr
2024-05-08T19:57:58.751+0000 7f038d7fa700 1 -- 172.21.15.33:0/287010633 <== mon.0 v2:172.21.15.33:3300/0 2 ==== config(27 keys) v1 ==== 1108+0+0 (secure 0 0 0) 0x7f0380003b50 con 0x7f0390107370
2024-05-08T19:58:06.006 INFO:teuthology.orchestra.run.smithi033.stdout:/usr/bin/ceph: stderr
2024-05-08T19:57:58.751+0000 7f038d7fa700 1 -- 172.21.15.33:0/287010633 <== mon.0 v2:172.21.15.33:3300/0 3 ==== mon_map magic: 0 v1 ==== 205+0+0 (secure 0 0 0) 0x7f038001a760 con 0x7f0390107370
2024-05-08T19:58:06.006 INFO:teuthology.orchestra.run.smithi033.stdout:/usr/bin/ceph: stderr
2024-05-08T19:57:58.752+0000 7f038d7fa700 1 -- 172.21.15.33:0/287010633 <== mon.0 v2:172.21.15.33:3300/0 4 ==== mgrmap(e 5) v1 ==== 45541+0+0 (secure 0 0 0) 0x7f038001a9a0 con 0x7f0390107370
2024-05-08T19:58:06.006 INFO:teuthology.orchestra.run.smithi033.stdout:/usr/bin/ceph: stderr
2024-05-08T19:57:58.752+0000 7f038d7fa700 1 --2- 172.21.15.33:0/287010633 >> [v2:172.21.15.33:6800/113789498,v1:172.21.15.33:6801/113789498] conn(0x7f0378038700 0x7f037803abc0 unknown :-1 s=NONE pgs=0 cs=0 l=1 rev1=0 crypto rx=0 tx=0 comp rx=0 tx=0).connect
2024-05-08T19:58:06.006 INFO:teuthology.orchestra.run.smithi033.stdout:/usr/bin/ceph: stderr
2024-05-08T19:57:58.752+0000 7f039697b700 1 -- 172.21.15.33:0/287010633 --> [v2:172.21.15.33:6800/113789498,v1:172.21.15.33:6801/113789498] -- command(tid 0: {"prefix": "get_command_descriptions"}) v1 -- 0x7f037c000d40 con 0x7f0378038700
2024-05-08T19:58:06.006 INFO:teuthology.orchestra.run.smithi033.stdout:/usr/bin/ceph: stderr
2024-05-08T19:57:58.752+0000 7f038d7fa700 1 -- 172.21.15.33:0/287010633 <== mon.0 v2:172.21.15.33:3300/0 5 ==== osd_map(1..1 src has 1..1) v4 ==== 725+0+0 (secure 0 0 0) 0x7f038004c7d0 con 0x7f0390107370
2024-05-08T19:58:06.006 INFO:teuthology.orchestra.run.smithi033.stdout:/usr/bin/ceph: stderr
2024-05-08T19:57:58.752+0000 7f038f7fe700 1 -- 172.21.15.33:0/287010633 >> [v2:172.21.15.33:6800/113789498,v1:172.21.15.33:6801/113789498] conn(0x7f0378038700 msgr2=0x7f037803abc0 unknown :-1 s=STATE_CONNECTING_RE l=1).process reconnect failed to v2:172.21.15.33:6800/113789498
2024-05-08T19:58:06.006 INFO:teuthology.orchestra.run.smithi033.stdout:/usr/bin/ceph: stderr
2024-05-08T19:57:58.752+0000 7f038f7fe700 1 --2- 172.21.15.33:0/287010633 >> [v2:172.21.15.33:6800/113789498,v1:172.21.15.33:6801/113789498] conn(0x7f0378038700 0x7f037803abc0 unknown :-1 s=START_CONNECT pgs=0 cs=0 l=1 rev1=0 crypto rx=0 tx=0 comp rx=0 tx=0)._fault waiting 0.200000
2024-05-08T19:58:06.006 INFO:teuthology.orchestra.run.smithi033.stdout:/usr/bin/ceph: stderr
2024-05-08T19:57:58.953+0000 7f038f7fe700 1 -- 172.21.15.33:0/287010633 >> [v2:172.21.15.33:6800/113789498,v1:172.21.15.33:6801/113789498] conn(0x7f0378038700 msgr2=0x7f037803abc0 unknown :-1 s=STATE_CONNECTING_RE l=1).process reconnect failed to v2:172.21.15.33:6800/113789498
2024-05-08T19:58:06.007 INFO:teuthology.orchestra.run.smithi033.stdout:/usr/bin/ceph: stderr
2024-05-08T19:57:58.953+0000 7f038f7fe700 1 --2- 172.21.15.33:0/287010633 >> [v2:172.21.15.33:6800/113789498,v1:172.21.15.33:6801/113789498] conn(0x7f0378038700 0x7f037803abc0 unknown :-1 s=START_CONNECT pgs=0 cs=0 l=1 rev1=0 crypto rx=0 tx=0 comp rx=0 tx=0)._fault waiting 0.400000
2024-05-08T19:58:06.007 INFO:teuthology.orchestra.run.smithi033.stdout:/usr/bin/ceph: stderr
2024-05-08T19:57:59.354+0000 7f038f7fe700 1 -- 172.21.15.33:0/287010633 >> [v2:172.21.15.33:6800/113789498,v1:172.21.15.33:6801/113789498] conn(0x7f0378038700 msgr2=0x7f037803abc0 unknown :-1 s=STATE_CONNECTING_RE l=1).process reconnect failed to v2:172.21.15.33:6800/113789498
2024-05-08T19:58:06.007 INFO:teuthology.orchestra.run.smithi033.stdout:/usr/bin/ceph: stderr
2024-05-08T19:57:59.354+0000 7f038f7fe700 1 --2- 172.21.15.33:0/287010633 >> [v2:172.21.15.33:6800/113789498,v1:172.21.15.33:6801/113789498] conn(0x7f0378038700 0x7f037803abc0 unknown :-1 s=START_CONNECT pgs=0 cs=0 l=1 rev1=0 crypto rx=0 tx=0 comp rx=0 tx=0)._fault waiting 0.800000
2024-05-08T19:58:06.007 INFO:teuthology.orchestra.run.smithi033.stdout:/usr/bin/ceph: stderr
2024-05-08T19:58:00.155+0000 7f038f7fe700 1 -- 172.21.15.33:0/287010633 >> [v2:172.21.15.33:6800/113789498,v1:172.21.15.33:6801/113789498] conn(0x7f0378038700 msgr2=0x7f037803abc0 unknown :-1 s=STATE_CONNECTING_RE l=1).process reconnect failed to v2:172.21.15.33:6800/113789498
2024-05-08T19:58:06.007 INFO:teuthology.orchestra.run.smithi033.stdout:/usr/bin/ceph: stderr
2024-05-08T19:58:00.155+0000 7f038f7fe700 1 --2- 172.21.15.33:0/287010633 >> [v2:172.21.15.33:6800/113789498,v1:172.21.15.33:6801/113789498] conn(0x7f0378038700 0x7f037803abc0 unknown :-1 s=START_CONNECT pgs=0 cs=0 l=1 rev1=0 crypto rx=0 tx=0 comp rx=0 tx=0)._fault waiting 1.600000
2024-05-08T19:58:06.007 INFO:teuthology.orchestra.run.smithi033.stdout:/usr/bin/ceph: stderr
2024-05-08T19:58:01.756+0000 7f038f7fe700 1 -- 172.21.15.33:0/287010633 >> [v2:172.21.15.33:6800/113789498,v1:172.21.15.33:6801/113789498] conn(0x7f0378038700 msgr2=0x7f037803abc0 unknown :-1 s=STATE_CONNECTING_RE l=1).process reconnect failed to v2:172.21.15.33:6800/113789498
2024-05-08T19:58:06.007 INFO:teuthology.orchestra.run.smithi033.stdout:/usr/bin/ceph: stderr
2024-05-08T19:58:01.756+0000 7f038f7fe700 1 --2- 172.21.15.33:0/287010633 >> [v2:172.21.15.33:6800/113789498,v1:172.21.15.33:6801/113789498] conn(0x7f0378038700 0x7f037803abc0 unknown :-1 s=START_CONNECT pgs=0 cs=0 l=1 rev1=0 crypto rx=0 tx=0 comp rx=0 tx=0)._fault waiting 3.200000
2024-05-08T19:58:06.007 INFO:teuthology.orchestra.run.smithi033.stdout:/usr/bin/ceph: stderr
2024-05-08T19:58:04.584+0000 7f038d7fa700 1 -- 172.21.15.33:0/287010633 <== mon.0 v2:172.21.15.33:3300/0 6 ==== mgrmap(e 6) v1 ==== 45308+0+0 (secure 0 0 0) 0x7f038002da00 con 0x7f0390107370
2024-05-08T19:58:06.007 INFO:teuthology.orchestra.run.smithi033.stdout:/usr/bin/ceph: stderr
2024-05-08T19:58:04.584+0000 7f038d7fa700 1 -- 172.21.15.33:0/287010633 >> [v2:172.21.15.33:6800/113789498,v1:172.21.15.33:6801/113789498] conn(0x7f0378038700 msgr2=0x7f037803abc0 unknown :-1 s=STATE_CONNECTING l=1).mark_down
2024-05-08T19:58:06.007 INFO:teuthology.orchestra.run.smithi033.stdout:/usr/bin/ceph: stderr
2024-05-08T19:58:04.584+0000 7f038d7fa700 1 --2- 172.21.15.33:0/287010633 >> [v2:172.21.15.33:6800/113789498,v1:172.21.15.33:6801/113789498] conn(0x7f0378038700 0x7f037803abc0 unknown :-1 s=START_CONNECT pgs=0 cs=0 l=1 rev1=0 crypto rx=0 tx=0 comp rx=0 tx=0).stop
2024-05-08T19:58:06.007 INFO:teuthology.orchestra.run.smithi033.stdout:/usr/bin/ceph: stderr
2024-05-08T19:58:05.585+0000 7f038d7fa700 1 -- 172.21.15.33:0/287010633 <== mon.0 v2:172.21.15.33:3300/0 7 ==== mgrmap(e 7) v1 ==== 45435+0+0 (secure 0 0 0) 0x7f038004e240 con 0x7f0390107370
2024-05-08T19:58:06.007 INFO:teuthology.orchestra.run.smithi033.stdout:/usr/bin/ceph: stderr
2024-05-08T19:58:05.586+0000 7f038d7fa700 1 --2- 172.21.15.33:0/287010633 >> [v2:172.21.15.33:6800/2102553152,v1:172.21.15.33:6801/2102553152] conn(0x7f037803be30 0x7f037803e220 unknown :-1 s=NONE pgs=0 cs=0 l=1 rev1=0 crypto rx=0 tx=0 comp rx=0 tx=0).connect
2024-05-08T19:58:06.007 INFO:teuthology.orchestra.run.smithi033.stdout:/usr/bin/ceph: stderr
2024-05-08T19:58:05.586+0000 7f038d7fa700 1 -- 172.21.15.33:0/287010633 --> [v2:172.21.15.33:6800/2102553152,v1:172.21.15.33:6801/2102553152] -- command(tid 0: {"prefix": "get_command_descriptions"}) v1 -- 0x7f037c000d40 con 0x7f037803be30
2024-05-08T19:58:06.007 INFO:teuthology.orchestra.run.smithi033.stdout:/usr/bin/ceph: stderr
2024-05-08T19:58:05.586+0000 7f038f7fe700 1 --2- 172.21.15.33:0/287010633 >> [v2:172.21.15.33:6800/2102553152,v1:172.21.15.33:6801/2102553152] conn(0x7f037803be30 0x7f037803e220 unknown :-1 s=BANNER_CONNECTING pgs=0 cs=0 l=1 rev1=0 crypto rx=0 tx=0 comp rx=0 tx=0)._handle_peer_banner_payload supported=3 required=0
2024-05-08T19:58:06.008 INFO:teuthology.orchestra.run.smithi033.stdout:/usr/bin/ceph: stderr
2024-05-08T19:58:05.587+0000 7f038f7fe700 1 --2- 172.21.15.33:0/287010633 >> [v2:172.21.15.33:6800/2102553152,v1:172.21.15.33:6801/2102553152] conn(0x7f037803be30 0x7f037803e220 secure :-1 s=READY pgs=1 cs=0 l=1 rev1=1 crypto rx=0x7f0384003a10 tx=0x7f03840092b0 comp rx=0 tx=0).ready entity=mgr.14120 client_cookie=0 server_cookie=0 in_seq=0 out_seq=0
2024-05-08T19:58:06.008 INFO:teuthology.orchestra.run.smithi033.stdout:/usr/bin/ceph: stderr
2024-05-08T19:58:05.587+0000 7f038d7fa700 1 -- 172.21.15.33:0/287010633 <== mgr.14120 v2:172.21.15.33:6800/2102553152 1 ==== command_reply(tid 0: 0 ) v1 ==== 8+0+7774 (secure 0 0 0) 0x7f037c000d40 con 0x7f037803be30
2024-05-08T19:58:06.008 INFO:teuthology.orchestra.run.smithi033.stdout:/usr/bin/ceph: stderr
2024-05-08T19:58:05.600+0000 7f039697b700 1 -- 172.21.15.33:0/287010633 --> [v2:172.21.15.33:6800/2102553152,v1:172.21.15.33:6801/2102553152] -- command(tid 1: {"prefix": "mgr_status"}) v1 -- 0x7f037c002800 con 0x7f037803be30
2024-05-08T19:58:06.008 INFO:teuthology.orchestra.run.smithi033.stdout:/usr/bin/ceph: stderr
2024-05-08T19:58:05.600+0000 7f038d7fa700 1 -- 172.21.15.33:0/287010633 <== mgr.14120 v2:172.21.15.33:6800/2102553152 2 ==== command_reply(tid 1: 0 ) v1 ==== 8+0+51 (secure 0 0 0) 0x7f037c002800 con 0x7f037803be30
2024-05-08T19:58:06.008 INFO:teuthology.orchestra.run.smithi033.stdout:/usr/bin/ceph: stderr
2024-05-08T19:58:05.600+0000 7f039697b700 1 -- 172.21.15.33:0/287010633 >> [v2:172.21.15.33:6800/2102553152,v1:172.21.15.33:6801/2102553152] conn(0x7f037803be30 msgr2=0x7f037803e220 secure :-1 s=STATE_CONNECTION_ESTABLISHED l=1).mark_down
2024-05-08T19:58:06.008 INFO:teuthology.orchestra.run.smithi033.stdout:/usr/bin/ceph: stderr
2024-05-08T19:58:05.600+0000 7f039697b700 1 --2- 172.21.15.33:0/287010633 >> [v2:172.21.15.33:6800/2102553152,v1:172.21.15.33:6801/2102553152] conn(0x7f037803be30 0x7f037803e220 secure :-1 s=READY pgs=1 cs=0 l=1 rev1=1 crypto rx=0x7f0384003a10 tx=0x7f03840092b0 comp rx=0 tx=0).stop
2024-05-08T19:58:06.008 INFO:teuthology.orchestra.run.smithi033.stdout:/usr/bin/ceph: stderr
2024-05-08T19:58:05.600+0000 7f039697b700 1 -- 172.21.15.33:0/287010633 >> [v2:172.21.15.33:3300/0,v1:172.21.15.33:6789/0] conn(0x7f0390107370 msgr2=0x7f039019a680 secure :-1 s=STATE_CONNECTION_ESTABLISHED l=1).mark_down
2024-05-08T19:58:06.008 INFO:teuthology.orchestra.run.smithi033.stdout:/usr/bin/ceph: stderr
2024-05-08T19:58:05.600+0000 7f039697b700 1 --2- 172.21.15.33:0/287010633 >> [v2:172.21.15.33:3300/0,v1:172.21.15.33:6789/0] conn(0x7f0390107370 0x7f039019a680 secure :-1 s=READY pgs=29 cs=0 l=1 rev1=1 crypto rx=0x7f0380003f70 tx=0x7f0380011b40 comp rx=0 tx=0).stop
2024-05-08T19:58:06.008 INFO:teuthology.orchestra.run.smithi033.stdout:/usr/bin/ceph: stderr
2024-05-08T19:58:05.600+0000 7f039697b700 1 -- 172.21.15.33:0/287010633 shutdown_connections
2024-05-08T19:58:06.008 INFO:teuthology.orchestra.run.smithi033.stdout:/usr/bin/ceph: stderr
2024-05-08T19:58:05.600+0000 7f039697b700 1 --2- 172.21.15.33:0/287010633 >> [v2:172.21.15.33:6800/2102553152,v1:172.21.15.33:6801/2102553152] conn(0x7f037803be30 0x7f037803e220 unknown :-1 s=CLOSED pgs=1 cs=0 l=1 rev1=1 crypto rx=0 tx=0 comp rx=0 tx=0).stop
2024-05-08T19:58:06.008 INFO:teuthology.orchestra.run.smithi033.stdout:/usr/bin/ceph: stderr
2024-05-08T19:58:05.600+0000 7f039697b700 1 --2- 172.21.15.33:0/287010633 >> [v2:172.21.15.33:3300/0,v1:172.21.15.33:6789/0] conn(0x7f0390107370 0x7f039019a680 unknown :-1 s=CLOSED pgs=29 cs=0 l=1 rev1=1 crypto rx=0 tx=0 comp rx=0 tx=0).stop
2024-05-08T19:58:06.008 INFO:teuthology.orchestra.run.smithi033.stdout:/usr/bin/ceph: stderr
2024-05-08T19:58:05.600+0000 7f039697b700 1 --2- 172.21.15.33:0/287010633 >> [v2:172.21.15.33:6800/113789498,v1:172.21.15.33:6801/113789498] conn(0x7f0378038700 0x7f037803abc0 unknown :-1 s=CLOSED pgs=0 cs=0 l=1 rev1=0 crypto rx=0 tx=0 comp rx=0 tx=0).stop
2024-05-08T19:58:06.008 INFO:teuthology.orchestra.run.smithi033.stdout:/usr/bin/ceph: stderr
2024-05-08T19:58:05.600+0000 7f039697b700 1 -- 172.21.15.33:0/287010633 >> 172.21.15.33:0/287010633 conn(0x7f0390100e00 msgr2=0x7f03901019b0 unknown :-1 s=STATE_NONE l=0).mark_down
2024-05-08T19:58:06.008 INFO:teuthology.orchestra.run.smithi033.stdout:/usr/bin/ceph: stderr
2024-05-08T19:58:05.600+0000 7f039697b700 1 -- 172.21.15.33:0/287010633 shutdown_connections
2024-05-08T19:58:06.009 INFO:teuthology.orchestra.run.smithi033.stdout:/usr/bin/ceph: stderr
2024-05-08T19:58:05.601+0000 7f039697b700 1 -- 172.21.15.33:0/287010633 wait complete.
2024-05-08T19:58:06.009 INFO:teuthology.orchestra.run.smithi033.stdout:mgr epoch 5 is available
2024-05-08T19:58:06.009 INFO:teuthology.orchestra.run.smithi033.stdout:Setting orchestrator backend to cephadm...
2024-05-08T19:58:06.885 INFO:journalctl@ceph.mon.a.smithi033.stdout:May 08 19:58:06 smithi033 ceph-mon[42490]: from='client.14124 -' entity='client.admin' cmd=[{"prefix": "get_command_descriptions"}]: dispatch
2024-05-08T19:58:06.886 INFO:journalctl@ceph.mon.a.smithi033.stdout:May 08 19:58:06 smithi033 ceph-mon[42490]: from='client.14124 -' entity='client.admin' cmd=[{"prefix": "mgr_status"}]: dispatch
2024-05-08T19:58:06.886 INFO:journalctl@ceph.mon.a.smithi033.stdout:May 08 19:58:06 smithi033 ceph-mon[42490]: from='mgr.14120 172.21.15.33:0/4139457887' entity='mgr.x'
2024-05-08T19:58:06.946 INFO:teuthology.orchestra.run.smithi033.stdout:/usr/bin/ceph: stderr
2024-05-08T19:58:06.354+0000 7f2ec7a06700 1 Processor -- start
2024-05-08T19:58:06.946 INFO:teuthology.orchestra.run.smithi033.stdout:/usr/bin/ceph: stderr
2024-05-08T19:58:06.354+0000 7f2ec7a06700 1 -- start start
2024-05-08T19:58:06.946 INFO:teuthology.orchestra.run.smithi033.stdout:/usr/bin/ceph: stderr
2024-05-08T19:58:06.354+0000 7f2ec7a06700 1 --2- >> [v2:172.21.15.33:3300/0,v1:172.21.15.33:6789/0] conn(0x7f2ec01073d0 0x7f2ec01097c0 unknown :-1 s=NONE pgs=0 cs=0 l=0 rev1=0 crypto rx=0 tx=0 comp rx=0 tx=0).connect
2024-05-08T19:58:06.946 INFO:teuthology.orchestra.run.smithi033.stdout:/usr/bin/ceph: stderr
2024-05-08T19:58:06.354+0000 7f2ec7a06700 1 -- --> [v2:172.21.15.33:3300/0,v1:172.21.15.33:6789/0] -- mon_getmap magic: 0 v1 -- 0x7f2ec0079e50 con 0x7f2ec01073d0
2024-05-08T19:58:06.946 INFO:teuthology.orchestra.run.smithi033.stdout:/usr/bin/ceph: stderr
2024-05-08T19:58:06.354+0000 7f2ec57a2700 1 --2- >> [v2:172.21.15.33:3300/0,v1:172.21.15.33:6789/0] conn(0x7f2ec01073d0 0x7f2ec01097c0 unknown :-1 s=BANNER_CONNECTING pgs=0 cs=0 l=0 rev1=0 crypto rx=0 tx=0 comp rx=0 tx=0)._handle_peer_banner_payload supported=3 required=0
2024-05-08T19:58:06.946 INFO:teuthology.orchestra.run.smithi033.stdout:/usr/bin/ceph: stderr
2024-05-08T19:58:06.354+0000 7f2ec57a2700 1 --2- >> [v2:172.21.15.33:3300/0,v1:172.21.15.33:6789/0] conn(0x7f2ec01073d0 0x7f2ec01097c0 unknown :-1 s=HELLO_CONNECTING pgs=0 cs=0 l=0 rev1=1 crypto rx=0 tx=0 comp rx=0 tx=0).handle_hello peer v2:172.21.15.33:3300/0 says I am v2:172.21.15.33:40754/0 (socket says 172.21.15.33:40754)
2024-05-08T19:58:06.946 INFO:teuthology.orchestra.run.smithi033.stdout:/usr/bin/ceph: stderr
2024-05-08T19:58:06.354+0000 7f2ec57a2700 1 -- 172.21.15.33:0/4089263382 learned_addr learned my addr 172.21.15.33:0/4089263382 (peer_addr_for_me v2:172.21.15.33:0/0)
2024-05-08T19:58:06.947 INFO:teuthology.orchestra.run.smithi033.stdout:/usr/bin/ceph: stderr
2024-05-08T19:58:06.355+0000 7f2ec57a2700 1 -- 172.21.15.33:0/4089263382 --> [v2:172.21.15.33:3300/0,v1:172.21.15.33:6789/0] -- mon_subscribe({config=0+,monmap=0+}) v3 -- 0x7f2ec0109d00 con 0x7f2ec01073d0
2024-05-08T19:58:06.947 INFO:teuthology.orchestra.run.smithi033.stdout:/usr/bin/ceph: stderr
2024-05-08T19:58:06.355+0000 7f2ec57a2700 1 --2- 172.21.15.33:0/4089263382 >> [v2:172.21.15.33:3300/0,v1:172.21.15.33:6789/0] conn(0x7f2ec01073d0 0x7f2ec01097c0 secure :-1 s=READY pgs=37 cs=0 l=1 rev1=1 crypto rx=0x7f2ebc0098a0 tx=0x7f2ebc009bb0 comp rx=0 tx=0).ready entity=mon.0 client_cookie=824c152a98d635a server_cookie=0 in_seq=0 out_seq=0
2024-05-08T19:58:06.947 INFO:teuthology.orchestra.run.smithi033.stdout:/usr/bin/ceph: stderr
2024-05-08T19:58:06.355+0000 7f2eb7fff700 1 -- 172.21.15.33:0/4089263382 <== mon.0 v2:172.21.15.33:3300/0 1 ==== mon_map magic: 0 v1 ==== 205+0+0 (secure 0 0 0) 0x7f2ebc004160 con 0x7f2ec01073d0
2024-05-08T19:58:06.947 INFO:teuthology.orchestra.run.smithi033.stdout:/usr/bin/ceph: stderr
2024-05-08T19:58:06.355+0000 7f2eb7fff700 1 -- 172.21.15.33:0/4089263382 <== mon.0 v2:172.21.15.33:3300/0 2 ==== config(27 keys) v1 ==== 1108+0+0 (secure 0 0 0) 0x7f2ebc0042c0 con 0x7f2ec01073d0
2024-05-08T19:58:06.947 INFO:teuthology.orchestra.run.smithi033.stdout:/usr/bin/ceph: stderr
2024-05-08T19:58:06.355+0000 7f2eb7fff700 1 -- 172.21.15.33:0/4089263382 <== mon.0 v2:172.21.15.33:3300/0 3 ==== mon_map magic: 0 v1 ==== 205+0+0 (secure 0 0 0) 0x7f2ebc011ac0 con 0x7f2ec01073d0
2024-05-08T19:58:06.947 INFO:teuthology.orchestra.run.smithi033.stdout:/usr/bin/ceph: stderr
2024-05-08T19:58:06.355+0000 7f2ec7a06700 1 -- 172.21.15.33:0/4089263382 >> [v2:172.21.15.33:3300/0,v1:172.21.15.33:6789/0] conn(0x7f2ec01073d0 msgr2=0x7f2ec01097c0 secure :-1 s=STATE_CONNECTION_ESTABLISHED l=1).mark_down
2024-05-08T19:58:06.947 INFO:teuthology.orchestra.run.smithi033.stdout:/usr/bin/ceph: stderr
2024-05-08T19:58:06.355+0000 7f2ec7a06700 1 --2- 172.21.15.33:0/4089263382 >> [v2:172.21.15.33:3300/0,v1:172.21.15.33:6789/0] conn(0x7f2ec01073d0 0x7f2ec01097c0 secure :-1 s=READY pgs=37 cs=0 l=1 rev1=1 crypto rx=0x7f2ebc0098a0 tx=0x7f2ebc009bb0 comp rx=0 tx=0).stop
2024-05-08T19:58:06.947 INFO:teuthology.orchestra.run.smithi033.stdout:/usr/bin/ceph: stderr
2024-05-08T19:58:06.356+0000 7f2ec7a06700 1 -- 172.21.15.33:0/4089263382 shutdown_connections
2024-05-08T19:58:06.947 INFO:teuthology.orchestra.run.smithi033.stdout:/usr/bin/ceph: stderr
2024-05-08T19:58:06.356+0000 7f2ec7a06700 1 --2- 172.21.15.33:0/4089263382 >> [v2:172.21.15.33:3300/0,v1:172.21.15.33:6789/0] conn(0x7f2ec01073d0 0x7f2ec01097c0 unknown :-1 s=CLOSED pgs=37 cs=0 l=1 rev1=1 crypto rx=0 tx=0 comp rx=0 tx=0).stop
2024-05-08T19:58:06.948 INFO:teuthology.orchestra.run.smithi033.stdout:/usr/bin/ceph: stderr
2024-05-08T19:58:06.356+0000 7f2ec7a06700 1 -- 172.21.15.33:0/4089263382 >> 172.21.15.33:0/4089263382 conn(0x7f2ec0100e40 msgr2=0x7f2ec0103260 unknown :-1 s=STATE_NONE l=0).mark_down
2024-05-08T19:58:06.948 INFO:teuthology.orchestra.run.smithi033.stdout:/usr/bin/ceph: stderr
2024-05-08T19:58:06.356+0000 7f2ec7a06700 1 -- 172.21.15.33:0/4089263382 shutdown_connections
2024-05-08T19:58:06.948 INFO:teuthology.orchestra.run.smithi033.stdout:/usr/bin/ceph: stderr
2024-05-08T19:58:06.356+0000 7f2ec7a06700 1 -- 172.21.15.33:0/4089263382 wait complete.
2024-05-08T19:58:06.948 INFO:teuthology.orchestra.run.smithi033.stdout:/usr/bin/ceph: stderr
2024-05-08T19:58:06.356+0000 7f2ec7a06700 1 Processor -- start
2024-05-08T19:58:06.948 INFO:teuthology.orchestra.run.smithi033.stdout:/usr/bin/ceph: stderr
2024-05-08T19:58:06.356+0000 7f2ec7a06700 1 -- start start
2024-05-08T19:58:06.948 INFO:teuthology.orchestra.run.smithi033.stdout:/usr/bin/ceph: stderr
2024-05-08T19:58:06.357+0000 7f2ec7a06700 1 --2- >> [v2:172.21.15.33:3300/0,v1:172.21.15.33:6789/0] conn(0x7f2ec01073d0 0x7f2ec019a620 unknown :-1 s=NONE pgs=0 cs=0 l=1 rev1=0 crypto rx=0 tx=0 comp rx=0 tx=0).connect
2024-05-08T19:58:06.948 INFO:teuthology.orchestra.run.smithi033.stdout:/usr/bin/ceph: stderr
2024-05-08T19:58:06.357+0000 7f2ec7a06700 1 -- --> [v2:172.21.15.33:3300/0,v1:172.21.15.33:6789/0] -- mon_getmap magic: 0 v1 -- 0x7f2ec019ab60 con 0x7f2ec01073d0
2024-05-08T19:58:06.948 INFO:teuthology.orchestra.run.smithi033.stdout:/usr/bin/ceph: stderr
2024-05-08T19:58:06.357+0000 7f2ec57a2700 1 --2- >> [v2:172.21.15.33:3300/0,v1:172.21.15.33:6789/0] conn(0x7f2ec01073d0 0x7f2ec019a620 unknown :-1 s=BANNER_CONNECTING pgs=0 cs=0 l=1 rev1=0 crypto rx=0 tx=0 comp rx=0 tx=0)._handle_peer_banner_payload supported=3 required=0
2024-05-08T19:58:06.948 INFO:teuthology.orchestra.run.smithi033.stdout:/usr/bin/ceph: stderr
2024-05-08T19:58:06.357+0000 7f2ec57a2700 1 --2- >> [v2:172.21.15.33:3300/0,v1:172.21.15.33:6789/0] conn(0x7f2ec01073d0 0x7f2ec019a620 unknown :-1 s=HELLO_CONNECTING pgs=0 cs=0 l=1 rev1=1 crypto rx=0 tx=0 comp rx=0 tx=0).handle_hello peer v2:172.21.15.33:3300/0 says I am v2:172.21.15.33:40768/0 (socket says 172.21.15.33:40768)
2024-05-08T19:58:06.948 INFO:teuthology.orchestra.run.smithi033.stdout:/usr/bin/ceph: stderr
2024-05-08T19:58:06.357+0000 7f2ec57a2700 1 -- 172.21.15.33:0/2716583416 learned_addr learned my addr 172.21.15.33:0/2716583416 (peer_addr_for_me v2:172.21.15.33:0/0)
2024-05-08T19:58:06.948 INFO:teuthology.orchestra.run.smithi033.stdout:/usr/bin/ceph: stderr
2024-05-08T19:58:06.357+0000 7f2ec57a2700 1 -- 172.21.15.33:0/2716583416 --> [v2:172.21.15.33:3300/0,v1:172.21.15.33:6789/0] -- mon_subscribe({config=0+,monmap=0+}) v3 -- 0x7f2ebc009550 con 0x7f2ec01073d0
2024-05-08T19:58:06.948 INFO:teuthology.orchestra.run.smithi033.stdout:/usr/bin/ceph: stderr
2024-05-08T19:58:06.357+0000 7f2ec57a2700 1 --2- 172.21.15.33:0/2716583416 >> [v2:172.21.15.33:3300/0,v1:172.21.15.33:6789/0] conn(0x7f2ec01073d0 0x7f2ec019a620 secure :-1 s=READY pgs=38 cs=0 l=1 rev1=1 crypto rx=0x7f2ebc003f70 tx=0x7f2ebc011b40 comp rx=0 tx=0).ready entity=mon.0 client_cookie=0 server_cookie=0 in_seq=0 out_seq=0
2024-05-08T19:58:06.948 INFO:teuthology.orchestra.run.smithi033.stdout:/usr/bin/ceph: stderr
2024-05-08T19:58:06.357+0000 7f2eb67fc700 1 -- 172.21.15.33:0/2716583416 <== mon.0 v2:172.21.15.33:3300/0 1 ==== mon_map magic: 0 v1 ==== 205+0+0 (secure 0 0 0) 0x7f2ebc0039f0 con 0x7f2ec01073d0
2024-05-08T19:58:06.948 INFO:teuthology.orchestra.run.smithi033.stdout:/usr/bin/ceph: stderr
