2024-05-08T20:31:22.820+0000 7f20397fa700 1 -- 172.21.15.26:0/1707566871 <== mgr.14112 v2:172.21.15.26:6800/990648586 1 ==== mgr_command_reply(tid 0: 0 ) v1 ==== 8+0+0 (secure 0 0 0) 0x7f203c106c20 con 0x7f202002fd50
2024-05-08T20:31:22.826 INFO:teuthology.orchestra.run.smithi026.stderr:/usr/bin/ceph:
2024-05-08T20:31:22.822+0000 7f2042ff2700 1 -- 172.21.15.26:0/1707566871 >> [v2:172.21.15.26:6800/990648586,v1:172.21.15.26:6801/990648586] conn(0x7f202002fd50 msgr2=0x7f2020032210 secure :-1 s=STATE_CONNECTION_ESTABLISHED l=1).mark_down
2024-05-08T20:31:22.827 INFO:teuthology.orchestra.run.smithi026.stderr:/usr/bin/ceph:
2024-05-08T20:31:22.822+0000 7f2042ff2700 1 --2- 172.21.15.26:0/1707566871 >> [v2:172.21.15.26:6800/990648586,v1:172.21.15.26:6801/990648586] conn(0x7f202002fd50 0x7f2020032210 secure :-1 s=READY pgs=6 cs=0 l=1 rev1=1 rx=0x7f20280096a0 tx=0x7f2028006b40).stop
2024-05-08T20:31:22.827 INFO:teuthology.orchestra.run.smithi026.stderr:/usr/bin/ceph:
2024-05-08T20:31:22.822+0000 7f2042ff2700 1 -- 172.21.15.26:0/1707566871 >> [v2:172.21.15.26:3300/0,v1:172.21.15.26:6789/0] conn(0x7f203c070400 msgr2=0x7f203c10cd90 secure :-1 s=STATE_CONNECTION_ESTABLISHED l=1).mark_down
2024-05-08T20:31:22.827 INFO:teuthology.orchestra.run.smithi026.stderr:/usr/bin/ceph:
2024-05-08T20:31:22.822+0000 7f2042ff2700 1 --2- 172.21.15.26:0/1707566871 >> [v2:172.21.15.26:3300/0,v1:172.21.15.26:6789/0] conn(0x7f203c070400 0x7f203c10cd90 secure :-1 s=READY pgs=28 cs=0 l=1 rev1=1 rx=0x7f2030006cb0 tx=0x7f2030006ee0).stop
2024-05-08T20:31:22.827 INFO:teuthology.orchestra.run.smithi026.stderr:/usr/bin/ceph:
2024-05-08T20:31:22.822+0000 7f2042ff2700 1 -- 172.21.15.26:0/1707566871 shutdown_connections
2024-05-08T20:31:22.827 INFO:teuthology.orchestra.run.smithi026.stderr:/usr/bin/ceph:
2024-05-08T20:31:22.822+0000 7f2042ff2700 1 --2- 172.21.15.26:0/1707566871 >> [v2:172.21.15.26:6800/990648586,v1:172.21.15.26:6801/990648586] conn(0x7f202002fd50 0x7f2020032210 unknown :-1 s=CLOSED pgs=6 cs=0 l=1 rev1=1 rx=0 tx=0).stop
2024-05-08T20:31:22.827 INFO:teuthology.orchestra.run.smithi026.stderr:/usr/bin/ceph:
2024-05-08T20:31:22.822+0000 7f2042ff2700 1 --2- 172.21.15.26:0/1707566871 >> [v2:172.21.15.26:3300/0,v1:172.21.15.26:6789/0] conn(0x7f203c070400 0x7f203c10cd90 unknown :-1 s=CLOSED pgs=28 cs=0 l=1 rev1=1 rx=0 tx=0).stop
2024-05-08T20:31:22.827 INFO:teuthology.orchestra.run.smithi026.stderr:/usr/bin/ceph:
2024-05-08T20:31:22.822+0000 7f2042ff2700 1 -- 172.21.15.26:0/1707566871 >> 172.21.15.26:0/1707566871 conn(0x7f203c0f6460 msgr2=0x7f203c0f8040 unknown :-1 s=STATE_NONE l=0).mark_down
2024-05-08T20:31:22.827 INFO:teuthology.orchestra.run.smithi026.stderr:/usr/bin/ceph:
2024-05-08T20:31:22.822+0000 7f2042ff2700 1 -- 172.21.15.26:0/1707566871 shutdown_connections
2024-05-08T20:31:22.827 INFO:teuthology.orchestra.run.smithi026.stderr:/usr/bin/ceph:
2024-05-08T20:31:22.823+0000 7f2042ff2700 1 -- 172.21.15.26:0/1707566871 wait complete.
2024-05-08T20:31:23.420 INFO:teuthology.orchestra.run.smithi026.stderr:Running command: /bin/podman run --rm --ipc=host --no-hosts --net=host --entrypoint /usr/bin/ceph --init -e CONTAINER_IMAGE=quay.io/ceph/ceph:v16.2.4 -e NODE_NAME=smithi026 -e CEPH_USE_RANDOM_NONCE=1 -v /var/log/ceph/c8e2811a-0d79-11ef-bc97-c7b262605968:/var/log/ceph:z -v /tmp/ceph-tmpqpb3kgp9:/etc/ceph/ceph.client.admin.keyring:z -v /tmp/ceph-tmp_yv7hkmk:/etc/ceph/ceph.conf:z quay.io/ceph/ceph:v16.2.4 cephadm set-user root
2024-05-08T20:31:23.902 INFO:journalctl@ceph.mon.smithi026.smithi026.stdout:May 08 20:31:23 smithi026 ceph-c8e2811a-0d79-11ef-bc97-c7b262605968-mon.smithi026[40020]: cluster
2024-05-08T20:31:22.508169+0000 mon.smithi026 (mon.0) 48 : cluster [DBG] mgrmap e8: smithi026.lxgvgv(active, since 2s)
2024-05-08T20:31:23.902 INFO:journalctl@ceph.mon.smithi026.smithi026.stdout:May 08 20:31:23 smithi026 ceph-c8e2811a-0d79-11ef-bc97-c7b262605968-mon.smithi026[40020]: audit
2024-05-08T20:31:22.817325+0000 mgr.smithi026.lxgvgv (mgr.14112) 3 : audit [DBG] from='client.14122 -' entity='client.admin' cmd=[{"prefix": "orch set backend", "module_name": "cephadm", "target": ["mon-mgr", ""]}]: dispatch
2024-05-08T20:31:23.902 INFO:journalctl@ceph.mon.smithi026.smithi026.stdout:May 08 20:31:23 smithi026 ceph-c8e2811a-0d79-11ef-bc97-c7b262605968-mon.smithi026[40020]: audit
2024-05-08T20:31:22.821216+0000 mon.smithi026 (mon.0) 49 : audit [INF] from='mgr.14112 172.21.15.26:0/3162718882' entity='mgr.smithi026.lxgvgv'
2024-05-08T20:31:23.902 INFO:journalctl@ceph.mon.smithi026.smithi026.stdout:May 08 20:31:23 smithi026 ceph-c8e2811a-0d79-11ef-bc97-c7b262605968-mon.smithi026[40020]: audit
2024-05-08T20:31:22.824658+0000 mon.smithi026 (mon.0) 50 : audit [DBG] from='mgr.14112 172.21.15.26:0/3162718882' entity='mgr.smithi026.lxgvgv' cmd=[{"prefix": "config dump", "format": "json"}]: dispatch
2024-05-08T20:31:23.964 INFO:teuthology.orchestra.run.smithi026.stderr:/usr/bin/ceph:
2024-05-08T20:31:23.954+0000 7f5fc4c12700 1 Processor -- start
2024-05-08T20:31:23.964 INFO:teuthology.orchestra.run.smithi026.stderr:/usr/bin/ceph:
2024-05-08T20:31:23.954+0000 7f5fc4c12700 1 -- start start
2024-05-08T20:31:23.964 INFO:teuthology.orchestra.run.smithi026.stderr:/usr/bin/ceph:
2024-05-08T20:31:23.954+0000 7f5fc4c12700 1 --2- >> [v2:172.21.15.26:3300/0,v1:172.21.15.26:6789/0] conn(0x7f5fc0070420 0x7f5fc0100dc0 unknown :-1 s=NONE pgs=0 cs=0 l=0 rev1=0 rx=0 tx=0).connect
2024-05-08T20:31:23.965 INFO:teuthology.orchestra.run.smithi026.stderr:/usr/bin/ceph:
2024-05-08T20:31:23.954+0000 7f5fc4c12700 1 -- --> [v2:172.21.15.26:3300/0,v1:172.21.15.26:6789/0] -- mon_getmap magic: 0 v1 -- 0x7f5fc00fc7b0 con 0x7f5fc0070420
2024-05-08T20:31:23.965 INFO:teuthology.orchestra.run.smithi026.stderr:/usr/bin/ceph:
2024-05-08T20:31:23.955+0000 7f5fbe59c700 1 --2- >> [v2:172.21.15.26:3300/0,v1:172.21.15.26:6789/0] conn(0x7f5fc0070420 0x7f5fc0100dc0 unknown :-1 s=BANNER_CONNECTING pgs=0 cs=0 l=0 rev1=0 rx=0 tx=0)._handle_peer_banner_payload supported=1 required=0
2024-05-08T20:31:23.965 INFO:teuthology.orchestra.run.smithi026.stderr:/usr/bin/ceph:
2024-05-08T20:31:23.955+0000 7f5fbe59c700 1 --2- >> [v2:172.21.15.26:3300/0,v1:172.21.15.26:6789/0] conn(0x7f5fc0070420 0x7f5fc0100dc0 unknown :-1 s=HELLO_CONNECTING pgs=0 cs=0 l=0 rev1=1 rx=0 tx=0).handle_hello peer v2:172.21.15.26:3300/0 says I am v2:172.21.15.26:54566/0 (socket says 172.21.15.26:54566)
2024-05-08T20:31:23.965 INFO:teuthology.orchestra.run.smithi026.stderr:/usr/bin/ceph:
2024-05-08T20:31:23.955+0000 7f5fbe59c700 1 -- 172.21.15.26:0/1997091279 learned_addr learned my addr 172.21.15.26:0/1997091279 (peer_addr_for_me v2:172.21.15.26:0/0)
2024-05-08T20:31:23.965 INFO:teuthology.orchestra.run.smithi026.stderr:/usr/bin/ceph:
2024-05-08T20:31:23.955+0000 7f5fbe59c700 1 -- 172.21.15.26:0/1997091279 --> [v2:172.21.15.26:3300/0,v1:172.21.15.26:6789/0] -- mon_subscribe({config=0+,monmap=0+}) v3 -- 0x7f5fc01012b0 con 0x7f5fc0070420
2024-05-08T20:31:23.965 INFO:teuthology.orchestra.run.smithi026.stderr:/usr/bin/ceph:
2024-05-08T20:31:23.955+0000 7f5fbe59c700 1 --2- 172.21.15.26:0/1997091279 >> [v2:172.21.15.26:3300/0,v1:172.21.15.26:6789/0] conn(0x7f5fc0070420 0x7f5fc0100dc0 secure :-1 s=READY pgs=29 cs=0 l=1 rev1=1 rx=0x7f5fa800b5f0 tx=0x7f5fa8006ee0).ready entity=mon.0 client_cookie=19ffb3eedcfdac68 server_cookie=0 in_seq=0 out_seq=0
2024-05-08T20:31:23.965 INFO:teuthology.orchestra.run.smithi026.stderr:/usr/bin/ceph:
2024-05-08T20:31:23.955+0000 7f5fbd59a700 1 -- 172.21.15.26:0/1997091279 <== mon.0 v2:172.21.15.26:3300/0 1 ==== mon_map magic: 0 v1 ==== 229+0+0 (secure 0 0 0) 0x7f5fa800d600 con 0x7f5fc0070420
2024-05-08T20:31:23.965 INFO:teuthology.orchestra.run.smithi026.stderr:/usr/bin/ceph:
2024-05-08T20:31:23.955+0000 7f5fbd59a700 1 -- 172.21.15.26:0/1997091279 <== mon.0 v2:172.21.15.26:3300/0 2 ==== config(25 keys) v1 ==== 981+0+0 (secure 0 0 0) 0x7f5fa800dbb0 con 0x7f5fc0070420
2024-05-08T20:31:23.965 INFO:teuthology.orchestra.run.smithi026.stderr:/usr/bin/ceph:
2024-05-08T20:31:23.955+0000 7f5fbd59a700 1 -- 172.21.15.26:0/1997091279 <== mon.0 v2:172.21.15.26:3300/0 3 ==== mon_map magic: 0 v1 ==== 229+0+0 (secure 0 0 0) 0x7f5fa8011bb0 con 0x7f5fc0070420
2024-05-08T20:31:23.965 INFO:teuthology.orchestra.run.smithi026.stderr:/usr/bin/ceph:
2024-05-08T20:31:23.956+0000 7f5fc4c12700 1 -- 172.21.15.26:0/1997091279 >> [v2:172.21.15.26:3300/0,v1:172.21.15.26:6789/0] conn(0x7f5fc0070420 msgr2=0x7f5fc0100dc0 secure :-1 s=STATE_CONNECTION_ESTABLISHED l=1).mark_down
2024-05-08T20:31:23.965 INFO:teuthology.orchestra.run.smithi026.stderr:/usr/bin/ceph:
2024-05-08T20:31:23.956+0000 7f5fc4c12700 1 --2- 172.21.15.26:0/1997091279 >> [v2:172.21.15.26:3300/0,v1:172.21.15.26:6789/0] conn(0x7f5fc0070420 0x7f5fc0100dc0 secure :-1 s=READY pgs=29 cs=0 l=1 rev1=1 rx=0x7f5fa800b5f0 tx=0x7f5fa8006ee0).stop
2024-05-08T20:31:23.965 INFO:teuthology.orchestra.run.smithi026.stderr:/usr/bin/ceph:
2024-05-08T20:31:23.956+0000 7f5fc4c12700 1 -- 172.21.15.26:0/1997091279 shutdown_connections
2024-05-08T20:31:23.965 INFO:teuthology.orchestra.run.smithi026.stderr:/usr/bin/ceph:
2024-05-08T20:31:23.956+0000 7f5fc4c12700 1 --2- 172.21.15.26:0/1997091279 >> [v2:172.21.15.26:3300/0,v1:172.21.15.26:6789/0] conn(0x7f5fc0070420 0x7f5fc0100dc0 unknown :-1 s=CLOSED pgs=29 cs=0 l=1 rev1=1 rx=0 tx=0).stop
2024-05-08T20:31:23.966 INFO:teuthology.orchestra.run.smithi026.stderr:/usr/bin/ceph:
2024-05-08T20:31:23.956+0000 7f5fc4c12700 1 -- 172.21.15.26:0/1997091279 >> 172.21.15.26:0/1997091279 conn(0x7f5fc00f6460 msgr2=0x7f5fc00f8880 unknown :-1 s=STATE_NONE l=0).mark_down
2024-05-08T20:31:23.966 INFO:teuthology.orchestra.run.smithi026.stderr:/usr/bin/ceph:
2024-05-08T20:31:23.956+0000 7f5fc4c12700 1 -- 172.21.15.26:0/1997091279 shutdown_connections
2024-05-08T20:31:23.966 INFO:teuthology.orchestra.run.smithi026.stderr:/usr/bin/ceph:
2024-05-08T20:31:23.956+0000 7f5fc4c12700 1 -- 172.21.15.26:0/1997091279 wait complete.
2024-05-08T20:31:23.966 INFO:teuthology.orchestra.run.smithi026.stderr:/usr/bin/ceph:
2024-05-08T20:31:23.957+0000 7f5fc4c12700 1 Processor -- start
2024-05-08T20:31:23.966 INFO:teuthology.orchestra.run.smithi026.stderr:/usr/bin/ceph:
2024-05-08T20:31:23.957+0000 7f5fc4c12700 1 -- start start
2024-05-08T20:31:23.966 INFO:teuthology.orchestra.run.smithi026.stderr:/usr/bin/ceph:
2024-05-08T20:31:23.957+0000 7f5fc4c12700 1 --2- >> [v2:172.21.15.26:3300/0,v1:172.21.15.26:6789/0] conn(0x7f5fc0070420 0x7f5fc010cd80 unknown :-1 s=NONE pgs=0 cs=0 l=1 rev1=0 rx=0 tx=0).connect
2024-05-08T20:31:23.966 INFO:teuthology.orchestra.run.smithi026.stderr:/usr/bin/ceph:
2024-05-08T20:31:23.957+0000 7f5fc4c12700 1 -- --> [v2:172.21.15.26:3300/0,v1:172.21.15.26:6789/0] -- mon_getmap magic: 0 v1 -- 0x7f5fc010d270 con 0x7f5fc0070420
2024-05-08T20:31:23.966 INFO:teuthology.orchestra.run.smithi026.stderr:/usr/bin/ceph:
2024-05-08T20:31:23.957+0000 7f5fbe59c700 1 --2- >> [v2:172.21.15.26:3300/0,v1:172.21.15.26:6789/0] conn(0x7f5fc0070420 0x7f5fc010cd80 unknown :-1 s=BANNER_CONNECTING pgs=0 cs=0 l=1 rev1=0 rx=0 tx=0)._handle_peer_banner_payload supported=1 required=0
2024-05-08T20:31:23.966 INFO:teuthology.orchestra.run.smithi026.stderr:/usr/bin/ceph:
2024-05-08T20:31:23.957+0000 7f5fbe59c700 1 --2- >> [v2:172.21.15.26:3300/0,v1:172.21.15.26:6789/0] conn(0x7f5fc0070420 0x7f5fc010cd80 unknown :-1 s=HELLO_CONNECTING pgs=0 cs=0 l=1 rev1=1 rx=0 tx=0).handle_hello peer v2:172.21.15.26:3300/0 says I am v2:172.21.15.26:54580/0 (socket says 172.21.15.26:54580)
2024-05-08T20:31:23.966 INFO:teuthology.orchestra.run.smithi026.stderr:/usr/bin/ceph:
2024-05-08T20:31:23.957+0000 7f5fbe59c700 1 -- 172.21.15.26:0/2217166796 learned_addr learned my addr 172.21.15.26:0/2217166796 (peer_addr_for_me v2:172.21.15.26:0/0)
2024-05-08T20:31:23.966 INFO:teuthology.orchestra.run.smithi026.stderr:/usr/bin/ceph:
2024-05-08T20:31:23.957+0000 7f5fbe59c700 1 -- 172.21.15.26:0/2217166796 --> [v2:172.21.15.26:3300/0,v1:172.21.15.26:6789/0] -- mon_subscribe({config=0+,monmap=0+}) v3 -- 0x7f5fa800b200 con 0x7f5fc0070420
2024-05-08T20:31:23.966 INFO:teuthology.orchestra.run.smithi026.stderr:/usr/bin/ceph:
2024-05-08T20:31:23.958+0000 7f5fbe59c700 1 --2- 172.21.15.26:0/2217166796 >> [v2:172.21.15.26:3300/0,v1:172.21.15.26:6789/0] conn(0x7f5fc0070420 0x7f5fc010cd80 secure :-1 s=READY pgs=30 cs=0 l=1 rev1=1 rx=0x7f5fa8006970 tx=0x7f5fa8006ee0).ready entity=mon.0 client_cookie=0 server_cookie=0 in_seq=0 out_seq=0
2024-05-08T20:31:23.967 INFO:teuthology.orchestra.run.smithi026.stderr:/usr/bin/ceph:
2024-05-08T20:31:23.958+0000 7f5fb6ffd700 1 -- 172.21.15.26:0/2217166796 <== mon.0 v2:172.21.15.26:3300/0 1 ==== mon_map magic: 0 v1 ==== 229+0+0 (secure 0 0 0) 0x7f5fa801b410 con 0x7f5fc0070420
2024-05-08T20:31:23.967 INFO:teuthology.orchestra.run.smithi026.stderr:/usr/bin/ceph:
2024-05-08T20:31:23.958+0000 7f5fb6ffd700 1 -- 172.21.15.26:0/2217166796 <== mon.0 v2:172.21.15.26:3300/0 2 ==== config(25 keys) v1 ==== 981+0+0 (secure 0 0 0) 0x7f5fa801b9c0 con 0x7f5fc0070420
2024-05-08T20:31:23.967 INFO:teuthology.orchestra.run.smithi026.stderr:/usr/bin/ceph:
2024-05-08T20:31:23.958+0000 7f5fc4c12700 1 -- 172.21.15.26:0/2217166796 --> [v2:172.21.15.26:3300/0,v1:172.21.15.26:6789/0] -- mon_subscribe({mgrmap=0+}) v3 -- 0x7f5fc010d470 con 0x7f5fc0070420
2024-05-08T20:31:23.967 INFO:teuthology.orchestra.run.smithi026.stderr:/usr/bin/ceph:
2024-05-08T20:31:23.958+0000 7f5fb6ffd700 1 -- 172.21.15.26:0/2217166796 <== mon.0 v2:172.21.15.26:3300/0 3 ==== mon_map magic: 0 v1 ==== 229+0+0 (secure 0 0 0) 0x7f5fa801a710 con 0x7f5fc0070420
2024-05-08T20:31:23.967 INFO:teuthology.orchestra.run.smithi026.stderr:/usr/bin/ceph:
2024-05-08T20:31:23.958+0000 7f5fc4c12700 1 -- 172.21.15.26:0/2217166796 --> [v2:172.21.15.26:3300/0,v1:172.21.15.26:6789/0] -- mon_subscribe({osdmap=0}) v3 -- 0x7f5fc010d880 con 0x7f5fc0070420
2024-05-08T20:31:23.967 INFO:teuthology.orchestra.run.smithi026.stderr:/usr/bin/ceph:
2024-05-08T20:31:23.959+0000 7f5fb6ffd700 1 -- 172.21.15.26:0/2217166796 <== mon.0 v2:172.21.15.26:3300/0 4 ==== mgrmap(e 8) v1 ==== 36120+0+0 (secure 0 0 0) 0x7f5fa800f070 con 0x7f5fc0070420
2024-05-08T20:31:23.967 INFO:teuthology.orchestra.run.smithi026.stderr:/usr/bin/ceph:
2024-05-08T20:31:23.959+0000 7f5fc4c12700 1 -- 172.21.15.26:0/2217166796 --> [v2:172.21.15.26:3300/0,v1:172.21.15.26:6789/0] -- mon_command({"prefix": "get_command_descriptions"} v 0) v1 -- 0x7f5fc0045ad0 con 0x7f5fc0070420
2024-05-08T20:31:23.967 INFO:teuthology.orchestra.run.smithi026.stderr:/usr/bin/ceph:
2024-05-08T20:31:23.959+0000 7f5fb6ffd700 1 --2- 172.21.15.26:0/2217166796 >> [v2:172.21.15.26:6800/990648586,v1:172.21.15.26:6801/990648586] conn(0x7f5fa002fdb0 0x7f5fa0032270 unknown :-1 s=NONE pgs=0 cs=0 l=1 rev1=0 rx=0 tx=0).connect
2024-05-08T20:31:23.967 INFO:teuthology.orchestra.run.smithi026.stderr:/usr/bin/ceph:
2024-05-08T20:31:23.959+0000 7f5fb6ffd700 1 -- 172.21.15.26:0/2217166796 <== mon.0 v2:172.21.15.26:3300/0 5 ==== osd_map(2..2 src has 1..2) v4 ==== 893+0+0 (secure 0 0 0) 0x7f5fa8040f00 con 0x7f5fc0070420
2024-05-08T20:31:23.967 INFO:teuthology.orchestra.run.smithi026.stderr:/usr/bin/ceph:
2024-05-08T20:31:23.959+0000 7f5fbdd9b700 1 --2- 172.21.15.26:0/2217166796 >> [v2:172.21.15.26:6800/990648586,v1:172.21.15.26:6801/990648586] conn(0x7f5fa002fdb0 0x7f5fa0032270 unknown :-1 s=BANNER_CONNECTING pgs=0 cs=0 l=1 rev1=0 rx=0 tx=0)._handle_peer_banner_payload supported=1 required=0
2024-05-08T20:31:23.967 INFO:teuthology.orchestra.run.smithi026.stderr:/usr/bin/ceph:
2024-05-08T20:31:23.959+0000 7f5fbdd9b700 1 --2- 172.21.15.26:0/2217166796 >> [v2:172.21.15.26:6800/990648586,v1:172.21.15.26:6801/990648586] conn(0x7f5fa002fdb0 0x7f5fa0032270 secure :-1 s=READY pgs=7 cs=0 l=1 rev1=1 rx=0x7f5fb00096a0 tx=0x7f5fb0006b40).ready entity=mgr.14112 client_cookie=0 server_cookie=0 in_seq=0 out_seq=0
2024-05-08T20:31:23.968 INFO:teuthology.orchestra.run.smithi026.stderr:/usr/bin/ceph:
2024-05-08T20:31:23.963+0000 7f5fb6ffd700 1 -- 172.21.15.26:0/2217166796 <== mon.0 v2:172.21.15.26:3300/0 6 ==== mon_command_ack([{"prefix": "get_command_descriptions"}]=0 v0) v1 ==== 72+0+152212 (secure 0 0 0) 0x7f5fa8019950 con 0x7f5fc0070420
2024-05-08T20:31:24.128 INFO:teuthology.orchestra.run.smithi026.stderr:/usr/bin/ceph:
2024-05-08T20:31:24.125+0000 7f5fc4c12700 1 -- 172.21.15.26:0/2217166796 --> [v2:172.21.15.26:6800/990648586,v1:172.21.15.26:6801/990648586] -- mgr_command(tid 0: {"prefix": "cephadm set-user", "user": "root", "target": ["mon-mgr", ""]}) v1 -- 0x7f5fc010e0b0 con 0x7f5fa002fdb0
2024-05-08T20:31:24.129 INFO:teuthology.orchestra.run.smithi026.stderr:/usr/bin/ceph:
2024-05-08T20:31:24.125+0000 7f5fb6ffd700 1 -- 172.21.15.26:0/2217166796 <== mgr.14112 v2:172.21.15.26:6800/990648586 1 ==== mgr_command_reply(tid 0: 0 ) v1 ==== 8+0+16 (secure 0 0 0) 0x7f5fc010e0b0 con 0x7f5fa002fdb0
2024-05-08T20:31:24.130 INFO:teuthology.orchestra.run.smithi026.stderr:/usr/bin/ceph: value unchanged
2024-05-08T20:31:24.131 INFO:teuthology.orchestra.run.smithi026.stderr:/usr/bin/ceph:
2024-05-08T20:31:24.127+0000 7f5fc4c12700 1 -- 172.21.15.26:0/2217166796 >> [v2:172.21.15.26:6800/990648586,v1:172.21.15.26:6801/990648586] conn(0x7f5fa002fdb0 msgr2=0x7f5fa0032270 secure :-1 s=STATE_CONNECTION_ESTABLISHED l=1).mark_down
2024-05-08T20:31:24.131 INFO:teuthology.orchestra.run.smithi026.stderr:/usr/bin/ceph:
2024-05-08T20:31:24.127+0000 7f5fc4c12700 1 --2- 172.21.15.26:0/2217166796 >> [v2:172.21.15.26:6800/990648586,v1:172.21.15.26:6801/990648586] conn(0x7f5fa002fdb0 0x7f5fa0032270 secure :-1 s=READY pgs=7 cs=0 l=1 rev1=1 rx=0x7f5fb00096a0 tx=0x7f5fb0006b40).stop
2024-05-08T20:31:24.131 INFO:teuthology.orchestra.run.smithi026.stderr:/usr/bin/ceph:
2024-05-08T20:31:24.127+0000 7f5fc4c12700 1 -- 172.21.15.26:0/2217166796 >> [v2:172.21.15.26:3300/0,v1:172.21.15.26:6789/0] conn(0x7f5fc0070420 msgr2=0x7f5fc010cd80 secure :-1 s=STATE_CONNECTION_ESTABLISHED l=1).mark_down
2024-05-08T20:31:24.131 INFO:teuthology.orchestra.run.smithi026.stderr:/usr/bin/ceph:
2024-05-08T20:31:24.127+0000 7f5fc4c12700 1 --2- 172.21.15.26:0/2217166796 >> [v2:172.21.15.26:3300/0,v1:172.21.15.26:6789/0] conn(0x7f5fc0070420 0x7f5fc010cd80 secure :-1 s=READY pgs=30 cs=0 l=1 rev1=1 rx=0x7f5fa8006970 tx=0x7f5fa8006ee0).stop
2024-05-08T20:31:24.131 INFO:teuthology.orchestra.run.smithi026.stderr:/usr/bin/ceph:
2024-05-08T20:31:24.127+0000 7f5fc4c12700 1 -- 172.21.15.26:0/2217166796 shutdown_connections
2024-05-08T20:31:24.132 INFO:teuthology.orchestra.run.smithi026.stderr:/usr/bin/ceph:
2024-05-08T20:31:24.127+0000 7f5fc4c12700 1 --2- 172.21.15.26:0/2217166796 >> [v2:172.21.15.26:6800/990648586,v1:172.21.15.26:6801/990648586] conn(0x7f5fa002fdb0 0x7f5fa0032270 unknown :-1 s=CLOSED pgs=7 cs=0 l=1 rev1=1 rx=0 tx=0).stop
2024-05-08T20:31:24.132 INFO:teuthology.orchestra.run.smithi026.stderr:/usr/bin/ceph:
2024-05-08T20:31:24.127+0000 7f5fc4c12700 1 --2- 172.21.15.26:0/2217166796 >> [v2:172.21.15.26:3300/0,v1:172.21.15.26:6789/0] conn(0x7f5fc0070420 0x7f5fc010cd80 unknown :-1 s=CLOSED pgs=30 cs=0 l=1 rev1=1 rx=0 tx=0).stop
2024-05-08T20:31:24.132 INFO:teuthology.orchestra.run.smithi026.stderr:/usr/bin/ceph:
2024-05-08T20:31:24.127+0000 7f5fc4c12700 1 -- 172.21.15.26:0/2217166796 >> 172.21.15.26:0/2217166796 conn(0x7f5fc00f6460 msgr2=0x7f5fc00f7fb0 unknown :-1 s=STATE_NONE l=0).mark_down
2024-05-08T20:31:24.132 INFO:teuthology.orchestra.run.smithi026.stderr:/usr/bin/ceph:
2024-05-08T20:31:24.127+0000 7f5fc4c12700 1 -- 172.21.15.26:0/2217166796 shutdown_connections
2024-05-08T20:31:24.132 INFO:teuthology.orchestra.run.smithi026.stderr:/usr/bin/ceph:
2024-05-08T20:31:24.127+0000 7f5fc4c12700 1 -- 172.21.15.26:0/2217166796 wait complete.
2024-05-08T20:31:24.828 INFO:teuthology.orchestra.run.smithi026.stderr:Generating ssh key...
2024-05-08T20:31:24.828 INFO:teuthology.orchestra.run.smithi026.stderr:Running command: /bin/podman run --rm --ipc=host --no-hosts --net=host --entrypoint /usr/bin/ceph --init -e CONTAINER_IMAGE=quay.io/ceph/ceph:v16.2.4 -e NODE_NAME=smithi026 -e CEPH_USE_RANDOM_NONCE=1 -v /var/log/ceph/c8e2811a-0d79-11ef-bc97-c7b262605968:/var/log/ceph:z -v /tmp/ceph-tmpqpb3kgp9:/etc/ceph/ceph.client.admin.keyring:z -v /tmp/ceph-tmp_yv7hkmk:/etc/ceph/ceph.conf:z quay.io/ceph/ceph:v16.2.4 cephadm generate-key
2024-05-08T20:31:25.360 INFO:teuthology.orchestra.run.smithi026.stderr:/usr/bin/ceph:
2024-05-08T20:31:25.346+0000 7fa9bf177700 1 Processor -- start
2024-05-08T20:31:25.361 INFO:teuthology.orchestra.run.smithi026.stderr:/usr/bin/ceph:
2024-05-08T20:31:25.346+0000 7fa9bf177700 1 -- start start
2024-05-08T20:31:25.361 INFO:teuthology.orchestra.run.smithi026.stderr:/usr/bin/ceph:
2024-05-08T20:31:25.346+0000 7fa9bf177700 1 --2- >> [v2:172.21.15.26:3300/0,v1:172.21.15.26:6789/0] conn(0x7fa9b80fc7c0 0x7fa9b80febb0 unknown :-1 s=NONE pgs=0 cs=0 l=0 rev1=0 rx=0 tx=0).connect
2024-05-08T20:31:25.361 INFO:teuthology.orchestra.run.smithi026.stderr:/usr/bin/ceph:
2024-05-08T20:31:25.346+0000 7fa9bf177700 1 -- --> [v2:172.21.15.26:3300/0,v1:172.21.15.26:6789/0] -- mon_getmap magic: 0 v1 -- 0x7fa9b8070640 con 0x7fa9b80fc7c0
2024-05-08T20:31:25.361 INFO:teuthology.orchestra.run.smithi026.stderr:/usr/bin/ceph:
2024-05-08T20:31:25.346+0000 7fa9be175700 1 --2- >> [v2:172.21.15.26:3300/0,v1:172.21.15.26:6789/0] conn(0x7fa9b80fc7c0 0x7fa9b80febb0 unknown :-1 s=BANNER_CONNECTING pgs=0 cs=0 l=0 rev1=0 rx=0 tx=0)._handle_peer_banner_payload supported=1 required=0
2024-05-08T20:31:25.361 INFO:teuthology.orchestra.run.smithi026.stderr:/usr/bin/ceph:
2024-05-08T20:31:25.346+0000 7fa9be175700 1 --2- >> [v2:172.21.15.26:3300/0,v1:172.21.15.26:6789/0] conn(0x7fa9b80fc7c0 0x7fa9b80febb0 unknown :-1 s=HELLO_CONNECTING pgs=0 cs=0 l=0 rev1=1 rx=0 tx=0).handle_hello peer v2:172.21.15.26:3300/0 says I am v2:172.21.15.26:54586/0 (socket says 172.21.15.26:54586)
2024-05-08T20:31:25.361 INFO:teuthology.orchestra.run.smithi026.stderr:/usr/bin/ceph:
2024-05-08T20:31:25.346+0000 7fa9be175700 1 -- 172.21.15.26:0/425138873 learned_addr learned my addr 172.21.15.26:0/425138873 (peer_addr_for_me v2:172.21.15.26:0/0)
2024-05-08T20:31:25.361 INFO:teuthology.orchestra.run.smithi026.stderr:/usr/bin/ceph:
2024-05-08T20:31:25.347+0000 7fa9be175700 1 -- 172.21.15.26:0/425138873 --> [v2:172.21.15.26:3300/0,v1:172.21.15.26:6789/0] -- mon_subscribe({config=0+,monmap=0+}) v3 -- 0x7fa9b8070780 con 0x7fa9b80fc7c0
2024-05-08T20:31:25.361 INFO:teuthology.orchestra.run.smithi026.stderr:/usr/bin/ceph:
2024-05-08T20:31:25.347+0000 7fa9be175700 1 --2- 172.21.15.26:0/425138873 >> [v2:172.21.15.26:3300/0,v1:172.21.15.26:6789/0] conn(0x7fa9b80fc7c0 0x7fa9b80febb0 secure :-1 s=READY pgs=31 cs=0 l=1 rev1=1 rx=0x7fa9b400b5f0 tx=0x7fa9b4006ee0).ready entity=mon.0 client_cookie=aba3e3e7fb025650 server_cookie=0 in_seq=0 out_seq=0
2024-05-08T20:31:25.361 INFO:teuthology.orchestra.run.smithi026.stderr:/usr/bin/ceph:
2024-05-08T20:31:25.347+0000 7fa9bd173700 1 -- 172.21.15.26:0/425138873 <== mon.0 v2:172.21.15.26:3300/0 1 ==== mon_map magic: 0 v1 ==== 229+0+0 (secure 0 0 0) 0x7fa9b400d600 con 0x7fa9b80fc7c0
2024-05-08T20:31:25.361 INFO:teuthology.orchestra.run.smithi026.stderr:/usr/bin/ceph:
2024-05-08T20:31:25.347+0000 7fa9bd173700 1 -- 172.21.15.26:0/425138873 <== mon.0 v2:172.21.15.26:3300/0 2 ==== config(25 keys) v1 ==== 981+0+0 (secure 0 0 0) 0x7fa9b400dbb0 con 0x7fa9b80fc7c0
2024-05-08T20:31:25.361 INFO:teuthology.orchestra.run.smithi026.stderr:/usr/bin/ceph:
2024-05-08T20:31:25.347+0000 7fa9bd173700 1 -- 172.21.15.26:0/425138873 <== mon.0 v2:172.21.15.26:3300/0 3 ==== mon_map magic: 0 v1 ==== 229+0+0 (secure 0 0 0) 0x7fa9b4011bb0 con 0x7fa9b80fc7c0
2024-05-08T20:31:25.361 INFO:teuthology.orchestra.run.smithi026.stderr:/usr/bin/ceph:
2024-05-08T20:31:25.347+0000 7fa9bf177700 1 -- 172.21.15.26:0/425138873 >> [v2:172.21.15.26:3300/0,v1:172.21.15.26:6789/0] conn(0x7fa9b80fc7c0 msgr2=0x7fa9b80febb0 secure :-1 s=STATE_CONNECTION_ESTABLISHED l=1).mark_down
2024-05-08T20:31:25.361 INFO:teuthology.orchestra.run.smithi026.stderr:/usr/bin/ceph:
2024-05-08T20:31:25.347+0000 7fa9bf177700 1 --2- 172.21.15.26:0/425138873 >> [v2:172.21.15.26:3300/0,v1:172.21.15.26:6789/0] conn(0x7fa9b80fc7c0 0x7fa9b80febb0 secure :-1 s=READY pgs=31 cs=0 l=1 rev1=1 rx=0x7fa9b400b5f0 tx=0x7fa9b4006ee0).stop
2024-05-08T20:31:25.361 INFO:teuthology.orchestra.run.smithi026.stderr:/usr/bin/ceph:
2024-05-08T20:31:25.348+0000 7fa9bf177700 1 -- 172.21.15.26:0/425138873 shutdown_connections
2024-05-08T20:31:25.362 INFO:teuthology.orchestra.run.smithi026.stderr:/usr/bin/ceph:
2024-05-08T20:31:25.348+0000 7fa9bf177700 1 --2- 172.21.15.26:0/425138873 >> [v2:172.21.15.26:3300/0,v1:172.21.15.26:6789/0] conn(0x7fa9b80fc7c0 0x7fa9b80febb0 unknown :-1 s=CLOSED pgs=31 cs=0 l=1 rev1=1 rx=0 tx=0).stop
2024-05-08T20:31:25.362 INFO:teuthology.orchestra.run.smithi026.stderr:/usr/bin/ceph:
2024-05-08T20:31:25.348+0000 7fa9bf177700 1 -- 172.21.15.26:0/425138873 >> 172.21.15.26:0/425138873 conn(0x7fa9b80f6250 msgr2=0x7fa9b80f8670 unknown :-1 s=STATE_NONE l=0).mark_down
2024-05-08T20:31:25.362 INFO:teuthology.orchestra.run.smithi026.stderr:/usr/bin/ceph:
2024-05-08T20:31:25.348+0000 7fa9bf177700 1 -- 172.21.15.26:0/425138873 shutdown_connections
2024-05-08T20:31:25.362 INFO:teuthology.orchestra.run.smithi026.stderr:/usr/bin/ceph:
2024-05-08T20:31:25.348+0000 7fa9bf177700 1 -- 172.21.15.26:0/425138873 wait complete.
2024-05-08T20:31:25.362 INFO:teuthology.orchestra.run.smithi026.stderr:/usr/bin/ceph:
2024-05-08T20:31:25.348+0000 7fa9bf177700 1 Processor -- start
2024-05-08T20:31:25.362 INFO:teuthology.orchestra.run.smithi026.stderr:/usr/bin/ceph:
2024-05-08T20:31:25.348+0000 7fa9bf177700 1 -- start start
2024-05-08T20:31:25.362 INFO:teuthology.orchestra.run.smithi026.stderr:/usr/bin/ceph:
2024-05-08T20:31:25.349+0000 7fa9bf177700 1 --2- >> [v2:172.21.15.26:3300/0,v1:172.21.15.26:6789/0] conn(0x7fa9b80fc7c0 0x7fa9b80fc250 unknown :-1 s=NONE pgs=0 cs=0 l=1 rev1=0 rx=0 tx=0).connect
2024-05-08T20:31:25.362 INFO:teuthology.orchestra.run.smithi026.stderr:/usr/bin/ceph:
2024-05-08T20:31:25.349+0000 7fa9bf177700 1 -- --> [v2:172.21.15.26:3300/0,v1:172.21.15.26:6789/0] -- mon_getmap magic: 0 v1 -- 0x7fa9b80fa6d0 con 0x7fa9b80fc7c0
2024-05-08T20:31:25.362 INFO:teuthology.orchestra.run.smithi026.stderr:/usr/bin/ceph:
2024-05-08T20:31:25.349+0000 7fa9be175700 1 --2- >> [v2:172.21.15.26:3300/0,v1:172.21.15.26:6789/0] conn(0x7fa9b80fc7c0 0x7fa9b80fc250 unknown :-1 s=BANNER_CONNECTING pgs=0 cs=0 l=1 rev1=0 rx=0 tx=0)._handle_peer_banner_payload supported=1 required=0
2024-05-08T20:31:25.362 INFO:teuthology.orchestra.run.smithi026.stderr:/usr/bin/ceph:
2024-05-08T20:31:25.349+0000 7fa9be175700 1 --2- >> [v2:172.21.15.26:3300/0,v1:172.21.15.26:6789/0] conn(0x7fa9b80fc7c0 0x7fa9b80fc250 unknown :-1 s=HELLO_CONNECTING pgs=0 cs=0 l=1 rev1=1 rx=0 tx=0).handle_hello peer v2:172.21.15.26:3300/0 says I am v2:172.21.15.26:54588/0 (socket says 172.21.15.26:54588)
2024-05-08T20:31:25.362 INFO:teuthology.orchestra.run.smithi026.stderr:/usr/bin/ceph:
2024-05-08T20:31:25.349+0000 7fa9be175700 1 -- 172.21.15.26:0/3386939015 learned_addr learned my addr 172.21.15.26:0/3386939015 (peer_addr_for_me v2:172.21.15.26:0/0)
2024-05-08T20:31:25.363 INFO:teuthology.orchestra.run.smithi026.stderr:/usr/bin/ceph:
2024-05-08T20:31:25.349+0000 7fa9be175700 1 -- 172.21.15.26:0/3386939015 --> [v2:172.21.15.26:3300/0,v1:172.21.15.26:6789/0] -- mon_subscribe({config=0+,monmap=0+}) v3 -- 0x7fa9b400b200 con 0x7fa9b80fc7c0
2024-05-08T20:31:25.363 INFO:teuthology.orchestra.run.smithi026.stderr:/usr/bin/ceph:
2024-05-08T20:31:25.349+0000 7fa9be175700 1 --2- 172.21.15.26:0/3386939015 >> [v2:172.21.15.26:3300/0,v1:172.21.15.26:6789/0] conn(0x7fa9b80fc7c0 0x7fa9b80fc250 secure :-1 s=READY pgs=32 cs=0 l=1 rev1=1 rx=0x7fa9b4006c70 tx=0x7fa9b4006ee0).ready entity=mon.0 client_cookie=0 server_cookie=0 in_seq=0 out_seq=0
2024-05-08T20:31:25.363 INFO:teuthology.orchestra.run.smithi026.stderr:/usr/bin/ceph:
2024-05-08T20:31:25.349+0000 7fa9a6ffd700 1 -- 172.21.15.26:0/3386939015 <== mon.0 v2:172.21.15.26:3300/0 1 ==== mon_map magic: 0 v1 ==== 229+0+0 (secure 0 0 0) 0x7fa9b401b570 con 0x7fa9b80fc7c0
2024-05-08T20:31:25.363 INFO:teuthology.orchestra.run.smithi026.stderr:/usr/bin/ceph:
2024-05-08T20:31:25.349+0000 7fa9a6ffd700 1 -- 172.21.15.26:0/3386939015 <== mon.0 v2:172.21.15.26:3300/0 2 ==== config(25 keys) v1 ==== 981+0+0 (secure 0 0 0) 0x7fa9b401bb20 con 0x7fa9b80fc7c0
2024-05-08T20:31:25.363 INFO:teuthology.orchestra.run.smithi026.stderr:/usr/bin/ceph:
2024-05-08T20:31:25.349+0000 7fa9a6ffd700 1 -- 172.21.15.26:0/3386939015 <== mon.0 v2:172.21.15.26:3300/0 3 ==== mon_map magic: 0 v1 ==== 229+0+0 (secure 0 0 0) 0x7fa9b401a8c0 con 0x7fa9b80fc7c0
2024-05-08T20:31:25.363 INFO:teuthology.orchestra.run.smithi026.stderr:/usr/bin/ceph:
2024-05-08T20:31:25.349+0000 7fa9bf177700 1 -- 172.21.15.26:0/3386939015 --> [v2:172.21.15.26:3300/0,v1:172.21.15.26:6789/0] -- mon_subscribe({mgrmap=0+}) v3 -- 0x7fa9b80fa870 con 0x7fa9b80fc7c0
2024-05-08T20:31:25.363 INFO:teuthology.orchestra.run.smithi026.stderr:/usr/bin/ceph:
2024-05-08T20:31:25.350+0000 7fa9bf177700 1 -- 172.21.15.26:0/3386939015 --> [v2:172.21.15.26:3300/0,v1:172.21.15.26:6789/0] -- mon_subscribe({osdmap=0}) v3 -- 0x7fa9b80fac80 con 0x7fa9b80fc7c0
2024-05-08T20:31:25.363 INFO:teuthology.orchestra.run.smithi026.stderr:/usr/bin/ceph:
2024-05-08T20:31:25.350+0000 7fa9a6ffd700 1 -- 172.21.15.26:0/3386939015 <== mon.0 v2:172.21.15.26:3300/0 4 ==== mgrmap(e 8) v1 ==== 36120+0+0 (secure 0 0 0) 0x7fa9b400f070 con 0x7fa9b80fc7c0
2024-05-08T20:31:25.363 INFO:teuthology.orchestra.run.smithi026.stderr:/usr/bin/ceph:
2024-05-08T20:31:25.351+0000 7fa9a6ffd700 1 --2- 172.21.15.26:0/3386939015 >> [v2:172.21.15.26:6800/990648586,v1:172.21.15.26:6801/990648586] conn(0x7fa9a002fdb0 0x7fa9a0032270 unknown :-1 s=NONE pgs=0 cs=0 l=1 rev1=0 rx=0 tx=0).connect
2024-05-08T20:31:25.363 INFO:teuthology.orchestra.run.smithi026.stderr:/usr/bin/ceph:
2024-05-08T20:31:25.351+0000 7fa9a6ffd700 1 -- 172.21.15.26:0/3386939015 <== mon.0 v2:172.21.15.26:3300/0 5 ==== osd_map(2..2 src has 1..2) v4 ==== 893+0+0 (secure 0 0 0) 0x7fa9b40410c0 con 0x7fa9b80fc7c0
2024-05-08T20:31:25.363 INFO:teuthology.orchestra.run.smithi026.stderr:/usr/bin/ceph:
2024-05-08T20:31:25.351+0000 7fa9bd974700 1 --2- 172.21.15.26:0/3386939015 >> [v2:172.21.15.26:6800/990648586,v1:172.21.15.26:6801/990648586] conn(0x7fa9a002fdb0 0x7fa9a0032270 unknown :-1 s=BANNER_CONNECTING pgs=0 cs=0 l=1 rev1=0 rx=0 tx=0)._handle_peer_banner_payload supported=1 required=0
2024-05-08T20:31:25.363 INFO:teuthology.orchestra.run.smithi026.stderr:/usr/bin/ceph:
2024-05-08T20:31:25.351+0000 7fa9bd974700 1 --2- 172.21.15.26:0/3386939015 >> [v2:172.21.15.26:6800/990648586,v1:172.21.15.26:6801/990648586] conn(0x7fa9a002fdb0 0x7fa9a0032270 secure :-1 s=READY pgs=8 cs=0 l=1 rev1=1 rx=0x7fa9a80096a0 tx=0x7fa9a8006b40).ready entity=mgr.14112 client_cookie=0 server_cookie=0 in_seq=0 out_seq=0
2024-05-08T20:31:25.363 INFO:teuthology.orchestra.run.smithi026.stderr:/usr/bin/ceph:
2024-05-08T20:31:25.352+0000 7fa9bf177700 1 -- 172.21.15.26:0/3386939015 --> [v2:172.21.15.26:3300/0,v1:172.21.15.26:6789/0] -- mon_command({"prefix": "get_command_descriptions"} v 0) v1 -- 0x7fa9b8046940 con 0x7fa9b80fc7c0
2024-05-08T20:31:25.363 INFO:teuthology.orchestra.run.smithi026.stderr:/usr/bin/ceph:
2024-05-08T20:31:25.357+0000 7fa9a6ffd700 1 -- 172.21.15.26:0/3386939015 <== mon.0 v2:172.21.15.26:3300/0 6 ==== mon_command_ack([{"prefix": "get_command_descriptions"}]=0 v0) v1 ==== 72+0+152212 (secure 0 0 0) 0x7fa9b4016020 con 0x7fa9b80fc7c0
2024-05-08T20:31:25.519 INFO:teuthology.orchestra.run.smithi026.stderr:/usr/bin/ceph:
2024-05-08T20:31:25.516+0000 7fa9bf177700 1 -- 172.21.15.26:0/3386939015 --> [v2:172.21.15.26:6800/990648586,v1:172.21.15.26:6801/990648586] -- mgr_command(tid 0: {"prefix": "cephadm generate-key", "target": ["mon-mgr", ""]}) v1 -- 0x7fa9b81048b0 con 0x7fa9a002fdb0
2024-05-08T20:31:25.652 INFO:journalctl@ceph.mon.smithi026.smithi026.stdout:May 08 20:31:25 smithi026 ceph-c8e2811a-0d79-11ef-bc97-c7b262605968-mon.smithi026[40020]: audit
2024-05-08T20:31:24.126453+0000 mgr.smithi026.lxgvgv (mgr.14112) 4 : audit [DBG] from='client.14124 -' entity='client.admin' cmd=[{"prefix": "cephadm set-user", "user": "root", "target": ["mon-mgr", ""]}]: dispatch
2024-05-08T20:31:25.758 INFO:teuthology.orchestra.run.smithi026.stderr:/usr/bin/ceph:
2024-05-08T20:31:25.754+0000 7fa9a6ffd700 1 -- 172.21.15.26:0/3386939015 <== mgr.14112 v2:172.21.15.26:6800/990648586 1 ==== mgr_command_reply(tid 0: 0 ) v1 ==== 8+0+0 (secure 0 0 0) 0x7fa9b81048b0 con 0x7fa9a002fdb0
2024-05-08T20:31:25.760 INFO:teuthology.orchestra.run.smithi026.stderr:/usr/bin/ceph:
2024-05-08T20:31:25.756+0000 7fa9bf177700 1 -- 172.21.15.26:0/3386939015 >> [v2:172.21.15.26:6800/990648586,v1:172.21.15.26:6801/990648586] conn(0x7fa9a002fdb0 msgr2=0x7fa9a0032270 secure :-1 s=STATE_CONNECTION_ESTABLISHED l=1).mark_down
2024-05-08T20:31:25.761 INFO:teuthology.orchestra.run.smithi026.stderr:/usr/bin/ceph:
2024-05-08T20:31:25.756+0000 7fa9bf177700 1 --2- 172.21.15.26:0/3386939015 >> [v2:172.21.15.26:6800/990648586,v1:172.21.15.26:6801/990648586] conn(0x7fa9a002fdb0 0x7fa9a0032270 secure :-1 s=READY pgs=8 cs=0 l=1 rev1=1 rx=0x7fa9a80096a0 tx=0x7fa9a8006b40).stop
2024-05-08T20:31:25.761 INFO:teuthology.orchestra.run.smithi026.stderr:/usr/bin/ceph:
2024-05-08T20:31:25.756+0000 7fa9bf177700 1 -- 172.21.15.26:0/3386939015 >> [v2:172.21.15.26:3300/0,v1:172.21.15.26:6789/0] conn(0x7fa9b80fc7c0 msgr2=0x7fa9b80fc250 secure :-1 s=STATE_CONNECTION_ESTABLISHED l=1).mark_down
2024-05-08T20:31:25.761 INFO:teuthology.orchestra.run.smithi026.stderr:/usr/bin/ceph:
2024-05-08T20:31:25.756+0000 7fa9bf177700 1 --2- 172.21.15.26:0/3386939015 >> [v2:172.21.15.26:3300/0,v1:172.21.15.26:6789/0] conn(0x7fa9b80fc7c0 0x7fa9b80fc250 secure :-1 s=READY pgs=32 cs=0 l=1 rev1=1 rx=0x7fa9b4006c70 tx=0x7fa9b4006ee0).stop
2024-05-08T20:31:25.761 INFO:teuthology.orchestra.run.smithi026.stderr:/usr/bin/ceph:
2024-05-08T20:31:25.756+0000 7fa9bf177700 1 -- 172.21.15.26:0/3386939015 shutdown_connections
2024-05-08T20:31:25.761 INFO:teuthology.orchestra.run.smithi026.stderr:/usr/bin/ceph:
2024-05-08T20:31:25.756+0000 7fa9bf177700 1 --2- 172.21.15.26:0/3386939015 >> [v2:172.21.15.26:6800/990648586,v1:172.21.15.26:6801/990648586] conn(0x7fa9a002fdb0 0x7fa9a0032270 unknown :-1 s=CLOSED pgs=8 cs=0 l=1 rev1=1 rx=0 tx=0).stop
2024-05-08T20:31:25.761 INFO:teuthology.orchestra.run.smithi026.stderr:/usr/bin/ceph:
2024-05-08T20:31:25.756+0000 7fa9bf177700 1 --2- 172.21.15.26:0/3386939015 >> [v2:172.21.15.26:3300/0,v1:172.21.15.26:6789/0] conn(0x7fa9b80fc7c0 0x7fa9b80fc250 unknown :-1 s=CLOSED pgs=32 cs=0 l=1 rev1=1 rx=0 tx=0).stop
2024-05-08T20:31:25.761 INFO:teuthology.orchestra.run.smithi026.stderr:/usr/bin/ceph:
2024-05-08T20:31:25.756+0000 7fa9bf177700 1 -- 172.21.15.26:0/3386939015 >> 172.21.15.26:0/3386939015 conn(0x7fa9b80f6250 msgr2=0x7fa9b80f7cb0 unknown :-1 s=STATE_NONE l=0).mark_down
2024-05-08T20:31:25.761 INFO:teuthology.orchestra.run.smithi026.stderr:/usr/bin/ceph:
2024-05-08T20:31:25.757+0000 7fa9bf177700 1 -- 172.21.15.26:0/3386939015 shutdown_connections
2024-05-08T20:31:25.761 INFO:teuthology.orchestra.run.smithi026.stderr:/usr/bin/ceph:
2024-05-08T20:31:25.757+0000 7fa9bf177700 1 -- 172.21.15.26:0/3386939015 wait complete.
2024-05-08T20:31:26.333 INFO:teuthology.orchestra.run.smithi026.stderr:Running command: /bin/podman run --rm --ipc=host --no-hosts --net=host --entrypoint /usr/bin/ceph --init -e CONTAINER_IMAGE=quay.io/ceph/ceph:v16.2.4 -e NODE_NAME=smithi026 -e CEPH_USE_RANDOM_NONCE=1 -v /var/log/ceph/c8e2811a-0d79-11ef-bc97-c7b262605968:/var/log/ceph:z -v /tmp/ceph-tmpqpb3kgp9:/etc/ceph/ceph.client.admin.keyring:z -v /tmp/ceph-tmp_yv7hkmk:/etc/ceph/ceph.conf:z quay.io/ceph/ceph:v16.2.4 cephadm get-pub-key
2024-05-08T20:31:26.800 INFO:teuthology.orchestra.run.smithi026.stderr:/usr/bin/ceph:
2024-05-08T20:31:26.795+0000 7f0eeb7f1700 1 Processor -- start
2024-05-08T20:31:26.800 INFO:teuthology.orchestra.run.smithi026.stderr:/usr/bin/ceph:
2024-05-08T20:31:26.795+0000 7f0eeb7f1700 1 -- start start
2024-05-08T20:31:26.800 INFO:teuthology.orchestra.run.smithi026.stderr:/usr/bin/ceph:
2024-05-08T20:31:26.796+0000 7f0eeb7f1700 1 --2- >> [v2:172.21.15.26:3300/0,v1:172.21.15.26:6789/0] conn(0x7f0ee4070400 0x7f0ee4100de0 unknown :-1 s=NONE pgs=0 cs=0 l=0 rev1=0 rx=0 tx=0).connect
2024-05-08T20:31:26.800 INFO:teuthology.orchestra.run.smithi026.stderr:/usr/bin/ceph:
2024-05-08T20:31:26.796+0000 7f0eeb7f1700 1 -- --> [v2:172.21.15.26:3300/0,v1:172.21.15.26:6789/0] -- mon_getmap magic: 0 v1 -- 0x7f0ee40fc7d0 con 0x7f0ee4070400
2024-05-08T20:31:26.800 INFO:teuthology.orchestra.run.smithi026.stderr:/usr/bin/ceph:
2024-05-08T20:31:26.796+0000 7f0ee958d700 1 --2- >> [v2:172.21.15.26:3300/0,v1:172.21.15.26:6789/0] conn(0x7f0ee4070400 0x7f0ee4100de0 unknown :-1 s=BANNER_CONNECTING pgs=0 cs=0 l=0 rev1=0 rx=0 tx=0)._handle_peer_banner_payload supported=1 required=0
2024-05-08T20:31:26.800 INFO:teuthology.orchestra.run.smithi026.stderr:/usr/bin/ceph:
2024-05-08T20:31:26.796+0000 7f0ee958d700 1 --2- >> [v2:172.21.15.26:3300/0,v1:172.21.15.26:6789/0] conn(0x7f0ee4070400 0x7f0ee4100de0 unknown :-1 s=HELLO_CONNECTING pgs=0 cs=0 l=0 rev1=1 rx=0 tx=0).handle_hello peer v2:172.21.15.26:3300/0 says I am v2:172.21.15.26:54208/0 (socket says 172.21.15.26:54208)
2024-05-08T20:31:26.800 INFO:teuthology.orchestra.run.smithi026.stderr:/usr/bin/ceph:
2024-05-08T20:31:26.796+0000 7f0ee958d700 1 -- 172.21.15.26:0/3351772833 learned_addr learned my addr 172.21.15.26:0/3351772833 (peer_addr_for_me v2:172.21.15.26:0/0)
2024-05-08T20:31:26.800 INFO:teuthology.orchestra.run.smithi026.stderr:/usr/bin/ceph:
2024-05-08T20:31:26.796+0000 7f0ee958d700 1 -- 172.21.15.26:0/3351772833 --> [v2:172.21.15.26:3300/0,v1:172.21.15.26:6789/0] -- mon_subscribe({config=0+,monmap=0+}) v3 -- 0x7f0ee41012d0 con 0x7f0ee4070400
2024-05-08T20:31:26.800 INFO:teuthology.orchestra.run.smithi026.stderr:/usr/bin/ceph:
2024-05-08T20:31:26.796+0000 7f0ee958d700 1 --2- 172.21.15.26:0/3351772833 >> [v2:172.21.15.26:3300/0,v1:172.21.15.26:6789/0] conn(0x7f0ee4070400 0x7f0ee4100de0 secure :-1 s=READY pgs=33 cs=0 l=1 rev1=1 rx=0x7f0ed400b5f0 tx=0x7f0ed4006ee0).ready entity=mon.0 client_cookie=925a42f6fe5e2210 server_cookie=0 in_seq=0 out_seq=0
2024-05-08T20:31:26.804 INFO:teuthology.orchestra.run.smithi026.stderr:/usr/bin/ceph:
2024-05-08T20:31:26.796+0000 7f0ed3fff700 1 -- 172.21.15.26:0/3351772833 <== mon.0 v2:172.21.15.26:3300/0 1 ==== mon_map magic: 0 v1 ==== 229+0+0 (secure 0 0 0) 0x7f0ed400d600 con 0x7f0ee4070400
2024-05-08T20:31:26.805 INFO:teuthology.orchestra.run.smithi026.stderr:/usr/bin/ceph:
2024-05-08T20:31:26.796+0000 7f0ed3fff700 1 -- 172.21.15.26:0/3351772833 <== mon.0 v2:172.21.15.26:3300/0 2 ==== config(25 keys) v1 ==== 981+0+0 (secure 0 0 0) 0x7f0ed400dbb0 con 0x7f0ee4070400
2024-05-08T20:31:26.805 INFO:teuthology.orchestra.run.smithi026.stderr:/usr/bin/ceph:
2024-05-08T20:31:26.796+0000 7f0ed3fff700 1 -- 172.21.15.26:0/3351772833 <== mon.0 v2:172.21.15.26:3300/0 3 ==== mon_map magic: 0 v1 ==== 229+0+0 (secure 0 0 0) 0x7f0ed4011bb0 con 0x7f0ee4070400
2024-05-08T20:31:26.805 INFO:teuthology.orchestra.run.smithi026.stderr:/usr/bin/ceph:
2024-05-08T20:31:26.797+0000 7f0eeb7f1700 1 -- 172.21.15.26:0/3351772833 >> [v2:172.21.15.26:3300/0,v1:172.21.15.26:6789/0] conn(0x7f0ee4070400 msgr2=0x7f0ee4100de0 secure :-1 s=STATE_CONNECTION_ESTABLISHED l=1).mark_down
2024-05-08T20:31:26.805 INFO:teuthology.orchestra.run.smithi026.stderr:/usr/bin/ceph:
2024-05-08T20:31:26.797+0000 7f0eeb7f1700 1 --2- 172.21.15.26:0/3351772833 >> [v2:172.21.15.26:3300/0,v1:172.21.15.26:6789/0] conn(0x7f0ee4070400 0x7f0ee4100de0 secure :-1 s=READY pgs=33 cs=0 l=1 rev1=1 rx=0x7f0ed400b5f0 tx=0x7f0ed4006ee0).stop
2024-05-08T20:31:26.806 INFO:teuthology.orchestra.run.smithi026.stderr:/usr/bin/ceph:
2024-05-08T20:31:26.797+0000 7f0eeb7f1700 1 -- 172.21.15.26:0/3351772833 shutdown_connections
2024-05-08T20:31:26.806 INFO:teuthology.orchestra.run.smithi026.stderr:/usr/bin/ceph:
2024-05-08T20:31:26.797+0000 7f0eeb7f1700 1 --2- 172.21.15.26:0/3351772833 >> [v2:172.21.15.26:3300/0,v1:172.21.15.26:6789/0] conn(0x7f0ee4070400 0x7f0ee4100de0 unknown :-1 s=CLOSED pgs=33 cs=0 l=1 rev1=1 rx=0 tx=0).stop
2024-05-08T20:31:26.806 INFO:teuthology.orchestra.run.smithi026.stderr:/usr/bin/ceph:
2024-05-08T20:31:26.797+0000 7f0eeb7f1700 1 -- 172.21.15.26:0/3351772833 >> 172.21.15.26:0/3351772833 conn(0x7f0ee40f6460 msgr2=0x7f0ee40f8880 unknown :-1 s=STATE_NONE l=0).mark_down
2024-05-08T20:31:26.806 INFO:teuthology.orchestra.run.smithi026.stderr:/usr/bin/ceph:
2024-05-08T20:31:26.797+0000 7f0eeb7f1700 1 -- 172.21.15.26:0/3351772833 shutdown_connections
2024-05-08T20:31:26.806 INFO:teuthology.orchestra.run.smithi026.stderr:/usr/bin/ceph:
2024-05-08T20:31:26.797+0000 7f0eeb7f1700 1 -- 172.21.15.26:0/3351772833 wait complete.
2024-05-08T20:31:26.806 INFO:teuthology.orchestra.run.smithi026.stderr:/usr/bin/ceph:
2024-05-08T20:31:26.798+0000 7f0eeb7f1700 1 Processor -- start
2024-05-08T20:31:26.806 INFO:teuthology.orchestra.run.smithi026.stderr:/usr/bin/ceph:
2024-05-08T20:31:26.798+0000 7f0eeb7f1700 1 -- start start
2024-05-08T20:31:26.806 INFO:teuthology.orchestra.run.smithi026.stderr:/usr/bin/ceph:
2024-05-08T20:31:26.798+0000 7f0eeb7f1700 1 --2- >> [v2:172.21.15.26:3300/0,v1:172.21.15.26:6789/0] conn(0x7f0ee4070400 0x7f0ee410cd60 unknown :-1 s=NONE pgs=0 cs=0 l=1 rev1=0 rx=0 tx=0).connect
2024-05-08T20:31:26.806 INFO:teuthology.orchestra.run.smithi026.stderr:/usr/bin/ceph:
2024-05-08T20:31:26.798+0000 7f0eeb7f1700 1 -- --> [v2:172.21.15.26:3300/0,v1:172.21.15.26:6789/0] -- mon_getmap magic: 0 v1 -- 0x7f0ee410d250 con 0x7f0ee4070400
2024-05-08T20:31:26.806 INFO:teuthology.orchestra.run.smithi026.stderr:/usr/bin/ceph:
2024-05-08T20:31:26.799+0000 7f0ee958d700 1 --2- >> [v2:172.21.15.26:3300/0,v1:172.21.15.26:6789/0] conn(0x7f0ee4070400 0x7f0ee410cd60 unknown :-1 s=BANNER_CONNECTING pgs=0 cs=0 l=1 rev1=0 rx=0 tx=0)._handle_peer_banner_payload supported=1 required=0
2024-05-08T20:31:26.806 INFO:teuthology.orchestra.run.smithi026.stderr:/usr/bin/ceph:
2024-05-08T20:31:26.799+0000 7f0ee958d700 1 --2- >> [v2:172.21.15.26:3300/0,v1:172.21.15.26:6789/0] conn(0x7f0ee4070400 0x7f0ee410cd60 unknown :-1 s=HELLO_CONNECTING pgs=0 cs=0 l=1 rev1=1 rx=0 tx=0).handle_hello peer v2:172.21.15.26:3300/0 says I am v2:172.21.15.26:54224/0 (socket says 172.21.15.26:54224)
2024-05-08T20:31:26.807 INFO:teuthology.orchestra.run.smithi026.stderr:/usr/bin/ceph:
2024-05-08T20:31:26.799+0000 7f0ee958d700 1 -- 172.21.15.26:0/197280219 learned_addr learned my addr 172.21.15.26:0/197280219 (peer_addr_for_me v2:172.21.15.26:0/0)
2024-05-08T20:31:26.807 INFO:teuthology.orchestra.run.smithi026.stderr:/usr/bin/ceph:
2024-05-08T20:31:26.799+0000 7f0ee958d700 1 -- 172.21.15.26:0/197280219 --> [v2:172.21.15.26:3300/0,v1:172.21.15.26:6789/0] -- mon_subscribe({config=0+,monmap=0+}) v3 -- 0x7f0ed400b200 con 0x7f0ee4070400
2024-05-08T20:31:26.807 INFO:teuthology.orchestra.run.smithi026.stderr:/usr/bin/ceph:
2024-05-08T20:31:26.799+0000 7f0ee958d700 1 --2- 172.21.15.26:0/197280219 >> [v2:172.21.15.26:3300/0,v1:172.21.15.26:6789/0] conn(0x7f0ee4070400 0x7f0ee410cd60 secure :-1 s=READY pgs=34 cs=0 l=1 rev1=1 rx=0x7f0ed4006cb0 tx=0x7f0ed4006ee0).ready entity=mon.0 client_cookie=0 server_cookie=0 in_seq=0 out_seq=0
2024-05-08T20:31:26.807 INFO:teuthology.orchestra.run.smithi026.stderr:/usr/bin/ceph:
2024-05-08T20:31:26.799+0000 7f0ed1ffb700 1 -- 172.21.15.26:0/197280219 <== mon.0 v2:172.21.15.26:3300/0 1 ==== mon_map magic: 0 v1 ==== 229+0+0 (secure 0 0 0) 0x7f0ed401b410 con 0x7f0ee4070400
2024-05-08T20:31:26.807 INFO:teuthology.orchestra.run.smithi026.stderr:/usr/bin/ceph:
2024-05-08T20:31:26.799+0000 7f0eeb7f1700 1 -- 172.21.15.26:0/197280219 --> [v2:172.21.15.26:3300/0,v1:172.21.15.26:6789/0] -- mon_subscribe({mgrmap=0+}) v3 -- 0x7f0ee410d450 con 0x7f0ee4070400
2024-05-08T20:31:26.807 INFO:teuthology.orchestra.run.smithi026.stderr:/usr/bin/ceph:
2024-05-08T20:31:26.799+0000 7f0ed1ffb700 1 -- 172.21.15.26:0/197280219 <== mon.0 v2:172.21.15.26:3300/0 2 ==== config(25 keys) v1 ==== 981+0+0 (secure 0 0 0) 0x7f0ed401b9c0 con 0x7f0ee4070400
2024-05-08T20:31:26.807 INFO:teuthology.orchestra.run.smithi026.stderr:/usr/bin/ceph:
2024-05-08T20:31:26.799+0000 7f0ed1ffb700 1 -- 172.21.15.26:0/197280219 <== mon.0 v2:172.21.15.26:3300/0 3 ==== mon_map magic: 0 v1 ==== 229+0+0 (secure 0 0 0) 0x7f0ed401a6f0 con 0x7f0ee4070400
2024-05-08T20:31:26.807 INFO:teuthology.orchestra.run.smithi026.stderr:/usr/bin/ceph:
2024-05-08T20:31:26.799+0000 7f0eeb7f1700 1 -- 172.21.15.26:0/197280219 --> [v2:172.21.15.26:3300/0,v1:172.21.15.26:6789/0] -- mon_subscribe({osdmap=0}) v3 -- 0x7f0ee410d860 con 0x7f0ee4070400
2024-05-08T20:31:26.807 INFO:teuthology.orchestra.run.smithi026.stderr:/usr/bin/ceph:
2024-05-08T20:31:26.800+0000 7f0ed1ffb700 1 -- 172.21.15.26:0/197280219 <== mon.0 v2:172.21.15.26:3300/0 4 ==== mgrmap(e 8) v1 ==== 36120+0+0 (secure 0 0 0) 0x7f0ed400f070 con 0x7f0ee4070400
2024-05-08T20:31:26.807 INFO:teuthology.orchestra.run.smithi026.stderr:/usr/bin/ceph:
2024-05-08T20:31:26.800+0000 7f0ed1ffb700 1 --2- 172.21.15.26:0/197280219 >> [v2:172.21.15.26:6800/990648586,v1:172.21.15.26:6801/990648586] conn(0x7f0ecc02fd50 0x7f0ecc032210 unknown :-1 s=NONE pgs=0 cs=0 l=1 rev1=0 rx=0 tx=0).connect
2024-05-08T20:31:26.807 INFO:teuthology.orchestra.run.smithi026.stderr:/usr/bin/ceph:
2024-05-08T20:31:26.800+0000 7f0ed1ffb700 1 -- 172.21.15.26:0/197280219 <== mon.0 v2:172.21.15.26:3300/0 5 ==== osd_map(2..2 src has 1..2) v4 ==== 893+0+0 (secure 0 0 0) 0x7f0ed4040fe0 con 0x7f0ee4070400
2024-05-08T20:31:26.807 INFO:teuthology.orchestra.run.smithi026.stderr:/usr/bin/ceph:
2024-05-08T20:31:26.800+0000 7f0eeb7f1700 1 -- 172.21.15.26:0/197280219 --> [v2:172.21.15.26:3300/0,v1:172.21.15.26:6789/0] -- mon_command({"prefix": "get_command_descriptions"} v 0) v1 -- 0x7f0ee4045ad0 con 0x7f0ee4070400
2024-05-08T20:31:26.807 INFO:teuthology.orchestra.run.smithi026.stderr:/usr/bin/ceph:
2024-05-08T20:31:26.800+0000 7f0ee8d8c700 1 --2- 172.21.15.26:0/197280219 >> [v2:172.21.15.26:6800/990648586,v1:172.21.15.26:6801/990648586] conn(0x7f0ecc02fd50 0x7f0ecc032210 unknown :-1 s=BANNER_CONNECTING pgs=0 cs=0 l=1 rev1=0 rx=0 tx=0)._handle_peer_banner_payload supported=1 required=0
2024-05-08T20:31:26.808 INFO:teuthology.orchestra.run.smithi026.stderr:/usr/bin/ceph:
2024-05-08T20:31:26.801+0000 7f0ee8d8c700 1 --2- 172.21.15.26:0/197280219 >> [v2:172.21.15.26:6800/990648586,v1:172.21.15.26:6801/990648586] conn(0x7f0ecc02fd50 0x7f0ecc032210 secure :-1 s=READY pgs=9 cs=0 l=1 rev1=1 rx=0x7f0ee00096a0 tx=0x7f0ee0006b40).ready entity=mgr.14112 client_cookie=0 server_cookie=0 in_seq=0 out_seq=0
2024-05-08T20:31:26.808 INFO:teuthology.orchestra.run.smithi026.stderr:/usr/bin/ceph:
2024-05-08T20:31:26.805+0000 7f0ed1ffb700 1 -- 172.21.15.26:0/197280219 <== mon.0 v2:172.21.15.26:3300/0 6 ==== mon_command_ack([{"prefix": "get_command_descriptions"}]=0 v0) v1 ==== 72+0+152212 (secure 0 0 0) 0x7f0ed4016070 con 0x7f0ee4070400
2024-05-08T20:31:26.902 INFO:journalctl@ceph.mon.smithi026.smithi026.stdout:May 08 20:31:26 smithi026 ceph-c8e2811a-0d79-11ef-bc97-c7b262605968-mon.smithi026[40020]: cephadm
2024-05-08T20:31:25.517515+0000 mgr.smithi026.lxgvgv (mgr.14112) 6 : cephadm [INF] Generating ssh key...
2024-05-08T20:31:26.902 INFO:journalctl@ceph.mon.smithi026.smithi026.stdout:May 08 20:31:26 smithi026 ceph-c8e2811a-0d79-11ef-bc97-c7b262605968-mon.smithi026[40020]: audit
2024-05-08T20:31:25.753183+0000 mon.smithi026 (mon.0) 51 : audit [INF] from='mgr.14112 172.21.15.26:0/3162718882' entity='mgr.smithi026.lxgvgv'
2024-05-08T20:31:26.902 INFO:journalctl@ceph.mon.smithi026.smithi026.stdout:May 08 20:31:26 smithi026 ceph-c8e2811a-0d79-11ef-bc97-c7b262605968-mon.smithi026[40020]: audit
2024-05-08T20:31:25.754802+0000 mon.smithi026 (mon.0) 52 : audit [INF] from='mgr.14112 172.21.15.26:0/3162718882' entity='mgr.smithi026.lxgvgv'
2024-05-08T20:31:26.966 INFO:teuthology.orchestra.run.smithi026.stderr:/usr/bin/ceph:
2024-05-08T20:31:26.963+0000 7f0eeb7f1700 1 -- 172.21.15.26:0/197280219 --> [v2:172.21.15.26:6800/990648586,v1:172.21.15.26:6801/990648586] -- mgr_command(tid 0: {"prefix": "cephadm get-pub-key", "target": ["mon-mgr", ""]}) v1 -- 0x7f0ee40008d0 con 0x7f0ecc02fd50
2024-05-08T20:31:26.967 INFO:teuthology.orchestra.run.smithi026.stderr:/usr/bin/ceph:
2024-05-08T20:31:26.963+0000 7f0ed1ffb700 1 -- 172.21.15.26:0/197280219 <== mgr.14112 v2:172.21.15.26:6800/990648586 1 ==== mgr_command_reply(tid 0: 0 ) v1 ==== 8+0+595 (secure 0 0 0) 0x7f0ee40008d0 con 0x7f0ecc02fd50
2024-05-08T20:31:26.967 INFO:teuthology.orchestra.run.smithi026.stderr:/usr/bin/ceph: ssh-rsa AAAAB3NzaC1yc2EAAAADAQABAAABgQCylFVsWylKdQ3eB0OX71lAv5ghb0BnVoK89Zwftl3aP5it0atVzv8EkORtp4haW5p8TlxJvdbMJby7eA5qDJcoYU6NuWwrA1bMORP0Dk5kgOoe4j5v6I0sVs90rFVHkM59po48cTrjA9o70zuhXVD6OP/PgWadN+M0GC0u8r7mB5Cxdyyh8tfZJNApiSQtDEhdrvzYtInA/ox9/ElAY+x03Msb5jXsASV/AzpH+e10zUHTm9yns+Ro0i3y8Rif8ee517eRvvzS5wiB7XIZposKnAOzJKd44uR84v6yi3CRJ0JcvsepBXb0sPBasRYfXqkp82g4umFZjqnOLre3ISFic8BQNhCoaR6imARnc/oNazrCZ2NmrqXD03Uod9j49Mtn1aWGFg9RmkhXEAPPANbCkY+3j2zEiILuB3LvKGLt4aAGj8DggDDFzwZ5TDj2hthJ4KPXyDfzKXXEWwrUAHWtLgYH/4kA/lH0QL+A3seNQ4MZNPt/PqDzweNgbcVZ2dc= ceph-c8e2811a-0d79-11ef-bc97-c7b262605968
2024-05-08T20:31:26.969 INFO:teuthology.orchestra.run.smithi026.stderr:/usr/bin/ceph:
2024-05-08T20:31:26.965+0000 7f0eeb7f1700 1 -- 172.21.15.26:0/197280219 >> [v2:172.21.15.26:6800/990648586,v1:172.21.15.26:6801/990648586] conn(0x7f0ecc02fd50 msgr2=0x7f0ecc032210 secure :-1 s=STATE_CONNECTION_ESTABLISHED l=1).mark_down
2024-05-08T20:31:26.969 INFO:teuthology.orchestra.run.smithi026.stderr:/usr/bin/ceph:
