2024-05-08T21:11:34.552 INFO:journalctl@ceph.mon.a.smithi033.stdout:May 08 21:11:34 smithi033 ceph-mon[42528]: [08/May/2024:21:11:32] ENGINE Bus STARTED
2024-05-08T21:11:34.552 INFO:journalctl@ceph.mon.a.smithi033.stdout:May 08 21:11:34 smithi033 ceph-mon[42528]: from='client.14124 -' entity='client.admin' cmd=[{"prefix": "get_command_descriptions"}]: dispatch
2024-05-08T21:11:34.552 INFO:journalctl@ceph.mon.a.smithi033.stdout:May 08 21:11:34 smithi033 ceph-mon[42528]: from='client.14124 -' entity='client.admin' cmd=[{"prefix": "mgr_status"}]: dispatch
2024-05-08T21:11:34.552 INFO:journalctl@ceph.mon.a.smithi033.stdout:May 08 21:11:34 smithi033 ceph-mon[42528]: from='mgr.14120 172.21.15.33:0/37902090' entity='mgr.x'
2024-05-08T21:11:34.595 INFO:teuthology.orchestra.run.smithi033.stdout:/usr/bin/ceph: stderr
2024-05-08T21:11:33.955+0000 7fe9387be700 1 Processor -- start
2024-05-08T21:11:34.595 INFO:teuthology.orchestra.run.smithi033.stdout:/usr/bin/ceph: stderr
2024-05-08T21:11:33.955+0000 7fe9387be700 1 -- start start
2024-05-08T21:11:34.595 INFO:teuthology.orchestra.run.smithi033.stdout:/usr/bin/ceph: stderr
2024-05-08T21:11:33.955+0000 7fe9387be700 1 --2- >> [v2:172.21.15.33:3300/0,v1:172.21.15.33:6789/0] conn(0x7fe930107010 0x7fe930109400 unknown :-1 s=NONE pgs=0 cs=0 l=0 rev1=0 crypto rx=0 tx=0 comp rx=0 tx=0).connect
2024-05-08T21:11:34.595 INFO:teuthology.orchestra.run.smithi033.stdout:/usr/bin/ceph: stderr
2024-05-08T21:11:33.955+0000 7fe9387be700 1 -- --> [v2:172.21.15.33:3300/0,v1:172.21.15.33:6789/0] -- mon_getmap magic: 0 v1 -- 0x7fe930079e20 con 0x7fe930107010
2024-05-08T21:11:34.595 INFO:teuthology.orchestra.run.smithi033.stdout:/usr/bin/ceph: stderr
2024-05-08T21:11:33.955+0000 7fe93655a700 1 --2- >> [v2:172.21.15.33:3300/0,v1:172.21.15.33:6789/0] conn(0x7fe930107010 0x7fe930109400 unknown :-1 s=BANNER_CONNECTING pgs=0 cs=0 l=0 rev1=0 crypto rx=0 tx=0 comp rx=0 tx=0)._handle_peer_banner_payload supported=3 required=0
2024-05-08T21:11:34.595 INFO:teuthology.orchestra.run.smithi033.stdout:/usr/bin/ceph: stderr
2024-05-08T21:11:33.955+0000 7fe93655a700 1 --2- >> [v2:172.21.15.33:3300/0,v1:172.21.15.33:6789/0] conn(0x7fe930107010 0x7fe930109400 unknown :-1 s=HELLO_CONNECTING pgs=0 cs=0 l=0 rev1=1 crypto rx=0 tx=0 comp rx=0 tx=0).handle_hello peer v2:172.21.15.33:3300/0 says I am v2:172.21.15.33:34510/0 (socket says 172.21.15.33:34510)
2024-05-08T21:11:34.595 INFO:teuthology.orchestra.run.smithi033.stdout:/usr/bin/ceph: stderr
2024-05-08T21:11:33.955+0000 7fe93655a700 1 -- 172.21.15.33:0/636329990 learned_addr learned my addr 172.21.15.33:0/636329990 (peer_addr_for_me v2:172.21.15.33:0/0)
2024-05-08T21:11:34.595 INFO:teuthology.orchestra.run.smithi033.stdout:/usr/bin/ceph: stderr
2024-05-08T21:11:33.956+0000 7fe93655a700 1 -- 172.21.15.33:0/636329990 --> [v2:172.21.15.33:3300/0,v1:172.21.15.33:6789/0] -- mon_subscribe({config=0+,monmap=0+}) v3 -- 0x7fe930109940 con 0x7fe930107010
2024-05-08T21:11:34.595 INFO:teuthology.orchestra.run.smithi033.stdout:/usr/bin/ceph: stderr
2024-05-08T21:11:33.956+0000 7fe93655a700 1 --2- 172.21.15.33:0/636329990 >> [v2:172.21.15.33:3300/0,v1:172.21.15.33:6789/0] conn(0x7fe930107010 0x7fe930109400 secure :-1 s=READY pgs=37 cs=0 l=1 rev1=1 crypto rx=0x7fe92c0098a0 tx=0x7fe92c009bb0 comp rx=0 tx=0).ready entity=mon.0 client_cookie=e14869162cb85b94 server_cookie=0 in_seq=0 out_seq=0
2024-05-08T21:11:34.596 INFO:teuthology.orchestra.run.smithi033.stdout:/usr/bin/ceph: stderr
2024-05-08T21:11:33.956+0000 7fe935558700 1 -- 172.21.15.33:0/636329990 <== mon.0 v2:172.21.15.33:3300/0 1 ==== mon_map magic: 0 v1 ==== 205+0+0 (secure 0 0 0) 0x7fe92c004160 con 0x7fe930107010
2024-05-08T21:11:34.596 INFO:teuthology.orchestra.run.smithi033.stdout:/usr/bin/ceph: stderr
2024-05-08T21:11:33.956+0000 7fe935558700 1 -- 172.21.15.33:0/636329990 <== mon.0 v2:172.21.15.33:3300/0 2 ==== config(25 keys) v1 ==== 1036+0+0 (secure 0 0 0) 0x7fe92c0042c0 con 0x7fe930107010
2024-05-08T21:11:34.596 INFO:teuthology.orchestra.run.smithi033.stdout:/usr/bin/ceph: stderr
2024-05-08T21:11:33.956+0000 7fe935558700 1 -- 172.21.15.33:0/636329990 <== mon.0 v2:172.21.15.33:3300/0 3 ==== mon_map magic: 0 v1 ==== 205+0+0 (secure 0 0 0) 0x7fe92c011940 con 0x7fe930107010
2024-05-08T21:11:34.596 INFO:teuthology.orchestra.run.smithi033.stdout:/usr/bin/ceph: stderr
2024-05-08T21:11:33.957+0000 7fe9387be700 1 -- 172.21.15.33:0/636329990 >> [v2:172.21.15.33:3300/0,v1:172.21.15.33:6789/0] conn(0x7fe930107010 msgr2=0x7fe930109400 secure :-1 s=STATE_CONNECTION_ESTABLISHED l=1).mark_down
2024-05-08T21:11:34.596 INFO:teuthology.orchestra.run.smithi033.stdout:/usr/bin/ceph: stderr
2024-05-08T21:11:33.957+0000 7fe9387be700 1 --2- 172.21.15.33:0/636329990 >> [v2:172.21.15.33:3300/0,v1:172.21.15.33:6789/0] conn(0x7fe930107010 0x7fe930109400 secure :-1 s=READY pgs=37 cs=0 l=1 rev1=1 crypto rx=0x7fe92c0098a0 tx=0x7fe92c009bb0 comp rx=0 tx=0).stop
2024-05-08T21:11:34.596 INFO:teuthology.orchestra.run.smithi033.stdout:/usr/bin/ceph: stderr
2024-05-08T21:11:33.957+0000 7fe9387be700 1 -- 172.21.15.33:0/636329990 shutdown_connections
2024-05-08T21:11:34.596 INFO:teuthology.orchestra.run.smithi033.stdout:/usr/bin/ceph: stderr
2024-05-08T21:11:33.957+0000 7fe9387be700 1 --2- 172.21.15.33:0/636329990 >> [v2:172.21.15.33:3300/0,v1:172.21.15.33:6789/0] conn(0x7fe930107010 0x7fe930109400 unknown :-1 s=CLOSED pgs=37 cs=0 l=1 rev1=1 crypto rx=0 tx=0 comp rx=0 tx=0).stop
2024-05-08T21:11:34.596 INFO:teuthology.orchestra.run.smithi033.stdout:/usr/bin/ceph: stderr
2024-05-08T21:11:33.957+0000 7fe9387be700 1 -- 172.21.15.33:0/636329990 >> 172.21.15.33:0/636329990 conn(0x7fe930100a40 msgr2=0x7fe930102e60 unknown :-1 s=STATE_NONE l=0).mark_down
2024-05-08T21:11:34.596 INFO:teuthology.orchestra.run.smithi033.stdout:/usr/bin/ceph: stderr
2024-05-08T21:11:33.957+0000 7fe9387be700 1 -- 172.21.15.33:0/636329990 shutdown_connections
2024-05-08T21:11:34.596 INFO:teuthology.orchestra.run.smithi033.stdout:/usr/bin/ceph: stderr
2024-05-08T21:11:33.957+0000 7fe9387be700 1 -- 172.21.15.33:0/636329990 wait complete.
2024-05-08T21:11:34.596 INFO:teuthology.orchestra.run.smithi033.stdout:/usr/bin/ceph: stderr
2024-05-08T21:11:33.958+0000 7fe9387be700 1 Processor -- start
2024-05-08T21:11:34.596 INFO:teuthology.orchestra.run.smithi033.stdout:/usr/bin/ceph: stderr
2024-05-08T21:11:33.958+0000 7fe9387be700 1 -- start start
2024-05-08T21:11:34.596 INFO:teuthology.orchestra.run.smithi033.stdout:/usr/bin/ceph: stderr
2024-05-08T21:11:33.958+0000 7fe9387be700 1 --2- >> [v2:172.21.15.33:3300/0,v1:172.21.15.33:6789/0] conn(0x7fe930107010 0x7fe93019a130 unknown :-1 s=NONE pgs=0 cs=0 l=1 rev1=0 crypto rx=0 tx=0 comp rx=0 tx=0).connect
2024-05-08T21:11:34.596 INFO:teuthology.orchestra.run.smithi033.stdout:/usr/bin/ceph: stderr
2024-05-08T21:11:33.958+0000 7fe9387be700 1 -- --> [v2:172.21.15.33:3300/0,v1:172.21.15.33:6789/0] -- mon_getmap magic: 0 v1 -- 0x7fe93019a670 con 0x7fe930107010
2024-05-08T21:11:34.597 INFO:teuthology.orchestra.run.smithi033.stdout:/usr/bin/ceph: stderr
2024-05-08T21:11:33.958+0000 7fe93655a700 1 --2- >> [v2:172.21.15.33:3300/0,v1:172.21.15.33:6789/0] conn(0x7fe930107010 0x7fe93019a130 unknown :-1 s=BANNER_CONNECTING pgs=0 cs=0 l=1 rev1=0 crypto rx=0 tx=0 comp rx=0 tx=0)._handle_peer_banner_payload supported=3 required=0
2024-05-08T21:11:34.597 INFO:teuthology.orchestra.run.smithi033.stdout:/usr/bin/ceph: stderr
2024-05-08T21:11:33.958+0000 7fe93655a700 1 --2- >> [v2:172.21.15.33:3300/0,v1:172.21.15.33:6789/0] conn(0x7fe930107010 0x7fe93019a130 unknown :-1 s=HELLO_CONNECTING pgs=0 cs=0 l=1 rev1=1 crypto rx=0 tx=0 comp rx=0 tx=0).handle_hello peer v2:172.21.15.33:3300/0 says I am v2:172.21.15.33:34524/0 (socket says 172.21.15.33:34524)
2024-05-08T21:11:34.597 INFO:teuthology.orchestra.run.smithi033.stdout:/usr/bin/ceph: stderr
2024-05-08T21:11:33.958+0000 7fe93655a700 1 -- 172.21.15.33:0/3398780152 learned_addr learned my addr 172.21.15.33:0/3398780152 (peer_addr_for_me v2:172.21.15.33:0/0)
2024-05-08T21:11:34.597 INFO:teuthology.orchestra.run.smithi033.stdout:/usr/bin/ceph: stderr
2024-05-08T21:11:33.959+0000 7fe93655a700 1 -- 172.21.15.33:0/3398780152 --> [v2:172.21.15.33:3300/0,v1:172.21.15.33:6789/0] -- mon_subscribe({config=0+,monmap=0+}) v3 -- 0x7fe92c009550 con 0x7fe930107010
2024-05-08T21:11:34.597 INFO:teuthology.orchestra.run.smithi033.stdout:/usr/bin/ceph: stderr
2024-05-08T21:11:33.959+0000 7fe93655a700 1 --2- 172.21.15.33:0/3398780152 >> [v2:172.21.15.33:3300/0,v1:172.21.15.33:6789/0] conn(0x7fe930107010 0x7fe93019a130 secure :-1 s=READY pgs=38 cs=0 l=1 rev1=1 crypto rx=0x7fe92c003f20 tx=0x7fe92c011f00 comp rx=0 tx=0).ready entity=mon.0 client_cookie=0 server_cookie=0 in_seq=0 out_seq=0
2024-05-08T21:11:34.597 INFO:teuthology.orchestra.run.smithi033.stdout:/usr/bin/ceph: stderr
2024-05-08T21:11:33.959+0000 7fe9277fe700 1 -- 172.21.15.33:0/3398780152 <== mon.0 v2:172.21.15.33:3300/0 1 ==== mon_map magic: 0 v1 ==== 205+0+0 (secure 0 0 0) 0x7fe92c0037d0 con 0x7fe930107010
2024-05-08T21:11:34.597 INFO:teuthology.orchestra.run.smithi033.stdout:/usr/bin/ceph: stderr
2024-05-08T21:11:33.959+0000 7fe9387be700 1 -- 172.21.15.33:0/3398780152 --> [v2:172.21.15.33:3300/0,v1:172.21.15.33:6789/0] -- mon_subscribe({mgrmap=0+}) v3 -- 0x7fe93019a870 con 0x7fe930107010
2024-05-08T21:11:34.597 INFO:teuthology.orchestra.run.smithi033.stdout:/usr/bin/ceph: stderr
2024-05-08T21:11:33.959+0000 7fe9277fe700 1 -- 172.21.15.33:0/3398780152 <== mon.0 v2:172.21.15.33:3300/0 2 ==== config(25 keys) v1 ==== 1036+0+0 (secure 0 0 0) 0x7fe92c01b440 con 0x7fe930107010
2024-05-08T21:11:34.597 INFO:teuthology.orchestra.run.smithi033.stdout:/usr/bin/ceph: stderr
2024-05-08T21:11:33.959+0000 7fe9277fe700 1 -- 172.21.15.33:0/3398780152 <== mon.0 v2:172.21.15.33:3300/0 3 ==== mon_map magic: 0 v1 ==== 205+0+0 (secure 0 0 0) 0x7fe92c023590 con 0x7fe930107010
2024-05-08T21:11:34.597 INFO:teuthology.orchestra.run.smithi033.stdout:/usr/bin/ceph: stderr
2024-05-08T21:11:33.959+0000 7fe9387be700 1 -- 172.21.15.33:0/3398780152 --> [v2:172.21.15.33:3300/0,v1:172.21.15.33:6789/0] -- mon_subscribe({osdmap=0}) v3 -- 0x7fe93019ad10 con 0x7fe930107010
2024-05-08T21:11:34.597 INFO:teuthology.orchestra.run.smithi033.stdout:/usr/bin/ceph: stderr
2024-05-08T21:11:33.960+0000 7fe9277fe700 1 -- 172.21.15.33:0/3398780152 <== mon.0 v2:172.21.15.33:3300/0 4 ==== mgrmap(e 7) v1 ==== 45435+0+0 (secure 0 0 0) 0x7fe92c003930 con 0x7fe930107010
2024-05-08T21:11:34.597 INFO:teuthology.orchestra.run.smithi033.stdout:/usr/bin/ceph: stderr
2024-05-08T21:11:33.960+0000 7fe9387be700 1 -- 172.21.15.33:0/3398780152 --> [v2:172.21.15.33:3300/0,v1:172.21.15.33:6789/0] -- mon_command({"prefix": "get_command_descriptions"} v 0) v1 -- 0x7fe93010a5c0 con 0x7fe930107010
2024-05-08T21:11:34.597 INFO:teuthology.orchestra.run.smithi033.stdout:/usr/bin/ceph: stderr
2024-05-08T21:11:33.960+0000 7fe9277fe700 1 --2- 172.21.15.33:0/3398780152 >> [v2:172.21.15.33:6800/3413344235,v1:172.21.15.33:6801/3413344235] conn(0x7fe91c0385d0 0x7fe91c03aa90 unknown :-1 s=NONE pgs=0 cs=0 l=1 rev1=0 crypto rx=0 tx=0 comp rx=0 tx=0).connect
2024-05-08T21:11:34.597 INFO:teuthology.orchestra.run.smithi033.stdout:/usr/bin/ceph: stderr
2024-05-08T21:11:33.960+0000 7fe9277fe700 1 -- 172.21.15.33:0/3398780152 <== mon.0 v2:172.21.15.33:3300/0 5 ==== osd_map(2..2 src has 1..2) v4 ==== 940+0+0 (secure 0 0 0) 0x7fe92c04c470 con 0x7fe930107010
2024-05-08T21:11:34.598 INFO:teuthology.orchestra.run.smithi033.stdout:/usr/bin/ceph: stderr
2024-05-08T21:11:33.960+0000 7fe935d59700 1 --2- 172.21.15.33:0/3398780152 >> [v2:172.21.15.33:6800/3413344235,v1:172.21.15.33:6801/3413344235] conn(0x7fe91c0385d0 0x7fe91c03aa90 unknown :-1 s=BANNER_CONNECTING pgs=0 cs=0 l=1 rev1=0 crypto rx=0 tx=0 comp rx=0 tx=0)._handle_peer_banner_payload supported=3 required=0
2024-05-08T21:11:34.598 INFO:teuthology.orchestra.run.smithi033.stdout:/usr/bin/ceph: stderr
2024-05-08T21:11:33.961+0000 7fe935d59700 1 --2- 172.21.15.33:0/3398780152 >> [v2:172.21.15.33:6800/3413344235,v1:172.21.15.33:6801/3413344235] conn(0x7fe91c0385d0 0x7fe91c03aa90 secure :-1 s=READY pgs=7 cs=0 l=1 rev1=1 crypto rx=0x7fe920006fd0 tx=0x7fe920006e40 comp rx=0 tx=0).ready entity=mgr.14120 client_cookie=0 server_cookie=0 in_seq=0 out_seq=0
2024-05-08T21:11:34.598 INFO:teuthology.orchestra.run.smithi033.stdout:/usr/bin/ceph: stderr
2024-05-08T21:11:33.966+0000 7fe9277fe700 1 -- 172.21.15.33:0/3398780152 <== mon.0 v2:172.21.15.33:3300/0 6 ==== mon_command_ack([{"prefix": "get_command_descriptions"}]=0 v0) v1 ==== 72+0+183622 (secure 0 0 0) 0x7fe92c00bbd0 con 0x7fe930107010
2024-05-08T21:11:34.598 INFO:teuthology.orchestra.run.smithi033.stdout:/usr/bin/ceph: stderr
2024-05-08T21:11:34.195+0000 7fe9387be700 1 -- 172.21.15.33:0/3398780152 --> [v2:172.21.15.33:6800/3413344235,v1:172.21.15.33:6801/3413344235] -- mgr_command(tid 0: {"prefix": "orch set backend", "module_name": "cephadm", "target": ["mon-mgr", ""]}) v1 -- 0x7fe930101c80 con 0x7fe91c0385d0
2024-05-08T21:11:34.598 INFO:teuthology.orchestra.run.smithi033.stdout:/usr/bin/ceph: stderr
2024-05-08T21:11:34.205+0000 7fe9277fe700 1 -- 172.21.15.33:0/3398780152 <== mgr.14120 v2:172.21.15.33:6800/3413344235 1 ==== mgr_command_reply(tid 0: 0 ) v1 ==== 8+0+0 (secure 0 0 0) 0x7fe930101c80 con 0x7fe91c0385d0
2024-05-08T21:11:34.598 INFO:teuthology.orchestra.run.smithi033.stdout:/usr/bin/ceph: stderr
2024-05-08T21:11:34.208+0000 7fe9387be700 1 -- 172.21.15.33:0/3398780152 >> [v2:172.21.15.33:6800/3413344235,v1:172.21.15.33:6801/3413344235] conn(0x7fe91c0385d0 msgr2=0x7fe91c03aa90 secure :-1 s=STATE_CONNECTION_ESTABLISHED l=1).mark_down
2024-05-08T21:11:34.598 INFO:teuthology.orchestra.run.smithi033.stdout:/usr/bin/ceph: stderr
2024-05-08T21:11:34.208+0000 7fe9387be700 1 --2- 172.21.15.33:0/3398780152 >> [v2:172.21.15.33:6800/3413344235,v1:172.21.15.33:6801/3413344235] conn(0x7fe91c0385d0 0x7fe91c03aa90 secure :-1 s=READY pgs=7 cs=0 l=1 rev1=1 crypto rx=0x7fe920006fd0 tx=0x7fe920006e40 comp rx=0 tx=0).stop
2024-05-08T21:11:34.598 INFO:teuthology.orchestra.run.smithi033.stdout:/usr/bin/ceph: stderr
2024-05-08T21:11:34.208+0000 7fe9387be700 1 -- 172.21.15.33:0/3398780152 >> [v2:172.21.15.33:3300/0,v1:172.21.15.33:6789/0] conn(0x7fe930107010 msgr2=0x7fe93019a130 secure :-1 s=STATE_CONNECTION_ESTABLISHED l=1).mark_down
2024-05-08T21:11:34.598 INFO:teuthology.orchestra.run.smithi033.stdout:/usr/bin/ceph: stderr
2024-05-08T21:11:34.208+0000 7fe9387be700 1 --2- 172.21.15.33:0/3398780152 >> [v2:172.21.15.33:3300/0,v1:172.21.15.33:6789/0] conn(0x7fe930107010 0x7fe93019a130 secure :-1 s=READY pgs=38 cs=0 l=1 rev1=1 crypto rx=0x7fe92c003f20 tx=0x7fe92c011f00 comp rx=0 tx=0).stop
2024-05-08T21:11:34.598 INFO:teuthology.orchestra.run.smithi033.stdout:/usr/bin/ceph: stderr
2024-05-08T21:11:34.208+0000 7fe9387be700 1 -- 172.21.15.33:0/3398780152 shutdown_connections
2024-05-08T21:11:34.598 INFO:teuthology.orchestra.run.smithi033.stdout:/usr/bin/ceph: stderr
2024-05-08T21:11:34.208+0000 7fe9387be700 1 --2- 172.21.15.33:0/3398780152 >> [v2:172.21.15.33:6800/3413344235,v1:172.21.15.33:6801/3413344235] conn(0x7fe91c0385d0 0x7fe91c03aa90 unknown :-1 s=CLOSED pgs=7 cs=0 l=1 rev1=1 crypto rx=0 tx=0 comp rx=0 tx=0).stop
2024-05-08T21:11:34.598 INFO:teuthology.orchestra.run.smithi033.stdout:/usr/bin/ceph: stderr
2024-05-08T21:11:34.208+0000 7fe9387be700 1 --2- 172.21.15.33:0/3398780152 >> [v2:172.21.15.33:3300/0,v1:172.21.15.33:6789/0] conn(0x7fe930107010 0x7fe93019a130 unknown :-1 s=CLOSED pgs=38 cs=0 l=1 rev1=1 crypto rx=0 tx=0 comp rx=0 tx=0).stop
2024-05-08T21:11:34.598 INFO:teuthology.orchestra.run.smithi033.stdout:/usr/bin/ceph: stderr
2024-05-08T21:11:34.208+0000 7fe9387be700 1 -- 172.21.15.33:0/3398780152 >> 172.21.15.33:0/3398780152 conn(0x7fe930100a40 msgr2=0x7fe930101570 unknown :-1 s=STATE_NONE l=0).mark_down
2024-05-08T21:11:34.599 INFO:teuthology.orchestra.run.smithi033.stdout:/usr/bin/ceph: stderr
2024-05-08T21:11:34.208+0000 7fe9387be700 1 -- 172.21.15.33:0/3398780152 shutdown_connections
2024-05-08T21:11:34.599 INFO:teuthology.orchestra.run.smithi033.stdout:/usr/bin/ceph: stderr
2024-05-08T21:11:34.208+0000 7fe9387be700 1 -- 172.21.15.33:0/3398780152 wait complete.
2024-05-08T21:11:35.493 INFO:journalctl@ceph.mon.a.smithi033.stdout:May 08 21:11:35 smithi033 ceph-mon[42528]: from='client.14132 -' entity='client.admin' cmd=[{"prefix": "orch set backend", "module_name": "cephadm", "target": ["mon-mgr", ""]}]: dispatch
2024-05-08T21:11:35.493 INFO:journalctl@ceph.mon.a.smithi033.stdout:May 08 21:11:35 smithi033 ceph-mon[42528]: mgrmap e8: x(active, since 2s)
2024-05-08T21:11:35.493 INFO:journalctl@ceph.mon.a.smithi033.stdout:May 08 21:11:35 smithi033 ceph-mon[42528]: from='mgr.14120 172.21.15.33:0/37902090' entity='mgr.x' cmd=[{"prefix": "config dump", "format": "json"}]: dispatch
2024-05-08T21:11:35.554 INFO:teuthology.orchestra.run.smithi033.stdout:/usr/bin/ceph: stdout value unchanged
2024-05-08T21:11:35.554 INFO:teuthology.orchestra.run.smithi033.stdout:/usr/bin/ceph: stderr
2024-05-08T21:11:34.979+0000 7fb2e5e45700 1 Processor -- start
2024-05-08T21:11:35.554 INFO:teuthology.orchestra.run.smithi033.stdout:/usr/bin/ceph: stderr
2024-05-08T21:11:34.979+0000 7fb2e5e45700 1 -- start start
2024-05-08T21:11:35.554 INFO:teuthology.orchestra.run.smithi033.stdout:/usr/bin/ceph: stderr
2024-05-08T21:11:34.979+0000 7fb2e5e45700 1 --2- >> [v2:172.21.15.33:3300/0,v1:172.21.15.33:6789/0] conn(0x7fb2e007beb0 0x7fb2e007a310 unknown :-1 s=NONE pgs=0 cs=0 l=0 rev1=0 crypto rx=0 tx=0 comp rx=0 tx=0).connect
2024-05-08T21:11:35.554 INFO:teuthology.orchestra.run.smithi033.stdout:/usr/bin/ceph: stderr
2024-05-08T21:11:34.979+0000 7fb2e5e45700 1 -- --> [v2:172.21.15.33:3300/0,v1:172.21.15.33:6789/0] -- mon_getmap magic: 0 v1 -- 0x7fb2e007a8e0 con 0x7fb2e007beb0
2024-05-08T21:11:35.554 INFO:teuthology.orchestra.run.smithi033.stdout:/usr/bin/ceph: stderr
2024-05-08T21:11:34.980+0000 7fb2df7fe700 1 --2- >> [v2:172.21.15.33:3300/0,v1:172.21.15.33:6789/0] conn(0x7fb2e007beb0 0x7fb2e007a310 unknown :-1 s=BANNER_CONNECTING pgs=0 cs=0 l=0 rev1=0 crypto rx=0 tx=0 comp rx=0 tx=0)._handle_peer_banner_payload supported=3 required=0
2024-05-08T21:11:35.554 INFO:teuthology.orchestra.run.smithi033.stdout:/usr/bin/ceph: stderr
2024-05-08T21:11:34.980+0000 7fb2df7fe700 1 --2- >> [v2:172.21.15.33:3300/0,v1:172.21.15.33:6789/0] conn(0x7fb2e007beb0 0x7fb2e007a310 unknown :-1 s=HELLO_CONNECTING pgs=0 cs=0 l=0 rev1=1 crypto rx=0 tx=0 comp rx=0 tx=0).handle_hello peer v2:172.21.15.33:3300/0 says I am v2:172.21.15.33:34530/0 (socket says 172.21.15.33:34530)
2024-05-08T21:11:35.554 INFO:teuthology.orchestra.run.smithi033.stdout:/usr/bin/ceph: stderr
2024-05-08T21:11:34.980+0000 7fb2df7fe700 1 -- 172.21.15.33:0/352435520 learned_addr learned my addr 172.21.15.33:0/352435520 (peer_addr_for_me v2:172.21.15.33:0/0)
2024-05-08T21:11:35.554 INFO:teuthology.orchestra.run.smithi033.stdout:/usr/bin/ceph: stderr
2024-05-08T21:11:34.980+0000 7fb2df7fe700 1 -- 172.21.15.33:0/352435520 --> [v2:172.21.15.33:3300/0,v1:172.21.15.33:6789/0] -- mon_subscribe({config=0+,monmap=0+}) v3 -- 0x7fb2e007aa20 con 0x7fb2e007beb0
2024-05-08T21:11:35.555 INFO:teuthology.orchestra.run.smithi033.stdout:/usr/bin/ceph: stderr
2024-05-08T21:11:34.980+0000 7fb2df7fe700 1 --2- 172.21.15.33:0/352435520 >> [v2:172.21.15.33:3300/0,v1:172.21.15.33:6789/0] conn(0x7fb2e007beb0 0x7fb2e007a310 secure :-1 s=READY pgs=39 cs=0 l=1 rev1=1 crypto rx=0x7fb2c80098a0 tx=0x7fb2c8009bb0 comp rx=0 tx=0).ready entity=mon.0 client_cookie=e208c3b252b06171 server_cookie=0 in_seq=0 out_seq=0
2024-05-08T21:11:35.555 INFO:teuthology.orchestra.run.smithi033.stdout:/usr/bin/ceph: stderr
2024-05-08T21:11:34.980+0000 7fb2de7fc700 1 -- 172.21.15.33:0/352435520 <== mon.0 v2:172.21.15.33:3300/0 1 ==== mon_map magic: 0 v1 ==== 205+0+0 (secure 0 0 0) 0x7fb2c8004160 con 0x7fb2e007beb0
2024-05-08T21:11:35.555 INFO:teuthology.orchestra.run.smithi033.stdout:/usr/bin/ceph: stderr
2024-05-08T21:11:34.980+0000 7fb2de7fc700 1 -- 172.21.15.33:0/352435520 <== mon.0 v2:172.21.15.33:3300/0 2 ==== config(25 keys) v1 ==== 1036+0+0 (secure 0 0 0) 0x7fb2c80042c0 con 0x7fb2e007beb0
2024-05-08T21:11:35.555 INFO:teuthology.orchestra.run.smithi033.stdout:/usr/bin/ceph: stderr
2024-05-08T21:11:34.980+0000 7fb2de7fc700 1 -- 172.21.15.33:0/352435520 <== mon.0 v2:172.21.15.33:3300/0 3 ==== mon_map magic: 0 v1 ==== 205+0+0 (secure 0 0 0) 0x7fb2c8011940 con 0x7fb2e007beb0
2024-05-08T21:11:35.555 INFO:teuthology.orchestra.run.smithi033.stdout:/usr/bin/ceph: stderr
2024-05-08T21:11:34.981+0000 7fb2e5e45700 1 -- 172.21.15.33:0/352435520 >> [v2:172.21.15.33:3300/0,v1:172.21.15.33:6789/0] conn(0x7fb2e007beb0 msgr2=0x7fb2e007a310 secure :-1 s=STATE_CONNECTION_ESTABLISHED l=1).mark_down
2024-05-08T21:11:35.555 INFO:teuthology.orchestra.run.smithi033.stdout:/usr/bin/ceph: stderr
2024-05-08T21:11:34.981+0000 7fb2e5e45700 1 --2- 172.21.15.33:0/352435520 >> [v2:172.21.15.33:3300/0,v1:172.21.15.33:6789/0] conn(0x7fb2e007beb0 0x7fb2e007a310 secure :-1 s=READY pgs=39 cs=0 l=1 rev1=1 crypto rx=0x7fb2c80098a0 tx=0x7fb2c8009bb0 comp rx=0 tx=0).stop
2024-05-08T21:11:35.555 INFO:teuthology.orchestra.run.smithi033.stdout:/usr/bin/ceph: stderr
2024-05-08T21:11:34.981+0000 7fb2e5e45700 1 -- 172.21.15.33:0/352435520 shutdown_connections
2024-05-08T21:11:35.555 INFO:teuthology.orchestra.run.smithi033.stdout:/usr/bin/ceph: stderr
2024-05-08T21:11:34.981+0000 7fb2e5e45700 1 --2- 172.21.15.33:0/352435520 >> [v2:172.21.15.33:3300/0,v1:172.21.15.33:6789/0] conn(0x7fb2e007beb0 0x7fb2e007a310 unknown :-1 s=CLOSED pgs=39 cs=0 l=1 rev1=1 crypto rx=0 tx=0 comp rx=0 tx=0).stop
2024-05-08T21:11:35.555 INFO:teuthology.orchestra.run.smithi033.stdout:/usr/bin/ceph: stderr
2024-05-08T21:11:34.981+0000 7fb2e5e45700 1 -- 172.21.15.33:0/352435520 >> 172.21.15.33:0/352435520 conn(0x7fb2e0101a60 msgr2=0x7fb2e0103ea0 unknown :-1 s=STATE_NONE l=0).mark_down
2024-05-08T21:11:35.555 INFO:teuthology.orchestra.run.smithi033.stdout:/usr/bin/ceph: stderr
2024-05-08T21:11:34.981+0000 7fb2e5e45700 1 -- 172.21.15.33:0/352435520 shutdown_connections
2024-05-08T21:11:35.555 INFO:teuthology.orchestra.run.smithi033.stdout:/usr/bin/ceph: stderr
2024-05-08T21:11:34.981+0000 7fb2e5e45700 1 -- 172.21.15.33:0/352435520 wait complete.
2024-05-08T21:11:35.555 INFO:teuthology.orchestra.run.smithi033.stdout:/usr/bin/ceph: stderr
2024-05-08T21:11:34.982+0000 7fb2e5e45700 1 Processor -- start
2024-05-08T21:11:35.555 INFO:teuthology.orchestra.run.smithi033.stdout:/usr/bin/ceph: stderr
2024-05-08T21:11:34.982+0000 7fb2e5e45700 1 -- start start
2024-05-08T21:11:35.555 INFO:teuthology.orchestra.run.smithi033.stdout:/usr/bin/ceph: stderr
2024-05-08T21:11:34.982+0000 7fb2e5e45700 1 --2- >> [v2:172.21.15.33:3300/0,v1:172.21.15.33:6789/0] conn(0x7fb2e007beb0 0x7fb2e01096e0 unknown :-1 s=NONE pgs=0 cs=0 l=1 rev1=0 crypto rx=0 tx=0 comp rx=0 tx=0).connect
2024-05-08T21:11:35.555 INFO:teuthology.orchestra.run.smithi033.stdout:/usr/bin/ceph: stderr
2024-05-08T21:11:34.982+0000 7fb2e5e45700 1 -- --> [v2:172.21.15.33:3300/0,v1:172.21.15.33:6789/0] -- mon_getmap magic: 0 v1 -- 0x7fb2e0109c20 con 0x7fb2e007beb0
2024-05-08T21:11:35.556 INFO:teuthology.orchestra.run.smithi033.stdout:/usr/bin/ceph: stderr
2024-05-08T21:11:34.982+0000 7fb2df7fe700 1 --2- >> [v2:172.21.15.33:3300/0,v1:172.21.15.33:6789/0] conn(0x7fb2e007beb0 0x7fb2e01096e0 unknown :-1 s=BANNER_CONNECTING pgs=0 cs=0 l=1 rev1=0 crypto rx=0 tx=0 comp rx=0 tx=0)._handle_peer_banner_payload supported=3 required=0
2024-05-08T21:11:35.556 INFO:teuthology.orchestra.run.smithi033.stdout:/usr/bin/ceph: stderr
2024-05-08T21:11:34.982+0000 7fb2df7fe700 1 --2- >> [v2:172.21.15.33:3300/0,v1:172.21.15.33:6789/0] conn(0x7fb2e007beb0 0x7fb2e01096e0 unknown :-1 s=HELLO_CONNECTING pgs=0 cs=0 l=1 rev1=1 crypto rx=0 tx=0 comp rx=0 tx=0).handle_hello peer v2:172.21.15.33:3300/0 says I am v2:172.21.15.33:34536/0 (socket says 172.21.15.33:34536)
2024-05-08T21:11:35.556 INFO:teuthology.orchestra.run.smithi033.stdout:/usr/bin/ceph: stderr
2024-05-08T21:11:34.982+0000 7fb2df7fe700 1 -- 172.21.15.33:0/924163646 learned_addr learned my addr 172.21.15.33:0/924163646 (peer_addr_for_me v2:172.21.15.33:0/0)
2024-05-08T21:11:35.556 INFO:teuthology.orchestra.run.smithi033.stdout:/usr/bin/ceph: stderr
2024-05-08T21:11:34.983+0000 7fb2df7fe700 1 -- 172.21.15.33:0/924163646 --> [v2:172.21.15.33:3300/0,v1:172.21.15.33:6789/0] -- mon_subscribe({config=0+,monmap=0+}) v3 -- 0x7fb2c8009550 con 0x7fb2e007beb0
2024-05-08T21:11:35.556 INFO:teuthology.orchestra.run.smithi033.stdout:/usr/bin/ceph: stderr
2024-05-08T21:11:34.983+0000 7fb2df7fe700 1 --2- 172.21.15.33:0/924163646 >> [v2:172.21.15.33:3300/0,v1:172.21.15.33:6789/0] conn(0x7fb2e007beb0 0x7fb2e01096e0 secure :-1 s=READY pgs=40 cs=0 l=1 rev1=1 crypto rx=0x7fb2c8006af0 tx=0x7fb2c8011a50 comp rx=0 tx=0).ready entity=mon.0 client_cookie=0 server_cookie=0 in_seq=0 out_seq=0
2024-05-08T21:11:35.556 INFO:teuthology.orchestra.run.smithi033.stdout:/usr/bin/ceph: stderr
2024-05-08T21:11:34.983+0000 7fb2dcff9700 1 -- 172.21.15.33:0/924163646 <== mon.0 v2:172.21.15.33:3300/0 1 ==== mon_map magic: 0 v1 ==== 205+0+0 (secure 0 0 0) 0x7fb2c8003bf0 con 0x7fb2e007beb0
2024-05-08T21:11:35.556 INFO:teuthology.orchestra.run.smithi033.stdout:/usr/bin/ceph: stderr
2024-05-08T21:11:34.983+0000 7fb2dcff9700 1 -- 172.21.15.33:0/924163646 <== mon.0 v2:172.21.15.33:3300/0 2 ==== config(25 keys) v1 ==== 1036+0+0 (secure 0 0 0) 0x7fb2c801b8b0 con 0x7fb2e007beb0
2024-05-08T21:11:35.556 INFO:teuthology.orchestra.run.smithi033.stdout:/usr/bin/ceph: stderr
2024-05-08T21:11:34.983+0000 7fb2e5e45700 1 -- 172.21.15.33:0/924163646 --> [v2:172.21.15.33:3300/0,v1:172.21.15.33:6789/0] -- mon_subscribe({mgrmap=0+}) v3 -- 0x7fb2e0109e20 con 0x7fb2e007beb0
2024-05-08T21:11:35.556 INFO:teuthology.orchestra.run.smithi033.stdout:/usr/bin/ceph: stderr
2024-05-08T21:11:34.983+0000 7fb2dcff9700 1 -- 172.21.15.33:0/924163646 <== mon.0 v2:172.21.15.33:3300/0 3 ==== mon_map magic: 0 v1 ==== 205+0+0 (secure 0 0 0) 0x7fb2c8023830 con 0x7fb2e007beb0
2024-05-08T21:11:35.556 INFO:teuthology.orchestra.run.smithi033.stdout:/usr/bin/ceph: stderr
2024-05-08T21:11:34.983+0000 7fb2e5e45700 1 -- 172.21.15.33:0/924163646 --> [v2:172.21.15.33:3300/0,v1:172.21.15.33:6789/0] -- mon_subscribe({osdmap=0}) v3 -- 0x7fb2e0106270 con 0x7fb2e007beb0
2024-05-08T21:11:35.556 INFO:teuthology.orchestra.run.smithi033.stdout:/usr/bin/ceph: stderr
2024-05-08T21:11:34.984+0000 7fb2dcff9700 1 -- 172.21.15.33:0/924163646 <== mon.0 v2:172.21.15.33:3300/0 4 ==== mgrmap(e 8) v1 ==== 45541+0+0 (secure 0 0 0) 0x7fb2c8023990 con 0x7fb2e007beb0
2024-05-08T21:11:35.556 INFO:teuthology.orchestra.run.smithi033.stdout:/usr/bin/ceph: stderr
2024-05-08T21:11:34.984+0000 7fb2e5e45700 1 -- 172.21.15.33:0/924163646 --> [v2:172.21.15.33:3300/0,v1:172.21.15.33:6789/0] -- mon_command({"prefix": "get_command_descriptions"} v 0) v1 -- 0x7fb2e010c810 con 0x7fb2e007beb0
2024-05-08T21:11:35.556 INFO:teuthology.orchestra.run.smithi033.stdout:/usr/bin/ceph: stderr
2024-05-08T21:11:34.984+0000 7fb2dcff9700 1 --2- 172.21.15.33:0/924163646 >> [v2:172.21.15.33:6800/3413344235,v1:172.21.15.33:6801/3413344235] conn(0x7fb2cc038700 0x7fb2cc03abc0 unknown :-1 s=NONE pgs=0 cs=0 l=1 rev1=0 crypto rx=0 tx=0 comp rx=0 tx=0).connect
2024-05-08T21:11:35.556 INFO:teuthology.orchestra.run.smithi033.stdout:/usr/bin/ceph: stderr
2024-05-08T21:11:34.984+0000 7fb2dcff9700 1 -- 172.21.15.33:0/924163646 <== mon.0 v2:172.21.15.33:3300/0 5 ==== osd_map(2..2 src has 1..2) v4 ==== 940+0+0 (secure 0 0 0) 0x7fb2c804ccb0 con 0x7fb2e007beb0
2024-05-08T21:11:35.557 INFO:teuthology.orchestra.run.smithi033.stdout:/usr/bin/ceph: stderr
2024-05-08T21:11:34.984+0000 7fb2deffd700 1 --2- 172.21.15.33:0/924163646 >> [v2:172.21.15.33:6800/3413344235,v1:172.21.15.33:6801/3413344235] conn(0x7fb2cc038700 0x7fb2cc03abc0 unknown :-1 s=BANNER_CONNECTING pgs=0 cs=0 l=1 rev1=0 crypto rx=0 tx=0 comp rx=0 tx=0)._handle_peer_banner_payload supported=3 required=0
2024-05-08T21:11:35.557 INFO:teuthology.orchestra.run.smithi033.stdout:/usr/bin/ceph: stderr
2024-05-08T21:11:34.985+0000 7fb2deffd700 1 --2- 172.21.15.33:0/924163646 >> [v2:172.21.15.33:6800/3413344235,v1:172.21.15.33:6801/3413344235] conn(0x7fb2cc038700 0x7fb2cc03abc0 secure :-1 s=READY pgs=8 cs=0 l=1 rev1=1 crypto rx=0x7fb2d0006fd0 tx=0x7fb2d0006e40 comp rx=0 tx=0).ready entity=mgr.14120 client_cookie=0 server_cookie=0 in_seq=0 out_seq=0
2024-05-08T21:11:35.557 INFO:teuthology.orchestra.run.smithi033.stdout:/usr/bin/ceph: stderr
2024-05-08T21:11:34.990+0000 7fb2dcff9700 1 -- 172.21.15.33:0/924163646 <== mon.0 v2:172.21.15.33:3300/0 6 ==== mon_command_ack([{"prefix": "get_command_descriptions"}]=0 v0) v1 ==== 72+0+183622 (secure 0 0 0) 0x7fb2c8023c40 con 0x7fb2e007beb0
2024-05-08T21:11:35.557 INFO:teuthology.orchestra.run.smithi033.stdout:/usr/bin/ceph: stderr
2024-05-08T21:11:35.205+0000 7fb2e5e45700 1 -- 172.21.15.33:0/924163646 --> [v2:172.21.15.33:6800/3413344235,v1:172.21.15.33:6801/3413344235] -- mgr_command(tid 0: {"prefix": "cephadm set-user", "user": "root", "target": ["mon-mgr", ""]}) v1 -- 0x7fb2e01069f0 con 0x7fb2cc038700
2024-05-08T21:11:35.557 INFO:teuthology.orchestra.run.smithi033.stdout:/usr/bin/ceph: stderr
2024-05-08T21:11:35.206+0000 7fb2dcff9700 1 -- 172.21.15.33:0/924163646 <== mgr.14120 v2:172.21.15.33:6800/3413344235 1 ==== mgr_command_reply(tid 0: 0 ) v1 ==== 8+0+16 (secure 0 0 0) 0x7fb2e01069f0 con 0x7fb2cc038700
2024-05-08T21:11:35.557 INFO:teuthology.orchestra.run.smithi033.stdout:/usr/bin/ceph: stderr
2024-05-08T21:11:35.208+0000 7fb2e5e45700 1 -- 172.21.15.33:0/924163646 >> [v2:172.21.15.33:6800/3413344235,v1:172.21.15.33:6801/3413344235] conn(0x7fb2cc038700 msgr2=0x7fb2cc03abc0 secure :-1 s=STATE_CONNECTION_ESTABLISHED l=1).mark_down
2024-05-08T21:11:35.557 INFO:teuthology.orchestra.run.smithi033.stdout:/usr/bin/ceph: stderr
2024-05-08T21:11:35.208+0000 7fb2e5e45700 1 --2- 172.21.15.33:0/924163646 >> [v2:172.21.15.33:6800/3413344235,v1:172.21.15.33:6801/3413344235] conn(0x7fb2cc038700 0x7fb2cc03abc0 secure :-1 s=READY pgs=8 cs=0 l=1 rev1=1 crypto rx=0x7fb2d0006fd0 tx=0x7fb2d0006e40 comp rx=0 tx=0).stop
2024-05-08T21:11:35.557 INFO:teuthology.orchestra.run.smithi033.stdout:/usr/bin/ceph: stderr
2024-05-08T21:11:35.208+0000 7fb2e5e45700 1 -- 172.21.15.33:0/924163646 >> [v2:172.21.15.33:3300/0,v1:172.21.15.33:6789/0] conn(0x7fb2e007beb0 msgr2=0x7fb2e01096e0 secure :-1 s=STATE_CONNECTION_ESTABLISHED l=1).mark_down
2024-05-08T21:11:35.557 INFO:teuthology.orchestra.run.smithi033.stdout:/usr/bin/ceph: stderr
2024-05-08T21:11:35.208+0000 7fb2e5e45700 1 --2- 172.21.15.33:0/924163646 >> [v2:172.21.15.33:3300/0,v1:172.21.15.33:6789/0] conn(0x7fb2e007beb0 0x7fb2e01096e0 secure :-1 s=READY pgs=40 cs=0 l=1 rev1=1 crypto rx=0x7fb2c8006af0 tx=0x7fb2c8011a50 comp rx=0 tx=0).stop
2024-05-08T21:11:35.557 INFO:teuthology.orchestra.run.smithi033.stdout:/usr/bin/ceph: stderr
2024-05-08T21:11:35.208+0000 7fb2e5e45700 1 -- 172.21.15.33:0/924163646 shutdown_connections
2024-05-08T21:11:35.557 INFO:teuthology.orchestra.run.smithi033.stdout:/usr/bin/ceph: stderr
2024-05-08T21:11:35.208+0000 7fb2e5e45700 1 --2- 172.21.15.33:0/924163646 >> [v2:172.21.15.33:6800/3413344235,v1:172.21.15.33:6801/3413344235] conn(0x7fb2cc038700 0x7fb2cc03abc0 unknown :-1 s=CLOSED pgs=8 cs=0 l=1 rev1=1 crypto rx=0 tx=0 comp rx=0 tx=0).stop
2024-05-08T21:11:35.557 INFO:teuthology.orchestra.run.smithi033.stdout:/usr/bin/ceph: stderr
2024-05-08T21:11:35.208+0000 7fb2e5e45700 1 --2- 172.21.15.33:0/924163646 >> [v2:172.21.15.33:3300/0,v1:172.21.15.33:6789/0] conn(0x7fb2e007beb0 0x7fb2e01096e0 unknown :-1 s=CLOSED pgs=40 cs=0 l=1 rev1=1 crypto rx=0 tx=0 comp rx=0 tx=0).stop
2024-05-08T21:11:35.557 INFO:teuthology.orchestra.run.smithi033.stdout:/usr/bin/ceph: stderr
2024-05-08T21:11:35.208+0000 7fb2e5e45700 1 -- 172.21.15.33:0/924163646 >> 172.21.15.33:0/924163646 conn(0x7fb2e0101a60 msgr2=0x7fb2e0102540 unknown :-1 s=STATE_NONE l=0).mark_down
2024-05-08T21:11:35.557 INFO:teuthology.orchestra.run.smithi033.stdout:/usr/bin/ceph: stderr
2024-05-08T21:11:35.208+0000 7fb2e5e45700 1 -- 172.21.15.33:0/924163646 shutdown_connections
2024-05-08T21:11:35.557 INFO:teuthology.orchestra.run.smithi033.stdout:/usr/bin/ceph: stderr
2024-05-08T21:11:35.209+0000 7fb2e5e45700 1 -- 172.21.15.33:0/924163646 wait complete.
2024-05-08T21:11:35.557 INFO:teuthology.orchestra.run.smithi033.stdout:Generating ssh key...
2024-05-08T21:11:36.589 INFO:journalctl@ceph.mon.a.smithi033.stdout:May 08 21:11:36 smithi033 ceph-mon[42528]: from='client.14134 -' entity='client.admin' cmd=[{"prefix": "cephadm set-user", "user": "root", "target": ["mon-mgr", ""]}]: dispatch
2024-05-08T21:11:36.958 INFO:journalctl@ceph.mgr.x.smithi033.stdout:May 08 21:11:36 smithi033 ceph-53ae3a5a-0d7f-11ef-bc97-c7b262605968-mgr-x[42777]: Generating public/private rsa key pair.
2024-05-08T21:11:36.958 INFO:journalctl@ceph.mgr.x.smithi033.stdout:May 08 21:11:36 smithi033 ceph-53ae3a5a-0d7f-11ef-bc97-c7b262605968-mgr-x[42777]: Your identification has been saved in /tmp/tmp16pfd95m/key.
2024-05-08T21:11:36.959 INFO:journalctl@ceph.mgr.x.smithi033.stdout:May 08 21:11:36 smithi033 ceph-53ae3a5a-0d7f-11ef-bc97-c7b262605968-mgr-x[42777]: Your public key has been saved in /tmp/tmp16pfd95m/key.pub.
2024-05-08T21:11:36.959 INFO:journalctl@ceph.mgr.x.smithi033.stdout:May 08 21:11:36 smithi033 ceph-53ae3a5a-0d7f-11ef-bc97-c7b262605968-mgr-x[42777]: The key fingerprint is:
2024-05-08T21:11:36.959 INFO:journalctl@ceph.mgr.x.smithi033.stdout:May 08 21:11:36 smithi033 ceph-53ae3a5a-0d7f-11ef-bc97-c7b262605968-mgr-x[42777]: SHA256:1F/EEHknyJOC21j6YJRGtNsWgdu64vNjdZzcrtAKZgk ceph-53ae3a5a-0d7f-11ef-bc97-c7b262605968
2024-05-08T21:11:36.959 INFO:journalctl@ceph.mgr.x.smithi033.stdout:May 08 21:11:36 smithi033 ceph-53ae3a5a-0d7f-11ef-bc97-c7b262605968-mgr-x[42777]: The key's randomart image is:
2024-05-08T21:11:36.959 INFO:journalctl@ceph.mgr.x.smithi033.stdout:May 08 21:11:36 smithi033 ceph-53ae3a5a-0d7f-11ef-bc97-c7b262605968-mgr-x[42777]: +---[RSA 3072]----+
2024-05-08T21:11:36.959 INFO:journalctl@ceph.mgr.x.smithi033.stdout:May 08 21:11:36 smithi033 ceph-53ae3a5a-0d7f-11ef-bc97-c7b262605968-mgr-x[42777]: | oo+..oB. |
2024-05-08T21:11:36.959 INFO:journalctl@ceph.mgr.x.smithi033.stdout:May 08 21:11:36 smithi033 ceph-53ae3a5a-0d7f-11ef-bc97-c7b262605968-mgr-x[42777]: | *oo.*.+ .|
2024-05-08T21:11:36.959 INFO:journalctl@ceph.mgr.x.smithi033.stdout:May 08 21:11:36 smithi033 ceph-53ae3a5a-0d7f-11ef-bc97-c7b262605968-mgr-x[42777]: | ooOo. o.o |
2024-05-08T21:11:36.959 INFO:journalctl@ceph.mgr.x.smithi033.stdout:May 08 21:11:36 smithi033 ceph-53ae3a5a-0d7f-11ef-bc97-c7b262605968-mgr-x[42777]: | .Booo . |
2024-05-08T21:11:36.959 INFO:journalctl@ceph.mgr.x.smithi033.stdout:May 08 21:11:36 smithi033 ceph-53ae3a5a-0d7f-11ef-bc97-c7b262605968-mgr-x[42777]: | E.S+oo.o |
2024-05-08T21:11:36.959 INFO:journalctl@ceph.mgr.x.smithi033.stdout:May 08 21:11:36 smithi033 ceph-53ae3a5a-0d7f-11ef-bc97-c7b262605968-mgr-x[42777]: | ..oo.= . |
2024-05-08T21:11:36.959 INFO:journalctl@ceph.mgr.x.smithi033.stdout:May 08 21:11:36 smithi033 ceph-53ae3a5a-0d7f-11ef-bc97-c7b262605968-mgr-x[42777]: | =o.... |
2024-05-08T21:11:36.959 INFO:journalctl@ceph.mgr.x.smithi033.stdout:May 08 21:11:36 smithi033 ceph-53ae3a5a-0d7f-11ef-bc97-c7b262605968-mgr-x[42777]: | oo+. o . |
2024-05-08T21:11:36.959 INFO:journalctl@ceph.mgr.x.smithi033.stdout:May 08 21:11:36 smithi033 ceph-53ae3a5a-0d7f-11ef-bc97-c7b262605968-mgr-x[42777]: | ..=... .. |
2024-05-08T21:11:36.959 INFO:journalctl@ceph.mgr.x.smithi033.stdout:May 08 21:11:36 smithi033 ceph-53ae3a5a-0d7f-11ef-bc97-c7b262605968-mgr-x[42777]: +----[SHA256]-----+
2024-05-08T21:11:37.708 INFO:journalctl@ceph.mon.a.smithi033.stdout:May 08 21:11:37 smithi033 ceph-mon[42528]: from='client.14136 -' entity='client.admin' cmd=[{"prefix": "cephadm generate-key", "target": ["mon-mgr", ""]}]: dispatch
2024-05-08T21:11:37.708 INFO:journalctl@ceph.mon.a.smithi033.stdout:May 08 21:11:37 smithi033 ceph-mon[42528]: Generating ssh key...
2024-05-08T21:11:37.708 INFO:journalctl@ceph.mon.a.smithi033.stdout:May 08 21:11:37 smithi033 ceph-mon[42528]: from='mgr.14120 172.21.15.33:0/37902090' entity='mgr.x'
2024-05-08T21:11:37.708 INFO:journalctl@ceph.mon.a.smithi033.stdout:May 08 21:11:37 smithi033 ceph-mon[42528]: from='mgr.14120 172.21.15.33:0/37902090' entity='mgr.x'
2024-05-08T21:11:38.003 INFO:teuthology.orchestra.run.smithi033.stdout:/usr/bin/ceph: stderr
2024-05-08T21:11:35.919+0000 7f009e333700 1 Processor -- start
2024-05-08T21:11:38.003 INFO:teuthology.orchestra.run.smithi033.stdout:/usr/bin/ceph: stderr
2024-05-08T21:11:35.919+0000 7f009e333700 1 -- start start
2024-05-08T21:11:38.003 INFO:teuthology.orchestra.run.smithi033.stdout:/usr/bin/ceph: stderr
2024-05-08T21:11:35.919+0000 7f009e333700 1 --2- >> [v2:172.21.15.33:3300/0,v1:172.21.15.33:6789/0] conn(0x7f00981064c0 0x7f00981068e0 unknown :-1 s=NONE pgs=0 cs=0 l=0 rev1=0 crypto rx=0 tx=0 comp rx=0 tx=0).connect
2024-05-08T21:11:38.003 INFO:teuthology.orchestra.run.smithi033.stdout:/usr/bin/ceph: stderr
2024-05-08T21:11:35.919+0000 7f009e333700 1 -- --> [v2:172.21.15.33:3300/0,v1:172.21.15.33:6789/0] -- mon_getmap magic: 0 v1 -- 0x7f0098106eb0 con 0x7f00981064c0
2024-05-08T21:11:38.003 INFO:teuthology.orchestra.run.smithi033.stdout:/usr/bin/ceph: stderr
2024-05-08T21:11:35.920+0000 7f0097fff700 1 --2- >> [v2:172.21.15.33:3300/0,v1:172.21.15.33:6789/0] conn(0x7f00981064c0 0x7f00981068e0 unknown :-1 s=BANNER_CONNECTING pgs=0 cs=0 l=0 rev1=0 crypto rx=0 tx=0 comp rx=0 tx=0)._handle_peer_banner_payload supported=3 required=0
2024-05-08T21:11:38.003 INFO:teuthology.orchestra.run.smithi033.stdout:/usr/bin/ceph: stderr
2024-05-08T21:11:35.920+0000 7f0097fff700 1 --2- >> [v2:172.21.15.33:3300/0,v1:172.21.15.33:6789/0] conn(0x7f00981064c0 0x7f00981068e0 unknown :-1 s=HELLO_CONNECTING pgs=0 cs=0 l=0 rev1=1 crypto rx=0 tx=0 comp rx=0 tx=0).handle_hello peer v2:172.21.15.33:3300/0 says I am v2:172.21.15.33:34546/0 (socket says 172.21.15.33:34546)
2024-05-08T21:11:38.003 INFO:teuthology.orchestra.run.smithi033.stdout:/usr/bin/ceph: stderr
2024-05-08T21:11:35.920+0000 7f0097fff700 1 -- 172.21.15.33:0/166332488 learned_addr learned my addr 172.21.15.33:0/166332488 (peer_addr_for_me v2:172.21.15.33:0/0)
2024-05-08T21:11:38.003 INFO:teuthology.orchestra.run.smithi033.stdout:/usr/bin/ceph: stderr
2024-05-08T21:11:35.920+0000 7f0097fff700 1 -- 172.21.15.33:0/166332488 --> [v2:172.21.15.33:3300/0,v1:172.21.15.33:6789/0] -- mon_subscribe({config=0+,monmap=0+}) v3 -- 0x7f00981076c0 con 0x7f00981064c0
2024-05-08T21:11:38.003 INFO:teuthology.orchestra.run.smithi033.stdout:/usr/bin/ceph: stderr
2024-05-08T21:11:35.920+0000 7f0097fff700 1 --2- 172.21.15.33:0/166332488 >> [v2:172.21.15.33:3300/0,v1:172.21.15.33:6789/0] conn(0x7f00981064c0 0x7f00981068e0 secure :-1 s=READY pgs=41 cs=0 l=1 rev1=1 crypto rx=0x7f00880098a0 tx=0x7f0088009bb0 comp rx=0 tx=0).ready entity=mon.0 client_cookie=a74bc8452365ebbd server_cookie=0 in_seq=0 out_seq=0
2024-05-08T21:11:38.003 INFO:teuthology.orchestra.run.smithi033.stdout:/usr/bin/ceph: stderr
2024-05-08T21:11:35.920+0000 7f0096ffd700 1 -- 172.21.15.33:0/166332488 <== mon.0 v2:172.21.15.33:3300/0 1 ==== mon_map magic: 0 v1 ==== 205+0+0 (secure 0 0 0) 0x7f0088004160 con 0x7f00981064c0
2024-05-08T21:11:38.004 INFO:teuthology.orchestra.run.smithi033.stdout:/usr/bin/ceph: stderr
2024-05-08T21:11:35.920+0000 7f0096ffd700 1 -- 172.21.15.33:0/166332488 <== mon.0 v2:172.21.15.33:3300/0 2 ==== config(25 keys) v1 ==== 1036+0+0 (secure 0 0 0) 0x7f00880042c0 con 0x7f00981064c0
2024-05-08T21:11:38.004 INFO:teuthology.orchestra.run.smithi033.stdout:/usr/bin/ceph: stderr
2024-05-08T21:11:35.920+0000 7f0096ffd700 1 -- 172.21.15.33:0/166332488 <== mon.0 v2:172.21.15.33:3300/0 3 ==== mon_map magic: 0 v1 ==== 205+0+0 (secure 0 0 0) 0x7f0088011940 con 0x7f00981064c0
2024-05-08T21:11:38.004 INFO:teuthology.orchestra.run.smithi033.stdout:/usr/bin/ceph: stderr
2024-05-08T21:11:35.921+0000 7f009e333700 1 -- 172.21.15.33:0/166332488 >> [v2:172.21.15.33:3300/0,v1:172.21.15.33:6789/0] conn(0x7f00981064c0 msgr2=0x7f00981068e0 secure :-1 s=STATE_CONNECTION_ESTABLISHED l=1).mark_down
2024-05-08T21:11:38.004 INFO:teuthology.orchestra.run.smithi033.stdout:/usr/bin/ceph: stderr
2024-05-08T21:11:35.921+0000 7f009e333700 1 --2- 172.21.15.33:0/166332488 >> [v2:172.21.15.33:3300/0,v1:172.21.15.33:6789/0] conn(0x7f00981064c0 0x7f00981068e0 secure :-1 s=READY pgs=41 cs=0 l=1 rev1=1 crypto rx=0x7f00880098a0 tx=0x7f0088009bb0 comp rx=0 tx=0).stop
2024-05-08T21:11:38.004 INFO:teuthology.orchestra.run.smithi033.stdout:/usr/bin/ceph: stderr
2024-05-08T21:11:35.921+0000 7f009e333700 1 -- 172.21.15.33:0/166332488 shutdown_connections
2024-05-08T21:11:38.004 INFO:teuthology.orchestra.run.smithi033.stdout:/usr/bin/ceph: stderr
2024-05-08T21:11:35.921+0000 7f009e333700 1 --2- 172.21.15.33:0/166332488 >> [v2:172.21.15.33:3300/0,v1:172.21.15.33:6789/0] conn(0x7f00981064c0 0x7f00981068e0 unknown :-1 s=CLOSED pgs=41 cs=0 l=1 rev1=1 crypto rx=0 tx=0 comp rx=0 tx=0).stop
2024-05-08T21:11:38.004 INFO:teuthology.orchestra.run.smithi033.stdout:/usr/bin/ceph: stderr
2024-05-08T21:11:35.921+0000 7f009e333700 1 -- 172.21.15.33:0/166332488 >> 172.21.15.33:0/166332488 conn(0x7f0098101a60 msgr2=0x7f0098103ea0 unknown :-1 s=STATE_NONE l=0).mark_down
2024-05-08T21:11:38.004 INFO:teuthology.orchestra.run.smithi033.stdout:/usr/bin/ceph: stderr
2024-05-08T21:11:35.921+0000 7f009e333700 1 -- 172.21.15.33:0/166332488 shutdown_connections
2024-05-08T21:11:38.004 INFO:teuthology.orchestra.run.smithi033.stdout:/usr/bin/ceph: stderr
2024-05-08T21:11:35.921+0000 7f009e333700 1 -- 172.21.15.33:0/166332488 wait complete.
2024-05-08T21:11:38.004 INFO:teuthology.orchestra.run.smithi033.stdout:/usr/bin/ceph: stderr
2024-05-08T21:11:35.922+0000 7f009e333700 1 Processor -- start
2024-05-08T21:11:38.004 INFO:teuthology.orchestra.run.smithi033.stdout:/usr/bin/ceph: stderr
2024-05-08T21:11:35.922+0000 7f009e333700 1 -- start start
2024-05-08T21:11:38.004 INFO:teuthology.orchestra.run.smithi033.stdout:/usr/bin/ceph: stderr
2024-05-08T21:11:35.922+0000 7f009e333700 1 --2- >> [v2:172.21.15.33:3300/0,v1:172.21.15.33:6789/0] conn(0x7f00981064c0 0x7f009819c350 unknown :-1 s=NONE pgs=0 cs=0 l=1 rev1=0 crypto rx=0 tx=0 comp rx=0 tx=0).connect
2024-05-08T21:11:38.004 INFO:teuthology.orchestra.run.smithi033.stdout:/usr/bin/ceph: stderr
2024-05-08T21:11:35.922+0000 7f009e333700 1 -- --> [v2:172.21.15.33:3300/0,v1:172.21.15.33:6789/0] -- mon_getmap magic: 0 v1 -- 0x7f009819c890 con 0x7f00981064c0
2024-05-08T21:11:38.004 INFO:teuthology.orchestra.run.smithi033.stdout:/usr/bin/ceph: stderr
2024-05-08T21:11:35.922+0000 7f0097fff700 1 --2- >> [v2:172.21.15.33:3300/0,v1:172.21.15.33:6789/0] conn(0x7f00981064c0 0x7f009819c350 unknown :-1 s=BANNER_CONNECTING pgs=0 cs=0 l=1 rev1=0 crypto rx=0 tx=0 comp rx=0 tx=0)._handle_peer_banner_payload supported=3 required=0
2024-05-08T21:11:38.004 INFO:teuthology.orchestra.run.smithi033.stdout:/usr/bin/ceph: stderr
2024-05-08T21:11:35.922+0000 7f0097fff700 1 --2- >> [v2:172.21.15.33:3300/0,v1:172.21.15.33:6789/0] conn(0x7f00981064c0 0x7f009819c350 unknown :-1 s=HELLO_CONNECTING pgs=0 cs=0 l=1 rev1=1 crypto rx=0 tx=0 comp rx=0 tx=0).handle_hello peer v2:172.21.15.33:3300/0 says I am v2:172.21.15.33:34548/0 (socket says 172.21.15.33:34548)
2024-05-08T21:11:38.004 INFO:teuthology.orchestra.run.smithi033.stdout:/usr/bin/ceph: stderr
2024-05-08T21:11:35.922+0000 7f0097fff700 1 -- 172.21.15.33:0/2272291788 learned_addr learned my addr 172.21.15.33:0/2272291788 (peer_addr_for_me v2:172.21.15.33:0/0)
2024-05-08T21:11:38.005 INFO:teuthology.orchestra.run.smithi033.stdout:/usr/bin/ceph: stderr
2024-05-08T21:11:35.922+0000 7f0097fff700 1 -- 172.21.15.33:0/2272291788 --> [v2:172.21.15.33:3300/0,v1:172.21.15.33:6789/0] -- mon_subscribe({config=0+,monmap=0+}) v3 -- 0x7f0088009550 con 0x7f00981064c0
2024-05-08T21:11:38.005 INFO:teuthology.orchestra.run.smithi033.stdout:/usr/bin/ceph: stderr
2024-05-08T21:11:35.923+0000 7f0097fff700 1 --2- 172.21.15.33:0/2272291788 >> [v2:172.21.15.33:3300/0,v1:172.21.15.33:6789/0] conn(0x7f00981064c0 0x7f009819c350 secure :-1 s=READY pgs=42 cs=0 l=1 rev1=1 crypto rx=0x7f0088003f20 tx=0x7f0088011f00 comp rx=0 tx=0).ready entity=mon.0 client_cookie=0 server_cookie=0 in_seq=0 out_seq=0
2024-05-08T21:11:38.005 INFO:teuthology.orchestra.run.smithi033.stdout:/usr/bin/ceph: stderr
2024-05-08T21:11:35.923+0000 7f00957fa700 1 -- 172.21.15.33:0/2272291788 <== mon.0 v2:172.21.15.33:3300/0 1 ==== mon_map magic: 0 v1 ==== 205+0+0 (secure 0 0 0) 0x7f00880036a0 con 0x7f00981064c0
2024-05-08T21:11:38.005 INFO:teuthology.orchestra.run.smithi033.stdout:/usr/bin/ceph: stderr
2024-05-08T21:11:35.923+0000 7f009e333700 1 -- 172.21.15.33:0/2272291788 --> [v2:172.21.15.33:3300/0,v1:172.21.15.33:6789/0] -- mon_subscribe({mgrmap=0+}) v3 -- 0x7f009819ca90 con 0x7f00981064c0
2024-05-08T21:11:38.005 INFO:teuthology.orchestra.run.smithi033.stdout:/usr/bin/ceph: stderr
2024-05-08T21:11:35.923+0000 7f00957fa700 1 -- 172.21.15.33:0/2272291788 <== mon.0 v2:172.21.15.33:3300/0 2 ==== config(25 keys) v1 ==== 1036+0+0 (secure 0 0 0) 0x7f0088003c70 con 0x7f00981064c0
2024-05-08T21:11:38.005 INFO:teuthology.orchestra.run.smithi033.stdout:/usr/bin/ceph: stderr
2024-05-08T21:11:35.923+0000 7f00957fa700 1 -- 172.21.15.33:0/2272291788 <== mon.0 v2:172.21.15.33:3300/0 3 ==== mon_map magic: 0 v1 ==== 205+0+0 (secure 0 0 0) 0x7f008801be80 con 0x7f00981064c0
2024-05-08T21:11:38.005 INFO:teuthology.orchestra.run.smithi033.stdout:/usr/bin/ceph: stderr
2024-05-08T21:11:35.923+0000 7f009e333700 1 -- 172.21.15.33:0/2272291788 --> [v2:172.21.15.33:3300/0,v1:172.21.15.33:6789/0] -- mon_subscribe({osdmap=0}) v3 -- 0x7f009819cf30 con 0x7f00981064c0
2024-05-08T21:11:38.005 INFO:teuthology.orchestra.run.smithi033.stdout:/usr/bin/ceph: stderr
2024-05-08T21:11:35.924+0000 7f00957fa700 1 -- 172.21.15.33:0/2272291788 <== mon.0 v2:172.21.15.33:3300/0 4 ==== mgrmap(e 8) v1 ==== 45541+0+0 (secure 0 0 0) 0x7f00880234e0 con 0x7f00981064c0
2024-05-08T21:11:38.005 INFO:teuthology.orchestra.run.smithi033.stdout:/usr/bin/ceph: stderr
2024-05-08T21:11:35.924+0000 7f009e333700 1 -- 172.21.15.33:0/2272291788 --> [v2:172.21.15.33:3300/0,v1:172.21.15.33:6789/0] -- mon_command({"prefix": "get_command_descriptions"} v 0) v1 -- 0x7f00840052f0 con 0x7f00981064c0
2024-05-08T21:11:38.005 INFO:teuthology.orchestra.run.smithi033.stdout:/usr/bin/ceph: stderr
2024-05-08T21:11:35.924+0000 7f00957fa700 1 --2- 172.21.15.33:0/2272291788 >> [v2:172.21.15.33:6800/3413344235,v1:172.21.15.33:6801/3413344235] conn(0x7f0080038700 0x7f008003abc0 unknown :-1 s=NONE pgs=0 cs=0 l=1 rev1=0 crypto rx=0 tx=0 comp rx=0 tx=0).connect
2024-05-08T21:11:38.005 INFO:teuthology.orchestra.run.smithi033.stdout:/usr/bin/ceph: stderr
2024-05-08T21:11:35.924+0000 7f00957fa700 1 -- 172.21.15.33:0/2272291788 <== mon.0 v2:172.21.15.33:3300/0 5 ==== osd_map(2..2 src has 1..2) v4 ==== 940+0+0 (secure 0 0 0) 0x7f008804c620 con 0x7f00981064c0
2024-05-08T21:11:38.005 INFO:teuthology.orchestra.run.smithi033.stdout:/usr/bin/ceph: stderr
2024-05-08T21:11:35.924+0000 7f00977fe700 1 --2- 172.21.15.33:0/2272291788 >> [v2:172.21.15.33:6800/3413344235,v1:172.21.15.33:6801/3413344235] conn(0x7f0080038700 0x7f008003abc0 unknown :-1 s=BANNER_CONNECTING pgs=0 cs=0 l=1 rev1=0 crypto rx=0 tx=0 comp rx=0 tx=0)._handle_peer_banner_payload supported=3 required=0
2024-05-08T21:11:38.005 INFO:teuthology.orchestra.run.smithi033.stdout:/usr/bin/ceph: stderr
2024-05-08T21:11:35.925+0000 7f00977fe700 1 --2- 172.21.15.33:0/2272291788 >> [v2:172.21.15.33:6800/3413344235,v1:172.21.15.33:6801/3413344235] conn(0x7f0080038700 0x7f008003abc0 secure :-1 s=READY pgs=9 cs=0 l=1 rev1=1 crypto rx=0x7f008c006fd0 tx=0x7f008c006e40 comp rx=0 tx=0).ready entity=mgr.14120 client_cookie=0 server_cookie=0 in_seq=0 out_seq=0
2024-05-08T21:11:38.005 INFO:teuthology.orchestra.run.smithi033.stdout:/usr/bin/ceph: stderr
2024-05-08T21:11:35.930+0000 7f00957fa700 1 -- 172.21.15.33:0/2272291788 <== mon.0 v2:172.21.15.33:3300/0 6 ==== mon_command_ack([{"prefix": "get_command_descriptions"}]=0 v0) v1 ==== 72+0+183622 (secure 0 0 0) 0x7f008802bbd0 con 0x7f00981064c0
2024-05-08T21:11:38.005 INFO:teuthology.orchestra.run.smithi033.stdout:/usr/bin/ceph: stderr
2024-05-08T21:11:36.144+0000 7f009e333700 1 -- 172.21.15.33:0/2272291788 --> [v2:172.21.15.33:6800/3413344235,v1:172.21.15.33:6801/3413344235] -- mgr_command(tid 0: {"prefix": "cephadm generate-key", "target": ["mon-mgr", ""]}) v1 -- 0x7f0084000bc0 con 0x7f0080038700
2024-05-08T21:11:38.006 INFO:teuthology.orchestra.run.smithi033.stdout:/usr/bin/ceph: stderr
2024-05-08T21:11:36.593+0000 7f00957fa700 1 -- 172.21.15.33:0/2272291788 <== mgr.14120 v2:172.21.15.33:6800/3413344235 1 ==== mgr_command_reply(tid 0: 0 ) v1 ==== 8+0+0 (secure 0 0 0) 0x7f0084000bc0 con 0x7f0080038700
2024-05-08T21:11:38.006 INFO:teuthology.orchestra.run.smithi033.stdout:/usr/bin/ceph: stderr
2024-05-08T21:11:36.595+0000 7f009e333700 1 -- 172.21.15.33:0/2272291788 >> [v2:172.21.15.33:6800/3413344235,v1:172.21.15.33:6801/3413344235] conn(0x7f0080038700 msgr2=0x7f008003abc0 secure :-1 s=STATE_CONNECTION_ESTABLISHED l=1).mark_down
2024-05-08T21:11:38.006 INFO:teuthology.orchestra.run.smithi033.stdout:/usr/bin/ceph: stderr
2024-05-08T21:11:36.596+0000 7f009e333700 1 --2- 172.21.15.33:0/2272291788 >> [v2:172.21.15.33:6800/3413344235,v1:172.21.15.33:6801/3413344235] conn(0x7f0080038700 0x7f008003abc0 secure :-1 s=READY pgs=9 cs=0 l=1 rev1=1 crypto rx=0x7f008c006fd0 tx=0x7f008c006e40 comp rx=0 tx=0).stop
2024-05-08T21:11:38.006 INFO:teuthology.orchestra.run.smithi033.stdout:/usr/bin/ceph: stderr
