2024-05-08T21:11:47.014 INFO:teuthology.orchestra.run.smithi033.stdout:Enabling the dashboard module...
2024-05-08T21:11:47.708 INFO:journalctl@ceph.mon.a.smithi033.stdout:May 08 21:11:47 smithi033 ceph-mon[42528]: from='client.? 172.21.15.33:0/1306093645' entity='client.admin'
2024-05-08T21:11:48.709 INFO:journalctl@ceph.mon.a.smithi033.stdout:May 08 21:11:48 smithi033 ceph-mon[42528]: from='client.? 172.21.15.33:0/3558665047' entity='client.admin' cmd=[{"prefix": "mgr module enable", "module": "dashboard"}]: dispatch
2024-05-08T21:11:48.709 INFO:journalctl@ceph.mgr.x.smithi033.stdout:May 08 21:11:48 smithi033 ceph-53ae3a5a-0d7f-11ef-bc97-c7b262605968-mgr-x[42777]: ignoring --setuser ceph since I am not root
2024-05-08T21:11:48.709 INFO:journalctl@ceph.mgr.x.smithi033.stdout:May 08 21:11:48 smithi033 ceph-53ae3a5a-0d7f-11ef-bc97-c7b262605968-mgr-x[42777]: ignoring --setgroup ceph since I am not root
2024-05-08T21:11:48.768 INFO:teuthology.orchestra.run.smithi033.stdout:/usr/bin/ceph: stderr
2024-05-08T21:11:47.398+0000 7f8506725700 1 Processor -- start
2024-05-08T21:11:48.768 INFO:teuthology.orchestra.run.smithi033.stdout:/usr/bin/ceph: stderr
2024-05-08T21:11:47.398+0000 7f8506725700 1 -- start start
2024-05-08T21:11:48.768 INFO:teuthology.orchestra.run.smithi033.stdout:/usr/bin/ceph: stderr
2024-05-08T21:11:47.398+0000 7f8506725700 1 --2- >> [v2:172.21.15.33:3300/0,v1:172.21.15.33:6789/0] conn(0x7f850007beb0 0x7f850007a310 unknown :-1 s=NONE pgs=0 cs=0 l=0 rev1=0 crypto rx=0 tx=0 comp rx=0 tx=0).connect
2024-05-08T21:11:48.768 INFO:teuthology.orchestra.run.smithi033.stdout:/usr/bin/ceph: stderr
2024-05-08T21:11:47.398+0000 7f8506725700 1 -- --> [v2:172.21.15.33:3300/0,v1:172.21.15.33:6789/0] -- mon_getmap magic: 0 v1 -- 0x7f850007a8e0 con 0x7f850007beb0
2024-05-08T21:11:48.768 INFO:teuthology.orchestra.run.smithi033.stdout:/usr/bin/ceph: stderr
2024-05-08T21:11:47.398+0000 7f84fffff700 1 --2- >> [v2:172.21.15.33:3300/0,v1:172.21.15.33:6789/0] conn(0x7f850007beb0 0x7f850007a310 unknown :-1 s=BANNER_CONNECTING pgs=0 cs=0 l=0 rev1=0 crypto rx=0 tx=0 comp rx=0 tx=0)._handle_peer_banner_payload supported=3 required=0
2024-05-08T21:11:48.768 INFO:teuthology.orchestra.run.smithi033.stdout:/usr/bin/ceph: stderr
2024-05-08T21:11:47.398+0000 7f84fffff700 1 --2- >> [v2:172.21.15.33:3300/0,v1:172.21.15.33:6789/0] conn(0x7f850007beb0 0x7f850007a310 unknown :-1 s=HELLO_CONNECTING pgs=0 cs=0 l=0 rev1=1 crypto rx=0 tx=0 comp rx=0 tx=0).handle_hello peer v2:172.21.15.33:3300/0 says I am v2:172.21.15.33:44204/0 (socket says 172.21.15.33:44204)
2024-05-08T21:11:48.768 INFO:teuthology.orchestra.run.smithi033.stdout:/usr/bin/ceph: stderr
2024-05-08T21:11:47.398+0000 7f84fffff700 1 -- 172.21.15.33:0/1500699452 learned_addr learned my addr 172.21.15.33:0/1500699452 (peer_addr_for_me v2:172.21.15.33:0/0)
2024-05-08T21:11:48.768 INFO:teuthology.orchestra.run.smithi033.stdout:/usr/bin/ceph: stderr
2024-05-08T21:11:47.398+0000 7f84fffff700 1 -- 172.21.15.33:0/1500699452 --> [v2:172.21.15.33:3300/0,v1:172.21.15.33:6789/0] -- mon_subscribe({config=0+,monmap=0+}) v3 -- 0x7f850007aa20 con 0x7f850007beb0
2024-05-08T21:11:48.768 INFO:teuthology.orchestra.run.smithi033.stdout:/usr/bin/ceph: stderr
2024-05-08T21:11:47.399+0000 7f84fffff700 1 --2- 172.21.15.33:0/1500699452 >> [v2:172.21.15.33:3300/0,v1:172.21.15.33:6789/0] conn(0x7f850007beb0 0x7f850007a310 secure :-1 s=READY pgs=55 cs=0 l=1 rev1=1 crypto rx=0x7f84f00098a0 tx=0x7f84f0009bb0 comp rx=0 tx=0).ready entity=mon.0 client_cookie=53c72b7aa2d39d71 server_cookie=0 in_seq=0 out_seq=0
2024-05-08T21:11:48.768 INFO:teuthology.orchestra.run.smithi033.stdout:/usr/bin/ceph: stderr
2024-05-08T21:11:47.399+0000 7f84feffd700 1 -- 172.21.15.33:0/1500699452 <== mon.0 v2:172.21.15.33:3300/0 1 ==== mon_map magic: 0 v1 ==== 205+0+0 (secure 0 0 0) 0x7f84f0004160 con 0x7f850007beb0
2024-05-08T21:11:48.769 INFO:teuthology.orchestra.run.smithi033.stdout:/usr/bin/ceph: stderr
2024-05-08T21:11:47.399+0000 7f84feffd700 1 -- 172.21.15.33:0/1500699452 <== mon.0 v2:172.21.15.33:3300/0 2 ==== config(25 keys) v1 ==== 1067+0+0 (secure 0 0 0) 0x7f84f00042c0 con 0x7f850007beb0
2024-05-08T21:11:48.769 INFO:teuthology.orchestra.run.smithi033.stdout:/usr/bin/ceph: stderr
2024-05-08T21:11:47.399+0000 7f84feffd700 1 -- 172.21.15.33:0/1500699452 <== mon.0 v2:172.21.15.33:3300/0 3 ==== mon_map magic: 0 v1 ==== 205+0+0 (secure 0 0 0) 0x7f84f00118e0 con 0x7f850007beb0
2024-05-08T21:11:48.769 INFO:teuthology.orchestra.run.smithi033.stdout:/usr/bin/ceph: stderr
2024-05-08T21:11:47.399+0000 7f8506725700 1 -- 172.21.15.33:0/1500699452 >> [v2:172.21.15.33:3300/0,v1:172.21.15.33:6789/0] conn(0x7f850007beb0 msgr2=0x7f850007a310 secure :-1 s=STATE_CONNECTION_ESTABLISHED l=1).mark_down
2024-05-08T21:11:48.769 INFO:teuthology.orchestra.run.smithi033.stdout:/usr/bin/ceph: stderr
2024-05-08T21:11:47.399+0000 7f8506725700 1 --2- 172.21.15.33:0/1500699452 >> [v2:172.21.15.33:3300/0,v1:172.21.15.33:6789/0] conn(0x7f850007beb0 0x7f850007a310 secure :-1 s=READY pgs=55 cs=0 l=1 rev1=1 crypto rx=0x7f84f00098a0 tx=0x7f84f0009bb0 comp rx=0 tx=0).stop
2024-05-08T21:11:48.769 INFO:teuthology.orchestra.run.smithi033.stdout:/usr/bin/ceph: stderr
2024-05-08T21:11:47.400+0000 7f8506725700 1 -- 172.21.15.33:0/1500699452 shutdown_connections
2024-05-08T21:11:48.769 INFO:teuthology.orchestra.run.smithi033.stdout:/usr/bin/ceph: stderr
2024-05-08T21:11:47.400+0000 7f8506725700 1 --2- 172.21.15.33:0/1500699452 >> [v2:172.21.15.33:3300/0,v1:172.21.15.33:6789/0] conn(0x7f850007beb0 0x7f850007a310 unknown :-1 s=CLOSED pgs=55 cs=0 l=1 rev1=1 crypto rx=0 tx=0 comp rx=0 tx=0).stop
2024-05-08T21:11:48.769 INFO:teuthology.orchestra.run.smithi033.stdout:/usr/bin/ceph: stderr
2024-05-08T21:11:47.400+0000 7f8506725700 1 -- 172.21.15.33:0/1500699452 >> 172.21.15.33:0/1500699452 conn(0x7f8500101a60 msgr2=0x7f8500103ea0 unknown :-1 s=STATE_NONE l=0).mark_down
2024-05-08T21:11:48.769 INFO:teuthology.orchestra.run.smithi033.stdout:/usr/bin/ceph: stderr
2024-05-08T21:11:47.400+0000 7f8506725700 1 -- 172.21.15.33:0/1500699452 shutdown_connections
2024-05-08T21:11:48.769 INFO:teuthology.orchestra.run.smithi033.stdout:/usr/bin/ceph: stderr
2024-05-08T21:11:47.400+0000 7f8506725700 1 -- 172.21.15.33:0/1500699452 wait complete.
2024-05-08T21:11:48.769 INFO:teuthology.orchestra.run.smithi033.stdout:/usr/bin/ceph: stderr
2024-05-08T21:11:47.400+0000 7f8506725700 1 Processor -- start
2024-05-08T21:11:48.769 INFO:teuthology.orchestra.run.smithi033.stdout:/usr/bin/ceph: stderr
2024-05-08T21:11:47.400+0000 7f8506725700 1 -- start start
2024-05-08T21:11:48.769 INFO:teuthology.orchestra.run.smithi033.stdout:/usr/bin/ceph: stderr
2024-05-08T21:11:47.401+0000 7f8506725700 1 --2- >> [v2:172.21.15.33:3300/0,v1:172.21.15.33:6789/0] conn(0x7f850007beb0 0x7f850019c3b0 unknown :-1 s=NONE pgs=0 cs=0 l=1 rev1=0 crypto rx=0 tx=0 comp rx=0 tx=0).connect
2024-05-08T21:11:48.769 INFO:teuthology.orchestra.run.smithi033.stdout:/usr/bin/ceph: stderr
2024-05-08T21:11:47.401+0000 7f8506725700 1 -- --> [v2:172.21.15.33:3300/0,v1:172.21.15.33:6789/0] -- mon_getmap magic: 0 v1 -- 0x7f850019c8f0 con 0x7f850007beb0
2024-05-08T21:11:48.769 INFO:teuthology.orchestra.run.smithi033.stdout:/usr/bin/ceph: stderr
2024-05-08T21:11:47.401+0000 7f84fffff700 1 --2- >> [v2:172.21.15.33:3300/0,v1:172.21.15.33:6789/0] conn(0x7f850007beb0 0x7f850019c3b0 unknown :-1 s=BANNER_CONNECTING pgs=0 cs=0 l=1 rev1=0 crypto rx=0 tx=0 comp rx=0 tx=0)._handle_peer_banner_payload supported=3 required=0
2024-05-08T21:11:48.769 INFO:teuthology.orchestra.run.smithi033.stdout:/usr/bin/ceph: stderr
2024-05-08T21:11:47.401+0000 7f84fffff700 1 --2- >> [v2:172.21.15.33:3300/0,v1:172.21.15.33:6789/0] conn(0x7f850007beb0 0x7f850019c3b0 unknown :-1 s=HELLO_CONNECTING pgs=0 cs=0 l=1 rev1=1 crypto rx=0 tx=0 comp rx=0 tx=0).handle_hello peer v2:172.21.15.33:3300/0 says I am v2:172.21.15.33:44214/0 (socket says 172.21.15.33:44214)
2024-05-08T21:11:48.770 INFO:teuthology.orchestra.run.smithi033.stdout:/usr/bin/ceph: stderr
2024-05-08T21:11:47.401+0000 7f84fffff700 1 -- 172.21.15.33:0/3558665047 learned_addr learned my addr 172.21.15.33:0/3558665047 (peer_addr_for_me v2:172.21.15.33:0/0)
2024-05-08T21:11:48.770 INFO:teuthology.orchestra.run.smithi033.stdout:/usr/bin/ceph: stderr
2024-05-08T21:11:47.401+0000 7f84fffff700 1 -- 172.21.15.33:0/3558665047 --> [v2:172.21.15.33:3300/0,v1:172.21.15.33:6789/0] -- mon_subscribe({config=0+,monmap=0+}) v3 -- 0x7f84f0009550 con 0x7f850007beb0
2024-05-08T21:11:48.770 INFO:teuthology.orchestra.run.smithi033.stdout:/usr/bin/ceph: stderr
2024-05-08T21:11:47.401+0000 7f84fffff700 1 --2- 172.21.15.33:0/3558665047 >> [v2:172.21.15.33:3300/0,v1:172.21.15.33:6789/0] conn(0x7f850007beb0 0x7f850019c3b0 secure :-1 s=READY pgs=56 cs=0 l=1 rev1=1 crypto rx=0x7f84f0003f70 tx=0x7f84f00119a0 comp rx=0 tx=0).ready entity=mon.0 client_cookie=0 server_cookie=0 in_seq=0 out_seq=0
2024-05-08T21:11:48.770 INFO:teuthology.orchestra.run.smithi033.stdout:/usr/bin/ceph: stderr
2024-05-08T21:11:47.401+0000 7f84fd7fa700 1 -- 172.21.15.33:0/3558665047 <== mon.0 v2:172.21.15.33:3300/0 1 ==== mon_map magic: 0 v1 ==== 205+0+0 (secure 0 0 0) 0x7f84f00037d0 con 0x7f850007beb0
2024-05-08T21:11:48.770 INFO:teuthology.orchestra.run.smithi033.stdout:/usr/bin/ceph: stderr
2024-05-08T21:11:47.402+0000 7f84fd7fa700 1 -- 172.21.15.33:0/3558665047 <== mon.0 v2:172.21.15.33:3300/0 2 ==== config(25 keys) v1 ==== 1067+0+0 (secure 0 0 0) 0x7f84f001b440 con 0x7f850007beb0
2024-05-08T21:11:48.770 INFO:teuthology.orchestra.run.smithi033.stdout:/usr/bin/ceph: stderr
2024-05-08T21:11:47.402+0000 7f8506725700 1 -- 172.21.15.33:0/3558665047 --> [v2:172.21.15.33:3300/0,v1:172.21.15.33:6789/0] -- mon_subscribe({mgrmap=0+}) v3 -- 0x7f850019caf0 con 0x7f850007beb0
2024-05-08T21:11:48.770 INFO:teuthology.orchestra.run.smithi033.stdout:/usr/bin/ceph: stderr
2024-05-08T21:11:47.402+0000 7f84fd7fa700 1 -- 172.21.15.33:0/3558665047 <== mon.0 v2:172.21.15.33:3300/0 3 ==== mon_map magic: 0 v1 ==== 205+0+0 (secure 0 0 0) 0x7f84f00193d0 con 0x7f850007beb0
2024-05-08T21:11:48.770 INFO:teuthology.orchestra.run.smithi033.stdout:/usr/bin/ceph: stderr
2024-05-08T21:11:47.402+0000 7f8506725700 1 -- 172.21.15.33:0/3558665047 --> [v2:172.21.15.33:3300/0,v1:172.21.15.33:6789/0] -- mon_subscribe({osdmap=0}) v3 -- 0x7f850019cf90 con 0x7f850007beb0
2024-05-08T21:11:48.770 INFO:teuthology.orchestra.run.smithi033.stdout:/usr/bin/ceph: stderr
2024-05-08T21:11:47.402+0000 7f84fd7fa700 1 -- 172.21.15.33:0/3558665047 <== mon.0 v2:172.21.15.33:3300/0 4 ==== mgrmap(e 8) v1 ==== 45541+0+0 (secure 0 0 0) 0x7f84f0019610 con 0x7f850007beb0
2024-05-08T21:11:48.770 INFO:teuthology.orchestra.run.smithi033.stdout:/usr/bin/ceph: stderr
2024-05-08T21:11:47.403+0000 7f8506725700 1 -- 172.21.15.33:0/3558665047 --> [v2:172.21.15.33:3300/0,v1:172.21.15.33:6789/0] -- mon_command({"prefix": "get_command_descriptions"} v 0) v1 -- 0x7f850010c860 con 0x7f850007beb0
2024-05-08T21:11:48.770 INFO:teuthology.orchestra.run.smithi033.stdout:/usr/bin/ceph: stderr
2024-05-08T21:11:47.403+0000 7f84fd7fa700 1 --2- 172.21.15.33:0/3558665047 >> [v2:172.21.15.33:6800/3413344235,v1:172.21.15.33:6801/3413344235] conn(0x7f84e8038700 0x7f84e803abc0 unknown :-1 s=NONE pgs=0 cs=0 l=1 rev1=0 crypto rx=0 tx=0 comp rx=0 tx=0).connect
2024-05-08T21:11:48.770 INFO:teuthology.orchestra.run.smithi033.stdout:/usr/bin/ceph: stderr
2024-05-08T21:11:47.403+0000 7f84fd7fa700 1 -- 172.21.15.33:0/3558665047 <== mon.0 v2:172.21.15.33:3300/0 5 ==== osd_map(2..2 src has 1..2) v4 ==== 940+0+0 (secure 0 0 0) 0x7f84f004c720 con 0x7f850007beb0
2024-05-08T21:11:48.770 INFO:teuthology.orchestra.run.smithi033.stdout:/usr/bin/ceph: stderr
2024-05-08T21:11:47.403+0000 7f84ff7fe700 1 --2- 172.21.15.33:0/3558665047 >> [v2:172.21.15.33:6800/3413344235,v1:172.21.15.33:6801/3413344235] conn(0x7f84e8038700 0x7f84e803abc0 unknown :-1 s=BANNER_CONNECTING pgs=0 cs=0 l=1 rev1=0 crypto rx=0 tx=0 comp rx=0 tx=0)._handle_peer_banner_payload supported=3 required=0
2024-05-08T21:11:48.771 INFO:teuthology.orchestra.run.smithi033.stdout:/usr/bin/ceph: stderr
2024-05-08T21:11:47.403+0000 7f84ff7fe700 1 --2- 172.21.15.33:0/3558665047 >> [v2:172.21.15.33:6800/3413344235,v1:172.21.15.33:6801/3413344235] conn(0x7f84e8038700 0x7f84e803abc0 secure :-1 s=READY pgs=16 cs=0 l=1 rev1=1 crypto rx=0x7f84f4006fd0 tx=0x7f84f4006e40 comp rx=0 tx=0).ready entity=mgr.14120 client_cookie=0 server_cookie=0 in_seq=0 out_seq=0
2024-05-08T21:11:48.771 INFO:teuthology.orchestra.run.smithi033.stdout:/usr/bin/ceph: stderr
2024-05-08T21:11:47.408+0000 7f84fd7fa700 1 -- 172.21.15.33:0/3558665047 <== mon.0 v2:172.21.15.33:3300/0 6 ==== mon_command_ack([{"prefix": "get_command_descriptions"}]=0 v0) v1 ==== 72+0+183622 (secure 0 0 0) 0x7f84f0019e30 con 0x7f850007beb0
2024-05-08T21:11:48.771 INFO:teuthology.orchestra.run.smithi033.stdout:/usr/bin/ceph: stderr
2024-05-08T21:11:47.685+0000 7f8506725700 1 -- 172.21.15.33:0/3558665047 --> [v2:172.21.15.33:3300/0,v1:172.21.15.33:6789/0] -- mon_command({"prefix": "mgr module enable", "module": "dashboard"} v 0) v1 -- 0x7f850010caa0 con 0x7f850007beb0
2024-05-08T21:11:48.771 INFO:teuthology.orchestra.run.smithi033.stdout:/usr/bin/ceph: stderr
2024-05-08T21:11:48.330+0000 7f84fd7fa700 1 -- 172.21.15.33:0/3558665047 <== mon.0 v2:172.21.15.33:3300/0 7 ==== mgrmap(e 9) v1 ==== 45554+0+0 (secure 0 0 0) 0x7f84f001b860 con 0x7f850007beb0
2024-05-08T21:11:48.771 INFO:teuthology.orchestra.run.smithi033.stdout:/usr/bin/ceph: stderr
2024-05-08T21:11:48.331+0000 7f84fd7fa700 1 -- 172.21.15.33:0/3558665047 <== mon.0 v2:172.21.15.33:3300/0 8 ==== mon_command_ack([{"prefix": "mgr module enable", "module": "dashboard"}]=0 v9) v1 ==== 88+0+0 (secure 0 0 0) 0x7f84f002c510 con 0x7f850007beb0
2024-05-08T21:11:48.771 INFO:teuthology.orchestra.run.smithi033.stdout:/usr/bin/ceph: stderr
2024-05-08T21:11:48.334+0000 7f8506725700 1 -- 172.21.15.33:0/3558665047 >> [v2:172.21.15.33:6800/3413344235,v1:172.21.15.33:6801/3413344235] conn(0x7f84e8038700 msgr2=0x7f84e803abc0 secure :-1 s=STATE_CONNECTION_ESTABLISHED l=1).mark_down
2024-05-08T21:11:48.771 INFO:teuthology.orchestra.run.smithi033.stdout:/usr/bin/ceph: stderr
2024-05-08T21:11:48.334+0000 7f8506725700 1 --2- 172.21.15.33:0/3558665047 >> [v2:172.21.15.33:6800/3413344235,v1:172.21.15.33:6801/3413344235] conn(0x7f84e8038700 0x7f84e803abc0 secure :-1 s=READY pgs=16 cs=0 l=1 rev1=1 crypto rx=0x7f84f4006fd0 tx=0x7f84f4006e40 comp rx=0 tx=0).stop
2024-05-08T21:11:48.771 INFO:teuthology.orchestra.run.smithi033.stdout:/usr/bin/ceph: stderr
2024-05-08T21:11:48.334+0000 7f8506725700 1 -- 172.21.15.33:0/3558665047 >> [v2:172.21.15.33:3300/0,v1:172.21.15.33:6789/0] conn(0x7f850007beb0 msgr2=0x7f850019c3b0 secure :-1 s=STATE_CONNECTION_ESTABLISHED l=1).mark_down
2024-05-08T21:11:48.771 INFO:teuthology.orchestra.run.smithi033.stdout:/usr/bin/ceph: stderr
2024-05-08T21:11:48.334+0000 7f8506725700 1 --2- 172.21.15.33:0/3558665047 >> [v2:172.21.15.33:3300/0,v1:172.21.15.33:6789/0] conn(0x7f850007beb0 0x7f850019c3b0 secure :-1 s=READY pgs=56 cs=0 l=1 rev1=1 crypto rx=0x7f84f0003f70 tx=0x7f84f00119a0 comp rx=0 tx=0).stop
2024-05-08T21:11:48.771 INFO:teuthology.orchestra.run.smithi033.stdout:/usr/bin/ceph: stderr
2024-05-08T21:11:48.335+0000 7f8506725700 1 -- 172.21.15.33:0/3558665047 shutdown_connections
2024-05-08T21:11:48.771 INFO:teuthology.orchestra.run.smithi033.stdout:/usr/bin/ceph: stderr
2024-05-08T21:11:48.335+0000 7f8506725700 1 --2- 172.21.15.33:0/3558665047 >> [v2:172.21.15.33:6800/3413344235,v1:172.21.15.33:6801/3413344235] conn(0x7f84e8038700 0x7f84e803abc0 unknown :-1 s=CLOSED pgs=16 cs=0 l=1 rev1=1 crypto rx=0 tx=0 comp rx=0 tx=0).stop
2024-05-08T21:11:48.771 INFO:teuthology.orchestra.run.smithi033.stdout:/usr/bin/ceph: stderr
2024-05-08T21:11:48.335+0000 7f8506725700 1 --2- 172.21.15.33:0/3558665047 >> [v2:172.21.15.33:3300/0,v1:172.21.15.33:6789/0] conn(0x7f850007beb0 0x7f850019c3b0 unknown :-1 s=CLOSED pgs=56 cs=0 l=1 rev1=1 crypto rx=0 tx=0 comp rx=0 tx=0).stop
2024-05-08T21:11:48.771 INFO:teuthology.orchestra.run.smithi033.stdout:/usr/bin/ceph: stderr
2024-05-08T21:11:48.335+0000 7f8506725700 1 -- 172.21.15.33:0/3558665047 >> 172.21.15.33:0/3558665047 conn(0x7f8500101a60 msgr2=0x7f8500102610 unknown :-1 s=STATE_NONE l=0).mark_down
2024-05-08T21:11:48.771 INFO:teuthology.orchestra.run.smithi033.stdout:/usr/bin/ceph: stderr
2024-05-08T21:11:48.335+0000 7f8506725700 1 -- 172.21.15.33:0/3558665047 shutdown_connections
2024-05-08T21:11:48.772 INFO:teuthology.orchestra.run.smithi033.stdout:/usr/bin/ceph: stderr
2024-05-08T21:11:48.335+0000 7f8506725700 1 -- 172.21.15.33:0/3558665047 wait complete.
2024-05-08T21:11:49.052 INFO:journalctl@ceph.mgr.x.smithi033.stdout:May 08 21:11:48 smithi033 ceph-53ae3a5a-0d7f-11ef-bc97-c7b262605968-mgr-x[42777]:
2024-05-08T21:11:48.837+0000 7ff7b5e90200 -1 mgr[py] Module prometheus has missing NOTIFY_TYPES member
2024-05-08T21:11:49.052 INFO:journalctl@ceph.mgr.x.smithi033.stdout:May 08 21:11:48 smithi033 ceph-53ae3a5a-0d7f-11ef-bc97-c7b262605968-mgr-x[42777]:
2024-05-08T21:11:48.947+0000 7ff7b5e90200 -1 mgr[py] Module alerts has missing NOTIFY_TYPES member
2024-05-08T21:11:49.332 INFO:journalctl@ceph.mgr.x.smithi033.stdout:May 08 21:11:49 smithi033 ceph-53ae3a5a-0d7f-11ef-bc97-c7b262605968-mgr-x[42777]:
2024-05-08T21:11:49.048+0000 7ff7b5e90200 -1 mgr[py] Module osd_perf_query has missing NOTIFY_TYPES member
2024-05-08T21:11:49.332 INFO:journalctl@ceph.mgr.x.smithi033.stdout:May 08 21:11:49 smithi033 ceph-53ae3a5a-0d7f-11ef-bc97-c7b262605968-mgr-x[42777]:
2024-05-08T21:11:49.148+0000 7ff7b5e90200 -1 mgr[py] Module progress has missing NOTIFY_TYPES member
2024-05-08T21:11:49.594 INFO:journalctl@ceph.mon.a.smithi033.stdout:May 08 21:11:49 smithi033 ceph-mon[42528]: from='client.? 172.21.15.33:0/3558665047' entity='client.admin' cmd='[{"prefix": "mgr module enable", "module": "dashboard"}]': finished
2024-05-08T21:11:49.594 INFO:journalctl@ceph.mon.a.smithi033.stdout:May 08 21:11:49 smithi033 ceph-mon[42528]: mgrmap e9: x(active, since 16s)
2024-05-08T21:11:49.794 INFO:teuthology.orchestra.run.smithi033.stdout:/usr/bin/ceph: stdout {
2024-05-08T21:11:49.794 INFO:teuthology.orchestra.run.smithi033.stdout:/usr/bin/ceph: stdout "epoch": 9,
2024-05-08T21:11:49.794 INFO:teuthology.orchestra.run.smithi033.stdout:/usr/bin/ceph: stdout "available": true,
2024-05-08T21:11:49.794 INFO:teuthology.orchestra.run.smithi033.stdout:/usr/bin/ceph: stdout "active_name": "x",
2024-05-08T21:11:49.794 INFO:teuthology.orchestra.run.smithi033.stdout:/usr/bin/ceph: stdout "num_standby": 0
2024-05-08T21:11:49.794 INFO:teuthology.orchestra.run.smithi033.stdout:/usr/bin/ceph: stdout }
2024-05-08T21:11:49.794 INFO:teuthology.orchestra.run.smithi033.stdout:/usr/bin/ceph: stderr
2024-05-08T21:11:49.120+0000 7f7190854700 1 Processor -- start
2024-05-08T21:11:49.794 INFO:teuthology.orchestra.run.smithi033.stdout:/usr/bin/ceph: stderr
2024-05-08T21:11:49.120+0000 7f7190854700 1 -- start start
2024-05-08T21:11:49.794 INFO:teuthology.orchestra.run.smithi033.stdout:/usr/bin/ceph: stderr
2024-05-08T21:11:49.120+0000 7f7190854700 1 --2- >> [v2:172.21.15.33:3300/0,v1:172.21.15.33:6789/0] conn(0x7f718c106520 0x7f718c106940 unknown :-1 s=NONE pgs=0 cs=0 l=0 rev1=0 crypto rx=0 tx=0 comp rx=0 tx=0).connect
2024-05-08T21:11:49.794 INFO:teuthology.orchestra.run.smithi033.stdout:/usr/bin/ceph: stderr
2024-05-08T21:11:49.120+0000 7f7190854700 1 -- --> [v2:172.21.15.33:3300/0,v1:172.21.15.33:6789/0] -- mon_getmap magic: 0 v1 -- 0x7f718c106f10 con 0x7f718c106520
2024-05-08T21:11:49.794 INFO:teuthology.orchestra.run.smithi033.stdout:/usr/bin/ceph: stderr
2024-05-08T21:11:49.121+0000 7f718a59c700 1 --2- >> [v2:172.21.15.33:3300/0,v1:172.21.15.33:6789/0] conn(0x7f718c106520 0x7f718c106940 unknown :-1 s=BANNER_CONNECTING pgs=0 cs=0 l=0 rev1=0 crypto rx=0 tx=0 comp rx=0 tx=0)._handle_peer_banner_payload supported=3 required=0
2024-05-08T21:11:49.795 INFO:teuthology.orchestra.run.smithi033.stdout:/usr/bin/ceph: stderr
2024-05-08T21:11:49.121+0000 7f718a59c700 1 --2- >> [v2:172.21.15.33:3300/0,v1:172.21.15.33:6789/0] conn(0x7f718c106520 0x7f718c106940 unknown :-1 s=HELLO_CONNECTING pgs=0 cs=0 l=0 rev1=1 crypto rx=0 tx=0 comp rx=0 tx=0).handle_hello peer v2:172.21.15.33:3300/0 says I am v2:172.21.15.33:44234/0 (socket says 172.21.15.33:44234)
2024-05-08T21:11:49.795 INFO:teuthology.orchestra.run.smithi033.stdout:/usr/bin/ceph: stderr
2024-05-08T21:11:49.121+0000 7f718a59c700 1 -- 172.21.15.33:0/621819452 learned_addr learned my addr 172.21.15.33:0/621819452 (peer_addr_for_me v2:172.21.15.33:0/0)
2024-05-08T21:11:49.795 INFO:teuthology.orchestra.run.smithi033.stdout:/usr/bin/ceph: stderr
2024-05-08T21:11:49.121+0000 7f718a59c700 1 -- 172.21.15.33:0/621819452 --> [v2:172.21.15.33:3300/0,v1:172.21.15.33:6789/0] -- mon_subscribe({config=0+,monmap=0+}) v3 -- 0x7f718c107720 con 0x7f718c106520
2024-05-08T21:11:49.795 INFO:teuthology.orchestra.run.smithi033.stdout:/usr/bin/ceph: stderr
2024-05-08T21:11:49.121+0000 7f718a59c700 1 --2- 172.21.15.33:0/621819452 >> [v2:172.21.15.33:3300/0,v1:172.21.15.33:6789/0] conn(0x7f718c106520 0x7f718c106940 secure :-1 s=READY pgs=59 cs=0 l=1 rev1=1 crypto rx=0x7f717c0098a0 tx=0x7f717c009bb0 comp rx=0 tx=0).ready entity=mon.0 client_cookie=3438e851375594ed server_cookie=0 in_seq=0 out_seq=0
2024-05-08T21:11:49.795 INFO:teuthology.orchestra.run.smithi033.stdout:/usr/bin/ceph: stderr
2024-05-08T21:11:49.121+0000 7f718959a700 1 -- 172.21.15.33:0/621819452 <== mon.0 v2:172.21.15.33:3300/0 1 ==== mon_map magic: 0 v1 ==== 205+0+0 (secure 0 0 0) 0x7f717c004160 con 0x7f718c106520
2024-05-08T21:11:49.795 INFO:teuthology.orchestra.run.smithi033.stdout:/usr/bin/ceph: stderr
2024-05-08T21:11:49.122+0000 7f718959a700 1 -- 172.21.15.33:0/621819452 <== mon.0 v2:172.21.15.33:3300/0 2 ==== config(25 keys) v1 ==== 1067+0+0 (secure 0 0 0) 0x7f717c0042c0 con 0x7f718c106520
2024-05-08T21:11:49.795 INFO:teuthology.orchestra.run.smithi033.stdout:/usr/bin/ceph: stderr
2024-05-08T21:11:49.122+0000 7f718959a700 1 -- 172.21.15.33:0/621819452 <== mon.0 v2:172.21.15.33:3300/0 3 ==== mon_map magic: 0 v1 ==== 205+0+0 (secure 0 0 0) 0x7f717c0118e0 con 0x7f718c106520
2024-05-08T21:11:49.795 INFO:teuthology.orchestra.run.smithi033.stdout:/usr/bin/ceph: stderr
2024-05-08T21:11:49.122+0000 7f7190854700 1 -- 172.21.15.33:0/621819452 >> [v2:172.21.15.33:3300/0,v1:172.21.15.33:6789/0] conn(0x7f718c106520 msgr2=0x7f718c106940 secure :-1 s=STATE_CONNECTION_ESTABLISHED l=1).mark_down
2024-05-08T21:11:49.795 INFO:teuthology.orchestra.run.smithi033.stdout:/usr/bin/ceph: stderr
2024-05-08T21:11:49.122+0000 7f7190854700 1 --2- 172.21.15.33:0/621819452 >> [v2:172.21.15.33:3300/0,v1:172.21.15.33:6789/0] conn(0x7f718c106520 0x7f718c106940 secure :-1 s=READY pgs=59 cs=0 l=1 rev1=1 crypto rx=0x7f717c0098a0 tx=0x7f717c009bb0 comp rx=0 tx=0).stop
2024-05-08T21:11:49.795 INFO:teuthology.orchestra.run.smithi033.stdout:/usr/bin/ceph: stderr
2024-05-08T21:11:49.122+0000 7f7190854700 1 -- 172.21.15.33:0/621819452 shutdown_connections
2024-05-08T21:11:49.795 INFO:teuthology.orchestra.run.smithi033.stdout:/usr/bin/ceph: stderr
2024-05-08T21:11:49.122+0000 7f7190854700 1 --2- 172.21.15.33:0/621819452 >> [v2:172.21.15.33:3300/0,v1:172.21.15.33:6789/0] conn(0x7f718c106520 0x7f718c106940 unknown :-1 s=CLOSED pgs=59 cs=0 l=1 rev1=1 crypto rx=0 tx=0 comp rx=0 tx=0).stop
2024-05-08T21:11:49.795 INFO:teuthology.orchestra.run.smithi033.stdout:/usr/bin/ceph: stderr
2024-05-08T21:11:49.122+0000 7f7190854700 1 -- 172.21.15.33:0/621819452 >> 172.21.15.33:0/621819452 conn(0x7f718c101ae0 msgr2=0x7f718c103f00 unknown :-1 s=STATE_NONE l=0).mark_down
2024-05-08T21:11:49.795 INFO:teuthology.orchestra.run.smithi033.stdout:/usr/bin/ceph: stderr
2024-05-08T21:11:49.122+0000 7f7190854700 1 -- 172.21.15.33:0/621819452 shutdown_connections
2024-05-08T21:11:49.795 INFO:teuthology.orchestra.run.smithi033.stdout:/usr/bin/ceph: stderr
2024-05-08T21:11:49.122+0000 7f7190854700 1 -- 172.21.15.33:0/621819452 wait complete.
2024-05-08T21:11:49.795 INFO:teuthology.orchestra.run.smithi033.stdout:/usr/bin/ceph: stderr
2024-05-08T21:11:49.123+0000 7f7190854700 1 Processor -- start
2024-05-08T21:11:49.796 INFO:teuthology.orchestra.run.smithi033.stdout:/usr/bin/ceph: stderr
2024-05-08T21:11:49.124+0000 7f7190854700 1 -- start start
2024-05-08T21:11:49.796 INFO:teuthology.orchestra.run.smithi033.stdout:/usr/bin/ceph: stderr
2024-05-08T21:11:49.124+0000 7f7190854700 1 --2- >> [v2:172.21.15.33:3300/0,v1:172.21.15.33:6789/0] conn(0x7f718c106520 0x7f718c19a220 unknown :-1 s=NONE pgs=0 cs=0 l=1 rev1=0 crypto rx=0 tx=0 comp rx=0 tx=0).connect
2024-05-08T21:11:49.796 INFO:teuthology.orchestra.run.smithi033.stdout:/usr/bin/ceph: stderr
2024-05-08T21:11:49.124+0000 7f7190854700 1 -- --> [v2:172.21.15.33:3300/0,v1:172.21.15.33:6789/0] -- mon_getmap magic: 0 v1 -- 0x7f718c19a760 con 0x7f718c106520
2024-05-08T21:11:49.796 INFO:teuthology.orchestra.run.smithi033.stdout:/usr/bin/ceph: stderr
2024-05-08T21:11:49.124+0000 7f718a59c700 1 --2- >> [v2:172.21.15.33:3300/0,v1:172.21.15.33:6789/0] conn(0x7f718c106520 0x7f718c19a220 unknown :-1 s=BANNER_CONNECTING pgs=0 cs=0 l=1 rev1=0 crypto rx=0 tx=0 comp rx=0 tx=0)._handle_peer_banner_payload supported=3 required=0
2024-05-08T21:11:49.796 INFO:teuthology.orchestra.run.smithi033.stdout:/usr/bin/ceph: stderr
2024-05-08T21:11:49.124+0000 7f718a59c700 1 --2- >> [v2:172.21.15.33:3300/0,v1:172.21.15.33:6789/0] conn(0x7f718c106520 0x7f718c19a220 unknown :-1 s=HELLO_CONNECTING pgs=0 cs=0 l=1 rev1=1 crypto rx=0 tx=0 comp rx=0 tx=0).handle_hello peer v2:172.21.15.33:3300/0 says I am v2:172.21.15.33:44240/0 (socket says 172.21.15.33:44240)
2024-05-08T21:11:49.796 INFO:teuthology.orchestra.run.smithi033.stdout:/usr/bin/ceph: stderr
2024-05-08T21:11:49.124+0000 7f718a59c700 1 -- 172.21.15.33:0/1759961155 learned_addr learned my addr 172.21.15.33:0/1759961155 (peer_addr_for_me v2:172.21.15.33:0/0)
2024-05-08T21:11:49.796 INFO:teuthology.orchestra.run.smithi033.stdout:/usr/bin/ceph: stderr
2024-05-08T21:11:49.124+0000 7f718a59c700 1 -- 172.21.15.33:0/1759961155 --> [v2:172.21.15.33:3300/0,v1:172.21.15.33:6789/0] -- mon_subscribe({config=0+,monmap=0+}) v3 -- 0x7f717c009550 con 0x7f718c106520
2024-05-08T21:11:49.796 INFO:teuthology.orchestra.run.smithi033.stdout:/usr/bin/ceph: stderr
2024-05-08T21:11:49.124+0000 7f718a59c700 1 --2- 172.21.15.33:0/1759961155 >> [v2:172.21.15.33:3300/0,v1:172.21.15.33:6789/0] conn(0x7f718c106520 0x7f718c19a220 secure :-1 s=READY pgs=60 cs=0 l=1 rev1=1 crypto rx=0x7f717c003e30 tx=0x7f717c011e80 comp rx=0 tx=0).ready entity=mon.0 client_cookie=0 server_cookie=0 in_seq=0 out_seq=0
2024-05-08T21:11:49.796 INFO:teuthology.orchestra.run.smithi033.stdout:/usr/bin/ceph: stderr
2024-05-08T21:11:49.125+0000 7f717b7fe700 1 -- 172.21.15.33:0/1759961155 <== mon.0 v2:172.21.15.33:3300/0 1 ==== mon_map magic: 0 v1 ==== 205+0+0 (secure 0 0 0) 0x7f717c0036a0 con 0x7f718c106520
2024-05-08T21:11:49.796 INFO:teuthology.orchestra.run.smithi033.stdout:/usr/bin/ceph: stderr
2024-05-08T21:11:49.125+0000 7f7190854700 1 -- 172.21.15.33:0/1759961155 --> [v2:172.21.15.33:3300/0,v1:172.21.15.33:6789/0] -- mon_subscribe({mgrmap=0+}) v3 -- 0x7f718c19a960 con 0x7f718c106520
2024-05-08T21:11:49.796 INFO:teuthology.orchestra.run.smithi033.stdout:/usr/bin/ceph: stderr
2024-05-08T21:11:49.125+0000 7f717b7fe700 1 -- 172.21.15.33:0/1759961155 <== mon.0 v2:172.21.15.33:3300/0 2 ==== config(25 keys) v1 ==== 1067+0+0 (secure 0 0 0) 0x7f717c01b440 con 0x7f718c106520
2024-05-08T21:11:49.796 INFO:teuthology.orchestra.run.smithi033.stdout:/usr/bin/ceph: stderr
2024-05-08T21:11:49.125+0000 7f717b7fe700 1 -- 172.21.15.33:0/1759961155 <== mon.0 v2:172.21.15.33:3300/0 3 ==== mon_map magic: 0 v1 ==== 205+0+0 (secure 0 0 0) 0x7f717c0193d0 con 0x7f718c106520
2024-05-08T21:11:49.796 INFO:teuthology.orchestra.run.smithi033.stdout:/usr/bin/ceph: stderr
2024-05-08T21:11:49.125+0000 7f7190854700 1 -- 172.21.15.33:0/1759961155 --> [v2:172.21.15.33:3300/0,v1:172.21.15.33:6789/0] -- mon_subscribe({osdmap=0}) v3 -- 0x7f718c19ae00 con 0x7f718c106520
2024-05-08T21:11:49.797 INFO:teuthology.orchestra.run.smithi033.stdout:/usr/bin/ceph: stderr
2024-05-08T21:11:49.126+0000 7f7190854700 1 -- 172.21.15.33:0/1759961155 --> [v2:172.21.15.33:3300/0,v1:172.21.15.33:6789/0] -- mon_command({"prefix": "get_command_descriptions"} v 0) v1 -- 0x7f718c10a950 con 0x7f718c106520
2024-05-08T21:11:49.797 INFO:teuthology.orchestra.run.smithi033.stdout:/usr/bin/ceph: stderr
2024-05-08T21:11:49.126+0000 7f717b7fe700 1 -- 172.21.15.33:0/1759961155 <== mon.0 v2:172.21.15.33:3300/0 4 ==== mgrmap(e 9) v1 ==== 45554+0+0 (secure 0 0 0) 0x7f717c019690 con 0x7f718c106520
2024-05-08T21:11:49.797 INFO:teuthology.orchestra.run.smithi033.stdout:/usr/bin/ceph: stderr
2024-05-08T21:11:49.126+0000 7f717b7fe700 1 --2- 172.21.15.33:0/1759961155 >> [v2:172.21.15.33:6800/3413344235,v1:172.21.15.33:6801/3413344235] conn(0x7f7174038700 0x7f717403abc0 unknown :-1 s=NONE pgs=0 cs=0 l=1 rev1=0 crypto rx=0 tx=0 comp rx=0 tx=0).connect
2024-05-08T21:11:49.797 INFO:teuthology.orchestra.run.smithi033.stdout:/usr/bin/ceph: stderr
2024-05-08T21:11:49.126+0000 7f717b7fe700 1 -- 172.21.15.33:0/1759961155 <== mon.0 v2:172.21.15.33:3300/0 5 ==== osd_map(2..2 src has 1..2) v4 ==== 940+0+0 (secure 0 0 0) 0x7f717c04c580 con 0x7f718c106520
2024-05-08T21:11:49.797 INFO:teuthology.orchestra.run.smithi033.stdout:/usr/bin/ceph: stderr
2024-05-08T21:11:49.126+0000 7f7189d9b700 1 -- 172.21.15.33:0/1759961155 >> [v2:172.21.15.33:6800/3413344235,v1:172.21.15.33:6801/3413344235] conn(0x7f7174038700 msgr2=0x7f717403abc0 unknown :-1 s=STATE_CONNECTING_RE l=1).process reconnect failed to v2:172.21.15.33:6800/3413344235
2024-05-08T21:11:49.797 INFO:teuthology.orchestra.run.smithi033.stdout:/usr/bin/ceph: stderr
2024-05-08T21:11:49.126+0000 7f7189d9b700 1 --2- 172.21.15.33:0/1759961155 >> [v2:172.21.15.33:6800/3413344235,v1:172.21.15.33:6801/3413344235] conn(0x7f7174038700 0x7f717403abc0 unknown :-1 s=START_CONNECT pgs=0 cs=0 l=1 rev1=0 crypto rx=0 tx=0 comp rx=0 tx=0)._fault waiting 0.200000
2024-05-08T21:11:49.797 INFO:teuthology.orchestra.run.smithi033.stdout:/usr/bin/ceph: stderr
2024-05-08T21:11:49.131+0000 7f717b7fe700 1 -- 172.21.15.33:0/1759961155 <== mon.0 v2:172.21.15.33:3300/0 6 ==== mon_command_ack([{"prefix": "get_command_descriptions"}]=0 v0) v1 ==== 72+0+183622 (secure 0 0 0) 0x7f717c018db0 con 0x7f718c106520
2024-05-08T21:11:49.797 INFO:teuthology.orchestra.run.smithi033.stdout:/usr/bin/ceph: stderr
2024-05-08T21:11:49.327+0000 7f7189d9b700 1 -- 172.21.15.33:0/1759961155 >> [v2:172.21.15.33:6800/3413344235,v1:172.21.15.33:6801/3413344235] conn(0x7f7174038700 msgr2=0x7f717403abc0 unknown :-1 s=STATE_CONNECTING_RE l=1).process reconnect failed to v2:172.21.15.33:6800/3413344235
2024-05-08T21:11:49.797 INFO:teuthology.orchestra.run.smithi033.stdout:/usr/bin/ceph: stderr
2024-05-08T21:11:49.327+0000 7f7189d9b700 1 --2- 172.21.15.33:0/1759961155 >> [v2:172.21.15.33:6800/3413344235,v1:172.21.15.33:6801/3413344235] conn(0x7f7174038700 0x7f717403abc0 unknown :-1 s=START_CONNECT pgs=0 cs=0 l=1 rev1=0 crypto rx=0 tx=0 comp rx=0 tx=0)._fault waiting 0.400000
2024-05-08T21:11:49.797 INFO:teuthology.orchestra.run.smithi033.stdout:/usr/bin/ceph: stderr
2024-05-08T21:11:49.407+0000 7f7190854700 1 -- 172.21.15.33:0/1759961155 --> [v2:172.21.15.33:3300/0,v1:172.21.15.33:6789/0] -- mon_command({"prefix": "mgr stat"} v 0) v1 -- 0x7f718c19d690 con 0x7f718c106520
2024-05-08T21:11:49.797 INFO:teuthology.orchestra.run.smithi033.stdout:/usr/bin/ceph: stderr
2024-05-08T21:11:49.408+0000 7f717b7fe700 1 -- 172.21.15.33:0/1759961155 <== mon.0 v2:172.21.15.33:3300/0 7 ==== mon_command_ack([{"prefix": "mgr stat"}]=0 v9) v1 ==== 56+0+88 (secure 0 0 0) 0x7f717c045e60 con 0x7f718c106520
2024-05-08T21:11:49.797 INFO:teuthology.orchestra.run.smithi033.stdout:/usr/bin/ceph: stderr
2024-05-08T21:11:49.410+0000 7f7190854700 1 -- 172.21.15.33:0/1759961155 >> [v2:172.21.15.33:6800/3413344235,v1:172.21.15.33:6801/3413344235] conn(0x7f7174038700 msgr2=0x7f717403abc0 unknown :-1 s=STATE_CONNECTING l=1).mark_down
2024-05-08T21:11:49.797 INFO:teuthology.orchestra.run.smithi033.stdout:/usr/bin/ceph: stderr
2024-05-08T21:11:49.410+0000 7f7190854700 1 --2- 172.21.15.33:0/1759961155 >> [v2:172.21.15.33:6800/3413344235,v1:172.21.15.33:6801/3413344235] conn(0x7f7174038700 0x7f717403abc0 unknown :-1 s=START_CONNECT pgs=0 cs=0 l=1 rev1=0 crypto rx=0 tx=0 comp rx=0 tx=0).stop
2024-05-08T21:11:49.797 INFO:teuthology.orchestra.run.smithi033.stdout:/usr/bin/ceph: stderr
2024-05-08T21:11:49.410+0000 7f7190854700 1 -- 172.21.15.33:0/1759961155 >> [v2:172.21.15.33:3300/0,v1:172.21.15.33:6789/0] conn(0x7f718c106520 msgr2=0x7f718c19a220 secure :-1 s=STATE_CONNECTION_ESTABLISHED l=1).mark_down
2024-05-08T21:11:49.797 INFO:teuthology.orchestra.run.smithi033.stdout:/usr/bin/ceph: stderr
2024-05-08T21:11:49.410+0000 7f7190854700 1 --2- 172.21.15.33:0/1759961155 >> [v2:172.21.15.33:3300/0,v1:172.21.15.33:6789/0] conn(0x7f718c106520 0x7f718c19a220 secure :-1 s=READY pgs=60 cs=0 l=1 rev1=1 crypto rx=0x7f717c003e30 tx=0x7f717c011e80 comp rx=0 tx=0).stop
2024-05-08T21:11:49.798 INFO:teuthology.orchestra.run.smithi033.stdout:/usr/bin/ceph: stderr
2024-05-08T21:11:49.410+0000 7f7190854700 1 -- 172.21.15.33:0/1759961155 shutdown_connections
2024-05-08T21:11:49.798 INFO:teuthology.orchestra.run.smithi033.stdout:/usr/bin/ceph: stderr
2024-05-08T21:11:49.410+0000 7f7190854700 1 --2- 172.21.15.33:0/1759961155 >> [v2:172.21.15.33:6800/3413344235,v1:172.21.15.33:6801/3413344235] conn(0x7f7174038700 0x7f717403abc0 unknown :-1 s=CLOSED pgs=0 cs=0 l=1 rev1=0 crypto rx=0 tx=0 comp rx=0 tx=0).stop
2024-05-08T21:11:49.798 INFO:teuthology.orchestra.run.smithi033.stdout:/usr/bin/ceph: stderr
2024-05-08T21:11:49.410+0000 7f7190854700 1 --2- 172.21.15.33:0/1759961155 >> [v2:172.21.15.33:3300/0,v1:172.21.15.33:6789/0] conn(0x7f718c106520 0x7f718c19a220 unknown :-1 s=CLOSED pgs=60 cs=0 l=1 rev1=1 crypto rx=0 tx=0 comp rx=0 tx=0).stop
2024-05-08T21:11:49.798 INFO:teuthology.orchestra.run.smithi033.stdout:/usr/bin/ceph: stderr
2024-05-08T21:11:49.410+0000 7f7190854700 1 -- 172.21.15.33:0/1759961155 >> 172.21.15.33:0/1759961155 conn(0x7f718c101ae0 msgr2=0x7f718c102670 unknown :-1 s=STATE_NONE l=0).mark_down
2024-05-08T21:11:49.798 INFO:teuthology.orchestra.run.smithi033.stdout:/usr/bin/ceph: stderr
2024-05-08T21:11:49.410+0000 7f7190854700 1 -- 172.21.15.33:0/1759961155 shutdown_connections
2024-05-08T21:11:49.798 INFO:teuthology.orchestra.run.smithi033.stdout:/usr/bin/ceph: stderr
2024-05-08T21:11:49.410+0000 7f7190854700 1 -- 172.21.15.33:0/1759961155 wait complete.
2024-05-08T21:11:49.798 INFO:teuthology.orchestra.run.smithi033.stdout:Waiting for the mgr to restart...
2024-05-08T21:11:49.798 INFO:teuthology.orchestra.run.smithi033.stdout:Waiting for mgr epoch 9...
2024-05-08T21:11:50.206 INFO:journalctl@ceph.mgr.x.smithi033.stdout:May 08 21:11:49 smithi033 ceph-53ae3a5a-0d7f-11ef-bc97-c7b262605968-mgr-x[42777]:
2024-05-08T21:11:49.893+0000 7ff7b5e90200 -1 mgr[py] Module orchestrator has missing NOTIFY_TYPES member
2024-05-08T21:11:50.458 INFO:journalctl@ceph.mon.a.smithi033.stdout:May 08 21:11:50 smithi033 ceph-mon[42528]: from='client.? 172.21.15.33:0/1759961155' entity='client.admin' cmd=[{"prefix": "mgr stat"}]: dispatch
2024-05-08T21:11:50.458 INFO:journalctl@ceph.mgr.x.smithi033.stdout:May 08 21:11:50 smithi033 ceph-53ae3a5a-0d7f-11ef-bc97-c7b262605968-mgr-x[42777]:
2024-05-08T21:11:50.202+0000 7ff7b5e90200 -1 mgr[py] Module nfs has missing NOTIFY_TYPES member
2024-05-08T21:11:50.458 INFO:journalctl@ceph.mgr.x.smithi033.stdout:May 08 21:11:50 smithi033 ceph-53ae3a5a-0d7f-11ef-bc97-c7b262605968-mgr-x[42777]:
2024-05-08T21:11:50.299+0000 7ff7b5e90200 -1 mgr[py] Module zabbix has missing NOTIFY_TYPES member
2024-05-08T21:11:50.458 INFO:journalctl@ceph.mgr.x.smithi033.stdout:May 08 21:11:50 smithi033 ceph-53ae3a5a-0d7f-11ef-bc97-c7b262605968-mgr-x[42777]:
2024-05-08T21:11:50.425+0000 7ff7b5e90200 -1 mgr[py] Module rbd_support has missing NOTIFY_TYPES member
2024-05-08T21:11:50.958 INFO:journalctl@ceph.mgr.x.smithi033.stdout:May 08 21:11:50 smithi033 ceph-53ae3a5a-0d7f-11ef-bc97-c7b262605968-mgr-x[42777]:
2024-05-08T21:11:50.606+0000 7ff7b5e90200 -1 mgr[py] Module status has missing NOTIFY_TYPES member
2024-05-08T21:11:50.958 INFO:journalctl@ceph.mgr.x.smithi033.stdout:May 08 21:11:50 smithi033 ceph-53ae3a5a-0d7f-11ef-bc97-c7b262605968-mgr-x[42777]:
2024-05-08T21:11:50.751+0000 7ff7b5e90200 -1 mgr[py] Module diskprediction_local has missing NOTIFY_TYPES member
2024-05-08T21:11:50.958 INFO:journalctl@ceph.mgr.x.smithi033.stdout:May 08 21:11:50 smithi033 ceph-53ae3a5a-0d7f-11ef-bc97-c7b262605968-mgr-x[42777]:
2024-05-08T21:11:50.848+0000 7ff7b5e90200 -1 mgr[py] Module telegraf has missing NOTIFY_TYPES member
2024-05-08T21:11:51.708 INFO:journalctl@ceph.mgr.x.smithi033.stdout:May 08 21:11:51 smithi033 ceph-53ae3a5a-0d7f-11ef-bc97-c7b262605968-mgr-x[42777]:
2024-05-08T21:11:51.270+0000 7ff7b5e90200 -1 mgr[py] Module influx has missing NOTIFY_TYPES member
2024-05-08T21:11:52.040 INFO:journalctl@ceph.mgr.x.smithi033.stdout:May 08 21:11:51 smithi033 ceph-53ae3a5a-0d7f-11ef-bc97-c7b262605968-mgr-x[42777]:
2024-05-08T21:11:51.713+0000 7ff7b5e90200 -1 mgr[py] Module pg_autoscaler has missing NOTIFY_TYPES member
2024-05-08T21:11:52.040 INFO:journalctl@ceph.mgr.x.smithi033.stdout:May 08 21:11:51 smithi033 ceph-53ae3a5a-0d7f-11ef-bc97-c7b262605968-mgr-x[42777]:
2024-05-08T21:11:51.932+0000 7ff7b5e90200 -1 mgr[py] Module rgw has missing NOTIFY_TYPES member
2024-05-08T21:11:52.458 INFO:journalctl@ceph.mgr.x.smithi033.stdout:May 08 21:11:52 smithi033 ceph-53ae3a5a-0d7f-11ef-bc97-c7b262605968-mgr-x[42777]:
2024-05-08T21:11:52.037+0000 7ff7b5e90200 -1 mgr[py] Module balancer has missing NOTIFY_TYPES member
2024-05-08T21:11:53.189 INFO:journalctl@ceph.mgr.x.smithi033.stdout:May 08 21:11:52 smithi033 ceph-53ae3a5a-0d7f-11ef-bc97-c7b262605968-mgr-x[42777]:
2024-05-08T21:11:52.908+0000 7ff7b5e90200 -1 mgr[py] Module iostat has missing NOTIFY_TYPES member
2024-05-08T21:11:53.189 INFO:journalctl@ceph.mgr.x.smithi033.stdout:May 08 21:11:53 smithi033 ceph-53ae3a5a-0d7f-11ef-bc97-c7b262605968-mgr-x[42777]:
2024-05-08T21:11:53.017+0000 7ff7b5e90200 -1 mgr[py] Module snap_schedule has missing NOTIFY_TYPES member
2024-05-08T21:11:53.458 INFO:journalctl@ceph.mgr.x.smithi033.stdout:May 08 21:11:53 smithi033 ceph-53ae3a5a-0d7f-11ef-bc97-c7b262605968-mgr-x[42777]:
2024-05-08T21:11:53.185+0000 7ff7b5e90200 -1 mgr[py] Module telemetry has missing NOTIFY_TYPES member
2024-05-08T21:11:54.208 INFO:journalctl@ceph.mgr.x.smithi033.stdout:May 08 21:11:53 smithi033 ceph-53ae3a5a-0d7f-11ef-bc97-c7b262605968-mgr-x[42777]:
2024-05-08T21:11:53.907+0000 7ff7b5e90200 -1 mgr[py] Module rook has missing NOTIFY_TYPES member
2024-05-08T21:11:54.208 INFO:journalctl@ceph.mgr.x.smithi033.stdout:May 08 21:11:54 smithi033 ceph-53ae3a5a-0d7f-11ef-bc97-c7b262605968-mgr-x[42777]:
2024-05-08T21:11:54.113+0000 7ff7b5e90200 -1 mgr[py] Module selftest has missing NOTIFY_TYPES member
2024-05-08T21:11:54.708 INFO:journalctl@ceph.mgr.x.smithi033.stdout:May 08 21:11:54 smithi033 ceph-53ae3a5a-0d7f-11ef-bc97-c7b262605968-mgr-x[42777]:
2024-05-08T21:11:54.333+0000 7ff7b5e90200 -1 mgr[py] Module devicehealth has missing NOTIFY_TYPES member
2024-05-08T21:11:55.708 INFO:journalctl@ceph.mgr.x.smithi033.stdout:May 08 21:11:55 smithi033 ceph-53ae3a5a-0d7f-11ef-bc97-c7b262605968-mgr-x[42777]:
2024-05-08T21:11:55.393+0000 7ff7b5e90200 -1 mgr[py] Module volumes has missing NOTIFY_TYPES member
2024-05-08T21:11:56.036 INFO:journalctl@ceph.mgr.x.smithi033.stdout:May 08 21:11:55 smithi033 ceph-53ae3a5a-0d7f-11ef-bc97-c7b262605968-mgr-x[42777]:
2024-05-08T21:11:55.716+0000 7ff7b5e90200 -1 mgr[py] Module test_orchestrator has missing NOTIFY_TYPES member
2024-05-08T21:11:56.036 INFO:journalctl@ceph.mgr.x.smithi033.stdout:May 08 21:11:55 smithi033 ceph-53ae3a5a-0d7f-11ef-bc97-c7b262605968-mgr-x[42777]:
2024-05-08T21:11:55.816+0000 7ff7b5e90200 -1 mgr[py] Module osd_support has missing NOTIFY_TYPES member
2024-05-08T21:11:56.458 INFO:journalctl@ceph.mgr.x.smithi033.stdout:May 08 21:11:56 smithi033 ceph-53ae3a5a-0d7f-11ef-bc97-c7b262605968-mgr-x[42777]:
2024-05-08T21:11:56.033+0000 7ff7b5e90200 -1 mgr[py] Module crash has missing NOTIFY_TYPES member
2024-05-08T21:11:56.459 INFO:journalctl@ceph.mon.a.smithi033.stdout:May 08 21:11:56 smithi033 ceph-mon[42528]: Active manager daemon x restarted
2024-05-08T21:11:56.459 INFO:journalctl@ceph.mon.a.smithi033.stdout:May 08 21:11:56 smithi033 ceph-mon[42528]: Activating manager daemon x
2024-05-08T21:11:56.459 INFO:journalctl@ceph.mon.a.smithi033.stdout:May 08 21:11:56 smithi033 ceph-mon[42528]: osdmap e3: 0 total, 0 up, 0 in
2024-05-08T21:11:56.459 INFO:journalctl@ceph.mon.a.smithi033.stdout:May 08 21:11:56 smithi033 ceph-mon[42528]: mgrmap e10: x(active, starting, since 0.00359965s)
2024-05-08T21:11:56.459 INFO:journalctl@ceph.mon.a.smithi033.stdout:May 08 21:11:56 smithi033 ceph-mon[42528]: from='mgr.14152 172.21.15.33:0/3866876127' entity='mgr.x' cmd=[{"prefix": "mon metadata", "id": "a"}]: dispatch
2024-05-08T21:11:56.459 INFO:journalctl@ceph.mon.a.smithi033.stdout:May 08 21:11:56 smithi033 ceph-mon[42528]: from='mgr.14152 172.21.15.33:0/3866876127' entity='mgr.x' cmd=[{"prefix": "mgr metadata", "who": "x", "id": "x"}]: dispatch
2024-05-08T21:11:56.459 INFO:journalctl@ceph.mon.a.smithi033.stdout:May 08 21:11:56 smithi033 ceph-mon[42528]: from='mgr.14152 172.21.15.33:0/3866876127' entity='mgr.x' cmd=[{"prefix": "mds metadata"}]: dispatch
2024-05-08T21:11:56.459 INFO:journalctl@ceph.mon.a.smithi033.stdout:May 08 21:11:56 smithi033 ceph-mon[42528]: from='mgr.14152 172.21.15.33:0/3866876127' entity='mgr.x' cmd=[{"prefix": "osd metadata"}]: dispatch
2024-05-08T21:11:56.459 INFO:journalctl@ceph.mon.a.smithi033.stdout:May 08 21:11:56 smithi033 ceph-mon[42528]: from='mgr.14152 172.21.15.33:0/3866876127' entity='mgr.x' cmd=[{"prefix": "mon metadata"}]: dispatch
2024-05-08T21:11:56.459 INFO:journalctl@ceph.mon.a.smithi033.stdout:May 08 21:11:56 smithi033 ceph-mon[42528]: Manager daemon x is now available
2024-05-08T21:11:56.459 INFO:journalctl@ceph.mon.a.smithi033.stdout:May 08 21:11:56 smithi033 ceph-mon[42528]: from='mgr.14152 172.21.15.33:0/3866876127' entity='mgr.x' cmd=[{"prefix": "config dump", "format": "json"}]: dispatch
2024-05-08T21:11:57.347 INFO:journalctl@ceph.mon.a.smithi033.stdout:May 08 21:11:57 smithi033 ceph-mon[42528]: from='mgr.14152 172.21.15.33:0/3866876127' entity='mgr.x' cmd=[{"prefix":"config rm","who":"mgr","name":"mgr/rbd_support/x/mirror_snapshot_schedule"}]: dispatch
2024-05-08T21:11:57.347 INFO:journalctl@ceph.mon.a.smithi033.stdout:May 08 21:11:57 smithi033 ceph-mon[42528]: from='mgr.14152 172.21.15.33:0/3866876127' entity='mgr.x' cmd=[{"prefix":"config rm","who":"mgr","name":"mgr/rbd_support/x/trash_purge_schedule"}]: dispatch
2024-05-08T21:11:57.348 INFO:journalctl@ceph.mon.a.smithi033.stdout:May 08 21:11:57 smithi033 ceph-mon[42528]: from='mgr.14152 172.21.15.33:0/3866876127' entity='mgr.x'
2024-05-08T21:11:57.348 INFO:journalctl@ceph.mon.a.smithi033.stdout:May 08 21:11:57 smithi033 ceph-mon[42528]: mgrmap e11: x(active, since 1.00866s)
2024-05-08T21:11:57.424 INFO:teuthology.orchestra.run.smithi033.stdout:/usr/bin/ceph: stdout {
2024-05-08T21:11:57.424 INFO:teuthology.orchestra.run.smithi033.stdout:/usr/bin/ceph: stdout "mgrmap_epoch": 11,
2024-05-08T21:11:57.424 INFO:teuthology.orchestra.run.smithi033.stdout:/usr/bin/ceph: stdout "initialized": true
2024-05-08T21:11:57.424 INFO:teuthology.orchestra.run.smithi033.stdout:/usr/bin/ceph: stdout }
2024-05-08T21:11:57.424 INFO:teuthology.orchestra.run.smithi033.stdout:/usr/bin/ceph: stderr
2024-05-08T21:11:50.163+0000 7fc39642a700 1 Processor -- start
2024-05-08T21:11:57.424 INFO:teuthology.orchestra.run.smithi033.stdout:/usr/bin/ceph: stderr
2024-05-08T21:11:50.163+0000 7fc39642a700 1 -- start start
2024-05-08T21:11:57.424 INFO:teuthology.orchestra.run.smithi033.stdout:/usr/bin/ceph: stderr
2024-05-08T21:11:50.163+0000 7fc39642a700 1 --2- >> [v2:172.21.15.33:3300/0,v1:172.21.15.33:6789/0] conn(0x7fc3901064c0 0x7fc3901068e0 unknown :-1 s=NONE pgs=0 cs=0 l=0 rev1=0 crypto rx=0 tx=0 comp rx=0 tx=0).connect
2024-05-08T21:11:57.424 INFO:teuthology.orchestra.run.smithi033.stdout:/usr/bin/ceph: stderr
2024-05-08T21:11:50.163+0000 7fc39642a700 1 -- --> [v2:172.21.15.33:3300/0,v1:172.21.15.33:6789/0] -- mon_getmap magic: 0 v1 -- 0x7fc390106eb0 con 0x7fc3901064c0
2024-05-08T21:11:57.425 INFO:teuthology.orchestra.run.smithi033.stdout:/usr/bin/ceph: stderr
2024-05-08T21:11:50.164+0000 7fc38ffff700 1 --2- >> [v2:172.21.15.33:3300/0,v1:172.21.15.33:6789/0] conn(0x7fc3901064c0 0x7fc3901068e0 unknown :-1 s=BANNER_CONNECTING pgs=0 cs=0 l=0 rev1=0 crypto rx=0 tx=0 comp rx=0 tx=0)._handle_peer_banner_payload supported=3 required=0
2024-05-08T21:11:57.425 INFO:teuthology.orchestra.run.smithi033.stdout:/usr/bin/ceph: stderr
2024-05-08T21:11:50.164+0000 7fc38ffff700 1 --2- >> [v2:172.21.15.33:3300/0,v1:172.21.15.33:6789/0] conn(0x7fc3901064c0 0x7fc3901068e0 unknown :-1 s=HELLO_CONNECTING pgs=0 cs=0 l=0 rev1=1 crypto rx=0 tx=0 comp rx=0 tx=0).handle_hello peer v2:172.21.15.33:3300/0 says I am v2:172.21.15.33:44244/0 (socket says 172.21.15.33:44244)
2024-05-08T21:11:57.425 INFO:teuthology.orchestra.run.smithi033.stdout:/usr/bin/ceph: stderr
2024-05-08T21:11:50.164+0000 7fc38ffff700 1 -- 172.21.15.33:0/2418446628 learned_addr learned my addr 172.21.15.33:0/2418446628 (peer_addr_for_me v2:172.21.15.33:0/0)
2024-05-08T21:11:57.425 INFO:teuthology.orchestra.run.smithi033.stdout:/usr/bin/ceph: stderr
2024-05-08T21:11:50.164+0000 7fc38ffff700 1 -- 172.21.15.33:0/2418446628 --> [v2:172.21.15.33:3300/0,v1:172.21.15.33:6789/0] -- mon_subscribe({config=0+,monmap=0+}) v3 -- 0x7fc3901076c0 con 0x7fc3901064c0
2024-05-08T21:11:57.425 INFO:teuthology.orchestra.run.smithi033.stdout:/usr/bin/ceph: stderr
2024-05-08T21:11:50.164+0000 7fc38ffff700 1 --2- 172.21.15.33:0/2418446628 >> [v2:172.21.15.33:3300/0,v1:172.21.15.33:6789/0] conn(0x7fc3901064c0 0x7fc3901068e0 secure :-1 s=READY pgs=61 cs=0 l=1 rev1=1 crypto rx=0x7fc3800098a0 tx=0x7fc380009bb0 comp rx=0 tx=0).ready entity=mon.0 client_cookie=3767c9f4a0593a4e server_cookie=0 in_seq=0 out_seq=0
2024-05-08T21:11:57.425 INFO:teuthology.orchestra.run.smithi033.stdout:/usr/bin/ceph: stderr
2024-05-08T21:11:50.164+0000 7fc38effd700 1 -- 172.21.15.33:0/2418446628 <== mon.0 v2:172.21.15.33:3300/0 1 ==== mon_map magic: 0 v1 ==== 205+0+0 (secure 0 0 0) 0x7fc380004160 con 0x7fc3901064c0
2024-05-08T21:11:57.425 INFO:teuthology.orchestra.run.smithi033.stdout:/usr/bin/ceph: stderr
2024-05-08T21:11:50.164+0000 7fc38effd700 1 -- 172.21.15.33:0/2418446628 <== mon.0 v2:172.21.15.33:3300/0 2 ==== config(25 keys) v1 ==== 1067+0+0 (secure 0 0 0) 0x7fc3800042c0 con 0x7fc3901064c0
2024-05-08T21:11:57.425 INFO:teuthology.orchestra.run.smithi033.stdout:/usr/bin/ceph: stderr
2024-05-08T21:11:50.164+0000 7fc38effd700 1 -- 172.21.15.33:0/2418446628 <== mon.0 v2:172.21.15.33:3300/0 3 ==== mon_map magic: 0 v1 ==== 205+0+0 (secure 0 0 0) 0x7fc3800118e0 con 0x7fc3901064c0
2024-05-08T21:11:57.425 INFO:teuthology.orchestra.run.smithi033.stdout:/usr/bin/ceph: stderr
2024-05-08T21:11:50.165+0000 7fc39642a700 1 -- 172.21.15.33:0/2418446628 >> [v2:172.21.15.33:3300/0,v1:172.21.15.33:6789/0] conn(0x7fc3901064c0 msgr2=0x7fc3901068e0 secure :-1 s=STATE_CONNECTION_ESTABLISHED l=1).mark_down
2024-05-08T21:11:57.425 INFO:teuthology.orchestra.run.smithi033.stdout:/usr/bin/ceph: stderr
2024-05-08T21:11:50.165+0000 7fc39642a700 1 --2- 172.21.15.33:0/2418446628 >> [v2:172.21.15.33:3300/0,v1:172.21.15.33:6789/0] conn(0x7fc3901064c0 0x7fc3901068e0 secure :-1 s=READY pgs=61 cs=0 l=1 rev1=1 crypto rx=0x7fc3800098a0 tx=0x7fc380009bb0 comp rx=0 tx=0).stop
2024-05-08T21:11:57.425 INFO:teuthology.orchestra.run.smithi033.stdout:/usr/bin/ceph: stderr
2024-05-08T21:11:50.165+0000 7fc39642a700 1 -- 172.21.15.33:0/2418446628 shutdown_connections
2024-05-08T21:11:57.425 INFO:teuthology.orchestra.run.smithi033.stdout:/usr/bin/ceph: stderr
2024-05-08T21:11:50.165+0000 7fc39642a700 1 --2- 172.21.15.33:0/2418446628 >> [v2:172.21.15.33:3300/0,v1:172.21.15.33:6789/0] conn(0x7fc3901064c0 0x7fc3901068e0 unknown :-1 s=CLOSED pgs=61 cs=0 l=1 rev1=1 crypto rx=0 tx=0 comp rx=0 tx=0).stop
2024-05-08T21:11:57.425 INFO:teuthology.orchestra.run.smithi033.stdout:/usr/bin/ceph: stderr
2024-05-08T21:11:50.165+0000 7fc39642a700 1 -- 172.21.15.33:0/2418446628 >> 172.21.15.33:0/2418446628 conn(0x7fc390101a60 msgr2=0x7fc390103ea0 unknown :-1 s=STATE_NONE l=0).mark_down
2024-05-08T21:11:57.425 INFO:teuthology.orchestra.run.smithi033.stdout:/usr/bin/ceph: stderr
2024-05-08T21:11:50.165+0000 7fc39642a700 1 -- 172.21.15.33:0/2418446628 shutdown_connections
2024-05-08T21:11:57.425 INFO:teuthology.orchestra.run.smithi033.stdout:/usr/bin/ceph: stderr
2024-05-08T21:11:50.165+0000 7fc39642a700 1 -- 172.21.15.33:0/2418446628 wait complete.
2024-05-08T21:11:57.426 INFO:teuthology.orchestra.run.smithi033.stdout:/usr/bin/ceph: stderr
2024-05-08T21:11:50.166+0000 7fc39642a700 1 Processor -- start
2024-05-08T21:11:57.426 INFO:teuthology.orchestra.run.smithi033.stdout:/usr/bin/ceph: stderr
2024-05-08T21:11:50.166+0000 7fc39642a700 1 -- start start
2024-05-08T21:11:57.426 INFO:teuthology.orchestra.run.smithi033.stdout:/usr/bin/ceph: stderr
2024-05-08T21:11:50.166+0000 7fc39642a700 1 --2- >> [v2:172.21.15.33:3300/0,v1:172.21.15.33:6789/0] conn(0x7fc3901064c0 0x7fc39019c430 unknown :-1 s=NONE pgs=0 cs=0 l=1 rev1=0 crypto rx=0 tx=0 comp rx=0 tx=0).connect
2024-05-08T21:11:57.426 INFO:teuthology.orchestra.run.smithi033.stdout:/usr/bin/ceph: stderr
