2024-05-08T21:25:19.816+0000 7ffb05799700 1 --2- >> [v2:172.21.15.81:3300/0,v1:172.21.15.81:6789/0] conn(0x7ffb00105960 0x7ffb0019a910 unknown :-1 s=BANNER_CONNECTING pgs=0 cs=0 l=1 rev1=0 crypto rx=0 tx=0 comp rx=0 tx=0)._handle_peer_banner_payload supported=3 required=0
2024-05-08T21:25:22.233 INFO:teuthology.orchestra.run.smithi081.stdout:/usr/bin/ceph: stderr
2024-05-08T21:25:19.816+0000 7ffb05799700 1 --2- >> [v2:172.21.15.81:3300/0,v1:172.21.15.81:6789/0] conn(0x7ffb00105960 0x7ffb0019a910 unknown :-1 s=HELLO_CONNECTING pgs=0 cs=0 l=1 rev1=1 crypto rx=0 tx=0 comp rx=0 tx=0).handle_hello peer v2:172.21.15.81:3300/0 says I am v2:172.21.15.81:51332/0 (socket says 172.21.15.81:51332)
2024-05-08T21:25:22.233 INFO:teuthology.orchestra.run.smithi081.stdout:/usr/bin/ceph: stderr
2024-05-08T21:25:19.816+0000 7ffb05799700 1 -- 172.21.15.81:0/976989046 learned_addr learned my addr 172.21.15.81:0/976989046 (peer_addr_for_me v2:172.21.15.81:0/0)
2024-05-08T21:25:22.233 INFO:teuthology.orchestra.run.smithi081.stdout:/usr/bin/ceph: stderr
2024-05-08T21:25:19.817+0000 7ffb05799700 1 -- 172.21.15.81:0/976989046 --> [v2:172.21.15.81:3300/0,v1:172.21.15.81:6789/0] -- mon_subscribe({config=0+,monmap=0+}) v3 -- 0x7ffaf4009550 con 0x7ffb00105960
2024-05-08T21:25:22.233 INFO:teuthology.orchestra.run.smithi081.stdout:/usr/bin/ceph: stderr
2024-05-08T21:25:19.817+0000 7ffb05799700 1 --2- 172.21.15.81:0/976989046 >> [v2:172.21.15.81:3300/0,v1:172.21.15.81:6789/0] conn(0x7ffb00105960 0x7ffb0019a910 secure :-1 s=READY pgs=19 cs=0 l=1 rev1=1 crypto rx=0x7ffaf4011b20 tx=0x7ffaf4011c00 comp rx=0 tx=0).ready entity=mon.0 client_cookie=0 server_cookie=0 in_seq=0 out_seq=0
2024-05-08T21:25:22.234 INFO:teuthology.orchestra.run.smithi081.stdout:/usr/bin/ceph: stderr
2024-05-08T21:25:19.817+0000 7ffaf27fc700 1 -- 172.21.15.81:0/976989046 <== mon.0 v2:172.21.15.81:3300/0 1 ==== mon_map magic: 0 v1 ==== 205+0+0 (secure 0 0 0) 0x7ffaf4003930 con 0x7ffb00105960
2024-05-08T21:25:22.234 INFO:teuthology.orchestra.run.smithi081.stdout:/usr/bin/ceph: stderr
2024-05-08T21:25:19.817+0000 7ffaf27fc700 1 -- 172.21.15.81:0/976989046 <== mon.0 v2:172.21.15.81:3300/0 2 ==== config(28 keys) v1 ==== 1143+0+0 (secure 0 0 0) 0x7ffaf4003a90 con 0x7ffb00105960
2024-05-08T21:25:22.234 INFO:teuthology.orchestra.run.smithi081.stdout:/usr/bin/ceph: stderr
2024-05-08T21:25:19.817+0000 7ffb079fd700 1 -- 172.21.15.81:0/976989046 --> [v2:172.21.15.81:3300/0,v1:172.21.15.81:6789/0] -- mon_subscribe({mgrmap=0+}) v3 -- 0x7ffb0019b050 con 0x7ffb00105960
2024-05-08T21:25:22.234 INFO:teuthology.orchestra.run.smithi081.stdout:/usr/bin/ceph: stderr
2024-05-08T21:25:19.817+0000 7ffaf27fc700 1 -- 172.21.15.81:0/976989046 <== mon.0 v2:172.21.15.81:3300/0 3 ==== mon_map magic: 0 v1 ==== 205+0+0 (secure 0 0 0) 0x7ffaf4019710 con 0x7ffb00105960
2024-05-08T21:25:22.234 INFO:teuthology.orchestra.run.smithi081.stdout:/usr/bin/ceph: stderr
2024-05-08T21:25:19.817+0000 7ffb079fd700 1 -- 172.21.15.81:0/976989046 --> [v2:172.21.15.81:3300/0,v1:172.21.15.81:6789/0] -- mon_subscribe({osdmap=0}) v3 -- 0x7ffb0019b4f0 con 0x7ffb00105960
2024-05-08T21:25:22.234 INFO:teuthology.orchestra.run.smithi081.stdout:/usr/bin/ceph: stderr
2024-05-08T21:25:19.818+0000 7ffaf27fc700 1 -- 172.21.15.81:0/976989046 <== mon.0 v2:172.21.15.81:3300/0 4 ==== mgrmap(e 4) v1 ==== 45530+0+0 (secure 0 0 0) 0x7ffaf4019990 con 0x7ffb00105960
2024-05-08T21:25:22.234 INFO:teuthology.orchestra.run.smithi081.stdout:/usr/bin/ceph: stderr
2024-05-08T21:25:19.818+0000 7ffb079fd700 1 -- 172.21.15.81:0/976989046 --> [v2:172.21.15.81:3300/0,v1:172.21.15.81:6789/0] -- mon_command({"prefix": "get_command_descriptions"} v 0) v1 -- 0x7ffb00194a00 con 0x7ffb00105960
2024-05-08T21:25:22.234 INFO:teuthology.orchestra.run.smithi081.stdout:/usr/bin/ceph: stderr
2024-05-08T21:25:19.818+0000 7ffaf27fc700 1 --2- 172.21.15.81:0/976989046 >> [v2:172.21.15.81:6800/1721273126,v1:172.21.15.81:6801/1721273126] conn(0x7ffaec038660 0x7ffaec03ab20 unknown :-1 s=NONE pgs=0 cs=0 l=1 rev1=0 crypto rx=0 tx=0 comp rx=0 tx=0).connect
2024-05-08T21:25:22.234 INFO:teuthology.orchestra.run.smithi081.stdout:/usr/bin/ceph: stderr
2024-05-08T21:25:19.818+0000 7ffaf27fc700 1 -- 172.21.15.81:0/976989046 <== mon.0 v2:172.21.15.81:3300/0 5 ==== osd_map(1..1 src has 1..1) v4 ==== 725+0+0 (secure 0 0 0) 0x7ffaf404c8a0 con 0x7ffb00105960
2024-05-08T21:25:22.234 INFO:teuthology.orchestra.run.smithi081.stdout:/usr/bin/ceph: stderr
2024-05-08T21:25:19.818+0000 7ffb04f98700 1 --2- 172.21.15.81:0/976989046 >> [v2:172.21.15.81:6800/1721273126,v1:172.21.15.81:6801/1721273126] conn(0x7ffaec038660 0x7ffaec03ab20 unknown :-1 s=BANNER_CONNECTING pgs=0 cs=0 l=1 rev1=0 crypto rx=0 tx=0 comp rx=0 tx=0)._handle_peer_banner_payload supported=3 required=0
2024-05-08T21:25:22.234 INFO:teuthology.orchestra.run.smithi081.stdout:/usr/bin/ceph: stderr
2024-05-08T21:25:19.819+0000 7ffb04f98700 1 --2- 172.21.15.81:0/976989046 >> [v2:172.21.15.81:6800/1721273126,v1:172.21.15.81:6801/1721273126] conn(0x7ffaec038660 0x7ffaec03ab20 secure :-1 s=READY pgs=6 cs=0 l=1 rev1=1 crypto rx=0x7ffafc006fd0 tx=0x7ffafc006e40 comp rx=0 tx=0).ready entity=mgr.14100 client_cookie=0 server_cookie=0 in_seq=0 out_seq=0
2024-05-08T21:25:22.234 INFO:teuthology.orchestra.run.smithi081.stdout:/usr/bin/ceph: stderr
2024-05-08T21:25:19.823+0000 7ffaf27fc700 1 -- 172.21.15.81:0/976989046 <== mon.0 v2:172.21.15.81:3300/0 6 ==== mon_command_ack([{"prefix": "get_command_descriptions"}]=0 v0) v1 ==== 72+0+183622 (secure 0 0 0) 0x7ffaf4018d20 con 0x7ffb00105960
2024-05-08T21:25:22.234 INFO:teuthology.orchestra.run.smithi081.stdout:/usr/bin/ceph: stderr
2024-05-08T21:25:20.092+0000 7ffb079fd700 1 -- 172.21.15.81:0/976989046 --> [v2:172.21.15.81:3300/0,v1:172.21.15.81:6789/0] -- mon_command({"prefix": "status", "format": "json-pretty"} v 0) v1 -- 0x7ffb00109d60 con 0x7ffb00105960
2024-05-08T21:25:22.235 INFO:teuthology.orchestra.run.smithi081.stdout:/usr/bin/ceph: stderr
2024-05-08T21:25:20.092+0000 7ffaf27fc700 1 -- 172.21.15.81:0/976989046 <== mon.0 v2:172.21.15.81:3300/0 7 ==== mon_command_ack([{"prefix": "status", "format": "json-pretty"}]=0 v0) v1 ==== 79+0+1238 (secure 0 0 0) 0x7ffaf4018b40 con 0x7ffb00105960
2024-05-08T21:25:22.235 INFO:teuthology.orchestra.run.smithi081.stdout:/usr/bin/ceph: stderr
2024-05-08T21:25:20.094+0000 7ffb079fd700 1 -- 172.21.15.81:0/976989046 >> [v2:172.21.15.81:6800/1721273126,v1:172.21.15.81:6801/1721273126] conn(0x7ffaec038660 msgr2=0x7ffaec03ab20 secure :-1 s=STATE_CONNECTION_ESTABLISHED l=1).mark_down
2024-05-08T21:25:22.235 INFO:teuthology.orchestra.run.smithi081.stdout:/usr/bin/ceph: stderr
2024-05-08T21:25:20.094+0000 7ffb079fd700 1 --2- 172.21.15.81:0/976989046 >> [v2:172.21.15.81:6800/1721273126,v1:172.21.15.81:6801/1721273126] conn(0x7ffaec038660 0x7ffaec03ab20 secure :-1 s=READY pgs=6 cs=0 l=1 rev1=1 crypto rx=0x7ffafc006fd0 tx=0x7ffafc006e40 comp rx=0 tx=0).stop
2024-05-08T21:25:22.235 INFO:teuthology.orchestra.run.smithi081.stdout:/usr/bin/ceph: stderr
2024-05-08T21:25:20.094+0000 7ffb079fd700 1 -- 172.21.15.81:0/976989046 >> [v2:172.21.15.81:3300/0,v1:172.21.15.81:6789/0] conn(0x7ffb00105960 msgr2=0x7ffb0019a910 secure :-1 s=STATE_CONNECTION_ESTABLISHED l=1).mark_down
2024-05-08T21:25:22.235 INFO:teuthology.orchestra.run.smithi081.stdout:/usr/bin/ceph: stderr
2024-05-08T21:25:20.094+0000 7ffb079fd700 1 --2- 172.21.15.81:0/976989046 >> [v2:172.21.15.81:3300/0,v1:172.21.15.81:6789/0] conn(0x7ffb00105960 0x7ffb0019a910 secure :-1 s=READY pgs=19 cs=0 l=1 rev1=1 crypto rx=0x7ffaf4011b20 tx=0x7ffaf4011c00 comp rx=0 tx=0).stop
2024-05-08T21:25:22.235 INFO:teuthology.orchestra.run.smithi081.stdout:/usr/bin/ceph: stderr
2024-05-08T21:25:20.094+0000 7ffb079fd700 1 -- 172.21.15.81:0/976989046 shutdown_connections
2024-05-08T21:25:22.235 INFO:teuthology.orchestra.run.smithi081.stdout:/usr/bin/ceph: stderr
2024-05-08T21:25:20.094+0000 7ffb079fd700 1 --2- 172.21.15.81:0/976989046 >> [v2:172.21.15.81:6800/1721273126,v1:172.21.15.81:6801/1721273126] conn(0x7ffaec038660 0x7ffaec03ab20 unknown :-1 s=CLOSED pgs=6 cs=0 l=1 rev1=1 crypto rx=0 tx=0 comp rx=0 tx=0).stop
2024-05-08T21:25:22.235 INFO:teuthology.orchestra.run.smithi081.stdout:/usr/bin/ceph: stderr
2024-05-08T21:25:20.094+0000 7ffb079fd700 1 --2- 172.21.15.81:0/976989046 >> [v2:172.21.15.81:3300/0,v1:172.21.15.81:6789/0] conn(0x7ffb00105960 0x7ffb0019a910 unknown :-1 s=CLOSED pgs=19 cs=0 l=1 rev1=1 crypto rx=0 tx=0 comp rx=0 tx=0).stop
2024-05-08T21:25:22.235 INFO:teuthology.orchestra.run.smithi081.stdout:/usr/bin/ceph: stderr
2024-05-08T21:25:20.094+0000 7ffb079fd700 1 -- 172.21.15.81:0/976989046 >> 172.21.15.81:0/976989046 conn(0x7ffb00100f40 msgr2=0x7ffb00101ea0 unknown :-1 s=STATE_NONE l=0).mark_down
2024-05-08T21:25:22.235 INFO:teuthology.orchestra.run.smithi081.stdout:/usr/bin/ceph: stderr
2024-05-08T21:25:20.094+0000 7ffb079fd700 1 -- 172.21.15.81:0/976989046 shutdown_connections
2024-05-08T21:25:22.235 INFO:teuthology.orchestra.run.smithi081.stdout:/usr/bin/ceph: stderr
2024-05-08T21:25:20.094+0000 7ffb079fd700 1 -- 172.21.15.81:0/976989046 wait complete.
2024-05-08T21:25:22.235 INFO:teuthology.orchestra.run.smithi081.stdout:mgr is available
2024-05-08T21:25:24.149 INFO:journalctl@ceph.mon.a.smithi081.stdout:May 08 21:25:23 smithi081 ceph-mon[42480]: from='client.? 172.21.15.81:0/3714135381' entity='client.admin' cmd=[{"prefix": "config assimilate-conf"}]: dispatch
2024-05-08T21:25:25.181 INFO:teuthology.orchestra.run.smithi081.stdout:/usr/bin/ceph: stdout
2024-05-08T21:25:25.181 INFO:teuthology.orchestra.run.smithi081.stdout:/usr/bin/ceph: stdout [global]
2024-05-08T21:25:25.181 INFO:teuthology.orchestra.run.smithi081.stdout:/usr/bin/ceph: stdout fsid = 51ab18d4-0d81-11ef-bc97-c7b262605968
2024-05-08T21:25:25.181 INFO:teuthology.orchestra.run.smithi081.stdout:/usr/bin/ceph: stdout mon_osd_allow_pg_remap = true
2024-05-08T21:25:25.181 INFO:teuthology.orchestra.run.smithi081.stdout:/usr/bin/ceph: stdout mon_osd_allow_primary_affinity = true
2024-05-08T21:25:25.181 INFO:teuthology.orchestra.run.smithi081.stdout:/usr/bin/ceph: stdout mon_warn_on_no_sortbitwise = false
2024-05-08T21:25:25.181 INFO:teuthology.orchestra.run.smithi081.stdout:/usr/bin/ceph: stdout osd_crush_chooseleaf_type = 0
2024-05-08T21:25:25.181 INFO:teuthology.orchestra.run.smithi081.stdout:/usr/bin/ceph: stdout
2024-05-08T21:25:25.181 INFO:teuthology.orchestra.run.smithi081.stdout:/usr/bin/ceph: stdout [mgr]
2024-05-08T21:25:25.181 INFO:teuthology.orchestra.run.smithi081.stdout:/usr/bin/ceph: stdout mgr/telemetry/nag = false
2024-05-08T21:25:25.181 INFO:teuthology.orchestra.run.smithi081.stdout:/usr/bin/ceph: stdout
2024-05-08T21:25:25.181 INFO:teuthology.orchestra.run.smithi081.stdout:/usr/bin/ceph: stdout [osd]
2024-05-08T21:25:25.182 INFO:teuthology.orchestra.run.smithi081.stdout:/usr/bin/ceph: stdout mon_osd_backfillfull_ratio = 0.85
2024-05-08T21:25:25.182 INFO:teuthology.orchestra.run.smithi081.stdout:/usr/bin/ceph: stdout mon_osd_full_ratio = 0.9
2024-05-08T21:25:25.182 INFO:teuthology.orchestra.run.smithi081.stdout:/usr/bin/ceph: stdout mon_osd_nearfull_ratio = 0.8
2024-05-08T21:25:25.182 INFO:teuthology.orchestra.run.smithi081.stdout:/usr/bin/ceph: stdout osd_map_max_advance = 10
2024-05-08T21:25:25.182 INFO:teuthology.orchestra.run.smithi081.stdout:/usr/bin/ceph: stdout osd_sloppy_crc = true
2024-05-08T21:25:25.182 INFO:teuthology.orchestra.run.smithi081.stdout:/usr/bin/ceph: stderr
2024-05-08T21:25:23.635+0000 7f7206481700 1 Processor -- start
2024-05-08T21:25:25.182 INFO:teuthology.orchestra.run.smithi081.stdout:/usr/bin/ceph: stderr
2024-05-08T21:25:23.635+0000 7f7206481700 1 -- start start
2024-05-08T21:25:25.182 INFO:teuthology.orchestra.run.smithi081.stdout:/usr/bin/ceph: stderr
2024-05-08T21:25:23.635+0000 7f7206481700 1 --2- >> [v2:172.21.15.81:3300/0,v1:172.21.15.81:6789/0] conn(0x7f7200107540 0x7f7200109930 unknown :-1 s=NONE pgs=0 cs=0 l=0 rev1=0 crypto rx=0 tx=0 comp rx=0 tx=0).connect
2024-05-08T21:25:25.182 INFO:teuthology.orchestra.run.smithi081.stdout:/usr/bin/ceph: stderr
2024-05-08T21:25:23.635+0000 7f7206481700 1 -- --> [v2:172.21.15.81:3300/0,v1:172.21.15.81:6789/0] -- mon_getmap magic: 0 v1 -- 0x7f720007ae50 con 0x7f7200107540
2024-05-08T21:25:25.182 INFO:teuthology.orchestra.run.smithi081.stdout:/usr/bin/ceph: stderr
2024-05-08T21:25:23.635+0000 7f71fffff700 1 --2- >> [v2:172.21.15.81:3300/0,v1:172.21.15.81:6789/0] conn(0x7f7200107540 0x7f7200109930 unknown :-1 s=BANNER_CONNECTING pgs=0 cs=0 l=0 rev1=0 crypto rx=0 tx=0 comp rx=0 tx=0)._handle_peer_banner_payload supported=3 required=0
2024-05-08T21:25:25.182 INFO:teuthology.orchestra.run.smithi081.stdout:/usr/bin/ceph: stderr
2024-05-08T21:25:23.635+0000 7f71fffff700 1 --2- >> [v2:172.21.15.81:3300/0,v1:172.21.15.81:6789/0] conn(0x7f7200107540 0x7f7200109930 unknown :-1 s=HELLO_CONNECTING pgs=0 cs=0 l=0 rev1=1 crypto rx=0 tx=0 comp rx=0 tx=0).handle_hello peer v2:172.21.15.81:3300/0 says I am v2:172.21.15.81:51334/0 (socket says 172.21.15.81:51334)
2024-05-08T21:25:25.183 INFO:teuthology.orchestra.run.smithi081.stdout:/usr/bin/ceph: stderr
2024-05-08T21:25:23.635+0000 7f71fffff700 1 -- 172.21.15.81:0/941926763 learned_addr learned my addr 172.21.15.81:0/941926763 (peer_addr_for_me v2:172.21.15.81:0/0)
2024-05-08T21:25:25.183 INFO:teuthology.orchestra.run.smithi081.stdout:/usr/bin/ceph: stderr
2024-05-08T21:25:23.636+0000 7f71fffff700 1 -- 172.21.15.81:0/941926763 --> [v2:172.21.15.81:3300/0,v1:172.21.15.81:6789/0] -- mon_subscribe({config=0+,monmap=0+}) v3 -- 0x7f7200109e70 con 0x7f7200107540
2024-05-08T21:25:25.183 INFO:teuthology.orchestra.run.smithi081.stdout:/usr/bin/ceph: stderr
2024-05-08T21:25:23.636+0000 7f71fffff700 1 --2- 172.21.15.81:0/941926763 >> [v2:172.21.15.81:3300/0,v1:172.21.15.81:6789/0] conn(0x7f7200107540 0x7f7200109930 secure :-1 s=READY pgs=20 cs=0 l=1 rev1=1 crypto rx=0x7f71f00098a0 tx=0x7f71f0009bb0 comp rx=0 tx=0).ready entity=mon.0 client_cookie=17564d30e872bcc1 server_cookie=0 in_seq=0 out_seq=0
2024-05-08T21:25:25.183 INFO:teuthology.orchestra.run.smithi081.stdout:/usr/bin/ceph: stderr
2024-05-08T21:25:23.636+0000 7f71feffd700 1 -- 172.21.15.81:0/941926763 <== mon.0 v2:172.21.15.81:3300/0 1 ==== mon_map magic: 0 v1 ==== 205+0+0 (secure 0 0 0) 0x7f71f0004160 con 0x7f7200107540
2024-05-08T21:25:25.183 INFO:teuthology.orchestra.run.smithi081.stdout:/usr/bin/ceph: stderr
2024-05-08T21:25:23.636+0000 7f71feffd700 1 -- 172.21.15.81:0/941926763 <== mon.0 v2:172.21.15.81:3300/0 2 ==== config(28 keys) v1 ==== 1143+0+0 (secure 0 0 0) 0x7f71f00042c0 con 0x7f7200107540
2024-05-08T21:25:25.183 INFO:teuthology.orchestra.run.smithi081.stdout:/usr/bin/ceph: stderr
2024-05-08T21:25:23.636+0000 7f71feffd700 1 -- 172.21.15.81:0/941926763 <== mon.0 v2:172.21.15.81:3300/0 3 ==== mon_map magic: 0 v1 ==== 205+0+0 (secure 0 0 0) 0x7f71f0011b70 con 0x7f7200107540
2024-05-08T21:25:25.183 INFO:teuthology.orchestra.run.smithi081.stdout:/usr/bin/ceph: stderr
2024-05-08T21:25:23.637+0000 7f7206481700 1 -- 172.21.15.81:0/941926763 >> [v2:172.21.15.81:3300/0,v1:172.21.15.81:6789/0] conn(0x7f7200107540 msgr2=0x7f7200109930 secure :-1 s=STATE_CONNECTION_ESTABLISHED l=1).mark_down
2024-05-08T21:25:25.183 INFO:teuthology.orchestra.run.smithi081.stdout:/usr/bin/ceph: stderr
2024-05-08T21:25:23.637+0000 7f7206481700 1 --2- 172.21.15.81:0/941926763 >> [v2:172.21.15.81:3300/0,v1:172.21.15.81:6789/0] conn(0x7f7200107540 0x7f7200109930 secure :-1 s=READY pgs=20 cs=0 l=1 rev1=1 crypto rx=0x7f71f00098a0 tx=0x7f71f0009bb0 comp rx=0 tx=0).stop
2024-05-08T21:25:25.183 INFO:teuthology.orchestra.run.smithi081.stdout:/usr/bin/ceph: stderr
2024-05-08T21:25:23.637+0000 7f7206481700 1 -- 172.21.15.81:0/941926763 shutdown_connections
2024-05-08T21:25:25.183 INFO:teuthology.orchestra.run.smithi081.stdout:/usr/bin/ceph: stderr
2024-05-08T21:25:23.637+0000 7f7206481700 1 --2- 172.21.15.81:0/941926763 >> [v2:172.21.15.81:3300/0,v1:172.21.15.81:6789/0] conn(0x7f7200107540 0x7f7200109930 unknown :-1 s=CLOSED pgs=20 cs=0 l=1 rev1=1 crypto rx=0 tx=0 comp rx=0 tx=0).stop
2024-05-08T21:25:25.183 INFO:teuthology.orchestra.run.smithi081.stdout:/usr/bin/ceph: stderr
2024-05-08T21:25:23.637+0000 7f7206481700 1 -- 172.21.15.81:0/941926763 >> 172.21.15.81:0/941926763 conn(0x7f7200100f30 msgr2=0x7f7200103370 unknown :-1 s=STATE_NONE l=0).mark_down
2024-05-08T21:25:25.183 INFO:teuthology.orchestra.run.smithi081.stdout:/usr/bin/ceph: stderr
2024-05-08T21:25:23.637+0000 7f7206481700 1 -- 172.21.15.81:0/941926763 shutdown_connections
2024-05-08T21:25:25.183 INFO:teuthology.orchestra.run.smithi081.stdout:/usr/bin/ceph: stderr
2024-05-08T21:25:23.637+0000 7f7206481700 1 -- 172.21.15.81:0/941926763 wait complete.
2024-05-08T21:25:25.184 INFO:teuthology.orchestra.run.smithi081.stdout:/usr/bin/ceph: stderr
2024-05-08T21:25:23.637+0000 7f7206481700 1 Processor -- start
2024-05-08T21:25:25.184 INFO:teuthology.orchestra.run.smithi081.stdout:/usr/bin/ceph: stderr
2024-05-08T21:25:23.637+0000 7f7206481700 1 -- start start
2024-05-08T21:25:25.184 INFO:teuthology.orchestra.run.smithi081.stdout:/usr/bin/ceph: stderr
2024-05-08T21:25:23.638+0000 7f7206481700 1 --2- >> [v2:172.21.15.81:3300/0,v1:172.21.15.81:6789/0] conn(0x7f7200107540 0x7f7200106d70 unknown :-1 s=NONE pgs=0 cs=0 l=1 rev1=0 crypto rx=0 tx=0 comp rx=0 tx=0).connect
2024-05-08T21:25:25.184 INFO:teuthology.orchestra.run.smithi081.stdout:/usr/bin/ceph: stderr
2024-05-08T21:25:23.638+0000 7f7206481700 1 -- --> [v2:172.21.15.81:3300/0,v1:172.21.15.81:6789/0] -- mon_getmap magic: 0 v1 -- 0x7f72001072b0 con 0x7f7200107540
2024-05-08T21:25:25.184 INFO:teuthology.orchestra.run.smithi081.stdout:/usr/bin/ceph: stderr
2024-05-08T21:25:23.638+0000 7f71fffff700 1 --2- >> [v2:172.21.15.81:3300/0,v1:172.21.15.81:6789/0] conn(0x7f7200107540 0x7f7200106d70 unknown :-1 s=BANNER_CONNECTING pgs=0 cs=0 l=1 rev1=0 crypto rx=0 tx=0 comp rx=0 tx=0)._handle_peer_banner_payload supported=3 required=0
2024-05-08T21:25:25.184 INFO:teuthology.orchestra.run.smithi081.stdout:/usr/bin/ceph: stderr
2024-05-08T21:25:23.638+0000 7f71fffff700 1 --2- >> [v2:172.21.15.81:3300/0,v1:172.21.15.81:6789/0] conn(0x7f7200107540 0x7f7200106d70 unknown :-1 s=HELLO_CONNECTING pgs=0 cs=0 l=1 rev1=1 crypto rx=0 tx=0 comp rx=0 tx=0).handle_hello peer v2:172.21.15.81:3300/0 says I am v2:172.21.15.81:51336/0 (socket says 172.21.15.81:51336)
2024-05-08T21:25:25.184 INFO:teuthology.orchestra.run.smithi081.stdout:/usr/bin/ceph: stderr
2024-05-08T21:25:23.638+0000 7f71fffff700 1 -- 172.21.15.81:0/3714135381 learned_addr learned my addr 172.21.15.81:0/3714135381 (peer_addr_for_me v2:172.21.15.81:0/0)
2024-05-08T21:25:25.184 INFO:teuthology.orchestra.run.smithi081.stdout:/usr/bin/ceph: stderr
2024-05-08T21:25:23.638+0000 7f71fffff700 1 -- 172.21.15.81:0/3714135381 --> [v2:172.21.15.81:3300/0,v1:172.21.15.81:6789/0] -- mon_subscribe({config=0+,monmap=0+}) v3 -- 0x7f71f0009550 con 0x7f7200107540
2024-05-08T21:25:25.184 INFO:teuthology.orchestra.run.smithi081.stdout:/usr/bin/ceph: stderr
2024-05-08T21:25:23.638+0000 7f71fffff700 1 --2- 172.21.15.81:0/3714135381 >> [v2:172.21.15.81:3300/0,v1:172.21.15.81:6789/0] conn(0x7f7200107540 0x7f7200106d70 secure :-1 s=READY pgs=21 cs=0 l=1 rev1=1 crypto rx=0x7f71f0011850 tx=0x7f71f0011bf0 comp rx=0 tx=0).ready entity=mon.0 client_cookie=0 server_cookie=0 in_seq=0 out_seq=0
2024-05-08T21:25:25.184 INFO:teuthology.orchestra.run.smithi081.stdout:/usr/bin/ceph: stderr
2024-05-08T21:25:23.638+0000 7f71fd7fa700 1 -- 172.21.15.81:0/3714135381 <== mon.0 v2:172.21.15.81:3300/0 1 ==== mon_map magic: 0 v1 ==== 205+0+0 (secure 0 0 0) 0x7f71f00039c0 con 0x7f7200107540
2024-05-08T21:25:25.184 INFO:teuthology.orchestra.run.smithi081.stdout:/usr/bin/ceph: stderr
2024-05-08T21:25:23.638+0000 7f71fd7fa700 1 -- 172.21.15.81:0/3714135381 <== mon.0 v2:172.21.15.81:3300/0 2 ==== config(28 keys) v1 ==== 1143+0+0 (secure 0 0 0) 0x7f71f0003b20 con 0x7f7200107540
2024-05-08T21:25:25.184 INFO:teuthology.orchestra.run.smithi081.stdout:/usr/bin/ceph: stderr
2024-05-08T21:25:23.638+0000 7f7206481700 1 -- 172.21.15.81:0/3714135381 --> [v2:172.21.15.81:3300/0,v1:172.21.15.81:6789/0] -- mon_subscribe({mgrmap=0+}) v3 -- 0x7f72001054f0 con 0x7f7200107540
2024-05-08T21:25:25.184 INFO:teuthology.orchestra.run.smithi081.stdout:/usr/bin/ceph: stderr
2024-05-08T21:25:23.638+0000 7f71fd7fa700 1 -- 172.21.15.81:0/3714135381 <== mon.0 v2:172.21.15.81:3300/0 3 ==== mon_map magic: 0 v1 ==== 205+0+0 (secure 0 0 0) 0x7f71f001a760 con 0x7f7200107540
2024-05-08T21:25:25.184 INFO:teuthology.orchestra.run.smithi081.stdout:/usr/bin/ceph: stderr
2024-05-08T21:25:23.638+0000 7f7206481700 1 -- 172.21.15.81:0/3714135381 --> [v2:172.21.15.81:3300/0,v1:172.21.15.81:6789/0] -- mon_subscribe({osdmap=0}) v3 -- 0x7f7200105990 con 0x7f7200107540
2024-05-08T21:25:25.185 INFO:teuthology.orchestra.run.smithi081.stdout:/usr/bin/ceph: stderr
2024-05-08T21:25:23.639+0000 7f71fd7fa700 1 -- 172.21.15.81:0/3714135381 <== mon.0 v2:172.21.15.81:3300/0 4 ==== mgrmap(e 4) v1 ==== 45530+0+0 (secure 0 0 0) 0x7f71f001aa20 con 0x7f7200107540
2024-05-08T21:25:25.185 INFO:teuthology.orchestra.run.smithi081.stdout:/usr/bin/ceph: stderr
2024-05-08T21:25:23.639+0000 7f71fd7fa700 1 --2- 172.21.15.81:0/3714135381 >> [v2:172.21.15.81:6800/1721273126,v1:172.21.15.81:6801/1721273126] conn(0x7f71ec038720 0x7f71ec03abe0 unknown :-1 s=NONE pgs=0 cs=0 l=1 rev1=0 crypto rx=0 tx=0 comp rx=0 tx=0).connect
2024-05-08T21:25:25.185 INFO:teuthology.orchestra.run.smithi081.stdout:/usr/bin/ceph: stderr
2024-05-08T21:25:23.639+0000 7f71fd7fa700 1 -- 172.21.15.81:0/3714135381 <== mon.0 v2:172.21.15.81:3300/0 5 ==== osd_map(1..1 src has 1..1) v4 ==== 725+0+0 (secure 0 0 0) 0x7f71f004ca00 con 0x7f7200107540
2024-05-08T21:25:25.185 INFO:teuthology.orchestra.run.smithi081.stdout:/usr/bin/ceph: stderr
2024-05-08T21:25:23.639+0000 7f7206481700 1 -- 172.21.15.81:0/3714135381 --> [v2:172.21.15.81:3300/0,v1:172.21.15.81:6789/0] -- mon_command({"prefix": "get_command_descriptions"} v 0) v1 -- 0x7f720010acd0 con 0x7f7200107540
2024-05-08T21:25:25.185 INFO:teuthology.orchestra.run.smithi081.stdout:/usr/bin/ceph: stderr
2024-05-08T21:25:23.639+0000 7f71ff7fe700 1 --2- 172.21.15.81:0/3714135381 >> [v2:172.21.15.81:6800/1721273126,v1:172.21.15.81:6801/1721273126] conn(0x7f71ec038720 0x7f71ec03abe0 unknown :-1 s=BANNER_CONNECTING pgs=0 cs=0 l=1 rev1=0 crypto rx=0 tx=0 comp rx=0 tx=0)._handle_peer_banner_payload supported=3 required=0
2024-05-08T21:25:25.185 INFO:teuthology.orchestra.run.smithi081.stdout:/usr/bin/ceph: stderr
2024-05-08T21:25:23.640+0000 7f71ff7fe700 1 --2- 172.21.15.81:0/3714135381 >> [v2:172.21.15.81:6800/1721273126,v1:172.21.15.81:6801/1721273126] conn(0x7f71ec038720 0x7f71ec03abe0 secure :-1 s=READY pgs=7 cs=0 l=1 rev1=1 crypto rx=0x7f71e8006fd0 tx=0x7f71e8006e40 comp rx=0 tx=0).ready entity=mgr.14100 client_cookie=0 server_cookie=0 in_seq=0 out_seq=0
2024-05-08T21:25:25.185 INFO:teuthology.orchestra.run.smithi081.stdout:/usr/bin/ceph: stderr
2024-05-08T21:25:23.644+0000 7f71fd7fa700 1 -- 172.21.15.81:0/3714135381 <== mon.0 v2:172.21.15.81:3300/0 6 ==== mon_command_ack([{"prefix": "get_command_descriptions"}]=0 v0) v1 ==== 72+0+183622 (secure 0 0 0) 0x7f71f001acd0 con 0x7f7200107540
2024-05-08T21:25:25.185 INFO:teuthology.orchestra.run.smithi081.stdout:/usr/bin/ceph: stderr
2024-05-08T21:25:23.834+0000 7f7206481700 1 -- 172.21.15.81:0/3714135381 --> [v2:172.21.15.81:3300/0,v1:172.21.15.81:6789/0] -- mon_command({"prefix": "config assimilate-conf"} v 0) v1 -- 0x7f720010aec0 con 0x7f7200107540
2024-05-08T21:25:25.185 INFO:teuthology.orchestra.run.smithi081.stdout:/usr/bin/ceph: stderr
2024-05-08T21:25:23.835+0000 7f71fd7fa700 1 -- 172.21.15.81:0/3714135381 <== mon.0 v2:172.21.15.81:3300/0 7 ==== mon_command_ack([{"prefix": "config assimilate-conf"}]=0 v3) v1 ==== 70+0+373 (secure 0 0 0) 0x7f71f0024a20 con 0x7f7200107540
2024-05-08T21:25:25.185 INFO:teuthology.orchestra.run.smithi081.stdout:/usr/bin/ceph: stderr
2024-05-08T21:25:23.837+0000 7f7206481700 1 -- 172.21.15.81:0/3714135381 >> [v2:172.21.15.81:6800/1721273126,v1:172.21.15.81:6801/1721273126] conn(0x7f71ec038720 msgr2=0x7f71ec03abe0 secure :-1 s=STATE_CONNECTION_ESTABLISHED l=1).mark_down
2024-05-08T21:25:25.186 INFO:teuthology.orchestra.run.smithi081.stdout:/usr/bin/ceph: stderr
2024-05-08T21:25:23.837+0000 7f7206481700 1 --2- 172.21.15.81:0/3714135381 >> [v2:172.21.15.81:6800/1721273126,v1:172.21.15.81:6801/1721273126] conn(0x7f71ec038720 0x7f71ec03abe0 secure :-1 s=READY pgs=7 cs=0 l=1 rev1=1 crypto rx=0x7f71e8006fd0 tx=0x7f71e8006e40 comp rx=0 tx=0).stop
2024-05-08T21:25:25.186 INFO:teuthology.orchestra.run.smithi081.stdout:/usr/bin/ceph: stderr
2024-05-08T21:25:23.837+0000 7f7206481700 1 -- 172.21.15.81:0/3714135381 >> [v2:172.21.15.81:3300/0,v1:172.21.15.81:6789/0] conn(0x7f7200107540 msgr2=0x7f7200106d70 secure :-1 s=STATE_CONNECTION_ESTABLISHED l=1).mark_down
2024-05-08T21:25:25.186 INFO:teuthology.orchestra.run.smithi081.stdout:/usr/bin/ceph: stderr
2024-05-08T21:25:23.837+0000 7f7206481700 1 --2- 172.21.15.81:0/3714135381 >> [v2:172.21.15.81:3300/0,v1:172.21.15.81:6789/0] conn(0x7f7200107540 0x7f7200106d70 secure :-1 s=READY pgs=21 cs=0 l=1 rev1=1 crypto rx=0x7f71f0011850 tx=0x7f71f0011bf0 comp rx=0 tx=0).stop
2024-05-08T21:25:25.186 INFO:teuthology.orchestra.run.smithi081.stdout:/usr/bin/ceph: stderr
2024-05-08T21:25:23.837+0000 7f7206481700 1 -- 172.21.15.81:0/3714135381 shutdown_connections
2024-05-08T21:25:25.186 INFO:teuthology.orchestra.run.smithi081.stdout:/usr/bin/ceph: stderr
2024-05-08T21:25:23.837+0000 7f7206481700 1 --2- 172.21.15.81:0/3714135381 >> [v2:172.21.15.81:6800/1721273126,v1:172.21.15.81:6801/1721273126] conn(0x7f71ec038720 0x7f71ec03abe0 unknown :-1 s=CLOSED pgs=7 cs=0 l=1 rev1=1 crypto rx=0 tx=0 comp rx=0 tx=0).stop
2024-05-08T21:25:25.186 INFO:teuthology.orchestra.run.smithi081.stdout:/usr/bin/ceph: stderr
2024-05-08T21:25:23.837+0000 7f7206481700 1 --2- 172.21.15.81:0/3714135381 >> [v2:172.21.15.81:3300/0,v1:172.21.15.81:6789/0] conn(0x7f7200107540 0x7f7200106d70 unknown :-1 s=CLOSED pgs=21 cs=0 l=1 rev1=1 crypto rx=0 tx=0 comp rx=0 tx=0).stop
2024-05-08T21:25:25.186 INFO:teuthology.orchestra.run.smithi081.stdout:/usr/bin/ceph: stderr
2024-05-08T21:25:23.837+0000 7f7206481700 1 -- 172.21.15.81:0/3714135381 >> 172.21.15.81:0/3714135381 conn(0x7f7200100f30 msgr2=0x7f72001019f0 unknown :-1 s=STATE_NONE l=0).mark_down
2024-05-08T21:25:25.186 INFO:teuthology.orchestra.run.smithi081.stdout:/usr/bin/ceph: stderr
2024-05-08T21:25:23.837+0000 7f7206481700 1 -- 172.21.15.81:0/3714135381 shutdown_connections
2024-05-08T21:25:25.186 INFO:teuthology.orchestra.run.smithi081.stdout:/usr/bin/ceph: stderr
2024-05-08T21:25:23.837+0000 7f7206481700 1 -- 172.21.15.81:0/3714135381 wait complete.
2024-05-08T21:25:25.186 INFO:teuthology.orchestra.run.smithi081.stdout:Enabling cephadm module...
2024-05-08T21:25:26.149 INFO:journalctl@ceph.mon.a.smithi081.stdout:May 08 21:25:25 smithi081 ceph-mon[42480]: from='client.? 172.21.15.81:0/2943523657' entity='client.admin' cmd=[{"prefix": "mgr module enable", "module": "cephadm"}]: dispatch
2024-05-08T21:25:26.149 INFO:journalctl@ceph.mgr.x.smithi081.stdout:May 08 21:25:25 smithi081 ceph-51ab18d4-0d81-11ef-bc97-c7b262605968-mgr-x[42732]: ignoring --setuser ceph since I am not root
2024-05-08T21:25:26.149 INFO:journalctl@ceph.mgr.x.smithi081.stdout:May 08 21:25:25 smithi081 ceph-51ab18d4-0d81-11ef-bc97-c7b262605968-mgr-x[42732]: ignoring --setgroup ceph since I am not root
2024-05-08T21:25:26.249 INFO:teuthology.orchestra.run.smithi081.stdout:/usr/bin/ceph: stderr
2024-05-08T21:25:25.532+0000 7f7ce3848700 1 Processor -- start
2024-05-08T21:25:26.255 INFO:teuthology.orchestra.run.smithi081.stdout:/usr/bin/ceph: stderr
2024-05-08T21:25:25.532+0000 7f7ce3848700 1 -- start start
2024-05-08T21:25:26.255 INFO:teuthology.orchestra.run.smithi081.stdout:/usr/bin/ceph: stderr
2024-05-08T21:25:25.532+0000 7f7ce3848700 1 --2- >> [v2:172.21.15.81:3300/0,v1:172.21.15.81:6789/0] conn(0x7f7cdc105370 0x7f7cdc105790 unknown :-1 s=NONE pgs=0 cs=0 l=0 rev1=0 crypto rx=0 tx=0 comp rx=0 tx=0).connect
2024-05-08T21:25:26.255 INFO:teuthology.orchestra.run.smithi081.stdout:/usr/bin/ceph: stderr
2024-05-08T21:25:25.532+0000 7f7ce3848700 1 -- --> [v2:172.21.15.81:3300/0,v1:172.21.15.81:6789/0] -- mon_getmap magic: 0 v1 -- 0x7f7cdc07ae50 con 0x7f7cdc105370
2024-05-08T21:25:26.255 INFO:teuthology.orchestra.run.smithi081.stdout:/usr/bin/ceph: stderr
2024-05-08T21:25:25.532+0000 7f7ce15e4700 1 --2- >> [v2:172.21.15.81:3300/0,v1:172.21.15.81:6789/0] conn(0x7f7cdc105370 0x7f7cdc105790 unknown :-1 s=BANNER_CONNECTING pgs=0 cs=0 l=0 rev1=0 crypto rx=0 tx=0 comp rx=0 tx=0)._handle_peer_banner_payload supported=3 required=0
2024-05-08T21:25:26.255 INFO:teuthology.orchestra.run.smithi081.stdout:/usr/bin/ceph: stderr
2024-05-08T21:25:25.532+0000 7f7ce15e4700 1 --2- >> [v2:172.21.15.81:3300/0,v1:172.21.15.81:6789/0] conn(0x7f7cdc105370 0x7f7cdc105790 unknown :-1 s=HELLO_CONNECTING pgs=0 cs=0 l=0 rev1=1 crypto rx=0 tx=0 comp rx=0 tx=0).handle_hello peer v2:172.21.15.81:3300/0 says I am v2:172.21.15.81:51348/0 (socket says 172.21.15.81:51348)
2024-05-08T21:25:26.255 INFO:teuthology.orchestra.run.smithi081.stdout:/usr/bin/ceph: stderr
2024-05-08T21:25:25.532+0000 7f7ce15e4700 1 -- 172.21.15.81:0/2257733185 learned_addr learned my addr 172.21.15.81:0/2257733185 (peer_addr_for_me v2:172.21.15.81:0/0)
2024-05-08T21:25:26.255 INFO:teuthology.orchestra.run.smithi081.stdout:/usr/bin/ceph: stderr
2024-05-08T21:25:25.532+0000 7f7ce15e4700 1 -- 172.21.15.81:0/2257733185 --> [v2:172.21.15.81:3300/0,v1:172.21.15.81:6789/0] -- mon_subscribe({config=0+,monmap=0+}) v3 -- 0x7f7cdc105cd0 con 0x7f7cdc105370
2024-05-08T21:25:26.255 INFO:teuthology.orchestra.run.smithi081.stdout:/usr/bin/ceph: stderr
2024-05-08T21:25:25.532+0000 7f7ce15e4700 1 --2- 172.21.15.81:0/2257733185 >> [v2:172.21.15.81:3300/0,v1:172.21.15.81:6789/0] conn(0x7f7cdc105370 0x7f7cdc105790 secure :-1 s=READY pgs=22 cs=0 l=1 rev1=1 crypto rx=0x7f7ccc0098a0 tx=0x7f7ccc009bb0 comp rx=0 tx=0).ready entity=mon.0 client_cookie=7488aa5c1eb0125f server_cookie=0 in_seq=0 out_seq=0
2024-05-08T21:25:26.255 INFO:teuthology.orchestra.run.smithi081.stdout:/usr/bin/ceph: stderr
2024-05-08T21:25:25.533+0000 7f7cd3fff700 1 -- 172.21.15.81:0/2257733185 <== mon.0 v2:172.21.15.81:3300/0 1 ==== mon_map magic: 0 v1 ==== 205+0+0 (secure 0 0 0) 0x7f7ccc004160 con 0x7f7cdc105370
2024-05-08T21:25:26.255 INFO:teuthology.orchestra.run.smithi081.stdout:/usr/bin/ceph: stderr
2024-05-08T21:25:25.533+0000 7f7cd3fff700 1 -- 172.21.15.81:0/2257733185 <== mon.0 v2:172.21.15.81:3300/0 2 ==== config(28 keys) v1 ==== 1143+0+0 (secure 0 0 0) 0x7f7ccc0042c0 con 0x7f7cdc105370
2024-05-08T21:25:26.255 INFO:teuthology.orchestra.run.smithi081.stdout:/usr/bin/ceph: stderr
2024-05-08T21:25:25.533+0000 7f7cd3fff700 1 -- 172.21.15.81:0/2257733185 <== mon.0 v2:172.21.15.81:3300/0 3 ==== mon_map magic: 0 v1 ==== 205+0+0 (secure 0 0 0) 0x7f7ccc011b70 con 0x7f7cdc105370
2024-05-08T21:25:26.255 INFO:teuthology.orchestra.run.smithi081.stdout:/usr/bin/ceph: stderr
2024-05-08T21:25:25.533+0000 7f7ce3848700 1 -- 172.21.15.81:0/2257733185 >> [v2:172.21.15.81:3300/0,v1:172.21.15.81:6789/0] conn(0x7f7cdc105370 msgr2=0x7f7cdc105790 secure :-1 s=STATE_CONNECTION_ESTABLISHED l=1).mark_down
2024-05-08T21:25:26.256 INFO:teuthology.orchestra.run.smithi081.stdout:/usr/bin/ceph: stderr
2024-05-08T21:25:25.533+0000 7f7ce3848700 1 --2- 172.21.15.81:0/2257733185 >> [v2:172.21.15.81:3300/0,v1:172.21.15.81:6789/0] conn(0x7f7cdc105370 0x7f7cdc105790 secure :-1 s=READY pgs=22 cs=0 l=1 rev1=1 crypto rx=0x7f7ccc0098a0 tx=0x7f7ccc009bb0 comp rx=0 tx=0).stop
2024-05-08T21:25:26.256 INFO:teuthology.orchestra.run.smithi081.stdout:/usr/bin/ceph: stderr
2024-05-08T21:25:25.533+0000 7f7ce3848700 1 -- 172.21.15.81:0/2257733185 shutdown_connections
2024-05-08T21:25:26.256 INFO:teuthology.orchestra.run.smithi081.stdout:/usr/bin/ceph: stderr
2024-05-08T21:25:25.533+0000 7f7ce3848700 1 --2- 172.21.15.81:0/2257733185 >> [v2:172.21.15.81:3300/0,v1:172.21.15.81:6789/0] conn(0x7f7cdc105370 0x7f7cdc105790 unknown :-1 s=CLOSED pgs=22 cs=0 l=1 rev1=1 crypto rx=0 tx=0 comp rx=0 tx=0).stop
2024-05-08T21:25:26.256 INFO:teuthology.orchestra.run.smithi081.stdout:/usr/bin/ceph: stderr
2024-05-08T21:25:25.533+0000 7f7ce3848700 1 -- 172.21.15.81:0/2257733185 >> 172.21.15.81:0/2257733185 conn(0x7f7cdc100f30 msgr2=0x7f7cdc1033b0 unknown :-1 s=STATE_NONE l=0).mark_down
2024-05-08T21:25:26.256 INFO:teuthology.orchestra.run.smithi081.stdout:/usr/bin/ceph: stderr
2024-05-08T21:25:25.533+0000 7f7ce3848700 1 -- 172.21.15.81:0/2257733185 shutdown_connections
2024-05-08T21:25:26.256 INFO:teuthology.orchestra.run.smithi081.stdout:/usr/bin/ceph: stderr
2024-05-08T21:25:25.533+0000 7f7ce3848700 1 -- 172.21.15.81:0/2257733185 wait complete.
2024-05-08T21:25:26.256 INFO:teuthology.orchestra.run.smithi081.stdout:/usr/bin/ceph: stderr
2024-05-08T21:25:25.534+0000 7f7ce3848700 1 Processor -- start
2024-05-08T21:25:26.256 INFO:teuthology.orchestra.run.smithi081.stdout:/usr/bin/ceph: stderr
2024-05-08T21:25:25.534+0000 7f7ce3848700 1 -- start start
2024-05-08T21:25:26.256 INFO:teuthology.orchestra.run.smithi081.stdout:/usr/bin/ceph: stderr
2024-05-08T21:25:25.534+0000 7f7ce3848700 1 --2- >> [v2:172.21.15.81:3300/0,v1:172.21.15.81:6789/0] conn(0x7f7cdc105370 0x7f7cdc19c9e0 unknown :-1 s=NONE pgs=0 cs=0 l=1 rev1=0 crypto rx=0 tx=0 comp rx=0 tx=0).connect
2024-05-08T21:25:26.256 INFO:teuthology.orchestra.run.smithi081.stdout:/usr/bin/ceph: stderr
2024-05-08T21:25:25.534+0000 7f7ce3848700 1 -- --> [v2:172.21.15.81:3300/0,v1:172.21.15.81:6789/0] -- mon_getmap magic: 0 v1 -- 0x7f7cdc19cf20 con 0x7f7cdc105370
2024-05-08T21:25:26.256 INFO:teuthology.orchestra.run.smithi081.stdout:/usr/bin/ceph: stderr
2024-05-08T21:25:25.534+0000 7f7ce15e4700 1 --2- >> [v2:172.21.15.81:3300/0,v1:172.21.15.81:6789/0] conn(0x7f7cdc105370 0x7f7cdc19c9e0 unknown :-1 s=BANNER_CONNECTING pgs=0 cs=0 l=1 rev1=0 crypto rx=0 tx=0 comp rx=0 tx=0)._handle_peer_banner_payload supported=3 required=0
2024-05-08T21:25:26.256 INFO:teuthology.orchestra.run.smithi081.stdout:/usr/bin/ceph: stderr
2024-05-08T21:25:25.534+0000 7f7ce15e4700 1 --2- >> [v2:172.21.15.81:3300/0,v1:172.21.15.81:6789/0] conn(0x7f7cdc105370 0x7f7cdc19c9e0 unknown :-1 s=HELLO_CONNECTING pgs=0 cs=0 l=1 rev1=1 crypto rx=0 tx=0 comp rx=0 tx=0).handle_hello peer v2:172.21.15.81:3300/0 says I am v2:172.21.15.81:51352/0 (socket says 172.21.15.81:51352)
2024-05-08T21:25:26.256 INFO:teuthology.orchestra.run.smithi081.stdout:/usr/bin/ceph: stderr
2024-05-08T21:25:25.534+0000 7f7ce15e4700 1 -- 172.21.15.81:0/2943523657 learned_addr learned my addr 172.21.15.81:0/2943523657 (peer_addr_for_me v2:172.21.15.81:0/0)
2024-05-08T21:25:26.256 INFO:teuthology.orchestra.run.smithi081.stdout:/usr/bin/ceph: stderr
2024-05-08T21:25:25.535+0000 7f7ce15e4700 1 -- 172.21.15.81:0/2943523657 --> [v2:172.21.15.81:3300/0,v1:172.21.15.81:6789/0] -- mon_subscribe({config=0+,monmap=0+}) v3 -- 0x7f7ccc009550 con 0x7f7cdc105370
2024-05-08T21:25:26.256 INFO:teuthology.orchestra.run.smithi081.stdout:/usr/bin/ceph: stderr
2024-05-08T21:25:25.535+0000 7f7ce15e4700 1 --2- 172.21.15.81:0/2943523657 >> [v2:172.21.15.81:3300/0,v1:172.21.15.81:6789/0] conn(0x7f7cdc105370 0x7f7cdc19c9e0 secure :-1 s=READY pgs=23 cs=0 l=1 rev1=1 crypto rx=0x7f7ccc011b40 tx=0x7f7ccc011c20 comp rx=0 tx=0).ready entity=mon.0 client_cookie=0 server_cookie=0 in_seq=0 out_seq=0
2024-05-08T21:25:26.257 INFO:teuthology.orchestra.run.smithi081.stdout:/usr/bin/ceph: stderr
2024-05-08T21:25:25.535+0000 7f7cd27fc700 1 -- 172.21.15.81:0/2943523657 <== mon.0 v2:172.21.15.81:3300/0 1 ==== mon_map magic: 0 v1 ==== 205+0+0 (secure 0 0 0) 0x7f7ccc003b20 con 0x7f7cdc105370
2024-05-08T21:25:26.257 INFO:teuthology.orchestra.run.smithi081.stdout:/usr/bin/ceph: stderr
2024-05-08T21:25:25.535+0000 7f7cd27fc700 1 -- 172.21.15.81:0/2943523657 <== mon.0 v2:172.21.15.81:3300/0 2 ==== config(28 keys) v1 ==== 1143+0+0 (secure 0 0 0) 0x7f7ccc003c80 con 0x7f7cdc105370
2024-05-08T21:25:26.257 INFO:teuthology.orchestra.run.smithi081.stdout:/usr/bin/ceph: stderr
2024-05-08T21:25:25.535+0000 7f7cd27fc700 1 -- 172.21.15.81:0/2943523657 <== mon.0 v2:172.21.15.81:3300/0 3 ==== mon_map magic: 0 v1 ==== 205+0+0 (secure 0 0 0) 0x7f7ccc0247c0 con 0x7f7cdc105370
2024-05-08T21:25:26.257 INFO:teuthology.orchestra.run.smithi081.stdout:/usr/bin/ceph: stderr
2024-05-08T21:25:25.535+0000 7f7ce3848700 1 -- 172.21.15.81:0/2943523657 --> [v2:172.21.15.81:3300/0,v1:172.21.15.81:6789/0] -- mon_subscribe({mgrmap=0+}) v3 -- 0x7f7cdc19d120 con 0x7f7cdc105370
2024-05-08T21:25:26.257 INFO:teuthology.orchestra.run.smithi081.stdout:/usr/bin/ceph: stderr
2024-05-08T21:25:25.535+0000 7f7ce3848700 1 -- 172.21.15.81:0/2943523657 --> [v2:172.21.15.81:3300/0,v1:172.21.15.81:6789/0] -- mon_subscribe({osdmap=0}) v3 -- 0x7f7cdc19d5c0 con 0x7f7cdc105370
2024-05-08T21:25:26.257 INFO:teuthology.orchestra.run.smithi081.stdout:/usr/bin/ceph: stderr
2024-05-08T21:25:25.536+0000 7f7cd27fc700 1 -- 172.21.15.81:0/2943523657 <== mon.0 v2:172.21.15.81:3300/0 4 ==== mgrmap(e 4) v1 ==== 45530+0+0 (secure 0 0 0) 0x7f7ccc02d3f0 con 0x7f7cdc105370
2024-05-08T21:25:26.257 INFO:teuthology.orchestra.run.smithi081.stdout:/usr/bin/ceph: stderr
2024-05-08T21:25:25.536+0000 7f7cd27fc700 1 --2- 172.21.15.81:0/2943523657 >> [v2:172.21.15.81:6800/1721273126,v1:172.21.15.81:6801/1721273126] conn(0x7f7cc80387c0 0x7f7cc803ac80 unknown :-1 s=NONE pgs=0 cs=0 l=1 rev1=0 crypto rx=0 tx=0 comp rx=0 tx=0).connect
2024-05-08T21:25:26.257 INFO:teuthology.orchestra.run.smithi081.stdout:/usr/bin/ceph: stderr
2024-05-08T21:25:25.536+0000 7f7ce3848700 1 -- 172.21.15.81:0/2943523657 --> [v2:172.21.15.81:3300/0,v1:172.21.15.81:6789/0] -- mon_command({"prefix": "get_command_descriptions"} v 0) v1 -- 0x7f7cdc196690 con 0x7f7cdc105370
2024-05-08T21:25:26.257 INFO:teuthology.orchestra.run.smithi081.stdout:/usr/bin/ceph: stderr
2024-05-08T21:25:25.536+0000 7f7cd27fc700 1 -- 172.21.15.81:0/2943523657 <== mon.0 v2:172.21.15.81:3300/0 5 ==== osd_map(1..1 src has 1..1) v4 ==== 725+0+0 (secure 0 0 0) 0x7f7ccc04c3c0 con 0x7f7cdc105370
2024-05-08T21:25:26.257 INFO:teuthology.orchestra.run.smithi081.stdout:/usr/bin/ceph: stderr
2024-05-08T21:25:25.536+0000 7f7ce0de3700 1 --2- 172.21.15.81:0/2943523657 >> [v2:172.21.15.81:6800/1721273126,v1:172.21.15.81:6801/1721273126] conn(0x7f7cc80387c0 0x7f7cc803ac80 unknown :-1 s=BANNER_CONNECTING pgs=0 cs=0 l=1 rev1=0 crypto rx=0 tx=0 comp rx=0 tx=0)._handle_peer_banner_payload supported=3 required=0
2024-05-08T21:25:26.257 INFO:teuthology.orchestra.run.smithi081.stdout:/usr/bin/ceph: stderr
2024-05-08T21:25:25.536+0000 7f7ce0de3700 1 --2- 172.21.15.81:0/2943523657 >> [v2:172.21.15.81:6800/1721273126,v1:172.21.15.81:6801/1721273126] conn(0x7f7cc80387c0 0x7f7cc803ac80 secure :-1 s=READY pgs=8 cs=0 l=1 rev1=1 crypto rx=0x7f7cd8006fd0 tx=0x7f7cd8006e40 comp rx=0 tx=0).ready entity=mgr.14100 client_cookie=0 server_cookie=0 in_seq=0 out_seq=0
2024-05-08T21:25:26.257 INFO:teuthology.orchestra.run.smithi081.stdout:/usr/bin/ceph: stderr
2024-05-08T21:25:25.541+0000 7f7cd27fc700 1 -- 172.21.15.81:0/2943523657 <== mon.0 v2:172.21.15.81:3300/0 6 ==== mon_command_ack([{"prefix": "get_command_descriptions"}]=0 v0) v1 ==== 72+0+183622 (secure 0 0 0) 0x7f7ccc0186d0 con 0x7f7cdc105370
2024-05-08T21:25:26.257 INFO:teuthology.orchestra.run.smithi081.stdout:/usr/bin/ceph: stderr
2024-05-08T21:25:25.785+0000 7f7ce3848700 1 -- 172.21.15.81:0/2943523657 --> [v2:172.21.15.81:3300/0,v1:172.21.15.81:6789/0] -- mon_command({"prefix": "mgr module enable", "module": "cephadm"} v 0) v1 -- 0x7f7cdc106c00 con 0x7f7cdc105370
2024-05-08T21:25:26.257 INFO:teuthology.orchestra.run.smithi081.stdout:/usr/bin/ceph: stderr
2024-05-08T21:25:25.838+0000 7f7cd27fc700 1 -- 172.21.15.81:0/2943523657 <== mon.0 v2:172.21.15.81:3300/0 7 ==== mgrmap(e 5) v1 ==== 45541+0+0 (secure 0 0 0) 0x7f7ccc021d60 con 0x7f7cdc105370
2024-05-08T21:25:26.258 INFO:teuthology.orchestra.run.smithi081.stdout:/usr/bin/ceph: stderr
2024-05-08T21:25:25.839+0000 7f7cd27fc700 1 -- 172.21.15.81:0/2943523657 <== mon.0 v2:172.21.15.81:3300/0 8 ==== mon_command_ack([{"prefix": "mgr module enable", "module": "cephadm"}]=0 v5) v1 ==== 86+0+0 (secure 0 0 0) 0x7f7ccc04c120 con 0x7f7cdc105370
2024-05-08T21:25:26.258 INFO:teuthology.orchestra.run.smithi081.stdout:/usr/bin/ceph: stderr
2024-05-08T21:25:25.842+0000 7f7ce3848700 1 -- 172.21.15.81:0/2943523657 >> [v2:172.21.15.81:6800/1721273126,v1:172.21.15.81:6801/1721273126] conn(0x7f7cc80387c0 msgr2=0x7f7cc803ac80 secure :-1 s=STATE_CONNECTION_ESTABLISHED l=1).mark_down
2024-05-08T21:25:26.258 INFO:teuthology.orchestra.run.smithi081.stdout:/usr/bin/ceph: stderr
2024-05-08T21:25:25.842+0000 7f7ce3848700 1 --2- 172.21.15.81:0/2943523657 >> [v2:172.21.15.81:6800/1721273126,v1:172.21.15.81:6801/1721273126] conn(0x7f7cc80387c0 0x7f7cc803ac80 secure :-1 s=READY pgs=8 cs=0 l=1 rev1=1 crypto rx=0x7f7cd8006fd0 tx=0x7f7cd8006e40 comp rx=0 tx=0).stop
2024-05-08T21:25:26.258 INFO:teuthology.orchestra.run.smithi081.stdout:/usr/bin/ceph: stderr
2024-05-08T21:25:25.842+0000 7f7ce3848700 1 -- 172.21.15.81:0/2943523657 >> [v2:172.21.15.81:3300/0,v1:172.21.15.81:6789/0] conn(0x7f7cdc105370 msgr2=0x7f7cdc19c9e0 secure :-1 s=STATE_CONNECTION_ESTABLISHED l=1).mark_down
2024-05-08T21:25:26.258 INFO:teuthology.orchestra.run.smithi081.stdout:/usr/bin/ceph: stderr
2024-05-08T21:25:25.842+0000 7f7ce3848700 1 --2- 172.21.15.81:0/2943523657 >> [v2:172.21.15.81:3300/0,v1:172.21.15.81:6789/0] conn(0x7f7cdc105370 0x7f7cdc19c9e0 secure :-1 s=READY pgs=23 cs=0 l=1 rev1=1 crypto rx=0x7f7ccc011b40 tx=0x7f7ccc011c20 comp rx=0 tx=0).stop
2024-05-08T21:25:26.258 INFO:teuthology.orchestra.run.smithi081.stdout:/usr/bin/ceph: stderr
2024-05-08T21:25:25.842+0000 7f7ce3848700 1 -- 172.21.15.81:0/2943523657 shutdown_connections
2024-05-08T21:25:26.258 INFO:teuthology.orchestra.run.smithi081.stdout:/usr/bin/ceph: stderr
2024-05-08T21:25:25.842+0000 7f7ce3848700 1 --2- 172.21.15.81:0/2943523657 >> [v2:172.21.15.81:6800/1721273126,v1:172.21.15.81:6801/1721273126] conn(0x7f7cc80387c0 0x7f7cc803ac80 unknown :-1 s=CLOSED pgs=8 cs=0 l=1 rev1=1 crypto rx=0 tx=0 comp rx=0 tx=0).stop
2024-05-08T21:25:26.258 INFO:teuthology.orchestra.run.smithi081.stdout:/usr/bin/ceph: stderr
2024-05-08T21:25:25.842+0000 7f7ce3848700 1 --2- 172.21.15.81:0/2943523657 >> [v2:172.21.15.81:3300/0,v1:172.21.15.81:6789/0] conn(0x7f7cdc105370 0x7f7cdc19c9e0 unknown :-1 s=CLOSED pgs=23 cs=0 l=1 rev1=1 crypto rx=0 tx=0 comp rx=0 tx=0).stop
2024-05-08T21:25:26.258 INFO:teuthology.orchestra.run.smithi081.stdout:/usr/bin/ceph: stderr
2024-05-08T21:25:25.842+0000 7f7ce3848700 1 -- 172.21.15.81:0/2943523657 >> 172.21.15.81:0/2943523657 conn(0x7f7cdc100f30 msgr2=0x7f7cdc1937d0 unknown :-1 s=STATE_NONE l=0).mark_down
2024-05-08T21:25:26.258 INFO:teuthology.orchestra.run.smithi081.stdout:/usr/bin/ceph: stderr
2024-05-08T21:25:25.842+0000 7f7ce3848700 1 -- 172.21.15.81:0/2943523657 shutdown_connections
2024-05-08T21:25:26.258 INFO:teuthology.orchestra.run.smithi081.stdout:/usr/bin/ceph: stderr
2024-05-08T21:25:25.842+0000 7f7ce3848700 1 -- 172.21.15.81:0/2943523657 wait complete.
2024-05-08T21:25:26.471 INFO:journalctl@ceph.mgr.x.smithi081.stdout:May 08 21:25:26 smithi081 ceph-51ab18d4-0d81-11ef-bc97-c7b262605968-mgr-x[42732]:
2024-05-08T21:25:26.281+0000 7feac5199200 -1 mgr[py] Module prometheus has missing NOTIFY_TYPES member
2024-05-08T21:25:26.471 INFO:journalctl@ceph.mgr.x.smithi081.stdout:May 08 21:25:26 smithi081 ceph-51ab18d4-0d81-11ef-bc97-c7b262605968-mgr-x[42732]:
2024-05-08T21:25:26.380+0000 7feac5199200 -1 mgr[py] Module alerts has missing NOTIFY_TYPES member
2024-05-08T21:25:26.471 INFO:journalctl@ceph.mgr.x.smithi081.stdout:May 08 21:25:26 smithi081 ceph-51ab18d4-0d81-11ef-bc97-c7b262605968-mgr-x[42732]:
2024-05-08T21:25:26.470+0000 7feac5199200 -1 mgr[py] Module osd_perf_query has missing NOTIFY_TYPES member
2024-05-08T21:25:26.844 INFO:journalctl@ceph.mgr.x.smithi081.stdout:May 08 21:25:26 smithi081 ceph-51ab18d4-0d81-11ef-bc97-c7b262605968-mgr-x[42732]:
2024-05-08T21:25:26.559+0000 7feac5199200 -1 mgr[py] Module progress has missing NOTIFY_TYPES member
2024-05-08T21:25:27.149 INFO:journalctl@ceph.mon.a.smithi081.stdout:May 08 21:25:26 smithi081 ceph-mon[42480]: from='client.? 172.21.15.81:0/2943523657' entity='client.admin' cmd='[{"prefix": "mgr module enable", "module": "cephadm"}]': finished
2024-05-08T21:25:27.149 INFO:journalctl@ceph.mon.a.smithi081.stdout:May 08 21:25:26 smithi081 ceph-mon[42480]: mgrmap e5: x(active, since 9s)
2024-05-08T21:25:27.229 INFO:teuthology.orchestra.run.smithi081.stdout:/usr/bin/ceph: stdout {
2024-05-08T21:25:27.230 INFO:teuthology.orchestra.run.smithi081.stdout:/usr/bin/ceph: stdout "epoch": 5,
2024-05-08T21:25:27.230 INFO:teuthology.orchestra.run.smithi081.stdout:/usr/bin/ceph: stdout "available": true,
2024-05-08T21:25:27.230 INFO:teuthology.orchestra.run.smithi081.stdout:/usr/bin/ceph: stdout "active_name": "x",
2024-05-08T21:25:27.230 INFO:teuthology.orchestra.run.smithi081.stdout:/usr/bin/ceph: stdout "num_standby": 0
2024-05-08T21:25:27.230 INFO:teuthology.orchestra.run.smithi081.stdout:/usr/bin/ceph: stdout }
2024-05-08T21:25:27.230 INFO:teuthology.orchestra.run.smithi081.stdout:/usr/bin/ceph: stderr
2024-05-08T21:25:26.590+0000 7fac6e4cb700 1 Processor -- start
2024-05-08T21:25:27.230 INFO:teuthology.orchestra.run.smithi081.stdout:/usr/bin/ceph: stderr
2024-05-08T21:25:26.590+0000 7fac6e4cb700 1 -- start start
2024-05-08T21:25:27.230 INFO:teuthology.orchestra.run.smithi081.stdout:/usr/bin/ceph: stderr
2024-05-08T21:25:26.590+0000 7fac6e4cb700 1 --2- >> [v2:172.21.15.81:3300/0,v1:172.21.15.81:6789/0] conn(0x7fac68105300 0x7fac68105720 unknown :-1 s=NONE pgs=0 cs=0 l=0 rev1=0 crypto rx=0 tx=0 comp rx=0 tx=0).connect
2024-05-08T21:25:27.230 INFO:teuthology.orchestra.run.smithi081.stdout:/usr/bin/ceph: stderr
2024-05-08T21:25:26.590+0000 7fac6e4cb700 1 -- --> [v2:172.21.15.81:3300/0,v1:172.21.15.81:6789/0] -- mon_getmap magic: 0 v1 -- 0x7fac68074740 con 0x7fac68105300
2024-05-08T21:25:27.230 INFO:teuthology.orchestra.run.smithi081.stdout:/usr/bin/ceph: stderr
2024-05-08T21:25:26.590+0000 7fac67fff700 1 --2- >> [v2:172.21.15.81:3300/0,v1:172.21.15.81:6789/0] conn(0x7fac68105300 0x7fac68105720 unknown :-1 s=BANNER_CONNECTING pgs=0 cs=0 l=0 rev1=0 crypto rx=0 tx=0 comp rx=0 tx=0)._handle_peer_banner_payload supported=3 required=0
2024-05-08T21:25:27.230 INFO:teuthology.orchestra.run.smithi081.stdout:/usr/bin/ceph: stderr
2024-05-08T21:25:26.590+0000 7fac67fff700 1 --2- >> [v2:172.21.15.81:3300/0,v1:172.21.15.81:6789/0] conn(0x7fac68105300 0x7fac68105720 unknown :-1 s=HELLO_CONNECTING pgs=0 cs=0 l=0 rev1=1 crypto rx=0 tx=0 comp rx=0 tx=0).handle_hello peer v2:172.21.15.81:3300/0 says I am v2:172.21.15.81:51366/0 (socket says 172.21.15.81:51366)
2024-05-08T21:25:27.231 INFO:teuthology.orchestra.run.smithi081.stdout:/usr/bin/ceph: stderr
2024-05-08T21:25:26.590+0000 7fac67fff700 1 -- 172.21.15.81:0/2467209540 learned_addr learned my addr 172.21.15.81:0/2467209540 (peer_addr_for_me v2:172.21.15.81:0/0)
2024-05-08T21:25:27.231 INFO:teuthology.orchestra.run.smithi081.stdout:/usr/bin/ceph: stderr
2024-05-08T21:25:26.591+0000 7fac67fff700 1 -- 172.21.15.81:0/2467209540 --> [v2:172.21.15.81:3300/0,v1:172.21.15.81:6789/0] -- mon_subscribe({config=0+,monmap=0+}) v3 -- 0x7fac68105c60 con 0x7fac68105300
2024-05-08T21:25:27.231 INFO:teuthology.orchestra.run.smithi081.stdout:/usr/bin/ceph: stderr
2024-05-08T21:25:26.591+0000 7fac67fff700 1 --2- 172.21.15.81:0/2467209540 >> [v2:172.21.15.81:3300/0,v1:172.21.15.81:6789/0] conn(0x7fac68105300 0x7fac68105720 secure :-1 s=READY pgs=26 cs=0 l=1 rev1=1 crypto rx=0x7fac580098a0 tx=0x7fac58009bb0 comp rx=0 tx=0).ready entity=mon.0 client_cookie=ae25415ee73b4248 server_cookie=0 in_seq=0 out_seq=0
2024-05-08T21:25:27.231 INFO:teuthology.orchestra.run.smithi081.stdout:/usr/bin/ceph: stderr
2024-05-08T21:25:26.591+0000 7fac66ffd700 1 -- 172.21.15.81:0/2467209540 <== mon.0 v2:172.21.15.81:3300/0 1 ==== mon_map magic: 0 v1 ==== 205+0+0 (secure 0 0 0) 0x7fac58004160 con 0x7fac68105300
2024-05-08T21:25:27.231 INFO:teuthology.orchestra.run.smithi081.stdout:/usr/bin/ceph: stderr
2024-05-08T21:25:26.591+0000 7fac66ffd700 1 -- 172.21.15.81:0/2467209540 <== mon.0 v2:172.21.15.81:3300/0 2 ==== config(28 keys) v1 ==== 1143+0+0 (secure 0 0 0) 0x7fac580042c0 con 0x7fac68105300
2024-05-08T21:25:27.231 INFO:teuthology.orchestra.run.smithi081.stdout:/usr/bin/ceph: stderr
2024-05-08T21:25:26.591+0000 7fac66ffd700 1 -- 172.21.15.81:0/2467209540 <== mon.0 v2:172.21.15.81:3300/0 3 ==== mon_map magic: 0 v1 ==== 205+0+0 (secure 0 0 0) 0x7fac58011b70 con 0x7fac68105300
2024-05-08T21:25:27.231 INFO:teuthology.orchestra.run.smithi081.stdout:/usr/bin/ceph: stderr
2024-05-08T21:25:26.592+0000 7fac6e4cb700 1 -- 172.21.15.81:0/2467209540 >> [v2:172.21.15.81:3300/0,v1:172.21.15.81:6789/0] conn(0x7fac68105300 msgr2=0x7fac68105720 secure :-1 s=STATE_CONNECTION_ESTABLISHED l=1).mark_down
2024-05-08T21:25:27.231 INFO:teuthology.orchestra.run.smithi081.stdout:/usr/bin/ceph: stderr
2024-05-08T21:25:26.592+0000 7fac6e4cb700 1 --2- 172.21.15.81:0/2467209540 >> [v2:172.21.15.81:3300/0,v1:172.21.15.81:6789/0] conn(0x7fac68105300 0x7fac68105720 secure :-1 s=READY pgs=26 cs=0 l=1 rev1=1 crypto rx=0x7fac580098a0 tx=0x7fac58009bb0 comp rx=0 tx=0).stop
2024-05-08T21:25:27.231 INFO:teuthology.orchestra.run.smithi081.stdout:/usr/bin/ceph: stderr
2024-05-08T21:25:26.592+0000 7fac6e4cb700 1 -- 172.21.15.81:0/2467209540 shutdown_connections
2024-05-08T21:25:27.231 INFO:teuthology.orchestra.run.smithi081.stdout:/usr/bin/ceph: stderr
