2024-05-08T21:25:45.721+0000 7f700490e700 1 -- 172.21.15.81:0/1700752269 shutdown_connections
2024-05-08T21:25:46.420 INFO:teuthology.orchestra.run.smithi081.stdout:/usr/bin/ceph: stderr
2024-05-08T21:25:45.721+0000 7f700490e700 1 -- 172.21.15.81:0/1700752269 wait complete.
2024-05-08T21:25:46.421 INFO:teuthology.orchestra.run.smithi081.stdout:/usr/bin/ceph: stderr
2024-05-08T21:25:45.722+0000 7f700490e700 1 Processor -- start
2024-05-08T21:25:46.421 INFO:teuthology.orchestra.run.smithi081.stdout:/usr/bin/ceph: stderr
2024-05-08T21:25:45.722+0000 7f700490e700 1 -- start start
2024-05-08T21:25:46.421 INFO:teuthology.orchestra.run.smithi081.stdout:/usr/bin/ceph: stderr
2024-05-08T21:25:45.722+0000 7f700490e700 1 --2- >> [v2:172.21.15.81:3300/0,v1:172.21.15.81:6789/0] conn(0x7f7000107560 0x7f7000106d90 unknown :-1 s=NONE pgs=0 cs=0 l=1 rev1=0 crypto rx=0 tx=0 comp rx=0 tx=0).connect
2024-05-08T21:25:46.421 INFO:teuthology.orchestra.run.smithi081.stdout:/usr/bin/ceph: stderr
2024-05-08T21:25:45.722+0000 7f700490e700 1 -- --> [v2:172.21.15.81:3300/0,v1:172.21.15.81:6789/0] -- mon_getmap magic: 0 v1 -- 0x7f70001072d0 con 0x7f7000107560
2024-05-08T21:25:46.421 INFO:teuthology.orchestra.run.smithi081.stdout:/usr/bin/ceph: stderr
2024-05-08T21:25:45.722+0000 7f6ffe59c700 1 --2- >> [v2:172.21.15.81:3300/0,v1:172.21.15.81:6789/0] conn(0x7f7000107560 0x7f7000106d90 unknown :-1 s=BANNER_CONNECTING pgs=0 cs=0 l=1 rev1=0 crypto rx=0 tx=0 comp rx=0 tx=0)._handle_peer_banner_payload supported=3 required=0
2024-05-08T21:25:46.421 INFO:teuthology.orchestra.run.smithi081.stdout:/usr/bin/ceph: stderr
2024-05-08T21:25:45.722+0000 7f6ffe59c700 1 --2- >> [v2:172.21.15.81:3300/0,v1:172.21.15.81:6789/0] conn(0x7f7000107560 0x7f7000106d90 unknown :-1 s=HELLO_CONNECTING pgs=0 cs=0 l=1 rev1=1 crypto rx=0 tx=0 comp rx=0 tx=0).handle_hello peer v2:172.21.15.81:3300/0 says I am v2:172.21.15.81:49866/0 (socket says 172.21.15.81:49866)
2024-05-08T21:25:46.421 INFO:teuthology.orchestra.run.smithi081.stdout:/usr/bin/ceph: stderr
2024-05-08T21:25:45.722+0000 7f6ffe59c700 1 -- 172.21.15.81:0/318338322 learned_addr learned my addr 172.21.15.81:0/318338322 (peer_addr_for_me v2:172.21.15.81:0/0)
2024-05-08T21:25:46.421 INFO:teuthology.orchestra.run.smithi081.stdout:/usr/bin/ceph: stderr
2024-05-08T21:25:45.723+0000 7f6ffe59c700 1 -- 172.21.15.81:0/318338322 --> [v2:172.21.15.81:3300/0,v1:172.21.15.81:6789/0] -- mon_subscribe({config=0+,monmap=0+}) v3 -- 0x7f6ff0009550 con 0x7f7000107560
2024-05-08T21:25:46.421 INFO:teuthology.orchestra.run.smithi081.stdout:/usr/bin/ceph: stderr
2024-05-08T21:25:45.723+0000 7f6ffe59c700 1 --2- 172.21.15.81:0/318338322 >> [v2:172.21.15.81:3300/0,v1:172.21.15.81:6789/0] conn(0x7f7000107560 0x7f7000106d90 secure :-1 s=READY pgs=56 cs=0 l=1 rev1=1 crypto rx=0x7f6ff0011b40 tx=0x7f6ff0011c20 comp rx=0 tx=0).ready entity=mon.0 client_cookie=0 server_cookie=0 in_seq=0 out_seq=0
2024-05-08T21:25:46.421 INFO:teuthology.orchestra.run.smithi081.stdout:/usr/bin/ceph: stderr
2024-05-08T21:25:45.723+0000 7f6ff77fe700 1 -- 172.21.15.81:0/318338322 <== mon.0 v2:172.21.15.81:3300/0 1 ==== mon_map magic: 0 v1 ==== 205+0+0 (secure 0 0 0) 0x7f6ff0003aa0 con 0x7f7000107560
2024-05-08T21:25:46.421 INFO:teuthology.orchestra.run.smithi081.stdout:/usr/bin/ceph: stderr
2024-05-08T21:25:45.723+0000 7f6ff77fe700 1 -- 172.21.15.81:0/318338322 <== mon.0 v2:172.21.15.81:3300/0 2 ==== config(28 keys) v1 ==== 1174+0+0 (secure 0 0 0) 0x7f6ff0003c00 con 0x7f7000107560
2024-05-08T21:25:46.421 INFO:teuthology.orchestra.run.smithi081.stdout:/usr/bin/ceph: stderr
2024-05-08T21:25:45.723+0000 7f700490e700 1 -- 172.21.15.81:0/318338322 --> [v2:172.21.15.81:3300/0,v1:172.21.15.81:6789/0] -- mon_subscribe({mgrmap=0+}) v3 -- 0x7f7000105510 con 0x7f7000107560
2024-05-08T21:25:46.421 INFO:teuthology.orchestra.run.smithi081.stdout:/usr/bin/ceph: stderr
2024-05-08T21:25:45.723+0000 7f6ff77fe700 1 -- 172.21.15.81:0/318338322 <== mon.0 v2:172.21.15.81:3300/0 3 ==== mon_map magic: 0 v1 ==== 205+0+0 (secure 0 0 0) 0x7f6ff0024800 con 0x7f7000107560
2024-05-08T21:25:46.421 INFO:teuthology.orchestra.run.smithi081.stdout:/usr/bin/ceph: stderr
2024-05-08T21:25:45.723+0000 7f700490e700 1 -- 172.21.15.81:0/318338322 --> [v2:172.21.15.81:3300/0,v1:172.21.15.81:6789/0] -- mon_subscribe({osdmap=0}) v3 -- 0x7f70001059b0 con 0x7f7000107560
2024-05-08T21:25:46.421 INFO:teuthology.orchestra.run.smithi081.stdout:/usr/bin/ceph: stderr
2024-05-08T21:25:45.724+0000 7f6ff77fe700 1 -- 172.21.15.81:0/318338322 <== mon.0 v2:172.21.15.81:3300/0 4 ==== mgrmap(e 8) v1 ==== 45541+0+0 (secure 0 0 0) 0x7f6ff0024ac0 con 0x7f7000107560
2024-05-08T21:25:46.422 INFO:teuthology.orchestra.run.smithi081.stdout:/usr/bin/ceph: stderr
2024-05-08T21:25:45.724+0000 7f700490e700 1 -- 172.21.15.81:0/318338322 --> [v2:172.21.15.81:3300/0,v1:172.21.15.81:6789/0] -- mon_command({"prefix": "get_command_descriptions"} v 0) v1 -- 0x7f700010ad30 con 0x7f7000107560
2024-05-08T21:25:46.422 INFO:teuthology.orchestra.run.smithi081.stdout:/usr/bin/ceph: stderr
2024-05-08T21:25:45.724+0000 7f6ff77fe700 1 --2- 172.21.15.81:0/318338322 >> [v2:172.21.15.81:6800/3815410564,v1:172.21.15.81:6801/3815410564] conn(0x7f6fec038700 0x7f6fec03abc0 unknown :-1 s=NONE pgs=0 cs=0 l=1 rev1=0 crypto rx=0 tx=0 comp rx=0 tx=0).connect
2024-05-08T21:25:46.422 INFO:teuthology.orchestra.run.smithi081.stdout:/usr/bin/ceph: stderr
2024-05-08T21:25:45.724+0000 7f6ff77fe700 1 -- 172.21.15.81:0/318338322 <== mon.0 v2:172.21.15.81:3300/0 5 ==== osd_map(2..2 src has 1..2) v4 ==== 940+0+0 (secure 0 0 0) 0x7f6ff004c6c0 con 0x7f7000107560
2024-05-08T21:25:46.422 INFO:teuthology.orchestra.run.smithi081.stdout:/usr/bin/ceph: stderr
2024-05-08T21:25:45.724+0000 7f6ffdd9b700 1 --2- 172.21.15.81:0/318338322 >> [v2:172.21.15.81:6800/3815410564,v1:172.21.15.81:6801/3815410564] conn(0x7f6fec038700 0x7f6fec03abc0 unknown :-1 s=BANNER_CONNECTING pgs=0 cs=0 l=1 rev1=0 crypto rx=0 tx=0 comp rx=0 tx=0)._handle_peer_banner_payload supported=3 required=0
2024-05-08T21:25:46.422 INFO:teuthology.orchestra.run.smithi081.stdout:/usr/bin/ceph: stderr
2024-05-08T21:25:45.724+0000 7f6ffdd9b700 1 --2- 172.21.15.81:0/318338322 >> [v2:172.21.15.81:6800/3815410564,v1:172.21.15.81:6801/3815410564] conn(0x7f6fec038700 0x7f6fec03abc0 secure :-1 s=READY pgs=16 cs=0 l=1 rev1=1 crypto rx=0x7f6fe8006fd0 tx=0x7f6fe8006e40 comp rx=0 tx=0).ready entity=mgr.14120 client_cookie=0 server_cookie=0 in_seq=0 out_seq=0
2024-05-08T21:25:46.422 INFO:teuthology.orchestra.run.smithi081.stdout:/usr/bin/ceph: stderr
2024-05-08T21:25:45.729+0000 7f6ff77fe700 1 -- 172.21.15.81:0/318338322 <== mon.0 v2:172.21.15.81:3300/0 6 ==== mon_command_ack([{"prefix": "get_command_descriptions"}]=0 v0) v1 ==== 72+0+183622 (secure 0 0 0) 0x7f6ff002dc90 con 0x7f7000107560
2024-05-08T21:25:46.422 INFO:teuthology.orchestra.run.smithi081.stdout:/usr/bin/ceph: stderr
2024-05-08T21:25:45.976+0000 7f700490e700 1 -- 172.21.15.81:0/318338322 --> [v2:172.21.15.81:3300/0,v1:172.21.15.81:6789/0] -- mon_command({"prefix": "mgr module enable", "module": "dashboard"} v 0) v1 -- 0x7f700010afa0 con 0x7f7000107560
2024-05-08T21:25:46.422 INFO:teuthology.orchestra.run.smithi081.stdout:/usr/bin/ceph: stderr
2024-05-08T21:25:46.029+0000 7f6ff77fe700 1 -- 172.21.15.81:0/318338322 <== mon.0 v2:172.21.15.81:3300/0 7 ==== mgrmap(e 9) v1 ==== 45554+0+0 (secure 0 0 0) 0x7f6ff0018aa0 con 0x7f7000107560
2024-05-08T21:25:46.422 INFO:teuthology.orchestra.run.smithi081.stdout:/usr/bin/ceph: stderr
2024-05-08T21:25:46.031+0000 7f6ff77fe700 1 -- 172.21.15.81:0/318338322 <== mon.0 v2:172.21.15.81:3300/0 8 ==== mon_command_ack([{"prefix": "mgr module enable", "module": "dashboard"}]=0 v9) v1 ==== 88+0+0 (secure 0 0 0) 0x7f6ff0018350 con 0x7f7000107560
2024-05-08T21:25:46.422 INFO:teuthology.orchestra.run.smithi081.stdout:/usr/bin/ceph: stderr
2024-05-08T21:25:46.034+0000 7f700490e700 1 -- 172.21.15.81:0/318338322 >> [v2:172.21.15.81:6800/3815410564,v1:172.21.15.81:6801/3815410564] conn(0x7f6fec038700 msgr2=0x7f6fec03abc0 secure :-1 s=STATE_CONNECTION_ESTABLISHED l=1).mark_down
2024-05-08T21:25:46.422 INFO:teuthology.orchestra.run.smithi081.stdout:/usr/bin/ceph: stderr
2024-05-08T21:25:46.034+0000 7f700490e700 1 --2- 172.21.15.81:0/318338322 >> [v2:172.21.15.81:6800/3815410564,v1:172.21.15.81:6801/3815410564] conn(0x7f6fec038700 0x7f6fec03abc0 secure :-1 s=READY pgs=16 cs=0 l=1 rev1=1 crypto rx=0x7f6fe8006fd0 tx=0x7f6fe8006e40 comp rx=0 tx=0).stop
2024-05-08T21:25:46.422 INFO:teuthology.orchestra.run.smithi081.stdout:/usr/bin/ceph: stderr
2024-05-08T21:25:46.034+0000 7f700490e700 1 -- 172.21.15.81:0/318338322 >> [v2:172.21.15.81:3300/0,v1:172.21.15.81:6789/0] conn(0x7f7000107560 msgr2=0x7f7000106d90 secure :-1 s=STATE_CONNECTION_ESTABLISHED l=1).mark_down
2024-05-08T21:25:46.422 INFO:teuthology.orchestra.run.smithi081.stdout:/usr/bin/ceph: stderr
2024-05-08T21:25:46.034+0000 7f700490e700 1 --2- 172.21.15.81:0/318338322 >> [v2:172.21.15.81:3300/0,v1:172.21.15.81:6789/0] conn(0x7f7000107560 0x7f7000106d90 secure :-1 s=READY pgs=56 cs=0 l=1 rev1=1 crypto rx=0x7f6ff0011b40 tx=0x7f6ff0011c20 comp rx=0 tx=0).stop
2024-05-08T21:25:46.423 INFO:teuthology.orchestra.run.smithi081.stdout:/usr/bin/ceph: stderr
2024-05-08T21:25:46.034+0000 7f700490e700 1 -- 172.21.15.81:0/318338322 shutdown_connections
2024-05-08T21:25:46.423 INFO:teuthology.orchestra.run.smithi081.stdout:/usr/bin/ceph: stderr
2024-05-08T21:25:46.034+0000 7f700490e700 1 --2- 172.21.15.81:0/318338322 >> [v2:172.21.15.81:6800/3815410564,v1:172.21.15.81:6801/3815410564] conn(0x7f6fec038700 0x7f6fec03abc0 unknown :-1 s=CLOSED pgs=16 cs=0 l=1 rev1=1 crypto rx=0 tx=0 comp rx=0 tx=0).stop
2024-05-08T21:25:46.423 INFO:teuthology.orchestra.run.smithi081.stdout:/usr/bin/ceph: stderr
2024-05-08T21:25:46.034+0000 7f700490e700 1 --2- 172.21.15.81:0/318338322 >> [v2:172.21.15.81:3300/0,v1:172.21.15.81:6789/0] conn(0x7f7000107560 0x7f7000106d90 unknown :-1 s=CLOSED pgs=56 cs=0 l=1 rev1=1 crypto rx=0 tx=0 comp rx=0 tx=0).stop
2024-05-08T21:25:46.423 INFO:teuthology.orchestra.run.smithi081.stdout:/usr/bin/ceph: stderr
2024-05-08T21:25:46.034+0000 7f700490e700 1 -- 172.21.15.81:0/318338322 >> 172.21.15.81:0/318338322 conn(0x7f7000100ef0 msgr2=0x7f7000101a90 unknown :-1 s=STATE_NONE l=0).mark_down
2024-05-08T21:25:46.423 INFO:teuthology.orchestra.run.smithi081.stdout:/usr/bin/ceph: stderr
2024-05-08T21:25:46.034+0000 7f700490e700 1 -- 172.21.15.81:0/318338322 shutdown_connections
2024-05-08T21:25:46.423 INFO:teuthology.orchestra.run.smithi081.stdout:/usr/bin/ceph: stderr
2024-05-08T21:25:46.034+0000 7f700490e700 1 -- 172.21.15.81:0/318338322 wait complete.
2024-05-08T21:25:46.649 INFO:journalctl@ceph.mgr.x.smithi081.stdout:May 08 21:25:46 smithi081 ceph-51ab18d4-0d81-11ef-bc97-c7b262605968-mgr-x[42732]:
2024-05-08T21:25:46.476+0000 7f02f1788200 -1 mgr[py] Module prometheus has missing NOTIFY_TYPES member
2024-05-08T21:25:46.649 INFO:journalctl@ceph.mgr.x.smithi081.stdout:May 08 21:25:46 smithi081 ceph-51ab18d4-0d81-11ef-bc97-c7b262605968-mgr-x[42732]:
2024-05-08T21:25:46.578+0000 7f02f1788200 -1 mgr[py] Module alerts has missing NOTIFY_TYPES member
2024-05-08T21:25:47.033 INFO:journalctl@ceph.mgr.x.smithi081.stdout:May 08 21:25:46 smithi081 ceph-51ab18d4-0d81-11ef-bc97-c7b262605968-mgr-x[42732]:
2024-05-08T21:25:46.667+0000 7f02f1788200 -1 mgr[py] Module osd_perf_query has missing NOTIFY_TYPES member
2024-05-08T21:25:47.033 INFO:journalctl@ceph.mgr.x.smithi081.stdout:May 08 21:25:46 smithi081 ceph-51ab18d4-0d81-11ef-bc97-c7b262605968-mgr-x[42732]:
2024-05-08T21:25:46.755+0000 7f02f1788200 -1 mgr[py] Module progress has missing NOTIFY_TYPES member
2024-05-08T21:25:47.381 INFO:journalctl@ceph.mon.a.smithi081.stdout:May 08 21:25:47 smithi081 ceph-mon[42480]: from='client.? 172.21.15.81:0/318338322' entity='client.admin' cmd='[{"prefix": "mgr module enable", "module": "dashboard"}]': finished
2024-05-08T21:25:47.382 INFO:journalctl@ceph.mon.a.smithi081.stdout:May 08 21:25:47 smithi081 ceph-mon[42480]: mgrmap e9: x(active, since 13s)
2024-05-08T21:25:47.469 INFO:teuthology.orchestra.run.smithi081.stdout:/usr/bin/ceph: stdout {
2024-05-08T21:25:47.469 INFO:teuthology.orchestra.run.smithi081.stdout:/usr/bin/ceph: stdout "epoch": 9,
2024-05-08T21:25:47.470 INFO:teuthology.orchestra.run.smithi081.stdout:/usr/bin/ceph: stdout "available": true,
2024-05-08T21:25:47.470 INFO:teuthology.orchestra.run.smithi081.stdout:/usr/bin/ceph: stdout "active_name": "x",
2024-05-08T21:25:47.470 INFO:teuthology.orchestra.run.smithi081.stdout:/usr/bin/ceph: stdout "num_standby": 0
2024-05-08T21:25:47.470 INFO:teuthology.orchestra.run.smithi081.stdout:/usr/bin/ceph: stdout }
2024-05-08T21:25:47.470 INFO:teuthology.orchestra.run.smithi081.stdout:/usr/bin/ceph: stderr
2024-05-08T21:25:46.780+0000 7fa8abcc6700 1 Processor -- start
2024-05-08T21:25:47.470 INFO:teuthology.orchestra.run.smithi081.stdout:/usr/bin/ceph: stderr
2024-05-08T21:25:46.781+0000 7fa8abcc6700 1 -- start start
2024-05-08T21:25:47.470 INFO:teuthology.orchestra.run.smithi081.stdout:/usr/bin/ceph: stderr
2024-05-08T21:25:46.781+0000 7fa8abcc6700 1 --2- >> [v2:172.21.15.81:3300/0,v1:172.21.15.81:6789/0] conn(0x7fa8a4104d50 0x7fa8a4105170 unknown :-1 s=NONE pgs=0 cs=0 l=0 rev1=0 crypto rx=0 tx=0 comp rx=0 tx=0).connect
2024-05-08T21:25:47.470 INFO:teuthology.orchestra.run.smithi081.stdout:/usr/bin/ceph: stderr
2024-05-08T21:25:46.781+0000 7fa8abcc6700 1 -- --> [v2:172.21.15.81:3300/0,v1:172.21.15.81:6789/0] -- mon_getmap magic: 0 v1 -- 0x7fa8a4105740 con 0x7fa8a4104d50
2024-05-08T21:25:47.470 INFO:teuthology.orchestra.run.smithi081.stdout:/usr/bin/ceph: stderr
2024-05-08T21:25:46.781+0000 7fa8a9a62700 1 --2- >> [v2:172.21.15.81:3300/0,v1:172.21.15.81:6789/0] conn(0x7fa8a4104d50 0x7fa8a4105170 unknown :-1 s=BANNER_CONNECTING pgs=0 cs=0 l=0 rev1=0 crypto rx=0 tx=0 comp rx=0 tx=0)._handle_peer_banner_payload supported=3 required=0
2024-05-08T21:25:47.470 INFO:teuthology.orchestra.run.smithi081.stdout:/usr/bin/ceph: stderr
2024-05-08T21:25:46.781+0000 7fa8a9a62700 1 --2- >> [v2:172.21.15.81:3300/0,v1:172.21.15.81:6789/0] conn(0x7fa8a4104d50 0x7fa8a4105170 unknown :-1 s=HELLO_CONNECTING pgs=0 cs=0 l=0 rev1=1 crypto rx=0 tx=0 comp rx=0 tx=0).handle_hello peer v2:172.21.15.81:3300/0 says I am v2:172.21.15.81:49892/0 (socket says 172.21.15.81:49892)
2024-05-08T21:25:47.470 INFO:teuthology.orchestra.run.smithi081.stdout:/usr/bin/ceph: stderr
2024-05-08T21:25:46.781+0000 7fa8a9a62700 1 -- 172.21.15.81:0/2020111231 learned_addr learned my addr 172.21.15.81:0/2020111231 (peer_addr_for_me v2:172.21.15.81:0/0)
2024-05-08T21:25:47.470 INFO:teuthology.orchestra.run.smithi081.stdout:/usr/bin/ceph: stderr
2024-05-08T21:25:46.781+0000 7fa8a9a62700 1 -- 172.21.15.81:0/2020111231 --> [v2:172.21.15.81:3300/0,v1:172.21.15.81:6789/0] -- mon_subscribe({config=0+,monmap=0+}) v3 -- 0x7fa8a4105880 con 0x7fa8a4104d50
2024-05-08T21:25:47.470 INFO:teuthology.orchestra.run.smithi081.stdout:/usr/bin/ceph: stderr
2024-05-08T21:25:46.782+0000 7fa8a9a62700 1 --2- 172.21.15.81:0/2020111231 >> [v2:172.21.15.81:3300/0,v1:172.21.15.81:6789/0] conn(0x7fa8a4104d50 0x7fa8a4105170 secure :-1 s=READY pgs=59 cs=0 l=1 rev1=1 crypto rx=0x7fa8a00098a0 tx=0x7fa8a0009bb0 comp rx=0 tx=0).ready entity=mon.0 client_cookie=fc5e24a01ff88ce6 server_cookie=0 in_seq=0 out_seq=0
2024-05-08T21:25:47.471 INFO:teuthology.orchestra.run.smithi081.stdout:/usr/bin/ceph: stderr
2024-05-08T21:25:46.782+0000 7fa8a8a60700 1 -- 172.21.15.81:0/2020111231 <== mon.0 v2:172.21.15.81:3300/0 1 ==== mon_map magic: 0 v1 ==== 205+0+0 (secure 0 0 0) 0x7fa8a0004160 con 0x7fa8a4104d50
2024-05-08T21:25:47.471 INFO:teuthology.orchestra.run.smithi081.stdout:/usr/bin/ceph: stderr
2024-05-08T21:25:46.782+0000 7fa8a8a60700 1 -- 172.21.15.81:0/2020111231 <== mon.0 v2:172.21.15.81:3300/0 2 ==== config(28 keys) v1 ==== 1174+0+0 (secure 0 0 0) 0x7fa8a00042c0 con 0x7fa8a4104d50
2024-05-08T21:25:47.471 INFO:teuthology.orchestra.run.smithi081.stdout:/usr/bin/ceph: stderr
2024-05-08T21:25:46.782+0000 7fa8a8a60700 1 -- 172.21.15.81:0/2020111231 <== mon.0 v2:172.21.15.81:3300/0 3 ==== mon_map magic: 0 v1 ==== 205+0+0 (secure 0 0 0) 0x7fa8a0011b90 con 0x7fa8a4104d50
2024-05-08T21:25:47.471 INFO:teuthology.orchestra.run.smithi081.stdout:/usr/bin/ceph: stderr
2024-05-08T21:25:46.782+0000 7fa8abcc6700 1 -- 172.21.15.81:0/2020111231 >> [v2:172.21.15.81:3300/0,v1:172.21.15.81:6789/0] conn(0x7fa8a4104d50 msgr2=0x7fa8a4105170 secure :-1 s=STATE_CONNECTION_ESTABLISHED l=1).mark_down
2024-05-08T21:25:47.471 INFO:teuthology.orchestra.run.smithi081.stdout:/usr/bin/ceph: stderr
2024-05-08T21:25:46.782+0000 7fa8abcc6700 1 --2- 172.21.15.81:0/2020111231 >> [v2:172.21.15.81:3300/0,v1:172.21.15.81:6789/0] conn(0x7fa8a4104d50 0x7fa8a4105170 secure :-1 s=READY pgs=59 cs=0 l=1 rev1=1 crypto rx=0x7fa8a00098a0 tx=0x7fa8a0009bb0 comp rx=0 tx=0).stop
2024-05-08T21:25:47.471 INFO:teuthology.orchestra.run.smithi081.stdout:/usr/bin/ceph: stderr
2024-05-08T21:25:46.782+0000 7fa8abcc6700 1 -- 172.21.15.81:0/2020111231 shutdown_connections
2024-05-08T21:25:47.471 INFO:teuthology.orchestra.run.smithi081.stdout:/usr/bin/ceph: stderr
2024-05-08T21:25:46.782+0000 7fa8abcc6700 1 --2- 172.21.15.81:0/2020111231 >> [v2:172.21.15.81:3300/0,v1:172.21.15.81:6789/0] conn(0x7fa8a4104d50 0x7fa8a4105170 unknown :-1 s=CLOSED pgs=59 cs=0 l=1 rev1=1 crypto rx=0 tx=0 comp rx=0 tx=0).stop
2024-05-08T21:25:47.471 INFO:teuthology.orchestra.run.smithi081.stdout:/usr/bin/ceph: stderr
2024-05-08T21:25:46.783+0000 7fa8abcc6700 1 -- 172.21.15.81:0/2020111231 >> 172.21.15.81:0/2020111231 conn(0x7fa8a4100740 msgr2=0x7fa8a4102b60 unknown :-1 s=STATE_NONE l=0).mark_down
2024-05-08T21:25:47.471 INFO:teuthology.orchestra.run.smithi081.stdout:/usr/bin/ceph: stderr
2024-05-08T21:25:46.783+0000 7fa8abcc6700 1 -- 172.21.15.81:0/2020111231 shutdown_connections
2024-05-08T21:25:47.471 INFO:teuthology.orchestra.run.smithi081.stdout:/usr/bin/ceph: stderr
2024-05-08T21:25:46.783+0000 7fa8abcc6700 1 -- 172.21.15.81:0/2020111231 wait complete.
2024-05-08T21:25:47.471 INFO:teuthology.orchestra.run.smithi081.stdout:/usr/bin/ceph: stderr
2024-05-08T21:25:46.783+0000 7fa8abcc6700 1 Processor -- start
2024-05-08T21:25:47.471 INFO:teuthology.orchestra.run.smithi081.stdout:/usr/bin/ceph: stderr
2024-05-08T21:25:46.783+0000 7fa8abcc6700 1 -- start start
2024-05-08T21:25:47.471 INFO:teuthology.orchestra.run.smithi081.stdout:/usr/bin/ceph: stderr
2024-05-08T21:25:46.784+0000 7fa8abcc6700 1 --2- >> [v2:172.21.15.81:3300/0,v1:172.21.15.81:6789/0] conn(0x7fa8a4104d50 0x7fa8a419a810 unknown :-1 s=NONE pgs=0 cs=0 l=1 rev1=0 crypto rx=0 tx=0 comp rx=0 tx=0).connect
2024-05-08T21:25:47.472 INFO:teuthology.orchestra.run.smithi081.stdout:/usr/bin/ceph: stderr
2024-05-08T21:25:46.784+0000 7fa8abcc6700 1 -- --> [v2:172.21.15.81:3300/0,v1:172.21.15.81:6789/0] -- mon_getmap magic: 0 v1 -- 0x7fa8a419ad50 con 0x7fa8a4104d50
2024-05-08T21:25:47.472 INFO:teuthology.orchestra.run.smithi081.stdout:/usr/bin/ceph: stderr
2024-05-08T21:25:46.784+0000 7fa8a9a62700 1 --2- >> [v2:172.21.15.81:3300/0,v1:172.21.15.81:6789/0] conn(0x7fa8a4104d50 0x7fa8a419a810 unknown :-1 s=BANNER_CONNECTING pgs=0 cs=0 l=1 rev1=0 crypto rx=0 tx=0 comp rx=0 tx=0)._handle_peer_banner_payload supported=3 required=0
2024-05-08T21:25:47.472 INFO:teuthology.orchestra.run.smithi081.stdout:/usr/bin/ceph: stderr
2024-05-08T21:25:46.784+0000 7fa8a9a62700 1 --2- >> [v2:172.21.15.81:3300/0,v1:172.21.15.81:6789/0] conn(0x7fa8a4104d50 0x7fa8a419a810 unknown :-1 s=HELLO_CONNECTING pgs=0 cs=0 l=1 rev1=1 crypto rx=0 tx=0 comp rx=0 tx=0).handle_hello peer v2:172.21.15.81:3300/0 says I am v2:172.21.15.81:49900/0 (socket says 172.21.15.81:49900)
2024-05-08T21:25:47.472 INFO:teuthology.orchestra.run.smithi081.stdout:/usr/bin/ceph: stderr
2024-05-08T21:25:46.784+0000 7fa8a9a62700 1 -- 172.21.15.81:0/4275823954 learned_addr learned my addr 172.21.15.81:0/4275823954 (peer_addr_for_me v2:172.21.15.81:0/0)
2024-05-08T21:25:47.472 INFO:teuthology.orchestra.run.smithi081.stdout:/usr/bin/ceph: stderr
2024-05-08T21:25:46.784+0000 7fa8a9a62700 1 -- 172.21.15.81:0/4275823954 --> [v2:172.21.15.81:3300/0,v1:172.21.15.81:6789/0] -- mon_subscribe({config=0+,monmap=0+}) v3 -- 0x7fa8a0009550 con 0x7fa8a4104d50
2024-05-08T21:25:47.472 INFO:teuthology.orchestra.run.smithi081.stdout:/usr/bin/ceph: stderr
2024-05-08T21:25:46.784+0000 7fa8a9a62700 1 --2- 172.21.15.81:0/4275823954 >> [v2:172.21.15.81:3300/0,v1:172.21.15.81:6789/0] conn(0x7fa8a4104d50 0x7fa8a419a810 secure :-1 s=READY pgs=60 cs=0 l=1 rev1=1 crypto rx=0x7fa8a0000c00 tx=0x7fa8a0011bf0 comp rx=0 tx=0).ready entity=mon.0 client_cookie=0 server_cookie=0 in_seq=0 out_seq=0
2024-05-08T21:25:47.472 INFO:teuthology.orchestra.run.smithi081.stdout:/usr/bin/ceph: stderr
2024-05-08T21:25:46.784+0000 7fa89affd700 1 -- 172.21.15.81:0/4275823954 <== mon.0 v2:172.21.15.81:3300/0 1 ==== mon_map magic: 0 v1 ==== 205+0+0 (secure 0 0 0) 0x7fa8a0003aa0 con 0x7fa8a4104d50
2024-05-08T21:25:47.472 INFO:teuthology.orchestra.run.smithi081.stdout:/usr/bin/ceph: stderr
2024-05-08T21:25:46.784+0000 7fa8abcc6700 1 -- 172.21.15.81:0/4275823954 --> [v2:172.21.15.81:3300/0,v1:172.21.15.81:6789/0] -- mon_subscribe({mgrmap=0+}) v3 -- 0x7fa8a419af50 con 0x7fa8a4104d50
2024-05-08T21:25:47.472 INFO:teuthology.orchestra.run.smithi081.stdout:/usr/bin/ceph: stderr
2024-05-08T21:25:46.784+0000 7fa89affd700 1 -- 172.21.15.81:0/4275823954 <== mon.0 v2:172.21.15.81:3300/0 2 ==== config(28 keys) v1 ==== 1174+0+0 (secure 0 0 0) 0x7fa8a0003c00 con 0x7fa8a4104d50
2024-05-08T21:25:47.472 INFO:teuthology.orchestra.run.smithi081.stdout:/usr/bin/ceph: stderr
2024-05-08T21:25:46.784+0000 7fa89affd700 1 -- 172.21.15.81:0/4275823954 <== mon.0 v2:172.21.15.81:3300/0 3 ==== mon_map magic: 0 v1 ==== 205+0+0 (secure 0 0 0) 0x7fa8a00248a0 con 0x7fa8a4104d50
2024-05-08T21:25:47.472 INFO:teuthology.orchestra.run.smithi081.stdout:/usr/bin/ceph: stderr
2024-05-08T21:25:46.784+0000 7fa8abcc6700 1 -- 172.21.15.81:0/4275823954 --> [v2:172.21.15.81:3300/0,v1:172.21.15.81:6789/0] -- mon_subscribe({osdmap=0}) v3 -- 0x7fa8a419b3f0 con 0x7fa8a4104d50
2024-05-08T21:25:47.472 INFO:teuthology.orchestra.run.smithi081.stdout:/usr/bin/ceph: stderr
2024-05-08T21:25:46.785+0000 7fa89affd700 1 -- 172.21.15.81:0/4275823954 <== mon.0 v2:172.21.15.81:3300/0 4 ==== mgrmap(e 9) v1 ==== 45554+0+0 (secure 0 0 0) 0x7fa8a0024b10 con 0x7fa8a4104d50
2024-05-08T21:25:47.472 INFO:teuthology.orchestra.run.smithi081.stdout:/usr/bin/ceph: stderr
2024-05-08T21:25:46.785+0000 7fa8abcc6700 1 -- 172.21.15.81:0/4275823954 --> [v2:172.21.15.81:3300/0,v1:172.21.15.81:6789/0] -- mon_command({"prefix": "get_command_descriptions"} v 0) v1 -- 0x7fa8a410afb0 con 0x7fa8a4104d50
2024-05-08T21:25:47.472 INFO:teuthology.orchestra.run.smithi081.stdout:/usr/bin/ceph: stderr
2024-05-08T21:25:46.786+0000 7fa89affd700 1 --2- 172.21.15.81:0/4275823954 >> [v2:172.21.15.81:6800/3815410564,v1:172.21.15.81:6801/3815410564] conn(0x7fa890038810 0x7fa89003acd0 unknown :-1 s=NONE pgs=0 cs=0 l=1 rev1=0 crypto rx=0 tx=0 comp rx=0 tx=0).connect
2024-05-08T21:25:47.473 INFO:teuthology.orchestra.run.smithi081.stdout:/usr/bin/ceph: stderr
2024-05-08T21:25:46.786+0000 7fa89affd700 1 -- 172.21.15.81:0/4275823954 <== mon.0 v2:172.21.15.81:3300/0 5 ==== osd_map(2..2 src has 1..2) v4 ==== 940+0+0 (secure 0 0 0) 0x7fa8a004c6b0 con 0x7fa8a4104d50
2024-05-08T21:25:47.473 INFO:teuthology.orchestra.run.smithi081.stdout:/usr/bin/ceph: stderr
2024-05-08T21:25:46.786+0000 7fa8a9261700 1 -- 172.21.15.81:0/4275823954 >> [v2:172.21.15.81:6800/3815410564,v1:172.21.15.81:6801/3815410564] conn(0x7fa890038810 msgr2=0x7fa89003acd0 unknown :-1 s=STATE_CONNECTING_RE l=1).process reconnect failed to v2:172.21.15.81:6800/3815410564
2024-05-08T21:25:47.473 INFO:teuthology.orchestra.run.smithi081.stdout:/usr/bin/ceph: stderr
2024-05-08T21:25:46.786+0000 7fa8a9261700 1 --2- 172.21.15.81:0/4275823954 >> [v2:172.21.15.81:6800/3815410564,v1:172.21.15.81:6801/3815410564] conn(0x7fa890038810 0x7fa89003acd0 unknown :-1 s=START_CONNECT pgs=0 cs=0 l=1 rev1=0 crypto rx=0 tx=0 comp rx=0 tx=0)._fault waiting 0.200000
2024-05-08T21:25:47.473 INFO:teuthology.orchestra.run.smithi081.stdout:/usr/bin/ceph: stderr
2024-05-08T21:25:46.790+0000 7fa89affd700 1 -- 172.21.15.81:0/4275823954 <== mon.0 v2:172.21.15.81:3300/0 6 ==== mon_command_ack([{"prefix": "get_command_descriptions"}]=0 v0) v1 ==== 72+0+183622 (secure 0 0 0) 0x7fa8a0010790 con 0x7fa8a4104d50
2024-05-08T21:25:47.473 INFO:teuthology.orchestra.run.smithi081.stdout:/usr/bin/ceph: stderr
2024-05-08T21:25:46.987+0000 7fa8a9261700 1 -- 172.21.15.81:0/4275823954 >> [v2:172.21.15.81:6800/3815410564,v1:172.21.15.81:6801/3815410564] conn(0x7fa890038810 msgr2=0x7fa89003acd0 unknown :-1 s=STATE_CONNECTING_RE l=1).process reconnect failed to v2:172.21.15.81:6800/3815410564
2024-05-08T21:25:47.473 INFO:teuthology.orchestra.run.smithi081.stdout:/usr/bin/ceph: stderr
2024-05-08T21:25:46.987+0000 7fa8a9261700 1 --2- 172.21.15.81:0/4275823954 >> [v2:172.21.15.81:6800/3815410564,v1:172.21.15.81:6801/3815410564] conn(0x7fa890038810 0x7fa89003acd0 unknown :-1 s=START_CONNECT pgs=0 cs=0 l=1 rev1=0 crypto rx=0 tx=0 comp rx=0 tx=0)._fault waiting 0.400000
2024-05-08T21:25:47.473 INFO:teuthology.orchestra.run.smithi081.stdout:/usr/bin/ceph: stderr
2024-05-08T21:25:47.047+0000 7fa8abcc6700 1 -- 172.21.15.81:0/4275823954 --> [v2:172.21.15.81:3300/0,v1:172.21.15.81:6789/0] -- mon_command({"prefix": "mgr stat"} v 0) v1 -- 0x7fa8a419dc80 con 0x7fa8a4104d50
2024-05-08T21:25:47.473 INFO:teuthology.orchestra.run.smithi081.stdout:/usr/bin/ceph: stderr
2024-05-08T21:25:47.047+0000 7fa89affd700 1 -- 172.21.15.81:0/4275823954 <== mon.0 v2:172.21.15.81:3300/0 7 ==== mon_command_ack([{"prefix": "mgr stat"}]=0 v9) v1 ==== 56+0+88 (secure 0 0 0) 0x7fa8a002c350 con 0x7fa8a4104d50
2024-05-08T21:25:47.473 INFO:teuthology.orchestra.run.smithi081.stdout:/usr/bin/ceph: stderr
2024-05-08T21:25:47.049+0000 7fa8abcc6700 1 -- 172.21.15.81:0/4275823954 >> [v2:172.21.15.81:6800/3815410564,v1:172.21.15.81:6801/3815410564] conn(0x7fa890038810 msgr2=0x7fa89003acd0 unknown :-1 s=STATE_CONNECTING l=1).mark_down
2024-05-08T21:25:47.473 INFO:teuthology.orchestra.run.smithi081.stdout:/usr/bin/ceph: stderr
2024-05-08T21:25:47.049+0000 7fa8abcc6700 1 --2- 172.21.15.81:0/4275823954 >> [v2:172.21.15.81:6800/3815410564,v1:172.21.15.81:6801/3815410564] conn(0x7fa890038810 0x7fa89003acd0 unknown :-1 s=START_CONNECT pgs=0 cs=0 l=1 rev1=0 crypto rx=0 tx=0 comp rx=0 tx=0).stop
2024-05-08T21:25:47.473 INFO:teuthology.orchestra.run.smithi081.stdout:/usr/bin/ceph: stderr
2024-05-08T21:25:47.049+0000 7fa8abcc6700 1 -- 172.21.15.81:0/4275823954 >> [v2:172.21.15.81:3300/0,v1:172.21.15.81:6789/0] conn(0x7fa8a4104d50 msgr2=0x7fa8a419a810 secure :-1 s=STATE_CONNECTION_ESTABLISHED l=1).mark_down
2024-05-08T21:25:47.473 INFO:teuthology.orchestra.run.smithi081.stdout:/usr/bin/ceph: stderr
2024-05-08T21:25:47.049+0000 7fa8abcc6700 1 --2- 172.21.15.81:0/4275823954 >> [v2:172.21.15.81:3300/0,v1:172.21.15.81:6789/0] conn(0x7fa8a4104d50 0x7fa8a419a810 secure :-1 s=READY pgs=60 cs=0 l=1 rev1=1 crypto rx=0x7fa8a0000c00 tx=0x7fa8a0011bf0 comp rx=0 tx=0).stop
2024-05-08T21:25:47.473 INFO:teuthology.orchestra.run.smithi081.stdout:/usr/bin/ceph: stderr
2024-05-08T21:25:47.049+0000 7fa8abcc6700 1 -- 172.21.15.81:0/4275823954 shutdown_connections
2024-05-08T21:25:47.474 INFO:teuthology.orchestra.run.smithi081.stdout:/usr/bin/ceph: stderr
2024-05-08T21:25:47.049+0000 7fa8abcc6700 1 --2- 172.21.15.81:0/4275823954 >> [v2:172.21.15.81:6800/3815410564,v1:172.21.15.81:6801/3815410564] conn(0x7fa890038810 0x7fa89003acd0 unknown :-1 s=CLOSED pgs=0 cs=0 l=1 rev1=0 crypto rx=0 tx=0 comp rx=0 tx=0).stop
2024-05-08T21:25:47.474 INFO:teuthology.orchestra.run.smithi081.stdout:/usr/bin/ceph: stderr
2024-05-08T21:25:47.049+0000 7fa8abcc6700 1 --2- 172.21.15.81:0/4275823954 >> [v2:172.21.15.81:3300/0,v1:172.21.15.81:6789/0] conn(0x7fa8a4104d50 0x7fa8a419a810 unknown :-1 s=CLOSED pgs=60 cs=0 l=1 rev1=1 crypto rx=0 tx=0 comp rx=0 tx=0).stop
2024-05-08T21:25:47.474 INFO:teuthology.orchestra.run.smithi081.stdout:/usr/bin/ceph: stderr
2024-05-08T21:25:47.049+0000 7fa8abcc6700 1 -- 172.21.15.81:0/4275823954 >> 172.21.15.81:0/4275823954 conn(0x7fa8a4100740 msgr2=0x7fa8a41011c0 unknown :-1 s=STATE_NONE l=0).mark_down
2024-05-08T21:25:47.474 INFO:teuthology.orchestra.run.smithi081.stdout:/usr/bin/ceph: stderr
2024-05-08T21:25:47.050+0000 7fa8abcc6700 1 -- 172.21.15.81:0/4275823954 shutdown_connections
2024-05-08T21:25:47.474 INFO:teuthology.orchestra.run.smithi081.stdout:/usr/bin/ceph: stderr
2024-05-08T21:25:47.050+0000 7fa8abcc6700 1 -- 172.21.15.81:0/4275823954 wait complete.
2024-05-08T21:25:47.474 INFO:teuthology.orchestra.run.smithi081.stdout:Waiting for the mgr to restart...
2024-05-08T21:25:47.474 INFO:teuthology.orchestra.run.smithi081.stdout:Waiting for mgr epoch 9...
2024-05-08T21:25:47.649 INFO:journalctl@ceph.mgr.x.smithi081.stdout:May 08 21:25:47 smithi081 ceph-51ab18d4-0d81-11ef-bc97-c7b262605968-mgr-x[42732]:
2024-05-08T21:25:47.408+0000 7f02f1788200 -1 mgr[py] Module orchestrator has missing NOTIFY_TYPES member
2024-05-08T21:25:48.032 INFO:journalctl@ceph.mgr.x.smithi081.stdout:May 08 21:25:47 smithi081 ceph-51ab18d4-0d81-11ef-bc97-c7b262605968-mgr-x[42732]:
2024-05-08T21:25:47.671+0000 7f02f1788200 -1 mgr[py] Module nfs has missing NOTIFY_TYPES member
2024-05-08T21:25:48.032 INFO:journalctl@ceph.mgr.x.smithi081.stdout:May 08 21:25:47 smithi081 ceph-51ab18d4-0d81-11ef-bc97-c7b262605968-mgr-x[42732]:
2024-05-08T21:25:47.760+0000 7f02f1788200 -1 mgr[py] Module zabbix has missing NOTIFY_TYPES member
2024-05-08T21:25:48.032 INFO:journalctl@ceph.mgr.x.smithi081.stdout:May 08 21:25:47 smithi081 ceph-51ab18d4-0d81-11ef-bc97-c7b262605968-mgr-x[42732]:
2024-05-08T21:25:47.874+0000 7f02f1788200 -1 mgr[py] Module rbd_support has missing NOTIFY_TYPES member
2024-05-08T21:25:48.032 INFO:journalctl@ceph.mgr.x.smithi081.stdout:May 08 21:25:48 smithi081 ceph-51ab18d4-0d81-11ef-bc97-c7b262605968-mgr-x[42732]:
2024-05-08T21:25:48.031+0000 7f02f1788200 -1 mgr[py] Module status has missing NOTIFY_TYPES member
2024-05-08T21:25:48.399 INFO:journalctl@ceph.mon.a.smithi081.stdout:May 08 21:25:48 smithi081 ceph-mon[42480]: from='client.? 172.21.15.81:0/4275823954' entity='client.admin' cmd=[{"prefix": "mgr stat"}]: dispatch
2024-05-08T21:25:48.399 INFO:journalctl@ceph.mgr.x.smithi081.stdout:May 08 21:25:48 smithi081 ceph-51ab18d4-0d81-11ef-bc97-c7b262605968-mgr-x[42732]:
2024-05-08T21:25:48.159+0000 7f02f1788200 -1 mgr[py] Module diskprediction_local has missing NOTIFY_TYPES member
2024-05-08T21:25:48.399 INFO:journalctl@ceph.mgr.x.smithi081.stdout:May 08 21:25:48 smithi081 ceph-51ab18d4-0d81-11ef-bc97-c7b262605968-mgr-x[42732]:
2024-05-08T21:25:48.244+0000 7f02f1788200 -1 mgr[py] Module telegraf has missing NOTIFY_TYPES member
2024-05-08T21:25:48.899 INFO:journalctl@ceph.mgr.x.smithi081.stdout:May 08 21:25:48 smithi081 ceph-51ab18d4-0d81-11ef-bc97-c7b262605968-mgr-x[42732]:
2024-05-08T21:25:48.611+0000 7f02f1788200 -1 mgr[py] Module influx has missing NOTIFY_TYPES member
2024-05-08T21:25:49.288 INFO:journalctl@ceph.mgr.x.smithi081.stdout:May 08 21:25:49 smithi081 ceph-51ab18d4-0d81-11ef-bc97-c7b262605968-mgr-x[42732]:
2024-05-08T21:25:48.999+0000 7f02f1788200 -1 mgr[py] Module pg_autoscaler has missing NOTIFY_TYPES member
2024-05-08T21:25:49.289 INFO:journalctl@ceph.mgr.x.smithi081.stdout:May 08 21:25:49 smithi081 ceph-51ab18d4-0d81-11ef-bc97-c7b262605968-mgr-x[42732]:
2024-05-08T21:25:49.194+0000 7f02f1788200 -1 mgr[py] Module rgw has missing NOTIFY_TYPES member
2024-05-08T21:25:49.649 INFO:journalctl@ceph.mgr.x.smithi081.stdout:May 08 21:25:49 smithi081 ceph-51ab18d4-0d81-11ef-bc97-c7b262605968-mgr-x[42732]:
2024-05-08T21:25:49.287+0000 7f02f1788200 -1 mgr[py] Module balancer has missing NOTIFY_TYPES member
2024-05-08T21:25:50.399 INFO:journalctl@ceph.mgr.x.smithi081.stdout:May 08 21:25:50 smithi081 ceph-51ab18d4-0d81-11ef-bc97-c7b262605968-mgr-x[42732]:
2024-05-08T21:25:50.043+0000 7f02f1788200 -1 mgr[py] Module iostat has missing NOTIFY_TYPES member
2024-05-08T21:25:50.399 INFO:journalctl@ceph.mgr.x.smithi081.stdout:May 08 21:25:50 smithi081 ceph-51ab18d4-0d81-11ef-bc97-c7b262605968-mgr-x[42732]:
2024-05-08T21:25:50.142+0000 7f02f1788200 -1 mgr[py] Module snap_schedule has missing NOTIFY_TYPES member
2024-05-08T21:25:50.399 INFO:journalctl@ceph.mgr.x.smithi081.stdout:May 08 21:25:50 smithi081 ceph-51ab18d4-0d81-11ef-bc97-c7b262605968-mgr-x[42732]:
2024-05-08T21:25:50.291+0000 7f02f1788200 -1 mgr[py] Module telemetry has missing NOTIFY_TYPES member
2024-05-08T21:25:51.290 INFO:journalctl@ceph.mgr.x.smithi081.stdout:May 08 21:25:50 smithi081 ceph-51ab18d4-0d81-11ef-bc97-c7b262605968-mgr-x[42732]:
2024-05-08T21:25:50.914+0000 7f02f1788200 -1 mgr[py] Module rook has missing NOTIFY_TYPES member
2024-05-08T21:25:51.291 INFO:journalctl@ceph.mgr.x.smithi081.stdout:May 08 21:25:51 smithi081 ceph-51ab18d4-0d81-11ef-bc97-c7b262605968-mgr-x[42732]:
2024-05-08T21:25:51.096+0000 7f02f1788200 -1 mgr[py] Module selftest has missing NOTIFY_TYPES member
2024-05-08T21:25:51.649 INFO:journalctl@ceph.mgr.x.smithi081.stdout:May 08 21:25:51 smithi081 ceph-51ab18d4-0d81-11ef-bc97-c7b262605968-mgr-x[42732]:
2024-05-08T21:25:51.289+0000 7f02f1788200 -1 mgr[py] Module devicehealth has missing NOTIFY_TYPES member
2024-05-08T21:25:52.503 INFO:journalctl@ceph.mgr.x.smithi081.stdout:May 08 21:25:52 smithi081 ceph-51ab18d4-0d81-11ef-bc97-c7b262605968-mgr-x[42732]:
2024-05-08T21:25:52.211+0000 7f02f1788200 -1 mgr[py] Module volumes has missing NOTIFY_TYPES member
2024-05-08T21:25:52.785 INFO:journalctl@ceph.mgr.x.smithi081.stdout:May 08 21:25:52 smithi081 ceph-51ab18d4-0d81-11ef-bc97-c7b262605968-mgr-x[42732]:
2024-05-08T21:25:52.501+0000 7f02f1788200 -1 mgr[py] Module test_orchestrator has missing NOTIFY_TYPES member
2024-05-08T21:25:52.785 INFO:journalctl@ceph.mgr.x.smithi081.stdout:May 08 21:25:52 smithi081 ceph-51ab18d4-0d81-11ef-bc97-c7b262605968-mgr-x[42732]:
2024-05-08T21:25:52.589+0000 7f02f1788200 -1 mgr[py] Module osd_support has missing NOTIFY_TYPES member
2024-05-08T21:25:53.149 INFO:journalctl@ceph.mgr.x.smithi081.stdout:May 08 21:25:52 smithi081 ceph-51ab18d4-0d81-11ef-bc97-c7b262605968-mgr-x[42732]:
2024-05-08T21:25:52.783+0000 7f02f1788200 -1 mgr[py] Module crash has missing NOTIFY_TYPES member
2024-05-08T21:25:53.149 INFO:journalctl@ceph.mon.a.smithi081.stdout:May 08 21:25:52 smithi081 ceph-mon[42480]: Active manager daemon x restarted
2024-05-08T21:25:53.149 INFO:journalctl@ceph.mon.a.smithi081.stdout:May 08 21:25:52 smithi081 ceph-mon[42480]: Activating manager daemon x
2024-05-08T21:25:53.149 INFO:journalctl@ceph.mon.a.smithi081.stdout:May 08 21:25:52 smithi081 ceph-mon[42480]: osdmap e3: 0 total, 0 up, 0 in
2024-05-08T21:25:53.149 INFO:journalctl@ceph.mon.a.smithi081.stdout:May 08 21:25:52 smithi081 ceph-mon[42480]: mgrmap e10: x(active, starting, since 0.00314916s)
2024-05-08T21:25:53.149 INFO:journalctl@ceph.mon.a.smithi081.stdout:May 08 21:25:52 smithi081 ceph-mon[42480]: from='mgr.14152 172.21.15.81:0/3231951729' entity='mgr.x' cmd=[{"prefix": "mon metadata", "id": "a"}]: dispatch
2024-05-08T21:25:53.149 INFO:journalctl@ceph.mon.a.smithi081.stdout:May 08 21:25:52 smithi081 ceph-mon[42480]: from='mgr.14152 172.21.15.81:0/3231951729' entity='mgr.x' cmd=[{"prefix": "mgr metadata", "who": "x", "id": "x"}]: dispatch
2024-05-08T21:25:53.150 INFO:journalctl@ceph.mon.a.smithi081.stdout:May 08 21:25:52 smithi081 ceph-mon[42480]: from='mgr.14152 172.21.15.81:0/3231951729' entity='mgr.x' cmd=[{"prefix": "mds metadata"}]: dispatch
2024-05-08T21:25:53.150 INFO:journalctl@ceph.mon.a.smithi081.stdout:May 08 21:25:52 smithi081 ceph-mon[42480]: from='mgr.14152 172.21.15.81:0/3231951729' entity='mgr.x' cmd=[{"prefix": "osd metadata"}]: dispatch
2024-05-08T21:25:53.150 INFO:journalctl@ceph.mon.a.smithi081.stdout:May 08 21:25:52 smithi081 ceph-mon[42480]: from='mgr.14152 172.21.15.81:0/3231951729' entity='mgr.x' cmd=[{"prefix": "mon metadata"}]: dispatch
2024-05-08T21:25:53.150 INFO:journalctl@ceph.mon.a.smithi081.stdout:May 08 21:25:52 smithi081 ceph-mon[42480]: Manager daemon x is now available
2024-05-08T21:25:53.150 INFO:journalctl@ceph.mon.a.smithi081.stdout:May 08 21:25:52 smithi081 ceph-mon[42480]: from='mgr.14152 172.21.15.81:0/3231951729' entity='mgr.x' cmd=[{"prefix": "config dump", "format": "json"}]: dispatch
2024-05-08T21:25:54.115 INFO:journalctl@ceph.mon.a.smithi081.stdout:May 08 21:25:53 smithi081 ceph-mon[42480]: from='mgr.14152 172.21.15.81:0/3231951729' entity='mgr.x' cmd=[{"prefix":"config rm","who":"mgr","name":"mgr/rbd_support/x/mirror_snapshot_schedule"}]: dispatch
2024-05-08T21:25:54.115 INFO:journalctl@ceph.mon.a.smithi081.stdout:May 08 21:25:53 smithi081 ceph-mon[42480]: from='mgr.14152 172.21.15.81:0/3231951729' entity='mgr.x' cmd=[{"prefix":"config rm","who":"mgr","name":"mgr/rbd_support/x/trash_purge_schedule"}]: dispatch
2024-05-08T21:25:54.115 INFO:journalctl@ceph.mon.a.smithi081.stdout:May 08 21:25:53 smithi081 ceph-mon[42480]: from='mgr.14152 172.21.15.81:0/3231951729' entity='mgr.x'
2024-05-08T21:25:54.116 INFO:journalctl@ceph.mon.a.smithi081.stdout:May 08 21:25:53 smithi081 ceph-mon[42480]: mgrmap e11: x(active, since 1.00614s)
2024-05-08T21:25:54.184 INFO:teuthology.orchestra.run.smithi081.stdout:/usr/bin/ceph: stdout {
2024-05-08T21:25:54.184 INFO:teuthology.orchestra.run.smithi081.stdout:/usr/bin/ceph: stdout "mgrmap_epoch": 11,
2024-05-08T21:25:54.184 INFO:teuthology.orchestra.run.smithi081.stdout:/usr/bin/ceph: stdout "initialized": true
2024-05-08T21:25:54.184 INFO:teuthology.orchestra.run.smithi081.stdout:/usr/bin/ceph: stdout }
2024-05-08T21:25:54.184 INFO:teuthology.orchestra.run.smithi081.stdout:/usr/bin/ceph: stderr
2024-05-08T21:25:47.804+0000 7f978c2fb700 1 Processor -- start
2024-05-08T21:25:54.184 INFO:teuthology.orchestra.run.smithi081.stdout:/usr/bin/ceph: stderr
2024-05-08T21:25:47.804+0000 7f978c2fb700 1 -- start start
2024-05-08T21:25:54.184 INFO:teuthology.orchestra.run.smithi081.stdout:/usr/bin/ceph: stderr
2024-05-08T21:25:47.804+0000 7f978c2fb700 1 --2- >> [v2:172.21.15.81:3300/0,v1:172.21.15.81:6789/0] conn(0x7f9784105960 0x7f9784105d80 unknown :-1 s=NONE pgs=0 cs=0 l=0 rev1=0 crypto rx=0 tx=0 comp rx=0 tx=0).connect
2024-05-08T21:25:54.184 INFO:teuthology.orchestra.run.smithi081.stdout:/usr/bin/ceph: stderr
2024-05-08T21:25:47.804+0000 7f978c2fb700 1 -- --> [v2:172.21.15.81:3300/0,v1:172.21.15.81:6789/0] -- mon_getmap magic: 0 v1 -- 0x7f9784106350 con 0x7f9784105960
2024-05-08T21:25:54.184 INFO:teuthology.orchestra.run.smithi081.stdout:/usr/bin/ceph: stderr
2024-05-08T21:25:47.804+0000 7f978a097700 1 --2- >> [v2:172.21.15.81:3300/0,v1:172.21.15.81:6789/0] conn(0x7f9784105960 0x7f9784105d80 unknown :-1 s=BANNER_CONNECTING pgs=0 cs=0 l=0 rev1=0 crypto rx=0 tx=0 comp rx=0 tx=0)._handle_peer_banner_payload supported=3 required=0
2024-05-08T21:25:54.184 INFO:teuthology.orchestra.run.smithi081.stdout:/usr/bin/ceph: stderr
2024-05-08T21:25:47.804+0000 7f978a097700 1 --2- >> [v2:172.21.15.81:3300/0,v1:172.21.15.81:6789/0] conn(0x7f9784105960 0x7f9784105d80 unknown :-1 s=HELLO_CONNECTING pgs=0 cs=0 l=0 rev1=1 crypto rx=0 tx=0 comp rx=0 tx=0).handle_hello peer v2:172.21.15.81:3300/0 says I am v2:172.21.15.81:47500/0 (socket says 172.21.15.81:47500)
2024-05-08T21:25:54.185 INFO:teuthology.orchestra.run.smithi081.stdout:/usr/bin/ceph: stderr
2024-05-08T21:25:47.804+0000 7f978a097700 1 -- 172.21.15.81:0/453943035 learned_addr learned my addr 172.21.15.81:0/453943035 (peer_addr_for_me v2:172.21.15.81:0/0)
2024-05-08T21:25:54.185 INFO:teuthology.orchestra.run.smithi081.stdout:/usr/bin/ceph: stderr
2024-05-08T21:25:47.805+0000 7f978a097700 1 -- 172.21.15.81:0/453943035 --> [v2:172.21.15.81:3300/0,v1:172.21.15.81:6789/0] -- mon_subscribe({config=0+,monmap=0+}) v3 -- 0x7f9784106b60 con 0x7f9784105960
2024-05-08T21:25:54.185 INFO:teuthology.orchestra.run.smithi081.stdout:/usr/bin/ceph: stderr
2024-05-08T21:25:47.805+0000 7f978a097700 1 --2- 172.21.15.81:0/453943035 >> [v2:172.21.15.81:3300/0,v1:172.21.15.81:6789/0] conn(0x7f9784105960 0x7f9784105d80 secure :-1 s=READY pgs=61 cs=0 l=1 rev1=1 crypto rx=0x7f97800098a0 tx=0x7f9780009bb0 comp rx=0 tx=0).ready entity=mon.0 client_cookie=bb1221295a389f93 server_cookie=0 in_seq=0 out_seq=0
2024-05-08T21:25:54.185 INFO:teuthology.orchestra.run.smithi081.stdout:/usr/bin/ceph: stderr
2024-05-08T21:25:47.805+0000 7f9789095700 1 -- 172.21.15.81:0/453943035 <== mon.0 v2:172.21.15.81:3300/0 1 ==== mon_map magic: 0 v1 ==== 205+0+0 (secure 0 0 0) 0x7f9780004160 con 0x7f9784105960
2024-05-08T21:25:54.185 INFO:teuthology.orchestra.run.smithi081.stdout:/usr/bin/ceph: stderr
2024-05-08T21:25:47.805+0000 7f9789095700 1 -- 172.21.15.81:0/453943035 <== mon.0 v2:172.21.15.81:3300/0 2 ==== config(28 keys) v1 ==== 1174+0+0 (secure 0 0 0) 0x7f97800042c0 con 0x7f9784105960
2024-05-08T21:25:54.185 INFO:teuthology.orchestra.run.smithi081.stdout:/usr/bin/ceph: stderr
2024-05-08T21:25:47.805+0000 7f9789095700 1 -- 172.21.15.81:0/453943035 <== mon.0 v2:172.21.15.81:3300/0 3 ==== mon_map magic: 0 v1 ==== 205+0+0 (secure 0 0 0) 0x7f9780011b90 con 0x7f9784105960
2024-05-08T21:25:54.185 INFO:teuthology.orchestra.run.smithi081.stdout:/usr/bin/ceph: stderr
2024-05-08T21:25:47.805+0000 7f978c2fb700 1 -- 172.21.15.81:0/453943035 >> [v2:172.21.15.81:3300/0,v1:172.21.15.81:6789/0] conn(0x7f9784105960 msgr2=0x7f9784105d80 secure :-1 s=STATE_CONNECTION_ESTABLISHED l=1).mark_down
2024-05-08T21:25:54.186 INFO:teuthology.orchestra.run.smithi081.stdout:/usr/bin/ceph: stderr
2024-05-08T21:25:47.805+0000 7f978c2fb700 1 --2- 172.21.15.81:0/453943035 >> [v2:172.21.15.81:3300/0,v1:172.21.15.81:6789/0] conn(0x7f9784105960 0x7f9784105d80 secure :-1 s=READY pgs=61 cs=0 l=1 rev1=1 crypto rx=0x7f97800098a0 tx=0x7f9780009bb0 comp rx=0 tx=0).stop
2024-05-08T21:25:54.186 INFO:teuthology.orchestra.run.smithi081.stdout:/usr/bin/ceph: stderr
2024-05-08T21:25:47.806+0000 7f978c2fb700 1 -- 172.21.15.81:0/453943035 shutdown_connections
2024-05-08T21:25:54.186 INFO:teuthology.orchestra.run.smithi081.stdout:/usr/bin/ceph: stderr
2024-05-08T21:25:47.806+0000 7f978c2fb700 1 --2- 172.21.15.81:0/453943035 >> [v2:172.21.15.81:3300/0,v1:172.21.15.81:6789/0] conn(0x7f9784105960 0x7f9784105d80 unknown :-1 s=CLOSED pgs=61 cs=0 l=1 rev1=1 crypto rx=0 tx=0 comp rx=0 tx=0).stop
2024-05-08T21:25:54.186 INFO:teuthology.orchestra.run.smithi081.stdout:/usr/bin/ceph: stderr
2024-05-08T21:25:47.806+0000 7f978c2fb700 1 -- 172.21.15.81:0/453943035 >> 172.21.15.81:0/453943035 conn(0x7f9784100f40 msgr2=0x7f9784103360 unknown :-1 s=STATE_NONE l=0).mark_down
2024-05-08T21:25:54.186 INFO:teuthology.orchestra.run.smithi081.stdout:/usr/bin/ceph: stderr
2024-05-08T21:25:47.806+0000 7f978c2fb700 1 -- 172.21.15.81:0/453943035 shutdown_connections
2024-05-08T21:25:54.187 INFO:teuthology.orchestra.run.smithi081.stdout:/usr/bin/ceph: stderr
2024-05-08T21:25:47.806+0000 7f978c2fb700 1 -- 172.21.15.81:0/453943035 wait complete.
2024-05-08T21:25:54.187 INFO:teuthology.orchestra.run.smithi081.stdout:/usr/bin/ceph: stderr
2024-05-08T21:25:47.806+0000 7f978c2fb700 1 Processor -- start
2024-05-08T21:25:54.187 INFO:teuthology.orchestra.run.smithi081.stdout:/usr/bin/ceph: stderr
2024-05-08T21:25:47.806+0000 7f978c2fb700 1 -- start start
2024-05-08T21:25:54.187 INFO:teuthology.orchestra.run.smithi081.stdout:/usr/bin/ceph: stderr
2024-05-08T21:25:47.806+0000 7f978c2fb700 1 --2- >> [v2:172.21.15.81:3300/0,v1:172.21.15.81:6789/0] conn(0x7f9784105960 0x7f9784190ac0 unknown :-1 s=NONE pgs=0 cs=0 l=1 rev1=0 crypto rx=0 tx=0 comp rx=0 tx=0).connect
2024-05-08T21:25:54.187 INFO:teuthology.orchestra.run.smithi081.stdout:/usr/bin/ceph: stderr
2024-05-08T21:25:47.806+0000 7f978c2fb700 1 -- --> [v2:172.21.15.81:3300/0,v1:172.21.15.81:6789/0] -- mon_getmap magic: 0 v1 -- 0x7f9784191000 con 0x7f9784105960
2024-05-08T21:25:54.187 INFO:teuthology.orchestra.run.smithi081.stdout:/usr/bin/ceph: stderr
2024-05-08T21:25:47.806+0000 7f978a097700 1 --2- >> [v2:172.21.15.81:3300/0,v1:172.21.15.81:6789/0] conn(0x7f9784105960 0x7f9784190ac0 unknown :-1 s=BANNER_CONNECTING pgs=0 cs=0 l=1 rev1=0 crypto rx=0 tx=0 comp rx=0 tx=0)._handle_peer_banner_payload supported=3 required=0
2024-05-08T21:25:54.187 INFO:teuthology.orchestra.run.smithi081.stdout:/usr/bin/ceph: stderr
2024-05-08T21:25:47.807+0000 7f978a097700 1 --2- >> [v2:172.21.15.81:3300/0,v1:172.21.15.81:6789/0] conn(0x7f9784105960 0x7f9784190ac0 unknown :-1 s=HELLO_CONNECTING pgs=0 cs=0 l=1 rev1=1 crypto rx=0 tx=0 comp rx=0 tx=0).handle_hello peer v2:172.21.15.81:3300/0 says I am v2:172.21.15.81:47514/0 (socket says 172.21.15.81:47514)
2024-05-08T21:25:54.187 INFO:teuthology.orchestra.run.smithi081.stdout:/usr/bin/ceph: stderr
2024-05-08T21:25:47.807+0000 7f978a097700 1 -- 172.21.15.81:0/1424453875 learned_addr learned my addr 172.21.15.81:0/1424453875 (peer_addr_for_me v2:172.21.15.81:0/0)
2024-05-08T21:25:54.188 INFO:teuthology.orchestra.run.smithi081.stdout:/usr/bin/ceph: stderr
2024-05-08T21:25:47.807+0000 7f978a097700 1 -- 172.21.15.81:0/1424453875 --> [v2:172.21.15.81:3300/0,v1:172.21.15.81:6789/0] -- mon_subscribe({config=0+,monmap=0+}) v3 -- 0x7f9780009550 con 0x7f9784105960
2024-05-08T21:25:54.188 INFO:teuthology.orchestra.run.smithi081.stdout:/usr/bin/ceph: stderr
2024-05-08T21:25:47.807+0000 7f978a097700 1 --2- 172.21.15.81:0/1424453875 >> [v2:172.21.15.81:3300/0,v1:172.21.15.81:6789/0] conn(0x7f9784105960 0x7f9784190ac0 secure :-1 s=READY pgs=62 cs=0 l=1 rev1=1 crypto rx=0x7f9780011670 tx=0x7f9780011bf0 comp rx=0 tx=0).ready entity=mon.0 client_cookie=0 server_cookie=0 in_seq=0 out_seq=0
2024-05-08T21:25:54.188 INFO:teuthology.orchestra.run.smithi081.stdout:/usr/bin/ceph: stderr
2024-05-08T21:25:47.807+0000 7f977b7fe700 1 -- 172.21.15.81:0/1424453875 <== mon.0 v2:172.21.15.81:3300/0 1 ==== mon_map magic: 0 v1 ==== 205+0+0 (secure 0 0 0) 0x7f97800039c0 con 0x7f9784105960
2024-05-08T21:25:54.188 INFO:teuthology.orchestra.run.smithi081.stdout:/usr/bin/ceph: stderr
2024-05-08T21:25:47.807+0000 7f977b7fe700 1 -- 172.21.15.81:0/1424453875 <== mon.0 v2:172.21.15.81:3300/0 2 ==== config(28 keys) v1 ==== 1174+0+0 (secure 0 0 0) 0x7f9780003b20 con 0x7f9784105960
2024-05-08T21:25:54.188 INFO:teuthology.orchestra.run.smithi081.stdout:/usr/bin/ceph: stderr
2024-05-08T21:25:47.807+0000 7f977b7fe700 1 -- 172.21.15.81:0/1424453875 <== mon.0 v2:172.21.15.81:3300/0 3 ==== mon_map magic: 0 v1 ==== 205+0+0 (secure 0 0 0) 0x7f978001a6d0 con 0x7f9784105960
2024-05-08T21:25:54.188 INFO:teuthology.orchestra.run.smithi081.stdout:/usr/bin/ceph: stderr
2024-05-08T21:25:47.807+0000 7f978c2fb700 1 -- 172.21.15.81:0/1424453875 --> [v2:172.21.15.81:3300/0,v1:172.21.15.81:6789/0] -- mon_subscribe({mgrmap=0+}) v3 -- 0x7f978418f240 con 0x7f9784105960
2024-05-08T21:25:54.188 INFO:teuthology.orchestra.run.smithi081.stdout:/usr/bin/ceph: stderr
2024-05-08T21:25:47.807+0000 7f978c2fb700 1 -- 172.21.15.81:0/1424453875 --> [v2:172.21.15.81:3300/0,v1:172.21.15.81:6789/0] -- mon_subscribe({osdmap=0}) v3 -- 0x7f978418f6e0 con 0x7f9784105960
2024-05-08T21:25:54.188 INFO:teuthology.orchestra.run.smithi081.stdout:/usr/bin/ceph: stderr
2024-05-08T21:25:47.808+0000 7f977b7fe700 1 -- 172.21.15.81:0/1424453875 <== mon.0 v2:172.21.15.81:3300/0 4 ==== mgrmap(e 9) v1 ==== 45554+0+0 (secure 0 0 0) 0x7f978001a870 con 0x7f9784105960
2024-05-08T21:25:54.188 INFO:teuthology.orchestra.run.smithi081.stdout:/usr/bin/ceph: stderr
2024-05-08T21:25:47.808+0000 7f977b7fe700 1 --2- 172.21.15.81:0/1424453875 >> [v2:172.21.15.81:6800/3815410564,v1:172.21.15.81:6801/3815410564] conn(0x7f9770038750 0x7f977003ac10 unknown :-1 s=NONE pgs=0 cs=0 l=1 rev1=0 crypto rx=0 tx=0 comp rx=0 tx=0).connect
2024-05-08T21:25:54.188 INFO:teuthology.orchestra.run.smithi081.stdout:/usr/bin/ceph: stderr
2024-05-08T21:25:47.808+0000 7f977b7fe700 1 -- 172.21.15.81:0/1424453875 --> [v2:172.21.15.81:6800/3815410564,v1:172.21.15.81:6801/3815410564] -- command(tid 0: {"prefix": "get_command_descriptions"}) v1 -- 0x7f977003b320 con 0x7f9770038750
2024-05-08T21:25:54.188 INFO:teuthology.orchestra.run.smithi081.stdout:/usr/bin/ceph: stderr
2024-05-08T21:25:47.808+0000 7f977b7fe700 1 -- 172.21.15.81:0/1424453875 <== mon.0 v2:172.21.15.81:3300/0 5 ==== osd_map(2..2 src has 1..2) v4 ==== 940+0+0 (secure 0 0 0) 0x7f978004c8b0 con 0x7f9784105960
2024-05-08T21:25:54.188 INFO:teuthology.orchestra.run.smithi081.stdout:/usr/bin/ceph: stderr
2024-05-08T21:25:47.808+0000 7f9789896700 1 -- 172.21.15.81:0/1424453875 >> [v2:172.21.15.81:6800/3815410564,v1:172.21.15.81:6801/3815410564] conn(0x7f9770038750 msgr2=0x7f977003ac10 unknown :-1 s=STATE_CONNECTING_RE l=1).process reconnect failed to v2:172.21.15.81:6800/3815410564
2024-05-08T21:25:54.188 INFO:teuthology.orchestra.run.smithi081.stdout:/usr/bin/ceph: stderr
2024-05-08T21:25:47.809+0000 7f9789896700 1 --2- 172.21.15.81:0/1424453875 >> [v2:172.21.15.81:6800/3815410564,v1:172.21.15.81:6801/3815410564] conn(0x7f9770038750 0x7f977003ac10 unknown :-1 s=START_CONNECT pgs=0 cs=0 l=1 rev1=0 crypto rx=0 tx=0 comp rx=0 tx=0)._fault waiting 0.200000
2024-05-08T21:25:54.188 INFO:teuthology.orchestra.run.smithi081.stdout:/usr/bin/ceph: stderr
2024-05-08T21:25:48.010+0000 7f9789896700 1 -- 172.21.15.81:0/1424453875 >> [v2:172.21.15.81:6800/3815410564,v1:172.21.15.81:6801/3815410564] conn(0x7f9770038750 msgr2=0x7f977003ac10 unknown :-1 s=STATE_CONNECTING_RE l=1).process reconnect failed to v2:172.21.15.81:6800/3815410564
2024-05-08T21:25:54.189 INFO:teuthology.orchestra.run.smithi081.stdout:/usr/bin/ceph: stderr
2024-05-08T21:25:48.010+0000 7f9789896700 1 --2- 172.21.15.81:0/1424453875 >> [v2:172.21.15.81:6800/3815410564,v1:172.21.15.81:6801/3815410564] conn(0x7f9770038750 0x7f977003ac10 unknown :-1 s=START_CONNECT pgs=0 cs=0 l=1 rev1=0 crypto rx=0 tx=0 comp rx=0 tx=0)._fault waiting 0.400000
