2024-05-08T21:48:12.458+0000 7f9cb592d700 1 --2- >> [v2:172.21.15.64:3300/0,v1:172.21.15.64:6789/0] conn(0x7f9cb0105090 0x7f9cb019c700 unknown :-1 s=NONE pgs=0 cs=0 l=1 rev1=0 crypto rx=0 tx=0 comp rx=0 tx=0).connect
2024-05-08T21:48:13.304 INFO:teuthology.orchestra.run.smithi064.stdout:/usr/bin/ceph: stderr
2024-05-08T21:48:12.458+0000 7f9cb592d700 1 -- --> [v2:172.21.15.64:3300/0,v1:172.21.15.64:6789/0] -- mon_getmap magic: 0 v1 -- 0x7f9cb019cc40 con 0x7f9cb0105090
2024-05-08T21:48:13.304 INFO:teuthology.orchestra.run.smithi064.stdout:/usr/bin/ceph: stderr
2024-05-08T21:48:12.458+0000 7f9caeffd700 1 --2- >> [v2:172.21.15.64:3300/0,v1:172.21.15.64:6789/0] conn(0x7f9cb0105090 0x7f9cb019c700 unknown :-1 s=BANNER_CONNECTING pgs=0 cs=0 l=1 rev1=0 crypto rx=0 tx=0 comp rx=0 tx=0)._handle_peer_banner_payload supported=3 required=0
2024-05-08T21:48:13.304 INFO:teuthology.orchestra.run.smithi064.stdout:/usr/bin/ceph: stderr
2024-05-08T21:48:12.458+0000 7f9caeffd700 1 --2- >> [v2:172.21.15.64:3300/0,v1:172.21.15.64:6789/0] conn(0x7f9cb0105090 0x7f9cb019c700 unknown :-1 s=HELLO_CONNECTING pgs=0 cs=0 l=1 rev1=1 crypto rx=0 tx=0 comp rx=0 tx=0).handle_hello peer v2:172.21.15.64:3300/0 says I am v2:172.21.15.64:37528/0 (socket says 172.21.15.64:37528)
2024-05-08T21:48:13.304 INFO:teuthology.orchestra.run.smithi064.stdout:/usr/bin/ceph: stderr
2024-05-08T21:48:12.458+0000 7f9caeffd700 1 -- 172.21.15.64:0/1390112776 learned_addr learned my addr 172.21.15.64:0/1390112776 (peer_addr_for_me v2:172.21.15.64:0/0)
2024-05-08T21:48:13.304 INFO:teuthology.orchestra.run.smithi064.stdout:/usr/bin/ceph: stderr
2024-05-08T21:48:12.458+0000 7f9caeffd700 1 -- 172.21.15.64:0/1390112776 --> [v2:172.21.15.64:3300/0,v1:172.21.15.64:6789/0] -- mon_subscribe({config=0+,monmap=0+}) v3 -- 0x7f9ca4009550 con 0x7f9cb0105090
2024-05-08T21:48:13.304 INFO:teuthology.orchestra.run.smithi064.stdout:/usr/bin/ceph: stderr
2024-05-08T21:48:12.458+0000 7f9caeffd700 1 --2- 172.21.15.64:0/1390112776 >> [v2:172.21.15.64:3300/0,v1:172.21.15.64:6789/0] conn(0x7f9cb0105090 0x7f9cb019c700 secure :-1 s=READY pgs=56 cs=0 l=1 rev1=1 crypto rx=0x7f9ca4006af0 tx=0x7f9ca4011a10 comp rx=0 tx=0).ready entity=mon.0 client_cookie=0 server_cookie=0 in_seq=0 out_seq=0
2024-05-08T21:48:13.304 INFO:teuthology.orchestra.run.smithi064.stdout:/usr/bin/ceph: stderr
2024-05-08T21:48:12.459+0000 7f9cb492b700 1 -- 172.21.15.64:0/1390112776 <== mon.0 v2:172.21.15.64:3300/0 1 ==== mon_map magic: 0 v1 ==== 205+0+0 (secure 0 0 0) 0x7f9ca4003a40 con 0x7f9cb0105090
2024-05-08T21:48:13.304 INFO:teuthology.orchestra.run.smithi064.stdout:/usr/bin/ceph: stderr
2024-05-08T21:48:12.459+0000 7f9cb492b700 1 -- 172.21.15.64:0/1390112776 <== mon.0 v2:172.21.15.64:3300/0 2 ==== config(26 keys) v1 ==== 1105+0+0 (secure 0 0 0) 0x7f9ca4003ba0 con 0x7f9cb0105090
2024-05-08T21:48:13.304 INFO:teuthology.orchestra.run.smithi064.stdout:/usr/bin/ceph: stderr
2024-05-08T21:48:12.459+0000 7f9cb592d700 1 -- 172.21.15.64:0/1390112776 --> [v2:172.21.15.64:3300/0,v1:172.21.15.64:6789/0] -- mon_subscribe({mgrmap=0+}) v3 -- 0x7f9cb019ce40 con 0x7f9cb0105090
2024-05-08T21:48:13.304 INFO:teuthology.orchestra.run.smithi064.stdout:/usr/bin/ceph: stderr
2024-05-08T21:48:12.459+0000 7f9cb492b700 1 -- 172.21.15.64:0/1390112776 <== mon.0 v2:172.21.15.64:3300/0 3 ==== mon_map magic: 0 v1 ==== 205+0+0 (secure 0 0 0) 0x7f9ca40196c0 con 0x7f9cb0105090
2024-05-08T21:48:13.304 INFO:teuthology.orchestra.run.smithi064.stdout:/usr/bin/ceph: stderr
2024-05-08T21:48:12.459+0000 7f9cb592d700 1 -- 172.21.15.64:0/1390112776 --> [v2:172.21.15.64:3300/0,v1:172.21.15.64:6789/0] -- mon_subscribe({osdmap=0}) v3 -- 0x7f9cb019d2e0 con 0x7f9cb0105090
2024-05-08T21:48:13.304 INFO:teuthology.orchestra.run.smithi064.stdout:/usr/bin/ceph: stderr
2024-05-08T21:48:12.460+0000 7f9cb492b700 1 -- 172.21.15.64:0/1390112776 <== mon.0 v2:172.21.15.64:3300/0 4 ==== mgrmap(e 8) v1 ==== 45541+0+0 (secure 0 0 0) 0x7f9ca4019930 con 0x7f9cb0105090
2024-05-08T21:48:13.305 INFO:teuthology.orchestra.run.smithi064.stdout:/usr/bin/ceph: stderr
2024-05-08T21:48:12.460+0000 7f9cb592d700 1 -- 172.21.15.64:0/1390112776 --> [v2:172.21.15.64:3300/0,v1:172.21.15.64:6789/0] -- mon_command({"prefix": "get_command_descriptions"} v 0) v1 -- 0x7f9cb01963b0 con 0x7f9cb0105090
2024-05-08T21:48:13.305 INFO:teuthology.orchestra.run.smithi064.stdout:/usr/bin/ceph: stderr
2024-05-08T21:48:12.460+0000 7f9cb492b700 1 --2- 172.21.15.64:0/1390112776 >> [v2:172.21.15.64:6800/865555054,v1:172.21.15.64:6801/865555054] conn(0x7f9c98038700 0x7f9c9803abc0 unknown :-1 s=NONE pgs=0 cs=0 l=1 rev1=0 crypto rx=0 tx=0 comp rx=0 tx=0).connect
2024-05-08T21:48:13.305 INFO:teuthology.orchestra.run.smithi064.stdout:/usr/bin/ceph: stderr
2024-05-08T21:48:12.460+0000 7f9cb492b700 1 -- 172.21.15.64:0/1390112776 <== mon.0 v2:172.21.15.64:3300/0 5 ==== osd_map(2..2 src has 1..2) v4 ==== 940+0+0 (secure 0 0 0) 0x7f9ca404c640 con 0x7f9cb0105090
2024-05-08T21:48:13.305 INFO:teuthology.orchestra.run.smithi064.stdout:/usr/bin/ceph: stderr
2024-05-08T21:48:12.460+0000 7f9cae7fc700 1 --2- 172.21.15.64:0/1390112776 >> [v2:172.21.15.64:6800/865555054,v1:172.21.15.64:6801/865555054] conn(0x7f9c98038700 0x7f9c9803abc0 unknown :-1 s=BANNER_CONNECTING pgs=0 cs=0 l=1 rev1=0 crypto rx=0 tx=0 comp rx=0 tx=0)._handle_peer_banner_payload supported=3 required=0
2024-05-08T21:48:13.305 INFO:teuthology.orchestra.run.smithi064.stdout:/usr/bin/ceph: stderr
2024-05-08T21:48:12.460+0000 7f9cae7fc700 1 --2- 172.21.15.64:0/1390112776 >> [v2:172.21.15.64:6800/865555054,v1:172.21.15.64:6801/865555054] conn(0x7f9c98038700 0x7f9c9803abc0 secure :-1 s=READY pgs=16 cs=0 l=1 rev1=1 crypto rx=0x7f9ca0006fd0 tx=0x7f9ca0006e40 comp rx=0 tx=0).ready entity=mgr.14120 client_cookie=0 server_cookie=0 in_seq=0 out_seq=0
2024-05-08T21:48:13.305 INFO:teuthology.orchestra.run.smithi064.stdout:/usr/bin/ceph: stderr
2024-05-08T21:48:12.465+0000 7f9cb492b700 1 -- 172.21.15.64:0/1390112776 <== mon.0 v2:172.21.15.64:3300/0 6 ==== mon_command_ack([{"prefix": "get_command_descriptions"}]=0 v0) v1 ==== 72+0+183622 (secure 0 0 0) 0x7f9ca4018350 con 0x7f9cb0105090
2024-05-08T21:48:13.305 INFO:teuthology.orchestra.run.smithi064.stdout:/usr/bin/ceph: stderr
2024-05-08T21:48:12.729+0000 7f9cb592d700 1 -- 172.21.15.64:0/1390112776 --> [v2:172.21.15.64:3300/0,v1:172.21.15.64:6789/0] -- mon_command({"prefix": "mgr module enable", "module": "dashboard"} v 0) v1 -- 0x7f9cb0106a70 con 0x7f9cb0105090
2024-05-08T21:48:13.305 INFO:teuthology.orchestra.run.smithi064.stdout:/usr/bin/ceph: stderr
2024-05-08T21:48:12.911+0000 7f9cb492b700 1 -- 172.21.15.64:0/1390112776 <== mon.0 v2:172.21.15.64:3300/0 7 ==== mgrmap(e 9) v1 ==== 45554+0+0 (secure 0 0 0) 0x7f9ca402d9a0 con 0x7f9cb0105090
2024-05-08T21:48:13.305 INFO:teuthology.orchestra.run.smithi064.stdout:/usr/bin/ceph: stderr
2024-05-08T21:48:12.912+0000 7f9cb492b700 1 -- 172.21.15.64:0/1390112776 <== mon.0 v2:172.21.15.64:3300/0 8 ==== mon_command_ack([{"prefix": "mgr module enable", "module": "dashboard"}]=0 v9) v1 ==== 88+0+0 (secure 0 0 0) 0x7f9ca404c3a0 con 0x7f9cb0105090
2024-05-08T21:48:13.305 INFO:teuthology.orchestra.run.smithi064.stdout:/usr/bin/ceph: stderr
2024-05-08T21:48:12.914+0000 7f9cb592d700 1 -- 172.21.15.64:0/1390112776 >> [v2:172.21.15.64:6800/865555054,v1:172.21.15.64:6801/865555054] conn(0x7f9c98038700 msgr2=0x7f9c9803abc0 secure :-1 s=STATE_CONNECTION_ESTABLISHED l=1).mark_down
2024-05-08T21:48:13.305 INFO:teuthology.orchestra.run.smithi064.stdout:/usr/bin/ceph: stderr
2024-05-08T21:48:12.914+0000 7f9cb592d700 1 --2- 172.21.15.64:0/1390112776 >> [v2:172.21.15.64:6800/865555054,v1:172.21.15.64:6801/865555054] conn(0x7f9c98038700 0x7f9c9803abc0 secure :-1 s=READY pgs=16 cs=0 l=1 rev1=1 crypto rx=0x7f9ca0006fd0 tx=0x7f9ca0006e40 comp rx=0 tx=0).stop
2024-05-08T21:48:13.305 INFO:teuthology.orchestra.run.smithi064.stdout:/usr/bin/ceph: stderr
2024-05-08T21:48:12.914+0000 7f9cb592d700 1 -- 172.21.15.64:0/1390112776 >> [v2:172.21.15.64:3300/0,v1:172.21.15.64:6789/0] conn(0x7f9cb0105090 msgr2=0x7f9cb019c700 secure :-1 s=STATE_CONNECTION_ESTABLISHED l=1).mark_down
2024-05-08T21:48:13.305 INFO:teuthology.orchestra.run.smithi064.stdout:/usr/bin/ceph: stderr
2024-05-08T21:48:12.914+0000 7f9cb592d700 1 --2- 172.21.15.64:0/1390112776 >> [v2:172.21.15.64:3300/0,v1:172.21.15.64:6789/0] conn(0x7f9cb0105090 0x7f9cb019c700 secure :-1 s=READY pgs=56 cs=0 l=1 rev1=1 crypto rx=0x7f9ca4006af0 tx=0x7f9ca4011a10 comp rx=0 tx=0).stop
2024-05-08T21:48:13.305 INFO:teuthology.orchestra.run.smithi064.stdout:/usr/bin/ceph: stderr
2024-05-08T21:48:12.914+0000 7f9cb592d700 1 -- 172.21.15.64:0/1390112776 shutdown_connections
2024-05-08T21:48:13.306 INFO:teuthology.orchestra.run.smithi064.stdout:/usr/bin/ceph: stderr
2024-05-08T21:48:12.914+0000 7f9cb592d700 1 --2- 172.21.15.64:0/1390112776 >> [v2:172.21.15.64:6800/865555054,v1:172.21.15.64:6801/865555054] conn(0x7f9c98038700 0x7f9c9803abc0 unknown :-1 s=CLOSED pgs=16 cs=0 l=1 rev1=1 crypto rx=0 tx=0 comp rx=0 tx=0).stop
2024-05-08T21:48:13.306 INFO:teuthology.orchestra.run.smithi064.stdout:/usr/bin/ceph: stderr
2024-05-08T21:48:12.914+0000 7f9cb592d700 1 --2- 172.21.15.64:0/1390112776 >> [v2:172.21.15.64:3300/0,v1:172.21.15.64:6789/0] conn(0x7f9cb0105090 0x7f9cb019c700 unknown :-1 s=CLOSED pgs=56 cs=0 l=1 rev1=1 crypto rx=0 tx=0 comp rx=0 tx=0).stop
2024-05-08T21:48:13.306 INFO:teuthology.orchestra.run.smithi064.stdout:/usr/bin/ceph: stderr
2024-05-08T21:48:12.914+0000 7f9cb592d700 1 -- 172.21.15.64:0/1390112776 >> 172.21.15.64:0/1390112776 conn(0x7f9cb0100cd0 msgr2=0x7f9cb01934f0 unknown :-1 s=STATE_NONE l=0).mark_down
2024-05-08T21:48:13.306 INFO:teuthology.orchestra.run.smithi064.stdout:/usr/bin/ceph: stderr
2024-05-08T21:48:12.915+0000 7f9cb592d700 1 -- 172.21.15.64:0/1390112776 shutdown_connections
2024-05-08T21:48:13.306 INFO:teuthology.orchestra.run.smithi064.stdout:/usr/bin/ceph: stderr
2024-05-08T21:48:12.915+0000 7f9cb592d700 1 -- 172.21.15.64:0/1390112776 wait complete.
2024-05-08T21:48:13.486 INFO:journalctl@ceph.mgr.x.smithi064.stdout:May 08 21:48:13 smithi064 ceph-71e641de-0d84-11ef-bc97-c7b262605968-mgr-x[42752]:
2024-05-08T21:48:13.382+0000 7f0e13e0c200 -1 mgr[py] Module prometheus has missing NOTIFY_TYPES member
2024-05-08T21:48:13.486 INFO:journalctl@ceph.mgr.x.smithi064.stdout:May 08 21:48:13 smithi064 ceph-71e641de-0d84-11ef-bc97-c7b262605968-mgr-x[42752]:
2024-05-08T21:48:13.484+0000 7f0e13e0c200 -1 mgr[py] Module alerts has missing NOTIFY_TYPES member
2024-05-08T21:48:13.911 INFO:journalctl@ceph.mgr.x.smithi064.stdout:May 08 21:48:13 smithi064 ceph-71e641de-0d84-11ef-bc97-c7b262605968-mgr-x[42752]:
2024-05-08T21:48:13.578+0000 7f0e13e0c200 -1 mgr[py] Module osd_perf_query has missing NOTIFY_TYPES member
2024-05-08T21:48:13.912 INFO:journalctl@ceph.mgr.x.smithi064.stdout:May 08 21:48:13 smithi064 ceph-71e641de-0d84-11ef-bc97-c7b262605968-mgr-x[42752]:
2024-05-08T21:48:13.669+0000 7f0e13e0c200 -1 mgr[py] Module progress has missing NOTIFY_TYPES member
2024-05-08T21:48:14.212 INFO:journalctl@ceph.mon.a.smithi064.stdout:May 08 21:48:13 smithi064 ceph-mon[42500]: from='client.? 172.21.15.64:0/1390112776' entity='client.admin' cmd='[{"prefix": "mgr module enable", "module": "dashboard"}]': finished
2024-05-08T21:48:14.213 INFO:journalctl@ceph.mon.a.smithi064.stdout:May 08 21:48:13 smithi064 ceph-mon[42500]: mgrmap e9: x(active, since 13s)
2024-05-08T21:48:14.279 INFO:teuthology.orchestra.run.smithi064.stdout:/usr/bin/ceph: stdout {
2024-05-08T21:48:14.286 INFO:teuthology.orchestra.run.smithi064.stdout:/usr/bin/ceph: stdout "epoch": 9,
2024-05-08T21:48:14.286 INFO:teuthology.orchestra.run.smithi064.stdout:/usr/bin/ceph: stdout "available": true,
2024-05-08T21:48:14.286 INFO:teuthology.orchestra.run.smithi064.stdout:/usr/bin/ceph: stdout "active_name": "x",
2024-05-08T21:48:14.287 INFO:teuthology.orchestra.run.smithi064.stdout:/usr/bin/ceph: stdout "num_standby": 0
2024-05-08T21:48:14.287 INFO:teuthology.orchestra.run.smithi064.stdout:/usr/bin/ceph: stdout }
2024-05-08T21:48:14.287 INFO:teuthology.orchestra.run.smithi064.stdout:/usr/bin/ceph: stderr
2024-05-08T21:48:13.657+0000 7fed62f03700 1 Processor -- start
2024-05-08T21:48:14.287 INFO:teuthology.orchestra.run.smithi064.stdout:/usr/bin/ceph: stderr
2024-05-08T21:48:13.657+0000 7fed62f03700 1 -- start start
2024-05-08T21:48:14.287 INFO:teuthology.orchestra.run.smithi064.stdout:/usr/bin/ceph: stderr
2024-05-08T21:48:13.657+0000 7fed62f03700 1 --2- >> [v2:172.21.15.64:3300/0,v1:172.21.15.64:6789/0] conn(0x7fed5c107210 0x7fed5c109600 unknown :-1 s=NONE pgs=0 cs=0 l=0 rev1=0 crypto rx=0 tx=0 comp rx=0 tx=0).connect
2024-05-08T21:48:14.287 INFO:teuthology.orchestra.run.smithi064.stdout:/usr/bin/ceph: stderr
2024-05-08T21:48:13.657+0000 7fed62f03700 1 -- --> [v2:172.21.15.64:3300/0,v1:172.21.15.64:6789/0] -- mon_getmap magic: 0 v1 -- 0x7fed5c074850 con 0x7fed5c107210
2024-05-08T21:48:14.287 INFO:teuthology.orchestra.run.smithi064.stdout:/usr/bin/ceph: stderr
2024-05-08T21:48:13.658+0000 7fed60c9f700 1 --2- >> [v2:172.21.15.64:3300/0,v1:172.21.15.64:6789/0] conn(0x7fed5c107210 0x7fed5c109600 unknown :-1 s=BANNER_CONNECTING pgs=0 cs=0 l=0 rev1=0 crypto rx=0 tx=0 comp rx=0 tx=0)._handle_peer_banner_payload supported=3 required=0
2024-05-08T21:48:14.287 INFO:teuthology.orchestra.run.smithi064.stdout:/usr/bin/ceph: stderr
2024-05-08T21:48:13.658+0000 7fed60c9f700 1 --2- >> [v2:172.21.15.64:3300/0,v1:172.21.15.64:6789/0] conn(0x7fed5c107210 0x7fed5c109600 unknown :-1 s=HELLO_CONNECTING pgs=0 cs=0 l=0 rev1=1 crypto rx=0 tx=0 comp rx=0 tx=0).handle_hello peer v2:172.21.15.64:3300/0 says I am v2:172.21.15.64:37552/0 (socket says 172.21.15.64:37552)
2024-05-08T21:48:14.287 INFO:teuthology.orchestra.run.smithi064.stdout:/usr/bin/ceph: stderr
2024-05-08T21:48:13.658+0000 7fed60c9f700 1 -- 172.21.15.64:0/1067566854 learned_addr learned my addr 172.21.15.64:0/1067566854 (peer_addr_for_me v2:172.21.15.64:0/0)
2024-05-08T21:48:14.287 INFO:teuthology.orchestra.run.smithi064.stdout:/usr/bin/ceph: stderr
2024-05-08T21:48:13.658+0000 7fed60c9f700 1 -- 172.21.15.64:0/1067566854 --> [v2:172.21.15.64:3300/0,v1:172.21.15.64:6789/0] -- mon_subscribe({config=0+,monmap=0+}) v3 -- 0x7fed5c109b40 con 0x7fed5c107210
2024-05-08T21:48:14.287 INFO:teuthology.orchestra.run.smithi064.stdout:/usr/bin/ceph: stderr
2024-05-08T21:48:13.658+0000 7fed60c9f700 1 --2- 172.21.15.64:0/1067566854 >> [v2:172.21.15.64:3300/0,v1:172.21.15.64:6789/0] conn(0x7fed5c107210 0x7fed5c109600 secure :-1 s=READY pgs=59 cs=0 l=1 rev1=1 crypto rx=0x7fed500098a0 tx=0x7fed50009bb0 comp rx=0 tx=0).ready entity=mon.0 client_cookie=2f0a189d438427ee server_cookie=0 in_seq=0 out_seq=0
2024-05-08T21:48:14.287 INFO:teuthology.orchestra.run.smithi064.stdout:/usr/bin/ceph: stderr
2024-05-08T21:48:13.658+0000 7fed5b7fe700 1 -- 172.21.15.64:0/1067566854 <== mon.0 v2:172.21.15.64:3300/0 1 ==== mon_map magic: 0 v1 ==== 205+0+0 (secure 0 0 0) 0x7fed50004160 con 0x7fed5c107210
2024-05-08T21:48:14.287 INFO:teuthology.orchestra.run.smithi064.stdout:/usr/bin/ceph: stderr
2024-05-08T21:48:13.658+0000 7fed5b7fe700 1 -- 172.21.15.64:0/1067566854 <== mon.0 v2:172.21.15.64:3300/0 2 ==== config(26 keys) v1 ==== 1105+0+0 (secure 0 0 0) 0x7fed500042c0 con 0x7fed5c107210
2024-05-08T21:48:14.287 INFO:teuthology.orchestra.run.smithi064.stdout:/usr/bin/ceph: stderr
2024-05-08T21:48:13.658+0000 7fed5b7fe700 1 -- 172.21.15.64:0/1067566854 <== mon.0 v2:172.21.15.64:3300/0 3 ==== mon_map magic: 0 v1 ==== 205+0+0 (secure 0 0 0) 0x7fed500119b0 con 0x7fed5c107210
2024-05-08T21:48:14.288 INFO:teuthology.orchestra.run.smithi064.stdout:/usr/bin/ceph: stderr
2024-05-08T21:48:13.659+0000 7fed62f03700 1 -- 172.21.15.64:0/1067566854 >> [v2:172.21.15.64:3300/0,v1:172.21.15.64:6789/0] conn(0x7fed5c107210 msgr2=0x7fed5c109600 secure :-1 s=STATE_CONNECTION_ESTABLISHED l=1).mark_down
2024-05-08T21:48:14.288 INFO:teuthology.orchestra.run.smithi064.stdout:/usr/bin/ceph: stderr
2024-05-08T21:48:13.659+0000 7fed62f03700 1 --2- 172.21.15.64:0/1067566854 >> [v2:172.21.15.64:3300/0,v1:172.21.15.64:6789/0] conn(0x7fed5c107210 0x7fed5c109600 secure :-1 s=READY pgs=59 cs=0 l=1 rev1=1 crypto rx=0x7fed500098a0 tx=0x7fed50009bb0 comp rx=0 tx=0).stop
2024-05-08T21:48:14.288 INFO:teuthology.orchestra.run.smithi064.stdout:/usr/bin/ceph: stderr
2024-05-08T21:48:13.659+0000 7fed62f03700 1 -- 172.21.15.64:0/1067566854 shutdown_connections
2024-05-08T21:48:14.288 INFO:teuthology.orchestra.run.smithi064.stdout:/usr/bin/ceph: stderr
2024-05-08T21:48:13.659+0000 7fed62f03700 1 --2- 172.21.15.64:0/1067566854 >> [v2:172.21.15.64:3300/0,v1:172.21.15.64:6789/0] conn(0x7fed5c107210 0x7fed5c109600 unknown :-1 s=CLOSED pgs=59 cs=0 l=1 rev1=1 crypto rx=0 tx=0 comp rx=0 tx=0).stop
2024-05-08T21:48:14.288 INFO:teuthology.orchestra.run.smithi064.stdout:/usr/bin/ceph: stderr
2024-05-08T21:48:13.659+0000 7fed62f03700 1 -- 172.21.15.64:0/1067566854 >> 172.21.15.64:0/1067566854 conn(0x7fed5c100c40 msgr2=0x7fed5c103080 unknown :-1 s=STATE_NONE l=0).mark_down
2024-05-08T21:48:14.288 INFO:teuthology.orchestra.run.smithi064.stdout:/usr/bin/ceph: stderr
2024-05-08T21:48:13.659+0000 7fed62f03700 1 -- 172.21.15.64:0/1067566854 shutdown_connections
2024-05-08T21:48:14.288 INFO:teuthology.orchestra.run.smithi064.stdout:/usr/bin/ceph: stderr
2024-05-08T21:48:13.659+0000 7fed62f03700 1 -- 172.21.15.64:0/1067566854 wait complete.
2024-05-08T21:48:14.288 INFO:teuthology.orchestra.run.smithi064.stdout:/usr/bin/ceph: stderr
2024-05-08T21:48:13.660+0000 7fed62f03700 1 Processor -- start
2024-05-08T21:48:14.288 INFO:teuthology.orchestra.run.smithi064.stdout:/usr/bin/ceph: stderr
2024-05-08T21:48:13.660+0000 7fed62f03700 1 -- start start
2024-05-08T21:48:14.288 INFO:teuthology.orchestra.run.smithi064.stdout:/usr/bin/ceph: stderr
2024-05-08T21:48:13.660+0000 7fed62f03700 1 --2- >> [v2:172.21.15.64:3300/0,v1:172.21.15.64:6789/0] conn(0x7fed5c107210 0x7fed5c106a40 unknown :-1 s=NONE pgs=0 cs=0 l=1 rev1=0 crypto rx=0 tx=0 comp rx=0 tx=0).connect
2024-05-08T21:48:14.288 INFO:teuthology.orchestra.run.smithi064.stdout:/usr/bin/ceph: stderr
2024-05-08T21:48:13.660+0000 7fed62f03700 1 -- --> [v2:172.21.15.64:3300/0,v1:172.21.15.64:6789/0] -- mon_getmap magic: 0 v1 -- 0x7fed5c106f80 con 0x7fed5c107210
2024-05-08T21:48:14.288 INFO:teuthology.orchestra.run.smithi064.stdout:/usr/bin/ceph: stderr
2024-05-08T21:48:13.660+0000 7fed60c9f700 1 --2- >> [v2:172.21.15.64:3300/0,v1:172.21.15.64:6789/0] conn(0x7fed5c107210 0x7fed5c106a40 unknown :-1 s=BANNER_CONNECTING pgs=0 cs=0 l=1 rev1=0 crypto rx=0 tx=0 comp rx=0 tx=0)._handle_peer_banner_payload supported=3 required=0
2024-05-08T21:48:14.288 INFO:teuthology.orchestra.run.smithi064.stdout:/usr/bin/ceph: stderr
2024-05-08T21:48:13.660+0000 7fed60c9f700 1 --2- >> [v2:172.21.15.64:3300/0,v1:172.21.15.64:6789/0] conn(0x7fed5c107210 0x7fed5c106a40 unknown :-1 s=HELLO_CONNECTING pgs=0 cs=0 l=1 rev1=1 crypto rx=0 tx=0 comp rx=0 tx=0).handle_hello peer v2:172.21.15.64:3300/0 says I am v2:172.21.15.64:37556/0 (socket says 172.21.15.64:37556)
2024-05-08T21:48:14.289 INFO:teuthology.orchestra.run.smithi064.stdout:/usr/bin/ceph: stderr
2024-05-08T21:48:13.660+0000 7fed60c9f700 1 -- 172.21.15.64:0/365496036 learned_addr learned my addr 172.21.15.64:0/365496036 (peer_addr_for_me v2:172.21.15.64:0/0)
2024-05-08T21:48:14.289 INFO:teuthology.orchestra.run.smithi064.stdout:/usr/bin/ceph: stderr
2024-05-08T21:48:13.661+0000 7fed60c9f700 1 -- 172.21.15.64:0/365496036 --> [v2:172.21.15.64:3300/0,v1:172.21.15.64:6789/0] -- mon_subscribe({config=0+,monmap=0+}) v3 -- 0x7fed50009550 con 0x7fed5c107210
2024-05-08T21:48:14.289 INFO:teuthology.orchestra.run.smithi064.stdout:/usr/bin/ceph: stderr
2024-05-08T21:48:13.661+0000 7fed60c9f700 1 --2- 172.21.15.64:0/365496036 >> [v2:172.21.15.64:3300/0,v1:172.21.15.64:6789/0] conn(0x7fed5c107210 0x7fed5c106a40 secure :-1 s=READY pgs=60 cs=0 l=1 rev1=1 crypto rx=0x7fed50003e60 tx=0x7fed50011a30 comp rx=0 tx=0).ready entity=mon.0 client_cookie=0 server_cookie=0 in_seq=0 out_seq=0
2024-05-08T21:48:14.289 INFO:teuthology.orchestra.run.smithi064.stdout:/usr/bin/ceph: stderr
2024-05-08T21:48:13.661+0000 7fed59ffb700 1 -- 172.21.15.64:0/365496036 <== mon.0 v2:172.21.15.64:3300/0 1 ==== mon_map magic: 0 v1 ==== 205+0+0 (secure 0 0 0) 0x7fed500038b0 con 0x7fed5c107210
2024-05-08T21:48:14.289 INFO:teuthology.orchestra.run.smithi064.stdout:/usr/bin/ceph: stderr
2024-05-08T21:48:13.661+0000 7fed62f03700 1 -- 172.21.15.64:0/365496036 --> [v2:172.21.15.64:3300/0,v1:172.21.15.64:6789/0] -- mon_subscribe({mgrmap=0+}) v3 -- 0x7fed5c1051c0 con 0x7fed5c107210
2024-05-08T21:48:14.289 INFO:teuthology.orchestra.run.smithi064.stdout:/usr/bin/ceph: stderr
2024-05-08T21:48:13.661+0000 7fed59ffb700 1 -- 172.21.15.64:0/365496036 <== mon.0 v2:172.21.15.64:3300/0 2 ==== config(26 keys) v1 ==== 1105+0+0 (secure 0 0 0) 0x7fed50003a10 con 0x7fed5c107210
2024-05-08T21:48:14.289 INFO:teuthology.orchestra.run.smithi064.stdout:/usr/bin/ceph: stderr
2024-05-08T21:48:13.661+0000 7fed59ffb700 1 -- 172.21.15.64:0/365496036 <== mon.0 v2:172.21.15.64:3300/0 3 ==== mon_map magic: 0 v1 ==== 205+0+0 (secure 0 0 0) 0x7fed50019530 con 0x7fed5c107210
2024-05-08T21:48:14.289 INFO:teuthology.orchestra.run.smithi064.stdout:/usr/bin/ceph: stderr
2024-05-08T21:48:13.661+0000 7fed62f03700 1 -- 172.21.15.64:0/365496036 --> [v2:172.21.15.64:3300/0,v1:172.21.15.64:6789/0] -- mon_subscribe({osdmap=0}) v3 -- 0x7fed5c105660 con 0x7fed5c107210
2024-05-08T21:48:14.289 INFO:teuthology.orchestra.run.smithi064.stdout:/usr/bin/ceph: stderr
2024-05-08T21:48:13.662+0000 7fed59ffb700 1 -- 172.21.15.64:0/365496036 <== mon.0 v2:172.21.15.64:3300/0 4 ==== mgrmap(e 9) v1 ==== 45554+0+0 (secure 0 0 0) 0x7fed500197a0 con 0x7fed5c107210
2024-05-08T21:48:14.289 INFO:teuthology.orchestra.run.smithi064.stdout:/usr/bin/ceph: stderr
2024-05-08T21:48:13.662+0000 7fed62f03700 1 -- 172.21.15.64:0/365496036 --> [v2:172.21.15.64:3300/0,v1:172.21.15.64:6789/0] -- mon_command({"prefix": "get_command_descriptions"} v 0) v1 -- 0x7fed5c10a980 con 0x7fed5c107210
2024-05-08T21:48:14.289 INFO:teuthology.orchestra.run.smithi064.stdout:/usr/bin/ceph: stderr
2024-05-08T21:48:13.662+0000 7fed59ffb700 1 --2- 172.21.15.64:0/365496036 >> [v2:172.21.15.64:6800/865555054,v1:172.21.15.64:6801/865555054] conn(0x7fed4c038750 0x7fed4c03ac10 unknown :-1 s=NONE pgs=0 cs=0 l=1 rev1=0 crypto rx=0 tx=0 comp rx=0 tx=0).connect
2024-05-08T21:48:14.289 INFO:teuthology.orchestra.run.smithi064.stdout:/usr/bin/ceph: stderr
2024-05-08T21:48:13.662+0000 7fed59ffb700 1 -- 172.21.15.64:0/365496036 <== mon.0 v2:172.21.15.64:3300/0 5 ==== osd_map(2..2 src has 1..2) v4 ==== 940+0+0 (secure 0 0 0) 0x7fed5004c800 con 0x7fed5c107210
2024-05-08T21:48:14.289 INFO:teuthology.orchestra.run.smithi064.stdout:/usr/bin/ceph: stderr
2024-05-08T21:48:13.662+0000 7fed5bfff700 1 -- 172.21.15.64:0/365496036 >> [v2:172.21.15.64:6800/865555054,v1:172.21.15.64:6801/865555054] conn(0x7fed4c038750 msgr2=0x7fed4c03ac10 unknown :-1 s=STATE_CONNECTING_RE l=1).process reconnect failed to v2:172.21.15.64:6800/865555054
2024-05-08T21:48:14.290 INFO:teuthology.orchestra.run.smithi064.stdout:/usr/bin/ceph: stderr
2024-05-08T21:48:13.662+0000 7fed5bfff700 1 --2- 172.21.15.64:0/365496036 >> [v2:172.21.15.64:6800/865555054,v1:172.21.15.64:6801/865555054] conn(0x7fed4c038750 0x7fed4c03ac10 unknown :-1 s=START_CONNECT pgs=0 cs=0 l=1 rev1=0 crypto rx=0 tx=0 comp rx=0 tx=0)._fault waiting 0.200000
2024-05-08T21:48:14.290 INFO:teuthology.orchestra.run.smithi064.stdout:/usr/bin/ceph: stderr
2024-05-08T21:48:13.667+0000 7fed59ffb700 1 -- 172.21.15.64:0/365496036 <== mon.0 v2:172.21.15.64:3300/0 6 ==== mon_command_ack([{"prefix": "get_command_descriptions"}]=0 v0) v1 ==== 72+0+183622 (secure 0 0 0) 0x7fed5002b340 con 0x7fed5c107210
2024-05-08T21:48:14.290 INFO:teuthology.orchestra.run.smithi064.stdout:/usr/bin/ceph: stderr
2024-05-08T21:48:13.863+0000 7fed5bfff700 1 -- 172.21.15.64:0/365496036 >> [v2:172.21.15.64:6800/865555054,v1:172.21.15.64:6801/865555054] conn(0x7fed4c038750 msgr2=0x7fed4c03ac10 unknown :-1 s=STATE_CONNECTING_RE l=1).process reconnect failed to v2:172.21.15.64:6800/865555054
2024-05-08T21:48:14.290 INFO:teuthology.orchestra.run.smithi064.stdout:/usr/bin/ceph: stderr
2024-05-08T21:48:13.863+0000 7fed5bfff700 1 --2- 172.21.15.64:0/365496036 >> [v2:172.21.15.64:6800/865555054,v1:172.21.15.64:6801/865555054] conn(0x7fed4c038750 0x7fed4c03ac10 unknown :-1 s=START_CONNECT pgs=0 cs=0 l=1 rev1=0 crypto rx=0 tx=0 comp rx=0 tx=0)._fault waiting 0.400000
2024-05-08T21:48:14.290 INFO:teuthology.orchestra.run.smithi064.stdout:/usr/bin/ceph: stderr
2024-05-08T21:48:13.932+0000 7fed62f03700 1 -- 172.21.15.64:0/365496036 --> [v2:172.21.15.64:3300/0,v1:172.21.15.64:6789/0] -- mon_command({"prefix": "mgr stat"} v 0) v1 -- 0x7fed5c105da0 con 0x7fed5c107210
2024-05-08T21:48:14.290 INFO:teuthology.orchestra.run.smithi064.stdout:/usr/bin/ceph: stderr
2024-05-08T21:48:13.932+0000 7fed59ffb700 1 -- 172.21.15.64:0/365496036 <== mon.0 v2:172.21.15.64:3300/0 7 ==== mon_command_ack([{"prefix": "mgr stat"}]=0 v9) v1 ==== 56+0+88 (secure 0 0 0) 0x7fed50018b40 con 0x7fed5c107210
2024-05-08T21:48:14.290 INFO:teuthology.orchestra.run.smithi064.stdout:/usr/bin/ceph: stderr
2024-05-08T21:48:13.934+0000 7fed62f03700 1 -- 172.21.15.64:0/365496036 >> [v2:172.21.15.64:6800/865555054,v1:172.21.15.64:6801/865555054] conn(0x7fed4c038750 msgr2=0x7fed4c03ac10 unknown :-1 s=STATE_CONNECTING l=1).mark_down
2024-05-08T21:48:14.290 INFO:teuthology.orchestra.run.smithi064.stdout:/usr/bin/ceph: stderr
2024-05-08T21:48:13.934+0000 7fed62f03700 1 --2- 172.21.15.64:0/365496036 >> [v2:172.21.15.64:6800/865555054,v1:172.21.15.64:6801/865555054] conn(0x7fed4c038750 0x7fed4c03ac10 unknown :-1 s=START_CONNECT pgs=0 cs=0 l=1 rev1=0 crypto rx=0 tx=0 comp rx=0 tx=0).stop
2024-05-08T21:48:14.290 INFO:teuthology.orchestra.run.smithi064.stdout:/usr/bin/ceph: stderr
2024-05-08T21:48:13.934+0000 7fed62f03700 1 -- 172.21.15.64:0/365496036 >> [v2:172.21.15.64:3300/0,v1:172.21.15.64:6789/0] conn(0x7fed5c107210 msgr2=0x7fed5c106a40 secure :-1 s=STATE_CONNECTION_ESTABLISHED l=1).mark_down
2024-05-08T21:48:14.290 INFO:teuthology.orchestra.run.smithi064.stdout:/usr/bin/ceph: stderr
2024-05-08T21:48:13.934+0000 7fed62f03700 1 --2- 172.21.15.64:0/365496036 >> [v2:172.21.15.64:3300/0,v1:172.21.15.64:6789/0] conn(0x7fed5c107210 0x7fed5c106a40 secure :-1 s=READY pgs=60 cs=0 l=1 rev1=1 crypto rx=0x7fed50003e60 tx=0x7fed50011a30 comp rx=0 tx=0).stop
2024-05-08T21:48:14.290 INFO:teuthology.orchestra.run.smithi064.stdout:/usr/bin/ceph: stderr
2024-05-08T21:48:13.934+0000 7fed62f03700 1 -- 172.21.15.64:0/365496036 shutdown_connections
2024-05-08T21:48:14.290 INFO:teuthology.orchestra.run.smithi064.stdout:/usr/bin/ceph: stderr
2024-05-08T21:48:13.934+0000 7fed62f03700 1 --2- 172.21.15.64:0/365496036 >> [v2:172.21.15.64:6800/865555054,v1:172.21.15.64:6801/865555054] conn(0x7fed4c038750 0x7fed4c03ac10 unknown :-1 s=CLOSED pgs=0 cs=0 l=1 rev1=0 crypto rx=0 tx=0 comp rx=0 tx=0).stop
2024-05-08T21:48:14.290 INFO:teuthology.orchestra.run.smithi064.stdout:/usr/bin/ceph: stderr
2024-05-08T21:48:13.934+0000 7fed62f03700 1 --2- 172.21.15.64:0/365496036 >> [v2:172.21.15.64:3300/0,v1:172.21.15.64:6789/0] conn(0x7fed5c107210 0x7fed5c106a40 unknown :-1 s=CLOSED pgs=60 cs=0 l=1 rev1=1 crypto rx=0 tx=0 comp rx=0 tx=0).stop
2024-05-08T21:48:14.291 INFO:teuthology.orchestra.run.smithi064.stdout:/usr/bin/ceph: stderr
2024-05-08T21:48:13.935+0000 7fed62f03700 1 -- 172.21.15.64:0/365496036 >> 172.21.15.64:0/365496036 conn(0x7fed5c100c40 msgr2=0x7fed5c1018d0 unknown :-1 s=STATE_NONE l=0).mark_down
2024-05-08T21:48:14.291 INFO:teuthology.orchestra.run.smithi064.stdout:/usr/bin/ceph: stderr
2024-05-08T21:48:13.935+0000 7fed62f03700 1 -- 172.21.15.64:0/365496036 shutdown_connections
2024-05-08T21:48:14.291 INFO:teuthology.orchestra.run.smithi064.stdout:/usr/bin/ceph: stderr
2024-05-08T21:48:13.935+0000 7fed62f03700 1 -- 172.21.15.64:0/365496036 wait complete.
2024-05-08T21:48:14.291 INFO:teuthology.orchestra.run.smithi064.stdout:Waiting for the mgr to restart...
2024-05-08T21:48:14.291 INFO:teuthology.orchestra.run.smithi064.stdout:Waiting for mgr epoch 9...
2024-05-08T21:48:14.622 INFO:journalctl@ceph.mgr.x.smithi064.stdout:May 08 21:48:14 smithi064 ceph-71e641de-0d84-11ef-bc97-c7b262605968-mgr-x[42752]:
2024-05-08T21:48:14.348+0000 7f0e13e0c200 -1 mgr[py] Module orchestrator has missing NOTIFY_TYPES member
2024-05-08T21:48:14.912 INFO:journalctl@ceph.mgr.x.smithi064.stdout:May 08 21:48:14 smithi064 ceph-71e641de-0d84-11ef-bc97-c7b262605968-mgr-x[42752]:
2024-05-08T21:48:14.620+0000 7f0e13e0c200 -1 mgr[py] Module nfs has missing NOTIFY_TYPES member
2024-05-08T21:48:14.912 INFO:journalctl@ceph.mgr.x.smithi064.stdout:May 08 21:48:14 smithi064 ceph-71e641de-0d84-11ef-bc97-c7b262605968-mgr-x[42752]:
2024-05-08T21:48:14.711+0000 7f0e13e0c200 -1 mgr[py] Module zabbix has missing NOTIFY_TYPES member
2024-05-08T21:48:14.912 INFO:journalctl@ceph.mgr.x.smithi064.stdout:May 08 21:48:14 smithi064 ceph-71e641de-0d84-11ef-bc97-c7b262605968-mgr-x[42752]:
2024-05-08T21:48:14.826+0000 7f0e13e0c200 -1 mgr[py] Module rbd_support has missing NOTIFY_TYPES member
2024-05-08T21:48:15.212 INFO:journalctl@ceph.mon.a.smithi064.stdout:May 08 21:48:14 smithi064 ceph-mon[42500]: from='client.? 172.21.15.64:0/365496036' entity='client.admin' cmd=[{"prefix": "mgr stat"}]: dispatch
2024-05-08T21:48:15.213 INFO:journalctl@ceph.mgr.x.smithi064.stdout:May 08 21:48:14 smithi064 ceph-71e641de-0d84-11ef-bc97-c7b262605968-mgr-x[42752]:
2024-05-08T21:48:14.991+0000 7f0e13e0c200 -1 mgr[py] Module status has missing NOTIFY_TYPES member
2024-05-08T21:48:15.213 INFO:journalctl@ceph.mgr.x.smithi064.stdout:May 08 21:48:15 smithi064 ceph-71e641de-0d84-11ef-bc97-c7b262605968-mgr-x[42752]:
2024-05-08T21:48:15.124+0000 7f0e13e0c200 -1 mgr[py] Module diskprediction_local has missing NOTIFY_TYPES member
2024-05-08T21:48:15.603 INFO:journalctl@ceph.mgr.x.smithi064.stdout:May 08 21:48:15 smithi064 ceph-71e641de-0d84-11ef-bc97-c7b262605968-mgr-x[42752]:
2024-05-08T21:48:15.214+0000 7f0e13e0c200 -1 mgr[py] Module telegraf has missing NOTIFY_TYPES member
2024-05-08T21:48:15.962 INFO:journalctl@ceph.mgr.x.smithi064.stdout:May 08 21:48:15 smithi064 ceph-71e641de-0d84-11ef-bc97-c7b262605968-mgr-x[42752]:
2024-05-08T21:48:15.602+0000 7f0e13e0c200 -1 mgr[py] Module influx has missing NOTIFY_TYPES member
2024-05-08T21:48:16.313 INFO:journalctl@ceph.mgr.x.smithi064.stdout:May 08 21:48:16 smithi064 ceph-71e641de-0d84-11ef-bc97-c7b262605968-mgr-x[42752]:
2024-05-08T21:48:16.010+0000 7f0e13e0c200 -1 mgr[py] Module pg_autoscaler has missing NOTIFY_TYPES member
2024-05-08T21:48:16.314 INFO:journalctl@ceph.mgr.x.smithi064.stdout:May 08 21:48:16 smithi064 ceph-71e641de-0d84-11ef-bc97-c7b262605968-mgr-x[42752]:
2024-05-08T21:48:16.214+0000 7f0e13e0c200 -1 mgr[py] Module rgw has missing NOTIFY_TYPES member
2024-05-08T21:48:17.374 INFO:journalctl@ceph.mgr.x.smithi064.stdout:May 08 21:48:16 smithi064 ceph-71e641de-0d84-11ef-bc97-c7b262605968-mgr-x[42752]:
2024-05-08T21:48:16.312+0000 7f0e13e0c200 -1 mgr[py] Module balancer has missing NOTIFY_TYPES member
2024-05-08T21:48:17.374 INFO:journalctl@ceph.mgr.x.smithi064.stdout:May 08 21:48:17 smithi064 ceph-71e641de-0d84-11ef-bc97-c7b262605968-mgr-x[42752]:
2024-05-08T21:48:17.114+0000 7f0e13e0c200 -1 mgr[py] Module iostat has missing NOTIFY_TYPES member
2024-05-08T21:48:17.374 INFO:journalctl@ceph.mgr.x.smithi064.stdout:May 08 21:48:17 smithi064 ceph-71e641de-0d84-11ef-bc97-c7b262605968-mgr-x[42752]:
2024-05-08T21:48:17.215+0000 7f0e13e0c200 -1 mgr[py] Module snap_schedule has missing NOTIFY_TYPES member
2024-05-08T21:48:17.374 INFO:journalctl@ceph.mgr.x.smithi064.stdout:May 08 21:48:17 smithi064 ceph-71e641de-0d84-11ef-bc97-c7b262605968-mgr-x[42752]:
2024-05-08T21:48:17.372+0000 7f0e13e0c200 -1 mgr[py] Module telemetry has missing NOTIFY_TYPES member
2024-05-08T21:48:18.435 INFO:journalctl@ceph.mgr.x.smithi064.stdout:May 08 21:48:18 smithi064 ceph-71e641de-0d84-11ef-bc97-c7b262605968-mgr-x[42752]:
2024-05-08T21:48:18.034+0000 7f0e13e0c200 -1 mgr[py] Module rook has missing NOTIFY_TYPES member
2024-05-08T21:48:18.435 INFO:journalctl@ceph.mgr.x.smithi064.stdout:May 08 21:48:18 smithi064 ceph-71e641de-0d84-11ef-bc97-c7b262605968-mgr-x[42752]:
2024-05-08T21:48:18.226+0000 7f0e13e0c200 -1 mgr[py] Module selftest has missing NOTIFY_TYPES member
2024-05-08T21:48:19.713 INFO:journalctl@ceph.mgr.x.smithi064.stdout:May 08 21:48:18 smithi064 ceph-71e641de-0d84-11ef-bc97-c7b262605968-mgr-x[42752]:
2024-05-08T21:48:18.433+0000 7f0e13e0c200 -1 mgr[py] Module devicehealth has missing NOTIFY_TYPES member
2024-05-08T21:48:19.713 INFO:journalctl@ceph.mgr.x.smithi064.stdout:May 08 21:48:19 smithi064 ceph-71e641de-0d84-11ef-bc97-c7b262605968-mgr-x[42752]:
2024-05-08T21:48:19.414+0000 7f0e13e0c200 -1 mgr[py] Module volumes has missing NOTIFY_TYPES member
2024-05-08T21:48:20.021 INFO:journalctl@ceph.mgr.x.smithi064.stdout:May 08 21:48:19 smithi064 ceph-71e641de-0d84-11ef-bc97-c7b262605968-mgr-x[42752]:
2024-05-08T21:48:19.721+0000 7f0e13e0c200 -1 mgr[py] Module test_orchestrator has missing NOTIFY_TYPES member
2024-05-08T21:48:20.021 INFO:journalctl@ceph.mgr.x.smithi064.stdout:May 08 21:48:19 smithi064 ceph-71e641de-0d84-11ef-bc97-c7b262605968-mgr-x[42752]:
2024-05-08T21:48:19.815+0000 7f0e13e0c200 -1 mgr[py] Module osd_support has missing NOTIFY_TYPES member
2024-05-08T21:48:20.463 INFO:journalctl@ceph.mgr.x.smithi064.stdout:May 08 21:48:20 smithi064 ceph-71e641de-0d84-11ef-bc97-c7b262605968-mgr-x[42752]:
2024-05-08T21:48:20.020+0000 7f0e13e0c200 -1 mgr[py] Module crash has missing NOTIFY_TYPES member
2024-05-08T21:48:20.463 INFO:journalctl@ceph.mon.a.smithi064.stdout:May 08 21:48:20 smithi064 ceph-mon[42500]: Active manager daemon x restarted
2024-05-08T21:48:20.463 INFO:journalctl@ceph.mon.a.smithi064.stdout:May 08 21:48:20 smithi064 ceph-mon[42500]: Activating manager daemon x
2024-05-08T21:48:20.463 INFO:journalctl@ceph.mon.a.smithi064.stdout:May 08 21:48:20 smithi064 ceph-mon[42500]: osdmap e3: 0 total, 0 up, 0 in
2024-05-08T21:48:20.463 INFO:journalctl@ceph.mon.a.smithi064.stdout:May 08 21:48:20 smithi064 ceph-mon[42500]: mgrmap e10: x(active, starting, since 0.00346786s)
2024-05-08T21:48:20.463 INFO:journalctl@ceph.mon.a.smithi064.stdout:May 08 21:48:20 smithi064 ceph-mon[42500]: from='mgr.14152 172.21.15.64:0/3119531605' entity='mgr.x' cmd=[{"prefix": "mon metadata", "id": "a"}]: dispatch
2024-05-08T21:48:20.463 INFO:journalctl@ceph.mon.a.smithi064.stdout:May 08 21:48:20 smithi064 ceph-mon[42500]: from='mgr.14152 172.21.15.64:0/3119531605' entity='mgr.x' cmd=[{"prefix": "mgr metadata", "who": "x", "id": "x"}]: dispatch
2024-05-08T21:48:20.463 INFO:journalctl@ceph.mon.a.smithi064.stdout:May 08 21:48:20 smithi064 ceph-mon[42500]: from='mgr.14152 172.21.15.64:0/3119531605' entity='mgr.x' cmd=[{"prefix": "mds metadata"}]: dispatch
2024-05-08T21:48:20.463 INFO:journalctl@ceph.mon.a.smithi064.stdout:May 08 21:48:20 smithi064 ceph-mon[42500]: from='mgr.14152 172.21.15.64:0/3119531605' entity='mgr.x' cmd=[{"prefix": "osd metadata"}]: dispatch
2024-05-08T21:48:20.463 INFO:journalctl@ceph.mon.a.smithi064.stdout:May 08 21:48:20 smithi064 ceph-mon[42500]: from='mgr.14152 172.21.15.64:0/3119531605' entity='mgr.x' cmd=[{"prefix": "mon metadata"}]: dispatch
2024-05-08T21:48:20.464 INFO:journalctl@ceph.mon.a.smithi064.stdout:May 08 21:48:20 smithi064 ceph-mon[42500]: Manager daemon x is now available
2024-05-08T21:48:20.464 INFO:journalctl@ceph.mon.a.smithi064.stdout:May 08 21:48:20 smithi064 ceph-mon[42500]: from='mgr.14152 172.21.15.64:0/3119531605' entity='mgr.x' cmd=[{"prefix": "config dump", "format": "json"}]: dispatch
2024-05-08T21:48:21.322 INFO:journalctl@ceph.mon.a.smithi064.stdout:May 08 21:48:21 smithi064 ceph-mon[42500]: from='mgr.14152 172.21.15.64:0/3119531605' entity='mgr.x' cmd=[{"prefix":"config rm","who":"mgr","name":"mgr/rbd_support/x/mirror_snapshot_schedule"}]: dispatch
2024-05-08T21:48:21.322 INFO:journalctl@ceph.mon.a.smithi064.stdout:May 08 21:48:21 smithi064 ceph-mon[42500]: from='mgr.14152 172.21.15.64:0/3119531605' entity='mgr.x' cmd=[{"prefix":"config rm","who":"mgr","name":"mgr/rbd_support/x/trash_purge_schedule"}]: dispatch
2024-05-08T21:48:21.322 INFO:journalctl@ceph.mon.a.smithi064.stdout:May 08 21:48:21 smithi064 ceph-mon[42500]: [08/May/2024:21:48:20] ENGINE Bus STARTING
2024-05-08T21:48:21.322 INFO:journalctl@ceph.mon.a.smithi064.stdout:May 08 21:48:21 smithi064 ceph-mon[42500]: [08/May/2024:21:48:20] ENGINE Serving on http://172.21.15.64:8765
2024-05-08T21:48:21.322 INFO:journalctl@ceph.mon.a.smithi064.stdout:May 08 21:48:21 smithi064 ceph-mon[42500]: [08/May/2024:21:48:20] ENGINE Serving on https://172.21.15.64:7150
2024-05-08T21:48:21.322 INFO:journalctl@ceph.mon.a.smithi064.stdout:May 08 21:48:21 smithi064 ceph-mon[42500]: [08/May/2024:21:48:20] ENGINE Bus STARTED
2024-05-08T21:48:21.323 INFO:journalctl@ceph.mon.a.smithi064.stdout:May 08 21:48:21 smithi064 ceph-mon[42500]: from='mgr.14152 172.21.15.64:0/3119531605' entity='mgr.x'
2024-05-08T21:48:21.323 INFO:journalctl@ceph.mon.a.smithi064.stdout:May 08 21:48:21 smithi064 ceph-mon[42500]: mgrmap e11: x(active, since 1.00777s)
2024-05-08T21:48:21.396 INFO:teuthology.orchestra.run.smithi064.stdout:/usr/bin/ceph: stdout {
2024-05-08T21:48:21.396 INFO:teuthology.orchestra.run.smithi064.stdout:/usr/bin/ceph: stdout "mgrmap_epoch": 11,
2024-05-08T21:48:21.396 INFO:teuthology.orchestra.run.smithi064.stdout:/usr/bin/ceph: stdout "initialized": true
2024-05-08T21:48:21.396 INFO:teuthology.orchestra.run.smithi064.stdout:/usr/bin/ceph: stdout }
2024-05-08T21:48:21.396 INFO:teuthology.orchestra.run.smithi064.stdout:/usr/bin/ceph: stderr
2024-05-08T21:48:14.605+0000 7fd9f9919700 1 Processor -- start
2024-05-08T21:48:21.396 INFO:teuthology.orchestra.run.smithi064.stdout:/usr/bin/ceph: stderr
2024-05-08T21:48:14.605+0000 7fd9f9919700 1 -- start start
2024-05-08T21:48:21.396 INFO:teuthology.orchestra.run.smithi064.stdout:/usr/bin/ceph: stderr
2024-05-08T21:48:14.605+0000 7fd9f9919700 1 --2- >> [v2:172.21.15.64:3300/0,v1:172.21.15.64:6789/0] conn(0x7fd9f4107210 0x7fd9f4109600 unknown :-1 s=NONE pgs=0 cs=0 l=0 rev1=0 crypto rx=0 tx=0 comp rx=0 tx=0).connect
2024-05-08T21:48:21.396 INFO:teuthology.orchestra.run.smithi064.stdout:/usr/bin/ceph: stderr
2024-05-08T21:48:14.605+0000 7fd9f9919700 1 -- --> [v2:172.21.15.64:3300/0,v1:172.21.15.64:6789/0] -- mon_getmap magic: 0 v1 -- 0x7fd9f4074850 con 0x7fd9f4107210
2024-05-08T21:48:21.396 INFO:teuthology.orchestra.run.smithi064.stdout:/usr/bin/ceph: stderr
2024-05-08T21:48:14.606+0000 7fd9f2ffd700 1 --2- >> [v2:172.21.15.64:3300/0,v1:172.21.15.64:6789/0] conn(0x7fd9f4107210 0x7fd9f4109600 unknown :-1 s=BANNER_CONNECTING pgs=0 cs=0 l=0 rev1=0 crypto rx=0 tx=0 comp rx=0 tx=0)._handle_peer_banner_payload supported=3 required=0
2024-05-08T21:48:21.396 INFO:teuthology.orchestra.run.smithi064.stdout:/usr/bin/ceph: stderr
2024-05-08T21:48:14.606+0000 7fd9f2ffd700 1 --2- >> [v2:172.21.15.64:3300/0,v1:172.21.15.64:6789/0] conn(0x7fd9f4107210 0x7fd9f4109600 unknown :-1 s=HELLO_CONNECTING pgs=0 cs=0 l=0 rev1=1 crypto rx=0 tx=0 comp rx=0 tx=0).handle_hello peer v2:172.21.15.64:3300/0 says I am v2:172.21.15.64:37558/0 (socket says 172.21.15.64:37558)
2024-05-08T21:48:21.396 INFO:teuthology.orchestra.run.smithi064.stdout:/usr/bin/ceph: stderr
2024-05-08T21:48:14.606+0000 7fd9f2ffd700 1 -- 172.21.15.64:0/474983758 learned_addr learned my addr 172.21.15.64:0/474983758 (peer_addr_for_me v2:172.21.15.64:0/0)
2024-05-08T21:48:21.397 INFO:teuthology.orchestra.run.smithi064.stdout:/usr/bin/ceph: stderr
2024-05-08T21:48:14.606+0000 7fd9f2ffd700 1 -- 172.21.15.64:0/474983758 --> [v2:172.21.15.64:3300/0,v1:172.21.15.64:6789/0] -- mon_subscribe({config=0+,monmap=0+}) v3 -- 0x7fd9f4109b40 con 0x7fd9f4107210
2024-05-08T21:48:21.397 INFO:teuthology.orchestra.run.smithi064.stdout:/usr/bin/ceph: stderr
2024-05-08T21:48:14.606+0000 7fd9f2ffd700 1 --2- 172.21.15.64:0/474983758 >> [v2:172.21.15.64:3300/0,v1:172.21.15.64:6789/0] conn(0x7fd9f4107210 0x7fd9f4109600 secure :-1 s=READY pgs=61 cs=0 l=1 rev1=1 crypto rx=0x7fd9e40098a0 tx=0x7fd9e4009bb0 comp rx=0 tx=0).ready entity=mon.0 client_cookie=8d129269484c6999 server_cookie=0 in_seq=0 out_seq=0
2024-05-08T21:48:21.397 INFO:teuthology.orchestra.run.smithi064.stdout:/usr/bin/ceph: stderr
2024-05-08T21:48:14.606+0000 7fd9f1ffb700 1 -- 172.21.15.64:0/474983758 <== mon.0 v2:172.21.15.64:3300/0 1 ==== mon_map magic: 0 v1 ==== 205+0+0 (secure 0 0 0) 0x7fd9e4004160 con 0x7fd9f4107210
2024-05-08T21:48:21.397 INFO:teuthology.orchestra.run.smithi064.stdout:/usr/bin/ceph: stderr
2024-05-08T21:48:14.606+0000 7fd9f1ffb700 1 -- 172.21.15.64:0/474983758 <== mon.0 v2:172.21.15.64:3300/0 2 ==== config(26 keys) v1 ==== 1105+0+0 (secure 0 0 0) 0x7fd9e40042c0 con 0x7fd9f4107210
2024-05-08T21:48:21.397 INFO:teuthology.orchestra.run.smithi064.stdout:/usr/bin/ceph: stderr
2024-05-08T21:48:14.606+0000 7fd9f1ffb700 1 -- 172.21.15.64:0/474983758 <== mon.0 v2:172.21.15.64:3300/0 3 ==== mon_map magic: 0 v1 ==== 205+0+0 (secure 0 0 0) 0x7fd9e40119b0 con 0x7fd9f4107210
2024-05-08T21:48:21.397 INFO:teuthology.orchestra.run.smithi064.stdout:/usr/bin/ceph: stderr
2024-05-08T21:48:14.607+0000 7fd9f9919700 1 -- 172.21.15.64:0/474983758 >> [v2:172.21.15.64:3300/0,v1:172.21.15.64:6789/0] conn(0x7fd9f4107210 msgr2=0x7fd9f4109600 secure :-1 s=STATE_CONNECTION_ESTABLISHED l=1).mark_down
2024-05-08T21:48:21.397 INFO:teuthology.orchestra.run.smithi064.stdout:/usr/bin/ceph: stderr
2024-05-08T21:48:14.607+0000 7fd9f9919700 1 --2- 172.21.15.64:0/474983758 >> [v2:172.21.15.64:3300/0,v1:172.21.15.64:6789/0] conn(0x7fd9f4107210 0x7fd9f4109600 secure :-1 s=READY pgs=61 cs=0 l=1 rev1=1 crypto rx=0x7fd9e40098a0 tx=0x7fd9e4009bb0 comp rx=0 tx=0).stop
2024-05-08T21:48:21.397 INFO:teuthology.orchestra.run.smithi064.stdout:/usr/bin/ceph: stderr
2024-05-08T21:48:14.607+0000 7fd9f9919700 1 -- 172.21.15.64:0/474983758 shutdown_connections
2024-05-08T21:48:21.397 INFO:teuthology.orchestra.run.smithi064.stdout:/usr/bin/ceph: stderr
2024-05-08T21:48:14.607+0000 7fd9f9919700 1 --2- 172.21.15.64:0/474983758 >> [v2:172.21.15.64:3300/0,v1:172.21.15.64:6789/0] conn(0x7fd9f4107210 0x7fd9f4109600 unknown :-1 s=CLOSED pgs=61 cs=0 l=1 rev1=1 crypto rx=0 tx=0 comp rx=0 tx=0).stop
2024-05-08T21:48:21.397 INFO:teuthology.orchestra.run.smithi064.stdout:/usr/bin/ceph: stderr
2024-05-08T21:48:14.607+0000 7fd9f9919700 1 -- 172.21.15.64:0/474983758 >> 172.21.15.64:0/474983758 conn(0x7fd9f4100c40 msgr2=0x7fd9f4103080 unknown :-1 s=STATE_NONE l=0).mark_down
2024-05-08T21:48:21.397 INFO:teuthology.orchestra.run.smithi064.stdout:/usr/bin/ceph: stderr
2024-05-08T21:48:14.607+0000 7fd9f9919700 1 -- 172.21.15.64:0/474983758 shutdown_connections
2024-05-08T21:48:21.397 INFO:teuthology.orchestra.run.smithi064.stdout:/usr/bin/ceph: stderr
2024-05-08T21:48:14.607+0000 7fd9f9919700 1 -- 172.21.15.64:0/474983758 wait complete.
2024-05-08T21:48:21.397 INFO:teuthology.orchestra.run.smithi064.stdout:/usr/bin/ceph: stderr
2024-05-08T21:48:14.608+0000 7fd9f9919700 1 Processor -- start
2024-05-08T21:48:21.398 INFO:teuthology.orchestra.run.smithi064.stdout:/usr/bin/ceph: stderr
2024-05-08T21:48:14.608+0000 7fd9f9919700 1 -- start start
2024-05-08T21:48:21.398 INFO:teuthology.orchestra.run.smithi064.stdout:/usr/bin/ceph: stderr
2024-05-08T21:48:14.608+0000 7fd9f9919700 1 --2- >> [v2:172.21.15.64:3300/0,v1:172.21.15.64:6789/0] conn(0x7fd9f4107210 0x7fd9f419a580 unknown :-1 s=NONE pgs=0 cs=0 l=1 rev1=0 crypto rx=0 tx=0 comp rx=0 tx=0).connect
2024-05-08T21:48:21.398 INFO:teuthology.orchestra.run.smithi064.stdout:/usr/bin/ceph: stderr
2024-05-08T21:48:14.608+0000 7fd9f9919700 1 -- --> [v2:172.21.15.64:3300/0,v1:172.21.15.64:6789/0] -- mon_getmap magic: 0 v1 -- 0x7fd9f419aac0 con 0x7fd9f4107210
2024-05-08T21:48:21.398 INFO:teuthology.orchestra.run.smithi064.stdout:/usr/bin/ceph: stderr
2024-05-08T21:48:14.608+0000 7fd9f2ffd700 1 --2- >> [v2:172.21.15.64:3300/0,v1:172.21.15.64:6789/0] conn(0x7fd9f4107210 0x7fd9f419a580 unknown :-1 s=BANNER_CONNECTING pgs=0 cs=0 l=1 rev1=0 crypto rx=0 tx=0 comp rx=0 tx=0)._handle_peer_banner_payload supported=3 required=0
2024-05-08T21:48:21.399 INFO:teuthology.orchestra.run.smithi064.stdout:/usr/bin/ceph: stderr
2024-05-08T21:48:14.608+0000 7fd9f2ffd700 1 --2- >> [v2:172.21.15.64:3300/0,v1:172.21.15.64:6789/0] conn(0x7fd9f4107210 0x7fd9f419a580 unknown :-1 s=HELLO_CONNECTING pgs=0 cs=0 l=1 rev1=1 crypto rx=0 tx=0 comp rx=0 tx=0).handle_hello peer v2:172.21.15.64:3300/0 says I am v2:172.21.15.64:37568/0 (socket says 172.21.15.64:37568)
2024-05-08T21:48:21.399 INFO:teuthology.orchestra.run.smithi064.stdout:/usr/bin/ceph: stderr
2024-05-08T21:48:14.608+0000 7fd9f2ffd700 1 -- 172.21.15.64:0/4128587101 learned_addr learned my addr 172.21.15.64:0/4128587101 (peer_addr_for_me v2:172.21.15.64:0/0)
2024-05-08T21:48:21.399 INFO:teuthology.orchestra.run.smithi064.stdout:/usr/bin/ceph: stderr
2024-05-08T21:48:14.609+0000 7fd9f2ffd700 1 -- 172.21.15.64:0/4128587101 --> [v2:172.21.15.64:3300/0,v1:172.21.15.64:6789/0] -- mon_subscribe({config=0+,monmap=0+}) v3 -- 0x7fd9e4009550 con 0x7fd9f4107210
2024-05-08T21:48:21.399 INFO:teuthology.orchestra.run.smithi064.stdout:/usr/bin/ceph: stderr
2024-05-08T21:48:14.609+0000 7fd9f2ffd700 1 --2- 172.21.15.64:0/4128587101 >> [v2:172.21.15.64:3300/0,v1:172.21.15.64:6789/0] conn(0x7fd9f4107210 0x7fd9f419a580 secure :-1 s=READY pgs=62 cs=0 l=1 rev1=1 crypto rx=0x7fd9e4011980 tx=0x7fd9e4011a60 comp rx=0 tx=0).ready entity=mon.0 client_cookie=0 server_cookie=0 in_seq=0 out_seq=0
2024-05-08T21:48:21.399 INFO:teuthology.orchestra.run.smithi064.stdout:/usr/bin/ceph: stderr
2024-05-08T21:48:14.609+0000 7fd9f8917700 1 -- 172.21.15.64:0/4128587101 <== mon.0 v2:172.21.15.64:3300/0 1 ==== mon_map magic: 0 v1 ==== 205+0+0 (secure 0 0 0) 0x7fd9e4003af0 con 0x7fd9f4107210
2024-05-08T21:48:21.399 INFO:teuthology.orchestra.run.smithi064.stdout:/usr/bin/ceph: stderr
2024-05-08T21:48:14.609+0000 7fd9f8917700 1 -- 172.21.15.64:0/4128587101 <== mon.0 v2:172.21.15.64:3300/0 2 ==== config(26 keys) v1 ==== 1105+0+0 (secure 0 0 0) 0x7fd9e4003c50 con 0x7fd9f4107210
2024-05-08T21:48:21.399 INFO:teuthology.orchestra.run.smithi064.stdout:/usr/bin/ceph: stderr
2024-05-08T21:48:14.609+0000 7fd9f8917700 1 -- 172.21.15.64:0/4128587101 <== mon.0 v2:172.21.15.64:3300/0 3 ==== mon_map magic: 0 v1 ==== 205+0+0 (secure 0 0 0) 0x7fd9e4019760 con 0x7fd9f4107210
2024-05-08T21:48:21.399 INFO:teuthology.orchestra.run.smithi064.stdout:/usr/bin/ceph: stderr
2024-05-08T21:48:14.610+0000 7fd9f9919700 1 -- 172.21.15.64:0/4128587101 --> [v2:172.21.15.64:3300/0,v1:172.21.15.64:6789/0] -- mon_subscribe({mgrmap=0+}) v3 -- 0x7fd9f419acc0 con 0x7fd9f4107210
2024-05-08T21:48:21.399 INFO:teuthology.orchestra.run.smithi064.stdout:/usr/bin/ceph: stderr
2024-05-08T21:48:14.610+0000 7fd9f9919700 1 -- 172.21.15.64:0/4128587101 --> [v2:172.21.15.64:3300/0,v1:172.21.15.64:6789/0] -- mon_subscribe({osdmap=0}) v3 -- 0x7fd9f419b160 con 0x7fd9f4107210
2024-05-08T21:48:21.399 INFO:teuthology.orchestra.run.smithi064.stdout:/usr/bin/ceph: stderr
2024-05-08T21:48:14.610+0000 7fd9f8917700 1 -- 172.21.15.64:0/4128587101 <== mon.0 v2:172.21.15.64:3300/0 4 ==== mgrmap(e 9) v1 ==== 45554+0+0 (secure 0 0 0) 0x7fd9e401ab10 con 0x7fd9f4107210
2024-05-08T21:48:21.399 INFO:teuthology.orchestra.run.smithi064.stdout:/usr/bin/ceph: stderr
2024-05-08T21:48:14.611+0000 7fd9f8917700 1 --2- 172.21.15.64:0/4128587101 >> [v2:172.21.15.64:6800/865555054,v1:172.21.15.64:6801/865555054] conn(0x7fd9dc0387a0 0x7fd9dc03ac60 unknown :-1 s=NONE pgs=0 cs=0 l=1 rev1=0 crypto rx=0 tx=0 comp rx=0 tx=0).connect
2024-05-08T21:48:21.399 INFO:teuthology.orchestra.run.smithi064.stdout:/usr/bin/ceph: stderr
2024-05-08T21:48:14.611+0000 7fd9f8917700 1 -- 172.21.15.64:0/4128587101 --> [v2:172.21.15.64:6800/865555054,v1:172.21.15.64:6801/865555054] -- command(tid 0: {"prefix": "get_command_descriptions"}) v1 -- 0x7fd9dc03b370 con 0x7fd9dc0387a0
2024-05-08T21:48:21.399 INFO:teuthology.orchestra.run.smithi064.stdout:/usr/bin/ceph: stderr
2024-05-08T21:48:14.611+0000 7fd9f8917700 1 -- 172.21.15.64:0/4128587101 <== mon.0 v2:172.21.15.64:3300/0 5 ==== osd_map(2..2 src has 1..2) v4 ==== 940+0+0 (secure 0 0 0) 0x7fd9e404c300 con 0x7fd9f4107210
2024-05-08T21:48:21.399 INFO:teuthology.orchestra.run.smithi064.stdout:/usr/bin/ceph: stderr
2024-05-08T21:48:14.611+0000 7fd9f27fc700 1 -- 172.21.15.64:0/4128587101 >> [v2:172.21.15.64:6800/865555054,v1:172.21.15.64:6801/865555054] conn(0x7fd9dc0387a0 msgr2=0x7fd9dc03ac60 unknown :-1 s=STATE_CONNECTING_RE l=1).process reconnect failed to v2:172.21.15.64:6800/865555054
2024-05-08T21:48:21.400 INFO:teuthology.orchestra.run.smithi064.stdout:/usr/bin/ceph: stderr
2024-05-08T21:48:14.611+0000 7fd9f27fc700 1 --2- 172.21.15.64:0/4128587101 >> [v2:172.21.15.64:6800/865555054,v1:172.21.15.64:6801/865555054] conn(0x7fd9dc0387a0 0x7fd9dc03ac60 unknown :-1 s=START_CONNECT pgs=0 cs=0 l=1 rev1=0 crypto rx=0 tx=0 comp rx=0 tx=0)._fault waiting 0.200000
2024-05-08T21:48:21.400 INFO:teuthology.orchestra.run.smithi064.stdout:/usr/bin/ceph: stderr
2024-05-08T21:48:14.812+0000 7fd9f27fc700 1 -- 172.21.15.64:0/4128587101 >> [v2:172.21.15.64:6800/865555054,v1:172.21.15.64:6801/865555054] conn(0x7fd9dc0387a0 msgr2=0x7fd9dc03ac60 unknown :-1 s=STATE_CONNECTING_RE l=1).process reconnect failed to v2:172.21.15.64:6800/865555054
2024-05-08T21:48:21.400 INFO:teuthology.orchestra.run.smithi064.stdout:/usr/bin/ceph: stderr
2024-05-08T21:48:14.812+0000 7fd9f27fc700 1 --2- 172.21.15.64:0/4128587101 >> [v2:172.21.15.64:6800/865555054,v1:172.21.15.64:6801/865555054] conn(0x7fd9dc0387a0 0x7fd9dc03ac60 unknown :-1 s=START_CONNECT pgs=0 cs=0 l=1 rev1=0 crypto rx=0 tx=0 comp rx=0 tx=0)._fault waiting 0.400000
