2024-05-08T21:48:10.061 INFO:teuthology.orchestra.run.smithi064.stdout:/usr/bin/ceph: stderr
2024-05-08T21:48:09.447+0000 7fd476ecc700 1 --2- 172.21.15.64:0/2709202941 >> [v2:172.21.15.64:3300/0,v1:172.21.15.64:6789/0] conn(0x7fd47007be70 0x7fd47007a320 unknown :-1 s=CLOSED pgs=49 cs=0 l=1 rev1=1 crypto rx=0 tx=0 comp rx=0 tx=0).stop
2024-05-08T21:48:10.061 INFO:teuthology.orchestra.run.smithi064.stdout:/usr/bin/ceph: stderr
2024-05-08T21:48:09.447+0000 7fd476ecc700 1 -- 172.21.15.64:0/2709202941 >> 172.21.15.64:0/2709202941 conn(0x7fd470101dd0 msgr2=0x7fd4701041f0 unknown :-1 s=STATE_NONE l=0).mark_down
2024-05-08T21:48:10.061 INFO:teuthology.orchestra.run.smithi064.stdout:/usr/bin/ceph: stderr
2024-05-08T21:48:09.447+0000 7fd476ecc700 1 -- 172.21.15.64:0/2709202941 shutdown_connections
2024-05-08T21:48:10.061 INFO:teuthology.orchestra.run.smithi064.stdout:/usr/bin/ceph: stderr
2024-05-08T21:48:09.447+0000 7fd476ecc700 1 -- 172.21.15.64:0/2709202941 wait complete.
2024-05-08T21:48:10.061 INFO:teuthology.orchestra.run.smithi064.stdout:/usr/bin/ceph: stderr
2024-05-08T21:48:09.448+0000 7fd476ecc700 1 Processor -- start
2024-05-08T21:48:10.061 INFO:teuthology.orchestra.run.smithi064.stdout:/usr/bin/ceph: stderr
2024-05-08T21:48:09.448+0000 7fd476ecc700 1 -- start start
2024-05-08T21:48:10.061 INFO:teuthology.orchestra.run.smithi064.stdout:/usr/bin/ceph: stderr
2024-05-08T21:48:09.448+0000 7fd476ecc700 1 --2- >> [v2:172.21.15.64:3300/0,v1:172.21.15.64:6789/0] conn(0x7fd47007be70 0x7fd47019c720 unknown :-1 s=NONE pgs=0 cs=0 l=1 rev1=0 crypto rx=0 tx=0 comp rx=0 tx=0).connect
2024-05-08T21:48:10.061 INFO:teuthology.orchestra.run.smithi064.stdout:/usr/bin/ceph: stderr
2024-05-08T21:48:09.448+0000 7fd476ecc700 1 -- --> [v2:172.21.15.64:3300/0,v1:172.21.15.64:6789/0] -- mon_getmap magic: 0 v1 -- 0x7fd47019cc60 con 0x7fd47007be70
2024-05-08T21:48:10.062 INFO:teuthology.orchestra.run.smithi064.stdout:/usr/bin/ceph: stderr
2024-05-08T21:48:09.448+0000 7fd474c68700 1 --2- >> [v2:172.21.15.64:3300/0,v1:172.21.15.64:6789/0] conn(0x7fd47007be70 0x7fd47019c720 unknown :-1 s=BANNER_CONNECTING pgs=0 cs=0 l=1 rev1=0 crypto rx=0 tx=0 comp rx=0 tx=0)._handle_peer_banner_payload supported=3 required=0
2024-05-08T21:48:10.062 INFO:teuthology.orchestra.run.smithi064.stdout:/usr/bin/ceph: stderr
2024-05-08T21:48:09.448+0000 7fd474c68700 1 --2- >> [v2:172.21.15.64:3300/0,v1:172.21.15.64:6789/0] conn(0x7fd47007be70 0x7fd47019c720 unknown :-1 s=HELLO_CONNECTING pgs=0 cs=0 l=1 rev1=1 crypto rx=0 tx=0 comp rx=0 tx=0).handle_hello peer v2:172.21.15.64:3300/0 says I am v2:172.21.15.64:41114/0 (socket says 172.21.15.64:41114)
2024-05-08T21:48:10.062 INFO:teuthology.orchestra.run.smithi064.stdout:/usr/bin/ceph: stderr
2024-05-08T21:48:09.448+0000 7fd474c68700 1 -- 172.21.15.64:0/2321846479 learned_addr learned my addr 172.21.15.64:0/2321846479 (peer_addr_for_me v2:172.21.15.64:0/0)
2024-05-08T21:48:10.062 INFO:teuthology.orchestra.run.smithi064.stdout:/usr/bin/ceph: stderr
2024-05-08T21:48:09.448+0000 7fd474c68700 1 -- 172.21.15.64:0/2321846479 --> [v2:172.21.15.64:3300/0,v1:172.21.15.64:6789/0] -- mon_subscribe({config=0+,monmap=0+}) v3 -- 0x7fd464009550 con 0x7fd47007be70
2024-05-08T21:48:10.062 INFO:teuthology.orchestra.run.smithi064.stdout:/usr/bin/ceph: stderr
2024-05-08T21:48:09.448+0000 7fd474c68700 1 --2- 172.21.15.64:0/2321846479 >> [v2:172.21.15.64:3300/0,v1:172.21.15.64:6789/0] conn(0x7fd47007be70 0x7fd47019c720 secure :-1 s=READY pgs=50 cs=0 l=1 rev1=1 crypto rx=0x7fd464006af0 tx=0x7fd464011a10 comp rx=0 tx=0).ready entity=mon.0 client_cookie=0 server_cookie=0 in_seq=0 out_seq=0
2024-05-08T21:48:10.062 INFO:teuthology.orchestra.run.smithi064.stdout:/usr/bin/ceph: stderr
2024-05-08T21:48:09.449+0000 7fd46dffb700 1 -- 172.21.15.64:0/2321846479 <== mon.0 v2:172.21.15.64:3300/0 1 ==== mon_map magic: 0 v1 ==== 205+0+0 (secure 0 0 0) 0x7fd464003a40 con 0x7fd47007be70
2024-05-08T21:48:10.062 INFO:teuthology.orchestra.run.smithi064.stdout:/usr/bin/ceph: stderr
2024-05-08T21:48:09.449+0000 7fd46dffb700 1 -- 172.21.15.64:0/2321846479 <== mon.0 v2:172.21.15.64:3300/0 2 ==== config(26 keys) v1 ==== 1105+0+0 (secure 0 0 0) 0x7fd464003ba0 con 0x7fd47007be70
2024-05-08T21:48:10.062 INFO:teuthology.orchestra.run.smithi064.stdout:/usr/bin/ceph: stderr
2024-05-08T21:48:09.449+0000 7fd476ecc700 1 -- 172.21.15.64:0/2321846479 --> [v2:172.21.15.64:3300/0,v1:172.21.15.64:6789/0] -- mon_subscribe({mgrmap=0+}) v3 -- 0x7fd47019ce60 con 0x7fd47007be70
2024-05-08T21:48:10.062 INFO:teuthology.orchestra.run.smithi064.stdout:/usr/bin/ceph: stderr
2024-05-08T21:48:09.449+0000 7fd46dffb700 1 -- 172.21.15.64:0/2321846479 <== mon.0 v2:172.21.15.64:3300/0 3 ==== mon_map magic: 0 v1 ==== 205+0+0 (secure 0 0 0) 0x7fd4640196c0 con 0x7fd47007be70
2024-05-08T21:48:10.062 INFO:teuthology.orchestra.run.smithi064.stdout:/usr/bin/ceph: stderr
2024-05-08T21:48:09.449+0000 7fd476ecc700 1 -- 172.21.15.64:0/2321846479 --> [v2:172.21.15.64:3300/0,v1:172.21.15.64:6789/0] -- mon_subscribe({osdmap=0}) v3 -- 0x7fd47019d300 con 0x7fd47007be70
2024-05-08T21:48:10.062 INFO:teuthology.orchestra.run.smithi064.stdout:/usr/bin/ceph: stderr
2024-05-08T21:48:09.450+0000 7fd46dffb700 1 -- 172.21.15.64:0/2321846479 <== mon.0 v2:172.21.15.64:3300/0 4 ==== mgrmap(e 8) v1 ==== 45541+0+0 (secure 0 0 0) 0x7fd46401aa80 con 0x7fd47007be70
2024-05-08T21:48:10.062 INFO:teuthology.orchestra.run.smithi064.stdout:/usr/bin/ceph: stderr
2024-05-08T21:48:09.450+0000 7fd476ecc700 1 -- 172.21.15.64:0/2321846479 --> [v2:172.21.15.64:3300/0,v1:172.21.15.64:6789/0] -- mon_command({"prefix": "get_command_descriptions"} v 0) v1 -- 0x7fd47010cbd0 con 0x7fd47007be70
2024-05-08T21:48:10.062 INFO:teuthology.orchestra.run.smithi064.stdout:/usr/bin/ceph: stderr
2024-05-08T21:48:09.450+0000 7fd46dffb700 1 --2- 172.21.15.64:0/2321846479 >> [v2:172.21.15.64:6800/865555054,v1:172.21.15.64:6801/865555054] conn(0x7fd460038700 0x7fd46003abc0 unknown :-1 s=NONE pgs=0 cs=0 l=1 rev1=0 crypto rx=0 tx=0 comp rx=0 tx=0).connect
2024-05-08T21:48:10.062 INFO:teuthology.orchestra.run.smithi064.stdout:/usr/bin/ceph: stderr
2024-05-08T21:48:09.450+0000 7fd46dffb700 1 -- 172.21.15.64:0/2321846479 <== mon.0 v2:172.21.15.64:3300/0 5 ==== osd_map(2..2 src has 1..2) v4 ==== 940+0+0 (secure 0 0 0) 0x7fd46404c900 con 0x7fd47007be70
2024-05-08T21:48:10.063 INFO:teuthology.orchestra.run.smithi064.stdout:/usr/bin/ceph: stderr
2024-05-08T21:48:09.450+0000 7fd46ffff700 1 --2- 172.21.15.64:0/2321846479 >> [v2:172.21.15.64:6800/865555054,v1:172.21.15.64:6801/865555054] conn(0x7fd460038700 0x7fd46003abc0 unknown :-1 s=BANNER_CONNECTING pgs=0 cs=0 l=1 rev1=0 crypto rx=0 tx=0 comp rx=0 tx=0)._handle_peer_banner_payload supported=3 required=0
2024-05-08T21:48:10.063 INFO:teuthology.orchestra.run.smithi064.stdout:/usr/bin/ceph: stderr
2024-05-08T21:48:09.451+0000 7fd46ffff700 1 --2- 172.21.15.64:0/2321846479 >> [v2:172.21.15.64:6800/865555054,v1:172.21.15.64:6801/865555054] conn(0x7fd460038700 0x7fd46003abc0 secure :-1 s=READY pgs=13 cs=0 l=1 rev1=1 crypto rx=0x7fd45c006fd0 tx=0x7fd45c006e40 comp rx=0 tx=0).ready entity=mgr.14120 client_cookie=0 server_cookie=0 in_seq=0 out_seq=0
2024-05-08T21:48:10.063 INFO:teuthology.orchestra.run.smithi064.stdout:/usr/bin/ceph: stderr
2024-05-08T21:48:09.455+0000 7fd46dffb700 1 -- 172.21.15.64:0/2321846479 <== mon.0 v2:172.21.15.64:3300/0 6 ==== mon_command_ack([{"prefix": "get_command_descriptions"}]=0 v0) v1 ==== 72+0+183622 (secure 0 0 0) 0x7fd46401a430 con 0x7fd47007be70
2024-05-08T21:48:10.063 INFO:teuthology.orchestra.run.smithi064.stdout:/usr/bin/ceph: stderr
2024-05-08T21:48:09.682+0000 7fd476ecc700 1 -- 172.21.15.64:0/2321846479 --> [v2:172.21.15.64:6800/865555054,v1:172.21.15.64:6801/865555054] -- mgr_command(tid 0: {"prefix": "orch apply", "service_type": "mgr", "unmanaged": true, "target": ["mon-mgr", ""]}) v1 -- 0x7fd47019fb90 con 0x7fd460038700
2024-05-08T21:48:10.063 INFO:teuthology.orchestra.run.smithi064.stdout:/usr/bin/ceph: stderr
2024-05-08T21:48:09.686+0000 7fd46dffb700 1 -- 172.21.15.64:0/2321846479 <== mgr.14120 v2:172.21.15.64:6800/865555054 1 ==== mgr_command_reply(tid 0: 0 ) v1 ==== 8+0+24 (secure 0 0 0) 0x7fd47019fb90 con 0x7fd460038700
2024-05-08T21:48:10.063 INFO:teuthology.orchestra.run.smithi064.stdout:/usr/bin/ceph: stderr
2024-05-08T21:48:09.689+0000 7fd476ecc700 1 -- 172.21.15.64:0/2321846479 >> [v2:172.21.15.64:6800/865555054,v1:172.21.15.64:6801/865555054] conn(0x7fd460038700 msgr2=0x7fd46003abc0 secure :-1 s=STATE_CONNECTION_ESTABLISHED l=1).mark_down
2024-05-08T21:48:10.063 INFO:teuthology.orchestra.run.smithi064.stdout:/usr/bin/ceph: stderr
2024-05-08T21:48:09.689+0000 7fd476ecc700 1 --2- 172.21.15.64:0/2321846479 >> [v2:172.21.15.64:6800/865555054,v1:172.21.15.64:6801/865555054] conn(0x7fd460038700 0x7fd46003abc0 secure :-1 s=READY pgs=13 cs=0 l=1 rev1=1 crypto rx=0x7fd45c006fd0 tx=0x7fd45c006e40 comp rx=0 tx=0).stop
2024-05-08T21:48:10.063 INFO:teuthology.orchestra.run.smithi064.stdout:/usr/bin/ceph: stderr
2024-05-08T21:48:09.689+0000 7fd476ecc700 1 -- 172.21.15.64:0/2321846479 >> [v2:172.21.15.64:3300/0,v1:172.21.15.64:6789/0] conn(0x7fd47007be70 msgr2=0x7fd47019c720 secure :-1 s=STATE_CONNECTION_ESTABLISHED l=1).mark_down
2024-05-08T21:48:10.063 INFO:teuthology.orchestra.run.smithi064.stdout:/usr/bin/ceph: stderr
2024-05-08T21:48:09.689+0000 7fd476ecc700 1 --2- 172.21.15.64:0/2321846479 >> [v2:172.21.15.64:3300/0,v1:172.21.15.64:6789/0] conn(0x7fd47007be70 0x7fd47019c720 secure :-1 s=READY pgs=50 cs=0 l=1 rev1=1 crypto rx=0x7fd464006af0 tx=0x7fd464011a10 comp rx=0 tx=0).stop
2024-05-08T21:48:10.063 INFO:teuthology.orchestra.run.smithi064.stdout:/usr/bin/ceph: stderr
2024-05-08T21:48:09.689+0000 7fd476ecc700 1 -- 172.21.15.64:0/2321846479 shutdown_connections
2024-05-08T21:48:10.063 INFO:teuthology.orchestra.run.smithi064.stdout:/usr/bin/ceph: stderr
2024-05-08T21:48:09.689+0000 7fd476ecc700 1 --2- 172.21.15.64:0/2321846479 >> [v2:172.21.15.64:6800/865555054,v1:172.21.15.64:6801/865555054] conn(0x7fd460038700 0x7fd46003abc0 unknown :-1 s=CLOSED pgs=13 cs=0 l=1 rev1=1 crypto rx=0 tx=0 comp rx=0 tx=0).stop
2024-05-08T21:48:10.063 INFO:teuthology.orchestra.run.smithi064.stdout:/usr/bin/ceph: stderr
2024-05-08T21:48:09.689+0000 7fd476ecc700 1 --2- 172.21.15.64:0/2321846479 >> [v2:172.21.15.64:3300/0,v1:172.21.15.64:6789/0] conn(0x7fd47007be70 0x7fd47019c720 unknown :-1 s=CLOSED pgs=50 cs=0 l=1 rev1=1 crypto rx=0 tx=0 comp rx=0 tx=0).stop
2024-05-08T21:48:10.063 INFO:teuthology.orchestra.run.smithi064.stdout:/usr/bin/ceph: stderr
2024-05-08T21:48:09.689+0000 7fd476ecc700 1 -- 172.21.15.64:0/2321846479 >> 172.21.15.64:0/2321846479 conn(0x7fd470101dd0 msgr2=0x7fd470102940 unknown :-1 s=STATE_NONE l=0).mark_down
2024-05-08T21:48:10.063 INFO:teuthology.orchestra.run.smithi064.stdout:/usr/bin/ceph: stderr
2024-05-08T21:48:09.689+0000 7fd476ecc700 1 -- 172.21.15.64:0/2321846479 shutdown_connections
2024-05-08T21:48:10.063 INFO:teuthology.orchestra.run.smithi064.stdout:/usr/bin/ceph: stderr
2024-05-08T21:48:09.689+0000 7fd476ecc700 1 -- 172.21.15.64:0/2321846479 wait complete.
2024-05-08T21:48:10.948 INFO:journalctl@ceph.mon.a.smithi064.stdout:May 08 21:48:10 smithi064 ceph-mon[42500]: from='client.14144 -' entity='client.admin' cmd=[{"prefix": "orch apply", "service_type": "mgr", "unmanaged": true, "target": ["mon-mgr", ""]}]: dispatch
2024-05-08T21:48:10.949 INFO:journalctl@ceph.mon.a.smithi064.stdout:May 08 21:48:10 smithi064 ceph-mon[42500]: Saving service mgr spec with placement count:2
2024-05-08T21:48:10.949 INFO:journalctl@ceph.mon.a.smithi064.stdout:May 08 21:48:10 smithi064 ceph-mon[42500]: from='mgr.14120 172.21.15.64:0/1869071516' entity='mgr.x'
2024-05-08T21:48:10.949 INFO:journalctl@ceph.mon.a.smithi064.stdout:May 08 21:48:10 smithi064 ceph-mon[42500]: from='mgr.14120 172.21.15.64:0/1869071516' entity='mgr.x'
2024-05-08T21:48:10.949 INFO:journalctl@ceph.mon.a.smithi064.stdout:May 08 21:48:10 smithi064 ceph-mon[42500]: from='client.? 172.21.15.64:0/2926357176' entity='client.admin'
2024-05-08T21:48:10.990 INFO:teuthology.orchestra.run.smithi064.stdout:/usr/bin/ceph: stderr
2024-05-08T21:48:10.462+0000 7f012bd1f700 1 Processor -- start
2024-05-08T21:48:10.990 INFO:teuthology.orchestra.run.smithi064.stdout:/usr/bin/ceph: stderr
2024-05-08T21:48:10.462+0000 7f012bd1f700 1 -- start start
2024-05-08T21:48:10.991 INFO:teuthology.orchestra.run.smithi064.stdout:/usr/bin/ceph: stderr
2024-05-08T21:48:10.463+0000 7f012bd1f700 1 --2- >> [v2:172.21.15.64:3300/0,v1:172.21.15.64:6789/0] conn(0x7f01241056f0 0x7f0124105b10 unknown :-1 s=NONE pgs=0 cs=0 l=0 rev1=0 crypto rx=0 tx=0 comp rx=0 tx=0).connect
2024-05-08T21:48:10.991 INFO:teuthology.orchestra.run.smithi064.stdout:/usr/bin/ceph: stderr
2024-05-08T21:48:10.463+0000 7f012bd1f700 1 -- --> [v2:172.21.15.64:3300/0,v1:172.21.15.64:6789/0] -- mon_getmap magic: 0 v1 -- 0x7f01241060e0 con 0x7f01241056f0
2024-05-08T21:48:10.991 INFO:teuthology.orchestra.run.smithi064.stdout:/usr/bin/ceph: stderr
2024-05-08T21:48:10.463+0000 7f0129abb700 1 --2- >> [v2:172.21.15.64:3300/0,v1:172.21.15.64:6789/0] conn(0x7f01241056f0 0x7f0124105b10 unknown :-1 s=BANNER_CONNECTING pgs=0 cs=0 l=0 rev1=0 crypto rx=0 tx=0 comp rx=0 tx=0)._handle_peer_banner_payload supported=3 required=0
2024-05-08T21:48:10.991 INFO:teuthology.orchestra.run.smithi064.stdout:/usr/bin/ceph: stderr
2024-05-08T21:48:10.463+0000 7f0129abb700 1 --2- >> [v2:172.21.15.64:3300/0,v1:172.21.15.64:6789/0] conn(0x7f01241056f0 0x7f0124105b10 unknown :-1 s=HELLO_CONNECTING pgs=0 cs=0 l=0 rev1=1 crypto rx=0 tx=0 comp rx=0 tx=0).handle_hello peer v2:172.21.15.64:3300/0 says I am v2:172.21.15.64:41130/0 (socket says 172.21.15.64:41130)
2024-05-08T21:48:10.991 INFO:teuthology.orchestra.run.smithi064.stdout:/usr/bin/ceph: stderr
2024-05-08T21:48:10.463+0000 7f0129abb700 1 -- 172.21.15.64:0/3732906864 learned_addr learned my addr 172.21.15.64:0/3732906864 (peer_addr_for_me v2:172.21.15.64:0/0)
2024-05-08T21:48:10.991 INFO:teuthology.orchestra.run.smithi064.stdout:/usr/bin/ceph: stderr
2024-05-08T21:48:10.463+0000 7f0129abb700 1 -- 172.21.15.64:0/3732906864 --> [v2:172.21.15.64:3300/0,v1:172.21.15.64:6789/0] -- mon_subscribe({config=0+,monmap=0+}) v3 -- 0x7f01241068f0 con 0x7f01241056f0
2024-05-08T21:48:10.991 INFO:teuthology.orchestra.run.smithi064.stdout:/usr/bin/ceph: stderr
2024-05-08T21:48:10.463+0000 7f0129abb700 1 --2- 172.21.15.64:0/3732906864 >> [v2:172.21.15.64:3300/0,v1:172.21.15.64:6789/0] conn(0x7f01241056f0 0x7f0124105b10 secure :-1 s=READY pgs=51 cs=0 l=1 rev1=1 crypto rx=0x7f01200098a0 tx=0x7f0120009bb0 comp rx=0 tx=0).ready entity=mon.0 client_cookie=59ec784f7fecd851 server_cookie=0 in_seq=0 out_seq=0
2024-05-08T21:48:10.991 INFO:teuthology.orchestra.run.smithi064.stdout:/usr/bin/ceph: stderr
2024-05-08T21:48:10.464+0000 7f0128ab9700 1 -- 172.21.15.64:0/3732906864 <== mon.0 v2:172.21.15.64:3300/0 1 ==== mon_map magic: 0 v1 ==== 205+0+0 (secure 0 0 0) 0x7f0120004160 con 0x7f01241056f0
2024-05-08T21:48:10.991 INFO:teuthology.orchestra.run.smithi064.stdout:/usr/bin/ceph: stderr
2024-05-08T21:48:10.464+0000 7f0128ab9700 1 -- 172.21.15.64:0/3732906864 <== mon.0 v2:172.21.15.64:3300/0 2 ==== config(26 keys) v1 ==== 1105+0+0 (secure 0 0 0) 0x7f01200042c0 con 0x7f01241056f0
2024-05-08T21:48:10.991 INFO:teuthology.orchestra.run.smithi064.stdout:/usr/bin/ceph: stderr
2024-05-08T21:48:10.464+0000 7f0128ab9700 1 -- 172.21.15.64:0/3732906864 <== mon.0 v2:172.21.15.64:3300/0 3 ==== mon_map magic: 0 v1 ==== 205+0+0 (secure 0 0 0) 0x7f01200119b0 con 0x7f01241056f0
2024-05-08T21:48:10.991 INFO:teuthology.orchestra.run.smithi064.stdout:/usr/bin/ceph: stderr
2024-05-08T21:48:10.464+0000 7f012bd1f700 1 -- 172.21.15.64:0/3732906864 >> [v2:172.21.15.64:3300/0,v1:172.21.15.64:6789/0] conn(0x7f01241056f0 msgr2=0x7f0124105b10 secure :-1 s=STATE_CONNECTION_ESTABLISHED l=1).mark_down
2024-05-08T21:48:10.992 INFO:teuthology.orchestra.run.smithi064.stdout:/usr/bin/ceph: stderr
2024-05-08T21:48:10.464+0000 7f012bd1f700 1 --2- 172.21.15.64:0/3732906864 >> [v2:172.21.15.64:3300/0,v1:172.21.15.64:6789/0] conn(0x7f01241056f0 0x7f0124105b10 secure :-1 s=READY pgs=51 cs=0 l=1 rev1=1 crypto rx=0x7f01200098a0 tx=0x7f0120009bb0 comp rx=0 tx=0).stop
2024-05-08T21:48:10.992 INFO:teuthology.orchestra.run.smithi064.stdout:/usr/bin/ceph: stderr
2024-05-08T21:48:10.464+0000 7f012bd1f700 1 -- 172.21.15.64:0/3732906864 shutdown_connections
2024-05-08T21:48:10.992 INFO:teuthology.orchestra.run.smithi064.stdout:/usr/bin/ceph: stderr
2024-05-08T21:48:10.464+0000 7f012bd1f700 1 --2- 172.21.15.64:0/3732906864 >> [v2:172.21.15.64:3300/0,v1:172.21.15.64:6789/0] conn(0x7f01241056f0 0x7f0124105b10 unknown :-1 s=CLOSED pgs=51 cs=0 l=1 rev1=1 crypto rx=0 tx=0 comp rx=0 tx=0).stop
2024-05-08T21:48:10.992 INFO:teuthology.orchestra.run.smithi064.stdout:/usr/bin/ceph: stderr
2024-05-08T21:48:10.464+0000 7f012bd1f700 1 -- 172.21.15.64:0/3732906864 >> 172.21.15.64:0/3732906864 conn(0x7f0124100c90 msgr2=0x7f01241030d0 unknown :-1 s=STATE_NONE l=0).mark_down
2024-05-08T21:48:10.992 INFO:teuthology.orchestra.run.smithi064.stdout:/usr/bin/ceph: stderr
2024-05-08T21:48:10.465+0000 7f012bd1f700 1 -- 172.21.15.64:0/3732906864 shutdown_connections
2024-05-08T21:48:10.992 INFO:teuthology.orchestra.run.smithi064.stdout:/usr/bin/ceph: stderr
2024-05-08T21:48:10.465+0000 7f012bd1f700 1 -- 172.21.15.64:0/3732906864 wait complete.
2024-05-08T21:48:10.992 INFO:teuthology.orchestra.run.smithi064.stdout:/usr/bin/ceph: stderr
2024-05-08T21:48:10.465+0000 7f012bd1f700 1 Processor -- start
2024-05-08T21:48:10.992 INFO:teuthology.orchestra.run.smithi064.stdout:/usr/bin/ceph: stderr
2024-05-08T21:48:10.465+0000 7f012bd1f700 1 -- start start
2024-05-08T21:48:10.992 INFO:teuthology.orchestra.run.smithi064.stdout:/usr/bin/ceph: stderr
2024-05-08T21:48:10.465+0000 7f012bd1f700 1 --2- >> [v2:172.21.15.64:3300/0,v1:172.21.15.64:6789/0] conn(0x7f01241056f0 0x7f0124190810 unknown :-1 s=NONE pgs=0 cs=0 l=1 rev1=0 crypto rx=0 tx=0 comp rx=0 tx=0).connect
2024-05-08T21:48:10.992 INFO:teuthology.orchestra.run.smithi064.stdout:/usr/bin/ceph: stderr
2024-05-08T21:48:10.465+0000 7f012bd1f700 1 -- --> [v2:172.21.15.64:3300/0,v1:172.21.15.64:6789/0] -- mon_getmap magic: 0 v1 -- 0x7f0124190d50 con 0x7f01241056f0
2024-05-08T21:48:10.992 INFO:teuthology.orchestra.run.smithi064.stdout:/usr/bin/ceph: stderr
2024-05-08T21:48:10.466+0000 7f0129abb700 1 --2- >> [v2:172.21.15.64:3300/0,v1:172.21.15.64:6789/0] conn(0x7f01241056f0 0x7f0124190810 unknown :-1 s=BANNER_CONNECTING pgs=0 cs=0 l=1 rev1=0 crypto rx=0 tx=0 comp rx=0 tx=0)._handle_peer_banner_payload supported=3 required=0
2024-05-08T21:48:10.992 INFO:teuthology.orchestra.run.smithi064.stdout:/usr/bin/ceph: stderr
2024-05-08T21:48:10.466+0000 7f0129abb700 1 --2- >> [v2:172.21.15.64:3300/0,v1:172.21.15.64:6789/0] conn(0x7f01241056f0 0x7f0124190810 unknown :-1 s=HELLO_CONNECTING pgs=0 cs=0 l=1 rev1=1 crypto rx=0 tx=0 comp rx=0 tx=0).handle_hello peer v2:172.21.15.64:3300/0 says I am v2:172.21.15.64:41140/0 (socket says 172.21.15.64:41140)
2024-05-08T21:48:10.992 INFO:teuthology.orchestra.run.smithi064.stdout:/usr/bin/ceph: stderr
2024-05-08T21:48:10.466+0000 7f0129abb700 1 -- 172.21.15.64:0/2926357176 learned_addr learned my addr 172.21.15.64:0/2926357176 (peer_addr_for_me v2:172.21.15.64:0/0)
2024-05-08T21:48:10.992 INFO:teuthology.orchestra.run.smithi064.stdout:/usr/bin/ceph: stderr
2024-05-08T21:48:10.466+0000 7f0129abb700 1 -- 172.21.15.64:0/2926357176 --> [v2:172.21.15.64:3300/0,v1:172.21.15.64:6789/0] -- mon_subscribe({config=0+,monmap=0+}) v3 -- 0x7f0120009550 con 0x7f01241056f0
2024-05-08T21:48:10.993 INFO:teuthology.orchestra.run.smithi064.stdout:/usr/bin/ceph: stderr
2024-05-08T21:48:10.466+0000 7f0129abb700 1 --2- 172.21.15.64:0/2926357176 >> [v2:172.21.15.64:3300/0,v1:172.21.15.64:6789/0] conn(0x7f01241056f0 0x7f0124190810 secure :-1 s=READY pgs=52 cs=0 l=1 rev1=1 crypto rx=0x7f0120003e60 tx=0x7f0120011a30 comp rx=0 tx=0).ready entity=mon.0 client_cookie=0 server_cookie=0 in_seq=0 out_seq=0
2024-05-08T21:48:10.993 INFO:teuthology.orchestra.run.smithi064.stdout:/usr/bin/ceph: stderr
2024-05-08T21:48:10.466+0000 7f011affd700 1 -- 172.21.15.64:0/2926357176 <== mon.0 v2:172.21.15.64:3300/0 1 ==== mon_map magic: 0 v1 ==== 205+0+0 (secure 0 0 0) 0x7f01200038b0 con 0x7f01241056f0
2024-05-08T21:48:10.993 INFO:teuthology.orchestra.run.smithi064.stdout:/usr/bin/ceph: stderr
2024-05-08T21:48:10.466+0000 7f011affd700 1 -- 172.21.15.64:0/2926357176 <== mon.0 v2:172.21.15.64:3300/0 2 ==== config(26 keys) v1 ==== 1105+0+0 (secure 0 0 0) 0x7f0120003a10 con 0x7f01241056f0
2024-05-08T21:48:10.993 INFO:teuthology.orchestra.run.smithi064.stdout:/usr/bin/ceph: stderr
2024-05-08T21:48:10.466+0000 7f012bd1f700 1 -- 172.21.15.64:0/2926357176 --> [v2:172.21.15.64:3300/0,v1:172.21.15.64:6789/0] -- mon_subscribe({mgrmap=0+}) v3 -- 0x7f012418ef90 con 0x7f01241056f0
2024-05-08T21:48:10.993 INFO:teuthology.orchestra.run.smithi064.stdout:/usr/bin/ceph: stderr
2024-05-08T21:48:10.466+0000 7f011affd700 1 -- 172.21.15.64:0/2926357176 <== mon.0 v2:172.21.15.64:3300/0 3 ==== mon_map magic: 0 v1 ==== 205+0+0 (secure 0 0 0) 0x7f0120019530 con 0x7f01241056f0
2024-05-08T21:48:10.993 INFO:teuthology.orchestra.run.smithi064.stdout:/usr/bin/ceph: stderr
2024-05-08T21:48:10.467+0000 7f012bd1f700 1 -- 172.21.15.64:0/2926357176 --> [v2:172.21.15.64:3300/0,v1:172.21.15.64:6789/0] -- mon_subscribe({osdmap=0}) v3 -- 0x7f012418f430 con 0x7f01241056f0
2024-05-08T21:48:10.993 INFO:teuthology.orchestra.run.smithi064.stdout:/usr/bin/ceph: stderr
2024-05-08T21:48:10.468+0000 7f012bd1f700 1 -- 172.21.15.64:0/2926357176 --> [v2:172.21.15.64:3300/0,v1:172.21.15.64:6789/0] -- mon_command({"prefix": "get_command_descriptions"} v 0) v1 -- 0x7f01240625d0 con 0x7f01241056f0
2024-05-08T21:48:10.993 INFO:teuthology.orchestra.run.smithi064.stdout:/usr/bin/ceph: stderr
2024-05-08T21:48:10.468+0000 7f011affd700 1 -- 172.21.15.64:0/2926357176 <== mon.0 v2:172.21.15.64:3300/0 4 ==== mgrmap(e 8) v1 ==== 45541+0+0 (secure 0 0 0) 0x7f012001a980 con 0x7f01241056f0
2024-05-08T21:48:10.993 INFO:teuthology.orchestra.run.smithi064.stdout:/usr/bin/ceph: stderr
2024-05-08T21:48:10.468+0000 7f011affd700 1 --2- 172.21.15.64:0/2926357176 >> [v2:172.21.15.64:6800/865555054,v1:172.21.15.64:6801/865555054] conn(0x7f0110038700 0x7f011003abc0 unknown :-1 s=NONE pgs=0 cs=0 l=1 rev1=0 crypto rx=0 tx=0 comp rx=0 tx=0).connect
2024-05-08T21:48:10.993 INFO:teuthology.orchestra.run.smithi064.stdout:/usr/bin/ceph: stderr
2024-05-08T21:48:10.468+0000 7f011affd700 1 -- 172.21.15.64:0/2926357176 <== mon.0 v2:172.21.15.64:3300/0 5 ==== osd_map(2..2 src has 1..2) v4 ==== 940+0+0 (secure 0 0 0) 0x7f012004c710 con 0x7f01241056f0
2024-05-08T21:48:10.993 INFO:teuthology.orchestra.run.smithi064.stdout:/usr/bin/ceph: stderr
2024-05-08T21:48:10.468+0000 7f01292ba700 1 --2- 172.21.15.64:0/2926357176 >> [v2:172.21.15.64:6800/865555054,v1:172.21.15.64:6801/865555054] conn(0x7f0110038700 0x7f011003abc0 unknown :-1 s=BANNER_CONNECTING pgs=0 cs=0 l=1 rev1=0 crypto rx=0 tx=0 comp rx=0 tx=0)._handle_peer_banner_payload supported=3 required=0
2024-05-08T21:48:10.993 INFO:teuthology.orchestra.run.smithi064.stdout:/usr/bin/ceph: stderr
2024-05-08T21:48:10.469+0000 7f01292ba700 1 --2- 172.21.15.64:0/2926357176 >> [v2:172.21.15.64:6800/865555054,v1:172.21.15.64:6801/865555054] conn(0x7f0110038700 0x7f011003abc0 secure :-1 s=READY pgs=14 cs=0 l=1 rev1=1 crypto rx=0x7f0114006fd0 tx=0x7f0114006e40 comp rx=0 tx=0).ready entity=mgr.14120 client_cookie=0 server_cookie=0 in_seq=0 out_seq=0
2024-05-08T21:48:10.993 INFO:teuthology.orchestra.run.smithi064.stdout:/usr/bin/ceph: stderr
2024-05-08T21:48:10.473+0000 7f011affd700 1 -- 172.21.15.64:0/2926357176 <== mon.0 v2:172.21.15.64:3300/0 6 ==== mon_command_ack([{"prefix": "get_command_descriptions"}]=0 v0) v1 ==== 72+0+183622 (secure 0 0 0) 0x7f0120003b80 con 0x7f01241056f0
2024-05-08T21:48:10.994 INFO:teuthology.orchestra.run.smithi064.stdout:/usr/bin/ceph: stderr
2024-05-08T21:48:10.678+0000 7f012bd1f700 1 -- 172.21.15.64:0/2926357176 --> [v2:172.21.15.64:3300/0,v1:172.21.15.64:6789/0] -- mon_command([{prefix=config set, name=mgr/cephadm/container_init}] v 0) v1 -- 0x7f0124109b20 con 0x7f01241056f0
2024-05-08T21:48:10.994 INFO:teuthology.orchestra.run.smithi064.stdout:/usr/bin/ceph: stderr
2024-05-08T21:48:10.681+0000 7f011affd700 1 -- 172.21.15.64:0/2926357176 <== mon.0 v2:172.21.15.64:3300/0 7 ==== mon_command_ack([{prefix=config set, name=mgr/cephadm/container_init}]=0 v7)=0 v7) v1 ==== 142+0+0 (secure 0 0 0) 0x7f012002de00 con 0x7f01241056f0
2024-05-08T21:48:10.994 INFO:teuthology.orchestra.run.smithi064.stdout:/usr/bin/ceph: stderr
2024-05-08T21:48:10.683+0000 7f012bd1f700 1 -- 172.21.15.64:0/2926357176 >> [v2:172.21.15.64:6800/865555054,v1:172.21.15.64:6801/865555054] conn(0x7f0110038700 msgr2=0x7f011003abc0 secure :-1 s=STATE_CONNECTION_ESTABLISHED l=1).mark_down
2024-05-08T21:48:10.994 INFO:teuthology.orchestra.run.smithi064.stdout:/usr/bin/ceph: stderr
2024-05-08T21:48:10.683+0000 7f012bd1f700 1 --2- 172.21.15.64:0/2926357176 >> [v2:172.21.15.64:6800/865555054,v1:172.21.15.64:6801/865555054] conn(0x7f0110038700 0x7f011003abc0 secure :-1 s=READY pgs=14 cs=0 l=1 rev1=1 crypto rx=0x7f0114006fd0 tx=0x7f0114006e40 comp rx=0 tx=0).stop
2024-05-08T21:48:10.994 INFO:teuthology.orchestra.run.smithi064.stdout:/usr/bin/ceph: stderr
2024-05-08T21:48:10.683+0000 7f012bd1f700 1 -- 172.21.15.64:0/2926357176 >> [v2:172.21.15.64:3300/0,v1:172.21.15.64:6789/0] conn(0x7f01241056f0 msgr2=0x7f0124190810 secure :-1 s=STATE_CONNECTION_ESTABLISHED l=1).mark_down
2024-05-08T21:48:10.994 INFO:teuthology.orchestra.run.smithi064.stdout:/usr/bin/ceph: stderr
2024-05-08T21:48:10.683+0000 7f012bd1f700 1 --2- 172.21.15.64:0/2926357176 >> [v2:172.21.15.64:3300/0,v1:172.21.15.64:6789/0] conn(0x7f01241056f0 0x7f0124190810 secure :-1 s=READY pgs=52 cs=0 l=1 rev1=1 crypto rx=0x7f0120003e60 tx=0x7f0120011a30 comp rx=0 tx=0).stop
2024-05-08T21:48:10.994 INFO:teuthology.orchestra.run.smithi064.stdout:/usr/bin/ceph: stderr
2024-05-08T21:48:10.684+0000 7f012bd1f700 1 -- 172.21.15.64:0/2926357176 shutdown_connections
2024-05-08T21:48:10.994 INFO:teuthology.orchestra.run.smithi064.stdout:/usr/bin/ceph: stderr
2024-05-08T21:48:10.684+0000 7f012bd1f700 1 --2- 172.21.15.64:0/2926357176 >> [v2:172.21.15.64:6800/865555054,v1:172.21.15.64:6801/865555054] conn(0x7f0110038700 0x7f011003abc0 unknown :-1 s=CLOSED pgs=14 cs=0 l=1 rev1=1 crypto rx=0 tx=0 comp rx=0 tx=0).stop
2024-05-08T21:48:10.994 INFO:teuthology.orchestra.run.smithi064.stdout:/usr/bin/ceph: stderr
2024-05-08T21:48:10.684+0000 7f012bd1f700 1 --2- 172.21.15.64:0/2926357176 >> [v2:172.21.15.64:3300/0,v1:172.21.15.64:6789/0] conn(0x7f01241056f0 0x7f0124190810 unknown :-1 s=CLOSED pgs=52 cs=0 l=1 rev1=1 crypto rx=0 tx=0 comp rx=0 tx=0).stop
2024-05-08T21:48:10.994 INFO:teuthology.orchestra.run.smithi064.stdout:/usr/bin/ceph: stderr
2024-05-08T21:48:10.684+0000 7f012bd1f700 1 -- 172.21.15.64:0/2926357176 >> 172.21.15.64:0/2926357176 conn(0x7f0124100c90 msgr2=0x7f0124101c50 unknown :-1 s=STATE_NONE l=0).mark_down
2024-05-08T21:48:10.994 INFO:teuthology.orchestra.run.smithi064.stdout:/usr/bin/ceph: stderr
2024-05-08T21:48:10.684+0000 7f012bd1f700 1 -- 172.21.15.64:0/2926357176 shutdown_connections
2024-05-08T21:48:10.994 INFO:teuthology.orchestra.run.smithi064.stdout:/usr/bin/ceph: stderr
2024-05-08T21:48:10.684+0000 7f012bd1f700 1 -- 172.21.15.64:0/2926357176 wait complete.
2024-05-08T21:48:12.085 INFO:teuthology.orchestra.run.smithi064.stdout:/usr/bin/ceph: stderr
2024-05-08T21:48:11.374+0000 7fa0bcefd700 1 Processor -- start
2024-05-08T21:48:12.086 INFO:teuthology.orchestra.run.smithi064.stdout:/usr/bin/ceph: stderr
2024-05-08T21:48:11.374+0000 7fa0bcefd700 1 -- start start
2024-05-08T21:48:12.086 INFO:teuthology.orchestra.run.smithi064.stdout:/usr/bin/ceph: stderr
2024-05-08T21:48:11.374+0000 7fa0bcefd700 1 --2- >> [v2:172.21.15.64:3300/0,v1:172.21.15.64:6789/0] conn(0x7fa0b807be50 0x7fa0b807a300 unknown :-1 s=NONE pgs=0 cs=0 l=0 rev1=0 crypto rx=0 tx=0 comp rx=0 tx=0).connect
2024-05-08T21:48:12.086 INFO:teuthology.orchestra.run.smithi064.stdout:/usr/bin/ceph: stderr
2024-05-08T21:48:11.374+0000 7fa0bcefd700 1 -- --> [v2:172.21.15.64:3300/0,v1:172.21.15.64:6789/0] -- mon_getmap magic: 0 v1 -- 0x7fa0b807a840 con 0x7fa0b807be50
2024-05-08T21:48:12.086 INFO:teuthology.orchestra.run.smithi064.stdout:/usr/bin/ceph: stderr
2024-05-08T21:48:11.374+0000 7fa0b659c700 1 --2- >> [v2:172.21.15.64:3300/0,v1:172.21.15.64:6789/0] conn(0x7fa0b807be50 0x7fa0b807a300 unknown :-1 s=BANNER_CONNECTING pgs=0 cs=0 l=0 rev1=0 crypto rx=0 tx=0 comp rx=0 tx=0)._handle_peer_banner_payload supported=3 required=0
2024-05-08T21:48:12.086 INFO:teuthology.orchestra.run.smithi064.stdout:/usr/bin/ceph: stderr
2024-05-08T21:48:11.374+0000 7fa0b659c700 1 --2- >> [v2:172.21.15.64:3300/0,v1:172.21.15.64:6789/0] conn(0x7fa0b807be50 0x7fa0b807a300 unknown :-1 s=HELLO_CONNECTING pgs=0 cs=0 l=0 rev1=1 crypto rx=0 tx=0 comp rx=0 tx=0).handle_hello peer v2:172.21.15.64:3300/0 says I am v2:172.21.15.64:41156/0 (socket says 172.21.15.64:41156)
2024-05-08T21:48:12.086 INFO:teuthology.orchestra.run.smithi064.stdout:/usr/bin/ceph: stderr
2024-05-08T21:48:11.374+0000 7fa0b659c700 1 -- 172.21.15.64:0/3690909751 learned_addr learned my addr 172.21.15.64:0/3690909751 (peer_addr_for_me v2:172.21.15.64:0/0)
2024-05-08T21:48:12.086 INFO:teuthology.orchestra.run.smithi064.stdout:/usr/bin/ceph: stderr
2024-05-08T21:48:11.375+0000 7fa0b659c700 1 -- 172.21.15.64:0/3690909751 --> [v2:172.21.15.64:3300/0,v1:172.21.15.64:6789/0] -- mon_subscribe({config=0+,monmap=0+}) v3 -- 0x7fa0b807a980 con 0x7fa0b807be50
2024-05-08T21:48:12.086 INFO:teuthology.orchestra.run.smithi064.stdout:/usr/bin/ceph: stderr
2024-05-08T21:48:11.375+0000 7fa0b659c700 1 --2- 172.21.15.64:0/3690909751 >> [v2:172.21.15.64:3300/0,v1:172.21.15.64:6789/0] conn(0x7fa0b807be50 0x7fa0b807a300 secure :-1 s=READY pgs=53 cs=0 l=1 rev1=1 crypto rx=0x7fa0a80098a0 tx=0x7fa0a8009bb0 comp rx=0 tx=0).ready entity=mon.0 client_cookie=e940281bc1156bd7 server_cookie=0 in_seq=0 out_seq=0
2024-05-08T21:48:12.086 INFO:teuthology.orchestra.run.smithi064.stdout:/usr/bin/ceph: stderr
2024-05-08T21:48:11.375+0000 7fa0b559a700 1 -- 172.21.15.64:0/3690909751 <== mon.0 v2:172.21.15.64:3300/0 1 ==== mon_map magic: 0 v1 ==== 205+0+0 (secure 0 0 0) 0x7fa0a8004160 con 0x7fa0b807be50
2024-05-08T21:48:12.086 INFO:teuthology.orchestra.run.smithi064.stdout:/usr/bin/ceph: stderr
2024-05-08T21:48:11.375+0000 7fa0b559a700 1 -- 172.21.15.64:0/3690909751 <== mon.0 v2:172.21.15.64:3300/0 2 ==== config(26 keys) v1 ==== 1105+0+0 (secure 0 0 0) 0x7fa0a80042c0 con 0x7fa0b807be50
2024-05-08T21:48:12.086 INFO:teuthology.orchestra.run.smithi064.stdout:/usr/bin/ceph: stderr
2024-05-08T21:48:11.375+0000 7fa0b559a700 1 -- 172.21.15.64:0/3690909751 <== mon.0 v2:172.21.15.64:3300/0 3 ==== mon_map magic: 0 v1 ==== 205+0+0 (secure 0 0 0) 0x7fa0a80119b0 con 0x7fa0b807be50
2024-05-08T21:48:12.087 INFO:teuthology.orchestra.run.smithi064.stdout:/usr/bin/ceph: stderr
2024-05-08T21:48:11.375+0000 7fa0bcefd700 1 -- 172.21.15.64:0/3690909751 >> [v2:172.21.15.64:3300/0,v1:172.21.15.64:6789/0] conn(0x7fa0b807be50 msgr2=0x7fa0b807a300 secure :-1 s=STATE_CONNECTION_ESTABLISHED l=1).mark_down
2024-05-08T21:48:12.087 INFO:teuthology.orchestra.run.smithi064.stdout:/usr/bin/ceph: stderr
2024-05-08T21:48:11.375+0000 7fa0bcefd700 1 --2- 172.21.15.64:0/3690909751 >> [v2:172.21.15.64:3300/0,v1:172.21.15.64:6789/0] conn(0x7fa0b807be50 0x7fa0b807a300 secure :-1 s=READY pgs=53 cs=0 l=1 rev1=1 crypto rx=0x7fa0a80098a0 tx=0x7fa0a8009bb0 comp rx=0 tx=0).stop
2024-05-08T21:48:12.087 INFO:teuthology.orchestra.run.smithi064.stdout:/usr/bin/ceph: stderr
2024-05-08T21:48:11.376+0000 7fa0bcefd700 1 -- 172.21.15.64:0/3690909751 shutdown_connections
2024-05-08T21:48:12.087 INFO:teuthology.orchestra.run.smithi064.stdout:/usr/bin/ceph: stderr
2024-05-08T21:48:11.376+0000 7fa0bcefd700 1 --2- 172.21.15.64:0/3690909751 >> [v2:172.21.15.64:3300/0,v1:172.21.15.64:6789/0] conn(0x7fa0b807be50 0x7fa0b807a300 unknown :-1 s=CLOSED pgs=53 cs=0 l=1 rev1=1 crypto rx=0 tx=0 comp rx=0 tx=0).stop
2024-05-08T21:48:12.087 INFO:teuthology.orchestra.run.smithi064.stdout:/usr/bin/ceph: stderr
2024-05-08T21:48:11.376+0000 7fa0bcefd700 1 -- 172.21.15.64:0/3690909751 >> 172.21.15.64:0/3690909751 conn(0x7fa0b8101da0 msgr2=0x7fa0b81041e0 unknown :-1 s=STATE_NONE l=0).mark_down
2024-05-08T21:48:12.087 INFO:teuthology.orchestra.run.smithi064.stdout:/usr/bin/ceph: stderr
2024-05-08T21:48:11.376+0000 7fa0bcefd700 1 -- 172.21.15.64:0/3690909751 shutdown_connections
2024-05-08T21:48:12.087 INFO:teuthology.orchestra.run.smithi064.stdout:/usr/bin/ceph: stderr
2024-05-08T21:48:11.376+0000 7fa0bcefd700 1 -- 172.21.15.64:0/3690909751 wait complete.
2024-05-08T21:48:12.087 INFO:teuthology.orchestra.run.smithi064.stdout:/usr/bin/ceph: stderr
2024-05-08T21:48:11.377+0000 7fa0bcefd700 1 Processor -- start
2024-05-08T21:48:12.087 INFO:teuthology.orchestra.run.smithi064.stdout:/usr/bin/ceph: stderr
2024-05-08T21:48:11.377+0000 7fa0bcefd700 1 -- start start
2024-05-08T21:48:12.087 INFO:teuthology.orchestra.run.smithi064.stdout:/usr/bin/ceph: stderr
2024-05-08T21:48:11.377+0000 7fa0bcefd700 1 --2- >> [v2:172.21.15.64:3300/0,v1:172.21.15.64:6789/0] conn(0x7fa0b807be50 0x7fa0b819c790 unknown :-1 s=NONE pgs=0 cs=0 l=1 rev1=0 crypto rx=0 tx=0 comp rx=0 tx=0).connect
2024-05-08T21:48:12.087 INFO:teuthology.orchestra.run.smithi064.stdout:/usr/bin/ceph: stderr
2024-05-08T21:48:11.377+0000 7fa0bcefd700 1 -- --> [v2:172.21.15.64:3300/0,v1:172.21.15.64:6789/0] -- mon_getmap magic: 0 v1 -- 0x7fa0b819ccd0 con 0x7fa0b807be50
2024-05-08T21:48:12.087 INFO:teuthology.orchestra.run.smithi064.stdout:/usr/bin/ceph: stderr
2024-05-08T21:48:11.377+0000 7fa0b659c700 1 --2- >> [v2:172.21.15.64:3300/0,v1:172.21.15.64:6789/0] conn(0x7fa0b807be50 0x7fa0b819c790 unknown :-1 s=BANNER_CONNECTING pgs=0 cs=0 l=1 rev1=0 crypto rx=0 tx=0 comp rx=0 tx=0)._handle_peer_banner_payload supported=3 required=0
2024-05-08T21:48:12.087 INFO:teuthology.orchestra.run.smithi064.stdout:/usr/bin/ceph: stderr
2024-05-08T21:48:11.377+0000 7fa0b659c700 1 --2- >> [v2:172.21.15.64:3300/0,v1:172.21.15.64:6789/0] conn(0x7fa0b807be50 0x7fa0b819c790 unknown :-1 s=HELLO_CONNECTING pgs=0 cs=0 l=1 rev1=1 crypto rx=0 tx=0 comp rx=0 tx=0).handle_hello peer v2:172.21.15.64:3300/0 says I am v2:172.21.15.64:41166/0 (socket says 172.21.15.64:41166)
2024-05-08T21:48:12.087 INFO:teuthology.orchestra.run.smithi064.stdout:/usr/bin/ceph: stderr
2024-05-08T21:48:11.377+0000 7fa0b659c700 1 -- 172.21.15.64:0/2856859562 learned_addr learned my addr 172.21.15.64:0/2856859562 (peer_addr_for_me v2:172.21.15.64:0/0)
2024-05-08T21:48:12.088 INFO:teuthology.orchestra.run.smithi064.stdout:/usr/bin/ceph: stderr
2024-05-08T21:48:11.377+0000 7fa0b659c700 1 -- 172.21.15.64:0/2856859562 --> [v2:172.21.15.64:3300/0,v1:172.21.15.64:6789/0] -- mon_subscribe({config=0+,monmap=0+}) v3 -- 0x7fa0a8009550 con 0x7fa0b807be50
2024-05-08T21:48:12.088 INFO:teuthology.orchestra.run.smithi064.stdout:/usr/bin/ceph: stderr
2024-05-08T21:48:11.377+0000 7fa0b659c700 1 --2- 172.21.15.64:0/2856859562 >> [v2:172.21.15.64:3300/0,v1:172.21.15.64:6789/0] conn(0x7fa0b807be50 0x7fa0b819c790 secure :-1 s=READY pgs=54 cs=0 l=1 rev1=1 crypto rx=0x7fa0a8003e60 tx=0x7fa0a8011a80 comp rx=0 tx=0).ready entity=mon.0 client_cookie=0 server_cookie=0 in_seq=0 out_seq=0
2024-05-08T21:48:12.088 INFO:teuthology.orchestra.run.smithi064.stdout:/usr/bin/ceph: stderr
2024-05-08T21:48:11.378+0000 7fa0a77fe700 1 -- 172.21.15.64:0/2856859562 <== mon.0 v2:172.21.15.64:3300/0 1 ==== mon_map magic: 0 v1 ==== 205+0+0 (secure 0 0 0) 0x7fa0a8003930 con 0x7fa0b807be50
2024-05-08T21:48:12.088 INFO:teuthology.orchestra.run.smithi064.stdout:/usr/bin/ceph: stderr
2024-05-08T21:48:11.378+0000 7fa0a77fe700 1 -- 172.21.15.64:0/2856859562 <== mon.0 v2:172.21.15.64:3300/0 2 ==== config(26 keys) v1 ==== 1105+0+0 (secure 0 0 0) 0x7fa0a8003a90 con 0x7fa0b807be50
2024-05-08T21:48:12.088 INFO:teuthology.orchestra.run.smithi064.stdout:/usr/bin/ceph: stderr
2024-05-08T21:48:11.378+0000 7fa0bcefd700 1 -- 172.21.15.64:0/2856859562 --> [v2:172.21.15.64:3300/0,v1:172.21.15.64:6789/0] -- mon_subscribe({mgrmap=0+}) v3 -- 0x7fa0b819ced0 con 0x7fa0b807be50
2024-05-08T21:48:12.088 INFO:teuthology.orchestra.run.smithi064.stdout:/usr/bin/ceph: stderr
2024-05-08T21:48:11.378+0000 7fa0a77fe700 1 -- 172.21.15.64:0/2856859562 <== mon.0 v2:172.21.15.64:3300/0 3 ==== mon_map magic: 0 v1 ==== 205+0+0 (secure 0 0 0) 0x7fa0a8019630 con 0x7fa0b807be50
2024-05-08T21:48:12.088 INFO:teuthology.orchestra.run.smithi064.stdout:/usr/bin/ceph: stderr
2024-05-08T21:48:11.378+0000 7fa0bcefd700 1 -- 172.21.15.64:0/2856859562 --> [v2:172.21.15.64:3300/0,v1:172.21.15.64:6789/0] -- mon_subscribe({osdmap=0}) v3 -- 0x7fa0b819d370 con 0x7fa0b807be50
2024-05-08T21:48:12.088 INFO:teuthology.orchestra.run.smithi064.stdout:/usr/bin/ceph: stderr
2024-05-08T21:48:11.379+0000 7fa0a77fe700 1 -- 172.21.15.64:0/2856859562 <== mon.0 v2:172.21.15.64:3300/0 4 ==== mgrmap(e 8) v1 ==== 45541+0+0 (secure 0 0 0) 0x7fa0a8019860 con 0x7fa0b807be50
2024-05-08T21:48:12.088 INFO:teuthology.orchestra.run.smithi064.stdout:/usr/bin/ceph: stderr
2024-05-08T21:48:11.379+0000 7fa0a77fe700 1 --2- 172.21.15.64:0/2856859562 >> [v2:172.21.15.64:6800/865555054,v1:172.21.15.64:6801/865555054] conn(0x7fa0a0038700 0x7fa0a003abc0 unknown :-1 s=NONE pgs=0 cs=0 l=1 rev1=0 crypto rx=0 tx=0 comp rx=0 tx=0).connect
2024-05-08T21:48:12.088 INFO:teuthology.orchestra.run.smithi064.stdout:/usr/bin/ceph: stderr
2024-05-08T21:48:11.379+0000 7fa0a77fe700 1 -- 172.21.15.64:0/2856859562 <== mon.0 v2:172.21.15.64:3300/0 5 ==== osd_map(2..2 src has 1..2) v4 ==== 940+0+0 (secure 0 0 0) 0x7fa0a804c830 con 0x7fa0b807be50
2024-05-08T21:48:12.088 INFO:teuthology.orchestra.run.smithi064.stdout:/usr/bin/ceph: stderr
2024-05-08T21:48:11.379+0000 7fa0bcefd700 1 -- 172.21.15.64:0/2856859562 --> [v2:172.21.15.64:3300/0,v1:172.21.15.64:6789/0] -- mon_command({"prefix": "get_command_descriptions"} v 0) v1 -- 0x7fa0b810cb80 con 0x7fa0b807be50
2024-05-08T21:48:12.088 INFO:teuthology.orchestra.run.smithi064.stdout:/usr/bin/ceph: stderr
2024-05-08T21:48:11.379+0000 7fa0b5d9b700 1 --2- 172.21.15.64:0/2856859562 >> [v2:172.21.15.64:6800/865555054,v1:172.21.15.64:6801/865555054] conn(0x7fa0a0038700 0x7fa0a003abc0 unknown :-1 s=BANNER_CONNECTING pgs=0 cs=0 l=1 rev1=0 crypto rx=0 tx=0 comp rx=0 tx=0)._handle_peer_banner_payload supported=3 required=0
2024-05-08T21:48:12.088 INFO:teuthology.orchestra.run.smithi064.stdout:/usr/bin/ceph: stderr
2024-05-08T21:48:11.379+0000 7fa0b5d9b700 1 --2- 172.21.15.64:0/2856859562 >> [v2:172.21.15.64:6800/865555054,v1:172.21.15.64:6801/865555054] conn(0x7fa0a0038700 0x7fa0a003abc0 secure :-1 s=READY pgs=15 cs=0 l=1 rev1=1 crypto rx=0x7fa0ac006fd0 tx=0x7fa0ac006e40 comp rx=0 tx=0).ready entity=mgr.14120 client_cookie=0 server_cookie=0 in_seq=0 out_seq=0
2024-05-08T21:48:12.088 INFO:teuthology.orchestra.run.smithi064.stdout:/usr/bin/ceph: stderr
2024-05-08T21:48:11.384+0000 7fa0a77fe700 1 -- 172.21.15.64:0/2856859562 <== mon.0 v2:172.21.15.64:3300/0 6 ==== mon_command_ack([{"prefix": "get_command_descriptions"}]=0 v0) v1 ==== 72+0+183622 (secure 0 0 0) 0x7fa0a8019b60 con 0x7fa0b807be50
2024-05-08T21:48:12.089 INFO:teuthology.orchestra.run.smithi064.stdout:/usr/bin/ceph: stderr
2024-05-08T21:48:11.591+0000 7fa0bcefd700 1 -- 172.21.15.64:0/2856859562 --> [v2:172.21.15.64:3300/0,v1:172.21.15.64:6789/0] -- mon_command([{prefix=config set, name=mgr/dashboard/ssl_server_port}] v 0) v1 -- 0x7fa0b810cb80 con 0x7fa0b807be50
2024-05-08T21:48:12.089 INFO:teuthology.orchestra.run.smithi064.stdout:/usr/bin/ceph: stderr
2024-05-08T21:48:11.594+0000 7fa0a77fe700 1 -- 172.21.15.64:0/2856859562 <== mon.0 v2:172.21.15.64:3300/0 7 ==== mon_command_ack([{prefix=config set, name=mgr/dashboard/ssl_server_port}]=0 v8)=0 v8) v1 ==== 130+0+0 (secure 0 0 0) 0x7fa0a8018b40 con 0x7fa0b807be50
2024-05-08T21:48:12.089 INFO:teuthology.orchestra.run.smithi064.stdout:/usr/bin/ceph: stderr
2024-05-08T21:48:11.596+0000 7fa0bcefd700 1 -- 172.21.15.64:0/2856859562 >> [v2:172.21.15.64:6800/865555054,v1:172.21.15.64:6801/865555054] conn(0x7fa0a0038700 msgr2=0x7fa0a003abc0 secure :-1 s=STATE_CONNECTION_ESTABLISHED l=1).mark_down
2024-05-08T21:48:12.089 INFO:teuthology.orchestra.run.smithi064.stdout:/usr/bin/ceph: stderr
2024-05-08T21:48:11.596+0000 7fa0bcefd700 1 --2- 172.21.15.64:0/2856859562 >> [v2:172.21.15.64:6800/865555054,v1:172.21.15.64:6801/865555054] conn(0x7fa0a0038700 0x7fa0a003abc0 secure :-1 s=READY pgs=15 cs=0 l=1 rev1=1 crypto rx=0x7fa0ac006fd0 tx=0x7fa0ac006e40 comp rx=0 tx=0).stop
2024-05-08T21:48:12.089 INFO:teuthology.orchestra.run.smithi064.stdout:/usr/bin/ceph: stderr
2024-05-08T21:48:11.596+0000 7fa0bcefd700 1 -- 172.21.15.64:0/2856859562 >> [v2:172.21.15.64:3300/0,v1:172.21.15.64:6789/0] conn(0x7fa0b807be50 msgr2=0x7fa0b819c790 secure :-1 s=STATE_CONNECTION_ESTABLISHED l=1).mark_down
2024-05-08T21:48:12.089 INFO:teuthology.orchestra.run.smithi064.stdout:/usr/bin/ceph: stderr
2024-05-08T21:48:11.596+0000 7fa0bcefd700 1 --2- 172.21.15.64:0/2856859562 >> [v2:172.21.15.64:3300/0,v1:172.21.15.64:6789/0] conn(0x7fa0b807be50 0x7fa0b819c790 secure :-1 s=READY pgs=54 cs=0 l=1 rev1=1 crypto rx=0x7fa0a8003e60 tx=0x7fa0a8011a80 comp rx=0 tx=0).stop
2024-05-08T21:48:12.089 INFO:teuthology.orchestra.run.smithi064.stdout:/usr/bin/ceph: stderr
2024-05-08T21:48:11.596+0000 7fa0bcefd700 1 -- 172.21.15.64:0/2856859562 shutdown_connections
2024-05-08T21:48:12.089 INFO:teuthology.orchestra.run.smithi064.stdout:/usr/bin/ceph: stderr
2024-05-08T21:48:11.596+0000 7fa0bcefd700 1 --2- 172.21.15.64:0/2856859562 >> [v2:172.21.15.64:6800/865555054,v1:172.21.15.64:6801/865555054] conn(0x7fa0a0038700 0x7fa0a003abc0 unknown :-1 s=CLOSED pgs=15 cs=0 l=1 rev1=1 crypto rx=0 tx=0 comp rx=0 tx=0).stop
2024-05-08T21:48:12.089 INFO:teuthology.orchestra.run.smithi064.stdout:/usr/bin/ceph: stderr
2024-05-08T21:48:11.596+0000 7fa0bcefd700 1 --2- 172.21.15.64:0/2856859562 >> [v2:172.21.15.64:3300/0,v1:172.21.15.64:6789/0] conn(0x7fa0b807be50 0x7fa0b819c790 unknown :-1 s=CLOSED pgs=54 cs=0 l=1 rev1=1 crypto rx=0 tx=0 comp rx=0 tx=0).stop
2024-05-08T21:48:12.089 INFO:teuthology.orchestra.run.smithi064.stdout:/usr/bin/ceph: stderr
2024-05-08T21:48:11.597+0000 7fa0bcefd700 1 -- 172.21.15.64:0/2856859562 >> 172.21.15.64:0/2856859562 conn(0x7fa0b8101da0 msgr2=0x7fa0b8102a10 unknown :-1 s=STATE_NONE l=0).mark_down
2024-05-08T21:48:12.089 INFO:teuthology.orchestra.run.smithi064.stdout:/usr/bin/ceph: stderr
2024-05-08T21:48:11.597+0000 7fa0bcefd700 1 -- 172.21.15.64:0/2856859562 shutdown_connections
2024-05-08T21:48:12.089 INFO:teuthology.orchestra.run.smithi064.stdout:/usr/bin/ceph: stderr
2024-05-08T21:48:11.597+0000 7fa0bcefd700 1 -- 172.21.15.64:0/2856859562 wait complete.
2024-05-08T21:48:12.089 INFO:teuthology.orchestra.run.smithi064.stdout:Enabling the dashboard module...
2024-05-08T21:48:12.212 INFO:journalctl@ceph.mon.a.smithi064.stdout:May 08 21:48:11 smithi064 ceph-mon[42500]: from='mgr.14120 172.21.15.64:0/1869071516' entity='mgr.x'
2024-05-08T21:48:12.213 INFO:journalctl@ceph.mon.a.smithi064.stdout:May 08 21:48:11 smithi064 ceph-mon[42500]: from='client.? 172.21.15.64:0/2856859562' entity='client.admin'
2024-05-08T21:48:13.213 INFO:journalctl@ceph.mon.a.smithi064.stdout:May 08 21:48:12 smithi064 ceph-mon[42500]: from='client.? 172.21.15.64:0/1390112776' entity='client.admin' cmd=[{"prefix": "mgr module enable", "module": "dashboard"}]: dispatch
2024-05-08T21:48:13.213 INFO:journalctl@ceph.mgr.x.smithi064.stdout:May 08 21:48:12 smithi064 ceph-71e641de-0d84-11ef-bc97-c7b262605968-mgr-x[42752]: ignoring --setuser ceph since I am not root
2024-05-08T21:48:13.213 INFO:journalctl@ceph.mgr.x.smithi064.stdout:May 08 21:48:12 smithi064 ceph-71e641de-0d84-11ef-bc97-c7b262605968-mgr-x[42752]: ignoring --setgroup ceph since I am not root
2024-05-08T21:48:13.302 INFO:teuthology.orchestra.run.smithi064.stdout:/usr/bin/ceph: stderr
2024-05-08T21:48:12.455+0000 7f9cb592d700 1 Processor -- start
2024-05-08T21:48:13.302 INFO:teuthology.orchestra.run.smithi064.stdout:/usr/bin/ceph: stderr
2024-05-08T21:48:12.455+0000 7f9cb592d700 1 -- start start
2024-05-08T21:48:13.302 INFO:teuthology.orchestra.run.smithi064.stdout:/usr/bin/ceph: stderr
2024-05-08T21:48:12.455+0000 7f9cb592d700 1 --2- >> [v2:172.21.15.64:3300/0,v1:172.21.15.64:6789/0] conn(0x7f9cb0105090 0x7f9cb01054b0 unknown :-1 s=NONE pgs=0 cs=0 l=0 rev1=0 crypto rx=0 tx=0 comp rx=0 tx=0).connect
2024-05-08T21:48:13.302 INFO:teuthology.orchestra.run.smithi064.stdout:/usr/bin/ceph: stderr
2024-05-08T21:48:12.455+0000 7f9cb592d700 1 -- --> [v2:172.21.15.64:3300/0,v1:172.21.15.64:6789/0] -- mon_getmap magic: 0 v1 -- 0x7f9cb0079e70 con 0x7f9cb0105090
2024-05-08T21:48:13.302 INFO:teuthology.orchestra.run.smithi064.stdout:/usr/bin/ceph: stderr
2024-05-08T21:48:12.455+0000 7f9caeffd700 1 --2- >> [v2:172.21.15.64:3300/0,v1:172.21.15.64:6789/0] conn(0x7f9cb0105090 0x7f9cb01054b0 unknown :-1 s=BANNER_CONNECTING pgs=0 cs=0 l=0 rev1=0 crypto rx=0 tx=0 comp rx=0 tx=0)._handle_peer_banner_payload supported=3 required=0
2024-05-08T21:48:13.302 INFO:teuthology.orchestra.run.smithi064.stdout:/usr/bin/ceph: stderr
2024-05-08T21:48:12.455+0000 7f9caeffd700 1 --2- >> [v2:172.21.15.64:3300/0,v1:172.21.15.64:6789/0] conn(0x7f9cb0105090 0x7f9cb01054b0 unknown :-1 s=HELLO_CONNECTING pgs=0 cs=0 l=0 rev1=1 crypto rx=0 tx=0 comp rx=0 tx=0).handle_hello peer v2:172.21.15.64:3300/0 says I am v2:172.21.15.64:37512/0 (socket says 172.21.15.64:37512)
2024-05-08T21:48:13.303 INFO:teuthology.orchestra.run.smithi064.stdout:/usr/bin/ceph: stderr
2024-05-08T21:48:12.455+0000 7f9caeffd700 1 -- 172.21.15.64:0/506607627 learned_addr learned my addr 172.21.15.64:0/506607627 (peer_addr_for_me v2:172.21.15.64:0/0)
2024-05-08T21:48:13.303 INFO:teuthology.orchestra.run.smithi064.stdout:/usr/bin/ceph: stderr
2024-05-08T21:48:12.456+0000 7f9caeffd700 1 -- 172.21.15.64:0/506607627 --> [v2:172.21.15.64:3300/0,v1:172.21.15.64:6789/0] -- mon_subscribe({config=0+,monmap=0+}) v3 -- 0x7f9cb01059f0 con 0x7f9cb0105090
2024-05-08T21:48:13.303 INFO:teuthology.orchestra.run.smithi064.stdout:/usr/bin/ceph: stderr
2024-05-08T21:48:12.456+0000 7f9caeffd700 1 --2- 172.21.15.64:0/506607627 >> [v2:172.21.15.64:3300/0,v1:172.21.15.64:6789/0] conn(0x7f9cb0105090 0x7f9cb01054b0 secure :-1 s=READY pgs=55 cs=0 l=1 rev1=1 crypto rx=0x7f9ca40098a0 tx=0x7f9ca4009bb0 comp rx=0 tx=0).ready entity=mon.0 client_cookie=203e1e311b687189 server_cookie=0 in_seq=0 out_seq=0
2024-05-08T21:48:13.303 INFO:teuthology.orchestra.run.smithi064.stdout:/usr/bin/ceph: stderr
2024-05-08T21:48:12.456+0000 7f9cadffb700 1 -- 172.21.15.64:0/506607627 <== mon.0 v2:172.21.15.64:3300/0 1 ==== mon_map magic: 0 v1 ==== 205+0+0 (secure 0 0 0) 0x7f9ca4004160 con 0x7f9cb0105090
2024-05-08T21:48:13.303 INFO:teuthology.orchestra.run.smithi064.stdout:/usr/bin/ceph: stderr
2024-05-08T21:48:12.456+0000 7f9cadffb700 1 -- 172.21.15.64:0/506607627 <== mon.0 v2:172.21.15.64:3300/0 2 ==== config(26 keys) v1 ==== 1105+0+0 (secure 0 0 0) 0x7f9ca40042c0 con 0x7f9cb0105090
2024-05-08T21:48:13.303 INFO:teuthology.orchestra.run.smithi064.stdout:/usr/bin/ceph: stderr
2024-05-08T21:48:12.456+0000 7f9cadffb700 1 -- 172.21.15.64:0/506607627 <== mon.0 v2:172.21.15.64:3300/0 3 ==== mon_map magic: 0 v1 ==== 205+0+0 (secure 0 0 0) 0x7f9ca40119b0 con 0x7f9cb0105090
2024-05-08T21:48:13.303 INFO:teuthology.orchestra.run.smithi064.stdout:/usr/bin/ceph: stderr
2024-05-08T21:48:12.457+0000 7f9cb592d700 1 -- 172.21.15.64:0/506607627 >> [v2:172.21.15.64:3300/0,v1:172.21.15.64:6789/0] conn(0x7f9cb0105090 msgr2=0x7f9cb01054b0 secure :-1 s=STATE_CONNECTION_ESTABLISHED l=1).mark_down
2024-05-08T21:48:13.303 INFO:teuthology.orchestra.run.smithi064.stdout:/usr/bin/ceph: stderr
2024-05-08T21:48:12.457+0000 7f9cb592d700 1 --2- 172.21.15.64:0/506607627 >> [v2:172.21.15.64:3300/0,v1:172.21.15.64:6789/0] conn(0x7f9cb0105090 0x7f9cb01054b0 secure :-1 s=READY pgs=55 cs=0 l=1 rev1=1 crypto rx=0x7f9ca40098a0 tx=0x7f9ca4009bb0 comp rx=0 tx=0).stop
2024-05-08T21:48:13.303 INFO:teuthology.orchestra.run.smithi064.stdout:/usr/bin/ceph: stderr
2024-05-08T21:48:12.457+0000 7f9cb592d700 1 -- 172.21.15.64:0/506607627 shutdown_connections
2024-05-08T21:48:13.303 INFO:teuthology.orchestra.run.smithi064.stdout:/usr/bin/ceph: stderr
2024-05-08T21:48:12.457+0000 7f9cb592d700 1 --2- 172.21.15.64:0/506607627 >> [v2:172.21.15.64:3300/0,v1:172.21.15.64:6789/0] conn(0x7f9cb0105090 0x7f9cb01054b0 unknown :-1 s=CLOSED pgs=55 cs=0 l=1 rev1=1 crypto rx=0 tx=0 comp rx=0 tx=0).stop
2024-05-08T21:48:13.303 INFO:teuthology.orchestra.run.smithi064.stdout:/usr/bin/ceph: stderr
2024-05-08T21:48:12.457+0000 7f9cb592d700 1 -- 172.21.15.64:0/506607627 >> 172.21.15.64:0/506607627 conn(0x7f9cb0100cd0 msgr2=0x7f9cb01030f0 unknown :-1 s=STATE_NONE l=0).mark_down
2024-05-08T21:48:13.303 INFO:teuthology.orchestra.run.smithi064.stdout:/usr/bin/ceph: stderr
2024-05-08T21:48:12.457+0000 7f9cb592d700 1 -- 172.21.15.64:0/506607627 shutdown_connections
2024-05-08T21:48:13.303 INFO:teuthology.orchestra.run.smithi064.stdout:/usr/bin/ceph: stderr
2024-05-08T21:48:12.457+0000 7f9cb592d700 1 -- 172.21.15.64:0/506607627 wait complete.
2024-05-08T21:48:13.303 INFO:teuthology.orchestra.run.smithi064.stdout:/usr/bin/ceph: stderr
2024-05-08T21:48:12.457+0000 7f9cb592d700 1 Processor -- start
2024-05-08T21:48:13.304 INFO:teuthology.orchestra.run.smithi064.stdout:/usr/bin/ceph: stderr
2024-05-08T21:48:12.458+0000 7f9cb592d700 1 -- start start
2024-05-08T21:48:13.304 INFO:teuthology.orchestra.run.smithi064.stdout:/usr/bin/ceph: stderr
