2024-05-08T21:47:53.981 INFO:teuthology.orchestra.run.smithi064.stdout:/usr/bin/ceph: stderr
2024-05-08T21:47:53.351+0000 7f8869d25700 1 -- 172.21.15.64:0/2478277517 >> 172.21.15.64:0/2478277517 conn(0x7f8864100c40 msgr2=0x7f8864103080 unknown :-1 s=STATE_NONE l=0).mark_down
2024-05-08T21:47:53.981 INFO:teuthology.orchestra.run.smithi064.stdout:/usr/bin/ceph: stderr
2024-05-08T21:47:53.351+0000 7f8869d25700 1 -- 172.21.15.64:0/2478277517 shutdown_connections
2024-05-08T21:47:53.981 INFO:teuthology.orchestra.run.smithi064.stdout:/usr/bin/ceph: stderr
2024-05-08T21:47:53.351+0000 7f8869d25700 1 -- 172.21.15.64:0/2478277517 wait complete.
2024-05-08T21:47:53.981 INFO:teuthology.orchestra.run.smithi064.stdout:/usr/bin/ceph: stderr
2024-05-08T21:47:53.352+0000 7f8869d25700 1 Processor -- start
2024-05-08T21:47:53.981 INFO:teuthology.orchestra.run.smithi064.stdout:/usr/bin/ceph: stderr
2024-05-08T21:47:53.352+0000 7f8869d25700 1 -- start start
2024-05-08T21:47:53.981 INFO:teuthology.orchestra.run.smithi064.stdout:/usr/bin/ceph: stderr
2024-05-08T21:47:53.352+0000 7f8869d25700 1 --2- >> [v2:172.21.15.64:3300/0,v1:172.21.15.64:6789/0] conn(0x7f8864107270 0x7f8864106aa0 unknown :-1 s=NONE pgs=0 cs=0 l=1 rev1=0 crypto rx=0 tx=0 comp rx=0 tx=0).connect
2024-05-08T21:47:53.981 INFO:teuthology.orchestra.run.smithi064.stdout:/usr/bin/ceph: stderr
2024-05-08T21:47:53.352+0000 7f8869d25700 1 -- --> [v2:172.21.15.64:3300/0,v1:172.21.15.64:6789/0] -- mon_getmap magic: 0 v1 -- 0x7f8864106fe0 con 0x7f8864107270
2024-05-08T21:47:53.981 INFO:teuthology.orchestra.run.smithi064.stdout:/usr/bin/ceph: stderr
2024-05-08T21:47:53.353+0000 7f88637fe700 1 --2- >> [v2:172.21.15.64:3300/0,v1:172.21.15.64:6789/0] conn(0x7f8864107270 0x7f8864106aa0 unknown :-1 s=BANNER_CONNECTING pgs=0 cs=0 l=1 rev1=0 crypto rx=0 tx=0 comp rx=0 tx=0)._handle_peer_banner_payload supported=3 required=0
2024-05-08T21:47:53.981 INFO:teuthology.orchestra.run.smithi064.stdout:/usr/bin/ceph: stderr
2024-05-08T21:47:53.353+0000 7f88637fe700 1 --2- >> [v2:172.21.15.64:3300/0,v1:172.21.15.64:6789/0] conn(0x7f8864107270 0x7f8864106aa0 unknown :-1 s=HELLO_CONNECTING pgs=0 cs=0 l=1 rev1=1 crypto rx=0 tx=0 comp rx=0 tx=0).handle_hello peer v2:172.21.15.64:3300/0 says I am v2:172.21.15.64:47006/0 (socket says 172.21.15.64:47006)
2024-05-08T21:47:53.981 INFO:teuthology.orchestra.run.smithi064.stdout:/usr/bin/ceph: stderr
2024-05-08T21:47:53.353+0000 7f88637fe700 1 -- 172.21.15.64:0/2751509988 learned_addr learned my addr 172.21.15.64:0/2751509988 (peer_addr_for_me v2:172.21.15.64:0/0)
2024-05-08T21:47:53.981 INFO:teuthology.orchestra.run.smithi064.stdout:/usr/bin/ceph: stderr
2024-05-08T21:47:53.353+0000 7f88637fe700 1 -- 172.21.15.64:0/2751509988 --> [v2:172.21.15.64:3300/0,v1:172.21.15.64:6789/0] -- mon_subscribe({config=0+,monmap=0+}) v3 -- 0x7f8854009550 con 0x7f8864107270
2024-05-08T21:47:53.981 INFO:teuthology.orchestra.run.smithi064.stdout:/usr/bin/ceph: stderr
2024-05-08T21:47:53.353+0000 7f88637fe700 1 --2- 172.21.15.64:0/2751509988 >> [v2:172.21.15.64:3300/0,v1:172.21.15.64:6789/0] conn(0x7f8864107270 0x7f8864106aa0 secure :-1 s=READY pgs=27 cs=0 l=1 rev1=1 crypto rx=0x7f8854009130 tx=0x7f8854011ad0 comp rx=0 tx=0).ready entity=mon.0 client_cookie=0 server_cookie=0 in_seq=0 out_seq=0
2024-05-08T21:47:53.982 INFO:teuthology.orchestra.run.smithi064.stdout:/usr/bin/ceph: stderr
2024-05-08T21:47:53.353+0000 7f8860ff9700 1 -- 172.21.15.64:0/2751509988 <== mon.0 v2:172.21.15.64:3300/0 1 ==== mon_map magic: 0 v1 ==== 205+0+0 (secure 0 0 0) 0x7f88540038b0 con 0x7f8864107270
2024-05-08T21:47:53.982 INFO:teuthology.orchestra.run.smithi064.stdout:/usr/bin/ceph: stderr
2024-05-08T21:47:53.353+0000 7f8869d25700 1 -- 172.21.15.64:0/2751509988 --> [v2:172.21.15.64:3300/0,v1:172.21.15.64:6789/0] -- mon_subscribe({mgrmap=0+}) v3 -- 0x7f8864105220 con 0x7f8864107270
2024-05-08T21:47:53.982 INFO:teuthology.orchestra.run.smithi064.stdout:/usr/bin/ceph: stderr
2024-05-08T21:47:53.353+0000 7f8860ff9700 1 -- 172.21.15.64:0/2751509988 <== mon.0 v2:172.21.15.64:3300/0 2 ==== config(26 keys) v1 ==== 1074+0+0 (secure 0 0 0) 0x7f8854003a10 con 0x7f8864107270
2024-05-08T21:47:53.982 INFO:teuthology.orchestra.run.smithi064.stdout:/usr/bin/ceph: stderr
2024-05-08T21:47:53.353+0000 7f8860ff9700 1 -- 172.21.15.64:0/2751509988 <== mon.0 v2:172.21.15.64:3300/0 3 ==== mon_map magic: 0 v1 ==== 205+0+0 (secure 0 0 0) 0x7f8854019550 con 0x7f8864107270
2024-05-08T21:47:53.982 INFO:teuthology.orchestra.run.smithi064.stdout:/usr/bin/ceph: stderr
2024-05-08T21:47:53.353+0000 7f8869d25700 1 -- 172.21.15.64:0/2751509988 --> [v2:172.21.15.64:3300/0,v1:172.21.15.64:6789/0] -- mon_subscribe({osdmap=0}) v3 -- 0x7f88641056c0 con 0x7f8864107270
2024-05-08T21:47:53.982 INFO:teuthology.orchestra.run.smithi064.stdout:/usr/bin/ceph: stderr
2024-05-08T21:47:53.354+0000 7f8860ff9700 1 -- 172.21.15.64:0/2751509988 <== mon.0 v2:172.21.15.64:3300/0 4 ==== mgrmap(e 5) v1 ==== 45541+0+0 (secure 0 0 0) 0x7f8854019810 con 0x7f8864107270
2024-05-08T21:47:53.982 INFO:teuthology.orchestra.run.smithi064.stdout:/usr/bin/ceph: stderr
2024-05-08T21:47:53.354+0000 7f8869d25700 1 -- 172.21.15.64:0/2751509988 --> [v2:172.21.15.64:3300/0,v1:172.21.15.64:6789/0] -- mon_command({"prefix": "get_command_descriptions"} v 0) v1 -- 0x7f886410a940 con 0x7f8864107270
2024-05-08T21:47:53.982 INFO:teuthology.orchestra.run.smithi064.stdout:/usr/bin/ceph: stderr
2024-05-08T21:47:53.354+0000 7f8860ff9700 1 --2- 172.21.15.64:0/2751509988 >> [v2:172.21.15.64:6800/1406677494,v1:172.21.15.64:6801/1406677494] conn(0x7f884c038690 0x7f884c03ab50 unknown :-1 s=NONE pgs=0 cs=0 l=1 rev1=0 crypto rx=0 tx=0 comp rx=0 tx=0).connect
2024-05-08T21:47:53.982 INFO:teuthology.orchestra.run.smithi064.stdout:/usr/bin/ceph: stderr
2024-05-08T21:47:53.354+0000 7f8860ff9700 1 -- 172.21.15.64:0/2751509988 <== mon.0 v2:172.21.15.64:3300/0 5 ==== osd_map(1..1 src has 1..1) v4 ==== 725+0+0 (secure 0 0 0) 0x7f885404c4c0 con 0x7f8864107270
2024-05-08T21:47:53.982 INFO:teuthology.orchestra.run.smithi064.stdout:/usr/bin/ceph: stderr
2024-05-08T21:47:53.354+0000 7f8862ffd700 1 -- 172.21.15.64:0/2751509988 >> [v2:172.21.15.64:6800/1406677494,v1:172.21.15.64:6801/1406677494] conn(0x7f884c038690 msgr2=0x7f884c03ab50 unknown :-1 s=STATE_CONNECTING_RE l=1).process reconnect failed to v2:172.21.15.64:6800/1406677494
2024-05-08T21:47:53.982 INFO:teuthology.orchestra.run.smithi064.stdout:/usr/bin/ceph: stderr
2024-05-08T21:47:53.354+0000 7f8862ffd700 1 --2- 172.21.15.64:0/2751509988 >> [v2:172.21.15.64:6800/1406677494,v1:172.21.15.64:6801/1406677494] conn(0x7f884c038690 0x7f884c03ab50 unknown :-1 s=START_CONNECT pgs=0 cs=0 l=1 rev1=0 crypto rx=0 tx=0 comp rx=0 tx=0)._fault waiting 0.200000
2024-05-08T21:47:53.982 INFO:teuthology.orchestra.run.smithi064.stdout:/usr/bin/ceph: stderr
2024-05-08T21:47:53.359+0000 7f8860ff9700 1 -- 172.21.15.64:0/2751509988 <== mon.0 v2:172.21.15.64:3300/0 6 ==== mon_command_ack([{"prefix": "get_command_descriptions"}]=0 v0) v1 ==== 72+0+183622 (secure 0 0 0) 0x7f885402b340 con 0x7f8864107270
2024-05-08T21:47:53.982 INFO:teuthology.orchestra.run.smithi064.stdout:/usr/bin/ceph: stderr
2024-05-08T21:47:53.555+0000 7f8862ffd700 1 -- 172.21.15.64:0/2751509988 >> [v2:172.21.15.64:6800/1406677494,v1:172.21.15.64:6801/1406677494] conn(0x7f884c038690 msgr2=0x7f884c03ab50 unknown :-1 s=STATE_CONNECTING_RE l=1).process reconnect failed to v2:172.21.15.64:6800/1406677494
2024-05-08T21:47:53.982 INFO:teuthology.orchestra.run.smithi064.stdout:/usr/bin/ceph: stderr
2024-05-08T21:47:53.555+0000 7f8862ffd700 1 --2- 172.21.15.64:0/2751509988 >> [v2:172.21.15.64:6800/1406677494,v1:172.21.15.64:6801/1406677494] conn(0x7f884c038690 0x7f884c03ab50 unknown :-1 s=START_CONNECT pgs=0 cs=0 l=1 rev1=0 crypto rx=0 tx=0 comp rx=0 tx=0)._fault waiting 0.400000
2024-05-08T21:47:53.983 INFO:teuthology.orchestra.run.smithi064.stdout:/usr/bin/ceph: stderr
2024-05-08T21:47:53.619+0000 7f8869d25700 1 -- 172.21.15.64:0/2751509988 --> [v2:172.21.15.64:3300/0,v1:172.21.15.64:6789/0] -- mon_command({"prefix": "mgr stat"} v 0) v1 -- 0x7f8864105e00 con 0x7f8864107270
2024-05-08T21:47:53.983 INFO:teuthology.orchestra.run.smithi064.stdout:/usr/bin/ceph: stderr
2024-05-08T21:47:53.619+0000 7f8860ff9700 1 -- 172.21.15.64:0/2751509988 <== mon.0 v2:172.21.15.64:3300/0 7 ==== mon_command_ack([{"prefix": "mgr stat"}]=0 v5) v1 ==== 56+0+88 (secure 0 0 0) 0x7f8854018b40 con 0x7f8864107270
2024-05-08T21:47:53.983 INFO:teuthology.orchestra.run.smithi064.stdout:/usr/bin/ceph: stderr
2024-05-08T21:47:53.621+0000 7f8869d25700 1 -- 172.21.15.64:0/2751509988 >> [v2:172.21.15.64:6800/1406677494,v1:172.21.15.64:6801/1406677494] conn(0x7f884c038690 msgr2=0x7f884c03ab50 unknown :-1 s=STATE_CONNECTING l=1).mark_down
2024-05-08T21:47:53.983 INFO:teuthology.orchestra.run.smithi064.stdout:/usr/bin/ceph: stderr
2024-05-08T21:47:53.621+0000 7f8869d25700 1 --2- 172.21.15.64:0/2751509988 >> [v2:172.21.15.64:6800/1406677494,v1:172.21.15.64:6801/1406677494] conn(0x7f884c038690 0x7f884c03ab50 unknown :-1 s=START_CONNECT pgs=0 cs=0 l=1 rev1=0 crypto rx=0 tx=0 comp rx=0 tx=0).stop
2024-05-08T21:47:53.983 INFO:teuthology.orchestra.run.smithi064.stdout:/usr/bin/ceph: stderr
2024-05-08T21:47:53.621+0000 7f8869d25700 1 -- 172.21.15.64:0/2751509988 >> [v2:172.21.15.64:3300/0,v1:172.21.15.64:6789/0] conn(0x7f8864107270 msgr2=0x7f8864106aa0 secure :-1 s=STATE_CONNECTION_ESTABLISHED l=1).mark_down
2024-05-08T21:47:53.983 INFO:teuthology.orchestra.run.smithi064.stdout:/usr/bin/ceph: stderr
2024-05-08T21:47:53.621+0000 7f8869d25700 1 --2- 172.21.15.64:0/2751509988 >> [v2:172.21.15.64:3300/0,v1:172.21.15.64:6789/0] conn(0x7f8864107270 0x7f8864106aa0 secure :-1 s=READY pgs=27 cs=0 l=1 rev1=1 crypto rx=0x7f8854009130 tx=0x7f8854011ad0 comp rx=0 tx=0).stop
2024-05-08T21:47:53.983 INFO:teuthology.orchestra.run.smithi064.stdout:/usr/bin/ceph: stderr
2024-05-08T21:47:53.621+0000 7f8869d25700 1 -- 172.21.15.64:0/2751509988 shutdown_connections
2024-05-08T21:47:53.983 INFO:teuthology.orchestra.run.smithi064.stdout:/usr/bin/ceph: stderr
2024-05-08T21:47:53.621+0000 7f8869d25700 1 --2- 172.21.15.64:0/2751509988 >> [v2:172.21.15.64:6800/1406677494,v1:172.21.15.64:6801/1406677494] conn(0x7f884c038690 0x7f884c03ab50 unknown :-1 s=CLOSED pgs=0 cs=0 l=1 rev1=0 crypto rx=0 tx=0 comp rx=0 tx=0).stop
2024-05-08T21:47:53.983 INFO:teuthology.orchestra.run.smithi064.stdout:/usr/bin/ceph: stderr
2024-05-08T21:47:53.621+0000 7f8869d25700 1 --2- 172.21.15.64:0/2751509988 >> [v2:172.21.15.64:3300/0,v1:172.21.15.64:6789/0] conn(0x7f8864107270 0x7f8864106aa0 unknown :-1 s=CLOSED pgs=27 cs=0 l=1 rev1=1 crypto rx=0 tx=0 comp rx=0 tx=0).stop
2024-05-08T21:47:53.983 INFO:teuthology.orchestra.run.smithi064.stdout:/usr/bin/ceph: stderr
2024-05-08T21:47:53.621+0000 7f8869d25700 1 -- 172.21.15.64:0/2751509988 >> 172.21.15.64:0/2751509988 conn(0x7f8864100c40 msgr2=0x7f88641018a0 unknown :-1 s=STATE_NONE l=0).mark_down
2024-05-08T21:47:53.983 INFO:teuthology.orchestra.run.smithi064.stdout:/usr/bin/ceph: stderr
2024-05-08T21:47:53.622+0000 7f8869d25700 1 -- 172.21.15.64:0/2751509988 shutdown_connections
2024-05-08T21:47:53.983 INFO:teuthology.orchestra.run.smithi064.stdout:/usr/bin/ceph: stderr
2024-05-08T21:47:53.622+0000 7f8869d25700 1 -- 172.21.15.64:0/2751509988 wait complete.
2024-05-08T21:47:53.983 INFO:teuthology.orchestra.run.smithi064.stdout:Waiting for the mgr to restart...
2024-05-08T21:47:53.983 INFO:teuthology.orchestra.run.smithi064.stdout:Waiting for mgr epoch 5...
2024-05-08T21:47:54.213 INFO:journalctl@ceph.mgr.x.smithi064.stdout:May 08 21:47:54 smithi064 ceph-71e641de-0d84-11ef-bc97-c7b262605968-mgr-x[42752]:
2024-05-08T21:47:54.096+0000 7faf97d10200 -1 mgr[py] Module orchestrator has missing NOTIFY_TYPES member
2024-05-08T21:47:54.712 INFO:journalctl@ceph.mgr.x.smithi064.stdout:May 08 21:47:54 smithi064 ceph-71e641de-0d84-11ef-bc97-c7b262605968-mgr-x[42752]:
2024-05-08T21:47:54.365+0000 7faf97d10200 -1 mgr[py] Module nfs has missing NOTIFY_TYPES member
2024-05-08T21:47:54.713 INFO:journalctl@ceph.mgr.x.smithi064.stdout:May 08 21:47:54 smithi064 ceph-71e641de-0d84-11ef-bc97-c7b262605968-mgr-x[42752]:
2024-05-08T21:47:54.455+0000 7faf97d10200 -1 mgr[py] Module zabbix has missing NOTIFY_TYPES member
2024-05-08T21:47:54.713 INFO:journalctl@ceph.mgr.x.smithi064.stdout:May 08 21:47:54 smithi064 ceph-71e641de-0d84-11ef-bc97-c7b262605968-mgr-x[42752]:
2024-05-08T21:47:54.570+0000 7faf97d10200 -1 mgr[py] Module rbd_support has missing NOTIFY_TYPES member
2024-05-08T21:47:55.213 INFO:journalctl@ceph.mgr.x.smithi064.stdout:May 08 21:47:54 smithi064 ceph-71e641de-0d84-11ef-bc97-c7b262605968-mgr-x[42752]:
2024-05-08T21:47:54.733+0000 7faf97d10200 -1 mgr[py] Module status has missing NOTIFY_TYPES member
2024-05-08T21:47:55.213 INFO:journalctl@ceph.mgr.x.smithi064.stdout:May 08 21:47:54 smithi064 ceph-71e641de-0d84-11ef-bc97-c7b262605968-mgr-x[42752]:
2024-05-08T21:47:54.867+0000 7faf97d10200 -1 mgr[py] Module diskprediction_local has missing NOTIFY_TYPES member
2024-05-08T21:47:55.213 INFO:journalctl@ceph.mgr.x.smithi064.stdout:May 08 21:47:54 smithi064 ceph-71e641de-0d84-11ef-bc97-c7b262605968-mgr-x[42752]:
2024-05-08T21:47:54.956+0000 7faf97d10200 -1 mgr[py] Module telegraf has missing NOTIFY_TYPES member
2024-05-08T21:47:55.713 INFO:journalctl@ceph.mgr.x.smithi064.stdout:May 08 21:47:55 smithi064 ceph-71e641de-0d84-11ef-bc97-c7b262605968-mgr-x[42752]:
2024-05-08T21:47:55.342+0000 7faf97d10200 -1 mgr[py] Module influx has missing NOTIFY_TYPES member
2024-05-08T21:47:56.048 INFO:journalctl@ceph.mgr.x.smithi064.stdout:May 08 21:47:55 smithi064 ceph-71e641de-0d84-11ef-bc97-c7b262605968-mgr-x[42752]:
2024-05-08T21:47:55.748+0000 7faf97d10200 -1 mgr[py] Module pg_autoscaler has missing NOTIFY_TYPES member
2024-05-08T21:47:56.048 INFO:journalctl@ceph.mgr.x.smithi064.stdout:May 08 21:47:55 smithi064 ceph-71e641de-0d84-11ef-bc97-c7b262605968-mgr-x[42752]:
2024-05-08T21:47:55.951+0000 7faf97d10200 -1 mgr[py] Module rgw has missing NOTIFY_TYPES member
2024-05-08T21:47:56.048 INFO:journalctl@ceph.mgr.x.smithi064.stdout:May 08 21:47:56 smithi064 ceph-71e641de-0d84-11ef-bc97-c7b262605968-mgr-x[42752]:
2024-05-08T21:47:56.048+0000 7faf97d10200 -1 mgr[py] Module balancer has missing NOTIFY_TYPES member
2024-05-08T21:47:57.108 INFO:journalctl@ceph.mgr.x.smithi064.stdout:May 08 21:47:56 smithi064 ceph-71e641de-0d84-11ef-bc97-c7b262605968-mgr-x[42752]:
2024-05-08T21:47:56.848+0000 7faf97d10200 -1 mgr[py] Module iostat has missing NOTIFY_TYPES member
2024-05-08T21:47:57.108 INFO:journalctl@ceph.mgr.x.smithi064.stdout:May 08 21:47:56 smithi064 ceph-71e641de-0d84-11ef-bc97-c7b262605968-mgr-x[42752]:
2024-05-08T21:47:56.950+0000 7faf97d10200 -1 mgr[py] Module snap_schedule has missing NOTIFY_TYPES member
2024-05-08T21:47:57.108 INFO:journalctl@ceph.mgr.x.smithi064.stdout:May 08 21:47:57 smithi064 ceph-71e641de-0d84-11ef-bc97-c7b262605968-mgr-x[42752]:
2024-05-08T21:47:57.107+0000 7faf97d10200 -1 mgr[py] Module telemetry has missing NOTIFY_TYPES member
2024-05-08T21:47:58.162 INFO:journalctl@ceph.mgr.x.smithi064.stdout:May 08 21:47:57 smithi064 ceph-71e641de-0d84-11ef-bc97-c7b262605968-mgr-x[42752]:
2024-05-08T21:47:57.767+0000 7faf97d10200 -1 mgr[py] Module rook has missing NOTIFY_TYPES member
2024-05-08T21:47:58.163 INFO:journalctl@ceph.mgr.x.smithi064.stdout:May 08 21:47:57 smithi064 ceph-71e641de-0d84-11ef-bc97-c7b262605968-mgr-x[42752]:
2024-05-08T21:47:57.958+0000 7faf97d10200 -1 mgr[py] Module selftest has missing NOTIFY_TYPES member
2024-05-08T21:47:58.163 INFO:journalctl@ceph.mgr.x.smithi064.stdout:May 08 21:47:58 smithi064 ceph-71e641de-0d84-11ef-bc97-c7b262605968-mgr-x[42752]:
2024-05-08T21:47:58.162+0000 7faf97d10200 -1 mgr[py] Module devicehealth has missing NOTIFY_TYPES member
2024-05-08T21:47:59.437 INFO:journalctl@ceph.mgr.x.smithi064.stdout:May 08 21:47:59 smithi064 ceph-71e641de-0d84-11ef-bc97-c7b262605968-mgr-x[42752]:
2024-05-08T21:47:59.136+0000 7faf97d10200 -1 mgr[py] Module volumes has missing NOTIFY_TYPES member
2024-05-08T21:47:59.712 INFO:journalctl@ceph.mgr.x.smithi064.stdout:May 08 21:47:59 smithi064 ceph-71e641de-0d84-11ef-bc97-c7b262605968-mgr-x[42752]:
2024-05-08T21:47:59.436+0000 7faf97d10200 -1 mgr[py] Module test_orchestrator has missing NOTIFY_TYPES member
2024-05-08T21:47:59.713 INFO:journalctl@ceph.mgr.x.smithi064.stdout:May 08 21:47:59 smithi064 ceph-71e641de-0d84-11ef-bc97-c7b262605968-mgr-x[42752]:
2024-05-08T21:47:59.529+0000 7faf97d10200 -1 mgr[py] Module osd_support has missing NOTIFY_TYPES member
2024-05-08T21:48:00.213 INFO:journalctl@ceph.mgr.x.smithi064.stdout:May 08 21:47:59 smithi064 ceph-71e641de-0d84-11ef-bc97-c7b262605968-mgr-x[42752]:
2024-05-08T21:47:59.731+0000 7faf97d10200 -1 mgr[py] Module crash has missing NOTIFY_TYPES member
2024-05-08T21:48:00.213 INFO:journalctl@ceph.mon.a.smithi064.stdout:May 08 21:47:59 smithi064 ceph-mon[42500]: Active manager daemon x restarted
2024-05-08T21:48:00.213 INFO:journalctl@ceph.mon.a.smithi064.stdout:May 08 21:47:59 smithi064 ceph-mon[42500]: Activating manager daemon x
2024-05-08T21:48:00.213 INFO:journalctl@ceph.mon.a.smithi064.stdout:May 08 21:47:59 smithi064 ceph-mon[42500]: osdmap e2: 0 total, 0 up, 0 in
2024-05-08T21:48:00.213 INFO:journalctl@ceph.mon.a.smithi064.stdout:May 08 21:47:59 smithi064 ceph-mon[42500]: mgrmap e6: x(active, starting, since 0.00574871s)
2024-05-08T21:48:00.213 INFO:journalctl@ceph.mon.a.smithi064.stdout:May 08 21:47:59 smithi064 ceph-mon[42500]: from='mgr.14120 172.21.15.64:0/1869071516' entity='mgr.x' cmd=[{"prefix": "mon metadata", "id": "a"}]: dispatch
2024-05-08T21:48:00.213 INFO:journalctl@ceph.mon.a.smithi064.stdout:May 08 21:47:59 smithi064 ceph-mon[42500]: from='mgr.14120 172.21.15.64:0/1869071516' entity='mgr.x' cmd=[{"prefix": "mgr metadata", "who": "x", "id": "x"}]: dispatch
2024-05-08T21:48:00.213 INFO:journalctl@ceph.mon.a.smithi064.stdout:May 08 21:47:59 smithi064 ceph-mon[42500]: from='mgr.14120 172.21.15.64:0/1869071516' entity='mgr.x' cmd=[{"prefix": "mds metadata"}]: dispatch
2024-05-08T21:48:00.213 INFO:journalctl@ceph.mon.a.smithi064.stdout:May 08 21:47:59 smithi064 ceph-mon[42500]: from='mgr.14120 172.21.15.64:0/1869071516' entity='mgr.x' cmd=[{"prefix": "osd metadata"}]: dispatch
2024-05-08T21:48:00.213 INFO:journalctl@ceph.mon.a.smithi064.stdout:May 08 21:47:59 smithi064 ceph-mon[42500]: from='mgr.14120 172.21.15.64:0/1869071516' entity='mgr.x' cmd=[{"prefix": "mon metadata"}]: dispatch
2024-05-08T21:48:00.214 INFO:journalctl@ceph.mon.a.smithi064.stdout:May 08 21:47:59 smithi064 ceph-mon[42500]: Manager daemon x is now available
2024-05-08T21:48:00.214 INFO:journalctl@ceph.mon.a.smithi064.stdout:May 08 21:47:59 smithi064 ceph-mon[42500]: from='mgr.14120 172.21.15.64:0/1869071516' entity='mgr.x'
2024-05-08T21:48:00.214 INFO:journalctl@ceph.mon.a.smithi064.stdout:May 08 21:47:59 smithi064 ceph-mon[42500]: from='mgr.14120 172.21.15.64:0/1869071516' entity='mgr.x'
2024-05-08T21:48:01.109 INFO:teuthology.orchestra.run.smithi064.stdout:/usr/bin/ceph: stdout {
2024-05-08T21:48:01.109 INFO:teuthology.orchestra.run.smithi064.stdout:/usr/bin/ceph: stdout "mgrmap_epoch": 7,
2024-05-08T21:48:01.109 INFO:teuthology.orchestra.run.smithi064.stdout:/usr/bin/ceph: stdout "initialized": true
2024-05-08T21:48:01.109 INFO:teuthology.orchestra.run.smithi064.stdout:/usr/bin/ceph: stdout }
2024-05-08T21:48:01.109 INFO:teuthology.orchestra.run.smithi064.stdout:/usr/bin/ceph: stderr
2024-05-08T21:47:54.333+0000 7f79554b0700 1 Processor -- start
2024-05-08T21:48:01.110 INFO:teuthology.orchestra.run.smithi064.stdout:/usr/bin/ceph: stderr
2024-05-08T21:47:54.333+0000 7f79554b0700 1 -- start start
2024-05-08T21:48:01.110 INFO:teuthology.orchestra.run.smithi064.stdout:/usr/bin/ceph: stderr
2024-05-08T21:47:54.333+0000 7f79554b0700 1 --2- >> [v2:172.21.15.64:3300/0,v1:172.21.15.64:6789/0] conn(0x7f7950107270 0x7f7950109660 unknown :-1 s=NONE pgs=0 cs=0 l=0 rev1=0 crypto rx=0 tx=0 comp rx=0 tx=0).connect
2024-05-08T21:48:01.110 INFO:teuthology.orchestra.run.smithi064.stdout:/usr/bin/ceph: stderr
2024-05-08T21:47:54.333+0000 7f79554b0700 1 -- --> [v2:172.21.15.64:3300/0,v1:172.21.15.64:6789/0] -- mon_getmap magic: 0 v1 -- 0x7f79500747f0 con 0x7f7950107270
2024-05-08T21:48:01.110 INFO:teuthology.orchestra.run.smithi064.stdout:/usr/bin/ceph: stderr
2024-05-08T21:47:54.334+0000 7f794effd700 1 --2- >> [v2:172.21.15.64:3300/0,v1:172.21.15.64:6789/0] conn(0x7f7950107270 0x7f7950109660 unknown :-1 s=BANNER_CONNECTING pgs=0 cs=0 l=0 rev1=0 crypto rx=0 tx=0 comp rx=0 tx=0)._handle_peer_banner_payload supported=3 required=0
2024-05-08T21:48:01.110 INFO:teuthology.orchestra.run.smithi064.stdout:/usr/bin/ceph: stderr
2024-05-08T21:47:54.334+0000 7f794effd700 1 --2- >> [v2:172.21.15.64:3300/0,v1:172.21.15.64:6789/0] conn(0x7f7950107270 0x7f7950109660 unknown :-1 s=HELLO_CONNECTING pgs=0 cs=0 l=0 rev1=1 crypto rx=0 tx=0 comp rx=0 tx=0).handle_hello peer v2:172.21.15.64:3300/0 says I am v2:172.21.15.64:47010/0 (socket says 172.21.15.64:47010)
2024-05-08T21:48:01.110 INFO:teuthology.orchestra.run.smithi064.stdout:/usr/bin/ceph: stderr
2024-05-08T21:47:54.334+0000 7f794effd700 1 -- 172.21.15.64:0/1831033988 learned_addr learned my addr 172.21.15.64:0/1831033988 (peer_addr_for_me v2:172.21.15.64:0/0)
2024-05-08T21:48:01.110 INFO:teuthology.orchestra.run.smithi064.stdout:/usr/bin/ceph: stderr
2024-05-08T21:47:54.334+0000 7f794effd700 1 -- 172.21.15.64:0/1831033988 --> [v2:172.21.15.64:3300/0,v1:172.21.15.64:6789/0] -- mon_subscribe({config=0+,monmap=0+}) v3 -- 0x7f7950109ba0 con 0x7f7950107270
2024-05-08T21:48:01.110 INFO:teuthology.orchestra.run.smithi064.stdout:/usr/bin/ceph: stderr
2024-05-08T21:47:54.334+0000 7f794effd700 1 --2- 172.21.15.64:0/1831033988 >> [v2:172.21.15.64:3300/0,v1:172.21.15.64:6789/0] conn(0x7f7950107270 0x7f7950109660 secure :-1 s=READY pgs=28 cs=0 l=1 rev1=1 crypto rx=0x7f79400098a0 tx=0x7f7940009bb0 comp rx=0 tx=0).ready entity=mon.0 client_cookie=3540a1f4f78fe9be server_cookie=0 in_seq=0 out_seq=0
2024-05-08T21:48:01.110 INFO:teuthology.orchestra.run.smithi064.stdout:/usr/bin/ceph: stderr
2024-05-08T21:47:54.334+0000 7f794dffb700 1 -- 172.21.15.64:0/1831033988 <== mon.0 v2:172.21.15.64:3300/0 1 ==== mon_map magic: 0 v1 ==== 205+0+0 (secure 0 0 0) 0x7f7940004160 con 0x7f7950107270
2024-05-08T21:48:01.110 INFO:teuthology.orchestra.run.smithi064.stdout:/usr/bin/ceph: stderr
2024-05-08T21:47:54.334+0000 7f794dffb700 1 -- 172.21.15.64:0/1831033988 <== mon.0 v2:172.21.15.64:3300/0 2 ==== config(26 keys) v1 ==== 1074+0+0 (secure 0 0 0) 0x7f79400042c0 con 0x7f7950107270
2024-05-08T21:48:01.110 INFO:teuthology.orchestra.run.smithi064.stdout:/usr/bin/ceph: stderr
2024-05-08T21:47:54.334+0000 7f794dffb700 1 -- 172.21.15.64:0/1831033988 <== mon.0 v2:172.21.15.64:3300/0 3 ==== mon_map magic: 0 v1 ==== 205+0+0 (secure 0 0 0) 0x7f7940011a00 con 0x7f7950107270
2024-05-08T21:48:01.110 INFO:teuthology.orchestra.run.smithi064.stdout:/usr/bin/ceph: stderr
2024-05-08T21:47:54.335+0000 7f79554b0700 1 -- 172.21.15.64:0/1831033988 >> [v2:172.21.15.64:3300/0,v1:172.21.15.64:6789/0] conn(0x7f7950107270 msgr2=0x7f7950109660 secure :-1 s=STATE_CONNECTION_ESTABLISHED l=1).mark_down
2024-05-08T21:48:01.111 INFO:teuthology.orchestra.run.smithi064.stdout:/usr/bin/ceph: stderr
2024-05-08T21:47:54.335+0000 7f79554b0700 1 --2- 172.21.15.64:0/1831033988 >> [v2:172.21.15.64:3300/0,v1:172.21.15.64:6789/0] conn(0x7f7950107270 0x7f7950109660 secure :-1 s=READY pgs=28 cs=0 l=1 rev1=1 crypto rx=0x7f79400098a0 tx=0x7f7940009bb0 comp rx=0 tx=0).stop
2024-05-08T21:48:01.111 INFO:teuthology.orchestra.run.smithi064.stdout:/usr/bin/ceph: stderr
2024-05-08T21:47:54.335+0000 7f79554b0700 1 -- 172.21.15.64:0/1831033988 shutdown_connections
2024-05-08T21:48:01.111 INFO:teuthology.orchestra.run.smithi064.stdout:/usr/bin/ceph: stderr
2024-05-08T21:47:54.335+0000 7f79554b0700 1 --2- 172.21.15.64:0/1831033988 >> [v2:172.21.15.64:3300/0,v1:172.21.15.64:6789/0] conn(0x7f7950107270 0x7f7950109660 unknown :-1 s=CLOSED pgs=28 cs=0 l=1 rev1=1 crypto rx=0 tx=0 comp rx=0 tx=0).stop
2024-05-08T21:48:01.111 INFO:teuthology.orchestra.run.smithi064.stdout:/usr/bin/ceph: stderr
2024-05-08T21:47:54.335+0000 7f79554b0700 1 -- 172.21.15.64:0/1831033988 >> 172.21.15.64:0/1831033988 conn(0x7f7950100c40 msgr2=0x7f7950103080 unknown :-1 s=STATE_NONE l=0).mark_down
2024-05-08T21:48:01.111 INFO:teuthology.orchestra.run.smithi064.stdout:/usr/bin/ceph: stderr
2024-05-08T21:47:54.335+0000 7f79554b0700 1 -- 172.21.15.64:0/1831033988 shutdown_connections
2024-05-08T21:48:01.111 INFO:teuthology.orchestra.run.smithi064.stdout:/usr/bin/ceph: stderr
2024-05-08T21:47:54.335+0000 7f79554b0700 1 -- 172.21.15.64:0/1831033988 wait complete.
2024-05-08T21:48:01.111 INFO:teuthology.orchestra.run.smithi064.stdout:/usr/bin/ceph: stderr
2024-05-08T21:47:54.336+0000 7f79554b0700 1 Processor -- start
2024-05-08T21:48:01.111 INFO:teuthology.orchestra.run.smithi064.stdout:/usr/bin/ceph: stderr
2024-05-08T21:47:54.336+0000 7f79554b0700 1 -- start start
2024-05-08T21:48:01.111 INFO:teuthology.orchestra.run.smithi064.stdout:/usr/bin/ceph: stderr
2024-05-08T21:47:54.336+0000 7f79554b0700 1 --2- >> [v2:172.21.15.64:3300/0,v1:172.21.15.64:6789/0] conn(0x7f7950107270 0x7f795019a580 unknown :-1 s=NONE pgs=0 cs=0 l=1 rev1=0 crypto rx=0 tx=0 comp rx=0 tx=0).connect
2024-05-08T21:48:01.111 INFO:teuthology.orchestra.run.smithi064.stdout:/usr/bin/ceph: stderr
2024-05-08T21:47:54.336+0000 7f79554b0700 1 -- --> [v2:172.21.15.64:3300/0,v1:172.21.15.64:6789/0] -- mon_getmap magic: 0 v1 -- 0x7f795019aac0 con 0x7f7950107270
2024-05-08T21:48:01.111 INFO:teuthology.orchestra.run.smithi064.stdout:/usr/bin/ceph: stderr
2024-05-08T21:47:54.336+0000 7f794effd700 1 --2- >> [v2:172.21.15.64:3300/0,v1:172.21.15.64:6789/0] conn(0x7f7950107270 0x7f795019a580 unknown :-1 s=BANNER_CONNECTING pgs=0 cs=0 l=1 rev1=0 crypto rx=0 tx=0 comp rx=0 tx=0)._handle_peer_banner_payload supported=3 required=0
2024-05-08T21:48:01.111 INFO:teuthology.orchestra.run.smithi064.stdout:/usr/bin/ceph: stderr
2024-05-08T21:47:54.336+0000 7f794effd700 1 --2- >> [v2:172.21.15.64:3300/0,v1:172.21.15.64:6789/0] conn(0x7f7950107270 0x7f795019a580 unknown :-1 s=HELLO_CONNECTING pgs=0 cs=0 l=1 rev1=1 crypto rx=0 tx=0 comp rx=0 tx=0).handle_hello peer v2:172.21.15.64:3300/0 says I am v2:172.21.15.64:47022/0 (socket says 172.21.15.64:47022)
2024-05-08T21:48:01.111 INFO:teuthology.orchestra.run.smithi064.stdout:/usr/bin/ceph: stderr
2024-05-08T21:47:54.336+0000 7f794effd700 1 -- 172.21.15.64:0/1973891101 learned_addr learned my addr 172.21.15.64:0/1973891101 (peer_addr_for_me v2:172.21.15.64:0/0)
2024-05-08T21:48:01.112 INFO:teuthology.orchestra.run.smithi064.stdout:/usr/bin/ceph: stderr
2024-05-08T21:47:54.336+0000 7f794effd700 1 -- 172.21.15.64:0/1973891101 --> [v2:172.21.15.64:3300/0,v1:172.21.15.64:6789/0] -- mon_subscribe({config=0+,monmap=0+}) v3 -- 0x7f7940009550 con 0x7f7950107270
2024-05-08T21:48:01.112 INFO:teuthology.orchestra.run.smithi064.stdout:/usr/bin/ceph: stderr
2024-05-08T21:47:54.337+0000 7f794effd700 1 --2- 172.21.15.64:0/1973891101 >> [v2:172.21.15.64:3300/0,v1:172.21.15.64:6789/0] conn(0x7f7950107270 0x7f795019a580 secure :-1 s=READY pgs=29 cs=0 l=1 rev1=1 crypto rx=0x7f7940009130 tx=0x7f7940011ad0 comp rx=0 tx=0).ready entity=mon.0 client_cookie=0 server_cookie=0 in_seq=0 out_seq=0
2024-05-08T21:48:01.112 INFO:teuthology.orchestra.run.smithi064.stdout:/usr/bin/ceph: stderr
2024-05-08T21:47:54.337+0000 7f7937fff700 1 -- 172.21.15.64:0/1973891101 <== mon.0 v2:172.21.15.64:3300/0 1 ==== mon_map magic: 0 v1 ==== 205+0+0 (secure 0 0 0) 0x7f79400038b0 con 0x7f7950107270
2024-05-08T21:48:01.112 INFO:teuthology.orchestra.run.smithi064.stdout:/usr/bin/ceph: stderr
2024-05-08T21:47:54.337+0000 7f7937fff700 1 -- 172.21.15.64:0/1973891101 <== mon.0 v2:172.21.15.64:3300/0 2 ==== config(26 keys) v1 ==== 1074+0+0 (secure 0 0 0) 0x7f7940003a10 con 0x7f7950107270
2024-05-08T21:48:01.112 INFO:teuthology.orchestra.run.smithi064.stdout:/usr/bin/ceph: stderr
2024-05-08T21:47:54.337+0000 7f79554b0700 1 -- 172.21.15.64:0/1973891101 --> [v2:172.21.15.64:3300/0,v1:172.21.15.64:6789/0] -- mon_subscribe({mgrmap=0+}) v3 -- 0x7f795019acc0 con 0x7f7950107270
2024-05-08T21:48:01.112 INFO:teuthology.orchestra.run.smithi064.stdout:/usr/bin/ceph: stderr
2024-05-08T21:47:54.337+0000 7f7937fff700 1 -- 172.21.15.64:0/1973891101 <== mon.0 v2:172.21.15.64:3300/0 3 ==== mon_map magic: 0 v1 ==== 205+0+0 (secure 0 0 0) 0x7f7940019550 con 0x7f7950107270
2024-05-08T21:48:01.112 INFO:teuthology.orchestra.run.smithi064.stdout:/usr/bin/ceph: stderr
2024-05-08T21:47:54.337+0000 7f79554b0700 1 -- 172.21.15.64:0/1973891101 --> [v2:172.21.15.64:3300/0,v1:172.21.15.64:6789/0] -- mon_subscribe({osdmap=0}) v3 -- 0x7f795019b160 con 0x7f7950107270
2024-05-08T21:48:01.112 INFO:teuthology.orchestra.run.smithi064.stdout:/usr/bin/ceph: stderr
2024-05-08T21:47:54.338+0000 7f7937fff700 1 -- 172.21.15.64:0/1973891101 <== mon.0 v2:172.21.15.64:3300/0 4 ==== mgrmap(e 5) v1 ==== 45541+0+0 (secure 0 0 0) 0x7f794001a430 con 0x7f7950107270
2024-05-08T21:48:01.112 INFO:teuthology.orchestra.run.smithi064.stdout:/usr/bin/ceph: stderr
2024-05-08T21:47:54.338+0000 7f7937fff700 1 --2- 172.21.15.64:0/1973891101 >> [v2:172.21.15.64:6800/1406677494,v1:172.21.15.64:6801/1406677494] conn(0x7f79380386e0 0x7f793803aba0 unknown :-1 s=NONE pgs=0 cs=0 l=1 rev1=0 crypto rx=0 tx=0 comp rx=0 tx=0).connect
2024-05-08T21:48:01.112 INFO:teuthology.orchestra.run.smithi064.stdout:/usr/bin/ceph: stderr
2024-05-08T21:47:54.338+0000 7f7937fff700 1 -- 172.21.15.64:0/1973891101 --> [v2:172.21.15.64:6800/1406677494,v1:172.21.15.64:6801/1406677494] -- command(tid 0: {"prefix": "get_command_descriptions"}) v1 -- 0x7f793803b2b0 con 0x7f79380386e0
2024-05-08T21:48:01.112 INFO:teuthology.orchestra.run.smithi064.stdout:/usr/bin/ceph: stderr
2024-05-08T21:47:54.338+0000 7f794e7fc700 1 -- 172.21.15.64:0/1973891101 >> [v2:172.21.15.64:6800/1406677494,v1:172.21.15.64:6801/1406677494] conn(0x7f79380386e0 msgr2=0x7f793803aba0 unknown :-1 s=STATE_CONNECTING_RE l=1).process reconnect failed to v2:172.21.15.64:6800/1406677494
2024-05-08T21:48:01.112 INFO:teuthology.orchestra.run.smithi064.stdout:/usr/bin/ceph: stderr
2024-05-08T21:47:54.338+0000 7f7937fff700 1 -- 172.21.15.64:0/1973891101 <== mon.0 v2:172.21.15.64:3300/0 5 ==== osd_map(1..1 src has 1..1) v4 ==== 725+0+0 (secure 0 0 0) 0x7f794004c430 con 0x7f7950107270
2024-05-08T21:48:01.113 INFO:teuthology.orchestra.run.smithi064.stdout:/usr/bin/ceph: stderr
2024-05-08T21:47:54.338+0000 7f794e7fc700 1 --2- 172.21.15.64:0/1973891101 >> [v2:172.21.15.64:6800/1406677494,v1:172.21.15.64:6801/1406677494] conn(0x7f79380386e0 0x7f793803aba0 unknown :-1 s=START_CONNECT pgs=0 cs=0 l=1 rev1=0 crypto rx=0 tx=0 comp rx=0 tx=0)._fault waiting 0.200000
2024-05-08T21:48:01.113 INFO:teuthology.orchestra.run.smithi064.stdout:/usr/bin/ceph: stderr
2024-05-08T21:47:54.539+0000 7f794e7fc700 1 -- 172.21.15.64:0/1973891101 >> [v2:172.21.15.64:6800/1406677494,v1:172.21.15.64:6801/1406677494] conn(0x7f79380386e0 msgr2=0x7f793803aba0 unknown :-1 s=STATE_CONNECTING_RE l=1).process reconnect failed to v2:172.21.15.64:6800/1406677494
2024-05-08T21:48:01.113 INFO:teuthology.orchestra.run.smithi064.stdout:/usr/bin/ceph: stderr
2024-05-08T21:47:54.539+0000 7f794e7fc700 1 --2- 172.21.15.64:0/1973891101 >> [v2:172.21.15.64:6800/1406677494,v1:172.21.15.64:6801/1406677494] conn(0x7f79380386e0 0x7f793803aba0 unknown :-1 s=START_CONNECT pgs=0 cs=0 l=1 rev1=0 crypto rx=0 tx=0 comp rx=0 tx=0)._fault waiting 0.400000
2024-05-08T21:48:01.113 INFO:teuthology.orchestra.run.smithi064.stdout:/usr/bin/ceph: stderr
2024-05-08T21:47:54.940+0000 7f794e7fc700 1 -- 172.21.15.64:0/1973891101 >> [v2:172.21.15.64:6800/1406677494,v1:172.21.15.64:6801/1406677494] conn(0x7f79380386e0 msgr2=0x7f793803aba0 unknown :-1 s=STATE_CONNECTING_RE l=1).process reconnect failed to v2:172.21.15.64:6800/1406677494
2024-05-08T21:48:01.113 INFO:teuthology.orchestra.run.smithi064.stdout:/usr/bin/ceph: stderr
2024-05-08T21:47:54.940+0000 7f794e7fc700 1 --2- 172.21.15.64:0/1973891101 >> [v2:172.21.15.64:6800/1406677494,v1:172.21.15.64:6801/1406677494] conn(0x7f79380386e0 0x7f793803aba0 unknown :-1 s=START_CONNECT pgs=0 cs=0 l=1 rev1=0 crypto rx=0 tx=0 comp rx=0 tx=0)._fault waiting 0.800000
2024-05-08T21:48:01.113 INFO:teuthology.orchestra.run.smithi064.stdout:/usr/bin/ceph: stderr
2024-05-08T21:47:55.741+0000 7f794e7fc700 1 -- 172.21.15.64:0/1973891101 >> [v2:172.21.15.64:6800/1406677494,v1:172.21.15.64:6801/1406677494] conn(0x7f79380386e0 msgr2=0x7f793803aba0 unknown :-1 s=STATE_CONNECTING_RE l=1).process reconnect failed to v2:172.21.15.64:6800/1406677494
2024-05-08T21:48:01.113 INFO:teuthology.orchestra.run.smithi064.stdout:/usr/bin/ceph: stderr
2024-05-08T21:47:55.741+0000 7f794e7fc700 1 --2- 172.21.15.64:0/1973891101 >> [v2:172.21.15.64:6800/1406677494,v1:172.21.15.64:6801/1406677494] conn(0x7f79380386e0 0x7f793803aba0 unknown :-1 s=START_CONNECT pgs=0 cs=0 l=1 rev1=0 crypto rx=0 tx=0 comp rx=0 tx=0)._fault waiting 1.600000
2024-05-08T21:48:01.113 INFO:teuthology.orchestra.run.smithi064.stdout:/usr/bin/ceph: stderr
2024-05-08T21:47:57.342+0000 7f794e7fc700 1 -- 172.21.15.64:0/1973891101 >> [v2:172.21.15.64:6800/1406677494,v1:172.21.15.64:6801/1406677494] conn(0x7f79380386e0 msgr2=0x7f793803aba0 unknown :-1 s=STATE_CONNECTING_RE l=1).process reconnect failed to v2:172.21.15.64:6800/1406677494
2024-05-08T21:48:01.113 INFO:teuthology.orchestra.run.smithi064.stdout:/usr/bin/ceph: stderr
2024-05-08T21:47:57.342+0000 7f794e7fc700 1 --2- 172.21.15.64:0/1973891101 >> [v2:172.21.15.64:6800/1406677494,v1:172.21.15.64:6801/1406677494] conn(0x7f79380386e0 0x7f793803aba0 unknown :-1 s=START_CONNECT pgs=0 cs=0 l=1 rev1=0 crypto rx=0 tx=0 comp rx=0 tx=0)._fault waiting 3.200000
2024-05-08T21:48:01.113 INFO:teuthology.orchestra.run.smithi064.stdout:/usr/bin/ceph: stderr
2024-05-08T21:47:59.748+0000 7f7937fff700 1 -- 172.21.15.64:0/1973891101 <== mon.0 v2:172.21.15.64:3300/0 6 ==== mgrmap(e 6) v1 ==== 45308+0+0 (secure 0 0 0) 0x7f7940019990 con 0x7f7950107270
2024-05-08T21:48:01.114 INFO:teuthology.orchestra.run.smithi064.stdout:/usr/bin/ceph: stderr
2024-05-08T21:47:59.748+0000 7f7937fff700 1 -- 172.21.15.64:0/1973891101 >> [v2:172.21.15.64:6800/1406677494,v1:172.21.15.64:6801/1406677494] conn(0x7f79380386e0 msgr2=0x7f793803aba0 unknown :-1 s=STATE_CONNECTING l=1).mark_down
2024-05-08T21:48:01.114 INFO:teuthology.orchestra.run.smithi064.stdout:/usr/bin/ceph: stderr
2024-05-08T21:47:59.748+0000 7f7937fff700 1 --2- 172.21.15.64:0/1973891101 >> [v2:172.21.15.64:6800/1406677494,v1:172.21.15.64:6801/1406677494] conn(0x7f79380386e0 0x7f793803aba0 unknown :-1 s=START_CONNECT pgs=0 cs=0 l=1 rev1=0 crypto rx=0 tx=0 comp rx=0 tx=0).stop
2024-05-08T21:48:01.114 INFO:teuthology.orchestra.run.smithi064.stdout:/usr/bin/ceph: stderr
2024-05-08T21:48:00.747+0000 7f7937fff700 1 -- 172.21.15.64:0/1973891101 <== mon.0 v2:172.21.15.64:3300/0 7 ==== mgrmap(e 7) v1 ==== 45435+0+0 (secure 0 0 0) 0x7f794004e1e0 con 0x7f7950107270
2024-05-08T21:48:01.114 INFO:teuthology.orchestra.run.smithi064.stdout:/usr/bin/ceph: stderr
2024-05-08T21:48:00.747+0000 7f7937fff700 1 --2- 172.21.15.64:0/1973891101 >> [v2:172.21.15.64:6800/865555054,v1:172.21.15.64:6801/865555054] conn(0x7f793803bff0 0x7f793803e3e0 unknown :-1 s=NONE pgs=0 cs=0 l=1 rev1=0 crypto rx=0 tx=0 comp rx=0 tx=0).connect
2024-05-08T21:48:01.114 INFO:teuthology.orchestra.run.smithi064.stdout:/usr/bin/ceph: stderr
2024-05-08T21:48:00.747+0000 7f7937fff700 1 -- 172.21.15.64:0/1973891101 --> [v2:172.21.15.64:6800/865555054,v1:172.21.15.64:6801/865555054] -- command(tid 0: {"prefix": "get_command_descriptions"}) v1 -- 0x7f793803b2b0 con 0x7f793803bff0
2024-05-08T21:48:01.114 INFO:teuthology.orchestra.run.smithi064.stdout:/usr/bin/ceph: stderr
2024-05-08T21:48:00.747+0000 7f794e7fc700 1 --2- 172.21.15.64:0/1973891101 >> [v2:172.21.15.64:6800/865555054,v1:172.21.15.64:6801/865555054] conn(0x7f793803bff0 0x7f793803e3e0 unknown :-1 s=BANNER_CONNECTING pgs=0 cs=0 l=1 rev1=0 crypto rx=0 tx=0 comp rx=0 tx=0)._handle_peer_banner_payload supported=3 required=0
2024-05-08T21:48:01.114 INFO:teuthology.orchestra.run.smithi064.stdout:/usr/bin/ceph: stderr
2024-05-08T21:48:00.748+0000 7f794e7fc700 1 --2- 172.21.15.64:0/1973891101 >> [v2:172.21.15.64:6800/865555054,v1:172.21.15.64:6801/865555054] conn(0x7f793803bff0 0x7f793803e3e0 secure :-1 s=READY pgs=2 cs=0 l=1 rev1=1 crypto rx=0x7f7944003a10 tx=0x7f79440092b0 comp rx=0 tx=0).ready entity=mgr.14120 client_cookie=0 server_cookie=0 in_seq=0 out_seq=0
2024-05-08T21:48:01.114 INFO:teuthology.orchestra.run.smithi064.stdout:/usr/bin/ceph: stderr
2024-05-08T21:48:00.749+0000 7f7937fff700 1 -- 172.21.15.64:0/1973891101 <== mgr.14120 v2:172.21.15.64:6800/865555054 1 ==== command_reply(tid 0: 0 ) v1 ==== 8+0+7774 (secure 0 0 0) 0x7f793803b2b0 con 0x7f793803bff0
2024-05-08T21:48:01.114 INFO:teuthology.orchestra.run.smithi064.stdout:/usr/bin/ceph: stderr
2024-05-08T21:48:00.755+0000 7f79554b0700 1 -- 172.21.15.64:0/1973891101 --> [v2:172.21.15.64:6800/865555054,v1:172.21.15.64:6801/865555054] -- command(tid 1: {"prefix": "mgr_status"}) v1 -- 0x7f795010a940 con 0x7f793803bff0
2024-05-08T21:48:01.114 INFO:teuthology.orchestra.run.smithi064.stdout:/usr/bin/ceph: stderr
2024-05-08T21:48:00.755+0000 7f7937fff700 1 -- 172.21.15.64:0/1973891101 <== mgr.14120 v2:172.21.15.64:6800/865555054 2 ==== command_reply(tid 1: 0 ) v1 ==== 8+0+51 (secure 0 0 0) 0x7f795010a940 con 0x7f793803bff0
2024-05-08T21:48:01.114 INFO:teuthology.orchestra.run.smithi064.stdout:/usr/bin/ceph: stderr
2024-05-08T21:48:00.756+0000 7f79554b0700 1 -- 172.21.15.64:0/1973891101 >> [v2:172.21.15.64:6800/865555054,v1:172.21.15.64:6801/865555054] conn(0x7f793803bff0 msgr2=0x7f793803e3e0 secure :-1 s=STATE_CONNECTION_ESTABLISHED l=1).mark_down
2024-05-08T21:48:01.114 INFO:teuthology.orchestra.run.smithi064.stdout:/usr/bin/ceph: stderr
2024-05-08T21:48:00.756+0000 7f79554b0700 1 --2- 172.21.15.64:0/1973891101 >> [v2:172.21.15.64:6800/865555054,v1:172.21.15.64:6801/865555054] conn(0x7f793803bff0 0x7f793803e3e0 secure :-1 s=READY pgs=2 cs=0 l=1 rev1=1 crypto rx=0x7f7944003a10 tx=0x7f79440092b0 comp rx=0 tx=0).stop
2024-05-08T21:48:01.115 INFO:teuthology.orchestra.run.smithi064.stdout:/usr/bin/ceph: stderr
2024-05-08T21:48:00.756+0000 7f79554b0700 1 -- 172.21.15.64:0/1973891101 >> [v2:172.21.15.64:3300/0,v1:172.21.15.64:6789/0] conn(0x7f7950107270 msgr2=0x7f795019a580 secure :-1 s=STATE_CONNECTION_ESTABLISHED l=1).mark_down
2024-05-08T21:48:01.115 INFO:teuthology.orchestra.run.smithi064.stdout:/usr/bin/ceph: stderr
2024-05-08T21:48:00.756+0000 7f79554b0700 1 --2- 172.21.15.64:0/1973891101 >> [v2:172.21.15.64:3300/0,v1:172.21.15.64:6789/0] conn(0x7f7950107270 0x7f795019a580 secure :-1 s=READY pgs=29 cs=0 l=1 rev1=1 crypto rx=0x7f7940009130 tx=0x7f7940011ad0 comp rx=0 tx=0).stop
2024-05-08T21:48:01.115 INFO:teuthology.orchestra.run.smithi064.stdout:/usr/bin/ceph: stderr
2024-05-08T21:48:00.756+0000 7f79554b0700 1 -- 172.21.15.64:0/1973891101 shutdown_connections
2024-05-08T21:48:01.115 INFO:teuthology.orchestra.run.smithi064.stdout:/usr/bin/ceph: stderr
2024-05-08T21:48:00.756+0000 7f79554b0700 1 --2- 172.21.15.64:0/1973891101 >> [v2:172.21.15.64:6800/865555054,v1:172.21.15.64:6801/865555054] conn(0x7f793803bff0 0x7f793803e3e0 unknown :-1 s=CLOSED pgs=2 cs=0 l=1 rev1=1 crypto rx=0 tx=0 comp rx=0 tx=0).stop
2024-05-08T21:48:01.115 INFO:teuthology.orchestra.run.smithi064.stdout:/usr/bin/ceph: stderr
2024-05-08T21:48:00.756+0000 7f79554b0700 1 --2- 172.21.15.64:0/1973891101 >> [v2:172.21.15.64:3300/0,v1:172.21.15.64:6789/0] conn(0x7f7950107270 0x7f795019a580 unknown :-1 s=CLOSED pgs=29 cs=0 l=1 rev1=1 crypto rx=0 tx=0 comp rx=0 tx=0).stop
2024-05-08T21:48:01.115 INFO:teuthology.orchestra.run.smithi064.stdout:/usr/bin/ceph: stderr
2024-05-08T21:48:00.756+0000 7f79554b0700 1 --2- 172.21.15.64:0/1973891101 >> [v2:172.21.15.64:6800/1406677494,v1:172.21.15.64:6801/1406677494] conn(0x7f79380386e0 0x7f793803aba0 unknown :-1 s=CLOSED pgs=0 cs=0 l=1 rev1=0 crypto rx=0 tx=0 comp rx=0 tx=0).stop
2024-05-08T21:48:01.115 INFO:teuthology.orchestra.run.smithi064.stdout:/usr/bin/ceph: stderr
2024-05-08T21:48:00.756+0000 7f79554b0700 1 -- 172.21.15.64:0/1973891101 >> 172.21.15.64:0/1973891101 conn(0x7f7950100c40 msgr2=0x7f79501018a0 unknown :-1 s=STATE_NONE l=0).mark_down
2024-05-08T21:48:01.115 INFO:teuthology.orchestra.run.smithi064.stdout:/usr/bin/ceph: stderr
2024-05-08T21:48:00.756+0000 7f79554b0700 1 -- 172.21.15.64:0/1973891101 shutdown_connections
2024-05-08T21:48:01.115 INFO:teuthology.orchestra.run.smithi064.stdout:/usr/bin/ceph: stderr
2024-05-08T21:48:00.756+0000 7f79554b0700 1 -- 172.21.15.64:0/1973891101 wait complete.
2024-05-08T21:48:01.115 INFO:teuthology.orchestra.run.smithi064.stdout:mgr epoch 5 is available
2024-05-08T21:48:01.115 INFO:teuthology.orchestra.run.smithi064.stdout:Setting orchestrator backend to cephadm...
2024-05-08T21:48:01.203 INFO:journalctl@ceph.mon.a.smithi064.stdout:May 08 21:48:00 smithi064 ceph-mon[42500]: Found migration_current of "None". Setting to last migration.
2024-05-08T21:48:01.203 INFO:journalctl@ceph.mon.a.smithi064.stdout:May 08 21:48:00 smithi064 ceph-mon[42500]: from='mgr.14120 172.21.15.64:0/1869071516' entity='mgr.x' cmd=[{"prefix": "config dump", "format": "json"}]: dispatch
2024-05-08T21:48:01.203 INFO:journalctl@ceph.mon.a.smithi064.stdout:May 08 21:48:00 smithi064 ceph-mon[42500]: from='mgr.14120 172.21.15.64:0/1869071516' entity='mgr.x' cmd=[{"prefix": "config dump", "format": "json"}]: dispatch
2024-05-08T21:48:01.203 INFO:journalctl@ceph.mon.a.smithi064.stdout:May 08 21:48:00 smithi064 ceph-mon[42500]: from='mgr.14120 172.21.15.64:0/1869071516' entity='mgr.x' cmd=[{"prefix":"config rm","who":"mgr","name":"mgr/rbd_support/x/mirror_snapshot_schedule"}]: dispatch
2024-05-08T21:48:01.203 INFO:journalctl@ceph.mon.a.smithi064.stdout:May 08 21:48:00 smithi064 ceph-mon[42500]: from='mgr.14120 172.21.15.64:0/1869071516' entity='mgr.x' cmd=[{"prefix":"config rm","who":"mgr","name":"mgr/rbd_support/x/trash_purge_schedule"}]: dispatch
2024-05-08T21:48:01.203 INFO:journalctl@ceph.mon.a.smithi064.stdout:May 08 21:48:00 smithi064 ceph-mon[42500]: mgrmap e7: x(active, since 1.00535s)
2024-05-08T21:48:02.019 INFO:teuthology.orchestra.run.smithi064.stdout:/usr/bin/ceph: stderr
2024-05-08T21:48:01.423+0000 7f5e1c84b700 1 Processor -- start
2024-05-08T21:48:02.019 INFO:teuthology.orchestra.run.smithi064.stdout:/usr/bin/ceph: stderr
2024-05-08T21:48:01.423+0000 7f5e1c84b700 1 -- start start
2024-05-08T21:48:02.019 INFO:teuthology.orchestra.run.smithi064.stdout:/usr/bin/ceph: stderr
2024-05-08T21:48:01.424+0000 7f5e1c84b700 1 --2- >> [v2:172.21.15.64:3300/0,v1:172.21.15.64:6789/0] conn(0x7f5e181056b0 0x7f5e18105ad0 unknown :-1 s=NONE pgs=0 cs=0 l=0 rev1=0 crypto rx=0 tx=0 comp rx=0 tx=0).connect
2024-05-08T21:48:02.020 INFO:teuthology.orchestra.run.smithi064.stdout:/usr/bin/ceph: stderr
2024-05-08T21:48:01.424+0000 7f5e1c84b700 1 -- --> [v2:172.21.15.64:3300/0,v1:172.21.15.64:6789/0] -- mon_getmap magic: 0 v1 -- 0x7f5e181060a0 con 0x7f5e181056b0
2024-05-08T21:48:02.020 INFO:teuthology.orchestra.run.smithi064.stdout:/usr/bin/ceph: stderr
2024-05-08T21:48:01.424+0000 7f5e1659c700 1 --2- >> [v2:172.21.15.64:3300/0,v1:172.21.15.64:6789/0] conn(0x7f5e181056b0 0x7f5e18105ad0 unknown :-1 s=BANNER_CONNECTING pgs=0 cs=0 l=0 rev1=0 crypto rx=0 tx=0 comp rx=0 tx=0)._handle_peer_banner_payload supported=3 required=0
2024-05-08T21:48:02.020 INFO:teuthology.orchestra.run.smithi064.stdout:/usr/bin/ceph: stderr
2024-05-08T21:48:01.424+0000 7f5e1659c700 1 --2- >> [v2:172.21.15.64:3300/0,v1:172.21.15.64:6789/0] conn(0x7f5e181056b0 0x7f5e18105ad0 unknown :-1 s=HELLO_CONNECTING pgs=0 cs=0 l=0 rev1=1 crypto rx=0 tx=0 comp rx=0 tx=0).handle_hello peer v2:172.21.15.64:3300/0 says I am v2:172.21.15.64:47110/0 (socket says 172.21.15.64:47110)
2024-05-08T21:48:02.020 INFO:teuthology.orchestra.run.smithi064.stdout:/usr/bin/ceph: stderr
2024-05-08T21:48:01.424+0000 7f5e1659c700 1 -- 172.21.15.64:0/2723106048 learned_addr learned my addr 172.21.15.64:0/2723106048 (peer_addr_for_me v2:172.21.15.64:0/0)
2024-05-08T21:48:02.020 INFO:teuthology.orchestra.run.smithi064.stdout:/usr/bin/ceph: stderr
2024-05-08T21:48:01.424+0000 7f5e1659c700 1 -- 172.21.15.64:0/2723106048 --> [v2:172.21.15.64:3300/0,v1:172.21.15.64:6789/0] -- mon_subscribe({config=0+,monmap=0+}) v3 -- 0x7f5e181068b0 con 0x7f5e181056b0
2024-05-08T21:48:02.020 INFO:teuthology.orchestra.run.smithi064.stdout:/usr/bin/ceph: stderr
2024-05-08T21:48:01.424+0000 7f5e1659c700 1 --2- 172.21.15.64:0/2723106048 >> [v2:172.21.15.64:3300/0,v1:172.21.15.64:6789/0] conn(0x7f5e181056b0 0x7f5e18105ad0 secure :-1 s=READY pgs=37 cs=0 l=1 rev1=1 crypto rx=0x7f5e080098a0 tx=0x7f5e08009bb0 comp rx=0 tx=0).ready entity=mon.0 client_cookie=ce690cb1ebe025ab server_cookie=0 in_seq=0 out_seq=0
2024-05-08T21:48:02.020 INFO:teuthology.orchestra.run.smithi064.stdout:/usr/bin/ceph: stderr
2024-05-08T21:48:01.424+0000 7f5e1559a700 1 -- 172.21.15.64:0/2723106048 <== mon.0 v2:172.21.15.64:3300/0 1 ==== mon_map magic: 0 v1 ==== 205+0+0 (secure 0 0 0) 0x7f5e08004160 con 0x7f5e181056b0
2024-05-08T21:48:02.020 INFO:teuthology.orchestra.run.smithi064.stdout:/usr/bin/ceph: stderr
2024-05-08T21:48:01.424+0000 7f5e1559a700 1 -- 172.21.15.64:0/2723106048 <== mon.0 v2:172.21.15.64:3300/0 2 ==== config(26 keys) v1 ==== 1074+0+0 (secure 0 0 0) 0x7f5e080042c0 con 0x7f5e181056b0
2024-05-08T21:48:02.020 INFO:teuthology.orchestra.run.smithi064.stdout:/usr/bin/ceph: stderr
2024-05-08T21:48:01.424+0000 7f5e1559a700 1 -- 172.21.15.64:0/2723106048 <== mon.0 v2:172.21.15.64:3300/0 3 ==== mon_map magic: 0 v1 ==== 205+0+0 (secure 0 0 0) 0x7f5e08011a00 con 0x7f5e181056b0
2024-05-08T21:48:02.020 INFO:teuthology.orchestra.run.smithi064.stdout:/usr/bin/ceph: stderr
2024-05-08T21:48:01.425+0000 7f5e1c84b700 1 -- 172.21.15.64:0/2723106048 >> [v2:172.21.15.64:3300/0,v1:172.21.15.64:6789/0] conn(0x7f5e181056b0 msgr2=0x7f5e18105ad0 secure :-1 s=STATE_CONNECTION_ESTABLISHED l=1).mark_down
2024-05-08T21:48:02.020 INFO:teuthology.orchestra.run.smithi064.stdout:/usr/bin/ceph: stderr
2024-05-08T21:48:01.425+0000 7f5e1c84b700 1 --2- 172.21.15.64:0/2723106048 >> [v2:172.21.15.64:3300/0,v1:172.21.15.64:6789/0] conn(0x7f5e181056b0 0x7f5e18105ad0 secure :-1 s=READY pgs=37 cs=0 l=1 rev1=1 crypto rx=0x7f5e080098a0 tx=0x7f5e08009bb0 comp rx=0 tx=0).stop
2024-05-08T21:48:02.020 INFO:teuthology.orchestra.run.smithi064.stdout:/usr/bin/ceph: stderr
2024-05-08T21:48:01.425+0000 7f5e1c84b700 1 -- 172.21.15.64:0/2723106048 shutdown_connections
2024-05-08T21:48:02.020 INFO:teuthology.orchestra.run.smithi064.stdout:/usr/bin/ceph: stderr
2024-05-08T21:48:01.425+0000 7f5e1c84b700 1 --2- 172.21.15.64:0/2723106048 >> [v2:172.21.15.64:3300/0,v1:172.21.15.64:6789/0] conn(0x7f5e181056b0 0x7f5e18105ad0 unknown :-1 s=CLOSED pgs=37 cs=0 l=1 rev1=1 crypto rx=0 tx=0 comp rx=0 tx=0).stop
2024-05-08T21:48:02.021 INFO:teuthology.orchestra.run.smithi064.stdout:/usr/bin/ceph: stderr
2024-05-08T21:48:01.425+0000 7f5e1c84b700 1 -- 172.21.15.64:0/2723106048 >> 172.21.15.64:0/2723106048 conn(0x7f5e18100c50 msgr2=0x7f5e18103090 unknown :-1 s=STATE_NONE l=0).mark_down
2024-05-08T21:48:02.021 INFO:teuthology.orchestra.run.smithi064.stdout:/usr/bin/ceph: stderr
2024-05-08T21:48:01.425+0000 7f5e1c84b700 1 -- 172.21.15.64:0/2723106048 shutdown_connections
2024-05-08T21:48:02.021 INFO:teuthology.orchestra.run.smithi064.stdout:/usr/bin/ceph: stderr
2024-05-08T21:48:01.425+0000 7f5e1c84b700 1 -- 172.21.15.64:0/2723106048 wait complete.
2024-05-08T21:48:02.021 INFO:teuthology.orchestra.run.smithi064.stdout:/usr/bin/ceph: stderr
2024-05-08T21:48:01.426+0000 7f5e1c84b700 1 Processor -- start
2024-05-08T21:48:02.021 INFO:teuthology.orchestra.run.smithi064.stdout:/usr/bin/ceph: stderr
2024-05-08T21:48:01.426+0000 7f5e1c84b700 1 -- start start
2024-05-08T21:48:02.021 INFO:teuthology.orchestra.run.smithi064.stdout:/usr/bin/ceph: stderr
2024-05-08T21:48:01.426+0000 7f5e1c84b700 1 --2- >> [v2:172.21.15.64:3300/0,v1:172.21.15.64:6789/0] conn(0x7f5e181056b0 0x7f5e18190710 unknown :-1 s=NONE pgs=0 cs=0 l=1 rev1=0 crypto rx=0 tx=0 comp rx=0 tx=0).connect
2024-05-08T21:48:02.021 INFO:teuthology.orchestra.run.smithi064.stdout:/usr/bin/ceph: stderr
2024-05-08T21:48:01.426+0000 7f5e1c84b700 1 -- --> [v2:172.21.15.64:3300/0,v1:172.21.15.64:6789/0] -- mon_getmap magic: 0 v1 -- 0x7f5e18190c50 con 0x7f5e181056b0
2024-05-08T21:48:02.021 INFO:teuthology.orchestra.run.smithi064.stdout:/usr/bin/ceph: stderr
2024-05-08T21:48:01.426+0000 7f5e1659c700 1 --2- >> [v2:172.21.15.64:3300/0,v1:172.21.15.64:6789/0] conn(0x7f5e181056b0 0x7f5e18190710 unknown :-1 s=BANNER_CONNECTING pgs=0 cs=0 l=1 rev1=0 crypto rx=0 tx=0 comp rx=0 tx=0)._handle_peer_banner_payload supported=3 required=0
2024-05-08T21:48:02.021 INFO:teuthology.orchestra.run.smithi064.stdout:/usr/bin/ceph: stderr
2024-05-08T21:48:01.426+0000 7f5e1659c700 1 --2- >> [v2:172.21.15.64:3300/0,v1:172.21.15.64:6789/0] conn(0x7f5e181056b0 0x7f5e18190710 unknown :-1 s=HELLO_CONNECTING pgs=0 cs=0 l=1 rev1=1 crypto rx=0 tx=0 comp rx=0 tx=0).handle_hello peer v2:172.21.15.64:3300/0 says I am v2:172.21.15.64:47120/0 (socket says 172.21.15.64:47120)
2024-05-08T21:48:02.021 INFO:teuthology.orchestra.run.smithi064.stdout:/usr/bin/ceph: stderr
2024-05-08T21:48:01.426+0000 7f5e1659c700 1 -- 172.21.15.64:0/2559390580 learned_addr learned my addr 172.21.15.64:0/2559390580 (peer_addr_for_me v2:172.21.15.64:0/0)
2024-05-08T21:48:02.021 INFO:teuthology.orchestra.run.smithi064.stdout:/usr/bin/ceph: stderr
2024-05-08T21:48:01.426+0000 7f5e1659c700 1 -- 172.21.15.64:0/2559390580 --> [v2:172.21.15.64:3300/0,v1:172.21.15.64:6789/0] -- mon_subscribe({config=0+,monmap=0+}) v3 -- 0x7f5e08009550 con 0x7f5e181056b0
