2024-05-08T21:59:44.824 INFO:teuthology.orchestra.run.smithi131.stdout:/usr/bin/ceph: stderr
2024-05-08T21:59:43.870+0000 7f6e55600700 1 -- 172.21.15.131:0/1402918407 <== mon.0 v2:172.21.15.131:3300/0 2 ==== config(26 keys) v1 ==== 1105+0+0 (secure 0 0 0) 0x7f6e480042c0 con 0x7f6e58106780
2024-05-08T21:59:44.824 INFO:teuthology.orchestra.run.smithi131.stdout:/usr/bin/ceph: stderr
2024-05-08T21:59:43.870+0000 7f6e55600700 1 -- 172.21.15.131:0/1402918407 <== mon.0 v2:172.21.15.131:3300/0 3 ==== mon_map magic: 0 v1 ==== 205+0+0 (secure 0 0 0) 0x7f6e480119b0 con 0x7f6e58106780
2024-05-08T21:59:44.824 INFO:teuthology.orchestra.run.smithi131.stdout:/usr/bin/ceph: stderr
2024-05-08T21:59:43.871+0000 7f6e5da00700 1 -- 172.21.15.131:0/1402918407 >> [v2:172.21.15.131:3300/0,v1:172.21.15.131:6789/0] conn(0x7f6e58106780 msgr2=0x7f6e58106ba0 secure :-1 s=STATE_CONNECTION_ESTABLISHED l=1).mark_down
2024-05-08T21:59:44.824 INFO:teuthology.orchestra.run.smithi131.stdout:/usr/bin/ceph: stderr
2024-05-08T21:59:43.871+0000 7f6e5da00700 1 --2- 172.21.15.131:0/1402918407 >> [v2:172.21.15.131:3300/0,v1:172.21.15.131:6789/0] conn(0x7f6e58106780 0x7f6e58106ba0 secure :-1 s=READY pgs=70 cs=0 l=1 rev1=1 crypto rx=0x7f6e480098a0 tx=0x7f6e48009bb0 comp rx=0 tx=0).stop
2024-05-08T21:59:44.824 INFO:teuthology.orchestra.run.smithi131.stdout:/usr/bin/ceph: stderr
2024-05-08T21:59:43.871+0000 7f6e5da00700 1 -- 172.21.15.131:0/1402918407 shutdown_connections
2024-05-08T21:59:44.824 INFO:teuthology.orchestra.run.smithi131.stdout:/usr/bin/ceph: stderr
2024-05-08T21:59:43.871+0000 7f6e5da00700 1 --2- 172.21.15.131:0/1402918407 >> [v2:172.21.15.131:3300/0,v1:172.21.15.131:6789/0] conn(0x7f6e58106780 0x7f6e58106ba0 unknown :-1 s=CLOSED pgs=70 cs=0 l=1 rev1=1 crypto rx=0 tx=0 comp rx=0 tx=0).stop
2024-05-08T21:59:44.824 INFO:teuthology.orchestra.run.smithi131.stdout:/usr/bin/ceph: stderr
2024-05-08T21:59:43.871+0000 7f6e5da00700 1 -- 172.21.15.131:0/1402918407 >> 172.21.15.131:0/1402918407 conn(0x7f6e58101d20 msgr2=0x7f6e58104160 unknown :-1 s=STATE_NONE l=0).mark_down
2024-05-08T21:59:44.824 INFO:teuthology.orchestra.run.smithi131.stdout:/usr/bin/ceph: stderr
2024-05-08T21:59:43.871+0000 7f6e5da00700 1 -- 172.21.15.131:0/1402918407 shutdown_connections
2024-05-08T21:59:44.824 INFO:teuthology.orchestra.run.smithi131.stdout:/usr/bin/ceph: stderr
2024-05-08T21:59:43.871+0000 7f6e5da00700 1 -- 172.21.15.131:0/1402918407 wait complete.
2024-05-08T21:59:44.824 INFO:teuthology.orchestra.run.smithi131.stdout:/usr/bin/ceph: stderr
2024-05-08T21:59:43.872+0000 7f6e5da00700 1 Processor -- start
2024-05-08T21:59:44.825 INFO:teuthology.orchestra.run.smithi131.stdout:/usr/bin/ceph: stderr
2024-05-08T21:59:43.873+0000 7f6e5da00700 1 -- start start
2024-05-08T21:59:44.825 INFO:teuthology.orchestra.run.smithi131.stdout:/usr/bin/ceph: stderr
2024-05-08T21:59:43.873+0000 7f6e5da00700 1 --2- >> [v2:172.21.15.131:3300/0,v1:172.21.15.131:6789/0] conn(0x7f6e58106780 0x7f6e5819c680 unknown :-1 s=NONE pgs=0 cs=0 l=1 rev1=0 crypto rx=0 tx=0 comp rx=0 tx=0).connect
2024-05-08T21:59:44.825 INFO:teuthology.orchestra.run.smithi131.stdout:/usr/bin/ceph: stderr
2024-05-08T21:59:43.873+0000 7f6e5da00700 1 -- --> [v2:172.21.15.131:3300/0,v1:172.21.15.131:6789/0] -- mon_getmap magic: 0 v1 -- 0x7f6e5819cbc0 con 0x7f6e58106780
2024-05-08T21:59:44.825 INFO:teuthology.orchestra.run.smithi131.stdout:/usr/bin/ceph: stderr
2024-05-08T21:59:43.873+0000 7f6e56a00700 1 --2- >> [v2:172.21.15.131:3300/0,v1:172.21.15.131:6789/0] conn(0x7f6e58106780 0x7f6e5819c680 unknown :-1 s=BANNER_CONNECTING pgs=0 cs=0 l=1 rev1=0 crypto rx=0 tx=0 comp rx=0 tx=0)._handle_peer_banner_payload supported=3 required=0
2024-05-08T21:59:44.825 INFO:teuthology.orchestra.run.smithi131.stdout:/usr/bin/ceph: stderr
2024-05-08T21:59:43.873+0000 7f6e56a00700 1 --2- >> [v2:172.21.15.131:3300/0,v1:172.21.15.131:6789/0] conn(0x7f6e58106780 0x7f6e5819c680 unknown :-1 s=HELLO_CONNECTING pgs=0 cs=0 l=1 rev1=1 crypto rx=0 tx=0 comp rx=0 tx=0).handle_hello peer v2:172.21.15.131:3300/0 says I am v2:172.21.15.131:47114/0 (socket says 172.21.15.131:47114)
2024-05-08T21:59:44.825 INFO:teuthology.orchestra.run.smithi131.stdout:/usr/bin/ceph: stderr
2024-05-08T21:59:43.873+0000 7f6e56a00700 1 -- 172.21.15.131:0/2032672239 learned_addr learned my addr 172.21.15.131:0/2032672239 (peer_addr_for_me v2:172.21.15.131:0/0)
2024-05-08T21:59:44.825 INFO:teuthology.orchestra.run.smithi131.stdout:/usr/bin/ceph: stderr
2024-05-08T21:59:43.874+0000 7f6e56a00700 1 -- 172.21.15.131:0/2032672239 --> [v2:172.21.15.131:3300/0,v1:172.21.15.131:6789/0] -- mon_subscribe({config=0+,monmap=0+}) v3 -- 0x7f6e48009550 con 0x7f6e58106780
2024-05-08T21:59:44.825 INFO:teuthology.orchestra.run.smithi131.stdout:/usr/bin/ceph: stderr
2024-05-08T21:59:43.874+0000 7f6e56a00700 1 --2- 172.21.15.131:0/2032672239 >> [v2:172.21.15.131:3300/0,v1:172.21.15.131:6789/0] conn(0x7f6e58106780 0x7f6e5819c680 secure :-1 s=READY pgs=71 cs=0 l=1 rev1=1 crypto rx=0x7f6e48003e60 tx=0x7f6e48011a30 comp rx=0 tx=0).ready entity=mon.0 client_cookie=0 server_cookie=0 in_seq=0 out_seq=0
2024-05-08T21:59:44.825 INFO:teuthology.orchestra.run.smithi131.stdout:/usr/bin/ceph: stderr
2024-05-08T21:59:43.874+0000 7f6e4f400700 1 -- 172.21.15.131:0/2032672239 <== mon.0 v2:172.21.15.131:3300/0 1 ==== mon_map magic: 0 v1 ==== 205+0+0 (secure 0 0 0) 0x7f6e48003a60 con 0x7f6e58106780
2024-05-08T21:59:44.825 INFO:teuthology.orchestra.run.smithi131.stdout:/usr/bin/ceph: stderr
2024-05-08T21:59:43.874+0000 7f6e4f400700 1 -- 172.21.15.131:0/2032672239 <== mon.0 v2:172.21.15.131:3300/0 2 ==== config(26 keys) v1 ==== 1105+0+0 (secure 0 0 0) 0x7f6e48003bc0 con 0x7f6e58106780
2024-05-08T21:59:44.825 INFO:teuthology.orchestra.run.smithi131.stdout:/usr/bin/ceph: stderr
2024-05-08T21:59:43.874+0000 7f6e4f400700 1 -- 172.21.15.131:0/2032672239 <== mon.0 v2:172.21.15.131:3300/0 3 ==== mon_map magic: 0 v1 ==== 205+0+0 (secure 0 0 0) 0x7f6e480196c0 con 0x7f6e58106780
2024-05-08T21:59:44.825 INFO:teuthology.orchestra.run.smithi131.stdout:/usr/bin/ceph: stderr
2024-05-08T21:59:43.874+0000 7f6e5da00700 1 -- 172.21.15.131:0/2032672239 --> [v2:172.21.15.131:3300/0,v1:172.21.15.131:6789/0] -- mon_subscribe({mgrmap=0+}) v3 -- 0x7f6e5819cdc0 con 0x7f6e58106780
2024-05-08T21:59:44.825 INFO:teuthology.orchestra.run.smithi131.stdout:/usr/bin/ceph: stderr
2024-05-08T21:59:43.875+0000 7f6e5da00700 1 -- 172.21.15.131:0/2032672239 --> [v2:172.21.15.131:3300/0,v1:172.21.15.131:6789/0] -- mon_subscribe({osdmap=0}) v3 -- 0x7f6e5819d260 con 0x7f6e58106780
2024-05-08T21:59:44.826 INFO:teuthology.orchestra.run.smithi131.stdout:/usr/bin/ceph: stderr
2024-05-08T21:59:43.876+0000 7f6e4f400700 1 -- 172.21.15.131:0/2032672239 <== mon.0 v2:172.21.15.131:3300/0 4 ==== mgrmap(e 12) v1 ==== 45554+0+0 (secure 0 0 0) 0x7f6e48019880 con 0x7f6e58106780
2024-05-08T21:59:44.826 INFO:teuthology.orchestra.run.smithi131.stdout:/usr/bin/ceph: stderr
2024-05-08T21:59:43.876+0000 7f6e4f400700 1 --2- 172.21.15.131:0/2032672239 >> [v2:172.21.15.131:6800/2485665042,v1:172.21.15.131:6801/2485665042] conn(0x7f6e3c0387e0 0x7f6e3c03aca0 unknown :-1 s=NONE pgs=0 cs=0 l=1 rev1=0 crypto rx=0 tx=0 comp rx=0 tx=0).connect
2024-05-08T21:59:44.826 INFO:teuthology.orchestra.run.smithi131.stdout:/usr/bin/ceph: stderr
2024-05-08T21:59:43.876+0000 7f6e4f400700 1 -- 172.21.15.131:0/2032672239 <== mon.0 v2:172.21.15.131:3300/0 5 ==== osd_map(3..3 src has 1..3) v4 ==== 1155+0+0 (secure 0 0 0) 0x7f6e48051660 con 0x7f6e58106780
2024-05-08T21:59:44.826 INFO:teuthology.orchestra.run.smithi131.stdout:/usr/bin/ceph: stderr
2024-05-08T21:59:43.876+0000 7f6e5da00700 1 -- 172.21.15.131:0/2032672239 --> [v2:172.21.15.131:3300/0,v1:172.21.15.131:6789/0] -- mon_command({"prefix": "get_command_descriptions"} v 0) v1 -- 0x7f6e5810ab60 con 0x7f6e58106780
2024-05-08T21:59:44.826 INFO:teuthology.orchestra.run.smithi131.stdout:/usr/bin/ceph: stderr
2024-05-08T21:59:43.876+0000 7f6e56000700 1 --2- 172.21.15.131:0/2032672239 >> [v2:172.21.15.131:6800/2485665042,v1:172.21.15.131:6801/2485665042] conn(0x7f6e3c0387e0 0x7f6e3c03aca0 unknown :-1 s=BANNER_CONNECTING pgs=0 cs=0 l=1 rev1=0 crypto rx=0 tx=0 comp rx=0 tx=0)._handle_peer_banner_payload supported=3 required=0
2024-05-08T21:59:44.826 INFO:teuthology.orchestra.run.smithi131.stdout:/usr/bin/ceph: stderr
2024-05-08T21:59:43.877+0000 7f6e56000700 1 --2- 172.21.15.131:0/2032672239 >> [v2:172.21.15.131:6800/2485665042,v1:172.21.15.131:6801/2485665042] conn(0x7f6e3c0387e0 0x7f6e3c03aca0 secure :-1 s=READY pgs=8 cs=0 l=1 rev1=1 crypto rx=0x7f6e44006fd0 tx=0x7f6e44006e40 comp rx=0 tx=0).ready entity=mgr.14150 client_cookie=0 server_cookie=0 in_seq=0 out_seq=0
2024-05-08T21:59:44.826 INFO:teuthology.orchestra.run.smithi131.stdout:/usr/bin/ceph: stderr
2024-05-08T21:59:43.881+0000 7f6e4f400700 1 -- 172.21.15.131:0/2032672239 <== mon.0 v2:172.21.15.131:3300/0 6 ==== mon_command_ack([{"prefix": "get_command_descriptions"}]=0 v0) v1 ==== 72+0+183622 (secure 0 0 0) 0x7f6e48052060 con 0x7f6e58106780
2024-05-08T21:59:44.826 INFO:teuthology.orchestra.run.smithi131.stdout:/usr/bin/ceph: stderr
2024-05-08T21:59:44.118+0000 7f6e5da00700 1 -- 172.21.15.131:0/2032672239 --> [v2:172.21.15.131:6800/2485665042,v1:172.21.15.131:6801/2485665042] -- mgr_command(tid 0: {"prefix": "dashboard ac-user-create", "username": "admin", "rolename": "administrator", "force_password": true, "pwd_update_required": true, "target": ["mon-mgr", ""]}) v1 -- 0x7f6e580623f0 con 0x7f6e3c0387e0
2024-05-08T21:59:44.826 INFO:teuthology.orchestra.run.smithi131.stdout:/usr/bin/ceph: stderr
2024-05-08T21:59:44.345+0000 7f6e4f400700 1 -- 172.21.15.131:0/2032672239 <== mgr.14150 v2:172.21.15.131:6800/2485665042 1 ==== mgr_command_reply(tid 0: 0 ) v1 ==== 8+0+252 (secure 0 0 0) 0x7f6e580623f0 con 0x7f6e3c0387e0
2024-05-08T21:59:44.826 INFO:teuthology.orchestra.run.smithi131.stdout:/usr/bin/ceph: stderr
2024-05-08T21:59:44.348+0000 7f6e5da00700 1 -- 172.21.15.131:0/2032672239 >> [v2:172.21.15.131:6800/2485665042,v1:172.21.15.131:6801/2485665042] conn(0x7f6e3c0387e0 msgr2=0x7f6e3c03aca0 secure :-1 s=STATE_CONNECTION_ESTABLISHED l=1).mark_down
2024-05-08T21:59:44.826 INFO:teuthology.orchestra.run.smithi131.stdout:/usr/bin/ceph: stderr
2024-05-08T21:59:44.348+0000 7f6e5da00700 1 --2- 172.21.15.131:0/2032672239 >> [v2:172.21.15.131:6800/2485665042,v1:172.21.15.131:6801/2485665042] conn(0x7f6e3c0387e0 0x7f6e3c03aca0 secure :-1 s=READY pgs=8 cs=0 l=1 rev1=1 crypto rx=0x7f6e44006fd0 tx=0x7f6e44006e40 comp rx=0 tx=0).stop
2024-05-08T21:59:44.826 INFO:teuthology.orchestra.run.smithi131.stdout:/usr/bin/ceph: stderr
2024-05-08T21:59:44.348+0000 7f6e5da00700 1 -- 172.21.15.131:0/2032672239 >> [v2:172.21.15.131:3300/0,v1:172.21.15.131:6789/0] conn(0x7f6e58106780 msgr2=0x7f6e5819c680 secure :-1 s=STATE_CONNECTION_ESTABLISHED l=1).mark_down
2024-05-08T21:59:44.826 INFO:teuthology.orchestra.run.smithi131.stdout:/usr/bin/ceph: stderr
2024-05-08T21:59:44.348+0000 7f6e5da00700 1 --2- 172.21.15.131:0/2032672239 >> [v2:172.21.15.131:3300/0,v1:172.21.15.131:6789/0] conn(0x7f6e58106780 0x7f6e5819c680 secure :-1 s=READY pgs=71 cs=0 l=1 rev1=1 crypto rx=0x7f6e48003e60 tx=0x7f6e48011a30 comp rx=0 tx=0).stop
2024-05-08T21:59:44.827 INFO:teuthology.orchestra.run.smithi131.stdout:/usr/bin/ceph: stderr
2024-05-08T21:59:44.348+0000 7f6e5da00700 1 -- 172.21.15.131:0/2032672239 shutdown_connections
2024-05-08T21:59:44.827 INFO:teuthology.orchestra.run.smithi131.stdout:/usr/bin/ceph: stderr
2024-05-08T21:59:44.348+0000 7f6e5da00700 1 --2- 172.21.15.131:0/2032672239 >> [v2:172.21.15.131:6800/2485665042,v1:172.21.15.131:6801/2485665042] conn(0x7f6e3c0387e0 0x7f6e3c03aca0 unknown :-1 s=CLOSED pgs=8 cs=0 l=1 rev1=1 crypto rx=0 tx=0 comp rx=0 tx=0).stop
2024-05-08T21:59:44.827 INFO:teuthology.orchestra.run.smithi131.stdout:/usr/bin/ceph: stderr
2024-05-08T21:59:44.348+0000 7f6e5da00700 1 --2- 172.21.15.131:0/2032672239 >> [v2:172.21.15.131:3300/0,v1:172.21.15.131:6789/0] conn(0x7f6e58106780 0x7f6e5819c680 unknown :-1 s=CLOSED pgs=71 cs=0 l=1 rev1=1 crypto rx=0 tx=0 comp rx=0 tx=0).stop
2024-05-08T21:59:44.827 INFO:teuthology.orchestra.run.smithi131.stdout:/usr/bin/ceph: stderr
2024-05-08T21:59:44.348+0000 7f6e5da00700 1 -- 172.21.15.131:0/2032672239 >> 172.21.15.131:0/2032672239 conn(0x7f6e58101d20 msgr2=0x7f6e581027e0 unknown :-1 s=STATE_NONE l=0).mark_down
2024-05-08T21:59:44.827 INFO:teuthology.orchestra.run.smithi131.stdout:/usr/bin/ceph: stderr
2024-05-08T21:59:44.348+0000 7f6e5da00700 1 -- 172.21.15.131:0/2032672239 shutdown_connections
2024-05-08T21:59:44.827 INFO:teuthology.orchestra.run.smithi131.stdout:/usr/bin/ceph: stderr
2024-05-08T21:59:44.348+0000 7f6e5da00700 1 -- 172.21.15.131:0/2032672239 wait complete.
2024-05-08T21:59:44.827 INFO:teuthology.orchestra.run.smithi131.stdout:Fetching dashboard port number...
2024-05-08T21:59:45.640 INFO:journalctl@ceph.mon.a.smithi131.stdout:May 08 21:59:45 smithi131 ceph-mon[37260]: from='client.14164 -' entity='client.admin' cmd=[{"prefix": "dashboard ac-user-create", "username": "admin", "rolename": "administrator", "force_password": true, "pwd_update_required": true, "target": ["mon-mgr", ""]}]: dispatch
2024-05-08T21:59:45.641 INFO:journalctl@ceph.mon.a.smithi131.stdout:May 08 21:59:45 smithi131 ceph-mon[37260]: from='mgr.14150 172.21.15.131:0/2241377251' entity='mgr.x'
2024-05-08T21:59:45.830 INFO:teuthology.orchestra.run.smithi131.stdout:/usr/bin/ceph: stdout 8443
2024-05-08T21:59:45.830 INFO:teuthology.orchestra.run.smithi131.stdout:/usr/bin/ceph: stderr
2024-05-08T21:59:45.253+0000 7fac29400700 1 Processor -- start
2024-05-08T21:59:45.830 INFO:teuthology.orchestra.run.smithi131.stdout:/usr/bin/ceph: stderr
2024-05-08T21:59:45.253+0000 7fac29400700 1 -- start start
2024-05-08T21:59:45.831 INFO:teuthology.orchestra.run.smithi131.stdout:/usr/bin/ceph: stderr
2024-05-08T21:59:45.254+0000 7fac29400700 1 --2- >> [v2:172.21.15.131:3300/0,v1:172.21.15.131:6789/0] conn(0x7fac24106790 0x7fac24106bb0 unknown :-1 s=NONE pgs=0 cs=0 l=0 rev1=0 crypto rx=0 tx=0 comp rx=0 tx=0).connect
2024-05-08T21:59:45.831 INFO:teuthology.orchestra.run.smithi131.stdout:/usr/bin/ceph: stderr
2024-05-08T21:59:45.254+0000 7fac29400700 1 -- --> [v2:172.21.15.131:3300/0,v1:172.21.15.131:6789/0] -- mon_getmap magic: 0 v1 -- 0x7fac24107180 con 0x7fac24106790
2024-05-08T21:59:45.831 INFO:teuthology.orchestra.run.smithi131.stdout:/usr/bin/ceph: stderr
2024-05-08T21:59:45.254+0000 7fac22800700 1 --2- >> [v2:172.21.15.131:3300/0,v1:172.21.15.131:6789/0] conn(0x7fac24106790 0x7fac24106bb0 unknown :-1 s=BANNER_CONNECTING pgs=0 cs=0 l=0 rev1=0 crypto rx=0 tx=0 comp rx=0 tx=0)._handle_peer_banner_payload supported=3 required=0
2024-05-08T21:59:45.831 INFO:teuthology.orchestra.run.smithi131.stdout:/usr/bin/ceph: stderr
2024-05-08T21:59:45.254+0000 7fac22800700 1 --2- >> [v2:172.21.15.131:3300/0,v1:172.21.15.131:6789/0] conn(0x7fac24106790 0x7fac24106bb0 unknown :-1 s=HELLO_CONNECTING pgs=0 cs=0 l=0 rev1=1 crypto rx=0 tx=0 comp rx=0 tx=0).handle_hello peer v2:172.21.15.131:3300/0 says I am v2:172.21.15.131:47118/0 (socket says 172.21.15.131:47118)
2024-05-08T21:59:45.831 INFO:teuthology.orchestra.run.smithi131.stdout:/usr/bin/ceph: stderr
2024-05-08T21:59:45.254+0000 7fac22800700 1 -- 172.21.15.131:0/2023678143 learned_addr learned my addr 172.21.15.131:0/2023678143 (peer_addr_for_me v2:172.21.15.131:0/0)
2024-05-08T21:59:45.831 INFO:teuthology.orchestra.run.smithi131.stdout:/usr/bin/ceph: stderr
2024-05-08T21:59:45.254+0000 7fac22800700 1 -- 172.21.15.131:0/2023678143 --> [v2:172.21.15.131:3300/0,v1:172.21.15.131:6789/0] -- mon_subscribe({config=0+,monmap=0+}) v3 -- 0x7fac24107940 con 0x7fac24106790
2024-05-08T21:59:45.831 INFO:teuthology.orchestra.run.smithi131.stdout:/usr/bin/ceph: stderr
2024-05-08T21:59:45.255+0000 7fac22800700 1 --2- 172.21.15.131:0/2023678143 >> [v2:172.21.15.131:3300/0,v1:172.21.15.131:6789/0] conn(0x7fac24106790 0x7fac24106bb0 secure :-1 s=READY pgs=72 cs=0 l=1 rev1=1 crypto rx=0x7fac140098a0 tx=0x7fac14009bb0 comp rx=0 tx=0).ready entity=mon.0 client_cookie=d1684c3de72d2b36 server_cookie=0 in_seq=0 out_seq=0
2024-05-08T21:59:45.831 INFO:teuthology.orchestra.run.smithi131.stdout:/usr/bin/ceph: stderr
2024-05-08T21:59:45.255+0000 7fac21e00700 1 -- 172.21.15.131:0/2023678143 <== mon.0 v2:172.21.15.131:3300/0 1 ==== mon_map magic: 0 v1 ==== 205+0+0 (secure 0 0 0) 0x7fac14004160 con 0x7fac24106790
2024-05-08T21:59:45.831 INFO:teuthology.orchestra.run.smithi131.stdout:/usr/bin/ceph: stderr
2024-05-08T21:59:45.255+0000 7fac21e00700 1 -- 172.21.15.131:0/2023678143 <== mon.0 v2:172.21.15.131:3300/0 2 ==== config(26 keys) v1 ==== 1105+0+0 (secure 0 0 0) 0x7fac140042c0 con 0x7fac24106790
2024-05-08T21:59:45.832 INFO:teuthology.orchestra.run.smithi131.stdout:/usr/bin/ceph: stderr
2024-05-08T21:59:45.255+0000 7fac21e00700 1 -- 172.21.15.131:0/2023678143 <== mon.0 v2:172.21.15.131:3300/0 3 ==== mon_map magic: 0 v1 ==== 205+0+0 (secure 0 0 0) 0x7fac140119b0 con 0x7fac24106790
2024-05-08T21:59:45.832 INFO:teuthology.orchestra.run.smithi131.stdout:/usr/bin/ceph: stderr
2024-05-08T21:59:45.255+0000 7fac29400700 1 -- 172.21.15.131:0/2023678143 >> [v2:172.21.15.131:3300/0,v1:172.21.15.131:6789/0] conn(0x7fac24106790 msgr2=0x7fac24106bb0 secure :-1 s=STATE_CONNECTION_ESTABLISHED l=1).mark_down
2024-05-08T21:59:45.832 INFO:teuthology.orchestra.run.smithi131.stdout:/usr/bin/ceph: stderr
2024-05-08T21:59:45.255+0000 7fac29400700 1 --2- 172.21.15.131:0/2023678143 >> [v2:172.21.15.131:3300/0,v1:172.21.15.131:6789/0] conn(0x7fac24106790 0x7fac24106bb0 secure :-1 s=READY pgs=72 cs=0 l=1 rev1=1 crypto rx=0x7fac140098a0 tx=0x7fac14009bb0 comp rx=0 tx=0).stop
2024-05-08T21:59:45.832 INFO:teuthology.orchestra.run.smithi131.stdout:/usr/bin/ceph: stderr
2024-05-08T21:59:45.255+0000 7fac29400700 1 -- 172.21.15.131:0/2023678143 shutdown_connections
2024-05-08T21:59:45.832 INFO:teuthology.orchestra.run.smithi131.stdout:/usr/bin/ceph: stderr
2024-05-08T21:59:45.255+0000 7fac29400700 1 --2- 172.21.15.131:0/2023678143 >> [v2:172.21.15.131:3300/0,v1:172.21.15.131:6789/0] conn(0x7fac24106790 0x7fac24106bb0 unknown :-1 s=CLOSED pgs=72 cs=0 l=1 rev1=1 crypto rx=0 tx=0 comp rx=0 tx=0).stop
2024-05-08T21:59:45.832 INFO:teuthology.orchestra.run.smithi131.stdout:/usr/bin/ceph: stderr
2024-05-08T21:59:45.256+0000 7fac29400700 1 -- 172.21.15.131:0/2023678143 >> 172.21.15.131:0/2023678143 conn(0x7fac24101d50 msgr2=0x7fac24104170 unknown :-1 s=STATE_NONE l=0).mark_down
2024-05-08T21:59:45.832 INFO:teuthology.orchestra.run.smithi131.stdout:/usr/bin/ceph: stderr
2024-05-08T21:59:45.256+0000 7fac29400700 1 -- 172.21.15.131:0/2023678143 shutdown_connections
2024-05-08T21:59:45.832 INFO:teuthology.orchestra.run.smithi131.stdout:/usr/bin/ceph: stderr
2024-05-08T21:59:45.256+0000 7fac29400700 1 -- 172.21.15.131:0/2023678143 wait complete.
2024-05-08T21:59:45.832 INFO:teuthology.orchestra.run.smithi131.stdout:/usr/bin/ceph: stderr
2024-05-08T21:59:45.256+0000 7fac29400700 1 Processor -- start
2024-05-08T21:59:45.832 INFO:teuthology.orchestra.run.smithi131.stdout:/usr/bin/ceph: stderr
2024-05-08T21:59:45.257+0000 7fac29400700 1 -- start start
2024-05-08T21:59:45.832 INFO:teuthology.orchestra.run.smithi131.stdout:/usr/bin/ceph: stderr
2024-05-08T21:59:45.257+0000 7fac29400700 1 --2- >> [v2:172.21.15.131:3300/0,v1:172.21.15.131:6789/0] conn(0x7fac24106790 0x7fac2419a540 unknown :-1 s=NONE pgs=0 cs=0 l=1 rev1=0 crypto rx=0 tx=0 comp rx=0 tx=0).connect
2024-05-08T21:59:45.832 INFO:teuthology.orchestra.run.smithi131.stdout:/usr/bin/ceph: stderr
2024-05-08T21:59:45.257+0000 7fac29400700 1 -- --> [v2:172.21.15.131:3300/0,v1:172.21.15.131:6789/0] -- mon_getmap magic: 0 v1 -- 0x7fac2419aa80 con 0x7fac24106790
2024-05-08T21:59:45.832 INFO:teuthology.orchestra.run.smithi131.stdout:/usr/bin/ceph: stderr
2024-05-08T21:59:45.257+0000 7fac22800700 1 --2- >> [v2:172.21.15.131:3300/0,v1:172.21.15.131:6789/0] conn(0x7fac24106790 0x7fac2419a540 unknown :-1 s=BANNER_CONNECTING pgs=0 cs=0 l=1 rev1=0 crypto rx=0 tx=0 comp rx=0 tx=0)._handle_peer_banner_payload supported=3 required=0
2024-05-08T21:59:45.832 INFO:teuthology.orchestra.run.smithi131.stdout:/usr/bin/ceph: stderr
2024-05-08T21:59:45.257+0000 7fac22800700 1 --2- >> [v2:172.21.15.131:3300/0,v1:172.21.15.131:6789/0] conn(0x7fac24106790 0x7fac2419a540 unknown :-1 s=HELLO_CONNECTING pgs=0 cs=0 l=1 rev1=1 crypto rx=0 tx=0 comp rx=0 tx=0).handle_hello peer v2:172.21.15.131:3300/0 says I am v2:172.21.15.131:47126/0 (socket says 172.21.15.131:47126)
2024-05-08T21:59:45.832 INFO:teuthology.orchestra.run.smithi131.stdout:/usr/bin/ceph: stderr
2024-05-08T21:59:45.257+0000 7fac22800700 1 -- 172.21.15.131:0/2274608285 learned_addr learned my addr 172.21.15.131:0/2274608285 (peer_addr_for_me v2:172.21.15.131:0/0)
2024-05-08T21:59:45.833 INFO:teuthology.orchestra.run.smithi131.stdout:/usr/bin/ceph: stderr
2024-05-08T21:59:45.258+0000 7fac22800700 1 -- 172.21.15.131:0/2274608285 --> [v2:172.21.15.131:3300/0,v1:172.21.15.131:6789/0] -- mon_subscribe({config=0+,monmap=0+}) v3 -- 0x7fac14009550 con 0x7fac24106790
2024-05-08T21:59:45.833 INFO:teuthology.orchestra.run.smithi131.stdout:/usr/bin/ceph: stderr
2024-05-08T21:59:45.258+0000 7fac22800700 1 --2- 172.21.15.131:0/2274608285 >> [v2:172.21.15.131:3300/0,v1:172.21.15.131:6789/0] conn(0x7fac24106790 0x7fac2419a540 secure :-1 s=READY pgs=73 cs=0 l=1 rev1=1 crypto rx=0x7fac14011670 tx=0x7fac14011a30 comp rx=0 tx=0).ready entity=mon.0 client_cookie=0 server_cookie=0 in_seq=0 out_seq=0
2024-05-08T21:59:45.833 INFO:teuthology.orchestra.run.smithi131.stdout:/usr/bin/ceph: stderr
2024-05-08T21:59:45.258+0000 7fac1b400700 1 -- 172.21.15.131:0/2274608285 <== mon.0 v2:172.21.15.131:3300/0 1 ==== mon_map magic: 0 v1 ==== 205+0+0 (secure 0 0 0) 0x7fac14003af0 con 0x7fac24106790
2024-05-08T21:59:45.833 INFO:teuthology.orchestra.run.smithi131.stdout:/usr/bin/ceph: stderr
2024-05-08T21:59:45.258+0000 7fac1b400700 1 -- 172.21.15.131:0/2274608285 <== mon.0 v2:172.21.15.131:3300/0 2 ==== config(26 keys) v1 ==== 1105+0+0 (secure 0 0 0) 0x7fac14003c50 con 0x7fac24106790
2024-05-08T21:59:45.833 INFO:teuthology.orchestra.run.smithi131.stdout:/usr/bin/ceph: stderr
2024-05-08T21:59:45.258+0000 7fac29400700 1 -- 172.21.15.131:0/2274608285 --> [v2:172.21.15.131:3300/0,v1:172.21.15.131:6789/0] -- mon_subscribe({mgrmap=0+}) v3 -- 0x7fac2419ac80 con 0x7fac24106790
2024-05-08T21:59:45.833 INFO:teuthology.orchestra.run.smithi131.stdout:/usr/bin/ceph: stderr
2024-05-08T21:59:45.258+0000 7fac1b400700 1 -- 172.21.15.131:0/2274608285 <== mon.0 v2:172.21.15.131:3300/0 3 ==== mon_map magic: 0 v1 ==== 205+0+0 (secure 0 0 0) 0x7fac14024820 con 0x7fac24106790
2024-05-08T21:59:45.833 INFO:teuthology.orchestra.run.smithi131.stdout:/usr/bin/ceph: stderr
2024-05-08T21:59:45.258+0000 7fac29400700 1 -- 172.21.15.131:0/2274608285 --> [v2:172.21.15.131:3300/0,v1:172.21.15.131:6789/0] -- mon_subscribe({osdmap=0}) v3 -- 0x7fac2419b120 con 0x7fac24106790
2024-05-08T21:59:45.833 INFO:teuthology.orchestra.run.smithi131.stdout:/usr/bin/ceph: stderr
2024-05-08T21:59:45.259+0000 7fac29400700 1 -- 172.21.15.131:0/2274608285 --> [v2:172.21.15.131:3300/0,v1:172.21.15.131:6789/0] -- mon_command({"prefix": "get_command_descriptions"} v 0) v1 -- 0x7fac2410ab70 con 0x7fac24106790
2024-05-08T21:59:45.833 INFO:teuthology.orchestra.run.smithi131.stdout:/usr/bin/ceph: stderr
2024-05-08T21:59:45.259+0000 7fac1b400700 1 -- 172.21.15.131:0/2274608285 <== mon.0 v2:172.21.15.131:3300/0 4 ==== mgrmap(e 12) v1 ==== 45554+0+0 (secure 0 0 0) 0x7fac1401ab60 con 0x7fac24106790
2024-05-08T21:59:45.833 INFO:teuthology.orchestra.run.smithi131.stdout:/usr/bin/ceph: stderr
2024-05-08T21:59:45.260+0000 7fac1b400700 1 --2- 172.21.15.131:0/2274608285 >> [v2:172.21.15.131:6800/2485665042,v1:172.21.15.131:6801/2485665042] conn(0x7fac080387a0 0x7fac0803ac60 unknown :-1 s=NONE pgs=0 cs=0 l=1 rev1=0 crypto rx=0 tx=0 comp rx=0 tx=0).connect
2024-05-08T21:59:45.833 INFO:teuthology.orchestra.run.smithi131.stdout:/usr/bin/ceph: stderr
2024-05-08T21:59:45.260+0000 7fac1b400700 1 -- 172.21.15.131:0/2274608285 <== mon.0 v2:172.21.15.131:3300/0 5 ==== osd_map(3..3 src has 1..3) v4 ==== 1155+0+0 (secure 0 0 0) 0x7fac1404c820 con 0x7fac24106790
2024-05-08T21:59:45.833 INFO:teuthology.orchestra.run.smithi131.stdout:/usr/bin/ceph: stderr
2024-05-08T21:59:45.260+0000 7fac1be00700 1 --2- 172.21.15.131:0/2274608285 >> [v2:172.21.15.131:6800/2485665042,v1:172.21.15.131:6801/2485665042] conn(0x7fac080387a0 0x7fac0803ac60 unknown :-1 s=BANNER_CONNECTING pgs=0 cs=0 l=1 rev1=0 crypto rx=0 tx=0 comp rx=0 tx=0)._handle_peer_banner_payload supported=3 required=0
2024-05-08T21:59:45.833 INFO:teuthology.orchestra.run.smithi131.stdout:/usr/bin/ceph: stderr
2024-05-08T21:59:45.260+0000 7fac1be00700 1 --2- 172.21.15.131:0/2274608285 >> [v2:172.21.15.131:6800/2485665042,v1:172.21.15.131:6801/2485665042] conn(0x7fac080387a0 0x7fac0803ac60 secure :-1 s=READY pgs=9 cs=0 l=1 rev1=1 crypto rx=0x7fac0c006fd0 tx=0x7fac0c006e40 comp rx=0 tx=0).ready entity=mgr.14150 client_cookie=0 server_cookie=0 in_seq=0 out_seq=0
2024-05-08T21:59:45.833 INFO:teuthology.orchestra.run.smithi131.stdout:/usr/bin/ceph: stderr
2024-05-08T21:59:45.265+0000 7fac1b400700 1 -- 172.21.15.131:0/2274608285 <== mon.0 v2:172.21.15.131:3300/0 6 ==== mon_command_ack([{"prefix": "get_command_descriptions"}]=0 v0) v1 ==== 72+0+183622 (secure 0 0 0) 0x7fac14018760 con 0x7fac24106790
2024-05-08T21:59:45.834 INFO:teuthology.orchestra.run.smithi131.stdout:/usr/bin/ceph: stderr
2024-05-08T21:59:45.467+0000 7fac29400700 1 -- 172.21.15.131:0/2274608285 --> [v2:172.21.15.131:3300/0,v1:172.21.15.131:6789/0] -- mon_command({"prefix": "config get", "who": "mgr", "key": "mgr/dashboard/ssl_server_port"} v 0) v1 -- 0x7fac2419d9b0 con 0x7fac24106790
2024-05-08T21:59:45.834 INFO:teuthology.orchestra.run.smithi131.stdout:/usr/bin/ceph: stderr
2024-05-08T21:59:45.467+0000 7fac1b400700 1 -- 172.21.15.131:0/2274608285 <== mon.0 v2:172.21.15.131:3300/0 7 ==== mon_command_ack([{"prefix": "config get", "who": "mgr", "key": "mgr/dashboard/ssl_server_port"}]=0 v8) v1 ==== 112+0+5 (secure 0 0 0) 0x7fac1400b3e0 con 0x7fac24106790
2024-05-08T21:59:45.834 INFO:teuthology.orchestra.run.smithi131.stdout:/usr/bin/ceph: stderr
2024-05-08T21:59:45.469+0000 7fac29400700 1 -- 172.21.15.131:0/2274608285 >> [v2:172.21.15.131:6800/2485665042,v1:172.21.15.131:6801/2485665042] conn(0x7fac080387a0 msgr2=0x7fac0803ac60 secure :-1 s=STATE_CONNECTION_ESTABLISHED l=1).mark_down
2024-05-08T21:59:45.834 INFO:teuthology.orchestra.run.smithi131.stdout:/usr/bin/ceph: stderr
2024-05-08T21:59:45.469+0000 7fac29400700 1 --2- 172.21.15.131:0/2274608285 >> [v2:172.21.15.131:6800/2485665042,v1:172.21.15.131:6801/2485665042] conn(0x7fac080387a0 0x7fac0803ac60 secure :-1 s=READY pgs=9 cs=0 l=1 rev1=1 crypto rx=0x7fac0c006fd0 tx=0x7fac0c006e40 comp rx=0 tx=0).stop
2024-05-08T21:59:45.834 INFO:teuthology.orchestra.run.smithi131.stdout:/usr/bin/ceph: stderr
2024-05-08T21:59:45.469+0000 7fac29400700 1 -- 172.21.15.131:0/2274608285 >> [v2:172.21.15.131:3300/0,v1:172.21.15.131:6789/0] conn(0x7fac24106790 msgr2=0x7fac2419a540 secure :-1 s=STATE_CONNECTION_ESTABLISHED l=1).mark_down
2024-05-08T21:59:45.834 INFO:teuthology.orchestra.run.smithi131.stdout:/usr/bin/ceph: stderr
2024-05-08T21:59:45.469+0000 7fac29400700 1 --2- 172.21.15.131:0/2274608285 >> [v2:172.21.15.131:3300/0,v1:172.21.15.131:6789/0] conn(0x7fac24106790 0x7fac2419a540 secure :-1 s=READY pgs=73 cs=0 l=1 rev1=1 crypto rx=0x7fac14011670 tx=0x7fac14011a30 comp rx=0 tx=0).stop
2024-05-08T21:59:45.834 INFO:teuthology.orchestra.run.smithi131.stdout:/usr/bin/ceph: stderr
2024-05-08T21:59:45.470+0000 7fac29400700 1 -- 172.21.15.131:0/2274608285 shutdown_connections
2024-05-08T21:59:45.834 INFO:teuthology.orchestra.run.smithi131.stdout:/usr/bin/ceph: stderr
2024-05-08T21:59:45.470+0000 7fac29400700 1 --2- 172.21.15.131:0/2274608285 >> [v2:172.21.15.131:6800/2485665042,v1:172.21.15.131:6801/2485665042] conn(0x7fac080387a0 0x7fac0803ac60 unknown :-1 s=CLOSED pgs=9 cs=0 l=1 rev1=1 crypto rx=0 tx=0 comp rx=0 tx=0).stop
2024-05-08T21:59:45.834 INFO:teuthology.orchestra.run.smithi131.stdout:/usr/bin/ceph: stderr
2024-05-08T21:59:45.470+0000 7fac29400700 1 --2- 172.21.15.131:0/2274608285 >> [v2:172.21.15.131:3300/0,v1:172.21.15.131:6789/0] conn(0x7fac24106790 0x7fac2419a540 unknown :-1 s=CLOSED pgs=73 cs=0 l=1 rev1=1 crypto rx=0 tx=0 comp rx=0 tx=0).stop
2024-05-08T21:59:45.834 INFO:teuthology.orchestra.run.smithi131.stdout:/usr/bin/ceph: stderr
2024-05-08T21:59:45.470+0000 7fac29400700 1 -- 172.21.15.131:0/2274608285 >> 172.21.15.131:0/2274608285 conn(0x7fac24101d50 msgr2=0x7fac24102960 unknown :-1 s=STATE_NONE l=0).mark_down
2024-05-08T21:59:45.834 INFO:teuthology.orchestra.run.smithi131.stdout:/usr/bin/ceph: stderr
2024-05-08T21:59:45.470+0000 7fac29400700 1 -- 172.21.15.131:0/2274608285 shutdown_connections
2024-05-08T21:59:45.834 INFO:teuthology.orchestra.run.smithi131.stdout:/usr/bin/ceph: stderr
2024-05-08T21:59:45.470+0000 7fac29400700 1 -- 172.21.15.131:0/2274608285 wait complete.
2024-05-08T21:59:45.846 INFO:teuthology.orchestra.run.smithi131.stdout:Non-zero exit code 1 from systemctl is-enabled firewalld.service
2024-05-08T21:59:45.846 INFO:teuthology.orchestra.run.smithi131.stdout:systemctl: stdout disabled
2024-05-08T21:59:45.863 INFO:teuthology.orchestra.run.smithi131.stdout:Non-zero exit code 3 from systemctl is-active firewalld.service
2024-05-08T21:59:45.863 INFO:teuthology.orchestra.run.smithi131.stdout:systemctl: stdout inactive
2024-05-08T21:59:45.863 INFO:teuthology.orchestra.run.smithi131.stdout:firewalld.service is not enabled
2024-05-08T21:59:45.863 INFO:teuthology.orchestra.run.smithi131.stdout:Not possible to open ports <[8443]>. firewalld.service is not available
2024-05-08T21:59:45.868 INFO:teuthology.orchestra.run.smithi131.stdout:Ceph Dashboard is now available at:
2024-05-08T21:59:45.868 INFO:teuthology.orchestra.run.smithi131.stdout:
2024-05-08T21:59:45.868 INFO:teuthology.orchestra.run.smithi131.stdout: URL: https://smithi131.front.sepia.ceph.com:8443/
2024-05-08T21:59:45.868 INFO:teuthology.orchestra.run.smithi131.stdout: User: admin
2024-05-08T21:59:45.868 INFO:teuthology.orchestra.run.smithi131.stdout: Password: ffj1mu92kx
2024-05-08T21:59:45.868 INFO:teuthology.orchestra.run.smithi131.stdout:
2024-05-08T21:59:45.869 INFO:teuthology.orchestra.run.smithi131.stdout:Saving cluster configuration to /var/lib/ceph/06f1a696-0d86-11ef-bc97-c7b262605968/config directory
2024-05-08T21:59:45.870 INFO:teuthology.orchestra.run.smithi131.stdout:Enabling autotune for osd_memory_target
2024-05-08T21:59:46.640 INFO:journalctl@ceph.mon.a.smithi131.stdout:May 08 21:59:46 smithi131 ceph-mon[37260]: from='client.? 172.21.15.131:0/2274608285' entity='client.admin' cmd=[{"prefix": "config get", "who": "mgr", "key": "mgr/dashboard/ssl_server_port"}]: dispatch
2024-05-08T21:59:46.874 INFO:teuthology.orchestra.run.smithi131.stdout:/usr/bin/ceph: stderr
2024-05-08T21:59:46.296+0000 7f7c9d200700 1 Processor -- start
2024-05-08T21:59:46.874 INFO:teuthology.orchestra.run.smithi131.stdout:/usr/bin/ceph: stderr
2024-05-08T21:59:46.297+0000 7f7c9d200700 1 -- start start
2024-05-08T21:59:46.875 INFO:teuthology.orchestra.run.smithi131.stdout:/usr/bin/ceph: stderr
2024-05-08T21:59:46.297+0000 7f7c9d200700 1 --2- >> [v2:172.21.15.131:3300/0,v1:172.21.15.131:6789/0] conn(0x7f7c98107200 0x7f7c981095f0 unknown :-1 s=NONE pgs=0 cs=0 l=0 rev1=0 crypto rx=0 tx=0 comp rx=0 tx=0).connect
2024-05-08T21:59:46.875 INFO:teuthology.orchestra.run.smithi131.stdout:/usr/bin/ceph: stderr
2024-05-08T21:59:46.297+0000 7f7c9d200700 1 -- --> [v2:172.21.15.131:3300/0,v1:172.21.15.131:6789/0] -- mon_getmap magic: 0 v1 -- 0x7f7c98079e50 con 0x7f7c98107200
2024-05-08T21:59:46.875 INFO:teuthology.orchestra.run.smithi131.stdout:/usr/bin/ceph: stderr
2024-05-08T21:59:46.297+0000 7f7c95e00700 1 --2- >> [v2:172.21.15.131:3300/0,v1:172.21.15.131:6789/0] conn(0x7f7c98107200 0x7f7c981095f0 unknown :-1 s=BANNER_CONNECTING pgs=0 cs=0 l=0 rev1=0 crypto rx=0 tx=0 comp rx=0 tx=0)._handle_peer_banner_payload supported=3 required=0
2024-05-08T21:59:46.875 INFO:teuthology.orchestra.run.smithi131.stdout:/usr/bin/ceph: stderr
2024-05-08T21:59:46.297+0000 7f7c95e00700 1 --2- >> [v2:172.21.15.131:3300/0,v1:172.21.15.131:6789/0] conn(0x7f7c98107200 0x7f7c981095f0 unknown :-1 s=HELLO_CONNECTING pgs=0 cs=0 l=0 rev1=1 crypto rx=0 tx=0 comp rx=0 tx=0).handle_hello peer v2:172.21.15.131:3300/0 says I am v2:172.21.15.131:47140/0 (socket says 172.21.15.131:47140)
2024-05-08T21:59:46.875 INFO:teuthology.orchestra.run.smithi131.stdout:/usr/bin/ceph: stderr
2024-05-08T21:59:46.297+0000 7f7c95e00700 1 -- 172.21.15.131:0/3276370782 learned_addr learned my addr 172.21.15.131:0/3276370782 (peer_addr_for_me v2:172.21.15.131:0/0)
2024-05-08T21:59:46.875 INFO:teuthology.orchestra.run.smithi131.stdout:/usr/bin/ceph: stderr
2024-05-08T21:59:46.298+0000 7f7c95e00700 1 -- 172.21.15.131:0/3276370782 --> [v2:172.21.15.131:3300/0,v1:172.21.15.131:6789/0] -- mon_subscribe({config=0+,monmap=0+}) v3 -- 0x7f7c98109b30 con 0x7f7c98107200
2024-05-08T21:59:46.875 INFO:teuthology.orchestra.run.smithi131.stdout:/usr/bin/ceph: stderr
2024-05-08T21:59:46.298+0000 7f7c95e00700 1 --2- 172.21.15.131:0/3276370782 >> [v2:172.21.15.131:3300/0,v1:172.21.15.131:6789/0] conn(0x7f7c98107200 0x7f7c981095f0 secure :-1 s=READY pgs=74 cs=0 l=1 rev1=1 crypto rx=0x7f7c880098a0 tx=0x7f7c88009bb0 comp rx=0 tx=0).ready entity=mon.0 client_cookie=230ee51ac18dbf5 server_cookie=0 in_seq=0 out_seq=0
2024-05-08T21:59:46.875 INFO:teuthology.orchestra.run.smithi131.stdout:/usr/bin/ceph: stderr
2024-05-08T21:59:46.298+0000 7f7c94a00700 1 -- 172.21.15.131:0/3276370782 <== mon.0 v2:172.21.15.131:3300/0 1 ==== mon_map magic: 0 v1 ==== 205+0+0 (secure 0 0 0) 0x7f7c88004160 con 0x7f7c98107200
2024-05-08T21:59:46.875 INFO:teuthology.orchestra.run.smithi131.stdout:/usr/bin/ceph: stderr
2024-05-08T21:59:46.298+0000 7f7c94a00700 1 -- 172.21.15.131:0/3276370782 <== mon.0 v2:172.21.15.131:3300/0 2 ==== config(26 keys) v1 ==== 1105+0+0 (secure 0 0 0) 0x7f7c880042c0 con 0x7f7c98107200
2024-05-08T21:59:46.875 INFO:teuthology.orchestra.run.smithi131.stdout:/usr/bin/ceph: stderr
2024-05-08T21:59:46.298+0000 7f7c94a00700 1 -- 172.21.15.131:0/3276370782 <== mon.0 v2:172.21.15.131:3300/0 3 ==== mon_map magic: 0 v1 ==== 205+0+0 (secure 0 0 0) 0x7f7c880119b0 con 0x7f7c98107200
2024-05-08T21:59:46.875 INFO:teuthology.orchestra.run.smithi131.stdout:/usr/bin/ceph: stderr
2024-05-08T21:59:46.299+0000 7f7c9d200700 1 -- 172.21.15.131:0/3276370782 >> [v2:172.21.15.131:3300/0,v1:172.21.15.131:6789/0] conn(0x7f7c98107200 msgr2=0x7f7c981095f0 secure :-1 s=STATE_CONNECTION_ESTABLISHED l=1).mark_down
2024-05-08T21:59:46.875 INFO:teuthology.orchestra.run.smithi131.stdout:/usr/bin/ceph: stderr
2024-05-08T21:59:46.299+0000 7f7c9d200700 1 --2- 172.21.15.131:0/3276370782 >> [v2:172.21.15.131:3300/0,v1:172.21.15.131:6789/0] conn(0x7f7c98107200 0x7f7c981095f0 secure :-1 s=READY pgs=74 cs=0 l=1 rev1=1 crypto rx=0x7f7c880098a0 tx=0x7f7c88009bb0 comp rx=0 tx=0).stop
2024-05-08T21:59:46.875 INFO:teuthology.orchestra.run.smithi131.stdout:/usr/bin/ceph: stderr
2024-05-08T21:59:46.299+0000 7f7c9d200700 1 -- 172.21.15.131:0/3276370782 shutdown_connections
2024-05-08T21:59:46.876 INFO:teuthology.orchestra.run.smithi131.stdout:/usr/bin/ceph: stderr
2024-05-08T21:59:46.299+0000 7f7c9d200700 1 --2- 172.21.15.131:0/3276370782 >> [v2:172.21.15.131:3300/0,v1:172.21.15.131:6789/0] conn(0x7f7c98107200 0x7f7c981095f0 unknown :-1 s=CLOSED pgs=74 cs=0 l=1 rev1=1 crypto rx=0 tx=0 comp rx=0 tx=0).stop
2024-05-08T21:59:46.876 INFO:teuthology.orchestra.run.smithi131.stdout:/usr/bin/ceph: stderr
2024-05-08T21:59:46.299+0000 7f7c9d200700 1 -- 172.21.15.131:0/3276370782 >> 172.21.15.131:0/3276370782 conn(0x7f7c98100c50 msgr2=0x7f7c98103070 unknown :-1 s=STATE_NONE l=0).mark_down
2024-05-08T21:59:46.876 INFO:teuthology.orchestra.run.smithi131.stdout:/usr/bin/ceph: stderr
2024-05-08T21:59:46.299+0000 7f7c9d200700 1 -- 172.21.15.131:0/3276370782 shutdown_connections
2024-05-08T21:59:46.876 INFO:teuthology.orchestra.run.smithi131.stdout:/usr/bin/ceph: stderr
2024-05-08T21:59:46.299+0000 7f7c9d200700 1 -- 172.21.15.131:0/3276370782 wait complete.
2024-05-08T21:59:46.876 INFO:teuthology.orchestra.run.smithi131.stdout:/usr/bin/ceph: stderr
2024-05-08T21:59:46.300+0000 7f7c9d200700 1 Processor -- start
2024-05-08T21:59:46.876 INFO:teuthology.orchestra.run.smithi131.stdout:/usr/bin/ceph: stderr
2024-05-08T21:59:46.300+0000 7f7c9d200700 1 -- start start
2024-05-08T21:59:46.876 INFO:teuthology.orchestra.run.smithi131.stdout:/usr/bin/ceph: stderr
2024-05-08T21:59:46.301+0000 7f7c9d200700 1 --2- >> [v2:172.21.15.131:3300/0,v1:172.21.15.131:6789/0] conn(0x7f7c98107200 0x7f7c9819c660 unknown :-1 s=NONE pgs=0 cs=0 l=1 rev1=0 crypto rx=0 tx=0 comp rx=0 tx=0).connect
2024-05-08T21:59:46.876 INFO:teuthology.orchestra.run.smithi131.stdout:/usr/bin/ceph: stderr
2024-05-08T21:59:46.301+0000 7f7c9d200700 1 -- --> [v2:172.21.15.131:3300/0,v1:172.21.15.131:6789/0] -- mon_getmap magic: 0 v1 -- 0x7f7c9819cba0 con 0x7f7c98107200
2024-05-08T21:59:46.876 INFO:teuthology.orchestra.run.smithi131.stdout:/usr/bin/ceph: stderr
2024-05-08T21:59:46.301+0000 7f7c95e00700 1 --2- >> [v2:172.21.15.131:3300/0,v1:172.21.15.131:6789/0] conn(0x7f7c98107200 0x7f7c9819c660 unknown :-1 s=BANNER_CONNECTING pgs=0 cs=0 l=1 rev1=0 crypto rx=0 tx=0 comp rx=0 tx=0)._handle_peer_banner_payload supported=3 required=0
2024-05-08T21:59:46.876 INFO:teuthology.orchestra.run.smithi131.stdout:/usr/bin/ceph: stderr
2024-05-08T21:59:46.301+0000 7f7c95e00700 1 --2- >> [v2:172.21.15.131:3300/0,v1:172.21.15.131:6789/0] conn(0x7f7c98107200 0x7f7c9819c660 unknown :-1 s=HELLO_CONNECTING pgs=0 cs=0 l=1 rev1=1 crypto rx=0 tx=0 comp rx=0 tx=0).handle_hello peer v2:172.21.15.131:3300/0 says I am v2:172.21.15.131:47144/0 (socket says 172.21.15.131:47144)
2024-05-08T21:59:46.876 INFO:teuthology.orchestra.run.smithi131.stdout:/usr/bin/ceph: stderr
2024-05-08T21:59:46.301+0000 7f7c95e00700 1 -- 172.21.15.131:0/2258818713 learned_addr learned my addr 172.21.15.131:0/2258818713 (peer_addr_for_me v2:172.21.15.131:0/0)
2024-05-08T21:59:46.876 INFO:teuthology.orchestra.run.smithi131.stdout:/usr/bin/ceph: stderr
2024-05-08T21:59:46.301+0000 7f7c95e00700 1 -- 172.21.15.131:0/2258818713 --> [v2:172.21.15.131:3300/0,v1:172.21.15.131:6789/0] -- mon_subscribe({config=0+,monmap=0+}) v3 -- 0x7f7c88009550 con 0x7f7c98107200
2024-05-08T21:59:46.876 INFO:teuthology.orchestra.run.smithi131.stdout:/usr/bin/ceph: stderr
2024-05-08T21:59:46.301+0000 7f7c95e00700 1 --2- 172.21.15.131:0/2258818713 >> [v2:172.21.15.131:3300/0,v1:172.21.15.131:6789/0] conn(0x7f7c98107200 0x7f7c9819c660 secure :-1 s=READY pgs=75 cs=0 l=1 rev1=1 crypto rx=0x7f7c88011670 tx=0x7f7c88011a30 comp rx=0 tx=0).ready entity=mon.0 client_cookie=0 server_cookie=0 in_seq=0 out_seq=0
2024-05-08T21:59:46.876 INFO:teuthology.orchestra.run.smithi131.stdout:/usr/bin/ceph: stderr
2024-05-08T21:59:46.302+0000 7f7c8ea00700 1 -- 172.21.15.131:0/2258818713 <== mon.0 v2:172.21.15.131:3300/0 1 ==== mon_map magic: 0 v1 ==== 205+0+0 (secure 0 0 0) 0x7f7c88003b20 con 0x7f7c98107200
2024-05-08T21:59:46.877 INFO:teuthology.orchestra.run.smithi131.stdout:/usr/bin/ceph: stderr
2024-05-08T21:59:46.302+0000 7f7c8ea00700 1 -- 172.21.15.131:0/2258818713 <== mon.0 v2:172.21.15.131:3300/0 2 ==== config(26 keys) v1 ==== 1105+0+0 (secure 0 0 0) 0x7f7c88003c80 con 0x7f7c98107200
2024-05-08T21:59:46.877 INFO:teuthology.orchestra.run.smithi131.stdout:/usr/bin/ceph: stderr
2024-05-08T21:59:46.302+0000 7f7c9d200700 1 -- 172.21.15.131:0/2258818713 --> [v2:172.21.15.131:3300/0,v1:172.21.15.131:6789/0] -- mon_subscribe({mgrmap=0+}) v3 -- 0x7f7c9819cda0 con 0x7f7c98107200
2024-05-08T21:59:46.877 INFO:teuthology.orchestra.run.smithi131.stdout:/usr/bin/ceph: stderr
2024-05-08T21:59:46.302+0000 7f7c8ea00700 1 -- 172.21.15.131:0/2258818713 <== mon.0 v2:172.21.15.131:3300/0 3 ==== mon_map magic: 0 v1 ==== 205+0+0 (secure 0 0 0) 0x7f7c88019770 con 0x7f7c98107200
2024-05-08T21:59:46.877 INFO:teuthology.orchestra.run.smithi131.stdout:/usr/bin/ceph: stderr
2024-05-08T21:59:46.302+0000 7f7c9d200700 1 -- 172.21.15.131:0/2258818713 --> [v2:172.21.15.131:3300/0,v1:172.21.15.131:6789/0] -- mon_subscribe({osdmap=0}) v3 -- 0x7f7c9819d240 con 0x7f7c98107200
2024-05-08T21:59:46.877 INFO:teuthology.orchestra.run.smithi131.stdout:/usr/bin/ceph: stderr
2024-05-08T21:59:46.303+0000 7f7c8ea00700 1 -- 172.21.15.131:0/2258818713 <== mon.0 v2:172.21.15.131:3300/0 4 ==== mgrmap(e 12) v1 ==== 45554+0+0 (secure 0 0 0) 0x7f7c8801a430 con 0x7f7c98107200
2024-05-08T21:59:46.877 INFO:teuthology.orchestra.run.smithi131.stdout:/usr/bin/ceph: stderr
2024-05-08T21:59:46.303+0000 7f7c9d200700 1 -- 172.21.15.131:0/2258818713 --> [v2:172.21.15.131:3300/0,v1:172.21.15.131:6789/0] -- mon_command({"prefix": "get_command_descriptions"} v 0) v1 -- 0x7f7c9810a910 con 0x7f7c98107200
2024-05-08T21:59:46.877 INFO:teuthology.orchestra.run.smithi131.stdout:/usr/bin/ceph: stderr
2024-05-08T21:59:46.303+0000 7f7c8ea00700 1 --2- 172.21.15.131:0/2258818713 >> [v2:172.21.15.131:6800/2485665042,v1:172.21.15.131:6801/2485665042] conn(0x7f7c7c0387a0 0x7f7c7c03ac60 unknown :-1 s=NONE pgs=0 cs=0 l=1 rev1=0 crypto rx=0 tx=0 comp rx=0 tx=0).connect
2024-05-08T21:59:46.877 INFO:teuthology.orchestra.run.smithi131.stdout:/usr/bin/ceph: stderr
2024-05-08T21:59:46.303+0000 7f7c8ea00700 1 -- 172.21.15.131:0/2258818713 <== mon.0 v2:172.21.15.131:3300/0 5 ==== osd_map(3..3 src has 1..3) v4 ==== 1155+0+0 (secure 0 0 0) 0x7f7c8804cb00 con 0x7f7c98107200
2024-05-08T21:59:46.877 INFO:teuthology.orchestra.run.smithi131.stdout:/usr/bin/ceph: stderr
2024-05-08T21:59:46.304+0000 7f7c95400700 1 --2- 172.21.15.131:0/2258818713 >> [v2:172.21.15.131:6800/2485665042,v1:172.21.15.131:6801/2485665042] conn(0x7f7c7c0387a0 0x7f7c7c03ac60 unknown :-1 s=BANNER_CONNECTING pgs=0 cs=0 l=1 rev1=0 crypto rx=0 tx=0 comp rx=0 tx=0)._handle_peer_banner_payload supported=3 required=0
2024-05-08T21:59:46.877 INFO:teuthology.orchestra.run.smithi131.stdout:/usr/bin/ceph: stderr
2024-05-08T21:59:46.304+0000 7f7c95400700 1 --2- 172.21.15.131:0/2258818713 >> [v2:172.21.15.131:6800/2485665042,v1:172.21.15.131:6801/2485665042] conn(0x7f7c7c0387a0 0x7f7c7c03ac60 secure :-1 s=READY pgs=10 cs=0 l=1 rev1=1 crypto rx=0x7f7c84006fd0 tx=0x7f7c84006e40 comp rx=0 tx=0).ready entity=mgr.14150 client_cookie=0 server_cookie=0 in_seq=0 out_seq=0
2024-05-08T21:59:46.877 INFO:teuthology.orchestra.run.smithi131.stdout:/usr/bin/ceph: stderr
2024-05-08T21:59:46.308+0000 7f7c8ea00700 1 -- 172.21.15.131:0/2258818713 <== mon.0 v2:172.21.15.131:3300/0 6 ==== mon_command_ack([{"prefix": "get_command_descriptions"}]=0 v0) v1 ==== 72+0+183622 (secure 0 0 0) 0x7f7c8802d9a0 con 0x7f7c98107200
2024-05-08T21:59:46.877 INFO:teuthology.orchestra.run.smithi131.stdout:/usr/bin/ceph: stderr
2024-05-08T21:59:46.515+0000 7f7c9d200700 1 -- 172.21.15.131:0/2258818713 --> [v2:172.21.15.131:3300/0,v1:172.21.15.131:6789/0] -- mon_command([{prefix=config set, name=osd_memory_target_autotune}] v 0) v1 -- 0x7f7c9810ab50 con 0x7f7c98107200
2024-05-08T21:59:46.877 INFO:teuthology.orchestra.run.smithi131.stdout:/usr/bin/ceph: stderr
2024-05-08T21:59:46.515+0000 7f7c8ea00700 1 -- 172.21.15.131:0/2258818713 <== mon.0 v2:172.21.15.131:3300/0 7 ==== mon_command_ack([{prefix=config set, name=osd_memory_target_autotune}]=0 v8)=0 v8) v1 ==== 127+0+0 (secure 0 0 0) 0x7f7c8802d350 con 0x7f7c98107200
2024-05-08T21:59:46.878 INFO:teuthology.orchestra.run.smithi131.stdout:/usr/bin/ceph: stderr
2024-05-08T21:59:46.518+0000 7f7c9d200700 1 -- 172.21.15.131:0/2258818713 >> [v2:172.21.15.131:6800/2485665042,v1:172.21.15.131:6801/2485665042] conn(0x7f7c7c0387a0 msgr2=0x7f7c7c03ac60 secure :-1 s=STATE_CONNECTION_ESTABLISHED l=1).mark_down
2024-05-08T21:59:46.878 INFO:teuthology.orchestra.run.smithi131.stdout:/usr/bin/ceph: stderr
2024-05-08T21:59:46.518+0000 7f7c9d200700 1 --2- 172.21.15.131:0/2258818713 >> [v2:172.21.15.131:6800/2485665042,v1:172.21.15.131:6801/2485665042] conn(0x7f7c7c0387a0 0x7f7c7c03ac60 secure :-1 s=READY pgs=10 cs=0 l=1 rev1=1 crypto rx=0x7f7c84006fd0 tx=0x7f7c84006e40 comp rx=0 tx=0).stop
2024-05-08T21:59:46.878 INFO:teuthology.orchestra.run.smithi131.stdout:/usr/bin/ceph: stderr
2024-05-08T21:59:46.518+0000 7f7c9d200700 1 -- 172.21.15.131:0/2258818713 >> [v2:172.21.15.131:3300/0,v1:172.21.15.131:6789/0] conn(0x7f7c98107200 msgr2=0x7f7c9819c660 secure :-1 s=STATE_CONNECTION_ESTABLISHED l=1).mark_down
2024-05-08T21:59:46.878 INFO:teuthology.orchestra.run.smithi131.stdout:/usr/bin/ceph: stderr
2024-05-08T21:59:46.518+0000 7f7c9d200700 1 --2- 172.21.15.131:0/2258818713 >> [v2:172.21.15.131:3300/0,v1:172.21.15.131:6789/0] conn(0x7f7c98107200 0x7f7c9819c660 secure :-1 s=READY pgs=75 cs=0 l=1 rev1=1 crypto rx=0x7f7c88011670 tx=0x7f7c88011a30 comp rx=0 tx=0).stop
2024-05-08T21:59:46.878 INFO:teuthology.orchestra.run.smithi131.stdout:/usr/bin/ceph: stderr
2024-05-08T21:59:46.518+0000 7f7c9d200700 1 -- 172.21.15.131:0/2258818713 shutdown_connections
2024-05-08T21:59:46.878 INFO:teuthology.orchestra.run.smithi131.stdout:/usr/bin/ceph: stderr
2024-05-08T21:59:46.518+0000 7f7c9d200700 1 --2- 172.21.15.131:0/2258818713 >> [v2:172.21.15.131:6800/2485665042,v1:172.21.15.131:6801/2485665042] conn(0x7f7c7c0387a0 0x7f7c7c03ac60 unknown :-1 s=CLOSED pgs=10 cs=0 l=1 rev1=1 crypto rx=0 tx=0 comp rx=0 tx=0).stop
2024-05-08T21:59:46.878 INFO:teuthology.orchestra.run.smithi131.stdout:/usr/bin/ceph: stderr
2024-05-08T21:59:46.518+0000 7f7c9d200700 1 --2- 172.21.15.131:0/2258818713 >> [v2:172.21.15.131:3300/0,v1:172.21.15.131:6789/0] conn(0x7f7c98107200 0x7f7c9819c660 unknown :-1 s=CLOSED pgs=75 cs=0 l=1 rev1=1 crypto rx=0 tx=0 comp rx=0 tx=0).stop
2024-05-08T21:59:46.878 INFO:teuthology.orchestra.run.smithi131.stdout:/usr/bin/ceph: stderr
2024-05-08T21:59:46.518+0000 7f7c9d200700 1 -- 172.21.15.131:0/2258818713 >> 172.21.15.131:0/2258818713 conn(0x7f7c98100c50 msgr2=0x7f7c981017b0 unknown :-1 s=STATE_NONE l=0).mark_down
2024-05-08T21:59:46.878 INFO:teuthology.orchestra.run.smithi131.stdout:/usr/bin/ceph: stderr
2024-05-08T21:59:46.518+0000 7f7c9d200700 1 -- 172.21.15.131:0/2258818713 shutdown_connections
2024-05-08T21:59:46.878 INFO:teuthology.orchestra.run.smithi131.stdout:/usr/bin/ceph: stderr
2024-05-08T21:59:46.518+0000 7f7c9d200700 1 -- 172.21.15.131:0/2258818713 wait complete.
2024-05-08T21:59:47.990 INFO:teuthology.orchestra.run.smithi131.stdout:/usr/bin/ceph: stderr
2024-05-08T21:59:47.304+0000 7fa6c0c00700 1 Processor -- start
2024-05-08T21:59:47.996 INFO:teuthology.orchestra.run.smithi131.stdout:/usr/bin/ceph: stderr
2024-05-08T21:59:47.304+0000 7fa6c0c00700 1 -- start start
2024-05-08T21:59:47.997 INFO:teuthology.orchestra.run.smithi131.stdout:/usr/bin/ceph: stderr
2024-05-08T21:59:47.305+0000 7fa6c0c00700 1 --2- >> [v2:172.21.15.131:3300/0,v1:172.21.15.131:6789/0] conn(0x7fa6bc07be30 0x7fa6bc07a2e0 unknown :-1 s=NONE pgs=0 cs=0 l=0 rev1=0 crypto rx=0 tx=0 comp rx=0 tx=0).connect
2024-05-08T21:59:47.997 INFO:teuthology.orchestra.run.smithi131.stdout:/usr/bin/ceph: stderr
2024-05-08T21:59:47.305+0000 7fa6c0c00700 1 -- --> [v2:172.21.15.131:3300/0,v1:172.21.15.131:6789/0] -- mon_getmap magic: 0 v1 -- 0x7fa6bc07a820 con 0x7fa6bc07be30
2024-05-08T21:59:47.997 INFO:teuthology.orchestra.run.smithi131.stdout:/usr/bin/ceph: stderr
2024-05-08T21:59:47.305+0000 7fa6b9e00700 1 --2- >> [v2:172.21.15.131:3300/0,v1:172.21.15.131:6789/0] conn(0x7fa6bc07be30 0x7fa6bc07a2e0 unknown :-1 s=BANNER_CONNECTING pgs=0 cs=0 l=0 rev1=0 crypto rx=0 tx=0 comp rx=0 tx=0)._handle_peer_banner_payload supported=3 required=0
2024-05-08T21:59:47.997 INFO:teuthology.orchestra.run.smithi131.stdout:/usr/bin/ceph: stderr
2024-05-08T21:59:47.305+0000 7fa6b9e00700 1 --2- >> [v2:172.21.15.131:3300/0,v1:172.21.15.131:6789/0] conn(0x7fa6bc07be30 0x7fa6bc07a2e0 unknown :-1 s=HELLO_CONNECTING pgs=0 cs=0 l=0 rev1=1 crypto rx=0 tx=0 comp rx=0 tx=0).handle_hello peer v2:172.21.15.131:3300/0 says I am v2:172.21.15.131:47160/0 (socket says 172.21.15.131:47160)
2024-05-08T21:59:47.997 INFO:teuthology.orchestra.run.smithi131.stdout:/usr/bin/ceph: stderr
2024-05-08T21:59:47.305+0000 7fa6b9e00700 1 -- 172.21.15.131:0/881623314 learned_addr learned my addr 172.21.15.131:0/881623314 (peer_addr_for_me v2:172.21.15.131:0/0)
2024-05-08T21:59:47.997 INFO:teuthology.orchestra.run.smithi131.stdout:/usr/bin/ceph: stderr
2024-05-08T21:59:47.305+0000 7fa6b9e00700 1 -- 172.21.15.131:0/881623314 --> [v2:172.21.15.131:3300/0,v1:172.21.15.131:6789/0] -- mon_subscribe({config=0+,monmap=0+}) v3 -- 0x7fa6bc07a960 con 0x7fa6bc07be30
2024-05-08T21:59:47.997 INFO:teuthology.orchestra.run.smithi131.stdout:/usr/bin/ceph: stderr
2024-05-08T21:59:47.306+0000 7fa6b9e00700 1 --2- 172.21.15.131:0/881623314 >> [v2:172.21.15.131:3300/0,v1:172.21.15.131:6789/0] conn(0x7fa6bc07be30 0x7fa6bc07a2e0 secure :-1 s=READY pgs=76 cs=0 l=1 rev1=1 crypto rx=0x7fa6ac0098a0 tx=0x7fa6ac009bb0 comp rx=0 tx=0).ready entity=mon.0 client_cookie=f0d5bcab7d58153f server_cookie=0 in_seq=0 out_seq=0
2024-05-08T21:59:47.997 INFO:teuthology.orchestra.run.smithi131.stdout:/usr/bin/ceph: stderr
2024-05-08T21:59:47.306+0000 7fa6b8a00700 1 -- 172.21.15.131:0/881623314 <== mon.0 v2:172.21.15.131:3300/0 1 ==== mon_map magic: 0 v1 ==== 205+0+0 (secure 0 0 0) 0x7fa6ac004160 con 0x7fa6bc07be30
2024-05-08T21:59:47.997 INFO:teuthology.orchestra.run.smithi131.stdout:/usr/bin/ceph: stderr
2024-05-08T21:59:47.306+0000 7fa6b8a00700 1 -- 172.21.15.131:0/881623314 <== mon.0 v2:172.21.15.131:3300/0 2 ==== config(26 keys) v1 ==== 1105+0+0 (secure 0 0 0) 0x7fa6ac0042c0 con 0x7fa6bc07be30
2024-05-08T21:59:47.997 INFO:teuthology.orchestra.run.smithi131.stdout:/usr/bin/ceph: stderr
