2024-05-08T21:59:16.944 INFO:teuthology.orchestra.run.smithi131.stdout:/usr/bin/ceph: stderr
2024-05-08T21:59:09.340+0000 7f29d9400700 1 -- 172.21.15.131:0/689115888 >> [v2:172.21.15.131:6800/1564023164,v1:172.21.15.131:6801/1564023164] conn(0x7f29c0038700 msgr2=0x7f29c003abc0 unknown :-1 s=STATE_CONNECTING_RE l=1).process reconnect failed to v2:172.21.15.131:6800/1564023164
2024-05-08T21:59:16.944 INFO:teuthology.orchestra.run.smithi131.stdout:/usr/bin/ceph: stderr
2024-05-08T21:59:09.340+0000 7f29d9400700 1 --2- 172.21.15.131:0/689115888 >> [v2:172.21.15.131:6800/1564023164,v1:172.21.15.131:6801/1564023164] conn(0x7f29c0038700 0x7f29c003abc0 unknown :-1 s=START_CONNECT pgs=0 cs=0 l=1 rev1=0 crypto rx=0 tx=0 comp rx=0 tx=0)._fault waiting 0.800000
2024-05-08T21:59:16.944 INFO:teuthology.orchestra.run.smithi131.stdout:/usr/bin/ceph: stderr
2024-05-08T21:59:10.141+0000 7f29d9400700 1 -- 172.21.15.131:0/689115888 >> [v2:172.21.15.131:6800/1564023164,v1:172.21.15.131:6801/1564023164] conn(0x7f29c0038700 msgr2=0x7f29c003abc0 unknown :-1 s=STATE_CONNECTING_RE l=1).process reconnect failed to v2:172.21.15.131:6800/1564023164
2024-05-08T21:59:16.944 INFO:teuthology.orchestra.run.smithi131.stdout:/usr/bin/ceph: stderr
2024-05-08T21:59:10.141+0000 7f29d9400700 1 --2- 172.21.15.131:0/689115888 >> [v2:172.21.15.131:6800/1564023164,v1:172.21.15.131:6801/1564023164] conn(0x7f29c0038700 0x7f29c003abc0 unknown :-1 s=START_CONNECT pgs=0 cs=0 l=1 rev1=0 crypto rx=0 tx=0 comp rx=0 tx=0)._fault waiting 1.600000
2024-05-08T21:59:16.944 INFO:teuthology.orchestra.run.smithi131.stdout:/usr/bin/ceph: stderr
2024-05-08T21:59:11.742+0000 7f29d9400700 1 -- 172.21.15.131:0/689115888 >> [v2:172.21.15.131:6800/1564023164,v1:172.21.15.131:6801/1564023164] conn(0x7f29c0038700 msgr2=0x7f29c003abc0 unknown :-1 s=STATE_CONNECTING_RE l=1).process reconnect failed to v2:172.21.15.131:6800/1564023164
2024-05-08T21:59:16.944 INFO:teuthology.orchestra.run.smithi131.stdout:/usr/bin/ceph: stderr
2024-05-08T21:59:11.743+0000 7f29d9400700 1 --2- 172.21.15.131:0/689115888 >> [v2:172.21.15.131:6800/1564023164,v1:172.21.15.131:6801/1564023164] conn(0x7f29c0038700 0x7f29c003abc0 unknown :-1 s=START_CONNECT pgs=0 cs=0 l=1 rev1=0 crypto rx=0 tx=0 comp rx=0 tx=0)._fault waiting 3.200000
2024-05-08T21:59:16.944 INFO:teuthology.orchestra.run.smithi131.stdout:/usr/bin/ceph: stderr
2024-05-08T21:59:14.944+0000 7f29d9400700 1 -- 172.21.15.131:0/689115888 >> [v2:172.21.15.131:6800/1564023164,v1:172.21.15.131:6801/1564023164] conn(0x7f29c0038700 msgr2=0x7f29c003abc0 unknown :-1 s=STATE_CONNECTING_RE l=1).process reconnect failed to v2:172.21.15.131:6800/1564023164
2024-05-08T21:59:16.944 INFO:teuthology.orchestra.run.smithi131.stdout:/usr/bin/ceph: stderr
2024-05-08T21:59:14.944+0000 7f29d9400700 1 --2- 172.21.15.131:0/689115888 >> [v2:172.21.15.131:6800/1564023164,v1:172.21.15.131:6801/1564023164] conn(0x7f29c0038700 0x7f29c003abc0 unknown :-1 s=START_CONNECT pgs=0 cs=0 l=1 rev1=0 crypto rx=0 tx=0 comp rx=0 tx=0)._fault waiting 6.400000
2024-05-08T21:59:16.944 INFO:teuthology.orchestra.run.smithi131.stdout:/usr/bin/ceph: stderr
2024-05-08T21:59:15.550+0000 7f29d2a00700 1 -- 172.21.15.131:0/689115888 <== mon.0 v2:172.21.15.131:3300/0 6 ==== mgrmap(e 6) v1 ==== 45308+0+0 (secure 0 0 0) 0x7f29cc019c50 con 0x7f29dc07be90
2024-05-08T21:59:16.944 INFO:teuthology.orchestra.run.smithi131.stdout:/usr/bin/ceph: stderr
2024-05-08T21:59:15.550+0000 7f29d2a00700 1 -- 172.21.15.131:0/689115888 >> [v2:172.21.15.131:6800/1564023164,v1:172.21.15.131:6801/1564023164] conn(0x7f29c0038700 msgr2=0x7f29c003abc0 unknown :-1 s=STATE_CONNECTING l=1).mark_down
2024-05-08T21:59:16.944 INFO:teuthology.orchestra.run.smithi131.stdout:/usr/bin/ceph: stderr
2024-05-08T21:59:15.550+0000 7f29d2a00700 1 --2- 172.21.15.131:0/689115888 >> [v2:172.21.15.131:6800/1564023164,v1:172.21.15.131:6801/1564023164] conn(0x7f29c0038700 0x7f29c003abc0 unknown :-1 s=START_CONNECT pgs=0 cs=0 l=1 rev1=0 crypto rx=0 tx=0 comp rx=0 tx=0).stop
2024-05-08T21:59:16.944 INFO:teuthology.orchestra.run.smithi131.stdout:/usr/bin/ceph: stderr
2024-05-08T21:59:16.552+0000 7f29d2a00700 1 -- 172.21.15.131:0/689115888 <== mon.0 v2:172.21.15.131:3300/0 7 ==== mgrmap(e 7) v1 ==== 45435+0+0 (secure 0 0 0) 0x7f29cc00b3e0 con 0x7f29dc07be90
2024-05-08T21:59:16.945 INFO:teuthology.orchestra.run.smithi131.stdout:/usr/bin/ceph: stderr
2024-05-08T21:59:16.552+0000 7f29d2a00700 1 --2- 172.21.15.131:0/689115888 >> [v2:172.21.15.131:6800/1418340798,v1:172.21.15.131:6801/1418340798] conn(0x7f29c003bfe0 0x7f29c003e3d0 unknown :-1 s=NONE pgs=0 cs=0 l=1 rev1=0 crypto rx=0 tx=0 comp rx=0 tx=0).connect
2024-05-08T21:59:16.945 INFO:teuthology.orchestra.run.smithi131.stdout:/usr/bin/ceph: stderr
2024-05-08T21:59:16.552+0000 7f29d2a00700 1 -- 172.21.15.131:0/689115888 --> [v2:172.21.15.131:6800/1418340798,v1:172.21.15.131:6801/1418340798] -- command(tid 0: {"prefix": "get_command_descriptions"}) v1 -- 0x7f29c003b2d0 con 0x7f29c003bfe0
2024-05-08T21:59:16.945 INFO:teuthology.orchestra.run.smithi131.stdout:/usr/bin/ceph: stderr
2024-05-08T21:59:16.552+0000 7f29d9400700 1 --2- 172.21.15.131:0/689115888 >> [v2:172.21.15.131:6800/1418340798,v1:172.21.15.131:6801/1418340798] conn(0x7f29c003bfe0 0x7f29c003e3d0 unknown :-1 s=BANNER_CONNECTING pgs=0 cs=0 l=1 rev1=0 crypto rx=0 tx=0 comp rx=0 tx=0)._handle_peer_banner_payload supported=3 required=0
2024-05-08T21:59:16.945 INFO:teuthology.orchestra.run.smithi131.stdout:/usr/bin/ceph: stderr
2024-05-08T21:59:16.553+0000 7f29d9400700 1 --2- 172.21.15.131:0/689115888 >> [v2:172.21.15.131:6800/1418340798,v1:172.21.15.131:6801/1418340798] conn(0x7f29c003bfe0 0x7f29c003e3d0 secure :-1 s=READY pgs=2 cs=0 l=1 rev1=1 crypto rx=0x7f29c8003a10 tx=0x7f29c8009290 comp rx=0 tx=0).ready entity=mgr.14118 client_cookie=0 server_cookie=0 in_seq=0 out_seq=0
2024-05-08T21:59:16.945 INFO:teuthology.orchestra.run.smithi131.stdout:/usr/bin/ceph: stderr
2024-05-08T21:59:16.554+0000 7f29d2a00700 1 -- 172.21.15.131:0/689115888 <== mgr.14118 v2:172.21.15.131:6800/1418340798 1 ==== command_reply(tid 0: 0 ) v1 ==== 8+0+7774 (secure 0 0 0) 0x7f29c003b2d0 con 0x7f29c003bfe0
2024-05-08T21:59:16.945 INFO:teuthology.orchestra.run.smithi131.stdout:/usr/bin/ceph: stderr
2024-05-08T21:59:16.561+0000 7f29e0e00700 1 -- 172.21.15.131:0/689115888 --> [v2:172.21.15.131:6800/1418340798,v1:172.21.15.131:6801/1418340798] -- command(tid 1: {"prefix": "mgr_status"}) v1 -- 0x7f29dc1a17e0 con 0x7f29c003bfe0
2024-05-08T21:59:16.945 INFO:teuthology.orchestra.run.smithi131.stdout:/usr/bin/ceph: stderr
2024-05-08T21:59:16.561+0000 7f29d2a00700 1 -- 172.21.15.131:0/689115888 <== mgr.14118 v2:172.21.15.131:6800/1418340798 2 ==== command_reply(tid 1: 0 ) v1 ==== 8+0+51 (secure 0 0 0) 0x7f29c8008850 con 0x7f29c003bfe0
2024-05-08T21:59:16.945 INFO:teuthology.orchestra.run.smithi131.stdout:/usr/bin/ceph: stderr
2024-05-08T21:59:16.562+0000 7f29e0e00700 1 -- 172.21.15.131:0/689115888 >> [v2:172.21.15.131:6800/1418340798,v1:172.21.15.131:6801/1418340798] conn(0x7f29c003bfe0 msgr2=0x7f29c003e3d0 secure :-1 s=STATE_CONNECTION_ESTABLISHED l=1).mark_down
2024-05-08T21:59:16.945 INFO:teuthology.orchestra.run.smithi131.stdout:/usr/bin/ceph: stderr
2024-05-08T21:59:16.562+0000 7f29e0e00700 1 --2- 172.21.15.131:0/689115888 >> [v2:172.21.15.131:6800/1418340798,v1:172.21.15.131:6801/1418340798] conn(0x7f29c003bfe0 0x7f29c003e3d0 secure :-1 s=READY pgs=2 cs=0 l=1 rev1=1 crypto rx=0x7f29c8003a10 tx=0x7f29c8009290 comp rx=0 tx=0).stop
2024-05-08T21:59:16.945 INFO:teuthology.orchestra.run.smithi131.stdout:/usr/bin/ceph: stderr
2024-05-08T21:59:16.562+0000 7f29e0e00700 1 -- 172.21.15.131:0/689115888 >> [v2:172.21.15.131:3300/0,v1:172.21.15.131:6789/0] conn(0x7f29dc07be90 msgr2=0x7f29dc1a0a70 secure :-1 s=STATE_CONNECTION_ESTABLISHED l=1).mark_down
2024-05-08T21:59:16.945 INFO:teuthology.orchestra.run.smithi131.stdout:/usr/bin/ceph: stderr
2024-05-08T21:59:16.562+0000 7f29e0e00700 1 --2- 172.21.15.131:0/689115888 >> [v2:172.21.15.131:3300/0,v1:172.21.15.131:6789/0] conn(0x7f29dc07be90 0x7f29dc1a0a70 secure :-1 s=READY pgs=27 cs=0 l=1 rev1=1 crypto rx=0x7f29cc011710 tx=0x7f29cc011ad0 comp rx=0 tx=0).stop
2024-05-08T21:59:16.945 INFO:teuthology.orchestra.run.smithi131.stdout:/usr/bin/ceph: stderr
2024-05-08T21:59:16.562+0000 7f29e0e00700 1 -- 172.21.15.131:0/689115888 shutdown_connections
2024-05-08T21:59:16.945 INFO:teuthology.orchestra.run.smithi131.stdout:/usr/bin/ceph: stderr
2024-05-08T21:59:16.562+0000 7f29e0e00700 1 --2- 172.21.15.131:0/689115888 >> [v2:172.21.15.131:3300/0,v1:172.21.15.131:6789/0] conn(0x7f29dc07be90 0x7f29dc1a0a70 unknown :-1 s=CLOSED pgs=27 cs=0 l=1 rev1=1 crypto rx=0 tx=0 comp rx=0 tx=0).stop
2024-05-08T21:59:16.945 INFO:teuthology.orchestra.run.smithi131.stdout:/usr/bin/ceph: stderr
2024-05-08T21:59:16.562+0000 7f29e0e00700 1 --2- 172.21.15.131:0/689115888 >> [v2:172.21.15.131:6800/1418340798,v1:172.21.15.131:6801/1418340798] conn(0x7f29c003bfe0 0x7f29c003e3d0 unknown :-1 s=CLOSED pgs=2 cs=0 l=1 rev1=1 crypto rx=0 tx=0 comp rx=0 tx=0).stop
2024-05-08T21:59:16.946 INFO:teuthology.orchestra.run.smithi131.stdout:/usr/bin/ceph: stderr
2024-05-08T21:59:16.562+0000 7f29e0e00700 1 --2- 172.21.15.131:0/689115888 >> [v2:172.21.15.131:6800/1564023164,v1:172.21.15.131:6801/1564023164] conn(0x7f29c0038700 0x7f29c003abc0 unknown :-1 s=CLOSED pgs=0 cs=0 l=1 rev1=0 crypto rx=0 tx=0 comp rx=0 tx=0).stop
2024-05-08T21:59:16.946 INFO:teuthology.orchestra.run.smithi131.stdout:/usr/bin/ceph: stderr
2024-05-08T21:59:16.562+0000 7f29e0e00700 1 -- 172.21.15.131:0/689115888 >> 172.21.15.131:0/689115888 conn(0x7f29dc101d20 msgr2=0x7f29dc104160 unknown :-1 s=STATE_NONE l=0).mark_down
2024-05-08T21:59:16.946 INFO:teuthology.orchestra.run.smithi131.stdout:/usr/bin/ceph: stderr
2024-05-08T21:59:16.562+0000 7f29e0e00700 1 -- 172.21.15.131:0/689115888 shutdown_connections
2024-05-08T21:59:16.946 INFO:teuthology.orchestra.run.smithi131.stdout:/usr/bin/ceph: stderr
2024-05-08T21:59:16.562+0000 7f29e0e00700 1 -- 172.21.15.131:0/689115888 wait complete.
2024-05-08T21:59:16.946 INFO:teuthology.orchestra.run.smithi131.stdout:mgr epoch 5 is available
2024-05-08T21:59:16.946 INFO:teuthology.orchestra.run.smithi131.stdout:Setting orchestrator backend to cephadm...
2024-05-08T21:59:17.891 INFO:journalctl@ceph.mon.a.smithi131.stdout:May 08 21:59:17 smithi131 ceph-mon[37260]: from='client.14122 -' entity='client.admin' cmd=[{"prefix": "get_command_descriptions"}]: dispatch
2024-05-08T21:59:17.891 INFO:journalctl@ceph.mon.a.smithi131.stdout:May 08 21:59:17 smithi131 ceph-mon[37260]: from='client.14122 -' entity='client.admin' cmd=[{"prefix": "mgr_status"}]: dispatch
2024-05-08T21:59:17.891 INFO:journalctl@ceph.mon.a.smithi131.stdout:May 08 21:59:17 smithi131 ceph-mon[37260]: [08/May/2024:21:59:16] ENGINE Bus STARTING
2024-05-08T21:59:17.891 INFO:journalctl@ceph.mon.a.smithi131.stdout:May 08 21:59:17 smithi131 ceph-mon[37260]: [08/May/2024:21:59:16] ENGINE Serving on https://172.21.15.131:7150
2024-05-08T21:59:17.891 INFO:journalctl@ceph.mon.a.smithi131.stdout:May 08 21:59:17 smithi131 ceph-mon[37260]: [08/May/2024:21:59:16] ENGINE Serving on http://172.21.15.131:8765
2024-05-08T21:59:17.891 INFO:journalctl@ceph.mon.a.smithi131.stdout:May 08 21:59:17 smithi131 ceph-mon[37260]: [08/May/2024:21:59:16] ENGINE Bus STARTED
2024-05-08T21:59:17.892 INFO:journalctl@ceph.mon.a.smithi131.stdout:May 08 21:59:17 smithi131 ceph-mon[37260]: from='mgr.14118 172.21.15.131:0/4263778175' entity='mgr.x' cmd=[{"prefix": "config dump", "format": "json"}]: dispatch
2024-05-08T21:59:17.892 INFO:journalctl@ceph.mon.a.smithi131.stdout:May 08 21:59:17 smithi131 ceph-mon[37260]: from='mgr.14118 172.21.15.131:0/4263778175' entity='mgr.x'
2024-05-08T21:59:17.892 INFO:journalctl@ceph.mon.a.smithi131.stdout:May 08 21:59:17 smithi131 ceph-mon[37260]: from='mgr.14118 172.21.15.131:0/4263778175' entity='mgr.x' cmd=[{"prefix": "config dump", "format": "json"}]: dispatch
2024-05-08T21:59:17.949 INFO:teuthology.orchestra.run.smithi131.stdout:/usr/bin/ceph: stderr
2024-05-08T21:59:17.332+0000 7f4f78000700 1 Processor -- start
2024-05-08T21:59:17.949 INFO:teuthology.orchestra.run.smithi131.stdout:/usr/bin/ceph: stderr
2024-05-08T21:59:17.332+0000 7f4f78000700 1 -- start start
2024-05-08T21:59:17.949 INFO:teuthology.orchestra.run.smithi131.stdout:/usr/bin/ceph: stderr
2024-05-08T21:59:17.333+0000 7f4f78000700 1 --2- >> [v2:172.21.15.131:3300/0,v1:172.21.15.131:6789/0] conn(0x7f4f70106790 0x7f4f70106bb0 unknown :-1 s=NONE pgs=0 cs=0 l=0 rev1=0 crypto rx=0 tx=0 comp rx=0 tx=0).connect
2024-05-08T21:59:17.949 INFO:teuthology.orchestra.run.smithi131.stdout:/usr/bin/ceph: stderr
2024-05-08T21:59:17.333+0000 7f4f78000700 1 -- --> [v2:172.21.15.131:3300/0,v1:172.21.15.131:6789/0] -- mon_getmap magic: 0 v1 -- 0x7f4f70107180 con 0x7f4f70106790
2024-05-08T21:59:17.950 INFO:teuthology.orchestra.run.smithi131.stdout:/usr/bin/ceph: stderr
2024-05-08T21:59:17.333+0000 7f4f75600700 1 --2- >> [v2:172.21.15.131:3300/0,v1:172.21.15.131:6789/0] conn(0x7f4f70106790 0x7f4f70106bb0 unknown :-1 s=BANNER_CONNECTING pgs=0 cs=0 l=0 rev1=0 crypto rx=0 tx=0 comp rx=0 tx=0)._handle_peer_banner_payload supported=3 required=0
2024-05-08T21:59:17.950 INFO:teuthology.orchestra.run.smithi131.stdout:/usr/bin/ceph: stderr
2024-05-08T21:59:17.333+0000 7f4f75600700 1 --2- >> [v2:172.21.15.131:3300/0,v1:172.21.15.131:6789/0] conn(0x7f4f70106790 0x7f4f70106bb0 unknown :-1 s=HELLO_CONNECTING pgs=0 cs=0 l=0 rev1=1 crypto rx=0 tx=0 comp rx=0 tx=0).handle_hello peer v2:172.21.15.131:3300/0 says I am v2:172.21.15.131:33090/0 (socket says 172.21.15.131:33090)
2024-05-08T21:59:17.950 INFO:teuthology.orchestra.run.smithi131.stdout:/usr/bin/ceph: stderr
2024-05-08T21:59:17.333+0000 7f4f75600700 1 -- 172.21.15.131:0/4159592780 learned_addr learned my addr 172.21.15.131:0/4159592780 (peer_addr_for_me v2:172.21.15.131:0/0)
2024-05-08T21:59:17.950 INFO:teuthology.orchestra.run.smithi131.stdout:/usr/bin/ceph: stderr
2024-05-08T21:59:17.334+0000 7f4f75600700 1 -- 172.21.15.131:0/4159592780 --> [v2:172.21.15.131:3300/0,v1:172.21.15.131:6789/0] -- mon_subscribe({config=0+,monmap=0+}) v3 -- 0x7f4f70107940 con 0x7f4f70106790
2024-05-08T21:59:17.950 INFO:teuthology.orchestra.run.smithi131.stdout:/usr/bin/ceph: stderr
2024-05-08T21:59:17.334+0000 7f4f75600700 1 --2- 172.21.15.131:0/4159592780 >> [v2:172.21.15.131:3300/0,v1:172.21.15.131:6789/0] conn(0x7f4f70106790 0x7f4f70106bb0 secure :-1 s=READY pgs=35 cs=0 l=1 rev1=1 crypto rx=0x7f4f640098a0 tx=0x7f4f64009bb0 comp rx=0 tx=0).ready entity=mon.0 client_cookie=433f6abee3f5a224 server_cookie=0 in_seq=0 out_seq=0
2024-05-08T21:59:17.950 INFO:teuthology.orchestra.run.smithi131.stdout:/usr/bin/ceph: stderr
2024-05-08T21:59:17.334+0000 7f4f6fe00700 1 -- 172.21.15.131:0/4159592780 <== mon.0 v2:172.21.15.131:3300/0 1 ==== mon_map magic: 0 v1 ==== 205+0+0 (secure 0 0 0) 0x7f4f64004160 con 0x7f4f70106790
2024-05-08T21:59:17.951 INFO:teuthology.orchestra.run.smithi131.stdout:/usr/bin/ceph: stderr
2024-05-08T21:59:17.334+0000 7f4f6fe00700 1 -- 172.21.15.131:0/4159592780 <== mon.0 v2:172.21.15.131:3300/0 2 ==== config(26 keys) v1 ==== 1074+0+0 (secure 0 0 0) 0x7f4f640042c0 con 0x7f4f70106790
2024-05-08T21:59:17.951 INFO:teuthology.orchestra.run.smithi131.stdout:/usr/bin/ceph: stderr
2024-05-08T21:59:17.334+0000 7f4f6fe00700 1 -- 172.21.15.131:0/4159592780 <== mon.0 v2:172.21.15.131:3300/0 3 ==== mon_map magic: 0 v1 ==== 205+0+0 (secure 0 0 0) 0x7f4f64011a00 con 0x7f4f70106790
2024-05-08T21:59:17.951 INFO:teuthology.orchestra.run.smithi131.stdout:/usr/bin/ceph: stderr
2024-05-08T21:59:17.335+0000 7f4f78000700 1 -- 172.21.15.131:0/4159592780 >> [v2:172.21.15.131:3300/0,v1:172.21.15.131:6789/0] conn(0x7f4f70106790 msgr2=0x7f4f70106bb0 secure :-1 s=STATE_CONNECTION_ESTABLISHED l=1).mark_down
2024-05-08T21:59:17.951 INFO:teuthology.orchestra.run.smithi131.stdout:/usr/bin/ceph: stderr
2024-05-08T21:59:17.335+0000 7f4f78000700 1 --2- 172.21.15.131:0/4159592780 >> [v2:172.21.15.131:3300/0,v1:172.21.15.131:6789/0] conn(0x7f4f70106790 0x7f4f70106bb0 secure :-1 s=READY pgs=35 cs=0 l=1 rev1=1 crypto rx=0x7f4f640098a0 tx=0x7f4f64009bb0 comp rx=0 tx=0).stop
2024-05-08T21:59:17.951 INFO:teuthology.orchestra.run.smithi131.stdout:/usr/bin/ceph: stderr
2024-05-08T21:59:17.335+0000 7f4f78000700 1 -- 172.21.15.131:0/4159592780 shutdown_connections
2024-05-08T21:59:17.952 INFO:teuthology.orchestra.run.smithi131.stdout:/usr/bin/ceph: stderr
2024-05-08T21:59:17.335+0000 7f4f78000700 1 --2- 172.21.15.131:0/4159592780 >> [v2:172.21.15.131:3300/0,v1:172.21.15.131:6789/0] conn(0x7f4f70106790 0x7f4f70106bb0 unknown :-1 s=CLOSED pgs=35 cs=0 l=1 rev1=1 crypto rx=0 tx=0 comp rx=0 tx=0).stop
2024-05-08T21:59:17.952 INFO:teuthology.orchestra.run.smithi131.stdout:/usr/bin/ceph: stderr
2024-05-08T21:59:17.335+0000 7f4f78000700 1 -- 172.21.15.131:0/4159592780 >> 172.21.15.131:0/4159592780 conn(0x7f4f70101d50 msgr2=0x7f4f70104170 unknown :-1 s=STATE_NONE l=0).mark_down
2024-05-08T21:59:17.952 INFO:teuthology.orchestra.run.smithi131.stdout:/usr/bin/ceph: stderr
2024-05-08T21:59:17.335+0000 7f4f78000700 1 -- 172.21.15.131:0/4159592780 shutdown_connections
2024-05-08T21:59:17.952 INFO:teuthology.orchestra.run.smithi131.stdout:/usr/bin/ceph: stderr
2024-05-08T21:59:17.335+0000 7f4f78000700 1 -- 172.21.15.131:0/4159592780 wait complete.
2024-05-08T21:59:17.952 INFO:teuthology.orchestra.run.smithi131.stdout:/usr/bin/ceph: stderr
2024-05-08T21:59:17.336+0000 7f4f78000700 1 Processor -- start
2024-05-08T21:59:17.952 INFO:teuthology.orchestra.run.smithi131.stdout:/usr/bin/ceph: stderr
2024-05-08T21:59:17.336+0000 7f4f78000700 1 -- start start
2024-05-08T21:59:17.953 INFO:teuthology.orchestra.run.smithi131.stdout:/usr/bin/ceph: stderr
2024-05-08T21:59:17.337+0000 7f4f78000700 1 --2- >> [v2:172.21.15.131:3300/0,v1:172.21.15.131:6789/0] conn(0x7f4f70106790 0x7f4f7019c740 unknown :-1 s=NONE pgs=0 cs=0 l=1 rev1=0 crypto rx=0 tx=0 comp rx=0 tx=0).connect
2024-05-08T21:59:17.953 INFO:teuthology.orchestra.run.smithi131.stdout:/usr/bin/ceph: stderr
2024-05-08T21:59:17.337+0000 7f4f78000700 1 -- --> [v2:172.21.15.131:3300/0,v1:172.21.15.131:6789/0] -- mon_getmap magic: 0 v1 -- 0x7f4f7019cc80 con 0x7f4f70106790
2024-05-08T21:59:17.953 INFO:teuthology.orchestra.run.smithi131.stdout:/usr/bin/ceph: stderr
2024-05-08T21:59:17.337+0000 7f4f75600700 1 --2- >> [v2:172.21.15.131:3300/0,v1:172.21.15.131:6789/0] conn(0x7f4f70106790 0x7f4f7019c740 unknown :-1 s=BANNER_CONNECTING pgs=0 cs=0 l=1 rev1=0 crypto rx=0 tx=0 comp rx=0 tx=0)._handle_peer_banner_payload supported=3 required=0
2024-05-08T21:59:17.953 INFO:teuthology.orchestra.run.smithi131.stdout:/usr/bin/ceph: stderr
2024-05-08T21:59:17.337+0000 7f4f75600700 1 --2- >> [v2:172.21.15.131:3300/0,v1:172.21.15.131:6789/0] conn(0x7f4f70106790 0x7f4f7019c740 unknown :-1 s=HELLO_CONNECTING pgs=0 cs=0 l=1 rev1=1 crypto rx=0 tx=0 comp rx=0 tx=0).handle_hello peer v2:172.21.15.131:3300/0 says I am v2:172.21.15.131:33092/0 (socket says 172.21.15.131:33092)
2024-05-08T21:59:17.953 INFO:teuthology.orchestra.run.smithi131.stdout:/usr/bin/ceph: stderr
2024-05-08T21:59:17.337+0000 7f4f75600700 1 -- 172.21.15.131:0/3072693302 learned_addr learned my addr 172.21.15.131:0/3072693302 (peer_addr_for_me v2:172.21.15.131:0/0)
2024-05-08T21:59:17.954 INFO:teuthology.orchestra.run.smithi131.stdout:/usr/bin/ceph: stderr
2024-05-08T21:59:17.337+0000 7f4f75600700 1 -- 172.21.15.131:0/3072693302 --> [v2:172.21.15.131:3300/0,v1:172.21.15.131:6789/0] -- mon_subscribe({config=0+,monmap=0+}) v3 -- 0x7f4f64009550 con 0x7f4f70106790
2024-05-08T21:59:17.954 INFO:teuthology.orchestra.run.smithi131.stdout:/usr/bin/ceph: stderr
2024-05-08T21:59:17.337+0000 7f4f75600700 1 --2- 172.21.15.131:0/3072693302 >> [v2:172.21.15.131:3300/0,v1:172.21.15.131:6789/0] conn(0x7f4f70106790 0x7f4f7019c740 secure :-1 s=READY pgs=36 cs=0 l=1 rev1=1 crypto rx=0x7f4f64011710 tx=0x7f4f64011ad0 comp rx=0 tx=0).ready entity=mon.0 client_cookie=0 server_cookie=0 in_seq=0 out_seq=0
2024-05-08T21:59:17.954 INFO:teuthology.orchestra.run.smithi131.stdout:/usr/bin/ceph: stderr
2024-05-08T21:59:17.338+0000 7f4f6e000700 1 -- 172.21.15.131:0/3072693302 <== mon.0 v2:172.21.15.131:3300/0 1 ==== mon_map magic: 0 v1 ==== 205+0+0 (secure 0 0 0) 0x7f4f64003aa0 con 0x7f4f70106790
2024-05-08T21:59:17.954 INFO:teuthology.orchestra.run.smithi131.stdout:/usr/bin/ceph: stderr
2024-05-08T21:59:17.338+0000 7f4f6e000700 1 -- 172.21.15.131:0/3072693302 <== mon.0 v2:172.21.15.131:3300/0 2 ==== config(26 keys) v1 ==== 1074+0+0 (secure 0 0 0) 0x7f4f64003c00 con 0x7f4f70106790
2024-05-08T21:59:17.954 INFO:teuthology.orchestra.run.smithi131.stdout:/usr/bin/ceph: stderr
2024-05-08T21:59:17.338+0000 7f4f78000700 1 -- 172.21.15.131:0/3072693302 --> [v2:172.21.15.131:3300/0,v1:172.21.15.131:6789/0] -- mon_subscribe({mgrmap=0+}) v3 -- 0x7f4f7019ce80 con 0x7f4f70106790
2024-05-08T21:59:17.954 INFO:teuthology.orchestra.run.smithi131.stdout:/usr/bin/ceph: stderr
2024-05-08T21:59:17.338+0000 7f4f6e000700 1 -- 172.21.15.131:0/3072693302 <== mon.0 v2:172.21.15.131:3300/0 3 ==== mon_map magic: 0 v1 ==== 205+0+0 (secure 0 0 0) 0x7f4f64024800 con 0x7f4f70106790
2024-05-08T21:59:17.955 INFO:teuthology.orchestra.run.smithi131.stdout:/usr/bin/ceph: stderr
2024-05-08T21:59:17.338+0000 7f4f78000700 1 -- 172.21.15.131:0/3072693302 --> [v2:172.21.15.131:3300/0,v1:172.21.15.131:6789/0] -- mon_subscribe({osdmap=0}) v3 -- 0x7f4f7019d320 con 0x7f4f70106790
2024-05-08T21:59:17.955 INFO:teuthology.orchestra.run.smithi131.stdout:/usr/bin/ceph: stderr
2024-05-08T21:59:17.339+0000 7f4f6e000700 1 -- 172.21.15.131:0/3072693302 <== mon.0 v2:172.21.15.131:3300/0 4 ==== mgrmap(e 7) v1 ==== 45435+0+0 (secure 0 0 0) 0x7f4f6401a430 con 0x7f4f70106790
2024-05-08T21:59:17.955 INFO:teuthology.orchestra.run.smithi131.stdout:/usr/bin/ceph: stderr
2024-05-08T21:59:17.339+0000 7f4f78000700 1 -- 172.21.15.131:0/3072693302 --> [v2:172.21.15.131:3300/0,v1:172.21.15.131:6789/0] -- mon_command({"prefix": "get_command_descriptions"} v 0) v1 -- 0x7f4f7010ab70 con 0x7f4f70106790
2024-05-08T21:59:17.955 INFO:teuthology.orchestra.run.smithi131.stdout:/usr/bin/ceph: stderr
2024-05-08T21:59:17.339+0000 7f4f6e000700 1 --2- 172.21.15.131:0/3072693302 >> [v2:172.21.15.131:6800/1418340798,v1:172.21.15.131:6801/1418340798] conn(0x7f4f58038620 0x7f4f5803aae0 unknown :-1 s=NONE pgs=0 cs=0 l=1 rev1=0 crypto rx=0 tx=0 comp rx=0 tx=0).connect
2024-05-08T21:59:17.955 INFO:teuthology.orchestra.run.smithi131.stdout:/usr/bin/ceph: stderr
2024-05-08T21:59:17.339+0000 7f4f6e000700 1 -- 172.21.15.131:0/3072693302 <== mon.0 v2:172.21.15.131:3300/0 5 ==== osd_map(2..2 src has 1..2) v4 ==== 940+0+0 (secure 0 0 0) 0x7f4f6404c410 con 0x7f4f70106790
2024-05-08T21:59:17.955 INFO:teuthology.orchestra.run.smithi131.stdout:/usr/bin/ceph: stderr
2024-05-08T21:59:17.340+0000 7f4f74c00700 1 --2- 172.21.15.131:0/3072693302 >> [v2:172.21.15.131:6800/1418340798,v1:172.21.15.131:6801/1418340798] conn(0x7f4f58038620 0x7f4f5803aae0 unknown :-1 s=BANNER_CONNECTING pgs=0 cs=0 l=1 rev1=0 crypto rx=0 tx=0 comp rx=0 tx=0)._handle_peer_banner_payload supported=3 required=0
2024-05-08T21:59:17.956 INFO:teuthology.orchestra.run.smithi131.stdout:/usr/bin/ceph: stderr
2024-05-08T21:59:17.340+0000 7f4f74c00700 1 --2- 172.21.15.131:0/3072693302 >> [v2:172.21.15.131:6800/1418340798,v1:172.21.15.131:6801/1418340798] conn(0x7f4f58038620 0x7f4f5803aae0 secure :-1 s=READY pgs=7 cs=0 l=1 rev1=1 crypto rx=0x7f4f5c006fd0 tx=0x7f4f5c006e40 comp rx=0 tx=0).ready entity=mgr.14118 client_cookie=0 server_cookie=0 in_seq=0 out_seq=0
2024-05-08T21:59:17.956 INFO:teuthology.orchestra.run.smithi131.stdout:/usr/bin/ceph: stderr
2024-05-08T21:59:17.345+0000 7f4f6e000700 1 -- 172.21.15.131:0/3072693302 <== mon.0 v2:172.21.15.131:3300/0 6 ==== mon_command_ack([{"prefix": "get_command_descriptions"}]=0 v0) v1 ==== 72+0+183622 (secure 0 0 0) 0x7f4f6402c9a0 con 0x7f4f70106790
2024-05-08T21:59:17.956 INFO:teuthology.orchestra.run.smithi131.stdout:/usr/bin/ceph: stderr
2024-05-08T21:59:17.565+0000 7f4f78000700 1 -- 172.21.15.131:0/3072693302 --> [v2:172.21.15.131:6800/1418340798,v1:172.21.15.131:6801/1418340798] -- mgr_command(tid 0: {"prefix": "orch set backend", "module_name": "cephadm", "target": ["mon-mgr", ""]}) v1 -- 0x7f4f70103070 con 0x7f4f58038620
2024-05-08T21:59:17.956 INFO:teuthology.orchestra.run.smithi131.stdout:/usr/bin/ceph: stderr
2024-05-08T21:59:17.576+0000 7f4f6e000700 1 -- 172.21.15.131:0/3072693302 <== mgr.14118 v2:172.21.15.131:6800/1418340798 1 ==== mgr_command_reply(tid 0: 0 ) v1 ==== 8+0+0 (secure 0 0 0) 0x7f4f70103070 con 0x7f4f58038620
2024-05-08T21:59:17.956 INFO:teuthology.orchestra.run.smithi131.stdout:/usr/bin/ceph: stderr
2024-05-08T21:59:17.578+0000 7f4f78000700 1 -- 172.21.15.131:0/3072693302 >> [v2:172.21.15.131:6800/1418340798,v1:172.21.15.131:6801/1418340798] conn(0x7f4f58038620 msgr2=0x7f4f5803aae0 secure :-1 s=STATE_CONNECTION_ESTABLISHED l=1).mark_down
2024-05-08T21:59:17.957 INFO:teuthology.orchestra.run.smithi131.stdout:/usr/bin/ceph: stderr
2024-05-08T21:59:17.578+0000 7f4f78000700 1 --2- 172.21.15.131:0/3072693302 >> [v2:172.21.15.131:6800/1418340798,v1:172.21.15.131:6801/1418340798] conn(0x7f4f58038620 0x7f4f5803aae0 secure :-1 s=READY pgs=7 cs=0 l=1 rev1=1 crypto rx=0x7f4f5c006fd0 tx=0x7f4f5c006e40 comp rx=0 tx=0).stop
2024-05-08T21:59:17.957 INFO:teuthology.orchestra.run.smithi131.stdout:/usr/bin/ceph: stderr
2024-05-08T21:59:17.578+0000 7f4f78000700 1 -- 172.21.15.131:0/3072693302 >> [v2:172.21.15.131:3300/0,v1:172.21.15.131:6789/0] conn(0x7f4f70106790 msgr2=0x7f4f7019c740 secure :-1 s=STATE_CONNECTION_ESTABLISHED l=1).mark_down
2024-05-08T21:59:17.957 INFO:teuthology.orchestra.run.smithi131.stdout:/usr/bin/ceph: stderr
2024-05-08T21:59:17.578+0000 7f4f78000700 1 --2- 172.21.15.131:0/3072693302 >> [v2:172.21.15.131:3300/0,v1:172.21.15.131:6789/0] conn(0x7f4f70106790 0x7f4f7019c740 secure :-1 s=READY pgs=36 cs=0 l=1 rev1=1 crypto rx=0x7f4f64011710 tx=0x7f4f64011ad0 comp rx=0 tx=0).stop
2024-05-08T21:59:17.957 INFO:teuthology.orchestra.run.smithi131.stdout:/usr/bin/ceph: stderr
2024-05-08T21:59:17.578+0000 7f4f78000700 1 -- 172.21.15.131:0/3072693302 shutdown_connections
2024-05-08T21:59:17.957 INFO:teuthology.orchestra.run.smithi131.stdout:/usr/bin/ceph: stderr
2024-05-08T21:59:17.578+0000 7f4f78000700 1 --2- 172.21.15.131:0/3072693302 >> [v2:172.21.15.131:6800/1418340798,v1:172.21.15.131:6801/1418340798] conn(0x7f4f58038620 0x7f4f5803aae0 unknown :-1 s=CLOSED pgs=7 cs=0 l=1 rev1=1 crypto rx=0 tx=0 comp rx=0 tx=0).stop
2024-05-08T21:59:17.957 INFO:teuthology.orchestra.run.smithi131.stdout:/usr/bin/ceph: stderr
2024-05-08T21:59:17.578+0000 7f4f78000700 1 --2- 172.21.15.131:0/3072693302 >> [v2:172.21.15.131:3300/0,v1:172.21.15.131:6789/0] conn(0x7f4f70106790 0x7f4f7019c740 unknown :-1 s=CLOSED pgs=36 cs=0 l=1 rev1=1 crypto rx=0 tx=0 comp rx=0 tx=0).stop
2024-05-08T21:59:17.958 INFO:teuthology.orchestra.run.smithi131.stdout:/usr/bin/ceph: stderr
2024-05-08T21:59:17.578+0000 7f4f78000700 1 -- 172.21.15.131:0/3072693302 >> 172.21.15.131:0/3072693302 conn(0x7f4f70101d50 msgr2=0x7f4f70102960 unknown :-1 s=STATE_NONE l=0).mark_down
2024-05-08T21:59:17.958 INFO:teuthology.orchestra.run.smithi131.stdout:/usr/bin/ceph: stderr
2024-05-08T21:59:17.579+0000 7f4f78000700 1 -- 172.21.15.131:0/3072693302 shutdown_connections
2024-05-08T21:59:17.958 INFO:teuthology.orchestra.run.smithi131.stdout:/usr/bin/ceph: stderr
2024-05-08T21:59:17.579+0000 7f4f78000700 1 -- 172.21.15.131:0/3072693302 wait complete.
2024-05-08T21:59:18.890 INFO:journalctl@ceph.mon.a.smithi131.stdout:May 08 21:59:18 smithi131 ceph-mon[37260]: from='client.14130 -' entity='client.admin' cmd=[{"prefix": "orch set backend", "module_name": "cephadm", "target": ["mon-mgr", ""]}]: dispatch
2024-05-08T21:59:18.891 INFO:journalctl@ceph.mon.a.smithi131.stdout:May 08 21:59:18 smithi131 ceph-mon[37260]: mgrmap e8: x(active, since 2s)
2024-05-08T21:59:18.959 INFO:teuthology.orchestra.run.smithi131.stdout:/usr/bin/ceph: stdout value unchanged
2024-05-08T21:59:18.960 INFO:teuthology.orchestra.run.smithi131.stdout:/usr/bin/ceph: stderr
2024-05-08T21:59:18.381+0000 7f1600000700 1 Processor -- start
2024-05-08T21:59:18.960 INFO:teuthology.orchestra.run.smithi131.stdout:/usr/bin/ceph: stderr
2024-05-08T21:59:18.381+0000 7f1600000700 1 -- start start
2024-05-08T21:59:18.960 INFO:teuthology.orchestra.run.smithi131.stdout:/usr/bin/ceph: stderr
2024-05-08T21:59:18.381+0000 7f1600000700 1 --2- >> [v2:172.21.15.131:3300/0,v1:172.21.15.131:6789/0] conn(0x7f15f8106780 0x7f15f8106ba0 unknown :-1 s=NONE pgs=0 cs=0 l=0 rev1=0 crypto rx=0 tx=0 comp rx=0 tx=0).connect
2024-05-08T21:59:18.960 INFO:teuthology.orchestra.run.smithi131.stdout:/usr/bin/ceph: stderr
2024-05-08T21:59:18.381+0000 7f1600000700 1 -- --> [v2:172.21.15.131:3300/0,v1:172.21.15.131:6789/0] -- mon_getmap magic: 0 v1 -- 0x7f15f8107170 con 0x7f15f8106780
2024-05-08T21:59:18.960 INFO:teuthology.orchestra.run.smithi131.stdout:/usr/bin/ceph: stderr
2024-05-08T21:59:18.382+0000 7f15fd600700 1 --2- >> [v2:172.21.15.131:3300/0,v1:172.21.15.131:6789/0] conn(0x7f15f8106780 0x7f15f8106ba0 unknown :-1 s=BANNER_CONNECTING pgs=0 cs=0 l=0 rev1=0 crypto rx=0 tx=0 comp rx=0 tx=0)._handle_peer_banner_payload supported=3 required=0
2024-05-08T21:59:18.960 INFO:teuthology.orchestra.run.smithi131.stdout:/usr/bin/ceph: stderr
2024-05-08T21:59:18.382+0000 7f15fd600700 1 --2- >> [v2:172.21.15.131:3300/0,v1:172.21.15.131:6789/0] conn(0x7f15f8106780 0x7f15f8106ba0 unknown :-1 s=HELLO_CONNECTING pgs=0 cs=0 l=0 rev1=1 crypto rx=0 tx=0 comp rx=0 tx=0).handle_hello peer v2:172.21.15.131:3300/0 says I am v2:172.21.15.131:33102/0 (socket says 172.21.15.131:33102)
2024-05-08T21:59:18.960 INFO:teuthology.orchestra.run.smithi131.stdout:/usr/bin/ceph: stderr
2024-05-08T21:59:18.382+0000 7f15fd600700 1 -- 172.21.15.131:0/723347151 learned_addr learned my addr 172.21.15.131:0/723347151 (peer_addr_for_me v2:172.21.15.131:0/0)
2024-05-08T21:59:18.960 INFO:teuthology.orchestra.run.smithi131.stdout:/usr/bin/ceph: stderr
2024-05-08T21:59:18.382+0000 7f15fd600700 1 -- 172.21.15.131:0/723347151 --> [v2:172.21.15.131:3300/0,v1:172.21.15.131:6789/0] -- mon_subscribe({config=0+,monmap=0+}) v3 -- 0x7f15f8107930 con 0x7f15f8106780
2024-05-08T21:59:18.960 INFO:teuthology.orchestra.run.smithi131.stdout:/usr/bin/ceph: stderr
2024-05-08T21:59:18.383+0000 7f15fd600700 1 --2- 172.21.15.131:0/723347151 >> [v2:172.21.15.131:3300/0,v1:172.21.15.131:6789/0] conn(0x7f15f8106780 0x7f15f8106ba0 secure :-1 s=READY pgs=37 cs=0 l=1 rev1=1 crypto rx=0x7f15ec0098a0 tx=0x7f15ec009bb0 comp rx=0 tx=0).ready entity=mon.0 client_cookie=7e02d5a9602948ff server_cookie=0 in_seq=0 out_seq=0
2024-05-08T21:59:18.960 INFO:teuthology.orchestra.run.smithi131.stdout:/usr/bin/ceph: stderr
2024-05-08T21:59:18.383+0000 7f15f7e00700 1 -- 172.21.15.131:0/723347151 <== mon.0 v2:172.21.15.131:3300/0 1 ==== mon_map magic: 0 v1 ==== 205+0+0 (secure 0 0 0) 0x7f15ec004160 con 0x7f15f8106780
2024-05-08T21:59:18.960 INFO:teuthology.orchestra.run.smithi131.stdout:/usr/bin/ceph: stderr
2024-05-08T21:59:18.383+0000 7f15f7e00700 1 -- 172.21.15.131:0/723347151 <== mon.0 v2:172.21.15.131:3300/0 2 ==== config(26 keys) v1 ==== 1074+0+0 (secure 0 0 0) 0x7f15ec0042c0 con 0x7f15f8106780
2024-05-08T21:59:18.960 INFO:teuthology.orchestra.run.smithi131.stdout:/usr/bin/ceph: stderr
2024-05-08T21:59:18.383+0000 7f15f7e00700 1 -- 172.21.15.131:0/723347151 <== mon.0 v2:172.21.15.131:3300/0 3 ==== mon_map magic: 0 v1 ==== 205+0+0 (secure 0 0 0) 0x7f15ec011a00 con 0x7f15f8106780
2024-05-08T21:59:18.960 INFO:teuthology.orchestra.run.smithi131.stdout:/usr/bin/ceph: stderr
2024-05-08T21:59:18.383+0000 7f1600000700 1 -- 172.21.15.131:0/723347151 >> [v2:172.21.15.131:3300/0,v1:172.21.15.131:6789/0] conn(0x7f15f8106780 msgr2=0x7f15f8106ba0 secure :-1 s=STATE_CONNECTION_ESTABLISHED l=1).mark_down
2024-05-08T21:59:18.960 INFO:teuthology.orchestra.run.smithi131.stdout:/usr/bin/ceph: stderr
2024-05-08T21:59:18.383+0000 7f1600000700 1 --2- 172.21.15.131:0/723347151 >> [v2:172.21.15.131:3300/0,v1:172.21.15.131:6789/0] conn(0x7f15f8106780 0x7f15f8106ba0 secure :-1 s=READY pgs=37 cs=0 l=1 rev1=1 crypto rx=0x7f15ec0098a0 tx=0x7f15ec009bb0 comp rx=0 tx=0).stop
2024-05-08T21:59:18.961 INFO:teuthology.orchestra.run.smithi131.stdout:/usr/bin/ceph: stderr
2024-05-08T21:59:18.383+0000 7f1600000700 1 -- 172.21.15.131:0/723347151 shutdown_connections
2024-05-08T21:59:18.961 INFO:teuthology.orchestra.run.smithi131.stdout:/usr/bin/ceph: stderr
2024-05-08T21:59:18.383+0000 7f1600000700 1 --2- 172.21.15.131:0/723347151 >> [v2:172.21.15.131:3300/0,v1:172.21.15.131:6789/0] conn(0x7f15f8106780 0x7f15f8106ba0 unknown :-1 s=CLOSED pgs=37 cs=0 l=1 rev1=1 crypto rx=0 tx=0 comp rx=0 tx=0).stop
2024-05-08T21:59:18.961 INFO:teuthology.orchestra.run.smithi131.stdout:/usr/bin/ceph: stderr
2024-05-08T21:59:18.383+0000 7f1600000700 1 -- 172.21.15.131:0/723347151 >> 172.21.15.131:0/723347151 conn(0x7f15f8101d20 msgr2=0x7f15f8104160 unknown :-1 s=STATE_NONE l=0).mark_down
2024-05-08T21:59:18.961 INFO:teuthology.orchestra.run.smithi131.stdout:/usr/bin/ceph: stderr
2024-05-08T21:59:18.384+0000 7f1600000700 1 -- 172.21.15.131:0/723347151 shutdown_connections
2024-05-08T21:59:18.961 INFO:teuthology.orchestra.run.smithi131.stdout:/usr/bin/ceph: stderr
2024-05-08T21:59:18.384+0000 7f1600000700 1 -- 172.21.15.131:0/723347151 wait complete.
2024-05-08T21:59:18.961 INFO:teuthology.orchestra.run.smithi131.stdout:/usr/bin/ceph: stderr
2024-05-08T21:59:18.385+0000 7f1600000700 1 Processor -- start
2024-05-08T21:59:18.961 INFO:teuthology.orchestra.run.smithi131.stdout:/usr/bin/ceph: stderr
2024-05-08T21:59:18.385+0000 7f1600000700 1 -- start start
2024-05-08T21:59:18.961 INFO:teuthology.orchestra.run.smithi131.stdout:/usr/bin/ceph: stderr
2024-05-08T21:59:18.385+0000 7f1600000700 1 --2- >> [v2:172.21.15.131:3300/0,v1:172.21.15.131:6789/0] conn(0x7f15f8106780 0x7f15f819c650 unknown :-1 s=NONE pgs=0 cs=0 l=1 rev1=0 crypto rx=0 tx=0 comp rx=0 tx=0).connect
2024-05-08T21:59:18.961 INFO:teuthology.orchestra.run.smithi131.stdout:/usr/bin/ceph: stderr
2024-05-08T21:59:18.385+0000 7f1600000700 1 -- --> [v2:172.21.15.131:3300/0,v1:172.21.15.131:6789/0] -- mon_getmap magic: 0 v1 -- 0x7f15f819cb90 con 0x7f15f8106780
2024-05-08T21:59:18.961 INFO:teuthology.orchestra.run.smithi131.stdout:/usr/bin/ceph: stderr
2024-05-08T21:59:18.385+0000 7f15fd600700 1 --2- >> [v2:172.21.15.131:3300/0,v1:172.21.15.131:6789/0] conn(0x7f15f8106780 0x7f15f819c650 unknown :-1 s=BANNER_CONNECTING pgs=0 cs=0 l=1 rev1=0 crypto rx=0 tx=0 comp rx=0 tx=0)._handle_peer_banner_payload supported=3 required=0
2024-05-08T21:59:18.961 INFO:teuthology.orchestra.run.smithi131.stdout:/usr/bin/ceph: stderr
2024-05-08T21:59:18.385+0000 7f15fd600700 1 --2- >> [v2:172.21.15.131:3300/0,v1:172.21.15.131:6789/0] conn(0x7f15f8106780 0x7f15f819c650 unknown :-1 s=HELLO_CONNECTING pgs=0 cs=0 l=1 rev1=1 crypto rx=0 tx=0 comp rx=0 tx=0).handle_hello peer v2:172.21.15.131:3300/0 says I am v2:172.21.15.131:33114/0 (socket says 172.21.15.131:33114)
2024-05-08T21:59:18.961 INFO:teuthology.orchestra.run.smithi131.stdout:/usr/bin/ceph: stderr
2024-05-08T21:59:18.385+0000 7f15fd600700 1 -- 172.21.15.131:0/3771270175 learned_addr learned my addr 172.21.15.131:0/3771270175 (peer_addr_for_me v2:172.21.15.131:0/0)
2024-05-08T21:59:18.961 INFO:teuthology.orchestra.run.smithi131.stdout:/usr/bin/ceph: stderr
2024-05-08T21:59:18.386+0000 7f15fd600700 1 -- 172.21.15.131:0/3771270175 --> [v2:172.21.15.131:3300/0,v1:172.21.15.131:6789/0] -- mon_subscribe({config=0+,monmap=0+}) v3 -- 0x7f15ec009550 con 0x7f15f8106780
2024-05-08T21:59:18.961 INFO:teuthology.orchestra.run.smithi131.stdout:/usr/bin/ceph: stderr
2024-05-08T21:59:18.386+0000 7f15fd600700 1 --2- 172.21.15.131:0/3771270175 >> [v2:172.21.15.131:3300/0,v1:172.21.15.131:6789/0] conn(0x7f15f8106780 0x7f15f819c650 secure :-1 s=READY pgs=38 cs=0 l=1 rev1=1 crypto rx=0x7f15ec009130 tx=0x7f15ec011ad0 comp rx=0 tx=0).ready entity=mon.0 client_cookie=0 server_cookie=0 in_seq=0 out_seq=0
2024-05-08T21:59:18.962 INFO:teuthology.orchestra.run.smithi131.stdout:/usr/bin/ceph: stderr
2024-05-08T21:59:18.386+0000 7f15f6000700 1 -- 172.21.15.131:0/3771270175 <== mon.0 v2:172.21.15.131:3300/0 1 ==== mon_map magic: 0 v1 ==== 205+0+0 (secure 0 0 0) 0x7f15ec003ab0 con 0x7f15f8106780
2024-05-08T21:59:18.962 INFO:teuthology.orchestra.run.smithi131.stdout:/usr/bin/ceph: stderr
2024-05-08T21:59:18.386+0000 7f15f6000700 1 -- 172.21.15.131:0/3771270175 <== mon.0 v2:172.21.15.131:3300/0 2 ==== config(26 keys) v1 ==== 1074+0+0 (secure 0 0 0) 0x7f15ec003c10 con 0x7f15f8106780
2024-05-08T21:59:18.962 INFO:teuthology.orchestra.run.smithi131.stdout:/usr/bin/ceph: stderr
2024-05-08T21:59:18.386+0000 7f1600000700 1 -- 172.21.15.131:0/3771270175 --> [v2:172.21.15.131:3300/0,v1:172.21.15.131:6789/0] -- mon_subscribe({mgrmap=0+}) v3 -- 0x7f15f819cd90 con 0x7f15f8106780
2024-05-08T21:59:18.962 INFO:teuthology.orchestra.run.smithi131.stdout:/usr/bin/ceph: stderr
2024-05-08T21:59:18.386+0000 7f15f6000700 1 -- 172.21.15.131:0/3771270175 <== mon.0 v2:172.21.15.131:3300/0 3 ==== mon_map magic: 0 v1 ==== 205+0+0 (secure 0 0 0) 0x7f15ec0247d0 con 0x7f15f8106780
2024-05-08T21:59:18.962 INFO:teuthology.orchestra.run.smithi131.stdout:/usr/bin/ceph: stderr
2024-05-08T21:59:18.386+0000 7f1600000700 1 -- 172.21.15.131:0/3771270175 --> [v2:172.21.15.131:3300/0,v1:172.21.15.131:6789/0] -- mon_subscribe({osdmap=0}) v3 -- 0x7f15f819d230 con 0x7f15f8106780
2024-05-08T21:59:18.962 INFO:teuthology.orchestra.run.smithi131.stdout:/usr/bin/ceph: stderr
2024-05-08T21:59:18.387+0000 7f15f6000700 1 -- 172.21.15.131:0/3771270175 <== mon.0 v2:172.21.15.131:3300/0 4 ==== mgrmap(e 8) v1 ==== 45541+0+0 (secure 0 0 0) 0x7f15ec01a430 con 0x7f15f8106780
2024-05-08T21:59:18.962 INFO:teuthology.orchestra.run.smithi131.stdout:/usr/bin/ceph: stderr
2024-05-08T21:59:18.387+0000 7f1600000700 1 -- 172.21.15.131:0/3771270175 --> [v2:172.21.15.131:3300/0,v1:172.21.15.131:6789/0] -- mon_command({"prefix": "get_command_descriptions"} v 0) v1 -- 0x7f15f810ab60 con 0x7f15f8106780
2024-05-08T21:59:18.962 INFO:teuthology.orchestra.run.smithi131.stdout:/usr/bin/ceph: stderr
2024-05-08T21:59:18.388+0000 7f15f6000700 1 --2- 172.21.15.131:0/3771270175 >> [v2:172.21.15.131:6800/1418340798,v1:172.21.15.131:6801/1418340798] conn(0x7f15e0038750 0x7f15e003ac10 unknown :-1 s=NONE pgs=0 cs=0 l=1 rev1=0 crypto rx=0 tx=0 comp rx=0 tx=0).connect
2024-05-08T21:59:18.962 INFO:teuthology.orchestra.run.smithi131.stdout:/usr/bin/ceph: stderr
2024-05-08T21:59:18.388+0000 7f15f6000700 1 -- 172.21.15.131:0/3771270175 <== mon.0 v2:172.21.15.131:3300/0 5 ==== osd_map(2..2 src has 1..2) v4 ==== 940+0+0 (secure 0 0 0) 0x7f15ec04c890 con 0x7f15f8106780
2024-05-08T21:59:18.962 INFO:teuthology.orchestra.run.smithi131.stdout:/usr/bin/ceph: stderr
2024-05-08T21:59:18.388+0000 7f15fcc00700 1 --2- 172.21.15.131:0/3771270175 >> [v2:172.21.15.131:6800/1418340798,v1:172.21.15.131:6801/1418340798] conn(0x7f15e0038750 0x7f15e003ac10 unknown :-1 s=BANNER_CONNECTING pgs=0 cs=0 l=1 rev1=0 crypto rx=0 tx=0 comp rx=0 tx=0)._handle_peer_banner_payload supported=3 required=0
2024-05-08T21:59:18.962 INFO:teuthology.orchestra.run.smithi131.stdout:/usr/bin/ceph: stderr
2024-05-08T21:59:18.389+0000 7f15fcc00700 1 --2- 172.21.15.131:0/3771270175 >> [v2:172.21.15.131:6800/1418340798,v1:172.21.15.131:6801/1418340798] conn(0x7f15e0038750 0x7f15e003ac10 secure :-1 s=READY pgs=8 cs=0 l=1 rev1=1 crypto rx=0x7f15e4006fd0 tx=0x7f15e4006e40 comp rx=0 tx=0).ready entity=mgr.14118 client_cookie=0 server_cookie=0 in_seq=0 out_seq=0
2024-05-08T21:59:18.962 INFO:teuthology.orchestra.run.smithi131.stdout:/usr/bin/ceph: stderr
2024-05-08T21:59:18.393+0000 7f15f6000700 1 -- 172.21.15.131:0/3771270175 <== mon.0 v2:172.21.15.131:3300/0 6 ==== mon_command_ack([{"prefix": "get_command_descriptions"}]=0 v0) v1 ==== 72+0+183622 (secure 0 0 0) 0x7f15ec018b40 con 0x7f15f8106780
2024-05-08T21:59:18.962 INFO:teuthology.orchestra.run.smithi131.stdout:/usr/bin/ceph: stderr
2024-05-08T21:59:18.597+0000 7f1600000700 1 -- 172.21.15.131:0/3771270175 --> [v2:172.21.15.131:6800/1418340798,v1:172.21.15.131:6801/1418340798] -- mgr_command(tid 0: {"prefix": "cephadm set-user", "user": "root", "target": ["mon-mgr", ""]}) v1 -- 0x7f15f819fb20 con 0x7f15e0038750
2024-05-08T21:59:18.963 INFO:teuthology.orchestra.run.smithi131.stdout:/usr/bin/ceph: stderr
2024-05-08T21:59:18.598+0000 7f15f6000700 1 -- 172.21.15.131:0/3771270175 <== mgr.14118 v2:172.21.15.131:6800/1418340798 1 ==== mgr_command_reply(tid 0: 0 ) v1 ==== 8+0+16 (secure 0 0 0) 0x7f15f819fb20 con 0x7f15e0038750
2024-05-08T21:59:18.963 INFO:teuthology.orchestra.run.smithi131.stdout:/usr/bin/ceph: stderr
2024-05-08T21:59:18.600+0000 7f1600000700 1 -- 172.21.15.131:0/3771270175 >> [v2:172.21.15.131:6800/1418340798,v1:172.21.15.131:6801/1418340798] conn(0x7f15e0038750 msgr2=0x7f15e003ac10 secure :-1 s=STATE_CONNECTION_ESTABLISHED l=1).mark_down
2024-05-08T21:59:18.963 INFO:teuthology.orchestra.run.smithi131.stdout:/usr/bin/ceph: stderr
2024-05-08T21:59:18.600+0000 7f1600000700 1 --2- 172.21.15.131:0/3771270175 >> [v2:172.21.15.131:6800/1418340798,v1:172.21.15.131:6801/1418340798] conn(0x7f15e0038750 0x7f15e003ac10 secure :-1 s=READY pgs=8 cs=0 l=1 rev1=1 crypto rx=0x7f15e4006fd0 tx=0x7f15e4006e40 comp rx=0 tx=0).stop
2024-05-08T21:59:18.963 INFO:teuthology.orchestra.run.smithi131.stdout:/usr/bin/ceph: stderr
2024-05-08T21:59:18.601+0000 7f1600000700 1 -- 172.21.15.131:0/3771270175 >> [v2:172.21.15.131:3300/0,v1:172.21.15.131:6789/0] conn(0x7f15f8106780 msgr2=0x7f15f819c650 secure :-1 s=STATE_CONNECTION_ESTABLISHED l=1).mark_down
2024-05-08T21:59:18.963 INFO:teuthology.orchestra.run.smithi131.stdout:/usr/bin/ceph: stderr
2024-05-08T21:59:18.601+0000 7f1600000700 1 --2- 172.21.15.131:0/3771270175 >> [v2:172.21.15.131:3300/0,v1:172.21.15.131:6789/0] conn(0x7f15f8106780 0x7f15f819c650 secure :-1 s=READY pgs=38 cs=0 l=1 rev1=1 crypto rx=0x7f15ec009130 tx=0x7f15ec011ad0 comp rx=0 tx=0).stop
2024-05-08T21:59:18.963 INFO:teuthology.orchestra.run.smithi131.stdout:/usr/bin/ceph: stderr
2024-05-08T21:59:18.601+0000 7f1600000700 1 -- 172.21.15.131:0/3771270175 shutdown_connections
2024-05-08T21:59:18.963 INFO:teuthology.orchestra.run.smithi131.stdout:/usr/bin/ceph: stderr
2024-05-08T21:59:18.601+0000 7f1600000700 1 --2- 172.21.15.131:0/3771270175 >> [v2:172.21.15.131:6800/1418340798,v1:172.21.15.131:6801/1418340798] conn(0x7f15e0038750 0x7f15e003ac10 unknown :-1 s=CLOSED pgs=8 cs=0 l=1 rev1=1 crypto rx=0 tx=0 comp rx=0 tx=0).stop
2024-05-08T21:59:18.963 INFO:teuthology.orchestra.run.smithi131.stdout:/usr/bin/ceph: stderr
2024-05-08T21:59:18.601+0000 7f1600000700 1 --2- 172.21.15.131:0/3771270175 >> [v2:172.21.15.131:3300/0,v1:172.21.15.131:6789/0] conn(0x7f15f8106780 0x7f15f819c650 unknown :-1 s=CLOSED pgs=38 cs=0 l=1 rev1=1 crypto rx=0 tx=0 comp rx=0 tx=0).stop
2024-05-08T21:59:18.963 INFO:teuthology.orchestra.run.smithi131.stdout:/usr/bin/ceph: stderr
2024-05-08T21:59:18.601+0000 7f1600000700 1 -- 172.21.15.131:0/3771270175 >> 172.21.15.131:0/3771270175 conn(0x7f15f8101d20 msgr2=0x7f15f8102880 unknown :-1 s=STATE_NONE l=0).mark_down
2024-05-08T21:59:18.963 INFO:teuthology.orchestra.run.smithi131.stdout:/usr/bin/ceph: stderr
2024-05-08T21:59:18.601+0000 7f1600000700 1 -- 172.21.15.131:0/3771270175 shutdown_connections
2024-05-08T21:59:18.963 INFO:teuthology.orchestra.run.smithi131.stdout:/usr/bin/ceph: stderr
2024-05-08T21:59:18.601+0000 7f1600000700 1 -- 172.21.15.131:0/3771270175 wait complete.
2024-05-08T21:59:18.963 INFO:teuthology.orchestra.run.smithi131.stdout:Generating ssh key...
2024-05-08T21:59:19.890 INFO:journalctl@ceph.mon.a.smithi131.stdout:May 08 21:59:19 smithi131 ceph-mon[37260]: from='client.14132 -' entity='client.admin' cmd=[{"prefix": "cephadm set-user", "user": "root", "target": ["mon-mgr", ""]}]: dispatch
2024-05-08T21:59:20.321 INFO:teuthology.orchestra.run.smithi131.stdout:/usr/bin/ceph: stderr
2024-05-08T21:59:19.402+0000 7f99b5a00700 1 Processor -- start
2024-05-08T21:59:20.321 INFO:teuthology.orchestra.run.smithi131.stdout:/usr/bin/ceph: stderr
2024-05-08T21:59:19.403+0000 7f99b5a00700 1 -- start start
2024-05-08T21:59:20.321 INFO:teuthology.orchestra.run.smithi131.stdout:/usr/bin/ceph: stderr
2024-05-08T21:59:19.403+0000 7f99b5a00700 1 --2- >> [v2:172.21.15.131:3300/0,v1:172.21.15.131:6789/0] conn(0x7f99b007be90 0x7f99b007a340 unknown :-1 s=NONE pgs=0 cs=0 l=0 rev1=0 crypto rx=0 tx=0 comp rx=0 tx=0).connect
2024-05-08T21:59:20.322 INFO:teuthology.orchestra.run.smithi131.stdout:/usr/bin/ceph: stderr
2024-05-08T21:59:19.403+0000 7f99b5a00700 1 -- --> [v2:172.21.15.131:3300/0,v1:172.21.15.131:6789/0] -- mon_getmap magic: 0 v1 -- 0x7f99b007a910 con 0x7f99b007be90
2024-05-08T21:59:20.322 INFO:teuthology.orchestra.run.smithi131.stdout:/usr/bin/ceph: stderr
2024-05-08T21:59:19.403+0000 7f99aea00700 1 --2- >> [v2:172.21.15.131:3300/0,v1:172.21.15.131:6789/0] conn(0x7f99b007be90 0x7f99b007a340 unknown :-1 s=BANNER_CONNECTING pgs=0 cs=0 l=0 rev1=0 crypto rx=0 tx=0 comp rx=0 tx=0)._handle_peer_banner_payload supported=3 required=0
2024-05-08T21:59:20.322 INFO:teuthology.orchestra.run.smithi131.stdout:/usr/bin/ceph: stderr
2024-05-08T21:59:19.403+0000 7f99aea00700 1 --2- >> [v2:172.21.15.131:3300/0,v1:172.21.15.131:6789/0] conn(0x7f99b007be90 0x7f99b007a340 unknown :-1 s=HELLO_CONNECTING pgs=0 cs=0 l=0 rev1=1 crypto rx=0 tx=0 comp rx=0 tx=0).handle_hello peer v2:172.21.15.131:3300/0 says I am v2:172.21.15.131:33118/0 (socket says 172.21.15.131:33118)
2024-05-08T21:59:20.322 INFO:teuthology.orchestra.run.smithi131.stdout:/usr/bin/ceph: stderr
2024-05-08T21:59:19.403+0000 7f99aea00700 1 -- 172.21.15.131:0/1445348559 learned_addr learned my addr 172.21.15.131:0/1445348559 (peer_addr_for_me v2:172.21.15.131:0/0)
2024-05-08T21:59:20.322 INFO:teuthology.orchestra.run.smithi131.stdout:/usr/bin/ceph: stderr
2024-05-08T21:59:19.404+0000 7f99aea00700 1 -- 172.21.15.131:0/1445348559 --> [v2:172.21.15.131:3300/0,v1:172.21.15.131:6789/0] -- mon_subscribe({config=0+,monmap=0+}) v3 -- 0x7f99b007aa50 con 0x7f99b007be90
2024-05-08T21:59:20.322 INFO:teuthology.orchestra.run.smithi131.stdout:/usr/bin/ceph: stderr
2024-05-08T21:59:19.404+0000 7f99aea00700 1 --2- 172.21.15.131:0/1445348559 >> [v2:172.21.15.131:3300/0,v1:172.21.15.131:6789/0] conn(0x7f99b007be90 0x7f99b007a340 secure :-1 s=READY pgs=39 cs=0 l=1 rev1=1 crypto rx=0x7f99a00098a0 tx=0x7f99a0009bb0 comp rx=0 tx=0).ready entity=mon.0 client_cookie=759f35f178a1ed34 server_cookie=0 in_seq=0 out_seq=0
2024-05-08T21:59:20.322 INFO:teuthology.orchestra.run.smithi131.stdout:/usr/bin/ceph: stderr
2024-05-08T21:59:19.404+0000 7f99ad600700 1 -- 172.21.15.131:0/1445348559 <== mon.0 v2:172.21.15.131:3300/0 1 ==== mon_map magic: 0 v1 ==== 205+0+0 (secure 0 0 0) 0x7f99a0004160 con 0x7f99b007be90
2024-05-08T21:59:20.322 INFO:teuthology.orchestra.run.smithi131.stdout:/usr/bin/ceph: stderr
2024-05-08T21:59:19.404+0000 7f99ad600700 1 -- 172.21.15.131:0/1445348559 <== mon.0 v2:172.21.15.131:3300/0 2 ==== config(26 keys) v1 ==== 1074+0+0 (secure 0 0 0) 0x7f99a00042c0 con 0x7f99b007be90
2024-05-08T21:59:20.322 INFO:teuthology.orchestra.run.smithi131.stdout:/usr/bin/ceph: stderr
2024-05-08T21:59:19.404+0000 7f99ad600700 1 -- 172.21.15.131:0/1445348559 <== mon.0 v2:172.21.15.131:3300/0 3 ==== mon_map magic: 0 v1 ==== 205+0+0 (secure 0 0 0) 0x7f99a0011a00 con 0x7f99b007be90
2024-05-08T21:59:20.322 INFO:teuthology.orchestra.run.smithi131.stdout:/usr/bin/ceph: stderr
2024-05-08T21:59:19.405+0000 7f99b5a00700 1 -- 172.21.15.131:0/1445348559 >> [v2:172.21.15.131:3300/0,v1:172.21.15.131:6789/0] conn(0x7f99b007be90 msgr2=0x7f99b007a340 secure :-1 s=STATE_CONNECTION_ESTABLISHED l=1).mark_down
2024-05-08T21:59:20.323 INFO:teuthology.orchestra.run.smithi131.stdout:/usr/bin/ceph: stderr
2024-05-08T21:59:19.405+0000 7f99b5a00700 1 --2- 172.21.15.131:0/1445348559 >> [v2:172.21.15.131:3300/0,v1:172.21.15.131:6789/0] conn(0x7f99b007be90 0x7f99b007a340 secure :-1 s=READY pgs=39 cs=0 l=1 rev1=1 crypto rx=0x7f99a00098a0 tx=0x7f99a0009bb0 comp rx=0 tx=0).stop
2024-05-08T21:59:20.323 INFO:teuthology.orchestra.run.smithi131.stdout:/usr/bin/ceph: stderr
2024-05-08T21:59:19.405+0000 7f99b5a00700 1 -- 172.21.15.131:0/1445348559 shutdown_connections
2024-05-08T21:59:20.323 INFO:teuthology.orchestra.run.smithi131.stdout:/usr/bin/ceph: stderr
2024-05-08T21:59:19.405+0000 7f99b5a00700 1 --2- 172.21.15.131:0/1445348559 >> [v2:172.21.15.131:3300/0,v1:172.21.15.131:6789/0] conn(0x7f99b007be90 0x7f99b007a340 unknown :-1 s=CLOSED pgs=39 cs=0 l=1 rev1=1 crypto rx=0 tx=0 comp rx=0 tx=0).stop
2024-05-08T21:59:20.323 INFO:teuthology.orchestra.run.smithi131.stdout:/usr/bin/ceph: stderr
2024-05-08T21:59:19.405+0000 7f99b5a00700 1 -- 172.21.15.131:0/1445348559 >> 172.21.15.131:0/1445348559 conn(0x7f99b0101d20 msgr2=0x7f99b0104160 unknown :-1 s=STATE_NONE l=0).mark_down
2024-05-08T21:59:20.323 INFO:teuthology.orchestra.run.smithi131.stdout:/usr/bin/ceph: stderr
2024-05-08T21:59:19.405+0000 7f99b5a00700 1 -- 172.21.15.131:0/1445348559 shutdown_connections
2024-05-08T21:59:20.323 INFO:teuthology.orchestra.run.smithi131.stdout:/usr/bin/ceph: stderr
2024-05-08T21:59:19.405+0000 7f99b5a00700 1 -- 172.21.15.131:0/1445348559 wait complete.
2024-05-08T21:59:20.323 INFO:teuthology.orchestra.run.smithi131.stdout:/usr/bin/ceph: stderr
2024-05-08T21:59:19.406+0000 7f99b5a00700 1 Processor -- start
2024-05-08T21:59:20.323 INFO:teuthology.orchestra.run.smithi131.stdout:/usr/bin/ceph: stderr
2024-05-08T21:59:19.407+0000 7f99b5a00700 1 -- start start
2024-05-08T21:59:20.323 INFO:teuthology.orchestra.run.smithi131.stdout:/usr/bin/ceph: stderr
