2024-05-08T22:07:58.397+0000 7f89b9ffb700 1 -- 172.21.15.81:0/406551146 <== mon.0 v2:172.21.15.81:3300/0 3 ==== mon_map magic: 0 v1 ==== 205+0+0 (secure 0 0 0) 0x7f89b0019530 con 0x7f89bc1072c0
2024-05-08T22:07:59.893 INFO:teuthology.orchestra.run.smithi081.stdout:/usr/bin/ceph: stderr
2024-05-08T22:07:58.397+0000 7f89c321a700 1 -- 172.21.15.81:0/406551146 --> [v2:172.21.15.81:3300/0,v1:172.21.15.81:6789/0] -- mon_subscribe({osdmap=0}) v3 -- 0x7f89bc19b170 con 0x7f89bc1072c0
2024-05-08T22:07:59.893 INFO:teuthology.orchestra.run.smithi081.stdout:/usr/bin/ceph: stderr
2024-05-08T22:07:58.398+0000 7f89c321a700 1 -- 172.21.15.81:0/406551146 --> [v2:172.21.15.81:3300/0,v1:172.21.15.81:6789/0] -- mon_command({"prefix": "get_command_descriptions"} v 0) v1 -- 0x7f89bc10a9d0 con 0x7f89bc1072c0
2024-05-08T22:07:59.893 INFO:teuthology.orchestra.run.smithi081.stdout:/usr/bin/ceph: stderr
2024-05-08T22:07:58.398+0000 7f89b9ffb700 1 -- 172.21.15.81:0/406551146 <== mon.0 v2:172.21.15.81:3300/0 4 ==== mgrmap(e 9) v1 ==== 45554+0+0 (secure 0 0 0) 0x7f89b00197f0 con 0x7f89bc1072c0
2024-05-08T22:07:59.893 INFO:teuthology.orchestra.run.smithi081.stdout:/usr/bin/ceph: stderr
2024-05-08T22:07:58.398+0000 7f89b9ffb700 1 --2- 172.21.15.81:0/406551146 >> [v2:172.21.15.81:6800/1366536001,v1:172.21.15.81:6801/1366536001] conn(0x7f89ac038700 0x7f89ac03abc0 unknown :-1 s=NONE pgs=0 cs=0 l=1 rev1=0 crypto rx=0 tx=0 comp rx=0 tx=0).connect
2024-05-08T22:07:59.893 INFO:teuthology.orchestra.run.smithi081.stdout:/usr/bin/ceph: stderr
2024-05-08T22:07:58.398+0000 7f89b9ffb700 1 -- 172.21.15.81:0/406551146 <== mon.0 v2:172.21.15.81:3300/0 5 ==== osd_map(2..2 src has 1..2) v4 ==== 940+0+0 (secure 0 0 0) 0x7f89b004c8b0 con 0x7f89bc1072c0
2024-05-08T22:07:59.893 INFO:teuthology.orchestra.run.smithi081.stdout:/usr/bin/ceph: stderr
2024-05-08T22:07:58.398+0000 7f89bbfff700 1 -- 172.21.15.81:0/406551146 >> [v2:172.21.15.81:6800/1366536001,v1:172.21.15.81:6801/1366536001] conn(0x7f89ac038700 msgr2=0x7f89ac03abc0 unknown :-1 s=STATE_CONNECTING_RE l=1).process reconnect failed to v2:172.21.15.81:6800/1366536001
2024-05-08T22:07:59.894 INFO:teuthology.orchestra.run.smithi081.stdout:/usr/bin/ceph: stderr
2024-05-08T22:07:58.398+0000 7f89bbfff700 1 --2- 172.21.15.81:0/406551146 >> [v2:172.21.15.81:6800/1366536001,v1:172.21.15.81:6801/1366536001] conn(0x7f89ac038700 0x7f89ac03abc0 unknown :-1 s=START_CONNECT pgs=0 cs=0 l=1 rev1=0 crypto rx=0 tx=0 comp rx=0 tx=0)._fault waiting 0.200000
2024-05-08T22:07:59.894 INFO:teuthology.orchestra.run.smithi081.stdout:/usr/bin/ceph: stderr
2024-05-08T22:07:58.403+0000 7f89b9ffb700 1 -- 172.21.15.81:0/406551146 <== mon.0 v2:172.21.15.81:3300/0 6 ==== mon_command_ack([{"prefix": "get_command_descriptions"}]=0 v0) v1 ==== 72+0+183622 (secure 0 0 0) 0x7f89b002b340 con 0x7f89bc1072c0
2024-05-08T22:07:59.894 INFO:teuthology.orchestra.run.smithi081.stdout:/usr/bin/ceph: stderr
2024-05-08T22:07:58.599+0000 7f89bbfff700 1 -- 172.21.15.81:0/406551146 >> [v2:172.21.15.81:6800/1366536001,v1:172.21.15.81:6801/1366536001] conn(0x7f89ac038700 msgr2=0x7f89ac03abc0 unknown :-1 s=STATE_CONNECTING_RE l=1).process reconnect failed to v2:172.21.15.81:6800/1366536001
2024-05-08T22:07:59.894 INFO:teuthology.orchestra.run.smithi081.stdout:/usr/bin/ceph: stderr
2024-05-08T22:07:58.599+0000 7f89bbfff700 1 --2- 172.21.15.81:0/406551146 >> [v2:172.21.15.81:6800/1366536001,v1:172.21.15.81:6801/1366536001] conn(0x7f89ac038700 0x7f89ac03abc0 unknown :-1 s=START_CONNECT pgs=0 cs=0 l=1 rev1=0 crypto rx=0 tx=0 comp rx=0 tx=0)._fault waiting 0.400000
2024-05-08T22:07:59.894 INFO:teuthology.orchestra.run.smithi081.stdout:/usr/bin/ceph: stderr
2024-05-08T22:07:58.656+0000 7f89c321a700 1 -- 172.21.15.81:0/406551146 --> [v2:172.21.15.81:3300/0,v1:172.21.15.81:6789/0] -- mon_command({"prefix": "mgr stat"} v 0) v1 -- 0x7f89bc19da00 con 0x7f89bc1072c0
2024-05-08T22:07:59.894 INFO:teuthology.orchestra.run.smithi081.stdout:/usr/bin/ceph: stderr
2024-05-08T22:07:58.656+0000 7f89b9ffb700 1 -- 172.21.15.81:0/406551146 <== mon.0 v2:172.21.15.81:3300/0 7 ==== mon_command_ack([{"prefix": "mgr stat"}]=0 v9) v1 ==== 56+0+88 (secure 0 0 0) 0x7f89b004c220 con 0x7f89bc1072c0
2024-05-08T22:07:59.894 INFO:teuthology.orchestra.run.smithi081.stdout:/usr/bin/ceph: stderr
2024-05-08T22:07:58.658+0000 7f89c321a700 1 -- 172.21.15.81:0/406551146 >> [v2:172.21.15.81:6800/1366536001,v1:172.21.15.81:6801/1366536001] conn(0x7f89ac038700 msgr2=0x7f89ac03abc0 unknown :-1 s=STATE_CONNECTING l=1).mark_down
2024-05-08T22:07:59.894 INFO:teuthology.orchestra.run.smithi081.stdout:/usr/bin/ceph: stderr
2024-05-08T22:07:58.658+0000 7f89c321a700 1 --2- 172.21.15.81:0/406551146 >> [v2:172.21.15.81:6800/1366536001,v1:172.21.15.81:6801/1366536001] conn(0x7f89ac038700 0x7f89ac03abc0 unknown :-1 s=START_CONNECT pgs=0 cs=0 l=1 rev1=0 crypto rx=0 tx=0 comp rx=0 tx=0).stop
2024-05-08T22:07:59.894 INFO:teuthology.orchestra.run.smithi081.stdout:/usr/bin/ceph: stderr
2024-05-08T22:07:58.658+0000 7f89c321a700 1 -- 172.21.15.81:0/406551146 >> [v2:172.21.15.81:3300/0,v1:172.21.15.81:6789/0] conn(0x7f89bc1072c0 msgr2=0x7f89bc19a590 secure :-1 s=STATE_CONNECTION_ESTABLISHED l=1).mark_down
2024-05-08T22:07:59.894 INFO:teuthology.orchestra.run.smithi081.stdout:/usr/bin/ceph: stderr
2024-05-08T22:07:58.658+0000 7f89c321a700 1 --2- 172.21.15.81:0/406551146 >> [v2:172.21.15.81:3300/0,v1:172.21.15.81:6789/0] conn(0x7f89bc1072c0 0x7f89bc19a590 secure :-1 s=READY pgs=58 cs=0 l=1 rev1=1 crypto rx=0x7f89b0003e60 tx=0x7f89b0011a30 comp rx=0 tx=0).stop
2024-05-08T22:07:59.894 INFO:teuthology.orchestra.run.smithi081.stdout:/usr/bin/ceph: stderr
2024-05-08T22:07:58.658+0000 7f89c321a700 1 -- 172.21.15.81:0/406551146 shutdown_connections
2024-05-08T22:07:59.894 INFO:teuthology.orchestra.run.smithi081.stdout:/usr/bin/ceph: stderr
2024-05-08T22:07:58.658+0000 7f89c321a700 1 --2- 172.21.15.81:0/406551146 >> [v2:172.21.15.81:6800/1366536001,v1:172.21.15.81:6801/1366536001] conn(0x7f89ac038700 0x7f89ac03abc0 unknown :-1 s=CLOSED pgs=0 cs=0 l=1 rev1=0 crypto rx=0 tx=0 comp rx=0 tx=0).stop
2024-05-08T22:07:59.894 INFO:teuthology.orchestra.run.smithi081.stdout:/usr/bin/ceph: stderr
2024-05-08T22:07:58.658+0000 7f89c321a700 1 --2- 172.21.15.81:0/406551146 >> [v2:172.21.15.81:3300/0,v1:172.21.15.81:6789/0] conn(0x7f89bc1072c0 0x7f89bc19a590 unknown :-1 s=CLOSED pgs=58 cs=0 l=1 rev1=1 crypto rx=0 tx=0 comp rx=0 tx=0).stop
2024-05-08T22:07:59.895 INFO:teuthology.orchestra.run.smithi081.stdout:/usr/bin/ceph: stderr
2024-05-08T22:07:58.659+0000 7f89c321a700 1 -- 172.21.15.81:0/406551146 >> 172.21.15.81:0/406551146 conn(0x7f89bc100c70 msgr2=0x7f89bc101880 unknown :-1 s=STATE_NONE l=0).mark_down
2024-05-08T22:07:59.895 INFO:teuthology.orchestra.run.smithi081.stdout:/usr/bin/ceph: stderr
2024-05-08T22:07:58.659+0000 7f89c321a700 1 -- 172.21.15.81:0/406551146 shutdown_connections
2024-05-08T22:07:59.895 INFO:teuthology.orchestra.run.smithi081.stdout:/usr/bin/ceph: stderr
2024-05-08T22:07:58.659+0000 7f89c321a700 1 -- 172.21.15.81:0/406551146 wait complete.
2024-05-08T22:07:59.895 INFO:teuthology.orchestra.run.smithi081.stdout:Waiting for the mgr to restart...
2024-05-08T22:07:59.895 INFO:teuthology.orchestra.run.smithi081.stdout:Waiting for mgr epoch 9...
2024-05-08T22:07:59.911 INFO:journalctl@ceph.mon.a.smithi081.stdout:May 08 22:07:59 smithi081 ceph-mon[42418]: from='client.? 172.21.15.81:0/406551146' entity='client.admin' cmd=[{"prefix": "mgr stat"}]: dispatch
2024-05-08T22:07:59.911 INFO:journalctl@ceph.mgr.x.smithi081.stdout:May 08 22:07:59 smithi081 ceph-378fe56e-0d87-11ef-bc97-c7b262605968-mgr-x[42668]:
2024-05-08T22:07:59.622+0000 7f312444a200 -1 mgr[py] Module status has missing NOTIFY_TYPES member
2024-05-08T22:07:59.911 INFO:journalctl@ceph.mgr.x.smithi081.stdout:May 08 22:07:59 smithi081 ceph-378fe56e-0d87-11ef-bc97-c7b262605968-mgr-x[42668]:
2024-05-08T22:07:59.755+0000 7f312444a200 -1 mgr[py] Module diskprediction_local has missing NOTIFY_TYPES member
2024-05-08T22:07:59.911 INFO:journalctl@ceph.mgr.x.smithi081.stdout:May 08 22:07:59 smithi081 ceph-378fe56e-0d87-11ef-bc97-c7b262605968-mgr-x[42668]:
2024-05-08T22:07:59.843+0000 7f312444a200 -1 mgr[py] Module telegraf has missing NOTIFY_TYPES member
2024-05-08T22:08:00.626 INFO:journalctl@ceph.mgr.x.smithi081.stdout:May 08 22:08:00 smithi081 ceph-378fe56e-0d87-11ef-bc97-c7b262605968-mgr-x[42668]:
2024-05-08T22:08:00.239+0000 7f312444a200 -1 mgr[py] Module influx has missing NOTIFY_TYPES member
2024-05-08T22:08:00.911 INFO:journalctl@ceph.mgr.x.smithi081.stdout:May 08 22:08:00 smithi081 ceph-378fe56e-0d87-11ef-bc97-c7b262605968-mgr-x[42668]:
2024-05-08T22:08:00.626+0000 7f312444a200 -1 mgr[py] Module pg_autoscaler has missing NOTIFY_TYPES member
2024-05-08T22:08:00.911 INFO:journalctl@ceph.mgr.x.smithi081.stdout:May 08 22:08:00 smithi081 ceph-378fe56e-0d87-11ef-bc97-c7b262605968-mgr-x[42668]:
2024-05-08T22:08:00.820+0000 7f312444a200 -1 mgr[py] Module rgw has missing NOTIFY_TYPES member
2024-05-08T22:08:01.411 INFO:journalctl@ceph.mgr.x.smithi081.stdout:May 08 22:08:00 smithi081 ceph-378fe56e-0d87-11ef-bc97-c7b262605968-mgr-x[42668]:
2024-05-08T22:08:00.913+0000 7f312444a200 -1 mgr[py] Module balancer has missing NOTIFY_TYPES member
2024-05-08T22:08:02.161 INFO:journalctl@ceph.mgr.x.smithi081.stdout:May 08 22:08:01 smithi081 ceph-378fe56e-0d87-11ef-bc97-c7b262605968-mgr-x[42668]:
2024-05-08T22:08:01.671+0000 7f312444a200 -1 mgr[py] Module iostat has missing NOTIFY_TYPES member
2024-05-08T22:08:02.161 INFO:journalctl@ceph.mgr.x.smithi081.stdout:May 08 22:08:01 smithi081 ceph-378fe56e-0d87-11ef-bc97-c7b262605968-mgr-x[42668]:
2024-05-08T22:08:01.768+0000 7f312444a200 -1 mgr[py] Module snap_schedule has missing NOTIFY_TYPES member
2024-05-08T22:08:02.161 INFO:journalctl@ceph.mgr.x.smithi081.stdout:May 08 22:08:01 smithi081 ceph-378fe56e-0d87-11ef-bc97-c7b262605968-mgr-x[42668]:
2024-05-08T22:08:01.917+0000 7f312444a200 -1 mgr[py] Module telemetry has missing NOTIFY_TYPES member
2024-05-08T22:08:02.911 INFO:journalctl@ceph.mgr.x.smithi081.stdout:May 08 22:08:02 smithi081 ceph-378fe56e-0d87-11ef-bc97-c7b262605968-mgr-x[42668]:
2024-05-08T22:08:02.540+0000 7f312444a200 -1 mgr[py] Module rook has missing NOTIFY_TYPES member
2024-05-08T22:08:02.911 INFO:journalctl@ceph.mgr.x.smithi081.stdout:May 08 22:08:02 smithi081 ceph-378fe56e-0d87-11ef-bc97-c7b262605968-mgr-x[42668]:
2024-05-08T22:08:02.720+0000 7f312444a200 -1 mgr[py] Module selftest has missing NOTIFY_TYPES member
2024-05-08T22:08:03.411 INFO:journalctl@ceph.mgr.x.smithi081.stdout:May 08 22:08:02 smithi081 ceph-378fe56e-0d87-11ef-bc97-c7b262605968-mgr-x[42668]:
2024-05-08T22:08:02.913+0000 7f312444a200 -1 mgr[py] Module devicehealth has missing NOTIFY_TYPES member
2024-05-08T22:08:04.122 INFO:journalctl@ceph.mgr.x.smithi081.stdout:May 08 22:08:03 smithi081 ceph-378fe56e-0d87-11ef-bc97-c7b262605968-mgr-x[42668]:
2024-05-08T22:08:03.838+0000 7f312444a200 -1 mgr[py] Module volumes has missing NOTIFY_TYPES member
2024-05-08T22:08:04.401 INFO:journalctl@ceph.mgr.x.smithi081.stdout:May 08 22:08:04 smithi081 ceph-378fe56e-0d87-11ef-bc97-c7b262605968-mgr-x[42668]:
2024-05-08T22:08:04.122+0000 7f312444a200 -1 mgr[py] Module test_orchestrator has missing NOTIFY_TYPES member
2024-05-08T22:08:04.401 INFO:journalctl@ceph.mgr.x.smithi081.stdout:May 08 22:08:04 smithi081 ceph-378fe56e-0d87-11ef-bc97-c7b262605968-mgr-x[42668]:
2024-05-08T22:08:04.211+0000 7f312444a200 -1 mgr[py] Module osd_support has missing NOTIFY_TYPES member
2024-05-08T22:08:04.661 INFO:journalctl@ceph.mgr.x.smithi081.stdout:May 08 22:08:04 smithi081 ceph-378fe56e-0d87-11ef-bc97-c7b262605968-mgr-x[42668]:
2024-05-08T22:08:04.401+0000 7f312444a200 -1 mgr[py] Module crash has missing NOTIFY_TYPES member
2024-05-08T22:08:04.661 INFO:journalctl@ceph.mon.a.smithi081.stdout:May 08 22:08:04 smithi081 ceph-mon[42418]: Active manager daemon x restarted
2024-05-08T22:08:04.661 INFO:journalctl@ceph.mon.a.smithi081.stdout:May 08 22:08:04 smithi081 ceph-mon[42418]: Activating manager daemon x
2024-05-08T22:08:04.662 INFO:journalctl@ceph.mon.a.smithi081.stdout:May 08 22:08:04 smithi081 ceph-mon[42418]: osdmap e3: 0 total, 0 up, 0 in
2024-05-08T22:08:04.662 INFO:journalctl@ceph.mon.a.smithi081.stdout:May 08 22:08:04 smithi081 ceph-mon[42418]: mgrmap e10: x(active, starting, since 0.0034086s)
2024-05-08T22:08:04.662 INFO:journalctl@ceph.mon.a.smithi081.stdout:May 08 22:08:04 smithi081 ceph-mon[42418]: from='mgr.14150 172.21.15.81:0/2233670084' entity='mgr.x' cmd=[{"prefix": "mon metadata", "id": "a"}]: dispatch
2024-05-08T22:08:04.662 INFO:journalctl@ceph.mon.a.smithi081.stdout:May 08 22:08:04 smithi081 ceph-mon[42418]: from='mgr.14150 172.21.15.81:0/2233670084' entity='mgr.x' cmd=[{"prefix": "mgr metadata", "who": "x", "id": "x"}]: dispatch
2024-05-08T22:08:04.662 INFO:journalctl@ceph.mon.a.smithi081.stdout:May 08 22:08:04 smithi081 ceph-mon[42418]: from='mgr.14150 172.21.15.81:0/2233670084' entity='mgr.x' cmd=[{"prefix": "mds metadata"}]: dispatch
2024-05-08T22:08:04.662 INFO:journalctl@ceph.mon.a.smithi081.stdout:May 08 22:08:04 smithi081 ceph-mon[42418]: from='mgr.14150 172.21.15.81:0/2233670084' entity='mgr.x' cmd=[{"prefix": "osd metadata"}]: dispatch
2024-05-08T22:08:04.662 INFO:journalctl@ceph.mon.a.smithi081.stdout:May 08 22:08:04 smithi081 ceph-mon[42418]: from='mgr.14150 172.21.15.81:0/2233670084' entity='mgr.x' cmd=[{"prefix": "mon metadata"}]: dispatch
2024-05-08T22:08:04.662 INFO:journalctl@ceph.mon.a.smithi081.stdout:May 08 22:08:04 smithi081 ceph-mon[42418]: Manager daemon x is now available
2024-05-08T22:08:04.662 INFO:journalctl@ceph.mon.a.smithi081.stdout:May 08 22:08:04 smithi081 ceph-mon[42418]: from='mgr.14150 172.21.15.81:0/2233670084' entity='mgr.x' cmd=[{"prefix": "config dump", "format": "json"}]: dispatch
2024-05-08T22:08:05.710 INFO:journalctl@ceph.mon.a.smithi081.stdout:May 08 22:08:05 smithi081 ceph-mon[42418]: from='mgr.14150 172.21.15.81:0/2233670084' entity='mgr.x' cmd=[{"prefix":"config rm","who":"mgr","name":"mgr/rbd_support/x/mirror_snapshot_schedule"}]: dispatch
2024-05-08T22:08:05.710 INFO:journalctl@ceph.mon.a.smithi081.stdout:May 08 22:08:05 smithi081 ceph-mon[42418]: from='mgr.14150 172.21.15.81:0/2233670084' entity='mgr.x' cmd=[{"prefix":"config rm","who":"mgr","name":"mgr/rbd_support/x/trash_purge_schedule"}]: dispatch
2024-05-08T22:08:05.710 INFO:journalctl@ceph.mon.a.smithi081.stdout:May 08 22:08:05 smithi081 ceph-mon[42418]: from='mgr.14150 172.21.15.81:0/2233670084' entity='mgr.x'
2024-05-08T22:08:05.710 INFO:journalctl@ceph.mon.a.smithi081.stdout:May 08 22:08:05 smithi081 ceph-mon[42418]: mgrmap e11: x(active, since 1.00553s)
2024-05-08T22:08:05.757 INFO:teuthology.orchestra.run.smithi081.stdout:/usr/bin/ceph: stdout {
2024-05-08T22:08:05.758 INFO:teuthology.orchestra.run.smithi081.stdout:/usr/bin/ceph: stdout "mgrmap_epoch": 11,
2024-05-08T22:08:05.758 INFO:teuthology.orchestra.run.smithi081.stdout:/usr/bin/ceph: stdout "initialized": true
2024-05-08T22:08:05.758 INFO:teuthology.orchestra.run.smithi081.stdout:/usr/bin/ceph: stdout }
2024-05-08T22:08:05.758 INFO:teuthology.orchestra.run.smithi081.stdout:/usr/bin/ceph: stderr
2024-05-08T22:08:00.234+0000 7f46abc4b700 1 Processor -- start
2024-05-08T22:08:05.758 INFO:teuthology.orchestra.run.smithi081.stdout:/usr/bin/ceph: stderr
2024-05-08T22:08:00.234+0000 7f46abc4b700 1 -- start start
2024-05-08T22:08:05.758 INFO:teuthology.orchestra.run.smithi081.stdout:/usr/bin/ceph: stderr
2024-05-08T22:08:00.234+0000 7f46abc4b700 1 --2- >> [v2:172.21.15.81:3300/0,v1:172.21.15.81:6789/0] conn(0x7f46a4107250 0x7f46a4109640 unknown :-1 s=NONE pgs=0 cs=0 l=0 rev1=0 crypto rx=0 tx=0 comp rx=0 tx=0).connect
2024-05-08T22:08:05.758 INFO:teuthology.orchestra.run.smithi081.stdout:/usr/bin/ceph: stderr
2024-05-08T22:08:00.234+0000 7f46abc4b700 1 -- --> [v2:172.21.15.81:3300/0,v1:172.21.15.81:6789/0] -- mon_getmap magic: 0 v1 -- 0x7f46a4074810 con 0x7f46a4107250
2024-05-08T22:08:05.758 INFO:teuthology.orchestra.run.smithi081.stdout:/usr/bin/ceph: stderr
2024-05-08T22:08:00.234+0000 7f46a99e7700 1 --2- >> [v2:172.21.15.81:3300/0,v1:172.21.15.81:6789/0] conn(0x7f46a4107250 0x7f46a4109640 unknown :-1 s=BANNER_CONNECTING pgs=0 cs=0 l=0 rev1=0 crypto rx=0 tx=0 comp rx=0 tx=0)._handle_peer_banner_payload supported=3 required=0
2024-05-08T22:08:05.758 INFO:teuthology.orchestra.run.smithi081.stdout:/usr/bin/ceph: stderr
2024-05-08T22:08:00.234+0000 7f46a99e7700 1 --2- >> [v2:172.21.15.81:3300/0,v1:172.21.15.81:6789/0] conn(0x7f46a4107250 0x7f46a4109640 unknown :-1 s=HELLO_CONNECTING pgs=0 cs=0 l=0 rev1=1 crypto rx=0 tx=0 comp rx=0 tx=0).handle_hello peer v2:172.21.15.81:3300/0 says I am v2:172.21.15.81:49824/0 (socket says 172.21.15.81:49824)
2024-05-08T22:08:05.758 INFO:teuthology.orchestra.run.smithi081.stdout:/usr/bin/ceph: stderr
2024-05-08T22:08:00.234+0000 7f46a99e7700 1 -- 172.21.15.81:0/2621093016 learned_addr learned my addr 172.21.15.81:0/2621093016 (peer_addr_for_me v2:172.21.15.81:0/0)
2024-05-08T22:08:05.758 INFO:teuthology.orchestra.run.smithi081.stdout:/usr/bin/ceph: stderr
2024-05-08T22:08:00.235+0000 7f46a99e7700 1 -- 172.21.15.81:0/2621093016 --> [v2:172.21.15.81:3300/0,v1:172.21.15.81:6789/0] -- mon_subscribe({config=0+,monmap=0+}) v3 -- 0x7f46a4109b80 con 0x7f46a4107250
2024-05-08T22:08:05.759 INFO:teuthology.orchestra.run.smithi081.stdout:/usr/bin/ceph: stderr
2024-05-08T22:08:00.235+0000 7f46a99e7700 1 --2- 172.21.15.81:0/2621093016 >> [v2:172.21.15.81:3300/0,v1:172.21.15.81:6789/0] conn(0x7f46a4107250 0x7f46a4109640 secure :-1 s=READY pgs=59 cs=0 l=1 rev1=1 crypto rx=0x7f46a00098a0 tx=0x7f46a0009bb0 comp rx=0 tx=0).ready entity=mon.0 client_cookie=e8724e90af4267d6 server_cookie=0 in_seq=0 out_seq=0
2024-05-08T22:08:05.759 INFO:teuthology.orchestra.run.smithi081.stdout:/usr/bin/ceph: stderr
2024-05-08T22:08:00.235+0000 7f46a89e5700 1 -- 172.21.15.81:0/2621093016 <== mon.0 v2:172.21.15.81:3300/0 1 ==== mon_map magic: 0 v1 ==== 205+0+0 (secure 0 0 0) 0x7f46a0004160 con 0x7f46a4107250
2024-05-08T22:08:05.759 INFO:teuthology.orchestra.run.smithi081.stdout:/usr/bin/ceph: stderr
2024-05-08T22:08:00.235+0000 7f46a89e5700 1 -- 172.21.15.81:0/2621093016 <== mon.0 v2:172.21.15.81:3300/0 2 ==== config(26 keys) v1 ==== 1105+0+0 (secure 0 0 0) 0x7f46a00042c0 con 0x7f46a4107250
2024-05-08T22:08:05.759 INFO:teuthology.orchestra.run.smithi081.stdout:/usr/bin/ceph: stderr
2024-05-08T22:08:00.235+0000 7f46a89e5700 1 -- 172.21.15.81:0/2621093016 <== mon.0 v2:172.21.15.81:3300/0 3 ==== mon_map magic: 0 v1 ==== 205+0+0 (secure 0 0 0) 0x7f46a00119b0 con 0x7f46a4107250
2024-05-08T22:08:05.759 INFO:teuthology.orchestra.run.smithi081.stdout:/usr/bin/ceph: stderr
2024-05-08T22:08:00.236+0000 7f46abc4b700 1 -- 172.21.15.81:0/2621093016 >> [v2:172.21.15.81:3300/0,v1:172.21.15.81:6789/0] conn(0x7f46a4107250 msgr2=0x7f46a4109640 secure :-1 s=STATE_CONNECTION_ESTABLISHED l=1).mark_down
2024-05-08T22:08:05.759 INFO:teuthology.orchestra.run.smithi081.stdout:/usr/bin/ceph: stderr
2024-05-08T22:08:00.236+0000 7f46abc4b700 1 --2- 172.21.15.81:0/2621093016 >> [v2:172.21.15.81:3300/0,v1:172.21.15.81:6789/0] conn(0x7f46a4107250 0x7f46a4109640 secure :-1 s=READY pgs=59 cs=0 l=1 rev1=1 crypto rx=0x7f46a00098a0 tx=0x7f46a0009bb0 comp rx=0 tx=0).stop
2024-05-08T22:08:05.759 INFO:teuthology.orchestra.run.smithi081.stdout:/usr/bin/ceph: stderr
2024-05-08T22:08:00.236+0000 7f46abc4b700 1 -- 172.21.15.81:0/2621093016 shutdown_connections
2024-05-08T22:08:05.759 INFO:teuthology.orchestra.run.smithi081.stdout:/usr/bin/ceph: stderr
2024-05-08T22:08:00.236+0000 7f46abc4b700 1 --2- 172.21.15.81:0/2621093016 >> [v2:172.21.15.81:3300/0,v1:172.21.15.81:6789/0] conn(0x7f46a4107250 0x7f46a4109640 unknown :-1 s=CLOSED pgs=59 cs=0 l=1 rev1=1 crypto rx=0 tx=0 comp rx=0 tx=0).stop
2024-05-08T22:08:05.759 INFO:teuthology.orchestra.run.smithi081.stdout:/usr/bin/ceph: stderr
2024-05-08T22:08:00.236+0000 7f46abc4b700 1 -- 172.21.15.81:0/2621093016 >> 172.21.15.81:0/2621093016 conn(0x7f46a4100c40 msgr2=0x7f46a4103080 unknown :-1 s=STATE_NONE l=0).mark_down
2024-05-08T22:08:05.759 INFO:teuthology.orchestra.run.smithi081.stdout:/usr/bin/ceph: stderr
2024-05-08T22:08:00.236+0000 7f46abc4b700 1 -- 172.21.15.81:0/2621093016 shutdown_connections
2024-05-08T22:08:05.759 INFO:teuthology.orchestra.run.smithi081.stdout:/usr/bin/ceph: stderr
2024-05-08T22:08:00.236+0000 7f46abc4b700 1 -- 172.21.15.81:0/2621093016 wait complete.
2024-05-08T22:08:05.759 INFO:teuthology.orchestra.run.smithi081.stdout:/usr/bin/ceph: stderr
2024-05-08T22:08:00.236+0000 7f46abc4b700 1 Processor -- start
2024-05-08T22:08:05.759 INFO:teuthology.orchestra.run.smithi081.stdout:/usr/bin/ceph: stderr
2024-05-08T22:08:00.236+0000 7f46abc4b700 1 -- start start
2024-05-08T22:08:05.760 INFO:teuthology.orchestra.run.smithi081.stdout:/usr/bin/ceph: stderr
2024-05-08T22:08:00.237+0000 7f46abc4b700 1 --2- >> [v2:172.21.15.81:3300/0,v1:172.21.15.81:6789/0] conn(0x7f46a4107250 0x7f46a419c7d0 unknown :-1 s=NONE pgs=0 cs=0 l=1 rev1=0 crypto rx=0 tx=0 comp rx=0 tx=0).connect
2024-05-08T22:08:05.760 INFO:teuthology.orchestra.run.smithi081.stdout:/usr/bin/ceph: stderr
2024-05-08T22:08:00.237+0000 7f46abc4b700 1 -- --> [v2:172.21.15.81:3300/0,v1:172.21.15.81:6789/0] -- mon_getmap magic: 0 v1 -- 0x7f46a419cd10 con 0x7f46a4107250
2024-05-08T22:08:05.760 INFO:teuthology.orchestra.run.smithi081.stdout:/usr/bin/ceph: stderr
2024-05-08T22:08:00.237+0000 7f46a99e7700 1 --2- >> [v2:172.21.15.81:3300/0,v1:172.21.15.81:6789/0] conn(0x7f46a4107250 0x7f46a419c7d0 unknown :-1 s=BANNER_CONNECTING pgs=0 cs=0 l=1 rev1=0 crypto rx=0 tx=0 comp rx=0 tx=0)._handle_peer_banner_payload supported=3 required=0
2024-05-08T22:08:05.760 INFO:teuthology.orchestra.run.smithi081.stdout:/usr/bin/ceph: stderr
2024-05-08T22:08:00.237+0000 7f46a99e7700 1 --2- >> [v2:172.21.15.81:3300/0,v1:172.21.15.81:6789/0] conn(0x7f46a4107250 0x7f46a419c7d0 unknown :-1 s=HELLO_CONNECTING pgs=0 cs=0 l=1 rev1=1 crypto rx=0 tx=0 comp rx=0 tx=0).handle_hello peer v2:172.21.15.81:3300/0 says I am v2:172.21.15.81:49840/0 (socket says 172.21.15.81:49840)
2024-05-08T22:08:05.760 INFO:teuthology.orchestra.run.smithi081.stdout:/usr/bin/ceph: stderr
2024-05-08T22:08:00.237+0000 7f46a99e7700 1 -- 172.21.15.81:0/2891846028 learned_addr learned my addr 172.21.15.81:0/2891846028 (peer_addr_for_me v2:172.21.15.81:0/0)
2024-05-08T22:08:05.760 INFO:teuthology.orchestra.run.smithi081.stdout:/usr/bin/ceph: stderr
2024-05-08T22:08:00.237+0000 7f46a99e7700 1 -- 172.21.15.81:0/2891846028 --> [v2:172.21.15.81:3300/0,v1:172.21.15.81:6789/0] -- mon_subscribe({config=0+,monmap=0+}) v3 -- 0x7f46a0009550 con 0x7f46a4107250
2024-05-08T22:08:05.760 INFO:teuthology.orchestra.run.smithi081.stdout:/usr/bin/ceph: stderr
2024-05-08T22:08:00.237+0000 7f46a99e7700 1 --2- 172.21.15.81:0/2891846028 >> [v2:172.21.15.81:3300/0,v1:172.21.15.81:6789/0] conn(0x7f46a4107250 0x7f46a419c7d0 secure :-1 s=READY pgs=60 cs=0 l=1 rev1=1 crypto rx=0x7f46a0003e60 tx=0x7f46a0011a30 comp rx=0 tx=0).ready entity=mon.0 client_cookie=0 server_cookie=0 in_seq=0 out_seq=0
2024-05-08T22:08:05.760 INFO:teuthology.orchestra.run.smithi081.stdout:/usr/bin/ceph: stderr
2024-05-08T22:08:00.237+0000 7f469affd700 1 -- 172.21.15.81:0/2891846028 <== mon.0 v2:172.21.15.81:3300/0 1 ==== mon_map magic: 0 v1 ==== 205+0+0 (secure 0 0 0) 0x7f46a00038b0 con 0x7f46a4107250
2024-05-08T22:08:05.760 INFO:teuthology.orchestra.run.smithi081.stdout:/usr/bin/ceph: stderr
2024-05-08T22:08:00.237+0000 7f469affd700 1 -- 172.21.15.81:0/2891846028 <== mon.0 v2:172.21.15.81:3300/0 2 ==== config(26 keys) v1 ==== 1105+0+0 (secure 0 0 0) 0x7f46a0003a10 con 0x7f46a4107250
2024-05-08T22:08:05.760 INFO:teuthology.orchestra.run.smithi081.stdout:/usr/bin/ceph: stderr
2024-05-08T22:08:00.237+0000 7f46abc4b700 1 -- 172.21.15.81:0/2891846028 --> [v2:172.21.15.81:3300/0,v1:172.21.15.81:6789/0] -- mon_subscribe({mgrmap=0+}) v3 -- 0x7f46a419cf10 con 0x7f46a4107250
2024-05-08T22:08:05.760 INFO:teuthology.orchestra.run.smithi081.stdout:/usr/bin/ceph: stderr
2024-05-08T22:08:00.237+0000 7f469affd700 1 -- 172.21.15.81:0/2891846028 <== mon.0 v2:172.21.15.81:3300/0 3 ==== mon_map magic: 0 v1 ==== 205+0+0 (secure 0 0 0) 0x7f46a0019530 con 0x7f46a4107250
2024-05-08T22:08:05.760 INFO:teuthology.orchestra.run.smithi081.stdout:/usr/bin/ceph: stderr
2024-05-08T22:08:00.237+0000 7f46abc4b700 1 -- 172.21.15.81:0/2891846028 --> [v2:172.21.15.81:3300/0,v1:172.21.15.81:6789/0] -- mon_subscribe({osdmap=0}) v3 -- 0x7f46a419d3b0 con 0x7f46a4107250
2024-05-08T22:08:05.760 INFO:teuthology.orchestra.run.smithi081.stdout:/usr/bin/ceph: stderr
2024-05-08T22:08:00.238+0000 7f469affd700 1 -- 172.21.15.81:0/2891846028 <== mon.0 v2:172.21.15.81:3300/0 4 ==== mgrmap(e 9) v1 ==== 45554+0+0 (secure 0 0 0) 0x7f46a001a980 con 0x7f46a4107250
2024-05-08T22:08:05.760 INFO:teuthology.orchestra.run.smithi081.stdout:/usr/bin/ceph: stderr
2024-05-08T22:08:00.238+0000 7f469affd700 1 --2- 172.21.15.81:0/2891846028 >> [v2:172.21.15.81:6800/1366536001,v1:172.21.15.81:6801/1366536001] conn(0x7f4690038750 0x7f469003ac10 unknown :-1 s=NONE pgs=0 cs=0 l=1 rev1=0 crypto rx=0 tx=0 comp rx=0 tx=0).connect
2024-05-08T22:08:05.761 INFO:teuthology.orchestra.run.smithi081.stdout:/usr/bin/ceph: stderr
2024-05-08T22:08:00.238+0000 7f469affd700 1 -- 172.21.15.81:0/2891846028 --> [v2:172.21.15.81:6800/1366536001,v1:172.21.15.81:6801/1366536001] -- command(tid 0: {"prefix": "get_command_descriptions"}) v1 -- 0x7f469003b320 con 0x7f4690038750
2024-05-08T22:08:05.761 INFO:teuthology.orchestra.run.smithi081.stdout:/usr/bin/ceph: stderr
2024-05-08T22:08:00.238+0000 7f469affd700 1 -- 172.21.15.81:0/2891846028 <== mon.0 v2:172.21.15.81:3300/0 5 ==== osd_map(2..2 src has 1..2) v4 ==== 940+0+0 (secure 0 0 0) 0x7f46a004c7d0 con 0x7f46a4107250
2024-05-08T22:08:05.761 INFO:teuthology.orchestra.run.smithi081.stdout:/usr/bin/ceph: stderr
2024-05-08T22:08:00.238+0000 7f46a91e6700 1 -- 172.21.15.81:0/2891846028 >> [v2:172.21.15.81:6800/1366536001,v1:172.21.15.81:6801/1366536001] conn(0x7f4690038750 msgr2=0x7f469003ac10 unknown :-1 s=STATE_CONNECTING_RE l=1).process reconnect failed to v2:172.21.15.81:6800/1366536001
2024-05-08T22:08:05.761 INFO:teuthology.orchestra.run.smithi081.stdout:/usr/bin/ceph: stderr
2024-05-08T22:08:00.239+0000 7f46a91e6700 1 --2- 172.21.15.81:0/2891846028 >> [v2:172.21.15.81:6800/1366536001,v1:172.21.15.81:6801/1366536001] conn(0x7f4690038750 0x7f469003ac10 unknown :-1 s=START_CONNECT pgs=0 cs=0 l=1 rev1=0 crypto rx=0 tx=0 comp rx=0 tx=0)._fault waiting 0.200000
2024-05-08T22:08:05.761 INFO:teuthology.orchestra.run.smithi081.stdout:/usr/bin/ceph: stderr
2024-05-08T22:08:00.440+0000 7f46a91e6700 1 -- 172.21.15.81:0/2891846028 >> [v2:172.21.15.81:6800/1366536001,v1:172.21.15.81:6801/1366536001] conn(0x7f4690038750 msgr2=0x7f469003ac10 unknown :-1 s=STATE_CONNECTING_RE l=1).process reconnect failed to v2:172.21.15.81:6800/1366536001
2024-05-08T22:08:05.761 INFO:teuthology.orchestra.run.smithi081.stdout:/usr/bin/ceph: stderr
2024-05-08T22:08:00.440+0000 7f46a91e6700 1 --2- 172.21.15.81:0/2891846028 >> [v2:172.21.15.81:6800/1366536001,v1:172.21.15.81:6801/1366536001] conn(0x7f4690038750 0x7f469003ac10 unknown :-1 s=START_CONNECT pgs=0 cs=0 l=1 rev1=0 crypto rx=0 tx=0 comp rx=0 tx=0)._fault waiting 0.400000
2024-05-08T22:08:05.761 INFO:teuthology.orchestra.run.smithi081.stdout:/usr/bin/ceph: stderr
2024-05-08T22:08:00.841+0000 7f46a91e6700 1 -- 172.21.15.81:0/2891846028 >> [v2:172.21.15.81:6800/1366536001,v1:172.21.15.81:6801/1366536001] conn(0x7f4690038750 msgr2=0x7f469003ac10 unknown :-1 s=STATE_CONNECTING_RE l=1).process reconnect failed to v2:172.21.15.81:6800/1366536001
2024-05-08T22:08:05.761 INFO:teuthology.orchestra.run.smithi081.stdout:/usr/bin/ceph: stderr
2024-05-08T22:08:00.841+0000 7f46a91e6700 1 --2- 172.21.15.81:0/2891846028 >> [v2:172.21.15.81:6800/1366536001,v1:172.21.15.81:6801/1366536001] conn(0x7f4690038750 0x7f469003ac10 unknown :-1 s=START_CONNECT pgs=0 cs=0 l=1 rev1=0 crypto rx=0 tx=0 comp rx=0 tx=0)._fault waiting 0.800000
2024-05-08T22:08:05.761 INFO:teuthology.orchestra.run.smithi081.stdout:/usr/bin/ceph: stderr
2024-05-08T22:08:01.642+0000 7f46a91e6700 1 -- 172.21.15.81:0/2891846028 >> [v2:172.21.15.81:6800/1366536001,v1:172.21.15.81:6801/1366536001] conn(0x7f4690038750 msgr2=0x7f469003ac10 unknown :-1 s=STATE_CONNECTING_RE l=1).process reconnect failed to v2:172.21.15.81:6800/1366536001
2024-05-08T22:08:05.761 INFO:teuthology.orchestra.run.smithi081.stdout:/usr/bin/ceph: stderr
2024-05-08T22:08:01.642+0000 7f46a91e6700 1 --2- 172.21.15.81:0/2891846028 >> [v2:172.21.15.81:6800/1366536001,v1:172.21.15.81:6801/1366536001] conn(0x7f4690038750 0x7f469003ac10 unknown :-1 s=START_CONNECT pgs=0 cs=0 l=1 rev1=0 crypto rx=0 tx=0 comp rx=0 tx=0)._fault waiting 1.600000
2024-05-08T22:08:05.761 INFO:teuthology.orchestra.run.smithi081.stdout:/usr/bin/ceph: stderr
2024-05-08T22:08:03.243+0000 7f46a91e6700 1 -- 172.21.15.81:0/2891846028 >> [v2:172.21.15.81:6800/1366536001,v1:172.21.15.81:6801/1366536001] conn(0x7f4690038750 msgr2=0x7f469003ac10 unknown :-1 s=STATE_CONNECTING_RE l=1).process reconnect failed to v2:172.21.15.81:6800/1366536001
2024-05-08T22:08:05.761 INFO:teuthology.orchestra.run.smithi081.stdout:/usr/bin/ceph: stderr
2024-05-08T22:08:03.243+0000 7f46a91e6700 1 --2- 172.21.15.81:0/2891846028 >> [v2:172.21.15.81:6800/1366536001,v1:172.21.15.81:6801/1366536001] conn(0x7f4690038750 0x7f469003ac10 unknown :-1 s=START_CONNECT pgs=0 cs=0 l=1 rev1=0 crypto rx=0 tx=0 comp rx=0 tx=0)._fault waiting 3.200000
2024-05-08T22:08:05.761 INFO:teuthology.orchestra.run.smithi081.stdout:/usr/bin/ceph: stderr
2024-05-08T22:08:04.416+0000 7f469affd700 1 -- 172.21.15.81:0/2891846028 <== mon.0 v2:172.21.15.81:3300/0 6 ==== mgrmap(e 10) v1 ==== 45321+0+0 (secure 0 0 0) 0x7f46a001a430 con 0x7f46a4107250
2024-05-08T22:08:05.761 INFO:teuthology.orchestra.run.smithi081.stdout:/usr/bin/ceph: stderr
2024-05-08T22:08:04.416+0000 7f469affd700 1 -- 172.21.15.81:0/2891846028 >> [v2:172.21.15.81:6800/1366536001,v1:172.21.15.81:6801/1366536001] conn(0x7f4690038750 msgr2=0x7f469003ac10 unknown :-1 s=STATE_CONNECTING l=1).mark_down
2024-05-08T22:08:05.762 INFO:teuthology.orchestra.run.smithi081.stdout:/usr/bin/ceph: stderr
2024-05-08T22:08:04.416+0000 7f469affd700 1 --2- 172.21.15.81:0/2891846028 >> [v2:172.21.15.81:6800/1366536001,v1:172.21.15.81:6801/1366536001] conn(0x7f4690038750 0x7f469003ac10 unknown :-1 s=START_CONNECT pgs=0 cs=0 l=1 rev1=0 crypto rx=0 tx=0 comp rx=0 tx=0).stop
2024-05-08T22:08:05.762 INFO:teuthology.orchestra.run.smithi081.stdout:/usr/bin/ceph: stderr
2024-05-08T22:08:05.417+0000 7f469affd700 1 -- 172.21.15.81:0/2891846028 <== mon.0 v2:172.21.15.81:3300/0 7 ==== mgrmap(e 11) v1 ==== 45448+0+0 (secure 0 0 0) 0x7f46a004e480 con 0x7f46a4107250
2024-05-08T22:08:05.762 INFO:teuthology.orchestra.run.smithi081.stdout:/usr/bin/ceph: stderr
2024-05-08T22:08:05.417+0000 7f469affd700 1 --2- 172.21.15.81:0/2891846028 >> [v2:172.21.15.81:6800/4016628280,v1:172.21.15.81:6801/4016628280] conn(0x7f469003bff0 0x7f469003e3e0 unknown :-1 s=NONE pgs=0 cs=0 l=1 rev1=0 crypto rx=0 tx=0 comp rx=0 tx=0).connect
2024-05-08T22:08:05.762 INFO:teuthology.orchestra.run.smithi081.stdout:/usr/bin/ceph: stderr
2024-05-08T22:08:05.417+0000 7f469affd700 1 -- 172.21.15.81:0/2891846028 --> [v2:172.21.15.81:6800/4016628280,v1:172.21.15.81:6801/4016628280] -- command(tid 0: {"prefix": "get_command_descriptions"}) v1 -- 0x7f469003b320 con 0x7f469003bff0
2024-05-08T22:08:05.762 INFO:teuthology.orchestra.run.smithi081.stdout:/usr/bin/ceph: stderr
2024-05-08T22:08:05.418+0000 7f46a91e6700 1 --2- 172.21.15.81:0/2891846028 >> [v2:172.21.15.81:6800/4016628280,v1:172.21.15.81:6801/4016628280] conn(0x7f469003bff0 0x7f469003e3e0 unknown :-1 s=BANNER_CONNECTING pgs=0 cs=0 l=1 rev1=0 crypto rx=0 tx=0 comp rx=0 tx=0)._handle_peer_banner_payload supported=3 required=0
2024-05-08T22:08:05.762 INFO:teuthology.orchestra.run.smithi081.stdout:/usr/bin/ceph: stderr
2024-05-08T22:08:05.418+0000 7f46a91e6700 1 --2- 172.21.15.81:0/2891846028 >> [v2:172.21.15.81:6800/4016628280,v1:172.21.15.81:6801/4016628280] conn(0x7f469003bff0 0x7f469003e3e0 secure :-1 s=READY pgs=2 cs=0 l=1 rev1=1 crypto rx=0x7f4694003a10 tx=0x7f4694009270 comp rx=0 tx=0).ready entity=mgr.14150 client_cookie=0 server_cookie=0 in_seq=0 out_seq=0
2024-05-08T22:08:05.762 INFO:teuthology.orchestra.run.smithi081.stdout:/usr/bin/ceph: stderr
2024-05-08T22:08:05.419+0000 7f469affd700 1 -- 172.21.15.81:0/2891846028 <== mgr.14150 v2:172.21.15.81:6800/4016628280 1 ==== command_reply(tid 0: 0 ) v1 ==== 8+0+7774 (secure 0 0 0) 0x7f469003b320 con 0x7f469003bff0
2024-05-08T22:08:05.762 INFO:teuthology.orchestra.run.smithi081.stdout:/usr/bin/ceph: stderr
2024-05-08T22:08:05.426+0000 7f46abc4b700 1 -- 172.21.15.81:0/2891846028 --> [v2:172.21.15.81:6800/4016628280,v1:172.21.15.81:6801/4016628280] -- command(tid 1: {"prefix": "mgr_status"}) v1 -- 0x7f46a410a960 con 0x7f469003bff0
2024-05-08T22:08:05.762 INFO:teuthology.orchestra.run.smithi081.stdout:/usr/bin/ceph: stderr
2024-05-08T22:08:05.426+0000 7f469affd700 1 -- 172.21.15.81:0/2891846028 <== mgr.14150 v2:172.21.15.81:6800/4016628280 2 ==== command_reply(tid 1: 0 ) v1 ==== 8+0+52 (secure 0 0 0) 0x7f46a410a960 con 0x7f469003bff0
2024-05-08T22:08:05.762 INFO:teuthology.orchestra.run.smithi081.stdout:/usr/bin/ceph: stderr
2024-05-08T22:08:05.427+0000 7f46abc4b700 1 -- 172.21.15.81:0/2891846028 >> [v2:172.21.15.81:6800/4016628280,v1:172.21.15.81:6801/4016628280] conn(0x7f469003bff0 msgr2=0x7f469003e3e0 secure :-1 s=STATE_CONNECTION_ESTABLISHED l=1).mark_down
2024-05-08T22:08:05.762 INFO:teuthology.orchestra.run.smithi081.stdout:/usr/bin/ceph: stderr
2024-05-08T22:08:05.427+0000 7f46abc4b700 1 --2- 172.21.15.81:0/2891846028 >> [v2:172.21.15.81:6800/4016628280,v1:172.21.15.81:6801/4016628280] conn(0x7f469003bff0 0x7f469003e3e0 secure :-1 s=READY pgs=2 cs=0 l=1 rev1=1 crypto rx=0x7f4694003a10 tx=0x7f4694009270 comp rx=0 tx=0).stop
2024-05-08T22:08:05.762 INFO:teuthology.orchestra.run.smithi081.stdout:/usr/bin/ceph: stderr
2024-05-08T22:08:05.427+0000 7f46abc4b700 1 -- 172.21.15.81:0/2891846028 >> [v2:172.21.15.81:3300/0,v1:172.21.15.81:6789/0] conn(0x7f46a4107250 msgr2=0x7f46a419c7d0 secure :-1 s=STATE_CONNECTION_ESTABLISHED l=1).mark_down
2024-05-08T22:08:05.762 INFO:teuthology.orchestra.run.smithi081.stdout:/usr/bin/ceph: stderr
2024-05-08T22:08:05.427+0000 7f46abc4b700 1 --2- 172.21.15.81:0/2891846028 >> [v2:172.21.15.81:3300/0,v1:172.21.15.81:6789/0] conn(0x7f46a4107250 0x7f46a419c7d0 secure :-1 s=READY pgs=60 cs=0 l=1 rev1=1 crypto rx=0x7f46a0003e60 tx=0x7f46a0011a30 comp rx=0 tx=0).stop
2024-05-08T22:08:05.763 INFO:teuthology.orchestra.run.smithi081.stdout:/usr/bin/ceph: stderr
2024-05-08T22:08:05.427+0000 7f46abc4b700 1 -- 172.21.15.81:0/2891846028 shutdown_connections
2024-05-08T22:08:05.763 INFO:teuthology.orchestra.run.smithi081.stdout:/usr/bin/ceph: stderr
2024-05-08T22:08:05.427+0000 7f46abc4b700 1 --2- 172.21.15.81:0/2891846028 >> [v2:172.21.15.81:6800/4016628280,v1:172.21.15.81:6801/4016628280] conn(0x7f469003bff0 0x7f469003e3e0 unknown :-1 s=CLOSED pgs=2 cs=0 l=1 rev1=1 crypto rx=0 tx=0 comp rx=0 tx=0).stop
2024-05-08T22:08:05.763 INFO:teuthology.orchestra.run.smithi081.stdout:/usr/bin/ceph: stderr
2024-05-08T22:08:05.427+0000 7f46abc4b700 1 --2- 172.21.15.81:0/2891846028 >> [v2:172.21.15.81:3300/0,v1:172.21.15.81:6789/0] conn(0x7f46a4107250 0x7f46a419c7d0 unknown :-1 s=CLOSED pgs=60 cs=0 l=1 rev1=1 crypto rx=0 tx=0 comp rx=0 tx=0).stop
2024-05-08T22:08:05.763 INFO:teuthology.orchestra.run.smithi081.stdout:/usr/bin/ceph: stderr
2024-05-08T22:08:05.427+0000 7f46abc4b700 1 --2- 172.21.15.81:0/2891846028 >> [v2:172.21.15.81:6800/1366536001,v1:172.21.15.81:6801/1366536001] conn(0x7f4690038750 0x7f469003ac10 unknown :-1 s=CLOSED pgs=0 cs=0 l=1 rev1=0 crypto rx=0 tx=0 comp rx=0 tx=0).stop
2024-05-08T22:08:05.763 INFO:teuthology.orchestra.run.smithi081.stdout:/usr/bin/ceph: stderr
2024-05-08T22:08:05.427+0000 7f46abc4b700 1 -- 172.21.15.81:0/2891846028 >> 172.21.15.81:0/2891846028 conn(0x7f46a4100c40 msgr2=0x7f46a41017e0 unknown :-1 s=STATE_NONE l=0).mark_down
2024-05-08T22:08:05.763 INFO:teuthology.orchestra.run.smithi081.stdout:/usr/bin/ceph: stderr
2024-05-08T22:08:05.427+0000 7f46abc4b700 1 -- 172.21.15.81:0/2891846028 shutdown_connections
2024-05-08T22:08:05.763 INFO:teuthology.orchestra.run.smithi081.stdout:/usr/bin/ceph: stderr
2024-05-08T22:08:05.427+0000 7f46abc4b700 1 -- 172.21.15.81:0/2891846028 wait complete.
2024-05-08T22:08:05.763 INFO:teuthology.orchestra.run.smithi081.stdout:mgr epoch 9 is available
2024-05-08T22:08:05.763 INFO:teuthology.orchestra.run.smithi081.stdout:Generating a dashboard self-signed certificate...
2024-05-08T22:08:06.609 INFO:journalctl@ceph.mon.a.smithi081.stdout:May 08 22:08:06 smithi081 ceph-mon[42418]: [08/May/2024:22:08:04] ENGINE Bus STARTING
2024-05-08T22:08:06.610 INFO:journalctl@ceph.mon.a.smithi081.stdout:May 08 22:08:06 smithi081 ceph-mon[42418]: [08/May/2024:22:08:04] ENGINE Serving on http://172.21.15.81:8765
2024-05-08T22:08:06.610 INFO:journalctl@ceph.mon.a.smithi081.stdout:May 08 22:08:06 smithi081 ceph-mon[42418]: [08/May/2024:22:08:05] ENGINE Serving on https://172.21.15.81:7150
2024-05-08T22:08:06.610 INFO:journalctl@ceph.mon.a.smithi081.stdout:May 08 22:08:06 smithi081 ceph-mon[42418]: [08/May/2024:22:08:05] ENGINE Bus STARTED
2024-05-08T22:08:06.610 INFO:journalctl@ceph.mon.a.smithi081.stdout:May 08 22:08:06 smithi081 ceph-mon[42418]: from='client.14154 -' entity='client.admin' cmd=[{"prefix": "get_command_descriptions"}]: dispatch
2024-05-08T22:08:06.610 INFO:journalctl@ceph.mon.a.smithi081.stdout:May 08 22:08:06 smithi081 ceph-mon[42418]: from='client.14154 -' entity='client.admin' cmd=[{"prefix": "mgr_status"}]: dispatch
2024-05-08T22:08:06.610 INFO:journalctl@ceph.mon.a.smithi081.stdout:May 08 22:08:06 smithi081 ceph-mon[42418]: from='mgr.14150 172.21.15.81:0/2233670084' entity='mgr.x'
2024-05-08T22:08:06.946 INFO:teuthology.orchestra.run.smithi081.stdout:/usr/bin/ceph: stdout Self-signed certificate created
2024-05-08T22:08:06.946 INFO:teuthology.orchestra.run.smithi081.stdout:/usr/bin/ceph: stderr
2024-05-08T22:08:06.089+0000 7fa2b0dd1700 1 Processor -- start
2024-05-08T22:08:06.946 INFO:teuthology.orchestra.run.smithi081.stdout:/usr/bin/ceph: stderr
2024-05-08T22:08:06.089+0000 7fa2b0dd1700 1 -- start start
2024-05-08T22:08:06.946 INFO:teuthology.orchestra.run.smithi081.stdout:/usr/bin/ceph: stderr
2024-05-08T22:08:06.090+0000 7fa2b0dd1700 1 --2- >> [v2:172.21.15.81:3300/0,v1:172.21.15.81:6789/0] conn(0x7fa2ac107270 0x7fa2ac109660 unknown :-1 s=NONE pgs=0 cs=0 l=0 rev1=0 crypto rx=0 tx=0 comp rx=0 tx=0).connect
2024-05-08T22:08:06.946 INFO:teuthology.orchestra.run.smithi081.stdout:/usr/bin/ceph: stderr
2024-05-08T22:08:06.090+0000 7fa2b0dd1700 1 -- --> [v2:172.21.15.81:3300/0,v1:172.21.15.81:6789/0] -- mon_getmap magic: 0 v1 -- 0x7fa2ac0747f0 con 0x7fa2ac107270
2024-05-08T22:08:06.946 INFO:teuthology.orchestra.run.smithi081.stdout:/usr/bin/ceph: stderr
2024-05-08T22:08:06.090+0000 7fa2aa59c700 1 --2- >> [v2:172.21.15.81:3300/0,v1:172.21.15.81:6789/0] conn(0x7fa2ac107270 0x7fa2ac109660 unknown :-1 s=BANNER_CONNECTING pgs=0 cs=0 l=0 rev1=0 crypto rx=0 tx=0 comp rx=0 tx=0)._handle_peer_banner_payload supported=3 required=0
2024-05-08T22:08:06.946 INFO:teuthology.orchestra.run.smithi081.stdout:/usr/bin/ceph: stderr
2024-05-08T22:08:06.090+0000 7fa2aa59c700 1 --2- >> [v2:172.21.15.81:3300/0,v1:172.21.15.81:6789/0] conn(0x7fa2ac107270 0x7fa2ac109660 unknown :-1 s=HELLO_CONNECTING pgs=0 cs=0 l=0 rev1=1 crypto rx=0 tx=0 comp rx=0 tx=0).handle_hello peer v2:172.21.15.81:3300/0 says I am v2:172.21.15.81:49922/0 (socket says 172.21.15.81:49922)
2024-05-08T22:08:06.946 INFO:teuthology.orchestra.run.smithi081.stdout:/usr/bin/ceph: stderr
2024-05-08T22:08:06.090+0000 7fa2aa59c700 1 -- 172.21.15.81:0/1555401180 learned_addr learned my addr 172.21.15.81:0/1555401180 (peer_addr_for_me v2:172.21.15.81:0/0)
2024-05-08T22:08:06.946 INFO:teuthology.orchestra.run.smithi081.stdout:/usr/bin/ceph: stderr
2024-05-08T22:08:06.090+0000 7fa2aa59c700 1 -- 172.21.15.81:0/1555401180 --> [v2:172.21.15.81:3300/0,v1:172.21.15.81:6789/0] -- mon_subscribe({config=0+,monmap=0+}) v3 -- 0x7fa2ac109ba0 con 0x7fa2ac107270
2024-05-08T22:08:06.946 INFO:teuthology.orchestra.run.smithi081.stdout:/usr/bin/ceph: stderr
2024-05-08T22:08:06.091+0000 7fa2aa59c700 1 --2- 172.21.15.81:0/1555401180 >> [v2:172.21.15.81:3300/0,v1:172.21.15.81:6789/0] conn(0x7fa2ac107270 0x7fa2ac109660 secure :-1 s=READY pgs=68 cs=0 l=1 rev1=1 crypto rx=0x7fa29c0098a0 tx=0x7fa29c009bb0 comp rx=0 tx=0).ready entity=mon.0 client_cookie=bb42c5c44c838593 server_cookie=0 in_seq=0 out_seq=0
2024-05-08T22:08:06.947 INFO:teuthology.orchestra.run.smithi081.stdout:/usr/bin/ceph: stderr
2024-05-08T22:08:06.091+0000 7fa2a959a700 1 -- 172.21.15.81:0/1555401180 <== mon.0 v2:172.21.15.81:3300/0 1 ==== mon_map magic: 0 v1 ==== 205+0+0 (secure 0 0 0) 0x7fa29c004160 con 0x7fa2ac107270
2024-05-08T22:08:06.947 INFO:teuthology.orchestra.run.smithi081.stdout:/usr/bin/ceph: stderr
2024-05-08T22:08:06.091+0000 7fa2a959a700 1 -- 172.21.15.81:0/1555401180 <== mon.0 v2:172.21.15.81:3300/0 2 ==== config(26 keys) v1 ==== 1105+0+0 (secure 0 0 0) 0x7fa29c0042c0 con 0x7fa2ac107270
2024-05-08T22:08:06.947 INFO:teuthology.orchestra.run.smithi081.stdout:/usr/bin/ceph: stderr
2024-05-08T22:08:06.091+0000 7fa2a959a700 1 -- 172.21.15.81:0/1555401180 <== mon.0 v2:172.21.15.81:3300/0 3 ==== mon_map magic: 0 v1 ==== 205+0+0 (secure 0 0 0) 0x7fa29c0119b0 con 0x7fa2ac107270
2024-05-08T22:08:06.947 INFO:teuthology.orchestra.run.smithi081.stdout:/usr/bin/ceph: stderr
2024-05-08T22:08:06.091+0000 7fa2b0dd1700 1 -- 172.21.15.81:0/1555401180 >> [v2:172.21.15.81:3300/0,v1:172.21.15.81:6789/0] conn(0x7fa2ac107270 msgr2=0x7fa2ac109660 secure :-1 s=STATE_CONNECTION_ESTABLISHED l=1).mark_down
2024-05-08T22:08:06.947 INFO:teuthology.orchestra.run.smithi081.stdout:/usr/bin/ceph: stderr
2024-05-08T22:08:06.091+0000 7fa2b0dd1700 1 --2- 172.21.15.81:0/1555401180 >> [v2:172.21.15.81:3300/0,v1:172.21.15.81:6789/0] conn(0x7fa2ac107270 0x7fa2ac109660 secure :-1 s=READY pgs=68 cs=0 l=1 rev1=1 crypto rx=0x7fa29c0098a0 tx=0x7fa29c009bb0 comp rx=0 tx=0).stop
2024-05-08T22:08:06.947 INFO:teuthology.orchestra.run.smithi081.stdout:/usr/bin/ceph: stderr
2024-05-08T22:08:06.092+0000 7fa2b0dd1700 1 -- 172.21.15.81:0/1555401180 shutdown_connections
2024-05-08T22:08:06.947 INFO:teuthology.orchestra.run.smithi081.stdout:/usr/bin/ceph: stderr
2024-05-08T22:08:06.092+0000 7fa2b0dd1700 1 --2- 172.21.15.81:0/1555401180 >> [v2:172.21.15.81:3300/0,v1:172.21.15.81:6789/0] conn(0x7fa2ac107270 0x7fa2ac109660 unknown :-1 s=CLOSED pgs=68 cs=0 l=1 rev1=1 crypto rx=0 tx=0 comp rx=0 tx=0).stop
2024-05-08T22:08:06.947 INFO:teuthology.orchestra.run.smithi081.stdout:/usr/bin/ceph: stderr
2024-05-08T22:08:06.092+0000 7fa2b0dd1700 1 -- 172.21.15.81:0/1555401180 >> 172.21.15.81:0/1555401180 conn(0x7fa2ac100c40 msgr2=0x7fa2ac103080 unknown :-1 s=STATE_NONE l=0).mark_down
2024-05-08T22:08:06.947 INFO:teuthology.orchestra.run.smithi081.stdout:/usr/bin/ceph: stderr
2024-05-08T22:08:06.092+0000 7fa2b0dd1700 1 -- 172.21.15.81:0/1555401180 shutdown_connections
2024-05-08T22:08:06.947 INFO:teuthology.orchestra.run.smithi081.stdout:/usr/bin/ceph: stderr
2024-05-08T22:08:06.092+0000 7fa2b0dd1700 1 -- 172.21.15.81:0/1555401180 wait complete.
2024-05-08T22:08:06.947 INFO:teuthology.orchestra.run.smithi081.stdout:/usr/bin/ceph: stderr
2024-05-08T22:08:06.092+0000 7fa2b0dd1700 1 Processor -- start
2024-05-08T22:08:06.947 INFO:teuthology.orchestra.run.smithi081.stdout:/usr/bin/ceph: stderr
2024-05-08T22:08:06.092+0000 7fa2b0dd1700 1 -- start start
2024-05-08T22:08:06.947 INFO:teuthology.orchestra.run.smithi081.stdout:/usr/bin/ceph: stderr
2024-05-08T22:08:06.092+0000 7fa2b0dd1700 1 --2- >> [v2:172.21.15.81:3300/0,v1:172.21.15.81:6789/0] conn(0x7fa2ac107270 0x7fa2ac106aa0 unknown :-1 s=NONE pgs=0 cs=0 l=1 rev1=0 crypto rx=0 tx=0 comp rx=0 tx=0).connect
2024-05-08T22:08:06.947 INFO:teuthology.orchestra.run.smithi081.stdout:/usr/bin/ceph: stderr
2024-05-08T22:08:06.092+0000 7fa2b0dd1700 1 -- --> [v2:172.21.15.81:3300/0,v1:172.21.15.81:6789/0] -- mon_getmap magic: 0 v1 -- 0x7fa2ac106fe0 con 0x7fa2ac107270
2024-05-08T22:08:06.947 INFO:teuthology.orchestra.run.smithi081.stdout:/usr/bin/ceph: stderr
2024-05-08T22:08:06.093+0000 7fa2aa59c700 1 --2- >> [v2:172.21.15.81:3300/0,v1:172.21.15.81:6789/0] conn(0x7fa2ac107270 0x7fa2ac106aa0 unknown :-1 s=BANNER_CONNECTING pgs=0 cs=0 l=1 rev1=0 crypto rx=0 tx=0 comp rx=0 tx=0)._handle_peer_banner_payload supported=3 required=0
2024-05-08T22:08:06.948 INFO:teuthology.orchestra.run.smithi081.stdout:/usr/bin/ceph: stderr
2024-05-08T22:08:06.093+0000 7fa2aa59c700 1 --2- >> [v2:172.21.15.81:3300/0,v1:172.21.15.81:6789/0] conn(0x7fa2ac107270 0x7fa2ac106aa0 unknown :-1 s=HELLO_CONNECTING pgs=0 cs=0 l=1 rev1=1 crypto rx=0 tx=0 comp rx=0 tx=0).handle_hello peer v2:172.21.15.81:3300/0 says I am v2:172.21.15.81:49924/0 (socket says 172.21.15.81:49924)
2024-05-08T22:08:06.948 INFO:teuthology.orchestra.run.smithi081.stdout:/usr/bin/ceph: stderr
2024-05-08T22:08:06.093+0000 7fa2aa59c700 1 -- 172.21.15.81:0/2149265094 learned_addr learned my addr 172.21.15.81:0/2149265094 (peer_addr_for_me v2:172.21.15.81:0/0)
2024-05-08T22:08:06.948 INFO:teuthology.orchestra.run.smithi081.stdout:/usr/bin/ceph: stderr
2024-05-08T22:08:06.093+0000 7fa2aa59c700 1 -- 172.21.15.81:0/2149265094 --> [v2:172.21.15.81:3300/0,v1:172.21.15.81:6789/0] -- mon_subscribe({config=0+,monmap=0+}) v3 -- 0x7fa29c009550 con 0x7fa2ac107270
2024-05-08T22:08:06.948 INFO:teuthology.orchestra.run.smithi081.stdout:/usr/bin/ceph: stderr
2024-05-08T22:08:06.093+0000 7fa2aa59c700 1 --2- 172.21.15.81:0/2149265094 >> [v2:172.21.15.81:3300/0,v1:172.21.15.81:6789/0] conn(0x7fa2ac107270 0x7fa2ac106aa0 secure :-1 s=READY pgs=69 cs=0 l=1 rev1=1 crypto rx=0x7fa29c011980 tx=0x7fa29c011a60 comp rx=0 tx=0).ready entity=mon.0 client_cookie=0 server_cookie=0 in_seq=0 out_seq=0
2024-05-08T22:08:06.948 INFO:teuthology.orchestra.run.smithi081.stdout:/usr/bin/ceph: stderr
2024-05-08T22:08:06.093+0000 7fa29b7fe700 1 -- 172.21.15.81:0/2149265094 <== mon.0 v2:172.21.15.81:3300/0 1 ==== mon_map magic: 0 v1 ==== 205+0+0 (secure 0 0 0) 0x7fa29c003af0 con 0x7fa2ac107270
2024-05-08T22:08:06.948 INFO:teuthology.orchestra.run.smithi081.stdout:/usr/bin/ceph: stderr
2024-05-08T22:08:06.093+0000 7fa29b7fe700 1 -- 172.21.15.81:0/2149265094 <== mon.0 v2:172.21.15.81:3300/0 2 ==== config(26 keys) v1 ==== 1105+0+0 (secure 0 0 0) 0x7fa29c003c50 con 0x7fa2ac107270
2024-05-08T22:08:06.948 INFO:teuthology.orchestra.run.smithi081.stdout:/usr/bin/ceph: stderr
2024-05-08T22:08:06.093+0000 7fa2b0dd1700 1 -- 172.21.15.81:0/2149265094 --> [v2:172.21.15.81:3300/0,v1:172.21.15.81:6789/0] -- mon_subscribe({mgrmap=0+}) v3 -- 0x7fa2ac105220 con 0x7fa2ac107270
2024-05-08T22:08:06.948 INFO:teuthology.orchestra.run.smithi081.stdout:/usr/bin/ceph: stderr
2024-05-08T22:08:06.093+0000 7fa29b7fe700 1 -- 172.21.15.81:0/2149265094 <== mon.0 v2:172.21.15.81:3300/0 3 ==== mon_map magic: 0 v1 ==== 205+0+0 (secure 0 0 0) 0x7fa29c019760 con 0x7fa2ac107270
2024-05-08T22:08:06.948 INFO:teuthology.orchestra.run.smithi081.stdout:/usr/bin/ceph: stderr
2024-05-08T22:08:06.093+0000 7fa2b0dd1700 1 -- 172.21.15.81:0/2149265094 --> [v2:172.21.15.81:3300/0,v1:172.21.15.81:6789/0] -- mon_subscribe({osdmap=0}) v3 -- 0x7fa2ac1056c0 con 0x7fa2ac107270
2024-05-08T22:08:06.948 INFO:teuthology.orchestra.run.smithi081.stdout:/usr/bin/ceph: stderr
2024-05-08T22:08:06.094+0000 7fa29b7fe700 1 -- 172.21.15.81:0/2149265094 <== mon.0 v2:172.21.15.81:3300/0 4 ==== mgrmap(e 11) v1 ==== 45448+0+0 (secure 0 0 0) 0x7fa29c019950 con 0x7fa2ac107270
2024-05-08T22:08:06.948 INFO:teuthology.orchestra.run.smithi081.stdout:/usr/bin/ceph: stderr
2024-05-08T22:08:06.094+0000 7fa29b7fe700 1 --2- 172.21.15.81:0/2149265094 >> [v2:172.21.15.81:6800/4016628280,v1:172.21.15.81:6801/4016628280] conn(0x7fa294038670 0x7fa29403ab30 unknown :-1 s=NONE pgs=0 cs=0 l=1 rev1=0 crypto rx=0 tx=0 comp rx=0 tx=0).connect
2024-05-08T22:08:06.948 INFO:teuthology.orchestra.run.smithi081.stdout:/usr/bin/ceph: stderr
2024-05-08T22:08:06.094+0000 7fa29b7fe700 1 -- 172.21.15.81:0/2149265094 <== mon.0 v2:172.21.15.81:3300/0 5 ==== osd_map(3..3 src has 1..3) v4 ==== 1155+0+0 (secure 0 0 0) 0x7fa29c04d800 con 0x7fa2ac107270
2024-05-08T22:08:06.948 INFO:teuthology.orchestra.run.smithi081.stdout:/usr/bin/ceph: stderr
2024-05-08T22:08:06.094+0000 7fa2b0dd1700 1 -- 172.21.15.81:0/2149265094 --> [v2:172.21.15.81:3300/0,v1:172.21.15.81:6789/0] -- mon_command({"prefix": "get_command_descriptions"} v 0) v1 -- 0x7fa2ac0625d0 con 0x7fa2ac107270
2024-05-08T22:08:06.948 INFO:teuthology.orchestra.run.smithi081.stdout:/usr/bin/ceph: stderr
2024-05-08T22:08:06.094+0000 7fa2a9d9b700 1 --2- 172.21.15.81:0/2149265094 >> [v2:172.21.15.81:6800/4016628280,v1:172.21.15.81:6801/4016628280] conn(0x7fa294038670 0x7fa29403ab30 unknown :-1 s=BANNER_CONNECTING pgs=0 cs=0 l=1 rev1=0 crypto rx=0 tx=0 comp rx=0 tx=0)._handle_peer_banner_payload supported=3 required=0
2024-05-08T22:08:06.949 INFO:teuthology.orchestra.run.smithi081.stdout:/usr/bin/ceph: stderr
2024-05-08T22:08:06.095+0000 7fa2a9d9b700 1 --2- 172.21.15.81:0/2149265094 >> [v2:172.21.15.81:6800/4016628280,v1:172.21.15.81:6801/4016628280] conn(0x7fa294038670 0x7fa29403ab30 secure :-1 s=READY pgs=7 cs=0 l=1 rev1=1 crypto rx=0x7fa2a0006fd0 tx=0x7fa2a0006e40 comp rx=0 tx=0).ready entity=mgr.14150 client_cookie=0 server_cookie=0 in_seq=0 out_seq=0
2024-05-08T22:08:06.949 INFO:teuthology.orchestra.run.smithi081.stdout:/usr/bin/ceph: stderr
