2024-05-08T22:07:50.270+0000 7f0a81852700 1 -- 172.21.15.81:0/547384643 --> [v2:172.21.15.81:3300/0,v1:172.21.15.81:6789/0] -- mon_subscribe({osdmap=0}) v3 -- 0x7f0a7c19b100 con 0x7f0a7c107260
2024-05-08T22:07:52.903 INFO:teuthology.orchestra.run.smithi081.stdout:/usr/bin/ceph: stderr
2024-05-08T22:07:50.271+0000 7f0a80850700 1 -- 172.21.15.81:0/547384643 <== mon.0 v2:172.21.15.81:3300/0 4 ==== mgrmap(e 8) v1 ==== 45541+0+0 (secure 0 0 0) 0x7f0a6c019810 con 0x7f0a7c107260
2024-05-08T22:07:52.903 INFO:teuthology.orchestra.run.smithi081.stdout:/usr/bin/ceph: stderr
2024-05-08T22:07:50.271+0000 7f0a80850700 1 --2- 172.21.15.81:0/547384643 >> [v2:172.21.15.81:6800/1366536001,v1:172.21.15.81:6801/1366536001] conn(0x7f0a64038690 0x7f0a6403ab50 unknown :-1 s=NONE pgs=0 cs=0 l=1 rev1=0 crypto rx=0 tx=0 comp rx=0 tx=0).connect
2024-05-08T22:07:52.903 INFO:teuthology.orchestra.run.smithi081.stdout:/usr/bin/ceph: stderr
2024-05-08T22:07:50.271+0000 7f0a80850700 1 -- 172.21.15.81:0/547384643 <== mon.0 v2:172.21.15.81:3300/0 5 ==== osd_map(2..2 src has 1..2) v4 ==== 940+0+0 (secure 0 0 0) 0x7f0a6c003b80 con 0x7f0a7c107260
2024-05-08T22:07:52.903 INFO:teuthology.orchestra.run.smithi081.stdout:/usr/bin/ceph: stderr
2024-05-08T22:07:50.272+0000 7f0a7a7fc700 1 --2- 172.21.15.81:0/547384643 >> [v2:172.21.15.81:6800/1366536001,v1:172.21.15.81:6801/1366536001] conn(0x7f0a64038690 0x7f0a6403ab50 unknown :-1 s=BANNER_CONNECTING pgs=0 cs=0 l=1 rev1=0 crypto rx=0 tx=0 comp rx=0 tx=0)._handle_peer_banner_payload supported=3 required=0
2024-05-08T22:07:52.903 INFO:teuthology.orchestra.run.smithi081.stdout:/usr/bin/ceph: stderr
2024-05-08T22:07:50.272+0000 7f0a81852700 1 -- 172.21.15.81:0/547384643 --> [v2:172.21.15.81:3300/0,v1:172.21.15.81:6789/0] -- mon_command({"prefix": "get_command_descriptions"} v 0) v1 -- 0x7f0a7c10a990 con 0x7f0a7c107260
2024-05-08T22:07:52.903 INFO:teuthology.orchestra.run.smithi081.stdout:/usr/bin/ceph: stderr
2024-05-08T22:07:50.272+0000 7f0a7a7fc700 1 --2- 172.21.15.81:0/547384643 >> [v2:172.21.15.81:6800/1366536001,v1:172.21.15.81:6801/1366536001] conn(0x7f0a64038690 0x7f0a6403ab50 secure :-1 s=READY pgs=11 cs=0 l=1 rev1=1 crypto rx=0x7f0a70006fd0 tx=0x7f0a70006e40 comp rx=0 tx=0).ready entity=mgr.14118 client_cookie=0 server_cookie=0 in_seq=0 out_seq=0
2024-05-08T22:07:52.903 INFO:teuthology.orchestra.run.smithi081.stdout:/usr/bin/ceph: stderr
2024-05-08T22:07:50.276+0000 7f0a80850700 1 -- 172.21.15.81:0/547384643 <== mon.0 v2:172.21.15.81:3300/0 6 ==== mon_command_ack([{"prefix": "get_command_descriptions"}]=0 v0) v1 ==== 72+0+183622 (secure 0 0 0) 0x7f0a6c019b10 con 0x7f0a7c107260
2024-05-08T22:07:52.903 INFO:teuthology.orchestra.run.smithi081.stdout:/usr/bin/ceph: stderr
2024-05-08T22:07:50.471+0000 7f0a81852700 1 -- 172.21.15.81:0/547384643 --> [v2:172.21.15.81:6800/1366536001,v1:172.21.15.81:6801/1366536001] -- mgr_command(tid 0: {"prefix": "orch host add", "hostname": "smithi081", "addr": "172.21.15.81", "target": ["mon-mgr", ""]}) v1 -- 0x7f0a7c19d990 con 0x7f0a64038690
2024-05-08T22:07:52.903 INFO:teuthology.orchestra.run.smithi081.stdout:/usr/bin/ceph: stderr
2024-05-08T22:07:52.575+0000 7f0a80850700 1 -- 172.21.15.81:0/547384643 <== mgr.14118 v2:172.21.15.81:6800/1366536001 1 ==== mgr_command_reply(tid 0: 0 ) v1 ==== 8+0+48 (secure 0 0 0) 0x7f0a7c19d990 con 0x7f0a64038690
2024-05-08T22:07:52.903 INFO:teuthology.orchestra.run.smithi081.stdout:/usr/bin/ceph: stderr
2024-05-08T22:07:52.578+0000 7f0a81852700 1 -- 172.21.15.81:0/547384643 >> [v2:172.21.15.81:6800/1366536001,v1:172.21.15.81:6801/1366536001] conn(0x7f0a64038690 msgr2=0x7f0a6403ab50 secure :-1 s=STATE_CONNECTION_ESTABLISHED l=1).mark_down
2024-05-08T22:07:52.904 INFO:teuthology.orchestra.run.smithi081.stdout:/usr/bin/ceph: stderr
2024-05-08T22:07:52.578+0000 7f0a81852700 1 --2- 172.21.15.81:0/547384643 >> [v2:172.21.15.81:6800/1366536001,v1:172.21.15.81:6801/1366536001] conn(0x7f0a64038690 0x7f0a6403ab50 secure :-1 s=READY pgs=11 cs=0 l=1 rev1=1 crypto rx=0x7f0a70006fd0 tx=0x7f0a70006e40 comp rx=0 tx=0).stop
2024-05-08T22:07:52.904 INFO:teuthology.orchestra.run.smithi081.stdout:/usr/bin/ceph: stderr
2024-05-08T22:07:52.578+0000 7f0a81852700 1 -- 172.21.15.81:0/547384643 >> [v2:172.21.15.81:3300/0,v1:172.21.15.81:6789/0] conn(0x7f0a7c107260 msgr2=0x7f0a7c19a520 secure :-1 s=STATE_CONNECTION_ESTABLISHED l=1).mark_down
2024-05-08T22:07:52.904 INFO:teuthology.orchestra.run.smithi081.stdout:/usr/bin/ceph: stderr
2024-05-08T22:07:52.578+0000 7f0a81852700 1 --2- 172.21.15.81:0/547384643 >> [v2:172.21.15.81:3300/0,v1:172.21.15.81:6789/0] conn(0x7f0a7c107260 0x7f0a7c19a520 secure :-1 s=READY pgs=44 cs=0 l=1 rev1=1 crypto rx=0x7f0a6c009130 tx=0x7f0a6c011ad0 comp rx=0 tx=0).stop
2024-05-08T22:07:52.904 INFO:teuthology.orchestra.run.smithi081.stdout:/usr/bin/ceph: stderr
2024-05-08T22:07:52.578+0000 7f0a81852700 1 -- 172.21.15.81:0/547384643 shutdown_connections
2024-05-08T22:07:52.904 INFO:teuthology.orchestra.run.smithi081.stdout:/usr/bin/ceph: stderr
2024-05-08T22:07:52.578+0000 7f0a81852700 1 --2- 172.21.15.81:0/547384643 >> [v2:172.21.15.81:6800/1366536001,v1:172.21.15.81:6801/1366536001] conn(0x7f0a64038690 0x7f0a6403ab50 unknown :-1 s=CLOSED pgs=11 cs=0 l=1 rev1=1 crypto rx=0 tx=0 comp rx=0 tx=0).stop
2024-05-08T22:07:52.904 INFO:teuthology.orchestra.run.smithi081.stdout:/usr/bin/ceph: stderr
2024-05-08T22:07:52.578+0000 7f0a81852700 1 --2- 172.21.15.81:0/547384643 >> [v2:172.21.15.81:3300/0,v1:172.21.15.81:6789/0] conn(0x7f0a7c107260 0x7f0a7c19a520 unknown :-1 s=CLOSED pgs=44 cs=0 l=1 rev1=1 crypto rx=0 tx=0 comp rx=0 tx=0).stop
2024-05-08T22:07:52.904 INFO:teuthology.orchestra.run.smithi081.stdout:/usr/bin/ceph: stderr
2024-05-08T22:07:52.578+0000 7f0a81852700 1 -- 172.21.15.81:0/547384643 >> 172.21.15.81:0/547384643 conn(0x7f0a7c100cf0 msgr2=0x7f0a7c101810 unknown :-1 s=STATE_NONE l=0).mark_down
2024-05-08T22:07:52.904 INFO:teuthology.orchestra.run.smithi081.stdout:/usr/bin/ceph: stderr
2024-05-08T22:07:52.578+0000 7f0a81852700 1 -- 172.21.15.81:0/547384643 shutdown_connections
2024-05-08T22:07:52.904 INFO:teuthology.orchestra.run.smithi081.stdout:/usr/bin/ceph: stderr
2024-05-08T22:07:52.579+0000 7f0a81852700 1 -- 172.21.15.81:0/547384643 wait complete.
2024-05-08T22:07:52.904 INFO:teuthology.orchestra.run.smithi081.stdout:Deploying unmanaged mon service...
2024-05-08T22:07:53.661 INFO:journalctl@ceph.mon.a.smithi081.stdout:May 08 22:07:53 smithi081 ceph-mon[42418]: from='mgr.14118 172.21.15.81:0/2939904535' entity='mgr.x'
2024-05-08T22:07:53.661 INFO:journalctl@ceph.mon.a.smithi081.stdout:May 08 22:07:53 smithi081 ceph-mon[42418]: Added host smithi081
2024-05-08T22:07:53.661 INFO:journalctl@ceph.mon.a.smithi081.stdout:May 08 22:07:53 smithi081 ceph-mon[42418]: from='mgr.14118 172.21.15.81:0/2939904535' entity='mgr.x' cmd=[{"prefix": "config dump", "format": "json"}]: dispatch
2024-05-08T22:07:53.661 INFO:journalctl@ceph.mon.a.smithi081.stdout:May 08 22:07:53 smithi081 ceph-mon[42418]: from='mgr.14118 172.21.15.81:0/2939904535' entity='mgr.x'
2024-05-08T22:07:54.065 INFO:teuthology.orchestra.run.smithi081.stdout:/usr/bin/ceph: stdout Scheduled mon update...
2024-05-08T22:07:54.065 INFO:teuthology.orchestra.run.smithi081.stdout:/usr/bin/ceph: stderr
2024-05-08T22:07:53.280+0000 7fcef97fd700 1 Processor -- start
2024-05-08T22:07:54.065 INFO:teuthology.orchestra.run.smithi081.stdout:/usr/bin/ceph: stderr
2024-05-08T22:07:53.280+0000 7fcef97fd700 1 -- start start
2024-05-08T22:07:54.065 INFO:teuthology.orchestra.run.smithi081.stdout:/usr/bin/ceph: stderr
2024-05-08T22:07:53.281+0000 7fcef97fd700 1 --2- >> [v2:172.21.15.81:3300/0,v1:172.21.15.81:6789/0] conn(0x7fcef41056d0 0x7fcef4105af0 unknown :-1 s=NONE pgs=0 cs=0 l=0 rev1=0 crypto rx=0 tx=0 comp rx=0 tx=0).connect
2024-05-08T22:07:54.065 INFO:teuthology.orchestra.run.smithi081.stdout:/usr/bin/ceph: stderr
2024-05-08T22:07:53.281+0000 7fcef97fd700 1 -- --> [v2:172.21.15.81:3300/0,v1:172.21.15.81:6789/0] -- mon_getmap magic: 0 v1 -- 0x7fcef41060c0 con 0x7fcef41056d0
2024-05-08T22:07:54.066 INFO:teuthology.orchestra.run.smithi081.stdout:/usr/bin/ceph: stderr
2024-05-08T22:07:53.281+0000 7fcef2ffd700 1 --2- >> [v2:172.21.15.81:3300/0,v1:172.21.15.81:6789/0] conn(0x7fcef41056d0 0x7fcef4105af0 unknown :-1 s=BANNER_CONNECTING pgs=0 cs=0 l=0 rev1=0 crypto rx=0 tx=0 comp rx=0 tx=0)._handle_peer_banner_payload supported=3 required=0
2024-05-08T22:07:54.066 INFO:teuthology.orchestra.run.smithi081.stdout:/usr/bin/ceph: stderr
2024-05-08T22:07:53.281+0000 7fcef2ffd700 1 --2- >> [v2:172.21.15.81:3300/0,v1:172.21.15.81:6789/0] conn(0x7fcef41056d0 0x7fcef4105af0 unknown :-1 s=HELLO_CONNECTING pgs=0 cs=0 l=0 rev1=1 crypto rx=0 tx=0 comp rx=0 tx=0).handle_hello peer v2:172.21.15.81:3300/0 says I am v2:172.21.15.81:35180/0 (socket says 172.21.15.81:35180)
2024-05-08T22:07:54.066 INFO:teuthology.orchestra.run.smithi081.stdout:/usr/bin/ceph: stderr
2024-05-08T22:07:53.281+0000 7fcef2ffd700 1 -- 172.21.15.81:0/335566344 learned_addr learned my addr 172.21.15.81:0/335566344 (peer_addr_for_me v2:172.21.15.81:0/0)
2024-05-08T22:07:54.066 INFO:teuthology.orchestra.run.smithi081.stdout:/usr/bin/ceph: stderr
2024-05-08T22:07:53.281+0000 7fcef2ffd700 1 -- 172.21.15.81:0/335566344 --> [v2:172.21.15.81:3300/0,v1:172.21.15.81:6789/0] -- mon_subscribe({config=0+,monmap=0+}) v3 -- 0x7fcef41068d0 con 0x7fcef41056d0
2024-05-08T22:07:54.066 INFO:teuthology.orchestra.run.smithi081.stdout:/usr/bin/ceph: stderr
2024-05-08T22:07:53.281+0000 7fcef2ffd700 1 --2- 172.21.15.81:0/335566344 >> [v2:172.21.15.81:3300/0,v1:172.21.15.81:6789/0] conn(0x7fcef41056d0 0x7fcef4105af0 secure :-1 s=READY pgs=45 cs=0 l=1 rev1=1 crypto rx=0x7fcee40098a0 tx=0x7fcee4009bb0 comp rx=0 tx=0).ready entity=mon.0 client_cookie=1e547874fe0f1195 server_cookie=0 in_seq=0 out_seq=0
2024-05-08T22:07:54.066 INFO:teuthology.orchestra.run.smithi081.stdout:/usr/bin/ceph: stderr
2024-05-08T22:07:53.281+0000 7fcef1ffb700 1 -- 172.21.15.81:0/335566344 <== mon.0 v2:172.21.15.81:3300/0 1 ==== mon_map magic: 0 v1 ==== 205+0+0 (secure 0 0 0) 0x7fcee4004160 con 0x7fcef41056d0
2024-05-08T22:07:54.066 INFO:teuthology.orchestra.run.smithi081.stdout:/usr/bin/ceph: stderr
2024-05-08T22:07:53.281+0000 7fcef1ffb700 1 -- 172.21.15.81:0/335566344 <== mon.0 v2:172.21.15.81:3300/0 2 ==== config(26 keys) v1 ==== 1074+0+0 (secure 0 0 0) 0x7fcee40042c0 con 0x7fcef41056d0
2024-05-08T22:07:54.066 INFO:teuthology.orchestra.run.smithi081.stdout:/usr/bin/ceph: stderr
2024-05-08T22:07:53.281+0000 7fcef1ffb700 1 -- 172.21.15.81:0/335566344 <== mon.0 v2:172.21.15.81:3300/0 3 ==== mon_map magic: 0 v1 ==== 205+0+0 (secure 0 0 0) 0x7fcee4011a00 con 0x7fcef41056d0
2024-05-08T22:07:54.066 INFO:teuthology.orchestra.run.smithi081.stdout:/usr/bin/ceph: stderr
2024-05-08T22:07:53.282+0000 7fcef97fd700 1 -- 172.21.15.81:0/335566344 >> [v2:172.21.15.81:3300/0,v1:172.21.15.81:6789/0] conn(0x7fcef41056d0 msgr2=0x7fcef4105af0 secure :-1 s=STATE_CONNECTION_ESTABLISHED l=1).mark_down
2024-05-08T22:07:54.067 INFO:teuthology.orchestra.run.smithi081.stdout:/usr/bin/ceph: stderr
2024-05-08T22:07:53.282+0000 7fcef97fd700 1 --2- 172.21.15.81:0/335566344 >> [v2:172.21.15.81:3300/0,v1:172.21.15.81:6789/0] conn(0x7fcef41056d0 0x7fcef4105af0 secure :-1 s=READY pgs=45 cs=0 l=1 rev1=1 crypto rx=0x7fcee40098a0 tx=0x7fcee4009bb0 comp rx=0 tx=0).stop
2024-05-08T22:07:54.067 INFO:teuthology.orchestra.run.smithi081.stdout:/usr/bin/ceph: stderr
2024-05-08T22:07:53.282+0000 7fcef97fd700 1 -- 172.21.15.81:0/335566344 shutdown_connections
2024-05-08T22:07:54.067 INFO:teuthology.orchestra.run.smithi081.stdout:/usr/bin/ceph: stderr
2024-05-08T22:07:53.282+0000 7fcef97fd700 1 --2- 172.21.15.81:0/335566344 >> [v2:172.21.15.81:3300/0,v1:172.21.15.81:6789/0] conn(0x7fcef41056d0 0x7fcef4105af0 unknown :-1 s=CLOSED pgs=45 cs=0 l=1 rev1=1 crypto rx=0 tx=0 comp rx=0 tx=0).stop
2024-05-08T22:07:54.067 INFO:teuthology.orchestra.run.smithi081.stdout:/usr/bin/ceph: stderr
2024-05-08T22:07:53.282+0000 7fcef97fd700 1 -- 172.21.15.81:0/335566344 >> 172.21.15.81:0/335566344 conn(0x7fcef4100c90 msgr2=0x7fcef41030b0 unknown :-1 s=STATE_NONE l=0).mark_down
2024-05-08T22:07:54.067 INFO:teuthology.orchestra.run.smithi081.stdout:/usr/bin/ceph: stderr
2024-05-08T22:07:53.282+0000 7fcef97fd700 1 -- 172.21.15.81:0/335566344 shutdown_connections
2024-05-08T22:07:54.067 INFO:teuthology.orchestra.run.smithi081.stdout:/usr/bin/ceph: stderr
2024-05-08T22:07:53.282+0000 7fcef97fd700 1 -- 172.21.15.81:0/335566344 wait complete.
2024-05-08T22:07:54.067 INFO:teuthology.orchestra.run.smithi081.stdout:/usr/bin/ceph: stderr
2024-05-08T22:07:53.283+0000 7fcef97fd700 1 Processor -- start
2024-05-08T22:07:54.067 INFO:teuthology.orchestra.run.smithi081.stdout:/usr/bin/ceph: stderr
2024-05-08T22:07:53.283+0000 7fcef97fd700 1 -- start start
2024-05-08T22:07:54.067 INFO:teuthology.orchestra.run.smithi081.stdout:/usr/bin/ceph: stderr
2024-05-08T22:07:53.283+0000 7fcef97fd700 1 --2- >> [v2:172.21.15.81:3300/0,v1:172.21.15.81:6789/0] conn(0x7fcef41056d0 0x7fcef4079a40 unknown :-1 s=NONE pgs=0 cs=0 l=1 rev1=0 crypto rx=0 tx=0 comp rx=0 tx=0).connect
2024-05-08T22:07:54.067 INFO:teuthology.orchestra.run.smithi081.stdout:/usr/bin/ceph: stderr
2024-05-08T22:07:53.283+0000 7fcef97fd700 1 -- --> [v2:172.21.15.81:3300/0,v1:172.21.15.81:6789/0] -- mon_getmap magic: 0 v1 -- 0x7fcef4079f80 con 0x7fcef41056d0
2024-05-08T22:07:54.067 INFO:teuthology.orchestra.run.smithi081.stdout:/usr/bin/ceph: stderr
2024-05-08T22:07:53.284+0000 7fcef2ffd700 1 --2- >> [v2:172.21.15.81:3300/0,v1:172.21.15.81:6789/0] conn(0x7fcef41056d0 0x7fcef4079a40 unknown :-1 s=BANNER_CONNECTING pgs=0 cs=0 l=1 rev1=0 crypto rx=0 tx=0 comp rx=0 tx=0)._handle_peer_banner_payload supported=3 required=0
2024-05-08T22:07:54.067 INFO:teuthology.orchestra.run.smithi081.stdout:/usr/bin/ceph: stderr
2024-05-08T22:07:53.284+0000 7fcef2ffd700 1 --2- >> [v2:172.21.15.81:3300/0,v1:172.21.15.81:6789/0] conn(0x7fcef41056d0 0x7fcef4079a40 unknown :-1 s=HELLO_CONNECTING pgs=0 cs=0 l=1 rev1=1 crypto rx=0 tx=0 comp rx=0 tx=0).handle_hello peer v2:172.21.15.81:3300/0 says I am v2:172.21.15.81:35196/0 (socket says 172.21.15.81:35196)
2024-05-08T22:07:54.067 INFO:teuthology.orchestra.run.smithi081.stdout:/usr/bin/ceph: stderr
2024-05-08T22:07:53.284+0000 7fcef2ffd700 1 -- 172.21.15.81:0/1575628671 learned_addr learned my addr 172.21.15.81:0/1575628671 (peer_addr_for_me v2:172.21.15.81:0/0)
2024-05-08T22:07:54.067 INFO:teuthology.orchestra.run.smithi081.stdout:/usr/bin/ceph: stderr
2024-05-08T22:07:53.284+0000 7fcef2ffd700 1 -- 172.21.15.81:0/1575628671 --> [v2:172.21.15.81:3300/0,v1:172.21.15.81:6789/0] -- mon_subscribe({config=0+,monmap=0+}) v3 -- 0x7fcee4009550 con 0x7fcef41056d0
2024-05-08T22:07:54.067 INFO:teuthology.orchestra.run.smithi081.stdout:/usr/bin/ceph: stderr
2024-05-08T22:07:53.284+0000 7fcef2ffd700 1 --2- 172.21.15.81:0/1575628671 >> [v2:172.21.15.81:3300/0,v1:172.21.15.81:6789/0] conn(0x7fcef41056d0 0x7fcef4079a40 secure :-1 s=READY pgs=46 cs=0 l=1 rev1=1 crypto rx=0x7fcee4009130 tx=0x7fcee4011ad0 comp rx=0 tx=0).ready entity=mon.0 client_cookie=0 server_cookie=0 in_seq=0 out_seq=0
2024-05-08T22:07:54.068 INFO:teuthology.orchestra.run.smithi081.stdout:/usr/bin/ceph: stderr
2024-05-08T22:07:53.284+0000 7fcedbfff700 1 -- 172.21.15.81:0/1575628671 <== mon.0 v2:172.21.15.81:3300/0 1 ==== mon_map magic: 0 v1 ==== 205+0+0 (secure 0 0 0) 0x7fcee40038b0 con 0x7fcef41056d0
2024-05-08T22:07:54.068 INFO:teuthology.orchestra.run.smithi081.stdout:/usr/bin/ceph: stderr
2024-05-08T22:07:53.284+0000 7fcef97fd700 1 -- 172.21.15.81:0/1575628671 --> [v2:172.21.15.81:3300/0,v1:172.21.15.81:6789/0] -- mon_subscribe({mgrmap=0+}) v3 -- 0x7fcef419d2e0 con 0x7fcef41056d0
2024-05-08T22:07:54.068 INFO:teuthology.orchestra.run.smithi081.stdout:/usr/bin/ceph: stderr
2024-05-08T22:07:53.284+0000 7fcedbfff700 1 -- 172.21.15.81:0/1575628671 <== mon.0 v2:172.21.15.81:3300/0 2 ==== config(26 keys) v1 ==== 1074+0+0 (secure 0 0 0) 0x7fcee4003a10 con 0x7fcef41056d0
2024-05-08T22:07:54.068 INFO:teuthology.orchestra.run.smithi081.stdout:/usr/bin/ceph: stderr
2024-05-08T22:07:53.284+0000 7fcedbfff700 1 -- 172.21.15.81:0/1575628671 <== mon.0 v2:172.21.15.81:3300/0 3 ==== mon_map magic: 0 v1 ==== 205+0+0 (secure 0 0 0) 0x7fcee4019550 con 0x7fcef41056d0
2024-05-08T22:07:54.068 INFO:teuthology.orchestra.run.smithi081.stdout:/usr/bin/ceph: stderr
2024-05-08T22:07:53.284+0000 7fcef97fd700 1 -- 172.21.15.81:0/1575628671 --> [v2:172.21.15.81:3300/0,v1:172.21.15.81:6789/0] -- mon_subscribe({osdmap=0}) v3 -- 0x7fcef419d780 con 0x7fcef41056d0
2024-05-08T22:07:54.068 INFO:teuthology.orchestra.run.smithi081.stdout:/usr/bin/ceph: stderr
2024-05-08T22:07:53.285+0000 7fcedbfff700 1 -- 172.21.15.81:0/1575628671 <== mon.0 v2:172.21.15.81:3300/0 4 ==== mgrmap(e 8) v1 ==== 45541+0+0 (secure 0 0 0) 0x7fcee4019810 con 0x7fcef41056d0
2024-05-08T22:07:54.068 INFO:teuthology.orchestra.run.smithi081.stdout:/usr/bin/ceph: stderr
2024-05-08T22:07:53.285+0000 7fcedbfff700 1 --2- 172.21.15.81:0/1575628671 >> [v2:172.21.15.81:6800/1366536001,v1:172.21.15.81:6801/1366536001] conn(0x7fcedc038690 0x7fcedc03ab50 unknown :-1 s=NONE pgs=0 cs=0 l=1 rev1=0 crypto rx=0 tx=0 comp rx=0 tx=0).connect
2024-05-08T22:07:54.068 INFO:teuthology.orchestra.run.smithi081.stdout:/usr/bin/ceph: stderr
2024-05-08T22:07:53.285+0000 7fcedbfff700 1 -- 172.21.15.81:0/1575628671 <== mon.0 v2:172.21.15.81:3300/0 5 ==== osd_map(2..2 src has 1..2) v4 ==== 940+0+0 (secure 0 0 0) 0x7fcee404d7f0 con 0x7fcef41056d0
2024-05-08T22:07:54.068 INFO:teuthology.orchestra.run.smithi081.stdout:/usr/bin/ceph: stderr
2024-05-08T22:07:53.285+0000 7fcef27fc700 1 --2- 172.21.15.81:0/1575628671 >> [v2:172.21.15.81:6800/1366536001,v1:172.21.15.81:6801/1366536001] conn(0x7fcedc038690 0x7fcedc03ab50 unknown :-1 s=BANNER_CONNECTING pgs=0 cs=0 l=1 rev1=0 crypto rx=0 tx=0 comp rx=0 tx=0)._handle_peer_banner_payload supported=3 required=0
2024-05-08T22:07:54.068 INFO:teuthology.orchestra.run.smithi081.stdout:/usr/bin/ceph: stderr
2024-05-08T22:07:53.285+0000 7fcef97fd700 1 -- 172.21.15.81:0/1575628671 --> [v2:172.21.15.81:3300/0,v1:172.21.15.81:6789/0] -- mon_command({"prefix": "get_command_descriptions"} v 0) v1 -- 0x7fcef40625d0 con 0x7fcef41056d0
2024-05-08T22:07:54.068 INFO:teuthology.orchestra.run.smithi081.stdout:/usr/bin/ceph: stderr
2024-05-08T22:07:53.286+0000 7fcef27fc700 1 --2- 172.21.15.81:0/1575628671 >> [v2:172.21.15.81:6800/1366536001,v1:172.21.15.81:6801/1366536001] conn(0x7fcedc038690 0x7fcedc03ab50 secure :-1 s=READY pgs=12 cs=0 l=1 rev1=1 crypto rx=0x7fcee8006fd0 tx=0x7fcee8006e40 comp rx=0 tx=0).ready entity=mgr.14118 client_cookie=0 server_cookie=0 in_seq=0 out_seq=0
2024-05-08T22:07:54.068 INFO:teuthology.orchestra.run.smithi081.stdout:/usr/bin/ceph: stderr
2024-05-08T22:07:53.290+0000 7fcedbfff700 1 -- 172.21.15.81:0/1575628671 <== mon.0 v2:172.21.15.81:3300/0 6 ==== mon_command_ack([{"prefix": "get_command_descriptions"}]=0 v0) v1 ==== 72+0+183622 (secure 0 0 0) 0x7fcee4019b10 con 0x7fcef41056d0
2024-05-08T22:07:54.068 INFO:teuthology.orchestra.run.smithi081.stdout:/usr/bin/ceph: stderr
2024-05-08T22:07:53.511+0000 7fcef97fd700 1 -- 172.21.15.81:0/1575628671 --> [v2:172.21.15.81:6800/1366536001,v1:172.21.15.81:6801/1366536001] -- mgr_command(tid 0: {"prefix": "orch apply", "service_type": "mon", "unmanaged": true, "target": ["mon-mgr", ""]}) v1 -- 0x7fcef4101ff0 con 0x7fcedc038690
2024-05-08T22:07:54.068 INFO:teuthology.orchestra.run.smithi081.stdout:/usr/bin/ceph: stderr
2024-05-08T22:07:53.516+0000 7fcedbfff700 1 -- 172.21.15.81:0/1575628671 <== mgr.14118 v2:172.21.15.81:6800/1366536001 1 ==== mgr_command_reply(tid 0: 0 ) v1 ==== 8+0+24 (secure 0 0 0) 0x7fcef4101ff0 con 0x7fcedc038690
2024-05-08T22:07:54.069 INFO:teuthology.orchestra.run.smithi081.stdout:/usr/bin/ceph: stderr
2024-05-08T22:07:53.518+0000 7fcef97fd700 1 -- 172.21.15.81:0/1575628671 >> [v2:172.21.15.81:6800/1366536001,v1:172.21.15.81:6801/1366536001] conn(0x7fcedc038690 msgr2=0x7fcedc03ab50 secure :-1 s=STATE_CONNECTION_ESTABLISHED l=1).mark_down
2024-05-08T22:07:54.069 INFO:teuthology.orchestra.run.smithi081.stdout:/usr/bin/ceph: stderr
2024-05-08T22:07:53.518+0000 7fcef97fd700 1 --2- 172.21.15.81:0/1575628671 >> [v2:172.21.15.81:6800/1366536001,v1:172.21.15.81:6801/1366536001] conn(0x7fcedc038690 0x7fcedc03ab50 secure :-1 s=READY pgs=12 cs=0 l=1 rev1=1 crypto rx=0x7fcee8006fd0 tx=0x7fcee8006e40 comp rx=0 tx=0).stop
2024-05-08T22:07:54.069 INFO:teuthology.orchestra.run.smithi081.stdout:/usr/bin/ceph: stderr
2024-05-08T22:07:53.518+0000 7fcef97fd700 1 -- 172.21.15.81:0/1575628671 >> [v2:172.21.15.81:3300/0,v1:172.21.15.81:6789/0] conn(0x7fcef41056d0 msgr2=0x7fcef4079a40 secure :-1 s=STATE_CONNECTION_ESTABLISHED l=1).mark_down
2024-05-08T22:07:54.069 INFO:teuthology.orchestra.run.smithi081.stdout:/usr/bin/ceph: stderr
2024-05-08T22:07:53.518+0000 7fcef97fd700 1 --2- 172.21.15.81:0/1575628671 >> [v2:172.21.15.81:3300/0,v1:172.21.15.81:6789/0] conn(0x7fcef41056d0 0x7fcef4079a40 secure :-1 s=READY pgs=46 cs=0 l=1 rev1=1 crypto rx=0x7fcee4009130 tx=0x7fcee4011ad0 comp rx=0 tx=0).stop
2024-05-08T22:07:54.069 INFO:teuthology.orchestra.run.smithi081.stdout:/usr/bin/ceph: stderr
2024-05-08T22:07:53.518+0000 7fcef97fd700 1 -- 172.21.15.81:0/1575628671 shutdown_connections
2024-05-08T22:07:54.069 INFO:teuthology.orchestra.run.smithi081.stdout:/usr/bin/ceph: stderr
2024-05-08T22:07:53.518+0000 7fcef97fd700 1 --2- 172.21.15.81:0/1575628671 >> [v2:172.21.15.81:6800/1366536001,v1:172.21.15.81:6801/1366536001] conn(0x7fcedc038690 0x7fcedc03ab50 unknown :-1 s=CLOSED pgs=12 cs=0 l=1 rev1=1 crypto rx=0 tx=0 comp rx=0 tx=0).stop
2024-05-08T22:07:54.069 INFO:teuthology.orchestra.run.smithi081.stdout:/usr/bin/ceph: stderr
2024-05-08T22:07:53.518+0000 7fcef97fd700 1 --2- 172.21.15.81:0/1575628671 >> [v2:172.21.15.81:3300/0,v1:172.21.15.81:6789/0] conn(0x7fcef41056d0 0x7fcef4079a40 unknown :-1 s=CLOSED pgs=46 cs=0 l=1 rev1=1 crypto rx=0 tx=0 comp rx=0 tx=0).stop
2024-05-08T22:07:54.069 INFO:teuthology.orchestra.run.smithi081.stdout:/usr/bin/ceph: stderr
2024-05-08T22:07:53.518+0000 7fcef97fd700 1 -- 172.21.15.81:0/1575628671 >> 172.21.15.81:0/1575628671 conn(0x7fcef4100c90 msgr2=0x7fcef41018a0 unknown :-1 s=STATE_NONE l=0).mark_down
2024-05-08T22:07:54.069 INFO:teuthology.orchestra.run.smithi081.stdout:/usr/bin/ceph: stderr
2024-05-08T22:07:53.518+0000 7fcef97fd700 1 -- 172.21.15.81:0/1575628671 shutdown_connections
2024-05-08T22:07:54.069 INFO:teuthology.orchestra.run.smithi081.stdout:/usr/bin/ceph: stderr
2024-05-08T22:07:53.519+0000 7fcef97fd700 1 -- 172.21.15.81:0/1575628671 wait complete.
2024-05-08T22:07:54.069 INFO:teuthology.orchestra.run.smithi081.stdout:Deploying unmanaged mgr service...
2024-05-08T22:07:54.934 INFO:journalctl@ceph.mon.a.smithi081.stdout:May 08 22:07:54 smithi081 ceph-mon[42418]: from='client.14140 -' entity='client.admin' cmd=[{"prefix": "orch apply", "service_type": "mon", "unmanaged": true, "target": ["mon-mgr", ""]}]: dispatch
2024-05-08T22:07:54.934 INFO:journalctl@ceph.mon.a.smithi081.stdout:May 08 22:07:54 smithi081 ceph-mon[42418]: Saving service mon spec with placement count:5
2024-05-08T22:07:54.934 INFO:journalctl@ceph.mon.a.smithi081.stdout:May 08 22:07:54 smithi081 ceph-mon[42418]: from='mgr.14118 172.21.15.81:0/2939904535' entity='mgr.x'
2024-05-08T22:07:54.934 INFO:journalctl@ceph.mon.a.smithi081.stdout:May 08 22:07:54 smithi081 ceph-mon[42418]: from='mgr.14118 172.21.15.81:0/2939904535' entity='mgr.x'
2024-05-08T22:07:54.934 INFO:journalctl@ceph.mon.a.smithi081.stdout:May 08 22:07:54 smithi081 ceph-mon[42418]: from='mgr.14118 172.21.15.81:0/2939904535' entity='mgr.x'
2024-05-08T22:07:55.065 INFO:teuthology.orchestra.run.smithi081.stdout:/usr/bin/ceph: stdout Scheduled mgr update...
2024-05-08T22:07:55.065 INFO:teuthology.orchestra.run.smithi081.stdout:/usr/bin/ceph: stderr
2024-05-08T22:07:54.407+0000 7f0070e4c700 1 Processor -- start
2024-05-08T22:07:55.065 INFO:teuthology.orchestra.run.smithi081.stdout:/usr/bin/ceph: stderr
2024-05-08T22:07:54.407+0000 7f0070e4c700 1 -- start start
2024-05-08T22:07:55.065 INFO:teuthology.orchestra.run.smithi081.stdout:/usr/bin/ceph: stderr
2024-05-08T22:07:54.407+0000 7f0070e4c700 1 --2- >> [v2:172.21.15.81:3300/0,v1:172.21.15.81:6789/0] conn(0x7f006c107260 0x7f006c109650 unknown :-1 s=NONE pgs=0 cs=0 l=0 rev1=0 crypto rx=0 tx=0 comp rx=0 tx=0).connect
2024-05-08T22:07:55.065 INFO:teuthology.orchestra.run.smithi081.stdout:/usr/bin/ceph: stderr
2024-05-08T22:07:54.407+0000 7f0070e4c700 1 -- --> [v2:172.21.15.81:3300/0,v1:172.21.15.81:6789/0] -- mon_getmap magic: 0 v1 -- 0x7f006c074810 con 0x7f006c107260
2024-05-08T22:07:55.065 INFO:teuthology.orchestra.run.smithi081.stdout:/usr/bin/ceph: stderr
2024-05-08T22:07:54.408+0000 7f006a59c700 1 --2- >> [v2:172.21.15.81:3300/0,v1:172.21.15.81:6789/0] conn(0x7f006c107260 0x7f006c109650 unknown :-1 s=BANNER_CONNECTING pgs=0 cs=0 l=0 rev1=0 crypto rx=0 tx=0 comp rx=0 tx=0)._handle_peer_banner_payload supported=3 required=0
2024-05-08T22:07:55.065 INFO:teuthology.orchestra.run.smithi081.stdout:/usr/bin/ceph: stderr
2024-05-08T22:07:54.408+0000 7f006a59c700 1 --2- >> [v2:172.21.15.81:3300/0,v1:172.21.15.81:6789/0] conn(0x7f006c107260 0x7f006c109650 unknown :-1 s=HELLO_CONNECTING pgs=0 cs=0 l=0 rev1=1 crypto rx=0 tx=0 comp rx=0 tx=0).handle_hello peer v2:172.21.15.81:3300/0 says I am v2:172.21.15.81:35206/0 (socket says 172.21.15.81:35206)
2024-05-08T22:07:55.065 INFO:teuthology.orchestra.run.smithi081.stdout:/usr/bin/ceph: stderr
2024-05-08T22:07:54.408+0000 7f006a59c700 1 -- 172.21.15.81:0/2922854367 learned_addr learned my addr 172.21.15.81:0/2922854367 (peer_addr_for_me v2:172.21.15.81:0/0)
2024-05-08T22:07:55.065 INFO:teuthology.orchestra.run.smithi081.stdout:/usr/bin/ceph: stderr
2024-05-08T22:07:54.408+0000 7f006a59c700 1 -- 172.21.15.81:0/2922854367 --> [v2:172.21.15.81:3300/0,v1:172.21.15.81:6789/0] -- mon_subscribe({config=0+,monmap=0+}) v3 -- 0x7f006c109b90 con 0x7f006c107260
2024-05-08T22:07:55.065 INFO:teuthology.orchestra.run.smithi081.stdout:/usr/bin/ceph: stderr
2024-05-08T22:07:54.408+0000 7f006a59c700 1 --2- 172.21.15.81:0/2922854367 >> [v2:172.21.15.81:3300/0,v1:172.21.15.81:6789/0] conn(0x7f006c107260 0x7f006c109650 secure :-1 s=READY pgs=47 cs=0 l=1 rev1=1 crypto rx=0x7f005c00f960 tx=0x7f005c00fc70 comp rx=0 tx=0).ready entity=mon.0 client_cookie=c2809e030a0c8dde server_cookie=0 in_seq=0 out_seq=0
2024-05-08T22:07:55.065 INFO:teuthology.orchestra.run.smithi081.stdout:/usr/bin/ceph: stderr
2024-05-08T22:07:54.408+0000 7f006959a700 1 -- 172.21.15.81:0/2922854367 <== mon.0 v2:172.21.15.81:3300/0 1 ==== mon_map magic: 0 v1 ==== 205+0+0 (secure 0 0 0) 0x7f005c009b30 con 0x7f006c107260
2024-05-08T22:07:55.065 INFO:teuthology.orchestra.run.smithi081.stdout:/usr/bin/ceph: stderr
2024-05-08T22:07:54.408+0000 7f006959a700 1 -- 172.21.15.81:0/2922854367 <== mon.0 v2:172.21.15.81:3300/0 2 ==== config(26 keys) v1 ==== 1105+0+0 (secure 0 0 0) 0x7f005c0044f0 con 0x7f006c107260
2024-05-08T22:07:55.066 INFO:teuthology.orchestra.run.smithi081.stdout:/usr/bin/ceph: stderr
2024-05-08T22:07:54.408+0000 7f006959a700 1 -- 172.21.15.81:0/2922854367 <== mon.0 v2:172.21.15.81:3300/0 3 ==== mon_map magic: 0 v1 ==== 205+0+0 (secure 0 0 0) 0x7f005c003db0 con 0x7f006c107260
2024-05-08T22:07:55.066 INFO:teuthology.orchestra.run.smithi081.stdout:/usr/bin/ceph: stderr
2024-05-08T22:07:54.409+0000 7f0070e4c700 1 -- 172.21.15.81:0/2922854367 >> [v2:172.21.15.81:3300/0,v1:172.21.15.81:6789/0] conn(0x7f006c107260 msgr2=0x7f006c109650 secure :-1 s=STATE_CONNECTION_ESTABLISHED l=1).mark_down
2024-05-08T22:07:55.066 INFO:teuthology.orchestra.run.smithi081.stdout:/usr/bin/ceph: stderr
2024-05-08T22:07:54.409+0000 7f0070e4c700 1 --2- 172.21.15.81:0/2922854367 >> [v2:172.21.15.81:3300/0,v1:172.21.15.81:6789/0] conn(0x7f006c107260 0x7f006c109650 secure :-1 s=READY pgs=47 cs=0 l=1 rev1=1 crypto rx=0x7f005c00f960 tx=0x7f005c00fc70 comp rx=0 tx=0).stop
2024-05-08T22:07:55.066 INFO:teuthology.orchestra.run.smithi081.stdout:/usr/bin/ceph: stderr
2024-05-08T22:07:54.409+0000 7f0070e4c700 1 -- 172.21.15.81:0/2922854367 shutdown_connections
2024-05-08T22:07:55.066 INFO:teuthology.orchestra.run.smithi081.stdout:/usr/bin/ceph: stderr
2024-05-08T22:07:54.409+0000 7f0070e4c700 1 --2- 172.21.15.81:0/2922854367 >> [v2:172.21.15.81:3300/0,v1:172.21.15.81:6789/0] conn(0x7f006c107260 0x7f006c109650 unknown :-1 s=CLOSED pgs=47 cs=0 l=1 rev1=1 crypto rx=0 tx=0 comp rx=0 tx=0).stop
2024-05-08T22:07:55.066 INFO:teuthology.orchestra.run.smithi081.stdout:/usr/bin/ceph: stderr
2024-05-08T22:07:54.409+0000 7f0070e4c700 1 -- 172.21.15.81:0/2922854367 >> 172.21.15.81:0/2922854367 conn(0x7f006c100c50 msgr2=0x7f006c103090 unknown :-1 s=STATE_NONE l=0).mark_down
2024-05-08T22:07:55.066 INFO:teuthology.orchestra.run.smithi081.stdout:/usr/bin/ceph: stderr
2024-05-08T22:07:54.409+0000 7f0070e4c700 1 -- 172.21.15.81:0/2922854367 shutdown_connections
2024-05-08T22:07:55.066 INFO:teuthology.orchestra.run.smithi081.stdout:/usr/bin/ceph: stderr
2024-05-08T22:07:54.409+0000 7f0070e4c700 1 -- 172.21.15.81:0/2922854367 wait complete.
2024-05-08T22:07:55.066 INFO:teuthology.orchestra.run.smithi081.stdout:/usr/bin/ceph: stderr
2024-05-08T22:07:54.410+0000 7f0070e4c700 1 Processor -- start
2024-05-08T22:07:55.066 INFO:teuthology.orchestra.run.smithi081.stdout:/usr/bin/ceph: stderr
2024-05-08T22:07:54.410+0000 7f0070e4c700 1 -- start start
2024-05-08T22:07:55.066 INFO:teuthology.orchestra.run.smithi081.stdout:/usr/bin/ceph: stderr
2024-05-08T22:07:54.410+0000 7f0070e4c700 1 --2- >> [v2:172.21.15.81:3300/0,v1:172.21.15.81:6789/0] conn(0x7f006c107260 0x7f006c198320 unknown :-1 s=NONE pgs=0 cs=0 l=1 rev1=0 crypto rx=0 tx=0 comp rx=0 tx=0).connect
2024-05-08T22:07:55.066 INFO:teuthology.orchestra.run.smithi081.stdout:/usr/bin/ceph: stderr
2024-05-08T22:07:54.410+0000 7f0070e4c700 1 -- --> [v2:172.21.15.81:3300/0,v1:172.21.15.81:6789/0] -- mon_getmap magic: 0 v1 -- 0x7f006c198860 con 0x7f006c107260
2024-05-08T22:07:55.066 INFO:teuthology.orchestra.run.smithi081.stdout:/usr/bin/ceph: stderr
2024-05-08T22:07:54.411+0000 7f006a59c700 1 --2- >> [v2:172.21.15.81:3300/0,v1:172.21.15.81:6789/0] conn(0x7f006c107260 0x7f006c198320 unknown :-1 s=BANNER_CONNECTING pgs=0 cs=0 l=1 rev1=0 crypto rx=0 tx=0 comp rx=0 tx=0)._handle_peer_banner_payload supported=3 required=0
2024-05-08T22:07:55.067 INFO:teuthology.orchestra.run.smithi081.stdout:/usr/bin/ceph: stderr
2024-05-08T22:07:54.411+0000 7f006a59c700 1 --2- >> [v2:172.21.15.81:3300/0,v1:172.21.15.81:6789/0] conn(0x7f006c107260 0x7f006c198320 unknown :-1 s=HELLO_CONNECTING pgs=0 cs=0 l=1 rev1=1 crypto rx=0 tx=0 comp rx=0 tx=0).handle_hello peer v2:172.21.15.81:3300/0 says I am v2:172.21.15.81:35210/0 (socket says 172.21.15.81:35210)
2024-05-08T22:07:55.067 INFO:teuthology.orchestra.run.smithi081.stdout:/usr/bin/ceph: stderr
2024-05-08T22:07:54.411+0000 7f006a59c700 1 -- 172.21.15.81:0/370576141 learned_addr learned my addr 172.21.15.81:0/370576141 (peer_addr_for_me v2:172.21.15.81:0/0)
2024-05-08T22:07:55.067 INFO:teuthology.orchestra.run.smithi081.stdout:/usr/bin/ceph: stderr
2024-05-08T22:07:54.411+0000 7f006a59c700 1 -- 172.21.15.81:0/370576141 --> [v2:172.21.15.81:3300/0,v1:172.21.15.81:6789/0] -- mon_subscribe({config=0+,monmap=0+}) v3 -- 0x7f005c00f610 con 0x7f006c107260
2024-05-08T22:07:55.067 INFO:teuthology.orchestra.run.smithi081.stdout:/usr/bin/ceph: stderr
2024-05-08T22:07:54.411+0000 7f006a59c700 1 --2- 172.21.15.81:0/370576141 >> [v2:172.21.15.81:3300/0,v1:172.21.15.81:6789/0] conn(0x7f006c107260 0x7f006c198320 secure :-1 s=READY pgs=48 cs=0 l=1 rev1=1 crypto rx=0x7f005c000c00 tx=0x7f005c0047c0 comp rx=0 tx=0).ready entity=mon.0 client_cookie=0 server_cookie=0 in_seq=0 out_seq=0
2024-05-08T22:07:55.067 INFO:teuthology.orchestra.run.smithi081.stdout:/usr/bin/ceph: stderr
2024-05-08T22:07:54.411+0000 7f005b7fe700 1 -- 172.21.15.81:0/370576141 <== mon.0 v2:172.21.15.81:3300/0 1 ==== mon_map magic: 0 v1 ==== 205+0+0 (secure 0 0 0) 0x7f005c017700 con 0x7f006c107260
2024-05-08T22:07:55.067 INFO:teuthology.orchestra.run.smithi081.stdout:/usr/bin/ceph: stderr
2024-05-08T22:07:54.411+0000 7f005b7fe700 1 -- 172.21.15.81:0/370576141 <== mon.0 v2:172.21.15.81:3300/0 2 ==== config(26 keys) v1 ==== 1105+0+0 (secure 0 0 0) 0x7f005c017d20 con 0x7f006c107260
2024-05-08T22:07:55.067 INFO:teuthology.orchestra.run.smithi081.stdout:/usr/bin/ceph: stderr
2024-05-08T22:07:54.411+0000 7f0070e4c700 1 -- 172.21.15.81:0/370576141 --> [v2:172.21.15.81:3300/0,v1:172.21.15.81:6789/0] -- mon_subscribe({mgrmap=0+}) v3 -- 0x7f006c198a60 con 0x7f006c107260
2024-05-08T22:07:55.067 INFO:teuthology.orchestra.run.smithi081.stdout:/usr/bin/ceph: stderr
2024-05-08T22:07:54.411+0000 7f005b7fe700 1 -- 172.21.15.81:0/370576141 <== mon.0 v2:172.21.15.81:3300/0 3 ==== mon_map magic: 0 v1 ==== 205+0+0 (secure 0 0 0) 0x7f005c020b10 con 0x7f006c107260
2024-05-08T22:07:55.067 INFO:teuthology.orchestra.run.smithi081.stdout:/usr/bin/ceph: stderr
2024-05-08T22:07:54.412+0000 7f0070e4c700 1 -- 172.21.15.81:0/370576141 --> [v2:172.21.15.81:3300/0,v1:172.21.15.81:6789/0] -- mon_subscribe({osdmap=0}) v3 -- 0x7f006c198ea0 con 0x7f006c107260
2024-05-08T22:07:55.067 INFO:teuthology.orchestra.run.smithi081.stdout:/usr/bin/ceph: stderr
2024-05-08T22:07:54.412+0000 7f005b7fe700 1 -- 172.21.15.81:0/370576141 <== mon.0 v2:172.21.15.81:3300/0 4 ==== mgrmap(e 8) v1 ==== 45541+0+0 (secure 0 0 0) 0x7f005c01e070 con 0x7f006c107260
2024-05-08T22:07:55.067 INFO:teuthology.orchestra.run.smithi081.stdout:/usr/bin/ceph: stderr
2024-05-08T22:07:54.412+0000 7f005b7fe700 1 --2- 172.21.15.81:0/370576141 >> [v2:172.21.15.81:6800/1366536001,v1:172.21.15.81:6801/1366536001] conn(0x7f00540387a0 0x7f005403ac60 unknown :-1 s=NONE pgs=0 cs=0 l=1 rev1=0 crypto rx=0 tx=0 comp rx=0 tx=0).connect
2024-05-08T22:07:55.067 INFO:teuthology.orchestra.run.smithi081.stdout:/usr/bin/ceph: stderr
2024-05-08T22:07:54.412+0000 7f005b7fe700 1 -- 172.21.15.81:0/370576141 <== mon.0 v2:172.21.15.81:3300/0 5 ==== osd_map(2..2 src has 1..2) v4 ==== 940+0+0 (secure 0 0 0) 0x7f005c051080 con 0x7f006c107260
2024-05-08T22:07:55.067 INFO:teuthology.orchestra.run.smithi081.stdout:/usr/bin/ceph: stderr
2024-05-08T22:07:54.413+0000 7f0069d9b700 1 --2- 172.21.15.81:0/370576141 >> [v2:172.21.15.81:6800/1366536001,v1:172.21.15.81:6801/1366536001] conn(0x7f00540387a0 0x7f005403ac60 unknown :-1 s=BANNER_CONNECTING pgs=0 cs=0 l=1 rev1=0 crypto rx=0 tx=0 comp rx=0 tx=0)._handle_peer_banner_payload supported=3 required=0
2024-05-08T22:07:55.068 INFO:teuthology.orchestra.run.smithi081.stdout:/usr/bin/ceph: stderr
2024-05-08T22:07:54.413+0000 7f0070e4c700 1 -- 172.21.15.81:0/370576141 --> [v2:172.21.15.81:3300/0,v1:172.21.15.81:6789/0] -- mon_command({"prefix": "get_command_descriptions"} v 0) v1 -- 0x7f006c1921e0 con 0x7f006c107260
2024-05-08T22:07:55.068 INFO:teuthology.orchestra.run.smithi081.stdout:/usr/bin/ceph: stderr
2024-05-08T22:07:54.413+0000 7f0069d9b700 1 --2- 172.21.15.81:0/370576141 >> [v2:172.21.15.81:6800/1366536001,v1:172.21.15.81:6801/1366536001] conn(0x7f00540387a0 0x7f005403ac60 secure :-1 s=READY pgs=13 cs=0 l=1 rev1=1 crypto rx=0x7f0060006fd0 tx=0x7f0060006e40 comp rx=0 tx=0).ready entity=mgr.14118 client_cookie=0 server_cookie=0 in_seq=0 out_seq=0
2024-05-08T22:07:55.068 INFO:teuthology.orchestra.run.smithi081.stdout:/usr/bin/ceph: stderr
2024-05-08T22:07:54.418+0000 7f005b7fe700 1 -- 172.21.15.81:0/370576141 <== mon.0 v2:172.21.15.81:3300/0 6 ==== mon_command_ack([{"prefix": "get_command_descriptions"}]=0 v0) v1 ==== 72+0+183622 (secure 0 0 0) 0x7f005c01c030 con 0x7f006c107260
2024-05-08T22:07:55.068 INFO:teuthology.orchestra.run.smithi081.stdout:/usr/bin/ceph: stderr
2024-05-08T22:07:54.639+0000 7f0070e4c700 1 -- 172.21.15.81:0/370576141 --> [v2:172.21.15.81:6800/1366536001,v1:172.21.15.81:6801/1366536001] -- mgr_command(tid 0: {"prefix": "orch apply", "service_type": "mgr", "unmanaged": true, "target": ["mon-mgr", ""]}) v1 -- 0x7f006c02ce10 con 0x7f00540387a0
2024-05-08T22:07:55.068 INFO:teuthology.orchestra.run.smithi081.stdout:/usr/bin/ceph: stderr
2024-05-08T22:07:54.643+0000 7f005b7fe700 1 -- 172.21.15.81:0/370576141 <== mgr.14118 v2:172.21.15.81:6800/1366536001 1 ==== mgr_command_reply(tid 0: 0 ) v1 ==== 8+0+24 (secure 0 0 0) 0x7f006c02ce10 con 0x7f00540387a0
2024-05-08T22:07:55.068 INFO:teuthology.orchestra.run.smithi081.stdout:/usr/bin/ceph: stderr
2024-05-08T22:07:54.645+0000 7f0070e4c700 1 -- 172.21.15.81:0/370576141 >> [v2:172.21.15.81:6800/1366536001,v1:172.21.15.81:6801/1366536001] conn(0x7f00540387a0 msgr2=0x7f005403ac60 secure :-1 s=STATE_CONNECTION_ESTABLISHED l=1).mark_down
2024-05-08T22:07:55.068 INFO:teuthology.orchestra.run.smithi081.stdout:/usr/bin/ceph: stderr
2024-05-08T22:07:54.645+0000 7f0070e4c700 1 --2- 172.21.15.81:0/370576141 >> [v2:172.21.15.81:6800/1366536001,v1:172.21.15.81:6801/1366536001] conn(0x7f00540387a0 0x7f005403ac60 secure :-1 s=READY pgs=13 cs=0 l=1 rev1=1 crypto rx=0x7f0060006fd0 tx=0x7f0060006e40 comp rx=0 tx=0).stop
2024-05-08T22:07:55.068 INFO:teuthology.orchestra.run.smithi081.stdout:/usr/bin/ceph: stderr
2024-05-08T22:07:54.645+0000 7f0070e4c700 1 -- 172.21.15.81:0/370576141 >> [v2:172.21.15.81:3300/0,v1:172.21.15.81:6789/0] conn(0x7f006c107260 msgr2=0x7f006c198320 secure :-1 s=STATE_CONNECTION_ESTABLISHED l=1).mark_down
2024-05-08T22:07:55.068 INFO:teuthology.orchestra.run.smithi081.stdout:/usr/bin/ceph: stderr
2024-05-08T22:07:54.645+0000 7f0070e4c700 1 --2- 172.21.15.81:0/370576141 >> [v2:172.21.15.81:3300/0,v1:172.21.15.81:6789/0] conn(0x7f006c107260 0x7f006c198320 secure :-1 s=READY pgs=48 cs=0 l=1 rev1=1 crypto rx=0x7f005c000c00 tx=0x7f005c0047c0 comp rx=0 tx=0).stop
2024-05-08T22:07:55.068 INFO:teuthology.orchestra.run.smithi081.stdout:/usr/bin/ceph: stderr
2024-05-08T22:07:54.646+0000 7f0070e4c700 1 -- 172.21.15.81:0/370576141 shutdown_connections
2024-05-08T22:07:55.068 INFO:teuthology.orchestra.run.smithi081.stdout:/usr/bin/ceph: stderr
2024-05-08T22:07:54.646+0000 7f0070e4c700 1 --2- 172.21.15.81:0/370576141 >> [v2:172.21.15.81:6800/1366536001,v1:172.21.15.81:6801/1366536001] conn(0x7f00540387a0 0x7f005403ac60 unknown :-1 s=CLOSED pgs=13 cs=0 l=1 rev1=1 crypto rx=0 tx=0 comp rx=0 tx=0).stop
2024-05-08T22:07:55.068 INFO:teuthology.orchestra.run.smithi081.stdout:/usr/bin/ceph: stderr
2024-05-08T22:07:54.646+0000 7f0070e4c700 1 --2- 172.21.15.81:0/370576141 >> [v2:172.21.15.81:3300/0,v1:172.21.15.81:6789/0] conn(0x7f006c107260 0x7f006c198320 unknown :-1 s=CLOSED pgs=48 cs=0 l=1 rev1=1 crypto rx=0 tx=0 comp rx=0 tx=0).stop
2024-05-08T22:07:55.068 INFO:teuthology.orchestra.run.smithi081.stdout:/usr/bin/ceph: stderr
2024-05-08T22:07:54.646+0000 7f0070e4c700 1 -- 172.21.15.81:0/370576141 >> 172.21.15.81:0/370576141 conn(0x7f006c100c50 msgr2=0x7f006c101660 unknown :-1 s=STATE_NONE l=0).mark_down
2024-05-08T22:07:55.068 INFO:teuthology.orchestra.run.smithi081.stdout:/usr/bin/ceph: stderr
2024-05-08T22:07:54.646+0000 7f0070e4c700 1 -- 172.21.15.81:0/370576141 shutdown_connections
2024-05-08T22:07:55.069 INFO:teuthology.orchestra.run.smithi081.stdout:/usr/bin/ceph: stderr
2024-05-08T22:07:54.646+0000 7f0070e4c700 1 -- 172.21.15.81:0/370576141 wait complete.
2024-05-08T22:07:56.081 INFO:teuthology.orchestra.run.smithi081.stdout:/usr/bin/ceph: stderr
2024-05-08T22:07:55.391+0000 7f1285385700 1 Processor -- start
2024-05-08T22:07:56.082 INFO:teuthology.orchestra.run.smithi081.stdout:/usr/bin/ceph: stderr
2024-05-08T22:07:55.391+0000 7f1285385700 1 -- start start
2024-05-08T22:07:56.082 INFO:teuthology.orchestra.run.smithi081.stdout:/usr/bin/ceph: stderr
2024-05-08T22:07:55.391+0000 7f1285385700 1 --2- >> [v2:172.21.15.81:3300/0,v1:172.21.15.81:6789/0] conn(0x7f12801067f0 0x7f1280106c10 unknown :-1 s=NONE pgs=0 cs=0 l=0 rev1=0 crypto rx=0 tx=0 comp rx=0 tx=0).connect
2024-05-08T22:07:56.082 INFO:teuthology.orchestra.run.smithi081.stdout:/usr/bin/ceph: stderr
2024-05-08T22:07:55.391+0000 7f1285385700 1 -- --> [v2:172.21.15.81:3300/0,v1:172.21.15.81:6789/0] -- mon_getmap magic: 0 v1 -- 0x7f12801071e0 con 0x7f12801067f0
2024-05-08T22:07:56.082 INFO:teuthology.orchestra.run.smithi081.stdout:/usr/bin/ceph: stderr
2024-05-08T22:07:55.391+0000 7f127effd700 1 --2- >> [v2:172.21.15.81:3300/0,v1:172.21.15.81:6789/0] conn(0x7f12801067f0 0x7f1280106c10 unknown :-1 s=BANNER_CONNECTING pgs=0 cs=0 l=0 rev1=0 crypto rx=0 tx=0 comp rx=0 tx=0)._handle_peer_banner_payload supported=3 required=0
2024-05-08T22:07:56.082 INFO:teuthology.orchestra.run.smithi081.stdout:/usr/bin/ceph: stderr
2024-05-08T22:07:55.391+0000 7f127effd700 1 --2- >> [v2:172.21.15.81:3300/0,v1:172.21.15.81:6789/0] conn(0x7f12801067f0 0x7f1280106c10 unknown :-1 s=HELLO_CONNECTING pgs=0 cs=0 l=0 rev1=1 crypto rx=0 tx=0 comp rx=0 tx=0).handle_hello peer v2:172.21.15.81:3300/0 says I am v2:172.21.15.81:35222/0 (socket says 172.21.15.81:35222)
2024-05-08T22:07:56.082 INFO:teuthology.orchestra.run.smithi081.stdout:/usr/bin/ceph: stderr
2024-05-08T22:07:55.391+0000 7f127effd700 1 -- 172.21.15.81:0/3281500705 learned_addr learned my addr 172.21.15.81:0/3281500705 (peer_addr_for_me v2:172.21.15.81:0/0)
2024-05-08T22:07:56.082 INFO:teuthology.orchestra.run.smithi081.stdout:/usr/bin/ceph: stderr
2024-05-08T22:07:55.391+0000 7f127effd700 1 -- 172.21.15.81:0/3281500705 --> [v2:172.21.15.81:3300/0,v1:172.21.15.81:6789/0] -- mon_subscribe({config=0+,monmap=0+}) v3 -- 0x7f12801079a0 con 0x7f12801067f0
2024-05-08T22:07:56.082 INFO:teuthology.orchestra.run.smithi081.stdout:/usr/bin/ceph: stderr
2024-05-08T22:07:55.392+0000 7f127effd700 1 --2- 172.21.15.81:0/3281500705 >> [v2:172.21.15.81:3300/0,v1:172.21.15.81:6789/0] conn(0x7f12801067f0 0x7f1280106c10 secure :-1 s=READY pgs=49 cs=0 l=1 rev1=1 crypto rx=0x7f12700098a0 tx=0x7f1270009bb0 comp rx=0 tx=0).ready entity=mon.0 client_cookie=e061244491a74198 server_cookie=0 in_seq=0 out_seq=0
2024-05-08T22:07:56.082 INFO:teuthology.orchestra.run.smithi081.stdout:/usr/bin/ceph: stderr
2024-05-08T22:07:55.392+0000 7f127dffb700 1 -- 172.21.15.81:0/3281500705 <== mon.0 v2:172.21.15.81:3300/0 1 ==== mon_map magic: 0 v1 ==== 205+0+0 (secure 0 0 0) 0x7f1270004160 con 0x7f12801067f0
2024-05-08T22:07:56.082 INFO:teuthology.orchestra.run.smithi081.stdout:/usr/bin/ceph: stderr
2024-05-08T22:07:55.392+0000 7f127dffb700 1 -- 172.21.15.81:0/3281500705 <== mon.0 v2:172.21.15.81:3300/0 2 ==== config(26 keys) v1 ==== 1105+0+0 (secure 0 0 0) 0x7f12700042c0 con 0x7f12801067f0
2024-05-08T22:07:56.083 INFO:teuthology.orchestra.run.smithi081.stdout:/usr/bin/ceph: stderr
2024-05-08T22:07:55.392+0000 7f127dffb700 1 -- 172.21.15.81:0/3281500705 <== mon.0 v2:172.21.15.81:3300/0 3 ==== mon_map magic: 0 v1 ==== 205+0+0 (secure 0 0 0) 0x7f12700119b0 con 0x7f12801067f0
2024-05-08T22:07:56.083 INFO:teuthology.orchestra.run.smithi081.stdout:/usr/bin/ceph: stderr
2024-05-08T22:07:55.392+0000 7f1285385700 1 -- 172.21.15.81:0/3281500705 >> [v2:172.21.15.81:3300/0,v1:172.21.15.81:6789/0] conn(0x7f12801067f0 msgr2=0x7f1280106c10 secure :-1 s=STATE_CONNECTION_ESTABLISHED l=1).mark_down
2024-05-08T22:07:56.083 INFO:teuthology.orchestra.run.smithi081.stdout:/usr/bin/ceph: stderr
2024-05-08T22:07:55.392+0000 7f1285385700 1 --2- 172.21.15.81:0/3281500705 >> [v2:172.21.15.81:3300/0,v1:172.21.15.81:6789/0] conn(0x7f12801067f0 0x7f1280106c10 secure :-1 s=READY pgs=49 cs=0 l=1 rev1=1 crypto rx=0x7f12700098a0 tx=0x7f1270009bb0 comp rx=0 tx=0).stop
2024-05-08T22:07:56.083 INFO:teuthology.orchestra.run.smithi081.stdout:/usr/bin/ceph: stderr
2024-05-08T22:07:55.392+0000 7f1285385700 1 -- 172.21.15.81:0/3281500705 shutdown_connections
2024-05-08T22:07:56.083 INFO:teuthology.orchestra.run.smithi081.stdout:/usr/bin/ceph: stderr
2024-05-08T22:07:55.392+0000 7f1285385700 1 --2- 172.21.15.81:0/3281500705 >> [v2:172.21.15.81:3300/0,v1:172.21.15.81:6789/0] conn(0x7f12801067f0 0x7f1280106c10 unknown :-1 s=CLOSED pgs=49 cs=0 l=1 rev1=1 crypto rx=0 tx=0 comp rx=0 tx=0).stop
2024-05-08T22:07:56.083 INFO:teuthology.orchestra.run.smithi081.stdout:/usr/bin/ceph: stderr
2024-05-08T22:07:55.392+0000 7f1285385700 1 -- 172.21.15.81:0/3281500705 >> 172.21.15.81:0/3281500705 conn(0x7f1280101d70 msgr2=0x7f12801041d0 unknown :-1 s=STATE_NONE l=0).mark_down
2024-05-08T22:07:56.083 INFO:teuthology.orchestra.run.smithi081.stdout:/usr/bin/ceph: stderr
2024-05-08T22:07:55.392+0000 7f1285385700 1 -- 172.21.15.81:0/3281500705 shutdown_connections
2024-05-08T22:07:56.083 INFO:teuthology.orchestra.run.smithi081.stdout:/usr/bin/ceph: stderr
2024-05-08T22:07:55.392+0000 7f1285385700 1 -- 172.21.15.81:0/3281500705 wait complete.
2024-05-08T22:07:56.083 INFO:teuthology.orchestra.run.smithi081.stdout:/usr/bin/ceph: stderr
2024-05-08T22:07:55.393+0000 7f1285385700 1 Processor -- start
2024-05-08T22:07:56.083 INFO:teuthology.orchestra.run.smithi081.stdout:/usr/bin/ceph: stderr
2024-05-08T22:07:55.393+0000 7f1285385700 1 -- start start
2024-05-08T22:07:56.083 INFO:teuthology.orchestra.run.smithi081.stdout:/usr/bin/ceph: stderr
2024-05-08T22:07:55.393+0000 7f1285385700 1 --2- >> [v2:172.21.15.81:3300/0,v1:172.21.15.81:6789/0] conn(0x7f12801067f0 0x7f128007bb40 unknown :-1 s=NONE pgs=0 cs=0 l=1 rev1=0 crypto rx=0 tx=0 comp rx=0 tx=0).connect
2024-05-08T22:07:56.083 INFO:teuthology.orchestra.run.smithi081.stdout:/usr/bin/ceph: stderr
2024-05-08T22:07:55.393+0000 7f1285385700 1 -- --> [v2:172.21.15.81:3300/0,v1:172.21.15.81:6789/0] -- mon_getmap magic: 0 v1 -- 0x7f128007c080 con 0x7f12801067f0
2024-05-08T22:07:56.083 INFO:teuthology.orchestra.run.smithi081.stdout:/usr/bin/ceph: stderr
2024-05-08T22:07:55.393+0000 7f127effd700 1 --2- >> [v2:172.21.15.81:3300/0,v1:172.21.15.81:6789/0] conn(0x7f12801067f0 0x7f128007bb40 unknown :-1 s=BANNER_CONNECTING pgs=0 cs=0 l=1 rev1=0 crypto rx=0 tx=0 comp rx=0 tx=0)._handle_peer_banner_payload supported=3 required=0
2024-05-08T22:07:56.084 INFO:teuthology.orchestra.run.smithi081.stdout:/usr/bin/ceph: stderr
2024-05-08T22:07:55.393+0000 7f127effd700 1 --2- >> [v2:172.21.15.81:3300/0,v1:172.21.15.81:6789/0] conn(0x7f12801067f0 0x7f128007bb40 unknown :-1 s=HELLO_CONNECTING pgs=0 cs=0 l=1 rev1=1 crypto rx=0 tx=0 comp rx=0 tx=0).handle_hello peer v2:172.21.15.81:3300/0 says I am v2:172.21.15.81:35234/0 (socket says 172.21.15.81:35234)
2024-05-08T22:07:56.084 INFO:teuthology.orchestra.run.smithi081.stdout:/usr/bin/ceph: stderr
2024-05-08T22:07:55.393+0000 7f127effd700 1 -- 172.21.15.81:0/4190002054 learned_addr learned my addr 172.21.15.81:0/4190002054 (peer_addr_for_me v2:172.21.15.81:0/0)
2024-05-08T22:07:56.084 INFO:teuthology.orchestra.run.smithi081.stdout:/usr/bin/ceph: stderr
2024-05-08T22:07:55.394+0000 7f127effd700 1 -- 172.21.15.81:0/4190002054 --> [v2:172.21.15.81:3300/0,v1:172.21.15.81:6789/0] -- mon_subscribe({config=0+,monmap=0+}) v3 -- 0x7f1270009550 con 0x7f12801067f0
2024-05-08T22:07:56.084 INFO:teuthology.orchestra.run.smithi081.stdout:/usr/bin/ceph: stderr
2024-05-08T22:07:55.394+0000 7f127effd700 1 --2- 172.21.15.81:0/4190002054 >> [v2:172.21.15.81:3300/0,v1:172.21.15.81:6789/0] conn(0x7f12801067f0 0x7f128007bb40 secure :-1 s=READY pgs=50 cs=0 l=1 rev1=1 crypto rx=0x7f1270003e60 tx=0x7f1270011a30 comp rx=0 tx=0).ready entity=mon.0 client_cookie=0 server_cookie=0 in_seq=0 out_seq=0
2024-05-08T22:07:56.084 INFO:teuthology.orchestra.run.smithi081.stdout:/usr/bin/ceph: stderr
2024-05-08T22:07:55.394+0000 7f1267fff700 1 -- 172.21.15.81:0/4190002054 <== mon.0 v2:172.21.15.81:3300/0 1 ==== mon_map magic: 0 v1 ==== 205+0+0 (secure 0 0 0) 0x7f1270003a60 con 0x7f12801067f0
2024-05-08T22:07:56.084 INFO:teuthology.orchestra.run.smithi081.stdout:/usr/bin/ceph: stderr
2024-05-08T22:07:55.394+0000 7f1285385700 1 -- 172.21.15.81:0/4190002054 --> [v2:172.21.15.81:3300/0,v1:172.21.15.81:6789/0] -- mon_subscribe({mgrmap=0+}) v3 -- 0x7f128007a2c0 con 0x7f12801067f0
2024-05-08T22:07:56.084 INFO:teuthology.orchestra.run.smithi081.stdout:/usr/bin/ceph: stderr
2024-05-08T22:07:55.394+0000 7f1267fff700 1 -- 172.21.15.81:0/4190002054 <== mon.0 v2:172.21.15.81:3300/0 2 ==== config(26 keys) v1 ==== 1105+0+0 (secure 0 0 0) 0x7f1270003bc0 con 0x7f12801067f0
2024-05-08T22:07:56.084 INFO:teuthology.orchestra.run.smithi081.stdout:/usr/bin/ceph: stderr
2024-05-08T22:07:55.394+0000 7f1267fff700 1 -- 172.21.15.81:0/4190002054 <== mon.0 v2:172.21.15.81:3300/0 3 ==== mon_map magic: 0 v1 ==== 205+0+0 (secure 0 0 0) 0x7f12700196c0 con 0x7f12801067f0
2024-05-08T22:07:56.084 INFO:teuthology.orchestra.run.smithi081.stdout:/usr/bin/ceph: stderr
2024-05-08T22:07:55.394+0000 7f1285385700 1 -- 172.21.15.81:0/4190002054 --> [v2:172.21.15.81:3300/0,v1:172.21.15.81:6789/0] -- mon_subscribe({osdmap=0}) v3 -- 0x7f128007a760 con 0x7f12801067f0
2024-05-08T22:07:56.084 INFO:teuthology.orchestra.run.smithi081.stdout:/usr/bin/ceph: stderr
2024-05-08T22:07:55.395+0000 7f1267fff700 1 -- 172.21.15.81:0/4190002054 <== mon.0 v2:172.21.15.81:3300/0 4 ==== mgrmap(e 8) v1 ==== 45541+0+0 (secure 0 0 0) 0x7f1270019980 con 0x7f12801067f0
2024-05-08T22:07:56.084 INFO:teuthology.orchestra.run.smithi081.stdout:/usr/bin/ceph: stderr
2024-05-08T22:07:55.395+0000 7f1285385700 1 -- 172.21.15.81:0/4190002054 --> [v2:172.21.15.81:3300/0,v1:172.21.15.81:6789/0] -- mon_command({"prefix": "get_command_descriptions"} v 0) v1 -- 0x7f128010abd0 con 0x7f12801067f0
2024-05-08T22:07:56.084 INFO:teuthology.orchestra.run.smithi081.stdout:/usr/bin/ceph: stderr
2024-05-08T22:07:55.395+0000 7f1267fff700 1 --2- 172.21.15.81:0/4190002054 >> [v2:172.21.15.81:6800/1366536001,v1:172.21.15.81:6801/1366536001] conn(0x7f12680386e0 0x7f126803aba0 unknown :-1 s=NONE pgs=0 cs=0 l=1 rev1=0 crypto rx=0 tx=0 comp rx=0 tx=0).connect
2024-05-08T22:07:56.084 INFO:teuthology.orchestra.run.smithi081.stdout:/usr/bin/ceph: stderr
2024-05-08T22:07:55.395+0000 7f1267fff700 1 -- 172.21.15.81:0/4190002054 <== mon.0 v2:172.21.15.81:3300/0 5 ==== osd_map(2..2 src has 1..2) v4 ==== 940+0+0 (secure 0 0 0) 0x7f127004c910 con 0x7f12801067f0
