2024-05-08T22:08:06.099+0000 7fa29b7fe700 1 -- 172.21.15.81:0/2149265094 <== mon.0 v2:172.21.15.81:3300/0 6 ==== mon_command_ack([{"prefix": "get_command_descriptions"}]=0 v0) v1 ==== 72+0+183622 (secure 0 0 0) 0x7fa29c018db0 con 0x7fa2ac107270
2024-05-08T22:08:06.949 INFO:teuthology.orchestra.run.smithi081.stdout:/usr/bin/ceph: stderr
2024-05-08T22:08:06.318+0000 7fa2b0dd1700 1 -- 172.21.15.81:0/2149265094 --> [v2:172.21.15.81:6800/4016628280,v1:172.21.15.81:6801/4016628280] -- mgr_command(tid 0: {"prefix": "dashboard create-self-signed-cert", "target": ["mon-mgr", ""]}) v1 -- 0x7fa2ac105b30 con 0x7fa294038670
2024-05-08T22:08:06.949 INFO:teuthology.orchestra.run.smithi081.stdout:/usr/bin/ceph: stderr
2024-05-08T22:08:06.576+0000 7fa29b7fe700 1 -- 172.21.15.81:0/2149265094 <== mgr.14150 v2:172.21.15.81:6800/4016628280 1 ==== mgr_command_reply(tid 0: 0 ) v1 ==== 8+0+32 (secure 0 0 0) 0x7fa2ac105b30 con 0x7fa294038670
2024-05-08T22:08:06.949 INFO:teuthology.orchestra.run.smithi081.stdout:/usr/bin/ceph: stderr
2024-05-08T22:08:06.578+0000 7fa2b0dd1700 1 -- 172.21.15.81:0/2149265094 >> [v2:172.21.15.81:6800/4016628280,v1:172.21.15.81:6801/4016628280] conn(0x7fa294038670 msgr2=0x7fa29403ab30 secure :-1 s=STATE_CONNECTION_ESTABLISHED l=1).mark_down
2024-05-08T22:08:06.949 INFO:teuthology.orchestra.run.smithi081.stdout:/usr/bin/ceph: stderr
2024-05-08T22:08:06.578+0000 7fa2b0dd1700 1 --2- 172.21.15.81:0/2149265094 >> [v2:172.21.15.81:6800/4016628280,v1:172.21.15.81:6801/4016628280] conn(0x7fa294038670 0x7fa29403ab30 secure :-1 s=READY pgs=7 cs=0 l=1 rev1=1 crypto rx=0x7fa2a0006fd0 tx=0x7fa2a0006e40 comp rx=0 tx=0).stop
2024-05-08T22:08:06.949 INFO:teuthology.orchestra.run.smithi081.stdout:/usr/bin/ceph: stderr
2024-05-08T22:08:06.578+0000 7fa2b0dd1700 1 -- 172.21.15.81:0/2149265094 >> [v2:172.21.15.81:3300/0,v1:172.21.15.81:6789/0] conn(0x7fa2ac107270 msgr2=0x7fa2ac106aa0 secure :-1 s=STATE_CONNECTION_ESTABLISHED l=1).mark_down
2024-05-08T22:08:06.949 INFO:teuthology.orchestra.run.smithi081.stdout:/usr/bin/ceph: stderr
2024-05-08T22:08:06.578+0000 7fa2b0dd1700 1 --2- 172.21.15.81:0/2149265094 >> [v2:172.21.15.81:3300/0,v1:172.21.15.81:6789/0] conn(0x7fa2ac107270 0x7fa2ac106aa0 secure :-1 s=READY pgs=69 cs=0 l=1 rev1=1 crypto rx=0x7fa29c011980 tx=0x7fa29c011a60 comp rx=0 tx=0).stop
2024-05-08T22:08:06.949 INFO:teuthology.orchestra.run.smithi081.stdout:/usr/bin/ceph: stderr
2024-05-08T22:08:06.578+0000 7fa2b0dd1700 1 -- 172.21.15.81:0/2149265094 shutdown_connections
2024-05-08T22:08:06.949 INFO:teuthology.orchestra.run.smithi081.stdout:/usr/bin/ceph: stderr
2024-05-08T22:08:06.578+0000 7fa2b0dd1700 1 --2- 172.21.15.81:0/2149265094 >> [v2:172.21.15.81:6800/4016628280,v1:172.21.15.81:6801/4016628280] conn(0x7fa294038670 0x7fa29403ab30 unknown :-1 s=CLOSED pgs=7 cs=0 l=1 rev1=1 crypto rx=0 tx=0 comp rx=0 tx=0).stop
2024-05-08T22:08:06.949 INFO:teuthology.orchestra.run.smithi081.stdout:/usr/bin/ceph: stderr
2024-05-08T22:08:06.578+0000 7fa2b0dd1700 1 --2- 172.21.15.81:0/2149265094 >> [v2:172.21.15.81:3300/0,v1:172.21.15.81:6789/0] conn(0x7fa2ac107270 0x7fa2ac106aa0 unknown :-1 s=CLOSED pgs=69 cs=0 l=1 rev1=1 crypto rx=0 tx=0 comp rx=0 tx=0).stop
2024-05-08T22:08:06.949 INFO:teuthology.orchestra.run.smithi081.stdout:/usr/bin/ceph: stderr
2024-05-08T22:08:06.578+0000 7fa2b0dd1700 1 -- 172.21.15.81:0/2149265094 >> 172.21.15.81:0/2149265094 conn(0x7fa2ac100c40 msgr2=0x7fa2ac1018a0 unknown :-1 s=STATE_NONE l=0).mark_down
2024-05-08T22:08:06.949 INFO:teuthology.orchestra.run.smithi081.stdout:/usr/bin/ceph: stderr
2024-05-08T22:08:06.579+0000 7fa2b0dd1700 1 -- 172.21.15.81:0/2149265094 shutdown_connections
2024-05-08T22:08:06.950 INFO:teuthology.orchestra.run.smithi081.stdout:/usr/bin/ceph: stderr
2024-05-08T22:08:06.579+0000 7fa2b0dd1700 1 -- 172.21.15.81:0/2149265094 wait complete.
2024-05-08T22:08:06.950 INFO:teuthology.orchestra.run.smithi081.stdout:Creating initial admin user...
2024-05-08T22:08:07.881 INFO:journalctl@ceph.mon.a.smithi081.stdout:May 08 22:08:07 smithi081 ceph-mon[42418]: from='client.14162 -' entity='client.admin' cmd=[{"prefix": "dashboard create-self-signed-cert", "target": ["mon-mgr", ""]}]: dispatch
2024-05-08T22:08:07.882 INFO:journalctl@ceph.mon.a.smithi081.stdout:May 08 22:08:07 smithi081 ceph-mon[42418]: from='mgr.14150 172.21.15.81:0/2233670084' entity='mgr.x'
2024-05-08T22:08:07.882 INFO:journalctl@ceph.mon.a.smithi081.stdout:May 08 22:08:07 smithi081 ceph-mon[42418]: from='mgr.14150 172.21.15.81:0/2233670084' entity='mgr.x'
2024-05-08T22:08:07.882 INFO:journalctl@ceph.mon.a.smithi081.stdout:May 08 22:08:07 smithi081 ceph-mon[42418]: mgrmap e12: x(active, since 2s)
2024-05-08T22:08:08.071 INFO:teuthology.orchestra.run.smithi081.stdout:/usr/bin/ceph: stdout {"username": "admin", "password": "$2b$12$MvEsIqTayhvkxdYueMifFewcpgIWQ4z456bPhRwQoXVegtaz.C.Wq", "roles": ["administrator"], "name": null, "email": null, "lastUpdate": 1715206087, "enabled": true, "pwdExpirationDate": null, "pwdUpdateRequired": true}
2024-05-08T22:08:08.072 INFO:teuthology.orchestra.run.smithi081.stdout:/usr/bin/ceph: stderr
2024-05-08T22:08:07.269+0000 7f1c0321e700 1 Processor -- start
2024-05-08T22:08:08.072 INFO:teuthology.orchestra.run.smithi081.stdout:/usr/bin/ceph: stderr
2024-05-08T22:08:07.269+0000 7f1c0321e700 1 -- start start
2024-05-08T22:08:08.072 INFO:teuthology.orchestra.run.smithi081.stdout:/usr/bin/ceph: stderr
2024-05-08T22:08:07.269+0000 7f1c0321e700 1 --2- >> [v2:172.21.15.81:3300/0,v1:172.21.15.81:6789/0] conn(0x7f1bfc104af0 0x7f1bfc104f10 unknown :-1 s=NONE pgs=0 cs=0 l=0 rev1=0 crypto rx=0 tx=0 comp rx=0 tx=0).connect
2024-05-08T22:08:08.072 INFO:teuthology.orchestra.run.smithi081.stdout:/usr/bin/ceph: stderr
2024-05-08T22:08:07.269+0000 7f1c0321e700 1 -- --> [v2:172.21.15.81:3300/0,v1:172.21.15.81:6789/0] -- mon_getmap magic: 0 v1 -- 0x7f1bfc1054e0 con 0x7f1bfc104af0
2024-05-08T22:08:08.072 INFO:teuthology.orchestra.run.smithi081.stdout:/usr/bin/ceph: stderr
2024-05-08T22:08:07.269+0000 7f1c00fba700 1 --2- >> [v2:172.21.15.81:3300/0,v1:172.21.15.81:6789/0] conn(0x7f1bfc104af0 0x7f1bfc104f10 unknown :-1 s=BANNER_CONNECTING pgs=0 cs=0 l=0 rev1=0 crypto rx=0 tx=0 comp rx=0 tx=0)._handle_peer_banner_payload supported=3 required=0
2024-05-08T22:08:08.072 INFO:teuthology.orchestra.run.smithi081.stdout:/usr/bin/ceph: stderr
2024-05-08T22:08:07.269+0000 7f1c00fba700 1 --2- >> [v2:172.21.15.81:3300/0,v1:172.21.15.81:6789/0] conn(0x7f1bfc104af0 0x7f1bfc104f10 unknown :-1 s=HELLO_CONNECTING pgs=0 cs=0 l=0 rev1=1 crypto rx=0 tx=0 comp rx=0 tx=0).handle_hello peer v2:172.21.15.81:3300/0 says I am v2:172.21.15.81:49940/0 (socket says 172.21.15.81:49940)
2024-05-08T22:08:08.072 INFO:teuthology.orchestra.run.smithi081.stdout:/usr/bin/ceph: stderr
2024-05-08T22:08:07.270+0000 7f1c00fba700 1 -- 172.21.15.81:0/1732626685 learned_addr learned my addr 172.21.15.81:0/1732626685 (peer_addr_for_me v2:172.21.15.81:0/0)
2024-05-08T22:08:08.072 INFO:teuthology.orchestra.run.smithi081.stdout:/usr/bin/ceph: stderr
2024-05-08T22:08:07.270+0000 7f1c00fba700 1 -- 172.21.15.81:0/1732626685 --> [v2:172.21.15.81:3300/0,v1:172.21.15.81:6789/0] -- mon_subscribe({config=0+,monmap=0+}) v3 -- 0x7f1bfc105620 con 0x7f1bfc104af0
2024-05-08T22:08:08.072 INFO:teuthology.orchestra.run.smithi081.stdout:/usr/bin/ceph: stderr
2024-05-08T22:08:07.270+0000 7f1c00fba700 1 --2- 172.21.15.81:0/1732626685 >> [v2:172.21.15.81:3300/0,v1:172.21.15.81:6789/0] conn(0x7f1bfc104af0 0x7f1bfc104f10 secure :-1 s=READY pgs=70 cs=0 l=1 rev1=1 crypto rx=0x7f1bf00098a0 tx=0x7f1bf0009bb0 comp rx=0 tx=0).ready entity=mon.0 client_cookie=c416243102eee2ca server_cookie=0 in_seq=0 out_seq=0
2024-05-08T22:08:08.073 INFO:teuthology.orchestra.run.smithi081.stdout:/usr/bin/ceph: stderr
2024-05-08T22:08:07.270+0000 7f1bfb7fe700 1 -- 172.21.15.81:0/1732626685 <== mon.0 v2:172.21.15.81:3300/0 1 ==== mon_map magic: 0 v1 ==== 205+0+0 (secure 0 0 0) 0x7f1bf0004160 con 0x7f1bfc104af0
2024-05-08T22:08:08.073 INFO:teuthology.orchestra.run.smithi081.stdout:/usr/bin/ceph: stderr
2024-05-08T22:08:07.270+0000 7f1bfb7fe700 1 -- 172.21.15.81:0/1732626685 <== mon.0 v2:172.21.15.81:3300/0 2 ==== config(26 keys) v1 ==== 1105+0+0 (secure 0 0 0) 0x7f1bf00042c0 con 0x7f1bfc104af0
2024-05-08T22:08:08.073 INFO:teuthology.orchestra.run.smithi081.stdout:/usr/bin/ceph: stderr
2024-05-08T22:08:07.270+0000 7f1bfb7fe700 1 -- 172.21.15.81:0/1732626685 <== mon.0 v2:172.21.15.81:3300/0 3 ==== mon_map magic: 0 v1 ==== 205+0+0 (secure 0 0 0) 0x7f1bf00119b0 con 0x7f1bfc104af0
2024-05-08T22:08:08.073 INFO:teuthology.orchestra.run.smithi081.stdout:/usr/bin/ceph: stderr
2024-05-08T22:08:07.271+0000 7f1c0321e700 1 -- 172.21.15.81:0/1732626685 >> [v2:172.21.15.81:3300/0,v1:172.21.15.81:6789/0] conn(0x7f1bfc104af0 msgr2=0x7f1bfc104f10 secure :-1 s=STATE_CONNECTION_ESTABLISHED l=1).mark_down
2024-05-08T22:08:08.073 INFO:teuthology.orchestra.run.smithi081.stdout:/usr/bin/ceph: stderr
2024-05-08T22:08:07.271+0000 7f1c0321e700 1 --2- 172.21.15.81:0/1732626685 >> [v2:172.21.15.81:3300/0,v1:172.21.15.81:6789/0] conn(0x7f1bfc104af0 0x7f1bfc104f10 secure :-1 s=READY pgs=70 cs=0 l=1 rev1=1 crypto rx=0x7f1bf00098a0 tx=0x7f1bf0009bb0 comp rx=0 tx=0).stop
2024-05-08T22:08:08.073 INFO:teuthology.orchestra.run.smithi081.stdout:/usr/bin/ceph: stderr
2024-05-08T22:08:07.271+0000 7f1c0321e700 1 -- 172.21.15.81:0/1732626685 shutdown_connections
2024-05-08T22:08:08.073 INFO:teuthology.orchestra.run.smithi081.stdout:/usr/bin/ceph: stderr
2024-05-08T22:08:07.271+0000 7f1c0321e700 1 --2- 172.21.15.81:0/1732626685 >> [v2:172.21.15.81:3300/0,v1:172.21.15.81:6789/0] conn(0x7f1bfc104af0 0x7f1bfc104f10 unknown :-1 s=CLOSED pgs=70 cs=0 l=1 rev1=1 crypto rx=0 tx=0 comp rx=0 tx=0).stop
2024-05-08T22:08:08.073 INFO:teuthology.orchestra.run.smithi081.stdout:/usr/bin/ceph: stderr
2024-05-08T22:08:07.271+0000 7f1c0321e700 1 -- 172.21.15.81:0/1732626685 >> 172.21.15.81:0/1732626685 conn(0x7f1bfc100420 msgr2=0x7f1bfc102860 unknown :-1 s=STATE_NONE l=0).mark_down
2024-05-08T22:08:08.073 INFO:teuthology.orchestra.run.smithi081.stdout:/usr/bin/ceph: stderr
2024-05-08T22:08:07.271+0000 7f1c0321e700 1 -- 172.21.15.81:0/1732626685 shutdown_connections
2024-05-08T22:08:08.073 INFO:teuthology.orchestra.run.smithi081.stdout:/usr/bin/ceph: stderr
2024-05-08T22:08:07.271+0000 7f1c0321e700 1 -- 172.21.15.81:0/1732626685 wait complete.
2024-05-08T22:08:08.073 INFO:teuthology.orchestra.run.smithi081.stdout:/usr/bin/ceph: stderr
2024-05-08T22:08:07.271+0000 7f1c0321e700 1 Processor -- start
2024-05-08T22:08:08.073 INFO:teuthology.orchestra.run.smithi081.stdout:/usr/bin/ceph: stderr
2024-05-08T22:08:07.271+0000 7f1c0321e700 1 -- start start
2024-05-08T22:08:08.074 INFO:teuthology.orchestra.run.smithi081.stdout:/usr/bin/ceph: stderr
2024-05-08T22:08:07.272+0000 7f1c0321e700 1 --2- >> [v2:172.21.15.81:3300/0,v1:172.21.15.81:6789/0] conn(0x7f1bfc104af0 0x7f1bfc107350 unknown :-1 s=NONE pgs=0 cs=0 l=1 rev1=0 crypto rx=0 tx=0 comp rx=0 tx=0).connect
2024-05-08T22:08:08.074 INFO:teuthology.orchestra.run.smithi081.stdout:/usr/bin/ceph: stderr
2024-05-08T22:08:07.272+0000 7f1c0321e700 1 -- --> [v2:172.21.15.81:3300/0,v1:172.21.15.81:6789/0] -- mon_getmap magic: 0 v1 -- 0x7f1bfc107890 con 0x7f1bfc104af0
2024-05-08T22:08:08.074 INFO:teuthology.orchestra.run.smithi081.stdout:/usr/bin/ceph: stderr
2024-05-08T22:08:07.272+0000 7f1c00fba700 1 --2- >> [v2:172.21.15.81:3300/0,v1:172.21.15.81:6789/0] conn(0x7f1bfc104af0 0x7f1bfc107350 unknown :-1 s=BANNER_CONNECTING pgs=0 cs=0 l=1 rev1=0 crypto rx=0 tx=0 comp rx=0 tx=0)._handle_peer_banner_payload supported=3 required=0
2024-05-08T22:08:08.074 INFO:teuthology.orchestra.run.smithi081.stdout:/usr/bin/ceph: stderr
2024-05-08T22:08:07.272+0000 7f1c00fba700 1 --2- >> [v2:172.21.15.81:3300/0,v1:172.21.15.81:6789/0] conn(0x7f1bfc104af0 0x7f1bfc107350 unknown :-1 s=HELLO_CONNECTING pgs=0 cs=0 l=1 rev1=1 crypto rx=0 tx=0 comp rx=0 tx=0).handle_hello peer v2:172.21.15.81:3300/0 says I am v2:172.21.15.81:49946/0 (socket says 172.21.15.81:49946)
2024-05-08T22:08:08.074 INFO:teuthology.orchestra.run.smithi081.stdout:/usr/bin/ceph: stderr
2024-05-08T22:08:07.272+0000 7f1c00fba700 1 -- 172.21.15.81:0/636345326 learned_addr learned my addr 172.21.15.81:0/636345326 (peer_addr_for_me v2:172.21.15.81:0/0)
2024-05-08T22:08:08.074 INFO:teuthology.orchestra.run.smithi081.stdout:/usr/bin/ceph: stderr
2024-05-08T22:08:07.272+0000 7f1c00fba700 1 -- 172.21.15.81:0/636345326 --> [v2:172.21.15.81:3300/0,v1:172.21.15.81:6789/0] -- mon_subscribe({config=0+,monmap=0+}) v3 -- 0x7f1bf0009550 con 0x7f1bfc104af0
2024-05-08T22:08:08.074 INFO:teuthology.orchestra.run.smithi081.stdout:/usr/bin/ceph: stderr
2024-05-08T22:08:07.272+0000 7f1c00fba700 1 --2- 172.21.15.81:0/636345326 >> [v2:172.21.15.81:3300/0,v1:172.21.15.81:6789/0] conn(0x7f1bfc104af0 0x7f1bfc107350 secure :-1 s=READY pgs=71 cs=0 l=1 rev1=1 crypto rx=0x7f1bf0003e60 tx=0x7f1bf0011a30 comp rx=0 tx=0).ready entity=mon.0 client_cookie=0 server_cookie=0 in_seq=0 out_seq=0
2024-05-08T22:08:08.074 INFO:teuthology.orchestra.run.smithi081.stdout:/usr/bin/ceph: stderr
2024-05-08T22:08:07.272+0000 7f1bf9ffb700 1 -- 172.21.15.81:0/636345326 <== mon.0 v2:172.21.15.81:3300/0 1 ==== mon_map magic: 0 v1 ==== 205+0+0 (secure 0 0 0) 0x7f1bf0003a60 con 0x7f1bfc104af0
2024-05-08T22:08:08.074 INFO:teuthology.orchestra.run.smithi081.stdout:/usr/bin/ceph: stderr
2024-05-08T22:08:07.272+0000 7f1bf9ffb700 1 -- 172.21.15.81:0/636345326 <== mon.0 v2:172.21.15.81:3300/0 2 ==== config(26 keys) v1 ==== 1105+0+0 (secure 0 0 0) 0x7f1bf0003bc0 con 0x7f1bfc104af0
2024-05-08T22:08:08.074 INFO:teuthology.orchestra.run.smithi081.stdout:/usr/bin/ceph: stderr
2024-05-08T22:08:07.272+0000 7f1c0321e700 1 -- 172.21.15.81:0/636345326 --> [v2:172.21.15.81:3300/0,v1:172.21.15.81:6789/0] -- mon_subscribe({mgrmap=0+}) v3 -- 0x7f1bfc105ad0 con 0x7f1bfc104af0
2024-05-08T22:08:08.074 INFO:teuthology.orchestra.run.smithi081.stdout:/usr/bin/ceph: stderr
2024-05-08T22:08:07.272+0000 7f1bf9ffb700 1 -- 172.21.15.81:0/636345326 <== mon.0 v2:172.21.15.81:3300/0 3 ==== mon_map magic: 0 v1 ==== 205+0+0 (secure 0 0 0) 0x7f1bf00196c0 con 0x7f1bfc104af0
2024-05-08T22:08:08.074 INFO:teuthology.orchestra.run.smithi081.stdout:/usr/bin/ceph: stderr
2024-05-08T22:08:07.272+0000 7f1c0321e700 1 -- 172.21.15.81:0/636345326 --> [v2:172.21.15.81:3300/0,v1:172.21.15.81:6789/0] -- mon_subscribe({osdmap=0}) v3 -- 0x7f1bfc105f70 con 0x7f1bfc104af0
2024-05-08T22:08:08.075 INFO:teuthology.orchestra.run.smithi081.stdout:/usr/bin/ceph: stderr
2024-05-08T22:08:07.273+0000 7f1bf9ffb700 1 -- 172.21.15.81:0/636345326 <== mon.0 v2:172.21.15.81:3300/0 4 ==== mgrmap(e 12) v1 ==== 45554+0+0 (secure 0 0 0) 0x7f1bf001a430 con 0x7f1bfc104af0
2024-05-08T22:08:08.075 INFO:teuthology.orchestra.run.smithi081.stdout:/usr/bin/ceph: stderr
2024-05-08T22:08:07.273+0000 7f1bf9ffb700 1 --2- 172.21.15.81:0/636345326 >> [v2:172.21.15.81:6800/4016628280,v1:172.21.15.81:6801/4016628280] conn(0x7f1bec038730 0x7f1bec03abf0 unknown :-1 s=NONE pgs=0 cs=0 l=1 rev1=0 crypto rx=0 tx=0 comp rx=0 tx=0).connect
2024-05-08T22:08:08.075 INFO:teuthology.orchestra.run.smithi081.stdout:/usr/bin/ceph: stderr
2024-05-08T22:08:07.273+0000 7f1c0321e700 1 -- 172.21.15.81:0/636345326 --> [v2:172.21.15.81:3300/0,v1:172.21.15.81:6789/0] -- mon_command({"prefix": "get_command_descriptions"} v 0) v1 -- 0x7f1bfc0625d0 con 0x7f1bfc104af0
2024-05-08T22:08:08.075 INFO:teuthology.orchestra.run.smithi081.stdout:/usr/bin/ceph: stderr
2024-05-08T22:08:07.273+0000 7f1bf9ffb700 1 -- 172.21.15.81:0/636345326 <== mon.0 v2:172.21.15.81:3300/0 5 ==== osd_map(3..3 src has 1..3) v4 ==== 1155+0+0 (secure 0 0 0) 0x7f1bf004cb50 con 0x7f1bfc104af0
2024-05-08T22:08:08.075 INFO:teuthology.orchestra.run.smithi081.stdout:/usr/bin/ceph: stderr
2024-05-08T22:08:07.274+0000 7f1bfbfff700 1 --2- 172.21.15.81:0/636345326 >> [v2:172.21.15.81:6800/4016628280,v1:172.21.15.81:6801/4016628280] conn(0x7f1bec038730 0x7f1bec03abf0 unknown :-1 s=BANNER_CONNECTING pgs=0 cs=0 l=1 rev1=0 crypto rx=0 tx=0 comp rx=0 tx=0)._handle_peer_banner_payload supported=3 required=0
2024-05-08T22:08:08.075 INFO:teuthology.orchestra.run.smithi081.stdout:/usr/bin/ceph: stderr
2024-05-08T22:08:07.274+0000 7f1bfbfff700 1 --2- 172.21.15.81:0/636345326 >> [v2:172.21.15.81:6800/4016628280,v1:172.21.15.81:6801/4016628280] conn(0x7f1bec038730 0x7f1bec03abf0 secure :-1 s=READY pgs=8 cs=0 l=1 rev1=1 crypto rx=0x7f1be8006fd0 tx=0x7f1be8006e40 comp rx=0 tx=0).ready entity=mgr.14150 client_cookie=0 server_cookie=0 in_seq=0 out_seq=0
2024-05-08T22:08:08.075 INFO:teuthology.orchestra.run.smithi081.stdout:/usr/bin/ceph: stderr
2024-05-08T22:08:07.278+0000 7f1bf9ffb700 1 -- 172.21.15.81:0/636345326 <== mon.0 v2:172.21.15.81:3300/0 6 ==== mon_command_ack([{"prefix": "get_command_descriptions"}]=0 v0) v1 ==== 72+0+183622 (secure 0 0 0) 0x7f1bf0010560 con 0x7f1bfc104af0
2024-05-08T22:08:08.075 INFO:teuthology.orchestra.run.smithi081.stdout:/usr/bin/ceph: stderr
2024-05-08T22:08:07.487+0000 7f1c0321e700 1 -- 172.21.15.81:0/636345326 --> [v2:172.21.15.81:6800/4016628280,v1:172.21.15.81:6801/4016628280] -- mgr_command(tid 0: {"prefix": "dashboard ac-user-create", "username": "admin", "rolename": "administrator", "force_password": true, "pwd_update_required": true, "target": ["mon-mgr", ""]}) v1 -- 0x7f1bfc0623f0 con 0x7f1bec038730
2024-05-08T22:08:08.075 INFO:teuthology.orchestra.run.smithi081.stdout:/usr/bin/ceph: stderr
2024-05-08T22:08:07.706+0000 7f1bf9ffb700 1 -- 172.21.15.81:0/636345326 <== mgr.14150 v2:172.21.15.81:6800/4016628280 1 ==== mgr_command_reply(tid 0: 0 ) v1 ==== 8+0+252 (secure 0 0 0) 0x7f1bfc0623f0 con 0x7f1bec038730
2024-05-08T22:08:08.075 INFO:teuthology.orchestra.run.smithi081.stdout:/usr/bin/ceph: stderr
2024-05-08T22:08:07.708+0000 7f1c0321e700 1 -- 172.21.15.81:0/636345326 >> [v2:172.21.15.81:6800/4016628280,v1:172.21.15.81:6801/4016628280] conn(0x7f1bec038730 msgr2=0x7f1bec03abf0 secure :-1 s=STATE_CONNECTION_ESTABLISHED l=1).mark_down
2024-05-08T22:08:08.075 INFO:teuthology.orchestra.run.smithi081.stdout:/usr/bin/ceph: stderr
2024-05-08T22:08:07.708+0000 7f1c0321e700 1 --2- 172.21.15.81:0/636345326 >> [v2:172.21.15.81:6800/4016628280,v1:172.21.15.81:6801/4016628280] conn(0x7f1bec038730 0x7f1bec03abf0 secure :-1 s=READY pgs=8 cs=0 l=1 rev1=1 crypto rx=0x7f1be8006fd0 tx=0x7f1be8006e40 comp rx=0 tx=0).stop
2024-05-08T22:08:08.075 INFO:teuthology.orchestra.run.smithi081.stdout:/usr/bin/ceph: stderr
2024-05-08T22:08:07.708+0000 7f1c0321e700 1 -- 172.21.15.81:0/636345326 >> [v2:172.21.15.81:3300/0,v1:172.21.15.81:6789/0] conn(0x7f1bfc104af0 msgr2=0x7f1bfc107350 secure :-1 s=STATE_CONNECTION_ESTABLISHED l=1).mark_down
2024-05-08T22:08:08.075 INFO:teuthology.orchestra.run.smithi081.stdout:/usr/bin/ceph: stderr
2024-05-08T22:08:07.708+0000 7f1c0321e700 1 --2- 172.21.15.81:0/636345326 >> [v2:172.21.15.81:3300/0,v1:172.21.15.81:6789/0] conn(0x7f1bfc104af0 0x7f1bfc107350 secure :-1 s=READY pgs=71 cs=0 l=1 rev1=1 crypto rx=0x7f1bf0003e60 tx=0x7f1bf0011a30 comp rx=0 tx=0).stop
2024-05-08T22:08:08.075 INFO:teuthology.orchestra.run.smithi081.stdout:/usr/bin/ceph: stderr
2024-05-08T22:08:07.708+0000 7f1c0321e700 1 -- 172.21.15.81:0/636345326 shutdown_connections
2024-05-08T22:08:08.076 INFO:teuthology.orchestra.run.smithi081.stdout:/usr/bin/ceph: stderr
2024-05-08T22:08:07.708+0000 7f1c0321e700 1 --2- 172.21.15.81:0/636345326 >> [v2:172.21.15.81:6800/4016628280,v1:172.21.15.81:6801/4016628280] conn(0x7f1bec038730 0x7f1bec03abf0 unknown :-1 s=CLOSED pgs=8 cs=0 l=1 rev1=1 crypto rx=0 tx=0 comp rx=0 tx=0).stop
2024-05-08T22:08:08.076 INFO:teuthology.orchestra.run.smithi081.stdout:/usr/bin/ceph: stderr
2024-05-08T22:08:07.708+0000 7f1c0321e700 1 --2- 172.21.15.81:0/636345326 >> [v2:172.21.15.81:3300/0,v1:172.21.15.81:6789/0] conn(0x7f1bfc104af0 0x7f1bfc107350 unknown :-1 s=CLOSED pgs=71 cs=0 l=1 rev1=1 crypto rx=0 tx=0 comp rx=0 tx=0).stop
2024-05-08T22:08:08.076 INFO:teuthology.orchestra.run.smithi081.stdout:/usr/bin/ceph: stderr
2024-05-08T22:08:07.708+0000 7f1c0321e700 1 -- 172.21.15.81:0/636345326 >> 172.21.15.81:0/636345326 conn(0x7f1bfc100420 msgr2=0x7f1bfc100fe0 unknown :-1 s=STATE_NONE l=0).mark_down
2024-05-08T22:08:08.076 INFO:teuthology.orchestra.run.smithi081.stdout:/usr/bin/ceph: stderr
2024-05-08T22:08:07.708+0000 7f1c0321e700 1 -- 172.21.15.81:0/636345326 shutdown_connections
2024-05-08T22:08:08.076 INFO:teuthology.orchestra.run.smithi081.stdout:/usr/bin/ceph: stderr
2024-05-08T22:08:07.708+0000 7f1c0321e700 1 -- 172.21.15.81:0/636345326 wait complete.
2024-05-08T22:08:08.076 INFO:teuthology.orchestra.run.smithi081.stdout:Fetching dashboard port number...
2024-05-08T22:08:08.835 INFO:journalctl@ceph.mon.a.smithi081.stdout:May 08 22:08:08 smithi081 ceph-mon[42418]: from='client.14164 -' entity='client.admin' cmd=[{"prefix": "dashboard ac-user-create", "username": "admin", "rolename": "administrator", "force_password": true, "pwd_update_required": true, "target": ["mon-mgr", ""]}]: dispatch
2024-05-08T22:08:08.835 INFO:journalctl@ceph.mon.a.smithi081.stdout:May 08 22:08:08 smithi081 ceph-mon[42418]: from='mgr.14150 172.21.15.81:0/2233670084' entity='mgr.x'
2024-05-08T22:08:08.938 INFO:teuthology.orchestra.run.smithi081.stdout:/usr/bin/ceph: stdout 8443
2024-05-08T22:08:08.938 INFO:teuthology.orchestra.run.smithi081.stdout:/usr/bin/ceph: stderr
2024-05-08T22:08:08.398+0000 7f48b7b04700 1 Processor -- start
2024-05-08T22:08:08.938 INFO:teuthology.orchestra.run.smithi081.stdout:/usr/bin/ceph: stderr
2024-05-08T22:08:08.398+0000 7f48b7b04700 1 -- start start
2024-05-08T22:08:08.938 INFO:teuthology.orchestra.run.smithi081.stdout:/usr/bin/ceph: stderr
2024-05-08T22:08:08.398+0000 7f48b7b04700 1 --2- >> [v2:172.21.15.81:3300/0,v1:172.21.15.81:6789/0] conn(0x7f48b01056d0 0x7f48b0105af0 unknown :-1 s=NONE pgs=0 cs=0 l=0 rev1=0 crypto rx=0 tx=0 comp rx=0 tx=0).connect
2024-05-08T22:08:08.938 INFO:teuthology.orchestra.run.smithi081.stdout:/usr/bin/ceph: stderr
2024-05-08T22:08:08.398+0000 7f48b7b04700 1 -- --> [v2:172.21.15.81:3300/0,v1:172.21.15.81:6789/0] -- mon_getmap magic: 0 v1 -- 0x7f48b01060c0 con 0x7f48b01056d0
2024-05-08T22:08:08.938 INFO:teuthology.orchestra.run.smithi081.stdout:/usr/bin/ceph: stderr
2024-05-08T22:08:08.398+0000 7f48b58a0700 1 --2- >> [v2:172.21.15.81:3300/0,v1:172.21.15.81:6789/0] conn(0x7f48b01056d0 0x7f48b0105af0 unknown :-1 s=BANNER_CONNECTING pgs=0 cs=0 l=0 rev1=0 crypto rx=0 tx=0 comp rx=0 tx=0)._handle_peer_banner_payload supported=3 required=0
2024-05-08T22:08:08.938 INFO:teuthology.orchestra.run.smithi081.stdout:/usr/bin/ceph: stderr
2024-05-08T22:08:08.398+0000 7f48b58a0700 1 --2- >> [v2:172.21.15.81:3300/0,v1:172.21.15.81:6789/0] conn(0x7f48b01056d0 0x7f48b0105af0 unknown :-1 s=HELLO_CONNECTING pgs=0 cs=0 l=0 rev1=1 crypto rx=0 tx=0 comp rx=0 tx=0).handle_hello peer v2:172.21.15.81:3300/0 says I am v2:172.21.15.81:49956/0 (socket says 172.21.15.81:49956)
2024-05-08T22:08:08.938 INFO:teuthology.orchestra.run.smithi081.stdout:/usr/bin/ceph: stderr
2024-05-08T22:08:08.398+0000 7f48b58a0700 1 -- 172.21.15.81:0/1657088475 learned_addr learned my addr 172.21.15.81:0/1657088475 (peer_addr_for_me v2:172.21.15.81:0/0)
2024-05-08T22:08:08.938 INFO:teuthology.orchestra.run.smithi081.stdout:/usr/bin/ceph: stderr
2024-05-08T22:08:08.398+0000 7f48b58a0700 1 -- 172.21.15.81:0/1657088475 --> [v2:172.21.15.81:3300/0,v1:172.21.15.81:6789/0] -- mon_subscribe({config=0+,monmap=0+}) v3 -- 0x7f48b01068d0 con 0x7f48b01056d0
2024-05-08T22:08:08.938 INFO:teuthology.orchestra.run.smithi081.stdout:/usr/bin/ceph: stderr
2024-05-08T22:08:08.399+0000 7f48b58a0700 1 --2- 172.21.15.81:0/1657088475 >> [v2:172.21.15.81:3300/0,v1:172.21.15.81:6789/0] conn(0x7f48b01056d0 0x7f48b0105af0 secure :-1 s=READY pgs=72 cs=0 l=1 rev1=1 crypto rx=0x7f48a00098a0 tx=0x7f48a0009bb0 comp rx=0 tx=0).ready entity=mon.0 client_cookie=34365f42ea778b39 server_cookie=0 in_seq=0 out_seq=0
2024-05-08T22:08:08.939 INFO:teuthology.orchestra.run.smithi081.stdout:/usr/bin/ceph: stderr
2024-05-08T22:08:08.399+0000 7f48b489e700 1 -- 172.21.15.81:0/1657088475 <== mon.0 v2:172.21.15.81:3300/0 1 ==== mon_map magic: 0 v1 ==== 205+0+0 (secure 0 0 0) 0x7f48a0004160 con 0x7f48b01056d0
2024-05-08T22:08:08.939 INFO:teuthology.orchestra.run.smithi081.stdout:/usr/bin/ceph: stderr
2024-05-08T22:08:08.399+0000 7f48b489e700 1 -- 172.21.15.81:0/1657088475 <== mon.0 v2:172.21.15.81:3300/0 2 ==== config(26 keys) v1 ==== 1105+0+0 (secure 0 0 0) 0x7f48a00042c0 con 0x7f48b01056d0
2024-05-08T22:08:08.939 INFO:teuthology.orchestra.run.smithi081.stdout:/usr/bin/ceph: stderr
2024-05-08T22:08:08.399+0000 7f48b489e700 1 -- 172.21.15.81:0/1657088475 <== mon.0 v2:172.21.15.81:3300/0 3 ==== mon_map magic: 0 v1 ==== 205+0+0 (secure 0 0 0) 0x7f48a00119b0 con 0x7f48b01056d0
2024-05-08T22:08:08.939 INFO:teuthology.orchestra.run.smithi081.stdout:/usr/bin/ceph: stderr
2024-05-08T22:08:08.399+0000 7f48b7b04700 1 -- 172.21.15.81:0/1657088475 >> [v2:172.21.15.81:3300/0,v1:172.21.15.81:6789/0] conn(0x7f48b01056d0 msgr2=0x7f48b0105af0 secure :-1 s=STATE_CONNECTION_ESTABLISHED l=1).mark_down
2024-05-08T22:08:08.939 INFO:teuthology.orchestra.run.smithi081.stdout:/usr/bin/ceph: stderr
2024-05-08T22:08:08.399+0000 7f48b7b04700 1 --2- 172.21.15.81:0/1657088475 >> [v2:172.21.15.81:3300/0,v1:172.21.15.81:6789/0] conn(0x7f48b01056d0 0x7f48b0105af0 secure :-1 s=READY pgs=72 cs=0 l=1 rev1=1 crypto rx=0x7f48a00098a0 tx=0x7f48a0009bb0 comp rx=0 tx=0).stop
2024-05-08T22:08:08.939 INFO:teuthology.orchestra.run.smithi081.stdout:/usr/bin/ceph: stderr
2024-05-08T22:08:08.399+0000 7f48b7b04700 1 -- 172.21.15.81:0/1657088475 shutdown_connections
2024-05-08T22:08:08.939 INFO:teuthology.orchestra.run.smithi081.stdout:/usr/bin/ceph: stderr
2024-05-08T22:08:08.399+0000 7f48b7b04700 1 --2- 172.21.15.81:0/1657088475 >> [v2:172.21.15.81:3300/0,v1:172.21.15.81:6789/0] conn(0x7f48b01056d0 0x7f48b0105af0 unknown :-1 s=CLOSED pgs=72 cs=0 l=1 rev1=1 crypto rx=0 tx=0 comp rx=0 tx=0).stop
2024-05-08T22:08:08.939 INFO:teuthology.orchestra.run.smithi081.stdout:/usr/bin/ceph: stderr
2024-05-08T22:08:08.399+0000 7f48b7b04700 1 -- 172.21.15.81:0/1657088475 >> 172.21.15.81:0/1657088475 conn(0x7f48b0100cd0 msgr2=0x7f48b01030f0 unknown :-1 s=STATE_NONE l=0).mark_down
2024-05-08T22:08:08.939 INFO:teuthology.orchestra.run.smithi081.stdout:/usr/bin/ceph: stderr
2024-05-08T22:08:08.399+0000 7f48b7b04700 1 -- 172.21.15.81:0/1657088475 shutdown_connections
2024-05-08T22:08:08.939 INFO:teuthology.orchestra.run.smithi081.stdout:/usr/bin/ceph: stderr
2024-05-08T22:08:08.400+0000 7f48b7b04700 1 -- 172.21.15.81:0/1657088475 wait complete.
2024-05-08T22:08:08.939 INFO:teuthology.orchestra.run.smithi081.stdout:/usr/bin/ceph: stderr
2024-05-08T22:08:08.400+0000 7f48b7b04700 1 Processor -- start
2024-05-08T22:08:08.939 INFO:teuthology.orchestra.run.smithi081.stdout:/usr/bin/ceph: stderr
2024-05-08T22:08:08.400+0000 7f48b7b04700 1 -- start start
2024-05-08T22:08:08.939 INFO:teuthology.orchestra.run.smithi081.stdout:/usr/bin/ceph: stderr
2024-05-08T22:08:08.400+0000 7f48b7b04700 1 --2- >> [v2:172.21.15.81:3300/0,v1:172.21.15.81:6789/0] conn(0x7f48b01056d0 0x7f48b019a5a0 unknown :-1 s=NONE pgs=0 cs=0 l=1 rev1=0 crypto rx=0 tx=0 comp rx=0 tx=0).connect
2024-05-08T22:08:08.939 INFO:teuthology.orchestra.run.smithi081.stdout:/usr/bin/ceph: stderr
2024-05-08T22:08:08.400+0000 7f48b7b04700 1 -- --> [v2:172.21.15.81:3300/0,v1:172.21.15.81:6789/0] -- mon_getmap magic: 0 v1 -- 0x7f48b019aae0 con 0x7f48b01056d0
2024-05-08T22:08:08.939 INFO:teuthology.orchestra.run.smithi081.stdout:/usr/bin/ceph: stderr
2024-05-08T22:08:08.400+0000 7f48b58a0700 1 --2- >> [v2:172.21.15.81:3300/0,v1:172.21.15.81:6789/0] conn(0x7f48b01056d0 0x7f48b019a5a0 unknown :-1 s=BANNER_CONNECTING pgs=0 cs=0 l=1 rev1=0 crypto rx=0 tx=0 comp rx=0 tx=0)._handle_peer_banner_payload supported=3 required=0
2024-05-08T22:08:08.940 INFO:teuthology.orchestra.run.smithi081.stdout:/usr/bin/ceph: stderr
2024-05-08T22:08:08.400+0000 7f48b58a0700 1 --2- >> [v2:172.21.15.81:3300/0,v1:172.21.15.81:6789/0] conn(0x7f48b01056d0 0x7f48b019a5a0 unknown :-1 s=HELLO_CONNECTING pgs=0 cs=0 l=1 rev1=1 crypto rx=0 tx=0 comp rx=0 tx=0).handle_hello peer v2:172.21.15.81:3300/0 says I am v2:172.21.15.81:49968/0 (socket says 172.21.15.81:49968)
2024-05-08T22:08:08.940 INFO:teuthology.orchestra.run.smithi081.stdout:/usr/bin/ceph: stderr
2024-05-08T22:08:08.400+0000 7f48b58a0700 1 -- 172.21.15.81:0/3321814939 learned_addr learned my addr 172.21.15.81:0/3321814939 (peer_addr_for_me v2:172.21.15.81:0/0)
2024-05-08T22:08:08.940 INFO:teuthology.orchestra.run.smithi081.stdout:/usr/bin/ceph: stderr
2024-05-08T22:08:08.401+0000 7f48b58a0700 1 -- 172.21.15.81:0/3321814939 --> [v2:172.21.15.81:3300/0,v1:172.21.15.81:6789/0] -- mon_subscribe({config=0+,monmap=0+}) v3 -- 0x7f48a0009550 con 0x7f48b01056d0
2024-05-08T22:08:08.940 INFO:teuthology.orchestra.run.smithi081.stdout:/usr/bin/ceph: stderr
2024-05-08T22:08:08.401+0000 7f48b58a0700 1 --2- 172.21.15.81:0/3321814939 >> [v2:172.21.15.81:3300/0,v1:172.21.15.81:6789/0] conn(0x7f48b01056d0 0x7f48b019a5a0 secure :-1 s=READY pgs=73 cs=0 l=1 rev1=1 crypto rx=0x7f48a0006af0 tx=0x7f48a0011a10 comp rx=0 tx=0).ready entity=mon.0 client_cookie=0 server_cookie=0 in_seq=0 out_seq=0
2024-05-08T22:08:08.940 INFO:teuthology.orchestra.run.smithi081.stdout:/usr/bin/ceph: stderr
2024-05-08T22:08:08.401+0000 7f48a6ffd700 1 -- 172.21.15.81:0/3321814939 <== mon.0 v2:172.21.15.81:3300/0 1 ==== mon_map magic: 0 v1 ==== 205+0+0 (secure 0 0 0) 0x7f48a0003a40 con 0x7f48b01056d0
2024-05-08T22:08:08.940 INFO:teuthology.orchestra.run.smithi081.stdout:/usr/bin/ceph: stderr
2024-05-08T22:08:08.401+0000 7f48a6ffd700 1 -- 172.21.15.81:0/3321814939 <== mon.0 v2:172.21.15.81:3300/0 2 ==== config(26 keys) v1 ==== 1105+0+0 (secure 0 0 0) 0x7f48a0003ba0 con 0x7f48b01056d0
2024-05-08T22:08:08.940 INFO:teuthology.orchestra.run.smithi081.stdout:/usr/bin/ceph: stderr
2024-05-08T22:08:08.401+0000 7f48b7b04700 1 -- 172.21.15.81:0/3321814939 --> [v2:172.21.15.81:3300/0,v1:172.21.15.81:6789/0] -- mon_subscribe({mgrmap=0+}) v3 -- 0x7f48b019ace0 con 0x7f48b01056d0
2024-05-08T22:08:08.940 INFO:teuthology.orchestra.run.smithi081.stdout:/usr/bin/ceph: stderr
2024-05-08T22:08:08.401+0000 7f48a6ffd700 1 -- 172.21.15.81:0/3321814939 <== mon.0 v2:172.21.15.81:3300/0 3 ==== mon_map magic: 0 v1 ==== 205+0+0 (secure 0 0 0) 0x7f48a0019690 con 0x7f48b01056d0
2024-05-08T22:08:08.940 INFO:teuthology.orchestra.run.smithi081.stdout:/usr/bin/ceph: stderr
2024-05-08T22:08:08.401+0000 7f48b7b04700 1 -- 172.21.15.81:0/3321814939 --> [v2:172.21.15.81:3300/0,v1:172.21.15.81:6789/0] -- mon_subscribe({osdmap=0}) v3 -- 0x7f48b019b180 con 0x7f48b01056d0
2024-05-08T22:08:08.940 INFO:teuthology.orchestra.run.smithi081.stdout:/usr/bin/ceph: stderr
2024-05-08T22:08:08.402+0000 7f48a6ffd700 1 -- 172.21.15.81:0/3321814939 <== mon.0 v2:172.21.15.81:3300/0 4 ==== mgrmap(e 12) v1 ==== 45554+0+0 (secure 0 0 0) 0x7f48a0019950 con 0x7f48b01056d0
2024-05-08T22:08:08.940 INFO:teuthology.orchestra.run.smithi081.stdout:/usr/bin/ceph: stderr
2024-05-08T22:08:08.402+0000 7f48b7b04700 1 -- 172.21.15.81:0/3321814939 --> [v2:172.21.15.81:3300/0,v1:172.21.15.81:6789/0] -- mon_command({"prefix": "get_command_descriptions"} v 0) v1 -- 0x7f48b0194770 con 0x7f48b01056d0
2024-05-08T22:08:08.940 INFO:teuthology.orchestra.run.smithi081.stdout:/usr/bin/ceph: stderr
2024-05-08T22:08:08.402+0000 7f48a6ffd700 1 --2- 172.21.15.81:0/3321814939 >> [v2:172.21.15.81:6800/4016628280,v1:172.21.15.81:6801/4016628280] conn(0x7f489c038700 0x7f489c03abc0 unknown :-1 s=NONE pgs=0 cs=0 l=1 rev1=0 crypto rx=0 tx=0 comp rx=0 tx=0).connect
2024-05-08T22:08:08.940 INFO:teuthology.orchestra.run.smithi081.stdout:/usr/bin/ceph: stderr
2024-05-08T22:08:08.402+0000 7f48a6ffd700 1 -- 172.21.15.81:0/3321814939 <== mon.0 v2:172.21.15.81:3300/0 5 ==== osd_map(3..3 src has 1..3) v4 ==== 1155+0+0 (secure 0 0 0) 0x7f48a004cbf0 con 0x7f48b01056d0
2024-05-08T22:08:08.940 INFO:teuthology.orchestra.run.smithi081.stdout:/usr/bin/ceph: stderr
2024-05-08T22:08:08.402+0000 7f48b509f700 1 --2- 172.21.15.81:0/3321814939 >> [v2:172.21.15.81:6800/4016628280,v1:172.21.15.81:6801/4016628280] conn(0x7f489c038700 0x7f489c03abc0 unknown :-1 s=BANNER_CONNECTING pgs=0 cs=0 l=1 rev1=0 crypto rx=0 tx=0 comp rx=0 tx=0)._handle_peer_banner_payload supported=3 required=0
2024-05-08T22:08:08.941 INFO:teuthology.orchestra.run.smithi081.stdout:/usr/bin/ceph: stderr
2024-05-08T22:08:08.402+0000 7f48b509f700 1 --2- 172.21.15.81:0/3321814939 >> [v2:172.21.15.81:6800/4016628280,v1:172.21.15.81:6801/4016628280] conn(0x7f489c038700 0x7f489c03abc0 secure :-1 s=READY pgs=9 cs=0 l=1 rev1=1 crypto rx=0x7f48ac006fd0 tx=0x7f48ac006e40 comp rx=0 tx=0).ready entity=mgr.14150 client_cookie=0 server_cookie=0 in_seq=0 out_seq=0
2024-05-08T22:08:08.941 INFO:teuthology.orchestra.run.smithi081.stdout:/usr/bin/ceph: stderr
2024-05-08T22:08:08.407+0000 7f48a6ffd700 1 -- 172.21.15.81:0/3321814939 <== mon.0 v2:172.21.15.81:3300/0 6 ==== mon_command_ack([{"prefix": "get_command_descriptions"}]=0 v0) v1 ==== 72+0+183622 (secure 0 0 0) 0x7f48a00243f0 con 0x7f48b01056d0
2024-05-08T22:08:08.941 INFO:teuthology.orchestra.run.smithi081.stdout:/usr/bin/ceph: stderr
2024-05-08T22:08:08.599+0000 7f48b7b04700 1 -- 172.21.15.81:0/3321814939 --> [v2:172.21.15.81:3300/0,v1:172.21.15.81:6789/0] -- mon_command({"prefix": "config get", "who": "mgr", "key": "mgr/dashboard/ssl_server_port"} v 0) v1 -- 0x7f48b0109cd0 con 0x7f48b01056d0
2024-05-08T22:08:08.941 INFO:teuthology.orchestra.run.smithi081.stdout:/usr/bin/ceph: stderr
2024-05-08T22:08:08.599+0000 7f48a6ffd700 1 -- 172.21.15.81:0/3321814939 <== mon.0 v2:172.21.15.81:3300/0 7 ==== mon_command_ack([{"prefix": "config get", "who": "mgr", "key": "mgr/dashboard/ssl_server_port"}]=0 v8) v1 ==== 112+0+5 (secure 0 0 0) 0x7f48a0023390 con 0x7f48b01056d0
2024-05-08T22:08:08.941 INFO:teuthology.orchestra.run.smithi081.stdout:/usr/bin/ceph: stderr
2024-05-08T22:08:08.601+0000 7f48b7b04700 1 -- 172.21.15.81:0/3321814939 >> [v2:172.21.15.81:6800/4016628280,v1:172.21.15.81:6801/4016628280] conn(0x7f489c038700 msgr2=0x7f489c03abc0 secure :-1 s=STATE_CONNECTION_ESTABLISHED l=1).mark_down
2024-05-08T22:08:08.941 INFO:teuthology.orchestra.run.smithi081.stdout:/usr/bin/ceph: stderr
2024-05-08T22:08:08.601+0000 7f48b7b04700 1 --2- 172.21.15.81:0/3321814939 >> [v2:172.21.15.81:6800/4016628280,v1:172.21.15.81:6801/4016628280] conn(0x7f489c038700 0x7f489c03abc0 secure :-1 s=READY pgs=9 cs=0 l=1 rev1=1 crypto rx=0x7f48ac006fd0 tx=0x7f48ac006e40 comp rx=0 tx=0).stop
2024-05-08T22:08:08.941 INFO:teuthology.orchestra.run.smithi081.stdout:/usr/bin/ceph: stderr
2024-05-08T22:08:08.601+0000 7f48b7b04700 1 -- 172.21.15.81:0/3321814939 >> [v2:172.21.15.81:3300/0,v1:172.21.15.81:6789/0] conn(0x7f48b01056d0 msgr2=0x7f48b019a5a0 secure :-1 s=STATE_CONNECTION_ESTABLISHED l=1).mark_down
2024-05-08T22:08:08.941 INFO:teuthology.orchestra.run.smithi081.stdout:/usr/bin/ceph: stderr
2024-05-08T22:08:08.601+0000 7f48b7b04700 1 --2- 172.21.15.81:0/3321814939 >> [v2:172.21.15.81:3300/0,v1:172.21.15.81:6789/0] conn(0x7f48b01056d0 0x7f48b019a5a0 secure :-1 s=READY pgs=73 cs=0 l=1 rev1=1 crypto rx=0x7f48a0006af0 tx=0x7f48a0011a10 comp rx=0 tx=0).stop
2024-05-08T22:08:08.941 INFO:teuthology.orchestra.run.smithi081.stdout:/usr/bin/ceph: stderr
2024-05-08T22:08:08.601+0000 7f48b7b04700 1 -- 172.21.15.81:0/3321814939 shutdown_connections
2024-05-08T22:08:08.941 INFO:teuthology.orchestra.run.smithi081.stdout:/usr/bin/ceph: stderr
2024-05-08T22:08:08.601+0000 7f48b7b04700 1 --2- 172.21.15.81:0/3321814939 >> [v2:172.21.15.81:6800/4016628280,v1:172.21.15.81:6801/4016628280] conn(0x7f489c038700 0x7f489c03abc0 unknown :-1 s=CLOSED pgs=9 cs=0 l=1 rev1=1 crypto rx=0 tx=0 comp rx=0 tx=0).stop
2024-05-08T22:08:08.941 INFO:teuthology.orchestra.run.smithi081.stdout:/usr/bin/ceph: stderr
2024-05-08T22:08:08.601+0000 7f48b7b04700 1 --2- 172.21.15.81:0/3321814939 >> [v2:172.21.15.81:3300/0,v1:172.21.15.81:6789/0] conn(0x7f48b01056d0 0x7f48b019a5a0 unknown :-1 s=CLOSED pgs=73 cs=0 l=1 rev1=1 crypto rx=0 tx=0 comp rx=0 tx=0).stop
2024-05-08T22:08:08.941 INFO:teuthology.orchestra.run.smithi081.stdout:/usr/bin/ceph: stderr
2024-05-08T22:08:08.601+0000 7f48b7b04700 1 -- 172.21.15.81:0/3321814939 >> 172.21.15.81:0/3321814939 conn(0x7f48b0100cd0 msgr2=0x7f48b0101be0 unknown :-1 s=STATE_NONE l=0).mark_down
2024-05-08T22:08:08.941 INFO:teuthology.orchestra.run.smithi081.stdout:/usr/bin/ceph: stderr
2024-05-08T22:08:08.601+0000 7f48b7b04700 1 -- 172.21.15.81:0/3321814939 shutdown_connections
2024-05-08T22:08:08.941 INFO:teuthology.orchestra.run.smithi081.stdout:/usr/bin/ceph: stderr
2024-05-08T22:08:08.601+0000 7f48b7b04700 1 -- 172.21.15.81:0/3321814939 wait complete.
2024-05-08T22:08:08.944 INFO:teuthology.orchestra.run.smithi081.stdout:Non-zero exit code 1 from systemctl is-enabled firewalld.service
2024-05-08T22:08:08.944 INFO:teuthology.orchestra.run.smithi081.stdout:systemctl: stdout disabled
2024-05-08T22:08:08.951 INFO:teuthology.orchestra.run.smithi081.stdout:Non-zero exit code 3 from systemctl is-active firewalld.service
2024-05-08T22:08:08.952 INFO:teuthology.orchestra.run.smithi081.stdout:systemctl: stdout inactive
2024-05-08T22:08:08.952 INFO:teuthology.orchestra.run.smithi081.stdout:firewalld.service is not enabled
2024-05-08T22:08:08.952 INFO:teuthology.orchestra.run.smithi081.stdout:Not possible to open ports <[8443]>. firewalld.service is not available
2024-05-08T22:08:08.953 INFO:teuthology.orchestra.run.smithi081.stdout:Ceph Dashboard is now available at:
2024-05-08T22:08:08.953 INFO:teuthology.orchestra.run.smithi081.stdout:
2024-05-08T22:08:08.953 INFO:teuthology.orchestra.run.smithi081.stdout: URL: https://smithi081:8443/
2024-05-08T22:08:08.953 INFO:teuthology.orchestra.run.smithi081.stdout: User: admin
2024-05-08T22:08:08.953 INFO:teuthology.orchestra.run.smithi081.stdout: Password: ydzft0alo9
2024-05-08T22:08:08.954 INFO:teuthology.orchestra.run.smithi081.stdout:
2024-05-08T22:08:08.954 INFO:teuthology.orchestra.run.smithi081.stdout:Saving cluster configuration to /var/lib/ceph/378fe56e-0d87-11ef-bc97-c7b262605968/config directory
2024-05-08T22:08:08.954 INFO:teuthology.orchestra.run.smithi081.stdout:Enabling autotune for osd_memory_target
2024-05-08T22:08:09.866 INFO:teuthology.orchestra.run.smithi081.stdout:/usr/bin/ceph: stderr
2024-05-08T22:08:09.304+0000 7f5da65d8700 1 Processor -- start
2024-05-08T22:08:09.871 INFO:teuthology.orchestra.run.smithi081.stdout:/usr/bin/ceph: stderr
2024-05-08T22:08:09.304+0000 7f5da65d8700 1 -- start start
2024-05-08T22:08:09.871 INFO:teuthology.orchestra.run.smithi081.stdout:/usr/bin/ceph: stderr
2024-05-08T22:08:09.305+0000 7f5da65d8700 1 --2- >> [v2:172.21.15.81:3300/0,v1:172.21.15.81:6789/0] conn(0x7f5da01056f0 0x7f5da0105b10 unknown :-1 s=NONE pgs=0 cs=0 l=0 rev1=0 crypto rx=0 tx=0 comp rx=0 tx=0).connect
2024-05-08T22:08:09.872 INFO:teuthology.orchestra.run.smithi081.stdout:/usr/bin/ceph: stderr
2024-05-08T22:08:09.305+0000 7f5da65d8700 1 -- --> [v2:172.21.15.81:3300/0,v1:172.21.15.81:6789/0] -- mon_getmap magic: 0 v1 -- 0x7f5da01060e0 con 0x7f5da01056f0
2024-05-08T22:08:09.872 INFO:teuthology.orchestra.run.smithi081.stdout:/usr/bin/ceph: stderr
2024-05-08T22:08:09.305+0000 7f5d9ffff700 1 --2- >> [v2:172.21.15.81:3300/0,v1:172.21.15.81:6789/0] conn(0x7f5da01056f0 0x7f5da0105b10 unknown :-1 s=BANNER_CONNECTING pgs=0 cs=0 l=0 rev1=0 crypto rx=0 tx=0 comp rx=0 tx=0)._handle_peer_banner_payload supported=3 required=0
2024-05-08T22:08:09.872 INFO:teuthology.orchestra.run.smithi081.stdout:/usr/bin/ceph: stderr
2024-05-08T22:08:09.305+0000 7f5d9ffff700 1 --2- >> [v2:172.21.15.81:3300/0,v1:172.21.15.81:6789/0] conn(0x7f5da01056f0 0x7f5da0105b10 unknown :-1 s=HELLO_CONNECTING pgs=0 cs=0 l=0 rev1=1 crypto rx=0 tx=0 comp rx=0 tx=0).handle_hello peer v2:172.21.15.81:3300/0 says I am v2:172.21.15.81:49976/0 (socket says 172.21.15.81:49976)
2024-05-08T22:08:09.872 INFO:teuthology.orchestra.run.smithi081.stdout:/usr/bin/ceph: stderr
2024-05-08T22:08:09.305+0000 7f5d9ffff700 1 -- 172.21.15.81:0/3724690393 learned_addr learned my addr 172.21.15.81:0/3724690393 (peer_addr_for_me v2:172.21.15.81:0/0)
2024-05-08T22:08:09.872 INFO:teuthology.orchestra.run.smithi081.stdout:/usr/bin/ceph: stderr
2024-05-08T22:08:09.305+0000 7f5d9ffff700 1 -- 172.21.15.81:0/3724690393 --> [v2:172.21.15.81:3300/0,v1:172.21.15.81:6789/0] -- mon_subscribe({config=0+,monmap=0+}) v3 -- 0x7f5da01068f0 con 0x7f5da01056f0
2024-05-08T22:08:09.872 INFO:teuthology.orchestra.run.smithi081.stdout:/usr/bin/ceph: stderr
2024-05-08T22:08:09.305+0000 7f5d9ffff700 1 --2- 172.21.15.81:0/3724690393 >> [v2:172.21.15.81:3300/0,v1:172.21.15.81:6789/0] conn(0x7f5da01056f0 0x7f5da0105b10 secure :-1 s=READY pgs=74 cs=0 l=1 rev1=1 crypto rx=0x7f5d900098a0 tx=0x7f5d90009bb0 comp rx=0 tx=0).ready entity=mon.0 client_cookie=c8bf128bcdbbdba server_cookie=0 in_seq=0 out_seq=0
2024-05-08T22:08:09.872 INFO:teuthology.orchestra.run.smithi081.stdout:/usr/bin/ceph: stderr
2024-05-08T22:08:09.305+0000 7f5d9effd700 1 -- 172.21.15.81:0/3724690393 <== mon.0 v2:172.21.15.81:3300/0 1 ==== mon_map magic: 0 v1 ==== 205+0+0 (secure 0 0 0) 0x7f5d90004160 con 0x7f5da01056f0
2024-05-08T22:08:09.872 INFO:teuthology.orchestra.run.smithi081.stdout:/usr/bin/ceph: stderr
2024-05-08T22:08:09.305+0000 7f5d9effd700 1 -- 172.21.15.81:0/3724690393 <== mon.0 v2:172.21.15.81:3300/0 2 ==== config(26 keys) v1 ==== 1105+0+0 (secure 0 0 0) 0x7f5d900042c0 con 0x7f5da01056f0
2024-05-08T22:08:09.872 INFO:teuthology.orchestra.run.smithi081.stdout:/usr/bin/ceph: stderr
2024-05-08T22:08:09.305+0000 7f5d9effd700 1 -- 172.21.15.81:0/3724690393 <== mon.0 v2:172.21.15.81:3300/0 3 ==== mon_map magic: 0 v1 ==== 205+0+0 (secure 0 0 0) 0x7f5d900119b0 con 0x7f5da01056f0
2024-05-08T22:08:09.872 INFO:teuthology.orchestra.run.smithi081.stdout:/usr/bin/ceph: stderr
2024-05-08T22:08:09.306+0000 7f5da65d8700 1 -- 172.21.15.81:0/3724690393 >> [v2:172.21.15.81:3300/0,v1:172.21.15.81:6789/0] conn(0x7f5da01056f0 msgr2=0x7f5da0105b10 secure :-1 s=STATE_CONNECTION_ESTABLISHED l=1).mark_down
2024-05-08T22:08:09.872 INFO:teuthology.orchestra.run.smithi081.stdout:/usr/bin/ceph: stderr
2024-05-08T22:08:09.306+0000 7f5da65d8700 1 --2- 172.21.15.81:0/3724690393 >> [v2:172.21.15.81:3300/0,v1:172.21.15.81:6789/0] conn(0x7f5da01056f0 0x7f5da0105b10 secure :-1 s=READY pgs=74 cs=0 l=1 rev1=1 crypto rx=0x7f5d900098a0 tx=0x7f5d90009bb0 comp rx=0 tx=0).stop
2024-05-08T22:08:09.873 INFO:teuthology.orchestra.run.smithi081.stdout:/usr/bin/ceph: stderr
2024-05-08T22:08:09.306+0000 7f5da65d8700 1 -- 172.21.15.81:0/3724690393 shutdown_connections
2024-05-08T22:08:09.873 INFO:teuthology.orchestra.run.smithi081.stdout:/usr/bin/ceph: stderr
2024-05-08T22:08:09.306+0000 7f5da65d8700 1 --2- 172.21.15.81:0/3724690393 >> [v2:172.21.15.81:3300/0,v1:172.21.15.81:6789/0] conn(0x7f5da01056f0 0x7f5da0105b10 unknown :-1 s=CLOSED pgs=74 cs=0 l=1 rev1=1 crypto rx=0 tx=0 comp rx=0 tx=0).stop
2024-05-08T22:08:09.873 INFO:teuthology.orchestra.run.smithi081.stdout:/usr/bin/ceph: stderr
2024-05-08T22:08:09.306+0000 7f5da65d8700 1 -- 172.21.15.81:0/3724690393 >> 172.21.15.81:0/3724690393 conn(0x7f5da0100cd0 msgr2=0x7f5da01030f0 unknown :-1 s=STATE_NONE l=0).mark_down
2024-05-08T22:08:09.873 INFO:teuthology.orchestra.run.smithi081.stdout:/usr/bin/ceph: stderr
2024-05-08T22:08:09.306+0000 7f5da65d8700 1 -- 172.21.15.81:0/3724690393 shutdown_connections
2024-05-08T22:08:09.873 INFO:teuthology.orchestra.run.smithi081.stdout:/usr/bin/ceph: stderr
2024-05-08T22:08:09.306+0000 7f5da65d8700 1 -- 172.21.15.81:0/3724690393 wait complete.
2024-05-08T22:08:09.873 INFO:teuthology.orchestra.run.smithi081.stdout:/usr/bin/ceph: stderr
2024-05-08T22:08:09.306+0000 7f5da65d8700 1 Processor -- start
2024-05-08T22:08:09.873 INFO:teuthology.orchestra.run.smithi081.stdout:/usr/bin/ceph: stderr
2024-05-08T22:08:09.307+0000 7f5da65d8700 1 -- start start
2024-05-08T22:08:09.873 INFO:teuthology.orchestra.run.smithi081.stdout:/usr/bin/ceph: stderr
2024-05-08T22:08:09.307+0000 7f5da65d8700 1 --2- >> [v2:172.21.15.81:3300/0,v1:172.21.15.81:6789/0] conn(0x7f5da01056f0 0x7f5da0079a20 unknown :-1 s=NONE pgs=0 cs=0 l=1 rev1=0 crypto rx=0 tx=0 comp rx=0 tx=0).connect
2024-05-08T22:08:09.873 INFO:teuthology.orchestra.run.smithi081.stdout:/usr/bin/ceph: stderr
2024-05-08T22:08:09.307+0000 7f5da65d8700 1 -- --> [v2:172.21.15.81:3300/0,v1:172.21.15.81:6789/0] -- mon_getmap magic: 0 v1 -- 0x7f5da0079f60 con 0x7f5da01056f0
2024-05-08T22:08:09.873 INFO:teuthology.orchestra.run.smithi081.stdout:/usr/bin/ceph: stderr
2024-05-08T22:08:09.307+0000 7f5d9ffff700 1 --2- >> [v2:172.21.15.81:3300/0,v1:172.21.15.81:6789/0] conn(0x7f5da01056f0 0x7f5da0079a20 unknown :-1 s=BANNER_CONNECTING pgs=0 cs=0 l=1 rev1=0 crypto rx=0 tx=0 comp rx=0 tx=0)._handle_peer_banner_payload supported=3 required=0
2024-05-08T22:08:09.874 INFO:teuthology.orchestra.run.smithi081.stdout:/usr/bin/ceph: stderr
2024-05-08T22:08:09.307+0000 7f5d9ffff700 1 --2- >> [v2:172.21.15.81:3300/0,v1:172.21.15.81:6789/0] conn(0x7f5da01056f0 0x7f5da0079a20 unknown :-1 s=HELLO_CONNECTING pgs=0 cs=0 l=1 rev1=1 crypto rx=0 tx=0 comp rx=0 tx=0).handle_hello peer v2:172.21.15.81:3300/0 says I am v2:172.21.15.81:49984/0 (socket says 172.21.15.81:49984)
2024-05-08T22:08:09.874 INFO:teuthology.orchestra.run.smithi081.stdout:/usr/bin/ceph: stderr
2024-05-08T22:08:09.307+0000 7f5d9ffff700 1 -- 172.21.15.81:0/933441042 learned_addr learned my addr 172.21.15.81:0/933441042 (peer_addr_for_me v2:172.21.15.81:0/0)
2024-05-08T22:08:09.874 INFO:teuthology.orchestra.run.smithi081.stdout:/usr/bin/ceph: stderr
2024-05-08T22:08:09.307+0000 7f5d9ffff700 1 -- 172.21.15.81:0/933441042 --> [v2:172.21.15.81:3300/0,v1:172.21.15.81:6789/0] -- mon_subscribe({config=0+,monmap=0+}) v3 -- 0x7f5d90009550 con 0x7f5da01056f0
2024-05-08T22:08:09.874 INFO:teuthology.orchestra.run.smithi081.stdout:/usr/bin/ceph: stderr
2024-05-08T22:08:09.307+0000 7f5d9ffff700 1 --2- 172.21.15.81:0/933441042 >> [v2:172.21.15.81:3300/0,v1:172.21.15.81:6789/0] conn(0x7f5da01056f0 0x7f5da0079a20 secure :-1 s=READY pgs=75 cs=0 l=1 rev1=1 crypto rx=0x7f5d90003e60 tx=0x7f5d90011a30 comp rx=0 tx=0).ready entity=mon.0 client_cookie=0 server_cookie=0 in_seq=0 out_seq=0
2024-05-08T22:08:09.874 INFO:teuthology.orchestra.run.smithi081.stdout:/usr/bin/ceph: stderr
2024-05-08T22:08:09.307+0000 7f5d9d7fa700 1 -- 172.21.15.81:0/933441042 <== mon.0 v2:172.21.15.81:3300/0 1 ==== mon_map magic: 0 v1 ==== 205+0+0 (secure 0 0 0) 0x7f5d90003a60 con 0x7f5da01056f0
2024-05-08T22:08:09.874 INFO:teuthology.orchestra.run.smithi081.stdout:/usr/bin/ceph: stderr
2024-05-08T22:08:09.307+0000 7f5da65d8700 1 -- 172.21.15.81:0/933441042 --> [v2:172.21.15.81:3300/0,v1:172.21.15.81:6789/0] -- mon_subscribe({mgrmap=0+}) v3 -- 0x7f5da019d2b0 con 0x7f5da01056f0
2024-05-08T22:08:09.874 INFO:teuthology.orchestra.run.smithi081.stdout:/usr/bin/ceph: stderr
2024-05-08T22:08:09.307+0000 7f5d9d7fa700 1 -- 172.21.15.81:0/933441042 <== mon.0 v2:172.21.15.81:3300/0 2 ==== config(26 keys) v1 ==== 1105+0+0 (secure 0 0 0) 0x7f5d90003bc0 con 0x7f5da01056f0
2024-05-08T22:08:09.874 INFO:teuthology.orchestra.run.smithi081.stdout:/usr/bin/ceph: stderr
2024-05-08T22:08:09.307+0000 7f5d9d7fa700 1 -- 172.21.15.81:0/933441042 <== mon.0 v2:172.21.15.81:3300/0 3 ==== mon_map magic: 0 v1 ==== 205+0+0 (secure 0 0 0) 0x7f5d900196c0 con 0x7f5da01056f0
2024-05-08T22:08:09.874 INFO:teuthology.orchestra.run.smithi081.stdout:/usr/bin/ceph: stderr
2024-05-08T22:08:09.308+0000 7f5da65d8700 1 -- 172.21.15.81:0/933441042 --> [v2:172.21.15.81:3300/0,v1:172.21.15.81:6789/0] -- mon_subscribe({osdmap=0}) v3 -- 0x7f5da019d6f0 con 0x7f5da01056f0
2024-05-08T22:08:09.874 INFO:teuthology.orchestra.run.smithi081.stdout:/usr/bin/ceph: stderr
2024-05-08T22:08:09.308+0000 7f5d9d7fa700 1 -- 172.21.15.81:0/933441042 <== mon.0 v2:172.21.15.81:3300/0 4 ==== mgrmap(e 12) v1 ==== 45554+0+0 (secure 0 0 0) 0x7f5d90019980 con 0x7f5da01056f0
2024-05-08T22:08:09.874 INFO:teuthology.orchestra.run.smithi081.stdout:/usr/bin/ceph: stderr
2024-05-08T22:08:09.309+0000 7f5da65d8700 1 -- 172.21.15.81:0/933441042 --> [v2:172.21.15.81:3300/0,v1:172.21.15.81:6789/0] -- mon_command({"prefix": "get_command_descriptions"} v 0) v1 -- 0x7f5da0109b00 con 0x7f5da01056f0
2024-05-08T22:08:09.875 INFO:teuthology.orchestra.run.smithi081.stdout:/usr/bin/ceph: stderr
2024-05-08T22:08:09.309+0000 7f5d9d7fa700 1 --2- 172.21.15.81:0/933441042 >> [v2:172.21.15.81:6800/4016628280,v1:172.21.15.81:6801/4016628280] conn(0x7f5d8c038730 0x7f5d8c03abf0 unknown :-1 s=NONE pgs=0 cs=0 l=1 rev1=0 crypto rx=0 tx=0 comp rx=0 tx=0).connect
2024-05-08T22:08:09.875 INFO:teuthology.orchestra.run.smithi081.stdout:/usr/bin/ceph: stderr
2024-05-08T22:08:09.309+0000 7f5d9d7fa700 1 -- 172.21.15.81:0/933441042 <== mon.0 v2:172.21.15.81:3300/0 5 ==== osd_map(3..3 src has 1..3) v4 ==== 1155+0+0 (secure 0 0 0) 0x7f5d9004cd10 con 0x7f5da01056f0
2024-05-08T22:08:09.875 INFO:teuthology.orchestra.run.smithi081.stdout:/usr/bin/ceph: stderr
2024-05-08T22:08:09.309+0000 7f5d9f7fe700 1 --2- 172.21.15.81:0/933441042 >> [v2:172.21.15.81:6800/4016628280,v1:172.21.15.81:6801/4016628280] conn(0x7f5d8c038730 0x7f5d8c03abf0 unknown :-1 s=BANNER_CONNECTING pgs=0 cs=0 l=1 rev1=0 crypto rx=0 tx=0 comp rx=0 tx=0)._handle_peer_banner_payload supported=3 required=0
2024-05-08T22:08:09.875 INFO:teuthology.orchestra.run.smithi081.stdout:/usr/bin/ceph: stderr
2024-05-08T22:08:09.309+0000 7f5d9f7fe700 1 --2- 172.21.15.81:0/933441042 >> [v2:172.21.15.81:6800/4016628280,v1:172.21.15.81:6801/4016628280] conn(0x7f5d8c038730 0x7f5d8c03abf0 secure :-1 s=READY pgs=10 cs=0 l=1 rev1=1 crypto rx=0x7f5d88006fd0 tx=0x7f5d88006e40 comp rx=0 tx=0).ready entity=mgr.14150 client_cookie=0 server_cookie=0 in_seq=0 out_seq=0
2024-05-08T22:08:09.875 INFO:teuthology.orchestra.run.smithi081.stdout:/usr/bin/ceph: stderr
