2024-05-08T22:29:45.957+0000 7fa1a3e69700 1 -- 172.21.15.62:0/3592330941 --> [v2:172.21.15.62:6800/766518770,v1:172.21.15.62:6801/766518770] -- mgr_command(tid 0: {"prefix": "cephadm set-user", "user": "root", "target": ["mon-mgr", ""]}) v1 -- 0x7fa19c101ef0 con 0x7fa1880385c0
2024-05-08T22:29:46.316 INFO:teuthology.orchestra.run.smithi062.stdout:/usr/bin/ceph: stderr
2024-05-08T22:29:45.958+0000 7fa192ffd700 1 -- 172.21.15.62:0/3592330941 <== mgr.14118 v2:172.21.15.62:6800/766518770 1 ==== mgr_command_reply(tid 0: 0 ) v1 ==== 8+0+16 (secure 0 0 0) 0x7fa19c101ef0 con 0x7fa1880385c0
2024-05-08T22:29:46.316 INFO:teuthology.orchestra.run.smithi062.stdout:/usr/bin/ceph: stderr
2024-05-08T22:29:45.960+0000 7fa1a3e69700 1 -- 172.21.15.62:0/3592330941 >> [v2:172.21.15.62:6800/766518770,v1:172.21.15.62:6801/766518770] conn(0x7fa1880385c0 msgr2=0x7fa18803aa80 secure :-1 s=STATE_CONNECTION_ESTABLISHED l=1).mark_down
2024-05-08T22:29:46.316 INFO:teuthology.orchestra.run.smithi062.stdout:/usr/bin/ceph: stderr
2024-05-08T22:29:45.960+0000 7fa1a3e69700 1 --2- 172.21.15.62:0/3592330941 >> [v2:172.21.15.62:6800/766518770,v1:172.21.15.62:6801/766518770] conn(0x7fa1880385c0 0x7fa18803aa80 secure :-1 s=READY pgs=8 cs=0 l=1 rev1=1 crypto rx=0x7fa18c006fd0 tx=0x7fa18c006e40 comp rx=0 tx=0).stop
2024-05-08T22:29:46.316 INFO:teuthology.orchestra.run.smithi062.stdout:/usr/bin/ceph: stderr
2024-05-08T22:29:45.960+0000 7fa1a3e69700 1 -- 172.21.15.62:0/3592330941 >> [v2:172.21.15.62:3300/0,v1:172.21.15.62:6789/0] conn(0x7fa19c1071c0 msgr2=0x7fa19c19a4c0 secure :-1 s=STATE_CONNECTION_ESTABLISHED l=1).mark_down
2024-05-08T22:29:46.317 INFO:teuthology.orchestra.run.smithi062.stdout:/usr/bin/ceph: stderr
2024-05-08T22:29:45.960+0000 7fa1a3e69700 1 --2- 172.21.15.62:0/3592330941 >> [v2:172.21.15.62:3300/0,v1:172.21.15.62:6789/0] conn(0x7fa19c1071c0 0x7fa19c19a4c0 secure :-1 s=READY pgs=38 cs=0 l=1 rev1=1 crypto rx=0x7fa198009130 tx=0x7fa198011ad0 comp rx=0 tx=0).stop
2024-05-08T22:29:46.317 INFO:teuthology.orchestra.run.smithi062.stdout:/usr/bin/ceph: stderr
2024-05-08T22:29:45.960+0000 7fa1a3e69700 1 -- 172.21.15.62:0/3592330941 shutdown_connections
2024-05-08T22:29:46.317 INFO:teuthology.orchestra.run.smithi062.stdout:/usr/bin/ceph: stderr
2024-05-08T22:29:45.960+0000 7fa1a3e69700 1 --2- 172.21.15.62:0/3592330941 >> [v2:172.21.15.62:6800/766518770,v1:172.21.15.62:6801/766518770] conn(0x7fa1880385c0 0x7fa18803aa80 unknown :-1 s=CLOSED pgs=8 cs=0 l=1 rev1=1 crypto rx=0 tx=0 comp rx=0 tx=0).stop
2024-05-08T22:29:46.317 INFO:teuthology.orchestra.run.smithi062.stdout:/usr/bin/ceph: stderr
2024-05-08T22:29:45.960+0000 7fa1a3e69700 1 --2- 172.21.15.62:0/3592330941 >> [v2:172.21.15.62:3300/0,v1:172.21.15.62:6789/0] conn(0x7fa19c1071c0 0x7fa19c19a4c0 unknown :-1 s=CLOSED pgs=38 cs=0 l=1 rev1=1 crypto rx=0 tx=0 comp rx=0 tx=0).stop
2024-05-08T22:29:46.317 INFO:teuthology.orchestra.run.smithi062.stdout:/usr/bin/ceph: stderr
2024-05-08T22:29:45.960+0000 7fa1a3e69700 1 -- 172.21.15.62:0/3592330941 >> 172.21.15.62:0/3592330941 conn(0x7fa19c100bd0 msgr2=0x7fa19c1017e0 unknown :-1 s=STATE_NONE l=0).mark_down
2024-05-08T22:29:46.317 INFO:teuthology.orchestra.run.smithi062.stdout:/usr/bin/ceph: stderr
2024-05-08T22:29:45.960+0000 7fa1a3e69700 1 -- 172.21.15.62:0/3592330941 shutdown_connections
2024-05-08T22:29:46.317 INFO:teuthology.orchestra.run.smithi062.stdout:/usr/bin/ceph: stderr
2024-05-08T22:29:45.961+0000 7fa1a3e69700 1 -- 172.21.15.62:0/3592330941 wait complete.
2024-05-08T22:29:46.317 INFO:teuthology.orchestra.run.smithi062.stdout:Generating ssh key...
2024-05-08T22:29:47.348 INFO:journalctl@ceph.mon.a.smithi062.stdout:May 08 22:29:47 smithi062 ceph-mon[42571]: [08/May/2024:22:29:45] ENGINE Bus STARTING
2024-05-08T22:29:47.348 INFO:journalctl@ceph.mon.a.smithi062.stdout:May 08 22:29:47 smithi062 ceph-mon[42571]: [08/May/2024:22:29:45] ENGINE Serving on http://172.21.15.62:8765
2024-05-08T22:29:47.348 INFO:journalctl@ceph.mon.a.smithi062.stdout:May 08 22:29:47 smithi062 ceph-mon[42571]: [08/May/2024:22:29:45] ENGINE Serving on https://172.21.15.62:7150
2024-05-08T22:29:47.348 INFO:journalctl@ceph.mon.a.smithi062.stdout:May 08 22:29:47 smithi062 ceph-mon[42571]: [08/May/2024:22:29:45] ENGINE Bus STARTED
2024-05-08T22:29:47.348 INFO:journalctl@ceph.mon.a.smithi062.stdout:May 08 22:29:47 smithi062 ceph-mon[42571]: from='client.14132 -' entity='client.admin' cmd=[{"prefix": "cephadm set-user", "user": "root", "target": ["mon-mgr", ""]}]: dispatch
2024-05-08T22:29:47.348 INFO:journalctl@ceph.mon.a.smithi062.stdout:May 08 22:29:47 smithi062 ceph-mon[42571]: mgrmap e7: x(active, since 2s)
2024-05-08T22:29:47.349 INFO:journalctl@ceph.mgr.x.smithi062.stdout:May 08 22:29:47 smithi062 ceph-49d88ea8-0d8a-11ef-bc97-c7b262605968-mgr-x[42823]: Generating public/private rsa key pair.
2024-05-08T22:29:47.349 INFO:journalctl@ceph.mgr.x.smithi062.stdout:May 08 22:29:47 smithi062 ceph-49d88ea8-0d8a-11ef-bc97-c7b262605968-mgr-x[42823]: Your identification has been saved in /tmp/tmpt2t_5iiv/key.
2024-05-08T22:29:47.349 INFO:journalctl@ceph.mgr.x.smithi062.stdout:May 08 22:29:47 smithi062 ceph-49d88ea8-0d8a-11ef-bc97-c7b262605968-mgr-x[42823]: Your public key has been saved in /tmp/tmpt2t_5iiv/key.pub.
2024-05-08T22:29:47.349 INFO:journalctl@ceph.mgr.x.smithi062.stdout:May 08 22:29:47 smithi062 ceph-49d88ea8-0d8a-11ef-bc97-c7b262605968-mgr-x[42823]: The key fingerprint is:
2024-05-08T22:29:47.349 INFO:journalctl@ceph.mgr.x.smithi062.stdout:May 08 22:29:47 smithi062 ceph-49d88ea8-0d8a-11ef-bc97-c7b262605968-mgr-x[42823]: SHA256:vyJ2pMICxlPDKSXCWGkjQT+ekQ9DEqvvBYBk19kIknM ceph-49d88ea8-0d8a-11ef-bc97-c7b262605968
2024-05-08T22:29:47.349 INFO:journalctl@ceph.mgr.x.smithi062.stdout:May 08 22:29:47 smithi062 ceph-49d88ea8-0d8a-11ef-bc97-c7b262605968-mgr-x[42823]: The key's randomart image is:
2024-05-08T22:29:47.349 INFO:journalctl@ceph.mgr.x.smithi062.stdout:May 08 22:29:47 smithi062 ceph-49d88ea8-0d8a-11ef-bc97-c7b262605968-mgr-x[42823]: +---[RSA 3072]----+
2024-05-08T22:29:47.349 INFO:journalctl@ceph.mgr.x.smithi062.stdout:May 08 22:29:47 smithi062 ceph-49d88ea8-0d8a-11ef-bc97-c7b262605968-mgr-x[42823]: |=X+=o + |
2024-05-08T22:29:47.349 INFO:journalctl@ceph.mgr.x.smithi062.stdout:May 08 22:29:47 smithi062 ceph-49d88ea8-0d8a-11ef-bc97-c7b262605968-mgr-x[42823]: |B=@E.+ . |
2024-05-08T22:29:47.349 INFO:journalctl@ceph.mgr.x.smithi062.stdout:May 08 22:29:47 smithi062 ceph-49d88ea8-0d8a-11ef-bc97-c7b262605968-mgr-x[42823]: |++*O. |
2024-05-08T22:29:47.349 INFO:journalctl@ceph.mgr.x.smithi062.stdout:May 08 22:29:47 smithi062 ceph-49d88ea8-0d8a-11ef-bc97-c7b262605968-mgr-x[42823]: |.o.=B |
2024-05-08T22:29:47.349 INFO:journalctl@ceph.mgr.x.smithi062.stdout:May 08 22:29:47 smithi062 ceph-49d88ea8-0d8a-11ef-bc97-c7b262605968-mgr-x[42823]: |o +o.. S |
2024-05-08T22:29:47.350 INFO:journalctl@ceph.mgr.x.smithi062.stdout:May 08 22:29:47 smithi062 ceph-49d88ea8-0d8a-11ef-bc97-c7b262605968-mgr-x[42823]: |.= . .. |
2024-05-08T22:29:47.350 INFO:journalctl@ceph.mgr.x.smithi062.stdout:May 08 22:29:47 smithi062 ceph-49d88ea8-0d8a-11ef-bc97-c7b262605968-mgr-x[42823]: |..o.. o . |
2024-05-08T22:29:47.350 INFO:journalctl@ceph.mgr.x.smithi062.stdout:May 08 22:29:47 smithi062 ceph-49d88ea8-0d8a-11ef-bc97-c7b262605968-mgr-x[42823]: | ...o + o . |
2024-05-08T22:29:47.350 INFO:journalctl@ceph.mgr.x.smithi062.stdout:May 08 22:29:47 smithi062 ceph-49d88ea8-0d8a-11ef-bc97-c7b262605968-mgr-x[42823]: | .. o o .. |
2024-05-08T22:29:47.350 INFO:journalctl@ceph.mgr.x.smithi062.stdout:May 08 22:29:47 smithi062 ceph-49d88ea8-0d8a-11ef-bc97-c7b262605968-mgr-x[42823]: +----[SHA256]-----+
2024-05-08T22:29:47.554 INFO:teuthology.orchestra.run.smithi062.stdout:/usr/bin/ceph: stderr
2024-05-08T22:29:46.665+0000 7f2653bf3700 1 Processor -- start
2024-05-08T22:29:47.554 INFO:teuthology.orchestra.run.smithi062.stdout:/usr/bin/ceph: stderr
2024-05-08T22:29:46.666+0000 7f2653bf3700 1 -- start start
2024-05-08T22:29:47.554 INFO:teuthology.orchestra.run.smithi062.stdout:/usr/bin/ceph: stderr
2024-05-08T22:29:46.666+0000 7f2653bf3700 1 --2- >> [v2:172.21.15.62:3300/0,v1:172.21.15.62:6789/0] conn(0x7f264c106720 0x7f264c106b40 unknown :-1 s=NONE pgs=0 cs=0 l=0 rev1=0 crypto rx=0 tx=0 comp rx=0 tx=0).connect
2024-05-08T22:29:47.554 INFO:teuthology.orchestra.run.smithi062.stdout:/usr/bin/ceph: stderr
2024-05-08T22:29:46.666+0000 7f2653bf3700 1 -- --> [v2:172.21.15.62:3300/0,v1:172.21.15.62:6789/0] -- mon_getmap magic: 0 v1 -- 0x7f264c107110 con 0x7f264c106720
2024-05-08T22:29:47.554 INFO:teuthology.orchestra.run.smithi062.stdout:/usr/bin/ceph: stderr
2024-05-08T22:29:46.666+0000 7f265198f700 1 --2- >> [v2:172.21.15.62:3300/0,v1:172.21.15.62:6789/0] conn(0x7f264c106720 0x7f264c106b40 unknown :-1 s=BANNER_CONNECTING pgs=0 cs=0 l=0 rev1=0 crypto rx=0 tx=0 comp rx=0 tx=0)._handle_peer_banner_payload supported=3 required=0
2024-05-08T22:29:47.554 INFO:teuthology.orchestra.run.smithi062.stdout:/usr/bin/ceph: stderr
2024-05-08T22:29:46.666+0000 7f265198f700 1 --2- >> [v2:172.21.15.62:3300/0,v1:172.21.15.62:6789/0] conn(0x7f264c106720 0x7f264c106b40 unknown :-1 s=HELLO_CONNECTING pgs=0 cs=0 l=0 rev1=1 crypto rx=0 tx=0 comp rx=0 tx=0).handle_hello peer v2:172.21.15.62:3300/0 says I am v2:172.21.15.62:54412/0 (socket says 172.21.15.62:54412)
2024-05-08T22:29:47.554 INFO:teuthology.orchestra.run.smithi062.stdout:/usr/bin/ceph: stderr
2024-05-08T22:29:46.666+0000 7f265198f700 1 -- 172.21.15.62:0/2041371803 learned_addr learned my addr 172.21.15.62:0/2041371803 (peer_addr_for_me v2:172.21.15.62:0/0)
2024-05-08T22:29:47.554 INFO:teuthology.orchestra.run.smithi062.stdout:/usr/bin/ceph: stderr
2024-05-08T22:29:46.666+0000 7f265198f700 1 -- 172.21.15.62:0/2041371803 --> [v2:172.21.15.62:3300/0,v1:172.21.15.62:6789/0] -- mon_subscribe({config=0+,monmap=0+}) v3 -- 0x7f264c107920 con 0x7f264c106720
2024-05-08T22:29:47.554 INFO:teuthology.orchestra.run.smithi062.stdout:/usr/bin/ceph: stderr
2024-05-08T22:29:46.667+0000 7f265198f700 1 --2- 172.21.15.62:0/2041371803 >> [v2:172.21.15.62:3300/0,v1:172.21.15.62:6789/0] conn(0x7f264c106720 0x7f264c106b40 secure :-1 s=READY pgs=39 cs=0 l=1 rev1=1 crypto rx=0x7f26480098a0 tx=0x7f2648009bb0 comp rx=0 tx=0).ready entity=mon.0 client_cookie=472d1736a5eae8dc server_cookie=0 in_seq=0 out_seq=0
2024-05-08T22:29:47.555 INFO:teuthology.orchestra.run.smithi062.stdout:/usr/bin/ceph: stderr
2024-05-08T22:29:46.667+0000 7f265098d700 1 -- 172.21.15.62:0/2041371803 <== mon.0 v2:172.21.15.62:3300/0 1 ==== mon_map magic: 0 v1 ==== 205+0+0 (secure 0 0 0) 0x7f2648004160 con 0x7f264c106720
2024-05-08T22:29:47.555 INFO:teuthology.orchestra.run.smithi062.stdout:/usr/bin/ceph: stderr
2024-05-08T22:29:46.667+0000 7f265098d700 1 -- 172.21.15.62:0/2041371803 <== mon.0 v2:172.21.15.62:3300/0 2 ==== config(26 keys) v1 ==== 1074+0+0 (secure 0 0 0) 0x7f26480042c0 con 0x7f264c106720
2024-05-08T22:29:47.555 INFO:teuthology.orchestra.run.smithi062.stdout:/usr/bin/ceph: stderr
2024-05-08T22:29:46.667+0000 7f265098d700 1 -- 172.21.15.62:0/2041371803 <== mon.0 v2:172.21.15.62:3300/0 3 ==== mon_map magic: 0 v1 ==== 205+0+0 (secure 0 0 0) 0x7f2648011a00 con 0x7f264c106720
2024-05-08T22:29:47.555 INFO:teuthology.orchestra.run.smithi062.stdout:/usr/bin/ceph: stderr
2024-05-08T22:29:46.667+0000 7f2653bf3700 1 -- 172.21.15.62:0/2041371803 >> [v2:172.21.15.62:3300/0,v1:172.21.15.62:6789/0] conn(0x7f264c106720 msgr2=0x7f264c106b40 secure :-1 s=STATE_CONNECTION_ESTABLISHED l=1).mark_down
2024-05-08T22:29:47.555 INFO:teuthology.orchestra.run.smithi062.stdout:/usr/bin/ceph: stderr
2024-05-08T22:29:46.667+0000 7f2653bf3700 1 --2- 172.21.15.62:0/2041371803 >> [v2:172.21.15.62:3300/0,v1:172.21.15.62:6789/0] conn(0x7f264c106720 0x7f264c106b40 secure :-1 s=READY pgs=39 cs=0 l=1 rev1=1 crypto rx=0x7f26480098a0 tx=0x7f2648009bb0 comp rx=0 tx=0).stop
2024-05-08T22:29:47.555 INFO:teuthology.orchestra.run.smithi062.stdout:/usr/bin/ceph: stderr
2024-05-08T22:29:46.667+0000 7f2653bf3700 1 -- 172.21.15.62:0/2041371803 shutdown_connections
2024-05-08T22:29:47.555 INFO:teuthology.orchestra.run.smithi062.stdout:/usr/bin/ceph: stderr
2024-05-08T22:29:46.667+0000 7f2653bf3700 1 --2- 172.21.15.62:0/2041371803 >> [v2:172.21.15.62:3300/0,v1:172.21.15.62:6789/0] conn(0x7f264c106720 0x7f264c106b40 unknown :-1 s=CLOSED pgs=39 cs=0 l=1 rev1=1 crypto rx=0 tx=0 comp rx=0 tx=0).stop
2024-05-08T22:29:47.555 INFO:teuthology.orchestra.run.smithi062.stdout:/usr/bin/ceph: stderr
2024-05-08T22:29:46.667+0000 7f2653bf3700 1 -- 172.21.15.62:0/2041371803 >> 172.21.15.62:0/2041371803 conn(0x7f264c101d00 msgr2=0x7f264c104120 unknown :-1 s=STATE_NONE l=0).mark_down
2024-05-08T22:29:47.555 INFO:teuthology.orchestra.run.smithi062.stdout:/usr/bin/ceph: stderr
2024-05-08T22:29:46.667+0000 7f2653bf3700 1 -- 172.21.15.62:0/2041371803 shutdown_connections
2024-05-08T22:29:47.555 INFO:teuthology.orchestra.run.smithi062.stdout:/usr/bin/ceph: stderr
2024-05-08T22:29:46.667+0000 7f2653bf3700 1 -- 172.21.15.62:0/2041371803 wait complete.
2024-05-08T22:29:47.555 INFO:teuthology.orchestra.run.smithi062.stdout:/usr/bin/ceph: stderr
2024-05-08T22:29:46.668+0000 7f2653bf3700 1 Processor -- start
2024-05-08T22:29:47.555 INFO:teuthology.orchestra.run.smithi062.stdout:/usr/bin/ceph: stderr
2024-05-08T22:29:46.668+0000 7f2653bf3700 1 -- start start
2024-05-08T22:29:47.555 INFO:teuthology.orchestra.run.smithi062.stdout:/usr/bin/ceph: stderr
2024-05-08T22:29:46.668+0000 7f2653bf3700 1 --2- >> [v2:172.21.15.62:3300/0,v1:172.21.15.62:6789/0] conn(0x7f264c106720 0x7f264c07bb20 unknown :-1 s=NONE pgs=0 cs=0 l=1 rev1=0 crypto rx=0 tx=0 comp rx=0 tx=0).connect
2024-05-08T22:29:47.556 INFO:teuthology.orchestra.run.smithi062.stdout:/usr/bin/ceph: stderr
2024-05-08T22:29:46.668+0000 7f2653bf3700 1 -- --> [v2:172.21.15.62:3300/0,v1:172.21.15.62:6789/0] -- mon_getmap magic: 0 v1 -- 0x7f264c07c060 con 0x7f264c106720
2024-05-08T22:29:47.556 INFO:teuthology.orchestra.run.smithi062.stdout:/usr/bin/ceph: stderr
2024-05-08T22:29:46.668+0000 7f265198f700 1 --2- >> [v2:172.21.15.62:3300/0,v1:172.21.15.62:6789/0] conn(0x7f264c106720 0x7f264c07bb20 unknown :-1 s=BANNER_CONNECTING pgs=0 cs=0 l=1 rev1=0 crypto rx=0 tx=0 comp rx=0 tx=0)._handle_peer_banner_payload supported=3 required=0
2024-05-08T22:29:47.556 INFO:teuthology.orchestra.run.smithi062.stdout:/usr/bin/ceph: stderr
2024-05-08T22:29:46.668+0000 7f265198f700 1 --2- >> [v2:172.21.15.62:3300/0,v1:172.21.15.62:6789/0] conn(0x7f264c106720 0x7f264c07bb20 unknown :-1 s=HELLO_CONNECTING pgs=0 cs=0 l=1 rev1=1 crypto rx=0 tx=0 comp rx=0 tx=0).handle_hello peer v2:172.21.15.62:3300/0 says I am v2:172.21.15.62:54418/0 (socket says 172.21.15.62:54418)
2024-05-08T22:29:47.556 INFO:teuthology.orchestra.run.smithi062.stdout:/usr/bin/ceph: stderr
2024-05-08T22:29:46.668+0000 7f265198f700 1 -- 172.21.15.62:0/3562363841 learned_addr learned my addr 172.21.15.62:0/3562363841 (peer_addr_for_me v2:172.21.15.62:0/0)
2024-05-08T22:29:47.556 INFO:teuthology.orchestra.run.smithi062.stdout:/usr/bin/ceph: stderr
2024-05-08T22:29:46.669+0000 7f265198f700 1 -- 172.21.15.62:0/3562363841 --> [v2:172.21.15.62:3300/0,v1:172.21.15.62:6789/0] -- mon_subscribe({config=0+,monmap=0+}) v3 -- 0x7f2648009550 con 0x7f264c106720
2024-05-08T22:29:47.556 INFO:teuthology.orchestra.run.smithi062.stdout:/usr/bin/ceph: stderr
2024-05-08T22:29:46.669+0000 7f265198f700 1 --2- 172.21.15.62:0/3562363841 >> [v2:172.21.15.62:3300/0,v1:172.21.15.62:6789/0] conn(0x7f264c106720 0x7f264c07bb20 secure :-1 s=READY pgs=40 cs=0 l=1 rev1=1 crypto rx=0x7f2648009130 tx=0x7f2648011ad0 comp rx=0 tx=0).ready entity=mon.0 client_cookie=0 server_cookie=0 in_seq=0 out_seq=0
2024-05-08T22:29:47.556 INFO:teuthology.orchestra.run.smithi062.stdout:/usr/bin/ceph: stderr
2024-05-08T22:29:46.669+0000 7f263effd700 1 -- 172.21.15.62:0/3562363841 <== mon.0 v2:172.21.15.62:3300/0 1 ==== mon_map magic: 0 v1 ==== 205+0+0 (secure 0 0 0) 0x7f2648003ab0 con 0x7f264c106720
2024-05-08T22:29:47.556 INFO:teuthology.orchestra.run.smithi062.stdout:/usr/bin/ceph: stderr
2024-05-08T22:29:46.669+0000 7f2653bf3700 1 -- 172.21.15.62:0/3562363841 --> [v2:172.21.15.62:3300/0,v1:172.21.15.62:6789/0] -- mon_subscribe({mgrmap=0+}) v3 -- 0x7f264c07a2a0 con 0x7f264c106720
2024-05-08T22:29:47.556 INFO:teuthology.orchestra.run.smithi062.stdout:/usr/bin/ceph: stderr
2024-05-08T22:29:46.669+0000 7f263effd700 1 -- 172.21.15.62:0/3562363841 <== mon.0 v2:172.21.15.62:3300/0 2 ==== config(26 keys) v1 ==== 1074+0+0 (secure 0 0 0) 0x7f2648003c10 con 0x7f264c106720
2024-05-08T22:29:47.556 INFO:teuthology.orchestra.run.smithi062.stdout:/usr/bin/ceph: stderr
2024-05-08T22:29:46.669+0000 7f263effd700 1 -- 172.21.15.62:0/3562363841 <== mon.0 v2:172.21.15.62:3300/0 3 ==== mon_map magic: 0 v1 ==== 205+0+0 (secure 0 0 0) 0x7f26480247d0 con 0x7f264c106720
2024-05-08T22:29:47.556 INFO:teuthology.orchestra.run.smithi062.stdout:/usr/bin/ceph: stderr
2024-05-08T22:29:46.669+0000 7f2653bf3700 1 -- 172.21.15.62:0/3562363841 --> [v2:172.21.15.62:3300/0,v1:172.21.15.62:6789/0] -- mon_subscribe({osdmap=0}) v3 -- 0x7f264c07a740 con 0x7f264c106720
2024-05-08T22:29:47.556 INFO:teuthology.orchestra.run.smithi062.stdout:/usr/bin/ceph: stderr
2024-05-08T22:29:46.670+0000 7f263effd700 1 -- 172.21.15.62:0/3562363841 <== mon.0 v2:172.21.15.62:3300/0 4 ==== mgrmap(e 7) v1 ==== 45541+0+0 (secure 0 0 0) 0x7f264802d3f0 con 0x7f264c106720
2024-05-08T22:29:47.556 INFO:teuthology.orchestra.run.smithi062.stdout:/usr/bin/ceph: stderr
2024-05-08T22:29:46.670+0000 7f2653bf3700 1 -- 172.21.15.62:0/3562363841 --> [v2:172.21.15.62:3300/0,v1:172.21.15.62:6789/0] -- mon_command({"prefix": "get_command_descriptions"} v 0) v1 -- 0x7f264c0625d0 con 0x7f264c106720
2024-05-08T22:29:47.556 INFO:teuthology.orchestra.run.smithi062.stdout:/usr/bin/ceph: stderr
2024-05-08T22:29:46.670+0000 7f263effd700 1 --2- 172.21.15.62:0/3562363841 >> [v2:172.21.15.62:6800/766518770,v1:172.21.15.62:6801/766518770] conn(0x7f2638038700 0x7f263803abc0 unknown :-1 s=NONE pgs=0 cs=0 l=1 rev1=0 crypto rx=0 tx=0 comp rx=0 tx=0).connect
2024-05-08T22:29:47.557 INFO:teuthology.orchestra.run.smithi062.stdout:/usr/bin/ceph: stderr
2024-05-08T22:29:46.670+0000 7f263effd700 1 -- 172.21.15.62:0/3562363841 <== mon.0 v2:172.21.15.62:3300/0 5 ==== osd_map(2..2 src has 1..2) v4 ==== 940+0+0 (secure 0 0 0) 0x7f264804c860 con 0x7f264c106720
2024-05-08T22:29:47.557 INFO:teuthology.orchestra.run.smithi062.stdout:/usr/bin/ceph: stderr
2024-05-08T22:29:46.670+0000 7f265118e700 1 --2- 172.21.15.62:0/3562363841 >> [v2:172.21.15.62:6800/766518770,v1:172.21.15.62:6801/766518770] conn(0x7f2638038700 0x7f263803abc0 unknown :-1 s=BANNER_CONNECTING pgs=0 cs=0 l=1 rev1=0 crypto rx=0 tx=0 comp rx=0 tx=0)._handle_peer_banner_payload supported=3 required=0
2024-05-08T22:29:47.557 INFO:teuthology.orchestra.run.smithi062.stdout:/usr/bin/ceph: stderr
2024-05-08T22:29:46.670+0000 7f265118e700 1 --2- 172.21.15.62:0/3562363841 >> [v2:172.21.15.62:6800/766518770,v1:172.21.15.62:6801/766518770] conn(0x7f2638038700 0x7f263803abc0 secure :-1 s=READY pgs=9 cs=0 l=1 rev1=1 crypto rx=0x7f2640006fd0 tx=0x7f2640006e40 comp rx=0 tx=0).ready entity=mgr.14118 client_cookie=0 server_cookie=0 in_seq=0 out_seq=0
2024-05-08T22:29:47.557 INFO:teuthology.orchestra.run.smithi062.stdout:/usr/bin/ceph: stderr
2024-05-08T22:29:46.675+0000 7f263effd700 1 -- 172.21.15.62:0/3562363841 <== mon.0 v2:172.21.15.62:3300/0 6 ==== mon_command_ack([{"prefix": "get_command_descriptions"}]=0 v0) v1 ==== 72+0+183622 (secure 0 0 0) 0x7f2648010740 con 0x7f264c106720
2024-05-08T22:29:47.557 INFO:teuthology.orchestra.run.smithi062.stdout:/usr/bin/ceph: stderr
2024-05-08T22:29:46.877+0000 7f2653bf3700 1 -- 172.21.15.62:0/3562363841 --> [v2:172.21.15.62:6800/766518770,v1:172.21.15.62:6801/766518770] -- mgr_command(tid 0: {"prefix": "cephadm generate-key", "target": ["mon-mgr", ""]}) v1 -- 0x7f264c07ad80 con 0x7f2638038700
2024-05-08T22:29:47.557 INFO:teuthology.orchestra.run.smithi062.stdout:/usr/bin/ceph: stderr
2024-05-08T22:29:47.194+0000 7f263effd700 1 -- 172.21.15.62:0/3562363841 <== mgr.14118 v2:172.21.15.62:6800/766518770 1 ==== mgr_command_reply(tid 0: 0 ) v1 ==== 8+0+0 (secure 0 0 0) 0x7f264c07ad80 con 0x7f2638038700
2024-05-08T22:29:47.557 INFO:teuthology.orchestra.run.smithi062.stdout:/usr/bin/ceph: stderr
2024-05-08T22:29:47.196+0000 7f2653bf3700 1 -- 172.21.15.62:0/3562363841 >> [v2:172.21.15.62:6800/766518770,v1:172.21.15.62:6801/766518770] conn(0x7f2638038700 msgr2=0x7f263803abc0 secure :-1 s=STATE_CONNECTION_ESTABLISHED l=1).mark_down
2024-05-08T22:29:47.557 INFO:teuthology.orchestra.run.smithi062.stdout:/usr/bin/ceph: stderr
2024-05-08T22:29:47.196+0000 7f2653bf3700 1 --2- 172.21.15.62:0/3562363841 >> [v2:172.21.15.62:6800/766518770,v1:172.21.15.62:6801/766518770] conn(0x7f2638038700 0x7f263803abc0 secure :-1 s=READY pgs=9 cs=0 l=1 rev1=1 crypto rx=0x7f2640006fd0 tx=0x7f2640006e40 comp rx=0 tx=0).stop
2024-05-08T22:29:47.557 INFO:teuthology.orchestra.run.smithi062.stdout:/usr/bin/ceph: stderr
2024-05-08T22:29:47.196+0000 7f2653bf3700 1 -- 172.21.15.62:0/3562363841 >> [v2:172.21.15.62:3300/0,v1:172.21.15.62:6789/0] conn(0x7f264c106720 msgr2=0x7f264c07bb20 secure :-1 s=STATE_CONNECTION_ESTABLISHED l=1).mark_down
2024-05-08T22:29:47.557 INFO:teuthology.orchestra.run.smithi062.stdout:/usr/bin/ceph: stderr
2024-05-08T22:29:47.196+0000 7f2653bf3700 1 --2- 172.21.15.62:0/3562363841 >> [v2:172.21.15.62:3300/0,v1:172.21.15.62:6789/0] conn(0x7f264c106720 0x7f264c07bb20 secure :-1 s=READY pgs=40 cs=0 l=1 rev1=1 crypto rx=0x7f2648009130 tx=0x7f2648011ad0 comp rx=0 tx=0).stop
2024-05-08T22:29:47.557 INFO:teuthology.orchestra.run.smithi062.stdout:/usr/bin/ceph: stderr
2024-05-08T22:29:47.197+0000 7f2653bf3700 1 -- 172.21.15.62:0/3562363841 shutdown_connections
2024-05-08T22:29:47.557 INFO:teuthology.orchestra.run.smithi062.stdout:/usr/bin/ceph: stderr
2024-05-08T22:29:47.197+0000 7f2653bf3700 1 --2- 172.21.15.62:0/3562363841 >> [v2:172.21.15.62:6800/766518770,v1:172.21.15.62:6801/766518770] conn(0x7f2638038700 0x7f263803abc0 unknown :-1 s=CLOSED pgs=9 cs=0 l=1 rev1=1 crypto rx=0 tx=0 comp rx=0 tx=0).stop
2024-05-08T22:29:47.557 INFO:teuthology.orchestra.run.smithi062.stdout:/usr/bin/ceph: stderr
2024-05-08T22:29:47.197+0000 7f2653bf3700 1 --2- 172.21.15.62:0/3562363841 >> [v2:172.21.15.62:3300/0,v1:172.21.15.62:6789/0] conn(0x7f264c106720 0x7f264c07bb20 unknown :-1 s=CLOSED pgs=40 cs=0 l=1 rev1=1 crypto rx=0 tx=0 comp rx=0 tx=0).stop
2024-05-08T22:29:47.558 INFO:teuthology.orchestra.run.smithi062.stdout:/usr/bin/ceph: stderr
2024-05-08T22:29:47.197+0000 7f2653bf3700 1 -- 172.21.15.62:0/3562363841 >> 172.21.15.62:0/3562363841 conn(0x7f264c101d00 msgr2=0x7f264c1028e0 unknown :-1 s=STATE_NONE l=0).mark_down
2024-05-08T22:29:47.558 INFO:teuthology.orchestra.run.smithi062.stdout:/usr/bin/ceph: stderr
2024-05-08T22:29:47.197+0000 7f2653bf3700 1 -- 172.21.15.62:0/3562363841 shutdown_connections
2024-05-08T22:29:47.558 INFO:teuthology.orchestra.run.smithi062.stdout:/usr/bin/ceph: stderr
2024-05-08T22:29:47.197+0000 7f2653bf3700 1 -- 172.21.15.62:0/3562363841 wait complete.
2024-05-08T22:29:48.368 INFO:journalctl@ceph.mon.a.smithi062.stdout:May 08 22:29:48 smithi062 ceph-mon[42571]: from='client.14134 -' entity='client.admin' cmd=[{"prefix": "cephadm generate-key", "target": ["mon-mgr", ""]}]: dispatch
2024-05-08T22:29:48.368 INFO:journalctl@ceph.mon.a.smithi062.stdout:May 08 22:29:48 smithi062 ceph-mon[42571]: Generating ssh key...
2024-05-08T22:29:48.368 INFO:journalctl@ceph.mon.a.smithi062.stdout:May 08 22:29:48 smithi062 ceph-mon[42571]: from='mgr.14118 172.21.15.62:0/2486524198' entity='mgr.x'
2024-05-08T22:29:48.368 INFO:journalctl@ceph.mon.a.smithi062.stdout:May 08 22:29:48 smithi062 ceph-mon[42571]: from='mgr.14118 172.21.15.62:0/2486524198' entity='mgr.x'
2024-05-08T22:29:48.463 INFO:teuthology.orchestra.run.smithi062.stdout:/usr/bin/ceph: stdout ssh-rsa AAAAB3NzaC1yc2EAAAADAQABAAABgQDWOjB9Ltp5gYBnuRoFQVO9TKYFzYiYiBE0iP9I/NGPjHm5ap7zGthnvqE+ExhRuQ3+S03RLp/hZ45Wsyu31/EJP+6Q+vuSgWwmala7eRQVOgjM6jnvXKbFFfTw7lcuw6TZQjXE6oVV8dLM5FkF+e9cOj46adtdEgI0QgVqrZ8Gf3YfsIu1PtH7YPScaRt5/jQFz+Lav3Dxr9btSriMHAZ+7AIRkn5qoQh6kFiopsrGFTm0tDn373h8k9t9zwQx8ZkjxZ6WC9MZKJipIWoPnOekJmoDxMKH4fUPmRKBio7rg8F57Oyi+HBP50BFyPlRKjOIehIUWbErJFRfWWFquGE55shmOzOsuTKqDhu6wS9giVyI8Vcg2xWnLecpyGvVQ7t+nVVfehyQ/ATXhIkSnUYGz1aXzHOqTrRRJHdVLOK7UyvpAq6xsdLVnhqw5SdJsCBOUd1JqdopV3WXN8qQCjEWc2/goo9qHZVaiJQchFhdrAja7f9RHjAfumF/ITWvtR0= ceph-49d88ea8-0d8a-11ef-bc97-c7b262605968
2024-05-08T22:29:48.463 INFO:teuthology.orchestra.run.smithi062.stdout:/usr/bin/ceph: stderr
2024-05-08T22:29:47.882+0000 7f2372713700 1 Processor -- start
2024-05-08T22:29:48.463 INFO:teuthology.orchestra.run.smithi062.stdout:/usr/bin/ceph: stderr
2024-05-08T22:29:47.882+0000 7f2372713700 1 -- start start
2024-05-08T22:29:48.463 INFO:teuthology.orchestra.run.smithi062.stdout:/usr/bin/ceph: stderr
2024-05-08T22:29:47.883+0000 7f2372713700 1 --2- >> [v2:172.21.15.62:3300/0,v1:172.21.15.62:6789/0] conn(0x7f236c104a30 0x7f236c104e50 unknown :-1 s=NONE pgs=0 cs=0 l=0 rev1=0 crypto rx=0 tx=0 comp rx=0 tx=0).connect
2024-05-08T22:29:48.463 INFO:teuthology.orchestra.run.smithi062.stdout:/usr/bin/ceph: stderr
2024-05-08T22:29:47.883+0000 7f2372713700 1 -- --> [v2:172.21.15.62:3300/0,v1:172.21.15.62:6789/0] -- mon_getmap magic: 0 v1 -- 0x7f236c105420 con 0x7f236c104a30
2024-05-08T22:29:48.463 INFO:teuthology.orchestra.run.smithi062.stdout:/usr/bin/ceph: stderr
2024-05-08T22:29:47.883+0000 7f236bfff700 1 --2- >> [v2:172.21.15.62:3300/0,v1:172.21.15.62:6789/0] conn(0x7f236c104a30 0x7f236c104e50 unknown :-1 s=BANNER_CONNECTING pgs=0 cs=0 l=0 rev1=0 crypto rx=0 tx=0 comp rx=0 tx=0)._handle_peer_banner_payload supported=3 required=0
2024-05-08T22:29:48.464 INFO:teuthology.orchestra.run.smithi062.stdout:/usr/bin/ceph: stderr
2024-05-08T22:29:47.883+0000 7f236bfff700 1 --2- >> [v2:172.21.15.62:3300/0,v1:172.21.15.62:6789/0] conn(0x7f236c104a30 0x7f236c104e50 unknown :-1 s=HELLO_CONNECTING pgs=0 cs=0 l=0 rev1=1 crypto rx=0 tx=0 comp rx=0 tx=0).handle_hello peer v2:172.21.15.62:3300/0 says I am v2:172.21.15.62:54426/0 (socket says 172.21.15.62:54426)
2024-05-08T22:29:48.464 INFO:teuthology.orchestra.run.smithi062.stdout:/usr/bin/ceph: stderr
2024-05-08T22:29:47.883+0000 7f236bfff700 1 -- 172.21.15.62:0/1209960403 learned_addr learned my addr 172.21.15.62:0/1209960403 (peer_addr_for_me v2:172.21.15.62:0/0)
2024-05-08T22:29:48.464 INFO:teuthology.orchestra.run.smithi062.stdout:/usr/bin/ceph: stderr
2024-05-08T22:29:47.883+0000 7f236bfff700 1 -- 172.21.15.62:0/1209960403 --> [v2:172.21.15.62:3300/0,v1:172.21.15.62:6789/0] -- mon_subscribe({config=0+,monmap=0+}) v3 -- 0x7f236c1079c0 con 0x7f236c104a30
2024-05-08T22:29:48.464 INFO:teuthology.orchestra.run.smithi062.stdout:/usr/bin/ceph: stderr
2024-05-08T22:29:47.883+0000 7f236bfff700 1 --2- 172.21.15.62:0/1209960403 >> [v2:172.21.15.62:3300/0,v1:172.21.15.62:6789/0] conn(0x7f236c104a30 0x7f236c104e50 secure :-1 s=READY pgs=41 cs=0 l=1 rev1=1 crypto rx=0x7f235c0098a0 tx=0x7f235c009bb0 comp rx=0 tx=0).ready entity=mon.0 client_cookie=d6fed69a8d7ec6e server_cookie=0 in_seq=0 out_seq=0
2024-05-08T22:29:48.464 INFO:teuthology.orchestra.run.smithi062.stdout:/usr/bin/ceph: stderr
2024-05-08T22:29:47.883+0000 7f236affd700 1 -- 172.21.15.62:0/1209960403 <== mon.0 v2:172.21.15.62:3300/0 1 ==== mon_map magic: 0 v1 ==== 205+0+0 (secure 0 0 0) 0x7f235c004160 con 0x7f236c104a30
2024-05-08T22:29:48.464 INFO:teuthology.orchestra.run.smithi062.stdout:/usr/bin/ceph: stderr
2024-05-08T22:29:47.883+0000 7f236affd700 1 -- 172.21.15.62:0/1209960403 <== mon.0 v2:172.21.15.62:3300/0 2 ==== config(26 keys) v1 ==== 1074+0+0 (secure 0 0 0) 0x7f235c0042c0 con 0x7f236c104a30
2024-05-08T22:29:48.464 INFO:teuthology.orchestra.run.smithi062.stdout:/usr/bin/ceph: stderr
2024-05-08T22:29:47.883+0000 7f236affd700 1 -- 172.21.15.62:0/1209960403 <== mon.0 v2:172.21.15.62:3300/0 3 ==== mon_map magic: 0 v1 ==== 205+0+0 (secure 0 0 0) 0x7f235c011a00 con 0x7f236c104a30
2024-05-08T22:29:48.464 INFO:teuthology.orchestra.run.smithi062.stdout:/usr/bin/ceph: stderr
2024-05-08T22:29:47.884+0000 7f2372713700 1 -- 172.21.15.62:0/1209960403 >> [v2:172.21.15.62:3300/0,v1:172.21.15.62:6789/0] conn(0x7f236c104a30 msgr2=0x7f236c104e50 secure :-1 s=STATE_CONNECTION_ESTABLISHED l=1).mark_down
2024-05-08T22:29:48.464 INFO:teuthology.orchestra.run.smithi062.stdout:/usr/bin/ceph: stderr
2024-05-08T22:29:47.884+0000 7f2372713700 1 --2- 172.21.15.62:0/1209960403 >> [v2:172.21.15.62:3300/0,v1:172.21.15.62:6789/0] conn(0x7f236c104a30 0x7f236c104e50 secure :-1 s=READY pgs=41 cs=0 l=1 rev1=1 crypto rx=0x7f235c0098a0 tx=0x7f235c009bb0 comp rx=0 tx=0).stop
2024-05-08T22:29:48.464 INFO:teuthology.orchestra.run.smithi062.stdout:/usr/bin/ceph: stderr
2024-05-08T22:29:47.884+0000 7f2372713700 1 -- 172.21.15.62:0/1209960403 shutdown_connections
2024-05-08T22:29:48.464 INFO:teuthology.orchestra.run.smithi062.stdout:/usr/bin/ceph: stderr
2024-05-08T22:29:47.884+0000 7f2372713700 1 --2- 172.21.15.62:0/1209960403 >> [v2:172.21.15.62:3300/0,v1:172.21.15.62:6789/0] conn(0x7f236c104a30 0x7f236c104e50 unknown :-1 s=CLOSED pgs=41 cs=0 l=1 rev1=1 crypto rx=0 tx=0 comp rx=0 tx=0).stop
2024-05-08T22:29:48.464 INFO:teuthology.orchestra.run.smithi062.stdout:/usr/bin/ceph: stderr
2024-05-08T22:29:47.884+0000 7f2372713700 1 -- 172.21.15.62:0/1209960403 >> 172.21.15.62:0/1209960403 conn(0x7f236c100340 msgr2=0x7f236c1027a0 unknown :-1 s=STATE_NONE l=0).mark_down
2024-05-08T22:29:48.464 INFO:teuthology.orchestra.run.smithi062.stdout:/usr/bin/ceph: stderr
2024-05-08T22:29:47.884+0000 7f2372713700 1 -- 172.21.15.62:0/1209960403 shutdown_connections
2024-05-08T22:29:48.464 INFO:teuthology.orchestra.run.smithi062.stdout:/usr/bin/ceph: stderr
2024-05-08T22:29:47.884+0000 7f2372713700 1 -- 172.21.15.62:0/1209960403 wait complete.
2024-05-08T22:29:48.465 INFO:teuthology.orchestra.run.smithi062.stdout:/usr/bin/ceph: stderr
2024-05-08T22:29:47.885+0000 7f2372713700 1 Processor -- start
2024-05-08T22:29:48.465 INFO:teuthology.orchestra.run.smithi062.stdout:/usr/bin/ceph: stderr
2024-05-08T22:29:47.885+0000 7f2372713700 1 -- start start
2024-05-08T22:29:48.465 INFO:teuthology.orchestra.run.smithi062.stdout:/usr/bin/ceph: stderr
2024-05-08T22:29:47.885+0000 7f2372713700 1 --2- >> [v2:172.21.15.62:3300/0,v1:172.21.15.62:6789/0] conn(0x7f236c104a30 0x7f236c19a4d0 unknown :-1 s=NONE pgs=0 cs=0 l=1 rev1=0 crypto rx=0 tx=0 comp rx=0 tx=0).connect
2024-05-08T22:29:48.465 INFO:teuthology.orchestra.run.smithi062.stdout:/usr/bin/ceph: stderr
2024-05-08T22:29:47.885+0000 7f2372713700 1 -- --> [v2:172.21.15.62:3300/0,v1:172.21.15.62:6789/0] -- mon_getmap magic: 0 v1 -- 0x7f236c19aa10 con 0x7f236c104a30
2024-05-08T22:29:48.465 INFO:teuthology.orchestra.run.smithi062.stdout:/usr/bin/ceph: stderr
2024-05-08T22:29:47.885+0000 7f236bfff700 1 --2- >> [v2:172.21.15.62:3300/0,v1:172.21.15.62:6789/0] conn(0x7f236c104a30 0x7f236c19a4d0 unknown :-1 s=BANNER_CONNECTING pgs=0 cs=0 l=1 rev1=0 crypto rx=0 tx=0 comp rx=0 tx=0)._handle_peer_banner_payload supported=3 required=0
2024-05-08T22:29:48.465 INFO:teuthology.orchestra.run.smithi062.stdout:/usr/bin/ceph: stderr
2024-05-08T22:29:47.885+0000 7f236bfff700 1 --2- >> [v2:172.21.15.62:3300/0,v1:172.21.15.62:6789/0] conn(0x7f236c104a30 0x7f236c19a4d0 unknown :-1 s=HELLO_CONNECTING pgs=0 cs=0 l=1 rev1=1 crypto rx=0 tx=0 comp rx=0 tx=0).handle_hello peer v2:172.21.15.62:3300/0 says I am v2:172.21.15.62:54442/0 (socket says 172.21.15.62:54442)
2024-05-08T22:29:48.465 INFO:teuthology.orchestra.run.smithi062.stdout:/usr/bin/ceph: stderr
2024-05-08T22:29:47.885+0000 7f236bfff700 1 -- 172.21.15.62:0/1328036786 learned_addr learned my addr 172.21.15.62:0/1328036786 (peer_addr_for_me v2:172.21.15.62:0/0)
2024-05-08T22:29:48.465 INFO:teuthology.orchestra.run.smithi062.stdout:/usr/bin/ceph: stderr
2024-05-08T22:29:47.886+0000 7f236bfff700 1 -- 172.21.15.62:0/1328036786 --> [v2:172.21.15.62:3300/0,v1:172.21.15.62:6789/0] -- mon_subscribe({config=0+,monmap=0+}) v3 -- 0x7f235c009550 con 0x7f236c104a30
2024-05-08T22:29:48.465 INFO:teuthology.orchestra.run.smithi062.stdout:/usr/bin/ceph: stderr
2024-05-08T22:29:47.886+0000 7f236bfff700 1 --2- 172.21.15.62:0/1328036786 >> [v2:172.21.15.62:3300/0,v1:172.21.15.62:6789/0] conn(0x7f236c104a30 0x7f236c19a4d0 secure :-1 s=READY pgs=42 cs=0 l=1 rev1=1 crypto rx=0x7f235c009fb0 tx=0x7f235c011ad0 comp rx=0 tx=0).ready entity=mon.0 client_cookie=0 server_cookie=0 in_seq=0 out_seq=0
2024-05-08T22:29:48.465 INFO:teuthology.orchestra.run.smithi062.stdout:/usr/bin/ceph: stderr
2024-05-08T22:29:47.886+0000 7f23697fa700 1 -- 172.21.15.62:0/1328036786 <== mon.0 v2:172.21.15.62:3300/0 1 ==== mon_map magic: 0 v1 ==== 205+0+0 (secure 0 0 0) 0x7f235c003a40 con 0x7f236c104a30
2024-05-08T22:29:48.465 INFO:teuthology.orchestra.run.smithi062.stdout:/usr/bin/ceph: stderr
2024-05-08T22:29:47.886+0000 7f23697fa700 1 -- 172.21.15.62:0/1328036786 <== mon.0 v2:172.21.15.62:3300/0 2 ==== config(26 keys) v1 ==== 1074+0+0 (secure 0 0 0) 0x7f235c003ba0 con 0x7f236c104a30
2024-05-08T22:29:48.465 INFO:teuthology.orchestra.run.smithi062.stdout:/usr/bin/ceph: stderr
2024-05-08T22:29:47.886+0000 7f23697fa700 1 -- 172.21.15.62:0/1328036786 <== mon.0 v2:172.21.15.62:3300/0 3 ==== mon_map magic: 0 v1 ==== 205+0+0 (secure 0 0 0) 0x7f235c01a750 con 0x7f236c104a30
2024-05-08T22:29:48.465 INFO:teuthology.orchestra.run.smithi062.stdout:/usr/bin/ceph: stderr
2024-05-08T22:29:47.886+0000 7f2372713700 1 -- 172.21.15.62:0/1328036786 --> [v2:172.21.15.62:3300/0,v1:172.21.15.62:6789/0] -- mon_subscribe({mgrmap=0+}) v3 -- 0x7f236c19ac10 con 0x7f236c104a30
2024-05-08T22:29:48.465 INFO:teuthology.orchestra.run.smithi062.stdout:/usr/bin/ceph: stderr
2024-05-08T22:29:47.886+0000 7f2372713700 1 -- 172.21.15.62:0/1328036786 --> [v2:172.21.15.62:3300/0,v1:172.21.15.62:6789/0] -- mon_subscribe({osdmap=0}) v3 -- 0x7f236c19b0b0 con 0x7f236c104a30
2024-05-08T22:29:48.466 INFO:teuthology.orchestra.run.smithi062.stdout:/usr/bin/ceph: stderr
2024-05-08T22:29:47.887+0000 7f23697fa700 1 -- 172.21.15.62:0/1328036786 <== mon.0 v2:172.21.15.62:3300/0 4 ==== mgrmap(e 7) v1 ==== 45541+0+0 (secure 0 0 0) 0x7f235c01a980 con 0x7f236c104a30
2024-05-08T22:29:48.466 INFO:teuthology.orchestra.run.smithi062.stdout:/usr/bin/ceph: stderr
2024-05-08T22:29:47.887+0000 7f23697fa700 1 --2- 172.21.15.62:0/1328036786 >> [v2:172.21.15.62:6800/766518770,v1:172.21.15.62:6801/766518770] conn(0x7f2354038700 0x7f235403abc0 unknown :-1 s=NONE pgs=0 cs=0 l=1 rev1=0 crypto rx=0 tx=0 comp rx=0 tx=0).connect
2024-05-08T22:29:48.466 INFO:teuthology.orchestra.run.smithi062.stdout:/usr/bin/ceph: stderr
2024-05-08T22:29:47.887+0000 7f23697fa700 1 -- 172.21.15.62:0/1328036786 <== mon.0 v2:172.21.15.62:3300/0 5 ==== osd_map(2..2 src has 1..2) v4 ==== 940+0+0 (secure 0 0 0) 0x7f235c04c690 con 0x7f236c104a30
2024-05-08T22:29:48.466 INFO:teuthology.orchestra.run.smithi062.stdout:/usr/bin/ceph: stderr
2024-05-08T22:29:47.887+0000 7f2372713700 1 -- 172.21.15.62:0/1328036786 --> [v2:172.21.15.62:3300/0,v1:172.21.15.62:6789/0] -- mon_command({"prefix": "get_command_descriptions"} v 0) v1 -- 0x7f236c10abd0 con 0x7f236c104a30
2024-05-08T22:29:48.466 INFO:teuthology.orchestra.run.smithi062.stdout:/usr/bin/ceph: stderr
2024-05-08T22:29:47.887+0000 7f236b7fe700 1 --2- 172.21.15.62:0/1328036786 >> [v2:172.21.15.62:6800/766518770,v1:172.21.15.62:6801/766518770] conn(0x7f2354038700 0x7f235403abc0 unknown :-1 s=BANNER_CONNECTING pgs=0 cs=0 l=1 rev1=0 crypto rx=0 tx=0 comp rx=0 tx=0)._handle_peer_banner_payload supported=3 required=0
2024-05-08T22:29:48.466 INFO:teuthology.orchestra.run.smithi062.stdout:/usr/bin/ceph: stderr
2024-05-08T22:29:47.888+0000 7f236b7fe700 1 --2- 172.21.15.62:0/1328036786 >> [v2:172.21.15.62:6800/766518770,v1:172.21.15.62:6801/766518770] conn(0x7f2354038700 0x7f235403abc0 secure :-1 s=READY pgs=10 cs=0 l=1 rev1=1 crypto rx=0x7f2360006fd0 tx=0x7f2360006e40 comp rx=0 tx=0).ready entity=mgr.14118 client_cookie=0 server_cookie=0 in_seq=0 out_seq=0
2024-05-08T22:29:48.466 INFO:teuthology.orchestra.run.smithi062.stdout:/usr/bin/ceph: stderr
2024-05-08T22:29:47.892+0000 7f23697fa700 1 -- 172.21.15.62:0/1328036786 <== mon.0 v2:172.21.15.62:3300/0 6 ==== mon_command_ack([{"prefix": "get_command_descriptions"}]=0 v0) v1 ==== 72+0+183622 (secure 0 0 0) 0x7f235c01ac30 con 0x7f236c104a30
2024-05-08T22:29:48.466 INFO:teuthology.orchestra.run.smithi062.stdout:/usr/bin/ceph: stderr
2024-05-08T22:29:48.095+0000 7f2372713700 1 -- 172.21.15.62:0/1328036786 --> [v2:172.21.15.62:6800/766518770,v1:172.21.15.62:6801/766518770] -- mgr_command(tid 0: {"prefix": "cephadm get-pub-key", "target": ["mon-mgr", ""]}) v1 -- 0x7f236c101670 con 0x7f2354038700
2024-05-08T22:29:48.466 INFO:teuthology.orchestra.run.smithi062.stdout:/usr/bin/ceph: stderr
2024-05-08T22:29:48.096+0000 7f23697fa700 1 -- 172.21.15.62:0/1328036786 <== mgr.14118 v2:172.21.15.62:6800/766518770 1 ==== mgr_command_reply(tid 0: 0 ) v1 ==== 8+0+595 (secure 0 0 0) 0x7f236c101670 con 0x7f2354038700
2024-05-08T22:29:48.466 INFO:teuthology.orchestra.run.smithi062.stdout:/usr/bin/ceph: stderr
2024-05-08T22:29:48.098+0000 7f2372713700 1 -- 172.21.15.62:0/1328036786 >> [v2:172.21.15.62:6800/766518770,v1:172.21.15.62:6801/766518770] conn(0x7f2354038700 msgr2=0x7f235403abc0 secure :-1 s=STATE_CONNECTION_ESTABLISHED l=1).mark_down
2024-05-08T22:29:48.466 INFO:teuthology.orchestra.run.smithi062.stdout:/usr/bin/ceph: stderr
2024-05-08T22:29:48.098+0000 7f2372713700 1 --2- 172.21.15.62:0/1328036786 >> [v2:172.21.15.62:6800/766518770,v1:172.21.15.62:6801/766518770] conn(0x7f2354038700 0x7f235403abc0 secure :-1 s=READY pgs=10 cs=0 l=1 rev1=1 crypto rx=0x7f2360006fd0 tx=0x7f2360006e40 comp rx=0 tx=0).stop
2024-05-08T22:29:48.466 INFO:teuthology.orchestra.run.smithi062.stdout:/usr/bin/ceph: stderr
2024-05-08T22:29:48.098+0000 7f2372713700 1 -- 172.21.15.62:0/1328036786 >> [v2:172.21.15.62:3300/0,v1:172.21.15.62:6789/0] conn(0x7f236c104a30 msgr2=0x7f236c19a4d0 secure :-1 s=STATE_CONNECTION_ESTABLISHED l=1).mark_down
2024-05-08T22:29:48.466 INFO:teuthology.orchestra.run.smithi062.stdout:/usr/bin/ceph: stderr
2024-05-08T22:29:48.098+0000 7f2372713700 1 --2- 172.21.15.62:0/1328036786 >> [v2:172.21.15.62:3300/0,v1:172.21.15.62:6789/0] conn(0x7f236c104a30 0x7f236c19a4d0 secure :-1 s=READY pgs=42 cs=0 l=1 rev1=1 crypto rx=0x7f235c009fb0 tx=0x7f235c011ad0 comp rx=0 tx=0).stop
2024-05-08T22:29:48.467 INFO:teuthology.orchestra.run.smithi062.stdout:/usr/bin/ceph: stderr
2024-05-08T22:29:48.098+0000 7f2372713700 1 -- 172.21.15.62:0/1328036786 shutdown_connections
2024-05-08T22:29:48.467 INFO:teuthology.orchestra.run.smithi062.stdout:/usr/bin/ceph: stderr
2024-05-08T22:29:48.098+0000 7f2372713700 1 --2- 172.21.15.62:0/1328036786 >> [v2:172.21.15.62:6800/766518770,v1:172.21.15.62:6801/766518770] conn(0x7f2354038700 0x7f235403abc0 unknown :-1 s=CLOSED pgs=10 cs=0 l=1 rev1=1 crypto rx=0 tx=0 comp rx=0 tx=0).stop
2024-05-08T22:29:48.467 INFO:teuthology.orchestra.run.smithi062.stdout:/usr/bin/ceph: stderr
2024-05-08T22:29:48.098+0000 7f2372713700 1 --2- 172.21.15.62:0/1328036786 >> [v2:172.21.15.62:3300/0,v1:172.21.15.62:6789/0] conn(0x7f236c104a30 0x7f236c19a4d0 unknown :-1 s=CLOSED pgs=42 cs=0 l=1 rev1=1 crypto rx=0 tx=0 comp rx=0 tx=0).stop
2024-05-08T22:29:48.467 INFO:teuthology.orchestra.run.smithi062.stdout:/usr/bin/ceph: stderr
2024-05-08T22:29:48.098+0000 7f2372713700 1 -- 172.21.15.62:0/1328036786 >> 172.21.15.62:0/1328036786 conn(0x7f236c100340 msgr2=0x7f236c100f60 unknown :-1 s=STATE_NONE l=0).mark_down
2024-05-08T22:29:48.467 INFO:teuthology.orchestra.run.smithi062.stdout:/usr/bin/ceph: stderr
2024-05-08T22:29:48.099+0000 7f2372713700 1 -- 172.21.15.62:0/1328036786 shutdown_connections
2024-05-08T22:29:48.467 INFO:teuthology.orchestra.run.smithi062.stdout:/usr/bin/ceph: stderr
2024-05-08T22:29:48.099+0000 7f2372713700 1 -- 172.21.15.62:0/1328036786 wait complete.
2024-05-08T22:29:48.467 INFO:teuthology.orchestra.run.smithi062.stdout:Wrote public SSH key to /home/ubuntu/cephtest/ceph.pub
2024-05-08T22:29:48.467 INFO:teuthology.orchestra.run.smithi062.stdout:Adding key to root@localhost authorized_keys...
2024-05-08T22:29:48.467 INFO:teuthology.orchestra.run.smithi062.stdout:Adding host smithi062...
2024-05-08T22:29:49.349 INFO:journalctl@ceph.mon.a.smithi062.stdout:May 08 22:29:49 smithi062 ceph-mon[42571]: from='client.14136 -' entity='client.admin' cmd=[{"prefix": "cephadm get-pub-key", "target": ["mon-mgr", ""]}]: dispatch
2024-05-08T22:29:50.171 INFO:journalctl@ceph.mon.a.smithi062.stdout:May 08 22:29:50 smithi062 ceph-mon[42571]: from='client.14138 -' entity='client.admin' cmd=[{"prefix": "orch host add", "hostname": "smithi062", "addr": "172.21.15.62", "target": ["mon-mgr", ""]}]: dispatch
2024-05-08T22:29:50.172 INFO:journalctl@ceph.mon.a.smithi062.stdout:May 08 22:29:50 smithi062 ceph-mon[42571]: Deploying cephadm binary to smithi062
2024-05-08T22:29:51.622 INFO:teuthology.orchestra.run.smithi062.stdout:/usr/bin/ceph: stdout Added host 'smithi062' with addr '172.21.15.62'
2024-05-08T22:29:51.622 INFO:teuthology.orchestra.run.smithi062.stdout:/usr/bin/ceph: stderr
2024-05-08T22:29:48.853+0000 7f6d81830700 1 Processor -- start
2024-05-08T22:29:51.623 INFO:teuthology.orchestra.run.smithi062.stdout:/usr/bin/ceph: stderr
2024-05-08T22:29:48.853+0000 7f6d81830700 1 -- start start
2024-05-08T22:29:51.623 INFO:teuthology.orchestra.run.smithi062.stdout:/usr/bin/ceph: stderr
2024-05-08T22:29:48.853+0000 7f6d81830700 1 --2- >> [v2:172.21.15.62:3300/0,v1:172.21.15.62:6789/0] conn(0x7f6d7c107180 0x7f6d7c109570 unknown :-1 s=NONE pgs=0 cs=0 l=0 rev1=0 crypto rx=0 tx=0 comp rx=0 tx=0).connect
2024-05-08T22:29:51.623 INFO:teuthology.orchestra.run.smithi062.stdout:/usr/bin/ceph: stderr
2024-05-08T22:29:48.853+0000 7f6d81830700 1 -- --> [v2:172.21.15.62:3300/0,v1:172.21.15.62:6789/0] -- mon_getmap magic: 0 v1 -- 0x7f6d7c079eb0 con 0x7f6d7c107180
2024-05-08T22:29:51.623 INFO:teuthology.orchestra.run.smithi062.stdout:/usr/bin/ceph: stderr
2024-05-08T22:29:48.853+0000 7f6d7affd700 1 --2- >> [v2:172.21.15.62:3300/0,v1:172.21.15.62:6789/0] conn(0x7f6d7c107180 0x7f6d7c109570 unknown :-1 s=BANNER_CONNECTING pgs=0 cs=0 l=0 rev1=0 crypto rx=0 tx=0 comp rx=0 tx=0)._handle_peer_banner_payload supported=3 required=0
2024-05-08T22:29:51.623 INFO:teuthology.orchestra.run.smithi062.stdout:/usr/bin/ceph: stderr
2024-05-08T22:29:48.853+0000 7f6d7affd700 1 --2- >> [v2:172.21.15.62:3300/0,v1:172.21.15.62:6789/0] conn(0x7f6d7c107180 0x7f6d7c109570 unknown :-1 s=HELLO_CONNECTING pgs=0 cs=0 l=0 rev1=1 crypto rx=0 tx=0 comp rx=0 tx=0).handle_hello peer v2:172.21.15.62:3300/0 says I am v2:172.21.15.62:54454/0 (socket says 172.21.15.62:54454)
2024-05-08T22:29:51.623 INFO:teuthology.orchestra.run.smithi062.stdout:/usr/bin/ceph: stderr
2024-05-08T22:29:48.853+0000 7f6d7affd700 1 -- 172.21.15.62:0/3328389700 learned_addr learned my addr 172.21.15.62:0/3328389700 (peer_addr_for_me v2:172.21.15.62:0/0)
2024-05-08T22:29:51.623 INFO:teuthology.orchestra.run.smithi062.stdout:/usr/bin/ceph: stderr
2024-05-08T22:29:48.854+0000 7f6d7affd700 1 -- 172.21.15.62:0/3328389700 --> [v2:172.21.15.62:3300/0,v1:172.21.15.62:6789/0] -- mon_subscribe({config=0+,monmap=0+}) v3 -- 0x7f6d7c109ab0 con 0x7f6d7c107180
2024-05-08T22:29:51.623 INFO:teuthology.orchestra.run.smithi062.stdout:/usr/bin/ceph: stderr
2024-05-08T22:29:48.854+0000 7f6d7affd700 1 --2- 172.21.15.62:0/3328389700 >> [v2:172.21.15.62:3300/0,v1:172.21.15.62:6789/0] conn(0x7f6d7c107180 0x7f6d7c109570 secure :-1 s=READY pgs=43 cs=0 l=1 rev1=1 crypto rx=0x7f6d6c0098a0 tx=0x7f6d6c009bb0 comp rx=0 tx=0).ready entity=mon.0 client_cookie=ffebafb895104f20 server_cookie=0 in_seq=0 out_seq=0
2024-05-08T22:29:51.623 INFO:teuthology.orchestra.run.smithi062.stdout:/usr/bin/ceph: stderr
2024-05-08T22:29:48.854+0000 7f6d79ffb700 1 -- 172.21.15.62:0/3328389700 <== mon.0 v2:172.21.15.62:3300/0 1 ==== mon_map magic: 0 v1 ==== 205+0+0 (secure 0 0 0) 0x7f6d6c004160 con 0x7f6d7c107180
2024-05-08T22:29:51.623 INFO:teuthology.orchestra.run.smithi062.stdout:/usr/bin/ceph: stderr
2024-05-08T22:29:48.854+0000 7f6d79ffb700 1 -- 172.21.15.62:0/3328389700 <== mon.0 v2:172.21.15.62:3300/0 2 ==== config(26 keys) v1 ==== 1074+0+0 (secure 0 0 0) 0x7f6d6c0042c0 con 0x7f6d7c107180
2024-05-08T22:29:51.624 INFO:teuthology.orchestra.run.smithi062.stdout:/usr/bin/ceph: stderr
2024-05-08T22:29:48.854+0000 7f6d79ffb700 1 -- 172.21.15.62:0/3328389700 <== mon.0 v2:172.21.15.62:3300/0 3 ==== mon_map magic: 0 v1 ==== 205+0+0 (secure 0 0 0) 0x7f6d6c011a00 con 0x7f6d7c107180
2024-05-08T22:29:51.624 INFO:teuthology.orchestra.run.smithi062.stdout:/usr/bin/ceph: stderr
2024-05-08T22:29:48.854+0000 7f6d81830700 1 -- 172.21.15.62:0/3328389700 >> [v2:172.21.15.62:3300/0,v1:172.21.15.62:6789/0] conn(0x7f6d7c107180 msgr2=0x7f6d7c109570 secure :-1 s=STATE_CONNECTION_ESTABLISHED l=1).mark_down
2024-05-08T22:29:51.624 INFO:teuthology.orchestra.run.smithi062.stdout:/usr/bin/ceph: stderr
2024-05-08T22:29:48.854+0000 7f6d81830700 1 --2- 172.21.15.62:0/3328389700 >> [v2:172.21.15.62:3300/0,v1:172.21.15.62:6789/0] conn(0x7f6d7c107180 0x7f6d7c109570 secure :-1 s=READY pgs=43 cs=0 l=1 rev1=1 crypto rx=0x7f6d6c0098a0 tx=0x7f6d6c009bb0 comp rx=0 tx=0).stop
2024-05-08T22:29:51.624 INFO:teuthology.orchestra.run.smithi062.stdout:/usr/bin/ceph: stderr
2024-05-08T22:29:48.854+0000 7f6d81830700 1 -- 172.21.15.62:0/3328389700 shutdown_connections
2024-05-08T22:29:51.624 INFO:teuthology.orchestra.run.smithi062.stdout:/usr/bin/ceph: stderr
2024-05-08T22:29:48.854+0000 7f6d81830700 1 --2- 172.21.15.62:0/3328389700 >> [v2:172.21.15.62:3300/0,v1:172.21.15.62:6789/0] conn(0x7f6d7c107180 0x7f6d7c109570 unknown :-1 s=CLOSED pgs=43 cs=0 l=1 rev1=1 crypto rx=0 tx=0 comp rx=0 tx=0).stop
2024-05-08T22:29:51.624 INFO:teuthology.orchestra.run.smithi062.stdout:/usr/bin/ceph: stderr
2024-05-08T22:29:48.854+0000 7f6d81830700 1 -- 172.21.15.62:0/3328389700 >> 172.21.15.62:0/3328389700 conn(0x7f6d7c100bb0 msgr2=0x7f6d7c102ff0 unknown :-1 s=STATE_NONE l=0).mark_down
2024-05-08T22:29:51.624 INFO:teuthology.orchestra.run.smithi062.stdout:/usr/bin/ceph: stderr
2024-05-08T22:29:48.855+0000 7f6d81830700 1 -- 172.21.15.62:0/3328389700 shutdown_connections
2024-05-08T22:29:51.624 INFO:teuthology.orchestra.run.smithi062.stdout:/usr/bin/ceph: stderr
2024-05-08T22:29:48.855+0000 7f6d81830700 1 -- 172.21.15.62:0/3328389700 wait complete.
2024-05-08T22:29:51.624 INFO:teuthology.orchestra.run.smithi062.stdout:/usr/bin/ceph: stderr
2024-05-08T22:29:48.855+0000 7f6d81830700 1 Processor -- start
2024-05-08T22:29:51.624 INFO:teuthology.orchestra.run.smithi062.stdout:/usr/bin/ceph: stderr
2024-05-08T22:29:48.855+0000 7f6d81830700 1 -- start start
2024-05-08T22:29:51.624 INFO:teuthology.orchestra.run.smithi062.stdout:/usr/bin/ceph: stderr
2024-05-08T22:29:48.855+0000 7f6d81830700 1 --2- >> [v2:172.21.15.62:3300/0,v1:172.21.15.62:6789/0] conn(0x7f6d7c107180 0x7f6d7c1069b0 unknown :-1 s=NONE pgs=0 cs=0 l=1 rev1=0 crypto rx=0 tx=0 comp rx=0 tx=0).connect
2024-05-08T22:29:51.624 INFO:teuthology.orchestra.run.smithi062.stdout:/usr/bin/ceph: stderr
2024-05-08T22:29:48.855+0000 7f6d81830700 1 -- --> [v2:172.21.15.62:3300/0,v1:172.21.15.62:6789/0] -- mon_getmap magic: 0 v1 -- 0x7f6d7c106ef0 con 0x7f6d7c107180
2024-05-08T22:29:51.624 INFO:teuthology.orchestra.run.smithi062.stdout:/usr/bin/ceph: stderr
2024-05-08T22:29:48.856+0000 7f6d7affd700 1 --2- >> [v2:172.21.15.62:3300/0,v1:172.21.15.62:6789/0] conn(0x7f6d7c107180 0x7f6d7c1069b0 unknown :-1 s=BANNER_CONNECTING pgs=0 cs=0 l=1 rev1=0 crypto rx=0 tx=0 comp rx=0 tx=0)._handle_peer_banner_payload supported=3 required=0
2024-05-08T22:29:51.625 INFO:teuthology.orchestra.run.smithi062.stdout:/usr/bin/ceph: stderr
2024-05-08T22:29:48.856+0000 7f6d7affd700 1 --2- >> [v2:172.21.15.62:3300/0,v1:172.21.15.62:6789/0] conn(0x7f6d7c107180 0x7f6d7c1069b0 unknown :-1 s=HELLO_CONNECTING pgs=0 cs=0 l=1 rev1=1 crypto rx=0 tx=0 comp rx=0 tx=0).handle_hello peer v2:172.21.15.62:3300/0 says I am v2:172.21.15.62:54460/0 (socket says 172.21.15.62:54460)
2024-05-08T22:29:51.625 INFO:teuthology.orchestra.run.smithi062.stdout:/usr/bin/ceph: stderr
2024-05-08T22:29:48.856+0000 7f6d7affd700 1 -- 172.21.15.62:0/698039894 learned_addr learned my addr 172.21.15.62:0/698039894 (peer_addr_for_me v2:172.21.15.62:0/0)
2024-05-08T22:29:51.625 INFO:teuthology.orchestra.run.smithi062.stdout:/usr/bin/ceph: stderr
2024-05-08T22:29:48.856+0000 7f6d7affd700 1 -- 172.21.15.62:0/698039894 --> [v2:172.21.15.62:3300/0,v1:172.21.15.62:6789/0] -- mon_subscribe({config=0+,monmap=0+}) v3 -- 0x7f6d6c009550 con 0x7f6d7c107180
2024-05-08T22:29:51.625 INFO:teuthology.orchestra.run.smithi062.stdout:/usr/bin/ceph: stderr
2024-05-08T22:29:48.856+0000 7f6d7affd700 1 --2- 172.21.15.62:0/698039894 >> [v2:172.21.15.62:3300/0,v1:172.21.15.62:6789/0] conn(0x7f6d7c107180 0x7f6d7c1069b0 secure :-1 s=READY pgs=44 cs=0 l=1 rev1=1 crypto rx=0x7f6d6c009130 tx=0x7f6d6c011ad0 comp rx=0 tx=0).ready entity=mon.0 client_cookie=0 server_cookie=0 in_seq=0 out_seq=0
2024-05-08T22:29:51.625 INFO:teuthology.orchestra.run.smithi062.stdout:/usr/bin/ceph: stderr
2024-05-08T22:29:48.856+0000 7f6d8082e700 1 -- 172.21.15.62:0/698039894 <== mon.0 v2:172.21.15.62:3300/0 1 ==== mon_map magic: 0 v1 ==== 205+0+0 (secure 0 0 0) 0x7f6d6c003b70 con 0x7f6d7c107180
2024-05-08T22:29:51.625 INFO:teuthology.orchestra.run.smithi062.stdout:/usr/bin/ceph: stderr
2024-05-08T22:29:48.856+0000 7f6d8082e700 1 -- 172.21.15.62:0/698039894 <== mon.0 v2:172.21.15.62:3300/0 2 ==== config(26 keys) v1 ==== 1074+0+0 (secure 0 0 0) 0x7f6d6c003cd0 con 0x7f6d7c107180
2024-05-08T22:29:51.625 INFO:teuthology.orchestra.run.smithi062.stdout:/usr/bin/ceph: stderr
2024-05-08T22:29:48.856+0000 7f6d81830700 1 -- 172.21.15.62:0/698039894 --> [v2:172.21.15.62:3300/0,v1:172.21.15.62:6789/0] -- mon_subscribe({mgrmap=0+}) v3 -- 0x7f6d7c105130 con 0x7f6d7c107180
