2024-05-08T22:55:42.617+0000 7fe15aa00700 1 --2- >> [v2:172.21.15.46:3300/0,v1:172.21.15.46:6789/0] conn(0x7fe15c106790 0x7fe15c19c7c0 unknown :-1 s=HELLO_CONNECTING pgs=0 cs=0 l=1 rev1=1 crypto rx=0 tx=0 comp rx=0 tx=0).handle_hello peer v2:172.21.15.46:3300/0 says I am v2:172.21.15.46:47982/0 (socket says 172.21.15.46:47982)
2024-05-08T22:55:43.295 INFO:teuthology.orchestra.run.smithi046.stdout:/usr/bin/ceph: stderr
2024-05-08T22:55:42.617+0000 7fe15aa00700 1 -- 172.21.15.46:0/827289172 learned_addr learned my addr 172.21.15.46:0/827289172 (peer_addr_for_me v2:172.21.15.46:0/0)
2024-05-08T22:55:43.295 INFO:teuthology.orchestra.run.smithi046.stdout:/usr/bin/ceph: stderr
2024-05-08T22:55:42.617+0000 7fe15aa00700 1 -- 172.21.15.46:0/827289172 --> [v2:172.21.15.46:3300/0,v1:172.21.15.46:6789/0] -- mon_subscribe({config=0+,monmap=0+}) v3 -- 0x7fe14c009550 con 0x7fe15c106790
2024-05-08T22:55:43.295 INFO:teuthology.orchestra.run.smithi046.stdout:/usr/bin/ceph: stderr
2024-05-08T22:55:42.617+0000 7fe15aa00700 1 --2- 172.21.15.46:0/827289172 >> [v2:172.21.15.46:3300/0,v1:172.21.15.46:6789/0] conn(0x7fe15c106790 0x7fe15c19c7c0 secure :-1 s=READY pgs=21 cs=0 l=1 rev1=1 crypto rx=0x7fe14c011710 tx=0x7fe14c011ad0 comp rx=0 tx=0).ready entity=mon.0 client_cookie=0 server_cookie=0 in_seq=0 out_seq=0
2024-05-08T22:55:43.295 INFO:teuthology.orchestra.run.smithi046.stdout:/usr/bin/ceph: stderr
2024-05-08T22:55:42.617+0000 7fe153400700 1 -- 172.21.15.46:0/827289172 <== mon.0 v2:172.21.15.46:3300/0 1 ==== mon_map magic: 0 v1 ==== 205+0+0 (secure 0 0 0) 0x7fe14c003aa0 con 0x7fe15c106790
2024-05-08T22:55:43.295 INFO:teuthology.orchestra.run.smithi046.stdout:/usr/bin/ceph: stderr
2024-05-08T22:55:42.618+0000 7fe153400700 1 -- 172.21.15.46:0/827289172 <== mon.0 v2:172.21.15.46:3300/0 2 ==== config(26 keys) v1 ==== 1074+0+0 (secure 0 0 0) 0x7fe14c003c00 con 0x7fe15c106790
2024-05-08T22:55:43.295 INFO:teuthology.orchestra.run.smithi046.stdout:/usr/bin/ceph: stderr
2024-05-08T22:55:42.618+0000 7fe161c00700 1 -- 172.21.15.46:0/827289172 --> [v2:172.21.15.46:3300/0,v1:172.21.15.46:6789/0] -- mon_subscribe({mgrmap=0+}) v3 -- 0x7fe15c19cf00 con 0x7fe15c106790
2024-05-08T22:55:43.295 INFO:teuthology.orchestra.run.smithi046.stdout:/usr/bin/ceph: stderr
2024-05-08T22:55:42.618+0000 7fe153400700 1 -- 172.21.15.46:0/827289172 <== mon.0 v2:172.21.15.46:3300/0 3 ==== mon_map magic: 0 v1 ==== 205+0+0 (secure 0 0 0) 0x7fe14c024800 con 0x7fe15c106790
2024-05-08T22:55:43.295 INFO:teuthology.orchestra.run.smithi046.stdout:/usr/bin/ceph: stderr
2024-05-08T22:55:42.618+0000 7fe161c00700 1 -- 172.21.15.46:0/827289172 --> [v2:172.21.15.46:3300/0,v1:172.21.15.46:6789/0] -- mon_subscribe({osdmap=0}) v3 -- 0x7fe15c19d3a0 con 0x7fe15c106790
2024-05-08T22:55:43.295 INFO:teuthology.orchestra.run.smithi046.stdout:/usr/bin/ceph: stderr
2024-05-08T22:55:42.619+0000 7fe153400700 1 -- 172.21.15.46:0/827289172 <== mon.0 v2:172.21.15.46:3300/0 4 ==== mgrmap(e 4) v1 ==== 45530+0+0 (secure 0 0 0) 0x7fe14c01a430 con 0x7fe15c106790
2024-05-08T22:55:43.295 INFO:teuthology.orchestra.run.smithi046.stdout:/usr/bin/ceph: stderr
2024-05-08T22:55:42.619+0000 7fe161c00700 1 -- 172.21.15.46:0/827289172 --> [v2:172.21.15.46:3300/0,v1:172.21.15.46:6789/0] -- mon_command({"prefix": "get_command_descriptions"} v 0) v1 -- 0x7fe15c10ab70 con 0x7fe15c106790
2024-05-08T22:55:43.295 INFO:teuthology.orchestra.run.smithi046.stdout:/usr/bin/ceph: stderr
2024-05-08T22:55:42.619+0000 7fe153400700 1 --2- 172.21.15.46:0/827289172 >> [v2:172.21.15.46:6800/664114694,v1:172.21.15.46:6801/664114694] conn(0x7fe140038700 0x7fe14003abc0 unknown :-1 s=NONE pgs=0 cs=0 l=1 rev1=0 crypto rx=0 tx=0 comp rx=0 tx=0).connect
2024-05-08T22:55:43.295 INFO:teuthology.orchestra.run.smithi046.stdout:/usr/bin/ceph: stderr
2024-05-08T22:55:42.619+0000 7fe153400700 1 -- 172.21.15.46:0/827289172 <== mon.0 v2:172.21.15.46:3300/0 5 ==== osd_map(1..1 src has 1..1) v4 ==== 725+0+0 (secure 0 0 0) 0x7fe14c04c3b0 con 0x7fe15c106790
2024-05-08T22:55:43.296 INFO:teuthology.orchestra.run.smithi046.stdout:/usr/bin/ceph: stderr
2024-05-08T22:55:42.620+0000 7fe15a000700 1 --2- 172.21.15.46:0/827289172 >> [v2:172.21.15.46:6800/664114694,v1:172.21.15.46:6801/664114694] conn(0x7fe140038700 0x7fe14003abc0 unknown :-1 s=BANNER_CONNECTING pgs=0 cs=0 l=1 rev1=0 crypto rx=0 tx=0 comp rx=0 tx=0)._handle_peer_banner_payload supported=3 required=0
2024-05-08T22:55:43.296 INFO:teuthology.orchestra.run.smithi046.stdout:/usr/bin/ceph: stderr
2024-05-08T22:55:42.620+0000 7fe15a000700 1 --2- 172.21.15.46:0/827289172 >> [v2:172.21.15.46:6800/664114694,v1:172.21.15.46:6801/664114694] conn(0x7fe140038700 0x7fe14003abc0 secure :-1 s=READY pgs=8 cs=0 l=1 rev1=1 crypto rx=0x7fe148006fd0 tx=0x7fe148006e40 comp rx=0 tx=0).ready entity=mgr.14100 client_cookie=0 server_cookie=0 in_seq=0 out_seq=0
2024-05-08T22:55:43.296 INFO:teuthology.orchestra.run.smithi046.stdout:/usr/bin/ceph: stderr
2024-05-08T22:55:42.624+0000 7fe153400700 1 -- 172.21.15.46:0/827289172 <== mon.0 v2:172.21.15.46:3300/0 6 ==== mon_command_ack([{"prefix": "get_command_descriptions"}]=0 v0) v1 ==== 72+0+183622 (secure 0 0 0) 0x7fe14c024e30 con 0x7fe15c106790
2024-05-08T22:55:43.296 INFO:teuthology.orchestra.run.smithi046.stdout:/usr/bin/ceph: stderr
2024-05-08T22:55:42.896+0000 7fe161c00700 1 -- 172.21.15.46:0/827289172 --> [v2:172.21.15.46:3300/0,v1:172.21.15.46:6789/0] -- mon_command({"prefix": "mgr module enable", "module": "cephadm"} v 0) v1 -- 0x7fe15c19fbe0 con 0x7fe15c106790
2024-05-08T22:55:43.296 INFO:teuthology.orchestra.run.smithi046.stdout:/usr/bin/ceph: stderr
2024-05-08T22:55:42.952+0000 7fe153400700 1 -- 172.21.15.46:0/827289172 <== mon.0 v2:172.21.15.46:3300/0 7 ==== mgrmap(e 5) v1 ==== 45541+0+0 (secure 0 0 0) 0x7fe14c01abd0 con 0x7fe15c106790
2024-05-08T22:55:43.296 INFO:teuthology.orchestra.run.smithi046.stdout:/usr/bin/ceph: stderr
2024-05-08T22:55:42.954+0000 7fe153400700 1 -- 172.21.15.46:0/827289172 <== mon.0 v2:172.21.15.46:3300/0 8 ==== mon_command_ack([{"prefix": "mgr module enable", "module": "cephadm"}]=0 v5) v1 ==== 86+0+0 (secure 0 0 0) 0x7fe14c04c110 con 0x7fe15c106790
2024-05-08T22:55:43.296 INFO:teuthology.orchestra.run.smithi046.stdout:/usr/bin/ceph: stderr
2024-05-08T22:55:42.957+0000 7fe161c00700 1 -- 172.21.15.46:0/827289172 >> [v2:172.21.15.46:6800/664114694,v1:172.21.15.46:6801/664114694] conn(0x7fe140038700 msgr2=0x7fe14003abc0 secure :-1 s=STATE_CONNECTION_ESTABLISHED l=1).mark_down
2024-05-08T22:55:43.296 INFO:teuthology.orchestra.run.smithi046.stdout:/usr/bin/ceph: stderr
2024-05-08T22:55:42.957+0000 7fe161c00700 1 --2- 172.21.15.46:0/827289172 >> [v2:172.21.15.46:6800/664114694,v1:172.21.15.46:6801/664114694] conn(0x7fe140038700 0x7fe14003abc0 secure :-1 s=READY pgs=8 cs=0 l=1 rev1=1 crypto rx=0x7fe148006fd0 tx=0x7fe148006e40 comp rx=0 tx=0).stop
2024-05-08T22:55:43.296 INFO:teuthology.orchestra.run.smithi046.stdout:/usr/bin/ceph: stderr
2024-05-08T22:55:42.957+0000 7fe161c00700 1 -- 172.21.15.46:0/827289172 >> [v2:172.21.15.46:3300/0,v1:172.21.15.46:6789/0] conn(0x7fe15c106790 msgr2=0x7fe15c19c7c0 secure :-1 s=STATE_CONNECTION_ESTABLISHED l=1).mark_down
2024-05-08T22:55:43.296 INFO:teuthology.orchestra.run.smithi046.stdout:/usr/bin/ceph: stderr
2024-05-08T22:55:42.957+0000 7fe161c00700 1 --2- 172.21.15.46:0/827289172 >> [v2:172.21.15.46:3300/0,v1:172.21.15.46:6789/0] conn(0x7fe15c106790 0x7fe15c19c7c0 secure :-1 s=READY pgs=21 cs=0 l=1 rev1=1 crypto rx=0x7fe14c011710 tx=0x7fe14c011ad0 comp rx=0 tx=0).stop
2024-05-08T22:55:43.296 INFO:teuthology.orchestra.run.smithi046.stdout:/usr/bin/ceph: stderr
2024-05-08T22:55:42.957+0000 7fe161c00700 1 -- 172.21.15.46:0/827289172 shutdown_connections
2024-05-08T22:55:43.296 INFO:teuthology.orchestra.run.smithi046.stdout:/usr/bin/ceph: stderr
2024-05-08T22:55:42.957+0000 7fe161c00700 1 --2- 172.21.15.46:0/827289172 >> [v2:172.21.15.46:6800/664114694,v1:172.21.15.46:6801/664114694] conn(0x7fe140038700 0x7fe14003abc0 unknown :-1 s=CLOSED pgs=8 cs=0 l=1 rev1=1 crypto rx=0 tx=0 comp rx=0 tx=0).stop
2024-05-08T22:55:43.296 INFO:teuthology.orchestra.run.smithi046.stdout:/usr/bin/ceph: stderr
2024-05-08T22:55:42.957+0000 7fe161c00700 1 --2- 172.21.15.46:0/827289172 >> [v2:172.21.15.46:3300/0,v1:172.21.15.46:6789/0] conn(0x7fe15c106790 0x7fe15c19c7c0 unknown :-1 s=CLOSED pgs=21 cs=0 l=1 rev1=1 crypto rx=0 tx=0 comp rx=0 tx=0).stop
2024-05-08T22:55:43.296 INFO:teuthology.orchestra.run.smithi046.stdout:/usr/bin/ceph: stderr
2024-05-08T22:55:42.957+0000 7fe161c00700 1 -- 172.21.15.46:0/827289172 >> 172.21.15.46:0/827289172 conn(0x7fe15c101d50 msgr2=0x7fe15c1029a0 unknown :-1 s=STATE_NONE l=0).mark_down
2024-05-08T22:55:43.297 INFO:teuthology.orchestra.run.smithi046.stdout:/usr/bin/ceph: stderr
2024-05-08T22:55:42.958+0000 7fe161c00700 1 -- 172.21.15.46:0/827289172 shutdown_connections
2024-05-08T22:55:43.297 INFO:teuthology.orchestra.run.smithi046.stdout:/usr/bin/ceph: stderr
2024-05-08T22:55:42.958+0000 7fe161c00700 1 -- 172.21.15.46:0/827289172 wait complete.
2024-05-08T22:55:43.834 INFO:journalctl@ceph.mgr.x.smithi046.stdout:May 08 22:55:43 smithi046 ceph-ebe57712-0d8d-11ef-bc97-c7b262605968-mgr-x[37150]:
2024-05-08T22:55:43.584+0000 7f48221fd200 -1 mgr[py] Module prometheus has missing NOTIFY_TYPES member
2024-05-08T22:55:43.834 INFO:journalctl@ceph.mgr.x.smithi046.stdout:May 08 22:55:43 smithi046 ceph-ebe57712-0d8d-11ef-bc97-c7b262605968-mgr-x[37150]:
2024-05-08T22:55:43.711+0000 7f48221fd200 -1 mgr[py] Module alerts has missing NOTIFY_TYPES member
2024-05-08T22:55:44.179 INFO:journalctl@ceph.mon.a.smithi046.stdout:May 08 22:55:43 smithi046 ceph-mon[36898]: from='client.? 172.21.15.46:0/827289172' entity='client.admin' cmd='[{"prefix": "mgr module enable", "module": "cephadm"}]': finished
2024-05-08T22:55:44.179 INFO:journalctl@ceph.mon.a.smithi046.stdout:May 08 22:55:43 smithi046 ceph-mon[36898]: mgrmap e5: x(active, since 7s)
2024-05-08T22:55:44.179 INFO:journalctl@ceph.mgr.x.smithi046.stdout:May 08 22:55:43 smithi046 ceph-ebe57712-0d8d-11ef-bc97-c7b262605968-mgr-x[37150]:
2024-05-08T22:55:43.834+0000 7f48221fd200 -1 mgr[py] Module osd_perf_query has missing NOTIFY_TYPES member
2024-05-08T22:55:44.179 INFO:journalctl@ceph.mgr.x.smithi046.stdout:May 08 22:55:43 smithi046 ceph-ebe57712-0d8d-11ef-bc97-c7b262605968-mgr-x[37150]:
2024-05-08T22:55:43.949+0000 7f48221fd200 -1 mgr[py] Module progress has missing NOTIFY_TYPES member
2024-05-08T22:55:44.332 INFO:teuthology.orchestra.run.smithi046.stdout:/usr/bin/ceph: stdout {
2024-05-08T22:55:44.332 INFO:teuthology.orchestra.run.smithi046.stdout:/usr/bin/ceph: stdout "epoch": 5,
2024-05-08T22:55:44.332 INFO:teuthology.orchestra.run.smithi046.stdout:/usr/bin/ceph: stdout "available": true,
2024-05-08T22:55:44.332 INFO:teuthology.orchestra.run.smithi046.stdout:/usr/bin/ceph: stdout "active_name": "x",
2024-05-08T22:55:44.333 INFO:teuthology.orchestra.run.smithi046.stdout:/usr/bin/ceph: stdout "num_standby": 0
2024-05-08T22:55:44.333 INFO:teuthology.orchestra.run.smithi046.stdout:/usr/bin/ceph: stdout }
2024-05-08T22:55:44.333 INFO:teuthology.orchestra.run.smithi046.stdout:/usr/bin/ceph: stderr
2024-05-08T22:55:43.712+0000 7f2b84600700 1 Processor -- start
2024-05-08T22:55:44.333 INFO:teuthology.orchestra.run.smithi046.stdout:/usr/bin/ceph: stderr
2024-05-08T22:55:43.713+0000 7f2b84600700 1 -- start start
2024-05-08T22:55:44.333 INFO:teuthology.orchestra.run.smithi046.stdout:/usr/bin/ceph: stderr
2024-05-08T22:55:43.713+0000 7f2b84600700 1 --2- >> [v2:172.21.15.46:3300/0,v1:172.21.15.46:6789/0] conn(0x7f2b7c106780 0x7f2b7c106ba0 unknown :-1 s=NONE pgs=0 cs=0 l=0 rev1=0 crypto rx=0 tx=0 comp rx=0 tx=0).connect
2024-05-08T22:55:44.333 INFO:teuthology.orchestra.run.smithi046.stdout:/usr/bin/ceph: stderr
2024-05-08T22:55:43.713+0000 7f2b84600700 1 -- --> [v2:172.21.15.46:3300/0,v1:172.21.15.46:6789/0] -- mon_getmap magic: 0 v1 -- 0x7f2b7c107170 con 0x7f2b7c106780
2024-05-08T22:55:44.333 INFO:teuthology.orchestra.run.smithi046.stdout:/usr/bin/ceph: stderr
2024-05-08T22:55:43.713+0000 7f2b81c00700 1 --2- >> [v2:172.21.15.46:3300/0,v1:172.21.15.46:6789/0] conn(0x7f2b7c106780 0x7f2b7c106ba0 unknown :-1 s=BANNER_CONNECTING pgs=0 cs=0 l=0 rev1=0 crypto rx=0 tx=0 comp rx=0 tx=0)._handle_peer_banner_payload supported=3 required=0
2024-05-08T22:55:44.333 INFO:teuthology.orchestra.run.smithi046.stdout:/usr/bin/ceph: stderr
2024-05-08T22:55:43.714+0000 7f2b81c00700 1 --2- >> [v2:172.21.15.46:3300/0,v1:172.21.15.46:6789/0] conn(0x7f2b7c106780 0x7f2b7c106ba0 unknown :-1 s=HELLO_CONNECTING pgs=0 cs=0 l=0 rev1=1 crypto rx=0 tx=0 comp rx=0 tx=0).handle_hello peer v2:172.21.15.46:3300/0 says I am v2:172.21.15.46:47992/0 (socket says 172.21.15.46:47992)
2024-05-08T22:55:44.333 INFO:teuthology.orchestra.run.smithi046.stdout:/usr/bin/ceph: stderr
2024-05-08T22:55:43.714+0000 7f2b81c00700 1 -- 172.21.15.46:0/3454932704 learned_addr learned my addr 172.21.15.46:0/3454932704 (peer_addr_for_me v2:172.21.15.46:0/0)
2024-05-08T22:55:44.333 INFO:teuthology.orchestra.run.smithi046.stdout:/usr/bin/ceph: stderr
2024-05-08T22:55:43.714+0000 7f2b81c00700 1 -- 172.21.15.46:0/3454932704 --> [v2:172.21.15.46:3300/0,v1:172.21.15.46:6789/0] -- mon_subscribe({config=0+,monmap=0+}) v3 -- 0x7f2b7c107930 con 0x7f2b7c106780
2024-05-08T22:55:44.333 INFO:teuthology.orchestra.run.smithi046.stdout:/usr/bin/ceph: stderr
2024-05-08T22:55:43.714+0000 7f2b81c00700 1 --2- 172.21.15.46:0/3454932704 >> [v2:172.21.15.46:3300/0,v1:172.21.15.46:6789/0] conn(0x7f2b7c106780 0x7f2b7c106ba0 secure :-1 s=READY pgs=24 cs=0 l=1 rev1=1 crypto rx=0x7f2b70009e80 tx=0x7f2b7000b330 comp rx=0 tx=0).ready entity=mon.0 client_cookie=a1bacdf157648dbf server_cookie=0 in_seq=0 out_seq=0
2024-05-08T22:55:44.333 INFO:teuthology.orchestra.run.smithi046.stdout:/usr/bin/ceph: stderr
2024-05-08T22:55:43.714+0000 7f2b7be00700 1 -- 172.21.15.46:0/3454932704 <== mon.0 v2:172.21.15.46:3300/0 1 ==== mon_map magic: 0 v1 ==== 205+0+0 (secure 0 0 0) 0x7f2b7000e070 con 0x7f2b7c106780
2024-05-08T22:55:44.333 INFO:teuthology.orchestra.run.smithi046.stdout:/usr/bin/ceph: stderr
2024-05-08T22:55:43.714+0000 7f2b7be00700 1 -- 172.21.15.46:0/3454932704 <== mon.0 v2:172.21.15.46:3300/0 2 ==== config(26 keys) v1 ==== 1074+0+0 (secure 0 0 0) 0x7f2b7000b8c0 con 0x7f2b7c106780
2024-05-08T22:55:44.333 INFO:teuthology.orchestra.run.smithi046.stdout:/usr/bin/ceph: stderr
2024-05-08T22:55:43.714+0000 7f2b7be00700 1 -- 172.21.15.46:0/3454932704 <== mon.0 v2:172.21.15.46:3300/0 3 ==== mon_map magic: 0 v1 ==== 205+0+0 (secure 0 0 0) 0x7f2b700044c0 con 0x7f2b7c106780
2024-05-08T22:55:44.334 INFO:teuthology.orchestra.run.smithi046.stdout:/usr/bin/ceph: stderr
2024-05-08T22:55:43.715+0000 7f2b84600700 1 -- 172.21.15.46:0/3454932704 >> [v2:172.21.15.46:3300/0,v1:172.21.15.46:6789/0] conn(0x7f2b7c106780 msgr2=0x7f2b7c106ba0 secure :-1 s=STATE_CONNECTION_ESTABLISHED l=1).mark_down
2024-05-08T22:55:44.334 INFO:teuthology.orchestra.run.smithi046.stdout:/usr/bin/ceph: stderr
2024-05-08T22:55:43.715+0000 7f2b84600700 1 --2- 172.21.15.46:0/3454932704 >> [v2:172.21.15.46:3300/0,v1:172.21.15.46:6789/0] conn(0x7f2b7c106780 0x7f2b7c106ba0 secure :-1 s=READY pgs=24 cs=0 l=1 rev1=1 crypto rx=0x7f2b70009e80 tx=0x7f2b7000b330 comp rx=0 tx=0).stop
2024-05-08T22:55:44.334 INFO:teuthology.orchestra.run.smithi046.stdout:/usr/bin/ceph: stderr
2024-05-08T22:55:43.715+0000 7f2b84600700 1 -- 172.21.15.46:0/3454932704 shutdown_connections
2024-05-08T22:55:44.334 INFO:teuthology.orchestra.run.smithi046.stdout:/usr/bin/ceph: stderr
2024-05-08T22:55:43.715+0000 7f2b84600700 1 --2- 172.21.15.46:0/3454932704 >> [v2:172.21.15.46:3300/0,v1:172.21.15.46:6789/0] conn(0x7f2b7c106780 0x7f2b7c106ba0 unknown :-1 s=CLOSED pgs=24 cs=0 l=1 rev1=1 crypto rx=0 tx=0 comp rx=0 tx=0).stop
2024-05-08T22:55:44.334 INFO:teuthology.orchestra.run.smithi046.stdout:/usr/bin/ceph: stderr
2024-05-08T22:55:43.715+0000 7f2b84600700 1 -- 172.21.15.46:0/3454932704 >> 172.21.15.46:0/3454932704 conn(0x7f2b7c101d20 msgr2=0x7f2b7c104160 unknown :-1 s=STATE_NONE l=0).mark_down
2024-05-08T22:55:44.334 INFO:teuthology.orchestra.run.smithi046.stdout:/usr/bin/ceph: stderr
2024-05-08T22:55:43.715+0000 7f2b84600700 1 -- 172.21.15.46:0/3454932704 shutdown_connections
2024-05-08T22:55:44.334 INFO:teuthology.orchestra.run.smithi046.stdout:/usr/bin/ceph: stderr
2024-05-08T22:55:43.715+0000 7f2b84600700 1 -- 172.21.15.46:0/3454932704 wait complete.
2024-05-08T22:55:44.334 INFO:teuthology.orchestra.run.smithi046.stdout:/usr/bin/ceph: stderr
2024-05-08T22:55:43.717+0000 7f2b84600700 1 Processor -- start
2024-05-08T22:55:44.334 INFO:teuthology.orchestra.run.smithi046.stdout:/usr/bin/ceph: stderr
2024-05-08T22:55:43.717+0000 7f2b84600700 1 -- start start
2024-05-08T22:55:44.334 INFO:teuthology.orchestra.run.smithi046.stdout:/usr/bin/ceph: stderr
2024-05-08T22:55:43.718+0000 7f2b84600700 1 --2- >> [v2:172.21.15.46:3300/0,v1:172.21.15.46:6789/0] conn(0x7f2b7c106780 0x7f2b7c19c640 unknown :-1 s=NONE pgs=0 cs=0 l=1 rev1=0 crypto rx=0 tx=0 comp rx=0 tx=0).connect
2024-05-08T22:55:44.334 INFO:teuthology.orchestra.run.smithi046.stdout:/usr/bin/ceph: stderr
2024-05-08T22:55:43.718+0000 7f2b84600700 1 -- --> [v2:172.21.15.46:3300/0,v1:172.21.15.46:6789/0] -- mon_getmap magic: 0 v1 -- 0x7f2b7c19cb80 con 0x7f2b7c106780
2024-05-08T22:55:44.334 INFO:teuthology.orchestra.run.smithi046.stdout:/usr/bin/ceph: stderr
2024-05-08T22:55:43.718+0000 7f2b81c00700 1 --2- >> [v2:172.21.15.46:3300/0,v1:172.21.15.46:6789/0] conn(0x7f2b7c106780 0x7f2b7c19c640 unknown :-1 s=BANNER_CONNECTING pgs=0 cs=0 l=1 rev1=0 crypto rx=0 tx=0 comp rx=0 tx=0)._handle_peer_banner_payload supported=3 required=0
2024-05-08T22:55:44.334 INFO:teuthology.orchestra.run.smithi046.stdout:/usr/bin/ceph: stderr
2024-05-08T22:55:43.718+0000 7f2b81c00700 1 --2- >> [v2:172.21.15.46:3300/0,v1:172.21.15.46:6789/0] conn(0x7f2b7c106780 0x7f2b7c19c640 unknown :-1 s=HELLO_CONNECTING pgs=0 cs=0 l=1 rev1=1 crypto rx=0 tx=0 comp rx=0 tx=0).handle_hello peer v2:172.21.15.46:3300/0 says I am v2:172.21.15.46:47998/0 (socket says 172.21.15.46:47998)
2024-05-08T22:55:44.334 INFO:teuthology.orchestra.run.smithi046.stdout:/usr/bin/ceph: stderr
2024-05-08T22:55:43.718+0000 7f2b81c00700 1 -- 172.21.15.46:0/1917483582 learned_addr learned my addr 172.21.15.46:0/1917483582 (peer_addr_for_me v2:172.21.15.46:0/0)
2024-05-08T22:55:44.335 INFO:teuthology.orchestra.run.smithi046.stdout:/usr/bin/ceph: stderr
2024-05-08T22:55:43.718+0000 7f2b81c00700 1 -- 172.21.15.46:0/1917483582 --> [v2:172.21.15.46:3300/0,v1:172.21.15.46:6789/0] -- mon_subscribe({config=0+,monmap=0+}) v3 -- 0x7f2b70009b30 con 0x7f2b7c106780
2024-05-08T22:55:44.335 INFO:teuthology.orchestra.run.smithi046.stdout:/usr/bin/ceph: stderr
2024-05-08T22:55:43.718+0000 7f2b81c00700 1 --2- 172.21.15.46:0/1917483582 >> [v2:172.21.15.46:3300/0,v1:172.21.15.46:6789/0] conn(0x7f2b7c106780 0x7f2b7c19c640 secure :-1 s=READY pgs=25 cs=0 l=1 rev1=1 crypto rx=0x7f2b70009fd0 tx=0x7f2b700045f0 comp rx=0 tx=0).ready entity=mon.0 client_cookie=0 server_cookie=0 in_seq=0 out_seq=0
2024-05-08T22:55:44.335 INFO:teuthology.orchestra.run.smithi046.stdout:/usr/bin/ceph: stderr
2024-05-08T22:55:43.719+0000 7f2b7a000700 1 -- 172.21.15.46:0/1917483582 <== mon.0 v2:172.21.15.46:3300/0 1 ==== mon_map magic: 0 v1 ==== 205+0+0 (secure 0 0 0) 0x7f2b7000e040 con 0x7f2b7c106780
2024-05-08T22:55:44.335 INFO:teuthology.orchestra.run.smithi046.stdout:/usr/bin/ceph: stderr
2024-05-08T22:55:43.719+0000 7f2b7a000700 1 -- 172.21.15.46:0/1917483582 <== mon.0 v2:172.21.15.46:3300/0 2 ==== config(26 keys) v1 ==== 1074+0+0 (secure 0 0 0) 0x7f2b7000bdf0 con 0x7f2b7c106780
2024-05-08T22:55:44.335 INFO:teuthology.orchestra.run.smithi046.stdout:/usr/bin/ceph: stderr
2024-05-08T22:55:43.719+0000 7f2b84600700 1 -- 172.21.15.46:0/1917483582 --> [v2:172.21.15.46:3300/0,v1:172.21.15.46:6789/0] -- mon_subscribe({mgrmap=0+}) v3 -- 0x7f2b7c19cd80 con 0x7f2b7c106780
2024-05-08T22:55:44.335 INFO:teuthology.orchestra.run.smithi046.stdout:/usr/bin/ceph: stderr
2024-05-08T22:55:43.719+0000 7f2b7a000700 1 -- 172.21.15.46:0/1917483582 <== mon.0 v2:172.21.15.46:3300/0 3 ==== mon_map magic: 0 v1 ==== 205+0+0 (secure 0 0 0) 0x7f2b7001c7a0 con 0x7f2b7c106780
2024-05-08T22:55:44.335 INFO:teuthology.orchestra.run.smithi046.stdout:/usr/bin/ceph: stderr
2024-05-08T22:55:43.719+0000 7f2b84600700 1 -- 172.21.15.46:0/1917483582 --> [v2:172.21.15.46:3300/0,v1:172.21.15.46:6789/0] -- mon_subscribe({osdmap=0}) v3 -- 0x7f2b7c19d280 con 0x7f2b7c106780
2024-05-08T22:55:44.335 INFO:teuthology.orchestra.run.smithi046.stdout:/usr/bin/ceph: stderr
2024-05-08T22:55:43.720+0000 7f2b7a000700 1 -- 172.21.15.46:0/1917483582 <== mon.0 v2:172.21.15.46:3300/0 4 ==== mgrmap(e 5) v1 ==== 45541+0+0 (secure 0 0 0) 0x7f2b70012430 con 0x7f2b7c106780
2024-05-08T22:55:44.335 INFO:teuthology.orchestra.run.smithi046.stdout:/usr/bin/ceph: stderr
2024-05-08T22:55:43.720+0000 7f2b84600700 1 -- 172.21.15.46:0/1917483582 --> [v2:172.21.15.46:3300/0,v1:172.21.15.46:6789/0] -- mon_command({"prefix": "get_command_descriptions"} v 0) v1 -- 0x7f2b7c10ab60 con 0x7f2b7c106780
2024-05-08T22:55:44.335 INFO:teuthology.orchestra.run.smithi046.stdout:/usr/bin/ceph: stderr
2024-05-08T22:55:43.721+0000 7f2b7a000700 1 --2- 172.21.15.46:0/1917483582 >> [v2:172.21.15.46:6800/664114694,v1:172.21.15.46:6801/664114694] conn(0x7f2b64038750 0x7f2b6403ac10 unknown :-1 s=NONE pgs=0 cs=0 l=1 rev1=0 crypto rx=0 tx=0 comp rx=0 tx=0).connect
2024-05-08T22:55:44.335 INFO:teuthology.orchestra.run.smithi046.stdout:/usr/bin/ceph: stderr
2024-05-08T22:55:43.721+0000 7f2b7a000700 1 -- 172.21.15.46:0/1917483582 <== mon.0 v2:172.21.15.46:3300/0 5 ==== osd_map(1..1 src has 1..1) v4 ==== 725+0+0 (secure 0 0 0) 0x7f2b7004c5a0 con 0x7f2b7c106780
2024-05-08T22:55:44.335 INFO:teuthology.orchestra.run.smithi046.stdout:/usr/bin/ceph: stderr
2024-05-08T22:55:43.721+0000 7f2b81200700 1 -- 172.21.15.46:0/1917483582 >> [v2:172.21.15.46:6800/664114694,v1:172.21.15.46:6801/664114694] conn(0x7f2b64038750 msgr2=0x7f2b6403ac10 unknown :-1 s=STATE_CONNECTING_RE l=1).process reconnect failed to v2:172.21.15.46:6800/664114694
2024-05-08T22:55:44.335 INFO:teuthology.orchestra.run.smithi046.stdout:/usr/bin/ceph: stderr
2024-05-08T22:55:43.721+0000 7f2b81200700 1 --2- 172.21.15.46:0/1917483582 >> [v2:172.21.15.46:6800/664114694,v1:172.21.15.46:6801/664114694] conn(0x7f2b64038750 0x7f2b6403ac10 unknown :-1 s=START_CONNECT pgs=0 cs=0 l=1 rev1=0 crypto rx=0 tx=0 comp rx=0 tx=0)._fault waiting 0.200000
2024-05-08T22:55:44.335 INFO:teuthology.orchestra.run.smithi046.stdout:/usr/bin/ceph: stderr
2024-05-08T22:55:43.726+0000 7f2b7a000700 1 -- 172.21.15.46:0/1917483582 <== mon.0 v2:172.21.15.46:3300/0 6 ==== mon_command_ack([{"prefix": "get_command_descriptions"}]=0 v0) v1 ==== 72+0+183622 (secure 0 0 0) 0x7f2b70024ba0 con 0x7f2b7c106780
2024-05-08T22:55:44.336 INFO:teuthology.orchestra.run.smithi046.stdout:/usr/bin/ceph: stderr
2024-05-08T22:55:43.922+0000 7f2b81200700 1 -- 172.21.15.46:0/1917483582 >> [v2:172.21.15.46:6800/664114694,v1:172.21.15.46:6801/664114694] conn(0x7f2b64038750 msgr2=0x7f2b6403ac10 unknown :-1 s=STATE_CONNECTING_RE l=1).process reconnect failed to v2:172.21.15.46:6800/664114694
2024-05-08T22:55:44.336 INFO:teuthology.orchestra.run.smithi046.stdout:/usr/bin/ceph: stderr
2024-05-08T22:55:43.922+0000 7f2b81200700 1 --2- 172.21.15.46:0/1917483582 >> [v2:172.21.15.46:6800/664114694,v1:172.21.15.46:6801/664114694] conn(0x7f2b64038750 0x7f2b6403ac10 unknown :-1 s=START_CONNECT pgs=0 cs=0 l=1 rev1=0 crypto rx=0 tx=0 comp rx=0 tx=0)._fault waiting 0.400000
2024-05-08T22:55:44.336 INFO:teuthology.orchestra.run.smithi046.stdout:/usr/bin/ceph: stderr
2024-05-08T22:55:44.000+0000 7f2b84600700 1 -- 172.21.15.46:0/1917483582 --> [v2:172.21.15.46:3300/0,v1:172.21.15.46:6789/0] -- mon_command({"prefix": "mgr stat"} v 0) v1 -- 0x7f2b7c19fab0 con 0x7f2b7c106780
2024-05-08T22:55:44.336 INFO:teuthology.orchestra.run.smithi046.stdout:/usr/bin/ceph: stderr
2024-05-08T22:55:44.000+0000 7f2b7a000700 1 -- 172.21.15.46:0/1917483582 <== mon.0 v2:172.21.15.46:3300/0 7 ==== mon_command_ack([{"prefix": "mgr stat"}]=0 v5) v1 ==== 56+0+88 (secure 0 0 0) 0x7f2b70020070 con 0x7f2b7c106780
2024-05-08T22:55:44.336 INFO:teuthology.orchestra.run.smithi046.stdout:/usr/bin/ceph: stderr
2024-05-08T22:55:44.003+0000 7f2b84600700 1 -- 172.21.15.46:0/1917483582 >> [v2:172.21.15.46:6800/664114694,v1:172.21.15.46:6801/664114694] conn(0x7f2b64038750 msgr2=0x7f2b6403ac10 unknown :-1 s=STATE_CONNECTING l=1).mark_down
2024-05-08T22:55:44.336 INFO:teuthology.orchestra.run.smithi046.stdout:/usr/bin/ceph: stderr
2024-05-08T22:55:44.003+0000 7f2b84600700 1 --2- 172.21.15.46:0/1917483582 >> [v2:172.21.15.46:6800/664114694,v1:172.21.15.46:6801/664114694] conn(0x7f2b64038750 0x7f2b6403ac10 unknown :-1 s=START_CONNECT pgs=0 cs=0 l=1 rev1=0 crypto rx=0 tx=0 comp rx=0 tx=0).stop
2024-05-08T22:55:44.336 INFO:teuthology.orchestra.run.smithi046.stdout:/usr/bin/ceph: stderr
2024-05-08T22:55:44.003+0000 7f2b84600700 1 -- 172.21.15.46:0/1917483582 >> [v2:172.21.15.46:3300/0,v1:172.21.15.46:6789/0] conn(0x7f2b7c106780 msgr2=0x7f2b7c19c640 secure :-1 s=STATE_CONNECTION_ESTABLISHED l=1).mark_down
2024-05-08T22:55:44.336 INFO:teuthology.orchestra.run.smithi046.stdout:/usr/bin/ceph: stderr
2024-05-08T22:55:44.003+0000 7f2b84600700 1 --2- 172.21.15.46:0/1917483582 >> [v2:172.21.15.46:3300/0,v1:172.21.15.46:6789/0] conn(0x7f2b7c106780 0x7f2b7c19c640 secure :-1 s=READY pgs=25 cs=0 l=1 rev1=1 crypto rx=0x7f2b70009fd0 tx=0x7f2b700045f0 comp rx=0 tx=0).stop
2024-05-08T22:55:44.336 INFO:teuthology.orchestra.run.smithi046.stdout:/usr/bin/ceph: stderr
2024-05-08T22:55:44.003+0000 7f2b84600700 1 -- 172.21.15.46:0/1917483582 shutdown_connections
2024-05-08T22:55:44.336 INFO:teuthology.orchestra.run.smithi046.stdout:/usr/bin/ceph: stderr
2024-05-08T22:55:44.003+0000 7f2b84600700 1 --2- 172.21.15.46:0/1917483582 >> [v2:172.21.15.46:6800/664114694,v1:172.21.15.46:6801/664114694] conn(0x7f2b64038750 0x7f2b6403ac10 unknown :-1 s=CLOSED pgs=0 cs=0 l=1 rev1=0 crypto rx=0 tx=0 comp rx=0 tx=0).stop
2024-05-08T22:55:44.336 INFO:teuthology.orchestra.run.smithi046.stdout:/usr/bin/ceph: stderr
2024-05-08T22:55:44.003+0000 7f2b84600700 1 --2- 172.21.15.46:0/1917483582 >> [v2:172.21.15.46:3300/0,v1:172.21.15.46:6789/0] conn(0x7f2b7c106780 0x7f2b7c19c640 unknown :-1 s=CLOSED pgs=25 cs=0 l=1 rev1=1 crypto rx=0 tx=0 comp rx=0 tx=0).stop
2024-05-08T22:55:44.336 INFO:teuthology.orchestra.run.smithi046.stdout:/usr/bin/ceph: stderr
2024-05-08T22:55:44.003+0000 7f2b84600700 1 -- 172.21.15.46:0/1917483582 >> 172.21.15.46:0/1917483582 conn(0x7f2b7c101d20 msgr2=0x7f2b7c1027d0 unknown :-1 s=STATE_NONE l=0).mark_down
2024-05-08T22:55:44.336 INFO:teuthology.orchestra.run.smithi046.stdout:/usr/bin/ceph: stderr
2024-05-08T22:55:44.003+0000 7f2b84600700 1 -- 172.21.15.46:0/1917483582 shutdown_connections
2024-05-08T22:55:44.337 INFO:teuthology.orchestra.run.smithi046.stdout:/usr/bin/ceph: stderr
2024-05-08T22:55:44.003+0000 7f2b84600700 1 -- 172.21.15.46:0/1917483582 wait complete.
2024-05-08T22:55:44.337 INFO:teuthology.orchestra.run.smithi046.stdout:Waiting for the mgr to restart...
2024-05-08T22:55:44.337 INFO:teuthology.orchestra.run.smithi046.stdout:Waiting for mgr epoch 5...
2024-05-08T22:55:45.181 INFO:journalctl@ceph.mon.a.smithi046.stdout:May 08 22:55:44 smithi046 ceph-mon[36898]: from='client.? 172.21.15.46:0/1917483582' entity='client.admin' cmd=[{"prefix": "mgr stat"}]: dispatch
2024-05-08T22:55:45.181 INFO:journalctl@ceph.mgr.x.smithi046.stdout:May 08 22:55:44 smithi046 ceph-ebe57712-0d8d-11ef-bc97-c7b262605968-mgr-x[37150]:
2024-05-08T22:55:44.853+0000 7f48221fd200 -1 mgr[py] Module orchestrator has missing NOTIFY_TYPES member
2024-05-08T22:55:45.450 INFO:journalctl@ceph.mgr.x.smithi046.stdout:May 08 22:55:45 smithi046 ceph-ebe57712-0d8d-11ef-bc97-c7b262605968-mgr-x[37150]:
2024-05-08T22:55:45.181+0000 7f48221fd200 -1 mgr[py] Module nfs has missing NOTIFY_TYPES member
2024-05-08T22:55:45.451 INFO:journalctl@ceph.mgr.x.smithi046.stdout:May 08 22:55:45 smithi046 ceph-ebe57712-0d8d-11ef-bc97-c7b262605968-mgr-x[37150]:
2024-05-08T22:55:45.301+0000 7f48221fd200 -1 mgr[py] Module zabbix has missing NOTIFY_TYPES member
2024-05-08T22:55:45.776 INFO:journalctl@ceph.mgr.x.smithi046.stdout:May 08 22:55:45 smithi046 ceph-ebe57712-0d8d-11ef-bc97-c7b262605968-mgr-x[37150]:
2024-05-08T22:55:45.451+0000 7f48221fd200 -1 mgr[py] Module rbd_support has missing NOTIFY_TYPES member
2024-05-08T22:55:45.776 INFO:journalctl@ceph.mgr.x.smithi046.stdout:May 08 22:55:45 smithi046 ceph-ebe57712-0d8d-11ef-bc97-c7b262605968-mgr-x[37150]:
2024-05-08T22:55:45.654+0000 7f48221fd200 -1 mgr[py] Module status has missing NOTIFY_TYPES member
2024-05-08T22:55:46.276 INFO:journalctl@ceph.mgr.x.smithi046.stdout:May 08 22:55:45 smithi046 ceph-ebe57712-0d8d-11ef-bc97-c7b262605968-mgr-x[37150]:
2024-05-08T22:55:45.833+0000 7f48221fd200 -1 mgr[py] Module diskprediction_local has missing NOTIFY_TYPES member
2024-05-08T22:55:46.276 INFO:journalctl@ceph.mgr.x.smithi046.stdout:May 08 22:55:45 smithi046 ceph-ebe57712-0d8d-11ef-bc97-c7b262605968-mgr-x[37150]:
2024-05-08T22:55:45.951+0000 7f48221fd200 -1 mgr[py] Module telegraf has missing NOTIFY_TYPES member
2024-05-08T22:55:46.776 INFO:journalctl@ceph.mgr.x.smithi046.stdout:May 08 22:55:46 smithi046 ceph-ebe57712-0d8d-11ef-bc97-c7b262605968-mgr-x[37150]:
2024-05-08T22:55:46.440+0000 7f48221fd200 -1 mgr[py] Module influx has missing NOTIFY_TYPES member
2024-05-08T22:55:47.231 INFO:journalctl@ceph.mgr.x.smithi046.stdout:May 08 22:55:46 smithi046 ceph-ebe57712-0d8d-11ef-bc97-c7b262605968-mgr-x[37150]:
2024-05-08T22:55:46.966+0000 7f48221fd200 -1 mgr[py] Module pg_autoscaler has missing NOTIFY_TYPES member
2024-05-08T22:55:47.526 INFO:journalctl@ceph.mgr.x.smithi046.stdout:May 08 22:55:47 smithi046 ceph-ebe57712-0d8d-11ef-bc97-c7b262605968-mgr-x[37150]:
2024-05-08T22:55:47.231+0000 7f48221fd200 -1 mgr[py] Module rgw has missing NOTIFY_TYPES member
2024-05-08T22:55:47.526 INFO:journalctl@ceph.mgr.x.smithi046.stdout:May 08 22:55:47 smithi046 ceph-ebe57712-0d8d-11ef-bc97-c7b262605968-mgr-x[37150]:
2024-05-08T22:55:47.360+0000 7f48221fd200 -1 mgr[py] Module balancer has missing NOTIFY_TYPES member
2024-05-08T22:55:48.721 INFO:journalctl@ceph.mgr.x.smithi046.stdout:May 08 22:55:48 smithi046 ceph-ebe57712-0d8d-11ef-bc97-c7b262605968-mgr-x[37150]:
2024-05-08T22:55:48.383+0000 7f48221fd200 -1 mgr[py] Module iostat has missing NOTIFY_TYPES member
2024-05-08T22:55:48.722 INFO:journalctl@ceph.mgr.x.smithi046.stdout:May 08 22:55:48 smithi046 ceph-ebe57712-0d8d-11ef-bc97-c7b262605968-mgr-x[37150]:
2024-05-08T22:55:48.516+0000 7f48221fd200 -1 mgr[py] Module snap_schedule has missing NOTIFY_TYPES member
2024-05-08T22:55:49.026 INFO:journalctl@ceph.mgr.x.smithi046.stdout:May 08 22:55:48 smithi046 ceph-ebe57712-0d8d-11ef-bc97-c7b262605968-mgr-x[37150]:
2024-05-08T22:55:48.722+0000 7f48221fd200 -1 mgr[py] Module telemetry has missing NOTIFY_TYPES member
2024-05-08T22:55:49.853 INFO:journalctl@ceph.mgr.x.smithi046.stdout:May 08 22:55:49 smithi046 ceph-ebe57712-0d8d-11ef-bc97-c7b262605968-mgr-x[37150]:
2024-05-08T22:55:49.600+0000 7f48221fd200 -1 mgr[py] Module rook has missing NOTIFY_TYPES member
2024-05-08T22:55:50.526 INFO:journalctl@ceph.mgr.x.smithi046.stdout:May 08 22:55:49 smithi046 ceph-ebe57712-0d8d-11ef-bc97-c7b262605968-mgr-x[37150]:
2024-05-08T22:55:49.853+0000 7f48221fd200 -1 mgr[py] Module selftest has missing NOTIFY_TYPES member
2024-05-08T22:55:50.526 INFO:journalctl@ceph.mgr.x.smithi046.stdout:May 08 22:55:50 smithi046 ceph-ebe57712-0d8d-11ef-bc97-c7b262605968-mgr-x[37150]:
2024-05-08T22:55:50.126+0000 7f48221fd200 -1 mgr[py] Module devicehealth has missing NOTIFY_TYPES member
2024-05-08T22:55:51.718 INFO:journalctl@ceph.mgr.x.smithi046.stdout:May 08 22:55:51 smithi046 ceph-ebe57712-0d8d-11ef-bc97-c7b262605968-mgr-x[37150]:
2024-05-08T22:55:51.324+0000 7f48221fd200 -1 mgr[py] Module volumes has missing NOTIFY_TYPES member
2024-05-08T22:55:52.026 INFO:journalctl@ceph.mgr.x.smithi046.stdout:May 08 22:55:51 smithi046 ceph-ebe57712-0d8d-11ef-bc97-c7b262605968-mgr-x[37150]:
2024-05-08T22:55:51.718+0000 7f48221fd200 -1 mgr[py] Module test_orchestrator has missing NOTIFY_TYPES member
2024-05-08T22:55:52.026 INFO:journalctl@ceph.mgr.x.smithi046.stdout:May 08 22:55:51 smithi046 ceph-ebe57712-0d8d-11ef-bc97-c7b262605968-mgr-x[37150]:
2024-05-08T22:55:51.845+0000 7f48221fd200 -1 mgr[py] Module osd_support has missing NOTIFY_TYPES member
2024-05-08T22:55:52.526 INFO:journalctl@ceph.mgr.x.smithi046.stdout:May 08 22:55:52 smithi046 ceph-ebe57712-0d8d-11ef-bc97-c7b262605968-mgr-x[37150]:
2024-05-08T22:55:52.113+0000 7f48221fd200 -1 mgr[py] Module crash has missing NOTIFY_TYPES member
2024-05-08T22:55:52.526 INFO:journalctl@ceph.mon.a.smithi046.stdout:May 08 22:55:52 smithi046 ceph-mon[36898]: Active manager daemon x restarted
2024-05-08T22:55:52.527 INFO:journalctl@ceph.mon.a.smithi046.stdout:May 08 22:55:52 smithi046 ceph-mon[36898]: Activating manager daemon x
2024-05-08T22:55:52.527 INFO:journalctl@ceph.mon.a.smithi046.stdout:May 08 22:55:52 smithi046 ceph-mon[36898]: osdmap e2: 0 total, 0 up, 0 in
2024-05-08T22:55:52.527 INFO:journalctl@ceph.mon.a.smithi046.stdout:May 08 22:55:52 smithi046 ceph-mon[36898]: mgrmap e6: x(active, starting, since 0.00378856s)
2024-05-08T22:55:52.527 INFO:journalctl@ceph.mon.a.smithi046.stdout:May 08 22:55:52 smithi046 ceph-mon[36898]: from='mgr.14118 172.21.15.46:0/2573276721' entity='mgr.x' cmd=[{"prefix": "mon metadata", "id": "a"}]: dispatch
2024-05-08T22:55:52.527 INFO:journalctl@ceph.mon.a.smithi046.stdout:May 08 22:55:52 smithi046 ceph-mon[36898]: from='mgr.14118 172.21.15.46:0/2573276721' entity='mgr.x' cmd=[{"prefix": "mgr metadata", "who": "x", "id": "x"}]: dispatch
2024-05-08T22:55:52.527 INFO:journalctl@ceph.mon.a.smithi046.stdout:May 08 22:55:52 smithi046 ceph-mon[36898]: from='mgr.14118 172.21.15.46:0/2573276721' entity='mgr.x' cmd=[{"prefix": "mds metadata"}]: dispatch
2024-05-08T22:55:52.527 INFO:journalctl@ceph.mon.a.smithi046.stdout:May 08 22:55:52 smithi046 ceph-mon[36898]: from='mgr.14118 172.21.15.46:0/2573276721' entity='mgr.x' cmd=[{"prefix": "osd metadata"}]: dispatch
2024-05-08T22:55:52.527 INFO:journalctl@ceph.mon.a.smithi046.stdout:May 08 22:55:52 smithi046 ceph-mon[36898]: from='mgr.14118 172.21.15.46:0/2573276721' entity='mgr.x' cmd=[{"prefix": "mon metadata"}]: dispatch
2024-05-08T22:55:52.527 INFO:journalctl@ceph.mon.a.smithi046.stdout:May 08 22:55:52 smithi046 ceph-mon[36898]: Manager daemon x is now available
2024-05-08T22:55:52.527 INFO:journalctl@ceph.mon.a.smithi046.stdout:May 08 22:55:52 smithi046 ceph-mon[36898]: from='mgr.14118 172.21.15.46:0/2573276721' entity='mgr.x'
2024-05-08T22:55:52.527 INFO:journalctl@ceph.mon.a.smithi046.stdout:May 08 22:55:52 smithi046 ceph-mon[36898]: from='mgr.14118 172.21.15.46:0/2573276721' entity='mgr.x'
2024-05-08T22:55:52.527 INFO:journalctl@ceph.mon.a.smithi046.stdout:May 08 22:55:52 smithi046 ceph-mon[36898]: from='mgr.14118 172.21.15.46:0/2573276721' entity='mgr.x' cmd=[{"prefix": "config dump", "format": "json"}]: dispatch
2024-05-08T22:55:52.527 INFO:journalctl@ceph.mon.a.smithi046.stdout:May 08 22:55:52 smithi046 ceph-mon[36898]: from='mgr.14118 172.21.15.46:0/2573276721' entity='mgr.x' cmd=[{"prefix": "config dump", "format": "json"}]: dispatch
2024-05-08T22:55:53.499 INFO:teuthology.orchestra.run.smithi046.stdout:/usr/bin/ceph: stdout {
2024-05-08T22:55:53.500 INFO:teuthology.orchestra.run.smithi046.stdout:/usr/bin/ceph: stdout "mgrmap_epoch": 7,
2024-05-08T22:55:53.500 INFO:teuthology.orchestra.run.smithi046.stdout:/usr/bin/ceph: stdout "initialized": true
2024-05-08T22:55:53.500 INFO:teuthology.orchestra.run.smithi046.stdout:/usr/bin/ceph: stdout }
2024-05-08T22:55:53.500 INFO:teuthology.orchestra.run.smithi046.stdout:/usr/bin/ceph: stderr
2024-05-08T22:55:44.771+0000 7f5d7d200700 1 Processor -- start
2024-05-08T22:55:53.500 INFO:teuthology.orchestra.run.smithi046.stdout:/usr/bin/ceph: stderr
2024-05-08T22:55:44.771+0000 7f5d7d200700 1 -- start start
2024-05-08T22:55:53.500 INFO:teuthology.orchestra.run.smithi046.stdout:/usr/bin/ceph: stderr
2024-05-08T22:55:44.772+0000 7f5d7d200700 1 --2- >> [v2:172.21.15.46:3300/0,v1:172.21.15.46:6789/0] conn(0x7f5d7807be70 0x7f5d7807a320 unknown :-1 s=NONE pgs=0 cs=0 l=0 rev1=0 crypto rx=0 tx=0 comp rx=0 tx=0).connect
2024-05-08T22:55:53.500 INFO:teuthology.orchestra.run.smithi046.stdout:/usr/bin/ceph: stderr
2024-05-08T22:55:44.772+0000 7f5d7d200700 1 -- --> [v2:172.21.15.46:3300/0,v1:172.21.15.46:6789/0] -- mon_getmap magic: 0 v1 -- 0x7f5d7807a8f0 con 0x7f5d7807be70
2024-05-08T22:55:53.500 INFO:teuthology.orchestra.run.smithi046.stdout:/usr/bin/ceph: stderr
2024-05-08T22:55:44.772+0000 7f5d75e00700 1 --2- >> [v2:172.21.15.46:3300/0,v1:172.21.15.46:6789/0] conn(0x7f5d7807be70 0x7f5d7807a320 unknown :-1 s=BANNER_CONNECTING pgs=0 cs=0 l=0 rev1=0 crypto rx=0 tx=0 comp rx=0 tx=0)._handle_peer_banner_payload supported=3 required=0
2024-05-08T22:55:53.500 INFO:teuthology.orchestra.run.smithi046.stdout:/usr/bin/ceph: stderr
2024-05-08T22:55:44.772+0000 7f5d75e00700 1 --2- >> [v2:172.21.15.46:3300/0,v1:172.21.15.46:6789/0] conn(0x7f5d7807be70 0x7f5d7807a320 unknown :-1 s=HELLO_CONNECTING pgs=0 cs=0 l=0 rev1=1 crypto rx=0 tx=0 comp rx=0 tx=0).handle_hello peer v2:172.21.15.46:3300/0 says I am v2:172.21.15.46:48002/0 (socket says 172.21.15.46:48002)
2024-05-08T22:55:53.500 INFO:teuthology.orchestra.run.smithi046.stdout:/usr/bin/ceph: stderr
2024-05-08T22:55:44.772+0000 7f5d75e00700 1 -- 172.21.15.46:0/1419885767 learned_addr learned my addr 172.21.15.46:0/1419885767 (peer_addr_for_me v2:172.21.15.46:0/0)
2024-05-08T22:55:53.500 INFO:teuthology.orchestra.run.smithi046.stdout:/usr/bin/ceph: stderr
2024-05-08T22:55:44.772+0000 7f5d75e00700 1 -- 172.21.15.46:0/1419885767 --> [v2:172.21.15.46:3300/0,v1:172.21.15.46:6789/0] -- mon_subscribe({config=0+,monmap=0+}) v3 -- 0x7f5d7807aa30 con 0x7f5d7807be70
2024-05-08T22:55:53.501 INFO:teuthology.orchestra.run.smithi046.stdout:/usr/bin/ceph: stderr
2024-05-08T22:55:44.773+0000 7f5d75e00700 1 --2- 172.21.15.46:0/1419885767 >> [v2:172.21.15.46:3300/0,v1:172.21.15.46:6789/0] conn(0x7f5d7807be70 0x7f5d7807a320 secure :-1 s=READY pgs=26 cs=0 l=1 rev1=1 crypto rx=0x7f5d680098a0 tx=0x7f5d68009bb0 comp rx=0 tx=0).ready entity=mon.0 client_cookie=cad0f1548be76074 server_cookie=0 in_seq=0 out_seq=0
2024-05-08T22:55:53.501 INFO:teuthology.orchestra.run.smithi046.stdout:/usr/bin/ceph: stderr
2024-05-08T22:55:44.773+0000 7f5d74a00700 1 -- 172.21.15.46:0/1419885767 <== mon.0 v2:172.21.15.46:3300/0 1 ==== mon_map magic: 0 v1 ==== 205+0+0 (secure 0 0 0) 0x7f5d68004160 con 0x7f5d7807be70
2024-05-08T22:55:53.501 INFO:teuthology.orchestra.run.smithi046.stdout:/usr/bin/ceph: stderr
2024-05-08T22:55:44.773+0000 7f5d74a00700 1 -- 172.21.15.46:0/1419885767 <== mon.0 v2:172.21.15.46:3300/0 2 ==== config(26 keys) v1 ==== 1074+0+0 (secure 0 0 0) 0x7f5d680042c0 con 0x7f5d7807be70
2024-05-08T22:55:53.501 INFO:teuthology.orchestra.run.smithi046.stdout:/usr/bin/ceph: stderr
2024-05-08T22:55:44.773+0000 7f5d74a00700 1 -- 172.21.15.46:0/1419885767 <== mon.0 v2:172.21.15.46:3300/0 3 ==== mon_map magic: 0 v1 ==== 205+0+0 (secure 0 0 0) 0x7f5d68011a00 con 0x7f5d7807be70
2024-05-08T22:55:53.501 INFO:teuthology.orchestra.run.smithi046.stdout:/usr/bin/ceph: stderr
2024-05-08T22:55:44.774+0000 7f5d7d200700 1 -- 172.21.15.46:0/1419885767 >> [v2:172.21.15.46:3300/0,v1:172.21.15.46:6789/0] conn(0x7f5d7807be70 msgr2=0x7f5d7807a320 secure :-1 s=STATE_CONNECTION_ESTABLISHED l=1).mark_down
2024-05-08T22:55:53.501 INFO:teuthology.orchestra.run.smithi046.stdout:/usr/bin/ceph: stderr
2024-05-08T22:55:44.774+0000 7f5d7d200700 1 --2- 172.21.15.46:0/1419885767 >> [v2:172.21.15.46:3300/0,v1:172.21.15.46:6789/0] conn(0x7f5d7807be70 0x7f5d7807a320 secure :-1 s=READY pgs=26 cs=0 l=1 rev1=1 crypto rx=0x7f5d680098a0 tx=0x7f5d68009bb0 comp rx=0 tx=0).stop
2024-05-08T22:55:53.501 INFO:teuthology.orchestra.run.smithi046.stdout:/usr/bin/ceph: stderr
2024-05-08T22:55:44.774+0000 7f5d7d200700 1 -- 172.21.15.46:0/1419885767 shutdown_connections
2024-05-08T22:55:53.501 INFO:teuthology.orchestra.run.smithi046.stdout:/usr/bin/ceph: stderr
2024-05-08T22:55:44.774+0000 7f5d7d200700 1 --2- 172.21.15.46:0/1419885767 >> [v2:172.21.15.46:3300/0,v1:172.21.15.46:6789/0] conn(0x7f5d7807be70 0x7f5d7807a320 unknown :-1 s=CLOSED pgs=26 cs=0 l=1 rev1=1 crypto rx=0 tx=0 comp rx=0 tx=0).stop
2024-05-08T22:55:53.501 INFO:teuthology.orchestra.run.smithi046.stdout:/usr/bin/ceph: stderr
2024-05-08T22:55:44.774+0000 7f5d7d200700 1 -- 172.21.15.46:0/1419885767 >> 172.21.15.46:0/1419885767 conn(0x7f5d78101d20 msgr2=0x7f5d78104160 unknown :-1 s=STATE_NONE l=0).mark_down
2024-05-08T22:55:53.501 INFO:teuthology.orchestra.run.smithi046.stdout:/usr/bin/ceph: stderr
2024-05-08T22:55:44.774+0000 7f5d7d200700 1 -- 172.21.15.46:0/1419885767 shutdown_connections
2024-05-08T22:55:53.501 INFO:teuthology.orchestra.run.smithi046.stdout:/usr/bin/ceph: stderr
2024-05-08T22:55:44.774+0000 7f5d7d200700 1 -- 172.21.15.46:0/1419885767 wait complete.
2024-05-08T22:55:53.502 INFO:teuthology.orchestra.run.smithi046.stdout:/usr/bin/ceph: stderr
2024-05-08T22:55:44.775+0000 7f5d7d200700 1 Processor -- start
2024-05-08T22:55:53.502 INFO:teuthology.orchestra.run.smithi046.stdout:/usr/bin/ceph: stderr
2024-05-08T22:55:44.775+0000 7f5d7d200700 1 -- start start
2024-05-08T22:55:53.502 INFO:teuthology.orchestra.run.smithi046.stdout:/usr/bin/ceph: stderr
2024-05-08T22:55:44.775+0000 7f5d7d200700 1 --2- >> [v2:172.21.15.46:3300/0,v1:172.21.15.46:6789/0] conn(0x7f5d7807be70 0x7f5d7819c630 unknown :-1 s=NONE pgs=0 cs=0 l=1 rev1=0 crypto rx=0 tx=0 comp rx=0 tx=0).connect
2024-05-08T22:55:53.502 INFO:teuthology.orchestra.run.smithi046.stdout:/usr/bin/ceph: stderr
2024-05-08T22:55:44.775+0000 7f5d7d200700 1 -- --> [v2:172.21.15.46:3300/0,v1:172.21.15.46:6789/0] -- mon_getmap magic: 0 v1 -- 0x7f5d7819cb70 con 0x7f5d7807be70
2024-05-08T22:55:53.502 INFO:teuthology.orchestra.run.smithi046.stdout:/usr/bin/ceph: stderr
2024-05-08T22:55:44.776+0000 7f5d75e00700 1 --2- >> [v2:172.21.15.46:3300/0,v1:172.21.15.46:6789/0] conn(0x7f5d7807be70 0x7f5d7819c630 unknown :-1 s=BANNER_CONNECTING pgs=0 cs=0 l=1 rev1=0 crypto rx=0 tx=0 comp rx=0 tx=0)._handle_peer_banner_payload supported=3 required=0
2024-05-08T22:55:53.502 INFO:teuthology.orchestra.run.smithi046.stdout:/usr/bin/ceph: stderr
2024-05-08T22:55:44.776+0000 7f5d75e00700 1 --2- >> [v2:172.21.15.46:3300/0,v1:172.21.15.46:6789/0] conn(0x7f5d7807be70 0x7f5d7819c630 unknown :-1 s=HELLO_CONNECTING pgs=0 cs=0 l=1 rev1=1 crypto rx=0 tx=0 comp rx=0 tx=0).handle_hello peer v2:172.21.15.46:3300/0 says I am v2:172.21.15.46:48016/0 (socket says 172.21.15.46:48016)
2024-05-08T22:55:53.502 INFO:teuthology.orchestra.run.smithi046.stdout:/usr/bin/ceph: stderr
2024-05-08T22:55:44.776+0000 7f5d75e00700 1 -- 172.21.15.46:0/1976855221 learned_addr learned my addr 172.21.15.46:0/1976855221 (peer_addr_for_me v2:172.21.15.46:0/0)
2024-05-08T22:55:53.502 INFO:teuthology.orchestra.run.smithi046.stdout:/usr/bin/ceph: stderr
2024-05-08T22:55:44.776+0000 7f5d75e00700 1 -- 172.21.15.46:0/1976855221 --> [v2:172.21.15.46:3300/0,v1:172.21.15.46:6789/0] -- mon_subscribe({config=0+,monmap=0+}) v3 -- 0x7f5d68009550 con 0x7f5d7807be70
2024-05-08T22:55:53.502 INFO:teuthology.orchestra.run.smithi046.stdout:/usr/bin/ceph: stderr
2024-05-08T22:55:44.776+0000 7f5d75e00700 1 --2- 172.21.15.46:0/1976855221 >> [v2:172.21.15.46:3300/0,v1:172.21.15.46:6789/0] conn(0x7f5d7807be70 0x7f5d7819c630 secure :-1 s=READY pgs=27 cs=0 l=1 rev1=1 crypto rx=0x7f5d68009130 tx=0x7f5d68011ad0 comp rx=0 tx=0).ready entity=mon.0 client_cookie=0 server_cookie=0 in_seq=0 out_seq=0
2024-05-08T22:55:53.502 INFO:teuthology.orchestra.run.smithi046.stdout:/usr/bin/ceph: stderr
2024-05-08T22:55:44.777+0000 7f5d6ea00700 1 -- 172.21.15.46:0/1976855221 <== mon.0 v2:172.21.15.46:3300/0 1 ==== mon_map magic: 0 v1 ==== 205+0+0 (secure 0 0 0) 0x7f5d68003b70 con 0x7f5d7807be70
2024-05-08T22:55:53.506 INFO:teuthology.orchestra.run.smithi046.stdout:/usr/bin/ceph: stderr
2024-05-08T22:55:44.777+0000 7f5d6ea00700 1 -- 172.21.15.46:0/1976855221 <== mon.0 v2:172.21.15.46:3300/0 2 ==== config(26 keys) v1 ==== 1074+0+0 (secure 0 0 0) 0x7f5d68003cd0 con 0x7f5d7807be70
2024-05-08T22:55:53.506 INFO:teuthology.orchestra.run.smithi046.stdout:/usr/bin/ceph: stderr
2024-05-08T22:55:44.777+0000 7f5d6ea00700 1 -- 172.21.15.46:0/1976855221 <== mon.0 v2:172.21.15.46:3300/0 3 ==== mon_map magic: 0 v1 ==== 205+0+0 (secure 0 0 0) 0x7f5d680197d0 con 0x7f5d7807be70
2024-05-08T22:55:53.507 INFO:teuthology.orchestra.run.smithi046.stdout:/usr/bin/ceph: stderr
2024-05-08T22:55:44.777+0000 7f5d7d200700 1 -- 172.21.15.46:0/1976855221 --> [v2:172.21.15.46:3300/0,v1:172.21.15.46:6789/0] -- mon_subscribe({mgrmap=0+}) v3 -- 0x7f5d7819cd70 con 0x7f5d7807be70
2024-05-08T22:55:53.507 INFO:teuthology.orchestra.run.smithi046.stdout:/usr/bin/ceph: stderr
2024-05-08T22:55:44.777+0000 7f5d7d200700 1 -- 172.21.15.46:0/1976855221 --> [v2:172.21.15.46:3300/0,v1:172.21.15.46:6789/0] -- mon_subscribe({osdmap=0}) v3 -- 0x7f5d7819d210 con 0x7f5d7807be70
2024-05-08T22:55:53.507 INFO:teuthology.orchestra.run.smithi046.stdout:/usr/bin/ceph: stderr
2024-05-08T22:55:44.778+0000 7f5d6ea00700 1 -- 172.21.15.46:0/1976855221 <== mon.0 v2:172.21.15.46:3300/0 4 ==== mgrmap(e 5) v1 ==== 45541+0+0 (secure 0 0 0) 0x7f5d680199c0 con 0x7f5d7807be70
2024-05-08T22:55:53.507 INFO:teuthology.orchestra.run.smithi046.stdout:/usr/bin/ceph: stderr
2024-05-08T22:55:44.778+0000 7f5d6ea00700 1 --2- 172.21.15.46:0/1976855221 >> [v2:172.21.15.46:6800/664114694,v1:172.21.15.46:6801/664114694] conn(0x7f5d5c0387a0 0x7f5d5c03ac60 unknown :-1 s=NONE pgs=0 cs=0 l=1 rev1=0 crypto rx=0 tx=0 comp rx=0 tx=0).connect
2024-05-08T22:55:53.507 INFO:teuthology.orchestra.run.smithi046.stdout:/usr/bin/ceph: stderr
2024-05-08T22:55:44.778+0000 7f5d6ea00700 1 -- 172.21.15.46:0/1976855221 --> [v2:172.21.15.46:6800/664114694,v1:172.21.15.46:6801/664114694] -- command(tid 0: {"prefix": "get_command_descriptions"}) v1 -- 0x7f5d5c03b370 con 0x7f5d5c0387a0
2024-05-08T22:55:53.507 INFO:teuthology.orchestra.run.smithi046.stdout:/usr/bin/ceph: stderr
2024-05-08T22:55:44.778+0000 7f5d6ea00700 1 -- 172.21.15.46:0/1976855221 <== mon.0 v2:172.21.15.46:3300/0 5 ==== osd_map(1..1 src has 1..1) v4 ==== 725+0+0 (secure 0 0 0) 0x7f5d6804ca40 con 0x7f5d7807be70
2024-05-08T22:55:53.507 INFO:teuthology.orchestra.run.smithi046.stdout:/usr/bin/ceph: stderr
2024-05-08T22:55:44.779+0000 7f5d75400700 1 -- 172.21.15.46:0/1976855221 >> [v2:172.21.15.46:6800/664114694,v1:172.21.15.46:6801/664114694] conn(0x7f5d5c0387a0 msgr2=0x7f5d5c03ac60 unknown :-1 s=STATE_CONNECTING_RE l=1).process reconnect failed to v2:172.21.15.46:6800/664114694
2024-05-08T22:55:53.507 INFO:teuthology.orchestra.run.smithi046.stdout:/usr/bin/ceph: stderr
2024-05-08T22:55:44.779+0000 7f5d75400700 1 --2- 172.21.15.46:0/1976855221 >> [v2:172.21.15.46:6800/664114694,v1:172.21.15.46:6801/664114694] conn(0x7f5d5c0387a0 0x7f5d5c03ac60 unknown :-1 s=START_CONNECT pgs=0 cs=0 l=1 rev1=0 crypto rx=0 tx=0 comp rx=0 tx=0)._fault waiting 0.200000
2024-05-08T22:55:53.507 INFO:teuthology.orchestra.run.smithi046.stdout:/usr/bin/ceph: stderr
2024-05-08T22:55:44.980+0000 7f5d75400700 1 -- 172.21.15.46:0/1976855221 >> [v2:172.21.15.46:6800/664114694,v1:172.21.15.46:6801/664114694] conn(0x7f5d5c0387a0 msgr2=0x7f5d5c03ac60 unknown :-1 s=STATE_CONNECTING_RE l=1).process reconnect failed to v2:172.21.15.46:6800/664114694
2024-05-08T22:55:53.507 INFO:teuthology.orchestra.run.smithi046.stdout:/usr/bin/ceph: stderr
2024-05-08T22:55:44.980+0000 7f5d75400700 1 --2- 172.21.15.46:0/1976855221 >> [v2:172.21.15.46:6800/664114694,v1:172.21.15.46:6801/664114694] conn(0x7f5d5c0387a0 0x7f5d5c03ac60 unknown :-1 s=START_CONNECT pgs=0 cs=0 l=1 rev1=0 crypto rx=0 tx=0 comp rx=0 tx=0)._fault waiting 0.400000
2024-05-08T22:55:53.507 INFO:teuthology.orchestra.run.smithi046.stdout:/usr/bin/ceph: stderr
2024-05-08T22:55:45.381+0000 7f5d75400700 1 -- 172.21.15.46:0/1976855221 >> [v2:172.21.15.46:6800/664114694,v1:172.21.15.46:6801/664114694] conn(0x7f5d5c0387a0 msgr2=0x7f5d5c03ac60 unknown :-1 s=STATE_CONNECTING_RE l=1).process reconnect failed to v2:172.21.15.46:6800/664114694
2024-05-08T22:55:53.508 INFO:teuthology.orchestra.run.smithi046.stdout:/usr/bin/ceph: stderr
2024-05-08T22:55:45.381+0000 7f5d75400700 1 --2- 172.21.15.46:0/1976855221 >> [v2:172.21.15.46:6800/664114694,v1:172.21.15.46:6801/664114694] conn(0x7f5d5c0387a0 0x7f5d5c03ac60 unknown :-1 s=START_CONNECT pgs=0 cs=0 l=1 rev1=0 crypto rx=0 tx=0 comp rx=0 tx=0)._fault waiting 0.800000
2024-05-08T22:55:53.508 INFO:teuthology.orchestra.run.smithi046.stdout:/usr/bin/ceph: stderr
2024-05-08T22:55:46.182+0000 7f5d75400700 1 -- 172.21.15.46:0/1976855221 >> [v2:172.21.15.46:6800/664114694,v1:172.21.15.46:6801/664114694] conn(0x7f5d5c0387a0 msgr2=0x7f5d5c03ac60 unknown :-1 s=STATE_CONNECTING_RE l=1).process reconnect failed to v2:172.21.15.46:6800/664114694
2024-05-08T22:55:53.508 INFO:teuthology.orchestra.run.smithi046.stdout:/usr/bin/ceph: stderr
2024-05-08T22:55:46.182+0000 7f5d75400700 1 --2- 172.21.15.46:0/1976855221 >> [v2:172.21.15.46:6800/664114694,v1:172.21.15.46:6801/664114694] conn(0x7f5d5c0387a0 0x7f5d5c03ac60 unknown :-1 s=START_CONNECT pgs=0 cs=0 l=1 rev1=0 crypto rx=0 tx=0 comp rx=0 tx=0)._fault waiting 1.600000
2024-05-08T22:55:53.508 INFO:teuthology.orchestra.run.smithi046.stdout:/usr/bin/ceph: stderr
2024-05-08T22:55:47.783+0000 7f5d75400700 1 -- 172.21.15.46:0/1976855221 >> [v2:172.21.15.46:6800/664114694,v1:172.21.15.46:6801/664114694] conn(0x7f5d5c0387a0 msgr2=0x7f5d5c03ac60 unknown :-1 s=STATE_CONNECTING_RE l=1).process reconnect failed to v2:172.21.15.46:6800/664114694
2024-05-08T22:55:53.508 INFO:teuthology.orchestra.run.smithi046.stdout:/usr/bin/ceph: stderr
