2024-05-08T22:55:34.391+0000 7f6d83400700 1 -- 172.21.15.46:0/1786644552 <== mon.0 v2:172.21.15.46:3300/0 7 ==== mon_command_ack([{"prefix": "status", "format": "json-pretty"}]=0 v0) v1 ==== 79+0+1238 (secure 0 0 0) 0x7f6d7c035090 con 0x7f6d8c106780
2024-05-08T22:55:38.190 INFO:teuthology.orchestra.run.smithi046.stdout:/usr/bin/ceph: stderr
2024-05-08T22:55:34.393+0000 7f6d91800700 1 -- 172.21.15.46:0/1786644552 >> [v2:172.21.15.46:3300/0,v1:172.21.15.46:6789/0] conn(0x7f6d8c106780 msgr2=0x7f6d8c19c660 secure :-1 s=STATE_CONNECTION_ESTABLISHED l=1).mark_down
2024-05-08T22:55:38.190 INFO:teuthology.orchestra.run.smithi046.stdout:/usr/bin/ceph: stderr
2024-05-08T22:55:34.393+0000 7f6d91800700 1 --2- 172.21.15.46:0/1786644552 >> [v2:172.21.15.46:3300/0,v1:172.21.15.46:6789/0] conn(0x7f6d8c106780 0x7f6d8c19c660 secure :-1 s=READY pgs=8 cs=0 l=1 rev1=1 crypto rx=0x7f6d7c009130 tx=0x7f6d7c011ad0 comp rx=0 tx=0).stop
2024-05-08T22:55:38.190 INFO:teuthology.orchestra.run.smithi046.stdout:/usr/bin/ceph: stderr
2024-05-08T22:55:34.393+0000 7f6d91800700 1 -- 172.21.15.46:0/1786644552 shutdown_connections
2024-05-08T22:55:38.190 INFO:teuthology.orchestra.run.smithi046.stdout:/usr/bin/ceph: stderr
2024-05-08T22:55:34.393+0000 7f6d91800700 1 --2- 172.21.15.46:0/1786644552 >> [v2:172.21.15.46:3300/0,v1:172.21.15.46:6789/0] conn(0x7f6d8c106780 0x7f6d8c19c660 unknown :-1 s=CLOSED pgs=8 cs=0 l=1 rev1=1 crypto rx=0 tx=0 comp rx=0 tx=0).stop
2024-05-08T22:55:38.190 INFO:teuthology.orchestra.run.smithi046.stdout:/usr/bin/ceph: stderr
2024-05-08T22:55:34.393+0000 7f6d91800700 1 -- 172.21.15.46:0/1786644552 >> 172.21.15.46:0/1786644552 conn(0x7f6d8c101d20 msgr2=0x7f6d8c102880 unknown :-1 s=STATE_NONE l=0).mark_down
2024-05-08T22:55:38.190 INFO:teuthology.orchestra.run.smithi046.stdout:/usr/bin/ceph: stderr
2024-05-08T22:55:34.393+0000 7f6d91800700 1 -- 172.21.15.46:0/1786644552 shutdown_connections
2024-05-08T22:55:38.190 INFO:teuthology.orchestra.run.smithi046.stdout:/usr/bin/ceph: stderr
2024-05-08T22:55:34.393+0000 7f6d91800700 1 -- 172.21.15.46:0/1786644552 wait complete.
2024-05-08T22:55:38.191 INFO:teuthology.orchestra.run.smithi046.stdout:mgr not available, waiting (2/15)...
2024-05-08T22:55:39.026 INFO:journalctl@ceph.mon.a.smithi046.stdout:May 08 22:55:38 smithi046 ceph-mon[36898]: mgrmap e4: x(active, since 2s)
2024-05-08T22:55:41.221 INFO:teuthology.orchestra.run.smithi046.stdout:/usr/bin/ceph: stdout
2024-05-08T22:55:41.221 INFO:teuthology.orchestra.run.smithi046.stdout:/usr/bin/ceph: stdout {
2024-05-08T22:55:41.222 INFO:teuthology.orchestra.run.smithi046.stdout:/usr/bin/ceph: stdout "fsid": "ebe57712-0d8d-11ef-bc97-c7b262605968",
2024-05-08T22:55:41.222 INFO:journalctl@ceph.mon.a.smithi046.stdout:May 08 22:55:40 smithi046 ceph-mon[36898]: from='client.? 172.21.15.46:0/808794783' entity='client.admin' cmd=[{"prefix": "status", "format": "json-pretty"}]: dispatch
2024-05-08T22:55:41.224 INFO:teuthology.orchestra.run.smithi046.stdout:/usr/bin/ceph: stdout "health": {
2024-05-08T22:55:41.224 INFO:teuthology.orchestra.run.smithi046.stdout:/usr/bin/ceph: stdout "status": "HEALTH_OK",
2024-05-08T22:55:41.224 INFO:teuthology.orchestra.run.smithi046.stdout:/usr/bin/ceph: stdout "checks": {},
2024-05-08T22:55:41.224 INFO:teuthology.orchestra.run.smithi046.stdout:/usr/bin/ceph: stdout "mutes": []
2024-05-08T22:55:41.224 INFO:teuthology.orchestra.run.smithi046.stdout:/usr/bin/ceph: stdout },
2024-05-08T22:55:41.225 INFO:teuthology.orchestra.run.smithi046.stdout:/usr/bin/ceph: stdout "election_epoch": 5,
2024-05-08T22:55:41.225 INFO:teuthology.orchestra.run.smithi046.stdout:/usr/bin/ceph: stdout "quorum": [
2024-05-08T22:55:41.225 INFO:teuthology.orchestra.run.smithi046.stdout:/usr/bin/ceph: stdout 0
2024-05-08T22:55:41.225 INFO:teuthology.orchestra.run.smithi046.stdout:/usr/bin/ceph: stdout ],
2024-05-08T22:55:41.225 INFO:teuthology.orchestra.run.smithi046.stdout:/usr/bin/ceph: stdout "quorum_names": [
2024-05-08T22:55:41.225 INFO:teuthology.orchestra.run.smithi046.stdout:/usr/bin/ceph: stdout "a"
2024-05-08T22:55:41.225 INFO:teuthology.orchestra.run.smithi046.stdout:/usr/bin/ceph: stdout ],
2024-05-08T22:55:41.225 INFO:teuthology.orchestra.run.smithi046.stdout:/usr/bin/ceph: stdout "quorum_age": 16,
2024-05-08T22:55:41.225 INFO:teuthology.orchestra.run.smithi046.stdout:/usr/bin/ceph: stdout "monmap": {
2024-05-08T22:55:41.225 INFO:teuthology.orchestra.run.smithi046.stdout:/usr/bin/ceph: stdout "epoch": 1,
2024-05-08T22:55:41.225 INFO:teuthology.orchestra.run.smithi046.stdout:/usr/bin/ceph: stdout "min_mon_release_name": "reef",
2024-05-08T22:55:41.225 INFO:teuthology.orchestra.run.smithi046.stdout:/usr/bin/ceph: stdout "num_mons": 1
2024-05-08T22:55:41.225 INFO:teuthology.orchestra.run.smithi046.stdout:/usr/bin/ceph: stdout },
2024-05-08T22:55:41.225 INFO:teuthology.orchestra.run.smithi046.stdout:/usr/bin/ceph: stdout "osdmap": {
2024-05-08T22:55:41.225 INFO:teuthology.orchestra.run.smithi046.stdout:/usr/bin/ceph: stdout "epoch": 1,
2024-05-08T22:55:41.226 INFO:teuthology.orchestra.run.smithi046.stdout:/usr/bin/ceph: stdout "num_osds": 0,
2024-05-08T22:55:41.226 INFO:teuthology.orchestra.run.smithi046.stdout:/usr/bin/ceph: stdout "num_up_osds": 0,
2024-05-08T22:55:41.235 INFO:teuthology.orchestra.run.smithi046.stdout:/usr/bin/ceph: stdout "osd_up_since": 0,
2024-05-08T22:55:41.235 INFO:teuthology.orchestra.run.smithi046.stdout:/usr/bin/ceph: stdout "num_in_osds": 0,
2024-05-08T22:55:41.236 INFO:teuthology.orchestra.run.smithi046.stdout:/usr/bin/ceph: stdout "osd_in_since": 0,
2024-05-08T22:55:41.236 INFO:teuthology.orchestra.run.smithi046.stdout:/usr/bin/ceph: stdout "num_remapped_pgs": 0
2024-05-08T22:55:41.236 INFO:teuthology.orchestra.run.smithi046.stdout:/usr/bin/ceph: stdout },
2024-05-08T22:55:41.236 INFO:teuthology.orchestra.run.smithi046.stdout:/usr/bin/ceph: stdout "pgmap": {
2024-05-08T22:55:41.236 INFO:teuthology.orchestra.run.smithi046.stdout:/usr/bin/ceph: stdout "pgs_by_state": [],
2024-05-08T22:55:41.236 INFO:teuthology.orchestra.run.smithi046.stdout:/usr/bin/ceph: stdout "num_pgs": 0,
2024-05-08T22:55:41.236 INFO:teuthology.orchestra.run.smithi046.stdout:/usr/bin/ceph: stdout "num_pools": 0,
2024-05-08T22:55:41.236 INFO:teuthology.orchestra.run.smithi046.stdout:/usr/bin/ceph: stdout "num_objects": 0,
2024-05-08T22:55:41.236 INFO:teuthology.orchestra.run.smithi046.stdout:/usr/bin/ceph: stdout "data_bytes": 0,
2024-05-08T22:55:41.236 INFO:teuthology.orchestra.run.smithi046.stdout:/usr/bin/ceph: stdout "bytes_used": 0,
2024-05-08T22:55:41.236 INFO:teuthology.orchestra.run.smithi046.stdout:/usr/bin/ceph: stdout "bytes_avail": 0,
2024-05-08T22:55:41.236 INFO:teuthology.orchestra.run.smithi046.stdout:/usr/bin/ceph: stdout "bytes_total": 0
2024-05-08T22:55:41.236 INFO:teuthology.orchestra.run.smithi046.stdout:/usr/bin/ceph: stdout },
2024-05-08T22:55:41.236 INFO:teuthology.orchestra.run.smithi046.stdout:/usr/bin/ceph: stdout "fsmap": {
2024-05-08T22:55:41.237 INFO:teuthology.orchestra.run.smithi046.stdout:/usr/bin/ceph: stdout "epoch": 1,
2024-05-08T22:55:41.237 INFO:teuthology.orchestra.run.smithi046.stdout:/usr/bin/ceph: stdout "by_rank": [],
2024-05-08T22:55:41.237 INFO:teuthology.orchestra.run.smithi046.stdout:/usr/bin/ceph: stdout "up:standby": 0
2024-05-08T22:55:41.237 INFO:teuthology.orchestra.run.smithi046.stdout:/usr/bin/ceph: stdout },
2024-05-08T22:55:41.237 INFO:teuthology.orchestra.run.smithi046.stdout:/usr/bin/ceph: stdout "mgrmap": {
2024-05-08T22:55:41.237 INFO:teuthology.orchestra.run.smithi046.stdout:/usr/bin/ceph: stdout "available": true,
2024-05-08T22:55:41.237 INFO:teuthology.orchestra.run.smithi046.stdout:/usr/bin/ceph: stdout "num_standbys": 0,
2024-05-08T22:55:41.237 INFO:teuthology.orchestra.run.smithi046.stdout:/usr/bin/ceph: stdout "modules": [
2024-05-08T22:55:41.237 INFO:teuthology.orchestra.run.smithi046.stdout:/usr/bin/ceph: stdout "iostat",
2024-05-08T22:55:41.237 INFO:teuthology.orchestra.run.smithi046.stdout:/usr/bin/ceph: stdout "nfs",
2024-05-08T22:55:41.237 INFO:teuthology.orchestra.run.smithi046.stdout:/usr/bin/ceph: stdout "restful"
2024-05-08T22:55:41.237 INFO:teuthology.orchestra.run.smithi046.stdout:/usr/bin/ceph: stdout ],
2024-05-08T22:55:41.237 INFO:teuthology.orchestra.run.smithi046.stdout:/usr/bin/ceph: stdout "services": {}
2024-05-08T22:55:41.237 INFO:teuthology.orchestra.run.smithi046.stdout:/usr/bin/ceph: stdout },
2024-05-08T22:55:41.238 INFO:teuthology.orchestra.run.smithi046.stdout:/usr/bin/ceph: stdout "servicemap": {
2024-05-08T22:55:41.238 INFO:teuthology.orchestra.run.smithi046.stdout:/usr/bin/ceph: stdout "epoch": 1,
2024-05-08T22:55:41.238 INFO:teuthology.orchestra.run.smithi046.stdout:/usr/bin/ceph: stdout "modified": "2024-05-08T22:55:20.135373+0000",
2024-05-08T22:55:41.238 INFO:teuthology.orchestra.run.smithi046.stdout:/usr/bin/ceph: stdout "services": {}
2024-05-08T22:55:41.238 INFO:teuthology.orchestra.run.smithi046.stdout:/usr/bin/ceph: stdout },
2024-05-08T22:55:41.238 INFO:teuthology.orchestra.run.smithi046.stdout:/usr/bin/ceph: stdout "progress_events": {}
2024-05-08T22:55:41.238 INFO:teuthology.orchestra.run.smithi046.stdout:/usr/bin/ceph: stdout }
2024-05-08T22:55:41.238 INFO:teuthology.orchestra.run.smithi046.stdout:/usr/bin/ceph: stderr
2024-05-08T22:55:40.585+0000 7fca04e00700 1 Processor -- start
2024-05-08T22:55:41.238 INFO:teuthology.orchestra.run.smithi046.stdout:/usr/bin/ceph: stderr
2024-05-08T22:55:40.585+0000 7fca04e00700 1 -- start start
2024-05-08T22:55:41.238 INFO:teuthology.orchestra.run.smithi046.stdout:/usr/bin/ceph: stderr
2024-05-08T22:55:40.585+0000 7fca04e00700 1 --2- >> [v2:172.21.15.46:3300/0,v1:172.21.15.46:6789/0] conn(0x7fca0007be90 0x7fca0007a340 unknown :-1 s=NONE pgs=0 cs=0 l=0 rev1=0 crypto rx=0 tx=0 comp rx=0 tx=0).connect
2024-05-08T22:55:41.238 INFO:teuthology.orchestra.run.smithi046.stdout:/usr/bin/ceph: stderr
2024-05-08T22:55:40.585+0000 7fca04e00700 1 -- --> [v2:172.21.15.46:3300/0,v1:172.21.15.46:6789/0] -- mon_getmap magic: 0 v1 -- 0x7fca0007a910 con 0x7fca0007be90
2024-05-08T22:55:41.238 INFO:teuthology.orchestra.run.smithi046.stdout:/usr/bin/ceph: stderr
2024-05-08T22:55:40.585+0000 7fc9fde00700 1 --2- >> [v2:172.21.15.46:3300/0,v1:172.21.15.46:6789/0] conn(0x7fca0007be90 0x7fca0007a340 unknown :-1 s=BANNER_CONNECTING pgs=0 cs=0 l=0 rev1=0 crypto rx=0 tx=0 comp rx=0 tx=0)._handle_peer_banner_payload supported=3 required=0
2024-05-08T22:55:41.238 INFO:teuthology.orchestra.run.smithi046.stdout:/usr/bin/ceph: stderr
2024-05-08T22:55:40.586+0000 7fc9fde00700 1 --2- >> [v2:172.21.15.46:3300/0,v1:172.21.15.46:6789/0] conn(0x7fca0007be90 0x7fca0007a340 unknown :-1 s=HELLO_CONNECTING pgs=0 cs=0 l=0 rev1=1 crypto rx=0 tx=0 comp rx=0 tx=0).handle_hello peer v2:172.21.15.46:3300/0 says I am v2:172.21.15.46:48178/0 (socket says 172.21.15.46:48178)
2024-05-08T22:55:41.239 INFO:teuthology.orchestra.run.smithi046.stdout:/usr/bin/ceph: stderr
2024-05-08T22:55:40.586+0000 7fc9fde00700 1 -- 172.21.15.46:0/1355347900 learned_addr learned my addr 172.21.15.46:0/1355347900 (peer_addr_for_me v2:172.21.15.46:0/0)
2024-05-08T22:55:41.239 INFO:teuthology.orchestra.run.smithi046.stdout:/usr/bin/ceph: stderr
2024-05-08T22:55:40.586+0000 7fc9fde00700 1 -- 172.21.15.46:0/1355347900 --> [v2:172.21.15.46:3300/0,v1:172.21.15.46:6789/0] -- mon_subscribe({config=0+,monmap=0+}) v3 -- 0x7fca0007aa50 con 0x7fca0007be90
2024-05-08T22:55:41.239 INFO:teuthology.orchestra.run.smithi046.stdout:/usr/bin/ceph: stderr
2024-05-08T22:55:40.586+0000 7fc9fde00700 1 --2- 172.21.15.46:0/1355347900 >> [v2:172.21.15.46:3300/0,v1:172.21.15.46:6789/0] conn(0x7fca0007be90 0x7fca0007a340 secure :-1 s=READY pgs=16 cs=0 l=1 rev1=1 crypto rx=0x7fc9f00098a0 tx=0x7fc9f0009bb0 comp rx=0 tx=0).ready entity=mon.0 client_cookie=fecb3d9227459b57 server_cookie=0 in_seq=0 out_seq=0
2024-05-08T22:55:41.239 INFO:teuthology.orchestra.run.smithi046.stdout:/usr/bin/ceph: stderr
2024-05-08T22:55:40.586+0000 7fc9fca00700 1 -- 172.21.15.46:0/1355347900 <== mon.0 v2:172.21.15.46:3300/0 1 ==== mon_map magic: 0 v1 ==== 205+0+0 (secure 0 0 0) 0x7fc9f0004160 con 0x7fca0007be90
2024-05-08T22:55:41.239 INFO:teuthology.orchestra.run.smithi046.stdout:/usr/bin/ceph: stderr
2024-05-08T22:55:40.586+0000 7fc9fca00700 1 -- 172.21.15.46:0/1355347900 <== mon.0 v2:172.21.15.46:3300/0 2 ==== config(26 keys) v1 ==== 1074+0+0 (secure 0 0 0) 0x7fc9f00042c0 con 0x7fca0007be90
2024-05-08T22:55:41.239 INFO:teuthology.orchestra.run.smithi046.stdout:/usr/bin/ceph: stderr
2024-05-08T22:55:40.586+0000 7fc9fca00700 1 -- 172.21.15.46:0/1355347900 <== mon.0 v2:172.21.15.46:3300/0 3 ==== mon_map magic: 0 v1 ==== 205+0+0 (secure 0 0 0) 0x7fc9f0011a00 con 0x7fca0007be90
2024-05-08T22:55:41.239 INFO:teuthology.orchestra.run.smithi046.stdout:/usr/bin/ceph: stderr
2024-05-08T22:55:40.587+0000 7fca04e00700 1 -- 172.21.15.46:0/1355347900 >> [v2:172.21.15.46:3300/0,v1:172.21.15.46:6789/0] conn(0x7fca0007be90 msgr2=0x7fca0007a340 secure :-1 s=STATE_CONNECTION_ESTABLISHED l=1).mark_down
2024-05-08T22:55:41.239 INFO:teuthology.orchestra.run.smithi046.stdout:/usr/bin/ceph: stderr
2024-05-08T22:55:40.587+0000 7fca04e00700 1 --2- 172.21.15.46:0/1355347900 >> [v2:172.21.15.46:3300/0,v1:172.21.15.46:6789/0] conn(0x7fca0007be90 0x7fca0007a340 secure :-1 s=READY pgs=16 cs=0 l=1 rev1=1 crypto rx=0x7fc9f00098a0 tx=0x7fc9f0009bb0 comp rx=0 tx=0).stop
2024-05-08T22:55:41.239 INFO:teuthology.orchestra.run.smithi046.stdout:/usr/bin/ceph: stderr
2024-05-08T22:55:40.587+0000 7fca04e00700 1 -- 172.21.15.46:0/1355347900 shutdown_connections
2024-05-08T22:55:41.239 INFO:teuthology.orchestra.run.smithi046.stdout:/usr/bin/ceph: stderr
2024-05-08T22:55:40.587+0000 7fca04e00700 1 --2- 172.21.15.46:0/1355347900 >> [v2:172.21.15.46:3300/0,v1:172.21.15.46:6789/0] conn(0x7fca0007be90 0x7fca0007a340 unknown :-1 s=CLOSED pgs=16 cs=0 l=1 rev1=1 crypto rx=0 tx=0 comp rx=0 tx=0).stop
2024-05-08T22:55:41.239 INFO:teuthology.orchestra.run.smithi046.stdout:/usr/bin/ceph: stderr
2024-05-08T22:55:40.587+0000 7fca04e00700 1 -- 172.21.15.46:0/1355347900 >> 172.21.15.46:0/1355347900 conn(0x7fca00101d20 msgr2=0x7fca00104160 unknown :-1 s=STATE_NONE l=0).mark_down
2024-05-08T22:55:41.239 INFO:teuthology.orchestra.run.smithi046.stdout:/usr/bin/ceph: stderr
2024-05-08T22:55:40.587+0000 7fca04e00700 1 -- 172.21.15.46:0/1355347900 shutdown_connections
2024-05-08T22:55:41.239 INFO:teuthology.orchestra.run.smithi046.stdout:/usr/bin/ceph: stderr
2024-05-08T22:55:40.587+0000 7fca04e00700 1 -- 172.21.15.46:0/1355347900 wait complete.
2024-05-08T22:55:41.240 INFO:teuthology.orchestra.run.smithi046.stdout:/usr/bin/ceph: stderr
2024-05-08T22:55:40.589+0000 7fca04e00700 1 Processor -- start
2024-05-08T22:55:41.240 INFO:teuthology.orchestra.run.smithi046.stdout:/usr/bin/ceph: stderr
2024-05-08T22:55:40.589+0000 7fca04e00700 1 -- start start
2024-05-08T22:55:41.240 INFO:teuthology.orchestra.run.smithi046.stdout:/usr/bin/ceph: stderr
2024-05-08T22:55:40.589+0000 7fca04e00700 1 --2- >> [v2:172.21.15.46:3300/0,v1:172.21.15.46:6789/0] conn(0x7fca0007be90 0x7fca001a0a70 unknown :-1 s=NONE pgs=0 cs=0 l=1 rev1=0 crypto rx=0 tx=0 comp rx=0 tx=0).connect
2024-05-08T22:55:41.240 INFO:teuthology.orchestra.run.smithi046.stdout:/usr/bin/ceph: stderr
2024-05-08T22:55:40.589+0000 7fca04e00700 1 -- --> [v2:172.21.15.46:3300/0,v1:172.21.15.46:6789/0] -- mon_getmap magic: 0 v1 -- 0x7fca001a0fb0 con 0x7fca0007be90
2024-05-08T22:55:41.240 INFO:teuthology.orchestra.run.smithi046.stdout:/usr/bin/ceph: stderr
2024-05-08T22:55:40.589+0000 7fc9fde00700 1 --2- >> [v2:172.21.15.46:3300/0,v1:172.21.15.46:6789/0] conn(0x7fca0007be90 0x7fca001a0a70 unknown :-1 s=BANNER_CONNECTING pgs=0 cs=0 l=1 rev1=0 crypto rx=0 tx=0 comp rx=0 tx=0)._handle_peer_banner_payload supported=3 required=0
2024-05-08T22:55:41.240 INFO:teuthology.orchestra.run.smithi046.stdout:/usr/bin/ceph: stderr
2024-05-08T22:55:40.589+0000 7fc9fde00700 1 --2- >> [v2:172.21.15.46:3300/0,v1:172.21.15.46:6789/0] conn(0x7fca0007be90 0x7fca001a0a70 unknown :-1 s=HELLO_CONNECTING pgs=0 cs=0 l=1 rev1=1 crypto rx=0 tx=0 comp rx=0 tx=0).handle_hello peer v2:172.21.15.46:3300/0 says I am v2:172.21.15.46:48184/0 (socket says 172.21.15.46:48184)
2024-05-08T22:55:41.240 INFO:teuthology.orchestra.run.smithi046.stdout:/usr/bin/ceph: stderr
2024-05-08T22:55:40.589+0000 7fc9fde00700 1 -- 172.21.15.46:0/808794783 learned_addr learned my addr 172.21.15.46:0/808794783 (peer_addr_for_me v2:172.21.15.46:0/0)
2024-05-08T22:55:41.240 INFO:teuthology.orchestra.run.smithi046.stdout:/usr/bin/ceph: stderr
2024-05-08T22:55:40.590+0000 7fc9fde00700 1 -- 172.21.15.46:0/808794783 --> [v2:172.21.15.46:3300/0,v1:172.21.15.46:6789/0] -- mon_subscribe({config=0+,monmap=0+}) v3 -- 0x7fc9f0009550 con 0x7fca0007be90
2024-05-08T22:55:41.240 INFO:teuthology.orchestra.run.smithi046.stdout:/usr/bin/ceph: stderr
2024-05-08T22:55:40.590+0000 7fc9fde00700 1 --2- 172.21.15.46:0/808794783 >> [v2:172.21.15.46:3300/0,v1:172.21.15.46:6789/0] conn(0x7fca0007be90 0x7fca001a0a70 secure :-1 s=READY pgs=17 cs=0 l=1 rev1=1 crypto rx=0x7fc9f0011710 tx=0x7fc9f0011ad0 comp rx=0 tx=0).ready entity=mon.0 client_cookie=0 server_cookie=0 in_seq=0 out_seq=0
2024-05-08T22:55:41.240 INFO:teuthology.orchestra.run.smithi046.stdout:/usr/bin/ceph: stderr
2024-05-08T22:55:40.590+0000 7fc9f6a00700 1 -- 172.21.15.46:0/808794783 <== mon.0 v2:172.21.15.46:3300/0 1 ==== mon_map magic: 0 v1 ==== 205+0+0 (secure 0 0 0) 0x7fc9f00039e0 con 0x7fca0007be90
2024-05-08T22:55:41.240 INFO:teuthology.orchestra.run.smithi046.stdout:/usr/bin/ceph: stderr
2024-05-08T22:55:40.590+0000 7fc9f6a00700 1 -- 172.21.15.46:0/808794783 <== mon.0 v2:172.21.15.46:3300/0 2 ==== config(26 keys) v1 ==== 1074+0+0 (secure 0 0 0) 0x7fc9f0003b40 con 0x7fca0007be90
2024-05-08T22:55:41.240 INFO:teuthology.orchestra.run.smithi046.stdout:/usr/bin/ceph: stderr
2024-05-08T22:55:40.590+0000 7fca04e00700 1 -- 172.21.15.46:0/808794783 --> [v2:172.21.15.46:3300/0,v1:172.21.15.46:6789/0] -- mon_subscribe({mgrmap=0+}) v3 -- 0x7fca001a11b0 con 0x7fca0007be90
2024-05-08T22:55:41.240 INFO:teuthology.orchestra.run.smithi046.stdout:/usr/bin/ceph: stderr
2024-05-08T22:55:40.590+0000 7fc9f6a00700 1 -- 172.21.15.46:0/808794783 <== mon.0 v2:172.21.15.46:3300/0 3 ==== mon_map magic: 0 v1 ==== 205+0+0 (secure 0 0 0) 0x7fc9f0019690 con 0x7fca0007be90
2024-05-08T22:55:41.240 INFO:teuthology.orchestra.run.smithi046.stdout:/usr/bin/ceph: stderr
2024-05-08T22:55:40.591+0000 7fca04e00700 1 -- 172.21.15.46:0/808794783 --> [v2:172.21.15.46:3300/0,v1:172.21.15.46:6789/0] -- mon_subscribe({osdmap=0}) v3 -- 0x7fca001a1650 con 0x7fca0007be90
2024-05-08T22:55:41.241 INFO:teuthology.orchestra.run.smithi046.stdout:/usr/bin/ceph: stderr
2024-05-08T22:55:40.592+0000 7fc9f6a00700 1 -- 172.21.15.46:0/808794783 <== mon.0 v2:172.21.15.46:3300/0 4 ==== mgrmap(e 4) v1 ==== 45530+0+0 (secure 0 0 0) 0x7fc9f001aa60 con 0x7fca0007be90
2024-05-08T22:55:41.241 INFO:teuthology.orchestra.run.smithi046.stdout:/usr/bin/ceph: stderr
2024-05-08T22:55:40.592+0000 7fca04e00700 1 -- 172.21.15.46:0/808794783 --> [v2:172.21.15.46:3300/0,v1:172.21.15.46:6789/0] -- mon_command({"prefix": "get_command_descriptions"} v 0) v1 -- 0x7fca0019a220 con 0x7fca0007be90
2024-05-08T22:55:41.241 INFO:teuthology.orchestra.run.smithi046.stdout:/usr/bin/ceph: stderr
2024-05-08T22:55:40.592+0000 7fc9f6a00700 1 --2- 172.21.15.46:0/808794783 >> [v2:172.21.15.46:6800/664114694,v1:172.21.15.46:6801/664114694] conn(0x7fc9e4038700 0x7fc9e403abc0 unknown :-1 s=NONE pgs=0 cs=0 l=1 rev1=0 crypto rx=0 tx=0 comp rx=0 tx=0).connect
2024-05-08T22:55:41.241 INFO:teuthology.orchestra.run.smithi046.stdout:/usr/bin/ceph: stderr
2024-05-08T22:55:40.592+0000 7fc9f6a00700 1 -- 172.21.15.46:0/808794783 <== mon.0 v2:172.21.15.46:3300/0 5 ==== osd_map(1..1 src has 1..1) v4 ==== 725+0+0 (secure 0 0 0) 0x7fc9f004c770 con 0x7fca0007be90
2024-05-08T22:55:41.241 INFO:teuthology.orchestra.run.smithi046.stdout:/usr/bin/ceph: stderr
2024-05-08T22:55:40.592+0000 7fc9fd400700 1 --2- 172.21.15.46:0/808794783 >> [v2:172.21.15.46:6800/664114694,v1:172.21.15.46:6801/664114694] conn(0x7fc9e4038700 0x7fc9e403abc0 unknown :-1 s=BANNER_CONNECTING pgs=0 cs=0 l=1 rev1=0 crypto rx=0 tx=0 comp rx=0 tx=0)._handle_peer_banner_payload supported=3 required=0
2024-05-08T22:55:41.241 INFO:teuthology.orchestra.run.smithi046.stdout:/usr/bin/ceph: stderr
2024-05-08T22:55:40.593+0000 7fc9fd400700 1 --2- 172.21.15.46:0/808794783 >> [v2:172.21.15.46:6800/664114694,v1:172.21.15.46:6801/664114694] conn(0x7fc9e4038700 0x7fc9e403abc0 secure :-1 s=READY pgs=6 cs=0 l=1 rev1=1 crypto rx=0x7fc9ec006fd0 tx=0x7fc9ec006e40 comp rx=0 tx=0).ready entity=mgr.14100 client_cookie=0 server_cookie=0 in_seq=0 out_seq=0
2024-05-08T22:55:41.241 INFO:teuthology.orchestra.run.smithi046.stdout:/usr/bin/ceph: stderr
2024-05-08T22:55:40.598+0000 7fc9f6a00700 1 -- 172.21.15.46:0/808794783 <== mon.0 v2:172.21.15.46:3300/0 6 ==== mon_command_ack([{"prefix": "get_command_descriptions"}]=0 v0) v1 ==== 72+0+183622 (secure 0 0 0) 0x7fc9f002db40 con 0x7fca0007be90
2024-05-08T22:55:41.241 INFO:teuthology.orchestra.run.smithi046.stdout:/usr/bin/ceph: stderr
2024-05-08T22:55:40.896+0000 7fca04e00700 1 -- 172.21.15.46:0/808794783 --> [v2:172.21.15.46:3300/0,v1:172.21.15.46:6789/0] -- mon_command({"prefix": "status", "format": "json-pretty"} v 0) v1 -- 0x7fca0002cfa0 con 0x7fca0007be90
2024-05-08T22:55:41.241 INFO:teuthology.orchestra.run.smithi046.stdout:/usr/bin/ceph: stderr
2024-05-08T22:55:40.896+0000 7fc9f6a00700 1 -- 172.21.15.46:0/808794783 <== mon.0 v2:172.21.15.46:3300/0 7 ==== mon_command_ack([{"prefix": "status", "format": "json-pretty"}]=0 v0) v1 ==== 79+0+1238 (secure 0 0 0) 0x7fc9f002db40 con 0x7fca0007be90
2024-05-08T22:55:41.241 INFO:teuthology.orchestra.run.smithi046.stdout:/usr/bin/ceph: stderr
2024-05-08T22:55:40.898+0000 7fca04e00700 1 -- 172.21.15.46:0/808794783 >> [v2:172.21.15.46:6800/664114694,v1:172.21.15.46:6801/664114694] conn(0x7fc9e4038700 msgr2=0x7fc9e403abc0 secure :-1 s=STATE_CONNECTION_ESTABLISHED l=1).mark_down
2024-05-08T22:55:41.241 INFO:teuthology.orchestra.run.smithi046.stdout:/usr/bin/ceph: stderr
2024-05-08T22:55:40.898+0000 7fca04e00700 1 --2- 172.21.15.46:0/808794783 >> [v2:172.21.15.46:6800/664114694,v1:172.21.15.46:6801/664114694] conn(0x7fc9e4038700 0x7fc9e403abc0 secure :-1 s=READY pgs=6 cs=0 l=1 rev1=1 crypto rx=0x7fc9ec006fd0 tx=0x7fc9ec006e40 comp rx=0 tx=0).stop
2024-05-08T22:55:41.241 INFO:teuthology.orchestra.run.smithi046.stdout:/usr/bin/ceph: stderr
2024-05-08T22:55:40.898+0000 7fca04e00700 1 -- 172.21.15.46:0/808794783 >> [v2:172.21.15.46:3300/0,v1:172.21.15.46:6789/0] conn(0x7fca0007be90 msgr2=0x7fca001a0a70 secure :-1 s=STATE_CONNECTION_ESTABLISHED l=1).mark_down
2024-05-08T22:55:41.241 INFO:teuthology.orchestra.run.smithi046.stdout:/usr/bin/ceph: stderr
2024-05-08T22:55:40.898+0000 7fca04e00700 1 --2- 172.21.15.46:0/808794783 >> [v2:172.21.15.46:3300/0,v1:172.21.15.46:6789/0] conn(0x7fca0007be90 0x7fca001a0a70 secure :-1 s=READY pgs=17 cs=0 l=1 rev1=1 crypto rx=0x7fc9f0011710 tx=0x7fc9f0011ad0 comp rx=0 tx=0).stop
2024-05-08T22:55:41.241 INFO:teuthology.orchestra.run.smithi046.stdout:/usr/bin/ceph: stderr
2024-05-08T22:55:40.898+0000 7fca04e00700 1 -- 172.21.15.46:0/808794783 shutdown_connections
2024-05-08T22:55:41.242 INFO:teuthology.orchestra.run.smithi046.stdout:/usr/bin/ceph: stderr
2024-05-08T22:55:40.898+0000 7fca04e00700 1 --2- 172.21.15.46:0/808794783 >> [v2:172.21.15.46:6800/664114694,v1:172.21.15.46:6801/664114694] conn(0x7fc9e4038700 0x7fc9e403abc0 unknown :-1 s=CLOSED pgs=6 cs=0 l=1 rev1=1 crypto rx=0 tx=0 comp rx=0 tx=0).stop
2024-05-08T22:55:41.242 INFO:teuthology.orchestra.run.smithi046.stdout:/usr/bin/ceph: stderr
2024-05-08T22:55:40.899+0000 7fca04e00700 1 --2- 172.21.15.46:0/808794783 >> [v2:172.21.15.46:3300/0,v1:172.21.15.46:6789/0] conn(0x7fca0007be90 0x7fca001a0a70 unknown :-1 s=CLOSED pgs=17 cs=0 l=1 rev1=1 crypto rx=0 tx=0 comp rx=0 tx=0).stop
2024-05-08T22:55:41.242 INFO:teuthology.orchestra.run.smithi046.stdout:/usr/bin/ceph: stderr
2024-05-08T22:55:40.899+0000 7fca04e00700 1 -- 172.21.15.46:0/808794783 >> 172.21.15.46:0/808794783 conn(0x7fca00101d20 msgr2=0x7fca00104160 unknown :-1 s=STATE_NONE l=0).mark_down
2024-05-08T22:55:41.242 INFO:teuthology.orchestra.run.smithi046.stdout:/usr/bin/ceph: stderr
2024-05-08T22:55:40.899+0000 7fca04e00700 1 -- 172.21.15.46:0/808794783 shutdown_connections
2024-05-08T22:55:41.242 INFO:teuthology.orchestra.run.smithi046.stdout:/usr/bin/ceph: stderr
2024-05-08T22:55:40.899+0000 7fca04e00700 1 -- 172.21.15.46:0/808794783 wait complete.
2024-05-08T22:55:41.242 INFO:teuthology.orchestra.run.smithi046.stdout:mgr is available
2024-05-08T22:55:42.179 INFO:teuthology.orchestra.run.smithi046.stdout:/usr/bin/ceph: stdout
2024-05-08T22:55:42.180 INFO:teuthology.orchestra.run.smithi046.stdout:/usr/bin/ceph: stdout [global]
2024-05-08T22:55:42.180 INFO:teuthology.orchestra.run.smithi046.stdout:/usr/bin/ceph: stdout fsid = ebe57712-0d8d-11ef-bc97-c7b262605968
2024-05-08T22:55:42.180 INFO:teuthology.orchestra.run.smithi046.stdout:/usr/bin/ceph: stdout mon_osd_allow_pg_remap = true
2024-05-08T22:55:42.180 INFO:teuthology.orchestra.run.smithi046.stdout:/usr/bin/ceph: stdout mon_osd_allow_primary_affinity = true
2024-05-08T22:55:42.180 INFO:journalctl@ceph.mon.a.smithi046.stdout:May 08 22:55:41 smithi046 ceph-mon[36898]: from='client.? 172.21.15.46:0/699095630' entity='client.admin' cmd=[{"prefix": "config assimilate-conf"}]: dispatch
2024-05-08T22:55:42.187 INFO:teuthology.orchestra.run.smithi046.stdout:/usr/bin/ceph: stdout mon_warn_on_no_sortbitwise = false
2024-05-08T22:55:42.187 INFO:teuthology.orchestra.run.smithi046.stdout:/usr/bin/ceph: stdout osd_crush_chooseleaf_type = 0
2024-05-08T22:55:42.187 INFO:teuthology.orchestra.run.smithi046.stdout:/usr/bin/ceph: stdout
2024-05-08T22:55:42.187 INFO:teuthology.orchestra.run.smithi046.stdout:/usr/bin/ceph: stdout [mgr]
2024-05-08T22:55:42.187 INFO:teuthology.orchestra.run.smithi046.stdout:/usr/bin/ceph: stdout mgr/telemetry/nag = false
2024-05-08T22:55:42.187 INFO:teuthology.orchestra.run.smithi046.stdout:/usr/bin/ceph: stdout
2024-05-08T22:55:42.187 INFO:teuthology.orchestra.run.smithi046.stdout:/usr/bin/ceph: stdout [osd]
2024-05-08T22:55:42.188 INFO:teuthology.orchestra.run.smithi046.stdout:/usr/bin/ceph: stdout mon_osd_backfillfull_ratio = 0.85
2024-05-08T22:55:42.188 INFO:teuthology.orchestra.run.smithi046.stdout:/usr/bin/ceph: stdout mon_osd_full_ratio = 0.9
2024-05-08T22:55:42.188 INFO:teuthology.orchestra.run.smithi046.stdout:/usr/bin/ceph: stdout mon_osd_nearfull_ratio = 0.8
2024-05-08T22:55:42.188 INFO:teuthology.orchestra.run.smithi046.stdout:/usr/bin/ceph: stdout osd_map_max_advance = 10
2024-05-08T22:55:42.188 INFO:teuthology.orchestra.run.smithi046.stdout:/usr/bin/ceph: stdout osd_sloppy_crc = true
2024-05-08T22:55:42.188 INFO:teuthology.orchestra.run.smithi046.stdout:/usr/bin/ceph: stderr
2024-05-08T22:55:41.627+0000 7fd23ec00700 1 Processor -- start
2024-05-08T22:55:42.188 INFO:teuthology.orchestra.run.smithi046.stdout:/usr/bin/ceph: stderr
2024-05-08T22:55:41.627+0000 7fd23ec00700 1 -- start start
2024-05-08T22:55:42.188 INFO:teuthology.orchestra.run.smithi046.stdout:/usr/bin/ceph: stderr
2024-05-08T22:55:41.627+0000 7fd23ec00700 1 --2- >> [v2:172.21.15.46:3300/0,v1:172.21.15.46:6789/0] conn(0x7fd23807be70 0x7fd23807a320 unknown :-1 s=NONE pgs=0 cs=0 l=0 rev1=0 crypto rx=0 tx=0 comp rx=0 tx=0).connect
2024-05-08T22:55:42.188 INFO:teuthology.orchestra.run.smithi046.stdout:/usr/bin/ceph: stderr
2024-05-08T22:55:41.627+0000 7fd23ec00700 1 -- --> [v2:172.21.15.46:3300/0,v1:172.21.15.46:6789/0] -- mon_getmap magic: 0 v1 -- 0x7fd23807a8f0 con 0x7fd23807be70
2024-05-08T22:55:42.188 INFO:teuthology.orchestra.run.smithi046.stdout:/usr/bin/ceph: stderr
2024-05-08T22:55:41.628+0000 7fd23d800700 1 --2- >> [v2:172.21.15.46:3300/0,v1:172.21.15.46:6789/0] conn(0x7fd23807be70 0x7fd23807a320 unknown :-1 s=BANNER_CONNECTING pgs=0 cs=0 l=0 rev1=0 crypto rx=0 tx=0 comp rx=0 tx=0)._handle_peer_banner_payload supported=3 required=0
2024-05-08T22:55:42.188 INFO:teuthology.orchestra.run.smithi046.stdout:/usr/bin/ceph: stderr
2024-05-08T22:55:41.628+0000 7fd23d800700 1 --2- >> [v2:172.21.15.46:3300/0,v1:172.21.15.46:6789/0] conn(0x7fd23807be70 0x7fd23807a320 unknown :-1 s=HELLO_CONNECTING pgs=0 cs=0 l=0 rev1=1 crypto rx=0 tx=0 comp rx=0 tx=0).handle_hello peer v2:172.21.15.46:3300/0 says I am v2:172.21.15.46:48196/0 (socket says 172.21.15.46:48196)
2024-05-08T22:55:42.188 INFO:teuthology.orchestra.run.smithi046.stdout:/usr/bin/ceph: stderr
2024-05-08T22:55:41.628+0000 7fd23d800700 1 -- 172.21.15.46:0/1487273722 learned_addr learned my addr 172.21.15.46:0/1487273722 (peer_addr_for_me v2:172.21.15.46:0/0)
2024-05-08T22:55:42.188 INFO:teuthology.orchestra.run.smithi046.stdout:/usr/bin/ceph: stderr
2024-05-08T22:55:41.628+0000 7fd23d800700 1 -- 172.21.15.46:0/1487273722 --> [v2:172.21.15.46:3300/0,v1:172.21.15.46:6789/0] -- mon_subscribe({config=0+,monmap=0+}) v3 -- 0x7fd23807aa30 con 0x7fd23807be70
2024-05-08T22:55:42.189 INFO:teuthology.orchestra.run.smithi046.stdout:/usr/bin/ceph: stderr
2024-05-08T22:55:41.628+0000 7fd23d800700 1 --2- 172.21.15.46:0/1487273722 >> [v2:172.21.15.46:3300/0,v1:172.21.15.46:6789/0] conn(0x7fd23807be70 0x7fd23807a320 secure :-1 s=READY pgs=18 cs=0 l=1 rev1=1 crypto rx=0x7fd22c0098a0 tx=0x7fd22c009bb0 comp rx=0 tx=0).ready entity=mon.0 client_cookie=123f37a79fc12149 server_cookie=0 in_seq=0 out_seq=0
2024-05-08T22:55:42.189 INFO:teuthology.orchestra.run.smithi046.stdout:/usr/bin/ceph: stderr
2024-05-08T22:55:41.628+0000 7fd237e00700 1 -- 172.21.15.46:0/1487273722 <== mon.0 v2:172.21.15.46:3300/0 1 ==== mon_map magic: 0 v1 ==== 205+0+0 (secure 0 0 0) 0x7fd22c004160 con 0x7fd23807be70
2024-05-08T22:55:42.189 INFO:teuthology.orchestra.run.smithi046.stdout:/usr/bin/ceph: stderr
2024-05-08T22:55:41.629+0000 7fd237e00700 1 -- 172.21.15.46:0/1487273722 <== mon.0 v2:172.21.15.46:3300/0 2 ==== config(26 keys) v1 ==== 1074+0+0 (secure 0 0 0) 0x7fd22c0042c0 con 0x7fd23807be70
2024-05-08T22:55:42.189 INFO:teuthology.orchestra.run.smithi046.stdout:/usr/bin/ceph: stderr
2024-05-08T22:55:41.629+0000 7fd237e00700 1 -- 172.21.15.46:0/1487273722 <== mon.0 v2:172.21.15.46:3300/0 3 ==== mon_map magic: 0 v1 ==== 205+0+0 (secure 0 0 0) 0x7fd22c011a00 con 0x7fd23807be70
2024-05-08T22:55:42.189 INFO:teuthology.orchestra.run.smithi046.stdout:/usr/bin/ceph: stderr
2024-05-08T22:55:41.629+0000 7fd23ec00700 1 -- 172.21.15.46:0/1487273722 >> [v2:172.21.15.46:3300/0,v1:172.21.15.46:6789/0] conn(0x7fd23807be70 msgr2=0x7fd23807a320 secure :-1 s=STATE_CONNECTION_ESTABLISHED l=1).mark_down
2024-05-08T22:55:42.189 INFO:teuthology.orchestra.run.smithi046.stdout:/usr/bin/ceph: stderr
2024-05-08T22:55:41.629+0000 7fd23ec00700 1 --2- 172.21.15.46:0/1487273722 >> [v2:172.21.15.46:3300/0,v1:172.21.15.46:6789/0] conn(0x7fd23807be70 0x7fd23807a320 secure :-1 s=READY pgs=18 cs=0 l=1 rev1=1 crypto rx=0x7fd22c0098a0 tx=0x7fd22c009bb0 comp rx=0 tx=0).stop
2024-05-08T22:55:42.189 INFO:teuthology.orchestra.run.smithi046.stdout:/usr/bin/ceph: stderr
2024-05-08T22:55:41.629+0000 7fd23ec00700 1 -- 172.21.15.46:0/1487273722 shutdown_connections
2024-05-08T22:55:42.189 INFO:teuthology.orchestra.run.smithi046.stdout:/usr/bin/ceph: stderr
2024-05-08T22:55:41.629+0000 7fd23ec00700 1 --2- 172.21.15.46:0/1487273722 >> [v2:172.21.15.46:3300/0,v1:172.21.15.46:6789/0] conn(0x7fd23807be70 0x7fd23807a320 unknown :-1 s=CLOSED pgs=18 cs=0 l=1 rev1=1 crypto rx=0 tx=0 comp rx=0 tx=0).stop
2024-05-08T22:55:42.189 INFO:teuthology.orchestra.run.smithi046.stdout:/usr/bin/ceph: stderr
2024-05-08T22:55:41.629+0000 7fd23ec00700 1 -- 172.21.15.46:0/1487273722 >> 172.21.15.46:0/1487273722 conn(0x7fd238101bc0 msgr2=0x7fd238103fe0 unknown :-1 s=STATE_NONE l=0).mark_down
2024-05-08T22:55:42.189 INFO:teuthology.orchestra.run.smithi046.stdout:/usr/bin/ceph: stderr
2024-05-08T22:55:41.629+0000 7fd23ec00700 1 -- 172.21.15.46:0/1487273722 shutdown_connections
2024-05-08T22:55:42.189 INFO:teuthology.orchestra.run.smithi046.stdout:/usr/bin/ceph: stderr
2024-05-08T22:55:41.629+0000 7fd23ec00700 1 -- 172.21.15.46:0/1487273722 wait complete.
2024-05-08T22:55:42.189 INFO:teuthology.orchestra.run.smithi046.stdout:/usr/bin/ceph: stderr
2024-05-08T22:55:41.630+0000 7fd23ec00700 1 Processor -- start
2024-05-08T22:55:42.189 INFO:teuthology.orchestra.run.smithi046.stdout:/usr/bin/ceph: stderr
2024-05-08T22:55:41.631+0000 7fd23ec00700 1 -- start start
2024-05-08T22:55:42.190 INFO:teuthology.orchestra.run.smithi046.stdout:/usr/bin/ceph: stderr
2024-05-08T22:55:41.631+0000 7fd23ec00700 1 --2- >> [v2:172.21.15.46:3300/0,v1:172.21.15.46:6789/0] conn(0x7fd23807be70 0x7fd23819c4f0 unknown :-1 s=NONE pgs=0 cs=0 l=1 rev1=0 crypto rx=0 tx=0 comp rx=0 tx=0).connect
2024-05-08T22:55:42.190 INFO:teuthology.orchestra.run.smithi046.stdout:/usr/bin/ceph: stderr
2024-05-08T22:55:41.631+0000 7fd23ec00700 1 -- --> [v2:172.21.15.46:3300/0,v1:172.21.15.46:6789/0] -- mon_getmap magic: 0 v1 -- 0x7fd23819ca30 con 0x7fd23807be70
2024-05-08T22:55:42.190 INFO:teuthology.orchestra.run.smithi046.stdout:/usr/bin/ceph: stderr
2024-05-08T22:55:41.631+0000 7fd23d800700 1 --2- >> [v2:172.21.15.46:3300/0,v1:172.21.15.46:6789/0] conn(0x7fd23807be70 0x7fd23819c4f0 unknown :-1 s=BANNER_CONNECTING pgs=0 cs=0 l=1 rev1=0 crypto rx=0 tx=0 comp rx=0 tx=0)._handle_peer_banner_payload supported=3 required=0
2024-05-08T22:55:42.190 INFO:teuthology.orchestra.run.smithi046.stdout:/usr/bin/ceph: stderr
2024-05-08T22:55:41.631+0000 7fd23d800700 1 --2- >> [v2:172.21.15.46:3300/0,v1:172.21.15.46:6789/0] conn(0x7fd23807be70 0x7fd23819c4f0 unknown :-1 s=HELLO_CONNECTING pgs=0 cs=0 l=1 rev1=1 crypto rx=0 tx=0 comp rx=0 tx=0).handle_hello peer v2:172.21.15.46:3300/0 says I am v2:172.21.15.46:48208/0 (socket says 172.21.15.46:48208)
2024-05-08T22:55:42.190 INFO:teuthology.orchestra.run.smithi046.stdout:/usr/bin/ceph: stderr
2024-05-08T22:55:41.631+0000 7fd23d800700 1 -- 172.21.15.46:0/699095630 learned_addr learned my addr 172.21.15.46:0/699095630 (peer_addr_for_me v2:172.21.15.46:0/0)
2024-05-08T22:55:42.190 INFO:teuthology.orchestra.run.smithi046.stdout:/usr/bin/ceph: stderr
2024-05-08T22:55:41.631+0000 7fd23d800700 1 -- 172.21.15.46:0/699095630 --> [v2:172.21.15.46:3300/0,v1:172.21.15.46:6789/0] -- mon_subscribe({config=0+,monmap=0+}) v3 -- 0x7fd22c009550 con 0x7fd23807be70
2024-05-08T22:55:42.190 INFO:teuthology.orchestra.run.smithi046.stdout:/usr/bin/ceph: stderr
2024-05-08T22:55:41.632+0000 7fd23d800700 1 --2- 172.21.15.46:0/699095630 >> [v2:172.21.15.46:3300/0,v1:172.21.15.46:6789/0] conn(0x7fd23807be70 0x7fd23819c4f0 secure :-1 s=READY pgs=19 cs=0 l=1 rev1=1 crypto rx=0x7fd22c011a20 tx=0x7fd22c011b00 comp rx=0 tx=0).ready entity=mon.0 client_cookie=0 server_cookie=0 in_seq=0 out_seq=0
2024-05-08T22:55:42.190 INFO:teuthology.orchestra.run.smithi046.stdout:/usr/bin/ceph: stderr
2024-05-08T22:55:41.632+0000 7fd236000700 1 -- 172.21.15.46:0/699095630 <== mon.0 v2:172.21.15.46:3300/0 1 ==== mon_map magic: 0 v1 ==== 205+0+0 (secure 0 0 0) 0x7fd22c003af0 con 0x7fd23807be70
2024-05-08T22:55:42.190 INFO:teuthology.orchestra.run.smithi046.stdout:/usr/bin/ceph: stderr
2024-05-08T22:55:41.632+0000 7fd236000700 1 -- 172.21.15.46:0/699095630 <== mon.0 v2:172.21.15.46:3300/0 2 ==== config(26 keys) v1 ==== 1074+0+0 (secure 0 0 0) 0x7fd22c003c50 con 0x7fd23807be70
2024-05-08T22:55:42.190 INFO:teuthology.orchestra.run.smithi046.stdout:/usr/bin/ceph: stderr
2024-05-08T22:55:41.632+0000 7fd23ec00700 1 -- 172.21.15.46:0/699095630 --> [v2:172.21.15.46:3300/0,v1:172.21.15.46:6789/0] -- mon_subscribe({mgrmap=0+}) v3 -- 0x7fd23819cc30 con 0x7fd23807be70
2024-05-08T22:55:42.190 INFO:teuthology.orchestra.run.smithi046.stdout:/usr/bin/ceph: stderr
2024-05-08T22:55:41.632+0000 7fd236000700 1 -- 172.21.15.46:0/699095630 <== mon.0 v2:172.21.15.46:3300/0 3 ==== mon_map magic: 0 v1 ==== 205+0+0 (secure 0 0 0) 0x7fd22c019760 con 0x7fd23807be70
2024-05-08T22:55:42.190 INFO:teuthology.orchestra.run.smithi046.stdout:/usr/bin/ceph: stderr
2024-05-08T22:55:41.632+0000 7fd23ec00700 1 -- 172.21.15.46:0/699095630 --> [v2:172.21.15.46:3300/0,v1:172.21.15.46:6789/0] -- mon_subscribe({osdmap=0}) v3 -- 0x7fd23819d0d0 con 0x7fd23807be70
2024-05-08T22:55:42.190 INFO:teuthology.orchestra.run.smithi046.stdout:/usr/bin/ceph: stderr
2024-05-08T22:55:41.633+0000 7fd236000700 1 -- 172.21.15.46:0/699095630 <== mon.0 v2:172.21.15.46:3300/0 4 ==== mgrmap(e 4) v1 ==== 45530+0+0 (secure 0 0 0) 0x7fd22c01ab20 con 0x7fd23807be70
2024-05-08T22:55:42.191 INFO:teuthology.orchestra.run.smithi046.stdout:/usr/bin/ceph: stderr
2024-05-08T22:55:41.633+0000 7fd23ec00700 1 -- 172.21.15.46:0/699095630 --> [v2:172.21.15.46:3300/0,v1:172.21.15.46:6789/0] -- mon_command({"prefix": "get_command_descriptions"} v 0) v1 -- 0x7fd23810c950 con 0x7fd23807be70
2024-05-08T22:55:42.191 INFO:teuthology.orchestra.run.smithi046.stdout:/usr/bin/ceph: stderr
2024-05-08T22:55:41.634+0000 7fd236000700 1 --2- 172.21.15.46:0/699095630 >> [v2:172.21.15.46:6800/664114694,v1:172.21.15.46:6801/664114694] conn(0x7fd220038700 0x7fd22003abc0 unknown :-1 s=NONE pgs=0 cs=0 l=1 rev1=0 crypto rx=0 tx=0 comp rx=0 tx=0).connect
2024-05-08T22:55:42.191 INFO:teuthology.orchestra.run.smithi046.stdout:/usr/bin/ceph: stderr
2024-05-08T22:55:41.634+0000 7fd236000700 1 -- 172.21.15.46:0/699095630 <== mon.0 v2:172.21.15.46:3300/0 5 ==== osd_map(1..1 src has 1..1) v4 ==== 725+0+0 (secure 0 0 0) 0x7fd22c04c840 con 0x7fd23807be70
2024-05-08T22:55:42.191 INFO:teuthology.orchestra.run.smithi046.stdout:/usr/bin/ceph: stderr
2024-05-08T22:55:41.634+0000 7fd23ce00700 1 --2- 172.21.15.46:0/699095630 >> [v2:172.21.15.46:6800/664114694,v1:172.21.15.46:6801/664114694] conn(0x7fd220038700 0x7fd22003abc0 unknown :-1 s=BANNER_CONNECTING pgs=0 cs=0 l=1 rev1=0 crypto rx=0 tx=0 comp rx=0 tx=0)._handle_peer_banner_payload supported=3 required=0
2024-05-08T22:55:42.191 INFO:teuthology.orchestra.run.smithi046.stdout:/usr/bin/ceph: stderr
2024-05-08T22:55:41.634+0000 7fd23ce00700 1 --2- 172.21.15.46:0/699095630 >> [v2:172.21.15.46:6800/664114694,v1:172.21.15.46:6801/664114694] conn(0x7fd220038700 0x7fd22003abc0 secure :-1 s=READY pgs=7 cs=0 l=1 rev1=1 crypto rx=0x7fd224006fd0 tx=0x7fd224006e40 comp rx=0 tx=0).ready entity=mgr.14100 client_cookie=0 server_cookie=0 in_seq=0 out_seq=0
2024-05-08T22:55:42.191 INFO:teuthology.orchestra.run.smithi046.stdout:/usr/bin/ceph: stderr
2024-05-08T22:55:41.639+0000 7fd236000700 1 -- 172.21.15.46:0/699095630 <== mon.0 v2:172.21.15.46:3300/0 6 ==== mon_command_ack([{"prefix": "get_command_descriptions"}]=0 v0) v1 ==== 72+0+183622 (secure 0 0 0) 0x7fd22c02dbd0 con 0x7fd23807be70
2024-05-08T22:55:42.191 INFO:teuthology.orchestra.run.smithi046.stdout:/usr/bin/ceph: stderr
2024-05-08T22:55:41.850+0000 7fd23ec00700 1 -- 172.21.15.46:0/699095630 --> [v2:172.21.15.46:3300/0,v1:172.21.15.46:6789/0] -- mon_command({"prefix": "config assimilate-conf"} v 0) v1 -- 0x7fd23810cb80 con 0x7fd23807be70
2024-05-08T22:55:42.191 INFO:teuthology.orchestra.run.smithi046.stdout:/usr/bin/ceph: stderr
2024-05-08T22:55:41.851+0000 7fd236000700 1 -- 172.21.15.46:0/699095630 <== mon.0 v2:172.21.15.46:3300/0 7 ==== mon_command_ack([{"prefix": "config assimilate-conf"}]=0 v3) v1 ==== 70+0+373 (secure 0 0 0) 0x7fd22c02d7c0 con 0x7fd23807be70
2024-05-08T22:55:42.191 INFO:teuthology.orchestra.run.smithi046.stdout:/usr/bin/ceph: stderr
2024-05-08T22:55:41.853+0000 7fd23ec00700 1 -- 172.21.15.46:0/699095630 >> [v2:172.21.15.46:6800/664114694,v1:172.21.15.46:6801/664114694] conn(0x7fd220038700 msgr2=0x7fd22003abc0 secure :-1 s=STATE_CONNECTION_ESTABLISHED l=1).mark_down
2024-05-08T22:55:42.191 INFO:teuthology.orchestra.run.smithi046.stdout:/usr/bin/ceph: stderr
2024-05-08T22:55:41.853+0000 7fd23ec00700 1 --2- 172.21.15.46:0/699095630 >> [v2:172.21.15.46:6800/664114694,v1:172.21.15.46:6801/664114694] conn(0x7fd220038700 0x7fd22003abc0 secure :-1 s=READY pgs=7 cs=0 l=1 rev1=1 crypto rx=0x7fd224006fd0 tx=0x7fd224006e40 comp rx=0 tx=0).stop
2024-05-08T22:55:42.191 INFO:teuthology.orchestra.run.smithi046.stdout:/usr/bin/ceph: stderr
2024-05-08T22:55:41.853+0000 7fd23ec00700 1 -- 172.21.15.46:0/699095630 >> [v2:172.21.15.46:3300/0,v1:172.21.15.46:6789/0] conn(0x7fd23807be70 msgr2=0x7fd23819c4f0 secure :-1 s=STATE_CONNECTION_ESTABLISHED l=1).mark_down
2024-05-08T22:55:42.191 INFO:teuthology.orchestra.run.smithi046.stdout:/usr/bin/ceph: stderr
2024-05-08T22:55:41.853+0000 7fd23ec00700 1 --2- 172.21.15.46:0/699095630 >> [v2:172.21.15.46:3300/0,v1:172.21.15.46:6789/0] conn(0x7fd23807be70 0x7fd23819c4f0 secure :-1 s=READY pgs=19 cs=0 l=1 rev1=1 crypto rx=0x7fd22c011a20 tx=0x7fd22c011b00 comp rx=0 tx=0).stop
2024-05-08T22:55:42.191 INFO:teuthology.orchestra.run.smithi046.stdout:/usr/bin/ceph: stderr
2024-05-08T22:55:41.853+0000 7fd23ec00700 1 -- 172.21.15.46:0/699095630 shutdown_connections
2024-05-08T22:55:42.192 INFO:teuthology.orchestra.run.smithi046.stdout:/usr/bin/ceph: stderr
2024-05-08T22:55:41.853+0000 7fd23ec00700 1 --2- 172.21.15.46:0/699095630 >> [v2:172.21.15.46:6800/664114694,v1:172.21.15.46:6801/664114694] conn(0x7fd220038700 0x7fd22003abc0 unknown :-1 s=CLOSED pgs=7 cs=0 l=1 rev1=1 crypto rx=0 tx=0 comp rx=0 tx=0).stop
2024-05-08T22:55:42.192 INFO:teuthology.orchestra.run.smithi046.stdout:/usr/bin/ceph: stderr
2024-05-08T22:55:41.853+0000 7fd23ec00700 1 --2- 172.21.15.46:0/699095630 >> [v2:172.21.15.46:3300/0,v1:172.21.15.46:6789/0] conn(0x7fd23807be70 0x7fd23819c4f0 unknown :-1 s=CLOSED pgs=19 cs=0 l=1 rev1=1 crypto rx=0 tx=0 comp rx=0 tx=0).stop
2024-05-08T22:55:42.192 INFO:teuthology.orchestra.run.smithi046.stdout:/usr/bin/ceph: stderr
2024-05-08T22:55:41.853+0000 7fd23ec00700 1 -- 172.21.15.46:0/699095630 >> 172.21.15.46:0/699095630 conn(0x7fd238101bc0 msgr2=0x7fd238102770 unknown :-1 s=STATE_NONE l=0).mark_down
2024-05-08T22:55:42.192 INFO:teuthology.orchestra.run.smithi046.stdout:/usr/bin/ceph: stderr
2024-05-08T22:55:41.854+0000 7fd23ec00700 1 -- 172.21.15.46:0/699095630 shutdown_connections
2024-05-08T22:55:42.192 INFO:teuthology.orchestra.run.smithi046.stdout:/usr/bin/ceph: stderr
2024-05-08T22:55:41.854+0000 7fd23ec00700 1 -- 172.21.15.46:0/699095630 wait complete.
2024-05-08T22:55:42.192 INFO:teuthology.orchestra.run.smithi046.stdout:Enabling cephadm module...
2024-05-08T22:55:43.276 INFO:journalctl@ceph.mon.a.smithi046.stdout:May 08 22:55:42 smithi046 ceph-mon[36898]: from='client.? 172.21.15.46:0/827289172' entity='client.admin' cmd=[{"prefix": "mgr module enable", "module": "cephadm"}]: dispatch
2024-05-08T22:55:43.276 INFO:journalctl@ceph.mgr.x.smithi046.stdout:May 08 22:55:43 smithi046 ceph-ebe57712-0d8d-11ef-bc97-c7b262605968-mgr-x[37150]: ignoring --setuser ceph since I am not root
2024-05-08T22:55:43.276 INFO:journalctl@ceph.mgr.x.smithi046.stdout:May 08 22:55:43 smithi046 ceph-ebe57712-0d8d-11ef-bc97-c7b262605968-mgr-x[37150]: ignoring --setgroup ceph since I am not root
2024-05-08T22:55:43.288 INFO:teuthology.orchestra.run.smithi046.stdout:/usr/bin/ceph: stderr
2024-05-08T22:55:42.612+0000 7fe161c00700 1 Processor -- start
2024-05-08T22:55:43.288 INFO:teuthology.orchestra.run.smithi046.stdout:/usr/bin/ceph: stderr
2024-05-08T22:55:42.613+0000 7fe161c00700 1 -- start start
2024-05-08T22:55:43.288 INFO:teuthology.orchestra.run.smithi046.stdout:/usr/bin/ceph: stderr
2024-05-08T22:55:42.613+0000 7fe161c00700 1 --2- >> [v2:172.21.15.46:3300/0,v1:172.21.15.46:6789/0] conn(0x7fe15c106790 0x7fe15c106bb0 unknown :-1 s=NONE pgs=0 cs=0 l=0 rev1=0 crypto rx=0 tx=0 comp rx=0 tx=0).connect
2024-05-08T22:55:43.288 INFO:teuthology.orchestra.run.smithi046.stdout:/usr/bin/ceph: stderr
2024-05-08T22:55:42.613+0000 7fe161c00700 1 -- --> [v2:172.21.15.46:3300/0,v1:172.21.15.46:6789/0] -- mon_getmap magic: 0 v1 -- 0x7fe15c107180 con 0x7fe15c106790
2024-05-08T22:55:43.288 INFO:teuthology.orchestra.run.smithi046.stdout:/usr/bin/ceph: stderr
2024-05-08T22:55:42.613+0000 7fe15aa00700 1 --2- >> [v2:172.21.15.46:3300/0,v1:172.21.15.46:6789/0] conn(0x7fe15c106790 0x7fe15c106bb0 unknown :-1 s=BANNER_CONNECTING pgs=0 cs=0 l=0 rev1=0 crypto rx=0 tx=0 comp rx=0 tx=0)._handle_peer_banner_payload supported=3 required=0
2024-05-08T22:55:43.288 INFO:teuthology.orchestra.run.smithi046.stdout:/usr/bin/ceph: stderr
2024-05-08T22:55:42.613+0000 7fe15aa00700 1 --2- >> [v2:172.21.15.46:3300/0,v1:172.21.15.46:6789/0] conn(0x7fe15c106790 0x7fe15c106bb0 unknown :-1 s=HELLO_CONNECTING pgs=0 cs=0 l=0 rev1=1 crypto rx=0 tx=0 comp rx=0 tx=0).handle_hello peer v2:172.21.15.46:3300/0 says I am v2:172.21.15.46:47976/0 (socket says 172.21.15.46:47976)
2024-05-08T22:55:43.288 INFO:teuthology.orchestra.run.smithi046.stdout:/usr/bin/ceph: stderr
2024-05-08T22:55:42.613+0000 7fe15aa00700 1 -- 172.21.15.46:0/1119659628 learned_addr learned my addr 172.21.15.46:0/1119659628 (peer_addr_for_me v2:172.21.15.46:0/0)
2024-05-08T22:55:43.288 INFO:teuthology.orchestra.run.smithi046.stdout:/usr/bin/ceph: stderr
2024-05-08T22:55:42.614+0000 7fe15aa00700 1 -- 172.21.15.46:0/1119659628 --> [v2:172.21.15.46:3300/0,v1:172.21.15.46:6789/0] -- mon_subscribe({config=0+,monmap=0+}) v3 -- 0x7fe15c107940 con 0x7fe15c106790
2024-05-08T22:55:43.293 INFO:teuthology.orchestra.run.smithi046.stdout:/usr/bin/ceph: stderr
2024-05-08T22:55:42.614+0000 7fe15aa00700 1 --2- 172.21.15.46:0/1119659628 >> [v2:172.21.15.46:3300/0,v1:172.21.15.46:6789/0] conn(0x7fe15c106790 0x7fe15c106bb0 secure :-1 s=READY pgs=20 cs=0 l=1 rev1=1 crypto rx=0x7fe14c0098a0 tx=0x7fe14c009bb0 comp rx=0 tx=0).ready entity=mon.0 client_cookie=4c74ac52cde95c5e server_cookie=0 in_seq=0 out_seq=0
2024-05-08T22:55:43.293 INFO:teuthology.orchestra.run.smithi046.stdout:/usr/bin/ceph: stderr
2024-05-08T22:55:42.614+0000 7fe159600700 1 -- 172.21.15.46:0/1119659628 <== mon.0 v2:172.21.15.46:3300/0 1 ==== mon_map magic: 0 v1 ==== 205+0+0 (secure 0 0 0) 0x7fe14c004160 con 0x7fe15c106790
2024-05-08T22:55:43.293 INFO:teuthology.orchestra.run.smithi046.stdout:/usr/bin/ceph: stderr
2024-05-08T22:55:42.614+0000 7fe159600700 1 -- 172.21.15.46:0/1119659628 <== mon.0 v2:172.21.15.46:3300/0 2 ==== config(26 keys) v1 ==== 1074+0+0 (secure 0 0 0) 0x7fe14c0042c0 con 0x7fe15c106790
2024-05-08T22:55:43.293 INFO:teuthology.orchestra.run.smithi046.stdout:/usr/bin/ceph: stderr
2024-05-08T22:55:42.614+0000 7fe159600700 1 -- 172.21.15.46:0/1119659628 <== mon.0 v2:172.21.15.46:3300/0 3 ==== mon_map magic: 0 v1 ==== 205+0+0 (secure 0 0 0) 0x7fe14c011a00 con 0x7fe15c106790
2024-05-08T22:55:43.294 INFO:teuthology.orchestra.run.smithi046.stdout:/usr/bin/ceph: stderr
2024-05-08T22:55:42.615+0000 7fe161c00700 1 -- 172.21.15.46:0/1119659628 >> [v2:172.21.15.46:3300/0,v1:172.21.15.46:6789/0] conn(0x7fe15c106790 msgr2=0x7fe15c106bb0 secure :-1 s=STATE_CONNECTION_ESTABLISHED l=1).mark_down
2024-05-08T22:55:43.294 INFO:teuthology.orchestra.run.smithi046.stdout:/usr/bin/ceph: stderr
2024-05-08T22:55:42.615+0000 7fe161c00700 1 --2- 172.21.15.46:0/1119659628 >> [v2:172.21.15.46:3300/0,v1:172.21.15.46:6789/0] conn(0x7fe15c106790 0x7fe15c106bb0 secure :-1 s=READY pgs=20 cs=0 l=1 rev1=1 crypto rx=0x7fe14c0098a0 tx=0x7fe14c009bb0 comp rx=0 tx=0).stop
2024-05-08T22:55:43.294 INFO:teuthology.orchestra.run.smithi046.stdout:/usr/bin/ceph: stderr
2024-05-08T22:55:42.615+0000 7fe161c00700 1 -- 172.21.15.46:0/1119659628 shutdown_connections
2024-05-08T22:55:43.294 INFO:teuthology.orchestra.run.smithi046.stdout:/usr/bin/ceph: stderr
2024-05-08T22:55:42.615+0000 7fe161c00700 1 --2- 172.21.15.46:0/1119659628 >> [v2:172.21.15.46:3300/0,v1:172.21.15.46:6789/0] conn(0x7fe15c106790 0x7fe15c106bb0 unknown :-1 s=CLOSED pgs=20 cs=0 l=1 rev1=1 crypto rx=0 tx=0 comp rx=0 tx=0).stop
2024-05-08T22:55:43.294 INFO:teuthology.orchestra.run.smithi046.stdout:/usr/bin/ceph: stderr
2024-05-08T22:55:42.615+0000 7fe161c00700 1 -- 172.21.15.46:0/1119659628 >> 172.21.15.46:0/1119659628 conn(0x7fe15c101d50 msgr2=0x7fe15c104170 unknown :-1 s=STATE_NONE l=0).mark_down
2024-05-08T22:55:43.294 INFO:teuthology.orchestra.run.smithi046.stdout:/usr/bin/ceph: stderr
2024-05-08T22:55:42.615+0000 7fe161c00700 1 -- 172.21.15.46:0/1119659628 shutdown_connections
2024-05-08T22:55:43.294 INFO:teuthology.orchestra.run.smithi046.stdout:/usr/bin/ceph: stderr
2024-05-08T22:55:42.615+0000 7fe161c00700 1 -- 172.21.15.46:0/1119659628 wait complete.
2024-05-08T22:55:43.294 INFO:teuthology.orchestra.run.smithi046.stdout:/usr/bin/ceph: stderr
2024-05-08T22:55:42.616+0000 7fe161c00700 1 Processor -- start
2024-05-08T22:55:43.294 INFO:teuthology.orchestra.run.smithi046.stdout:/usr/bin/ceph: stderr
2024-05-08T22:55:42.616+0000 7fe161c00700 1 -- start start
2024-05-08T22:55:43.294 INFO:teuthology.orchestra.run.smithi046.stdout:/usr/bin/ceph: stderr
2024-05-08T22:55:42.616+0000 7fe161c00700 1 --2- >> [v2:172.21.15.46:3300/0,v1:172.21.15.46:6789/0] conn(0x7fe15c106790 0x7fe15c19c7c0 unknown :-1 s=NONE pgs=0 cs=0 l=1 rev1=0 crypto rx=0 tx=0 comp rx=0 tx=0).connect
2024-05-08T22:55:43.294 INFO:teuthology.orchestra.run.smithi046.stdout:/usr/bin/ceph: stderr
2024-05-08T22:55:42.616+0000 7fe161c00700 1 -- --> [v2:172.21.15.46:3300/0,v1:172.21.15.46:6789/0] -- mon_getmap magic: 0 v1 -- 0x7fe15c19cd00 con 0x7fe15c106790
2024-05-08T22:55:43.295 INFO:teuthology.orchestra.run.smithi046.stdout:/usr/bin/ceph: stderr
2024-05-08T22:55:42.617+0000 7fe15aa00700 1 --2- >> [v2:172.21.15.46:3300/0,v1:172.21.15.46:6789/0] conn(0x7fe15c106790 0x7fe15c19c7c0 unknown :-1 s=BANNER_CONNECTING pgs=0 cs=0 l=1 rev1=0 crypto rx=0 tx=0 comp rx=0 tx=0)._handle_peer_banner_payload supported=3 required=0
2024-05-08T22:55:43.295 INFO:teuthology.orchestra.run.smithi046.stdout:/usr/bin/ceph: stderr
