2024-05-08T23:12:45.038 INFO:teuthology.orchestra.run.smithi062.stdout:/usr/bin/ceph: stderr
2024-05-08T23:12:44.461+0000 7f5f8a200700 1 --2- 172.21.15.62:0/1071747348 >> [v2:172.21.15.62:3300/0,v1:172.21.15.62:6789/0] conn(0x7f5f841064f0 0x7f5f84106910 unknown :-1 s=CLOSED pgs=20 cs=0 l=1 rev1=1 crypto rx=0 tx=0 comp rx=0 tx=0).stop
2024-05-08T23:12:45.038 INFO:teuthology.orchestra.run.smithi062.stdout:/usr/bin/ceph: stderr
2024-05-08T23:12:44.461+0000 7f5f8a200700 1 -- 172.21.15.62:0/1071747348 >> 172.21.15.62:0/1071747348 conn(0x7f5f84101ad0 msgr2=0x7f5f84103ef0 unknown :-1 s=STATE_NONE l=0).mark_down
2024-05-08T23:12:45.038 INFO:teuthology.orchestra.run.smithi062.stdout:/usr/bin/ceph: stderr
2024-05-08T23:12:44.461+0000 7f5f8a200700 1 -- 172.21.15.62:0/1071747348 shutdown_connections
2024-05-08T23:12:45.038 INFO:teuthology.orchestra.run.smithi062.stdout:/usr/bin/ceph: stderr
2024-05-08T23:12:44.461+0000 7f5f8a200700 1 -- 172.21.15.62:0/1071747348 wait complete.
2024-05-08T23:12:45.038 INFO:teuthology.orchestra.run.smithi062.stdout:/usr/bin/ceph: stderr
2024-05-08T23:12:44.463+0000 7f5f8a200700 1 Processor -- start
2024-05-08T23:12:45.038 INFO:teuthology.orchestra.run.smithi062.stdout:/usr/bin/ceph: stderr
2024-05-08T23:12:44.463+0000 7f5f8a200700 1 -- start start
2024-05-08T23:12:45.038 INFO:teuthology.orchestra.run.smithi062.stdout:/usr/bin/ceph: stderr
2024-05-08T23:12:44.463+0000 7f5f8a200700 1 --2- >> [v2:172.21.15.62:3300/0,v1:172.21.15.62:6789/0] conn(0x7f5f841064f0 0x7f5f8419c540 unknown :-1 s=NONE pgs=0 cs=0 l=1 rev1=0 crypto rx=0 tx=0 comp rx=0 tx=0).connect
2024-05-08T23:12:45.038 INFO:teuthology.orchestra.run.smithi062.stdout:/usr/bin/ceph: stderr
2024-05-08T23:12:44.463+0000 7f5f8a200700 1 -- --> [v2:172.21.15.62:3300/0,v1:172.21.15.62:6789/0] -- mon_getmap magic: 0 v1 -- 0x7f5f8419ca80 con 0x7f5f841064f0
2024-05-08T23:12:45.038 INFO:teuthology.orchestra.run.smithi062.stdout:/usr/bin/ceph: stderr
2024-05-08T23:12:44.463+0000 7f5f88e00700 1 --2- >> [v2:172.21.15.62:3300/0,v1:172.21.15.62:6789/0] conn(0x7f5f841064f0 0x7f5f8419c540 unknown :-1 s=BANNER_CONNECTING pgs=0 cs=0 l=1 rev1=0 crypto rx=0 tx=0 comp rx=0 tx=0)._handle_peer_banner_payload supported=3 required=0
2024-05-08T23:12:45.038 INFO:teuthology.orchestra.run.smithi062.stdout:/usr/bin/ceph: stderr
2024-05-08T23:12:44.463+0000 7f5f88e00700 1 --2- >> [v2:172.21.15.62:3300/0,v1:172.21.15.62:6789/0] conn(0x7f5f841064f0 0x7f5f8419c540 unknown :-1 s=HELLO_CONNECTING pgs=0 cs=0 l=1 rev1=1 crypto rx=0 tx=0 comp rx=0 tx=0).handle_hello peer v2:172.21.15.62:3300/0 says I am v2:172.21.15.62:47278/0 (socket says 172.21.15.62:47278)
2024-05-08T23:12:45.038 INFO:teuthology.orchestra.run.smithi062.stdout:/usr/bin/ceph: stderr
2024-05-08T23:12:44.463+0000 7f5f88e00700 1 -- 172.21.15.62:0/2435123115 learned_addr learned my addr 172.21.15.62:0/2435123115 (peer_addr_for_me v2:172.21.15.62:0/0)
2024-05-08T23:12:45.038 INFO:teuthology.orchestra.run.smithi062.stdout:/usr/bin/ceph: stderr
2024-05-08T23:12:44.464+0000 7f5f88e00700 1 -- 172.21.15.62:0/2435123115 --> [v2:172.21.15.62:3300/0,v1:172.21.15.62:6789/0] -- mon_subscribe({config=0+,monmap=0+}) v3 -- 0x7f5f78009550 con 0x7f5f841064f0
2024-05-08T23:12:45.039 INFO:teuthology.orchestra.run.smithi062.stdout:/usr/bin/ceph: stderr
2024-05-08T23:12:44.464+0000 7f5f88e00700 1 --2- 172.21.15.62:0/2435123115 >> [v2:172.21.15.62:3300/0,v1:172.21.15.62:6789/0] conn(0x7f5f841064f0 0x7f5f8419c540 secure :-1 s=READY pgs=21 cs=0 l=1 rev1=1 crypto rx=0x7f5f78009130 tx=0x7f5f78011ad0 comp rx=0 tx=0).ready entity=mon.0 client_cookie=0 server_cookie=0 in_seq=0 out_seq=0
2024-05-08T23:12:45.039 INFO:teuthology.orchestra.run.smithi062.stdout:/usr/bin/ceph: stderr
2024-05-08T23:12:44.464+0000 7f5f81600700 1 -- 172.21.15.62:0/2435123115 <== mon.0 v2:172.21.15.62:3300/0 1 ==== mon_map magic: 0 v1 ==== 205+0+0 (secure 0 0 0) 0x7f5f78003ab0 con 0x7f5f841064f0
2024-05-08T23:12:45.039 INFO:teuthology.orchestra.run.smithi062.stdout:/usr/bin/ceph: stderr
2024-05-08T23:12:44.464+0000 7f5f81600700 1 -- 172.21.15.62:0/2435123115 <== mon.0 v2:172.21.15.62:3300/0 2 ==== config(26 keys) v1 ==== 1074+0+0 (secure 0 0 0) 0x7f5f78003c10 con 0x7f5f841064f0
2024-05-08T23:12:45.039 INFO:teuthology.orchestra.run.smithi062.stdout:/usr/bin/ceph: stderr
2024-05-08T23:12:44.464+0000 7f5f81600700 1 -- 172.21.15.62:0/2435123115 <== mon.0 v2:172.21.15.62:3300/0 3 ==== mon_map magic: 0 v1 ==== 205+0+0 (secure 0 0 0) 0x7f5f780247d0 con 0x7f5f841064f0
2024-05-08T23:12:45.039 INFO:teuthology.orchestra.run.smithi062.stdout:/usr/bin/ceph: stderr
2024-05-08T23:12:44.464+0000 7f5f8a200700 1 -- 172.21.15.62:0/2435123115 --> [v2:172.21.15.62:3300/0,v1:172.21.15.62:6789/0] -- mon_subscribe({mgrmap=0+}) v3 -- 0x7f5f8419cc80 con 0x7f5f841064f0
2024-05-08T23:12:45.039 INFO:teuthology.orchestra.run.smithi062.stdout:/usr/bin/ceph: stderr
2024-05-08T23:12:44.464+0000 7f5f8a200700 1 -- 172.21.15.62:0/2435123115 --> [v2:172.21.15.62:3300/0,v1:172.21.15.62:6789/0] -- mon_subscribe({osdmap=0}) v3 -- 0x7f5f8419d7e0 con 0x7f5f841064f0
2024-05-08T23:12:45.039 INFO:teuthology.orchestra.run.smithi062.stdout:/usr/bin/ceph: stderr
2024-05-08T23:12:44.465+0000 7f5f81600700 1 -- 172.21.15.62:0/2435123115 <== mon.0 v2:172.21.15.62:3300/0 4 ==== mgrmap(e 4) v1 ==== 45530+0+0 (secure 0 0 0) 0x7f5f7801abb0 con 0x7f5f841064f0
2024-05-08T23:12:45.039 INFO:teuthology.orchestra.run.smithi062.stdout:/usr/bin/ceph: stderr
2024-05-08T23:12:44.465+0000 7f5f8a200700 1 -- 172.21.15.62:0/2435123115 --> [v2:172.21.15.62:3300/0,v1:172.21.15.62:6789/0] -- mon_command({"prefix": "get_command_descriptions"} v 0) v1 -- 0x7f5f8419d120 con 0x7f5f841064f0
2024-05-08T23:12:45.039 INFO:teuthology.orchestra.run.smithi062.stdout:/usr/bin/ceph: stderr
2024-05-08T23:12:44.466+0000 7f5f81600700 1 --2- 172.21.15.62:0/2435123115 >> [v2:172.21.15.62:6800/2628036290,v1:172.21.15.62:6801/2628036290] conn(0x7f5f6c0386b0 0x7f5f6c03ab70 unknown :-1 s=NONE pgs=0 cs=0 l=1 rev1=0 crypto rx=0 tx=0 comp rx=0 tx=0).connect
2024-05-08T23:12:45.039 INFO:teuthology.orchestra.run.smithi062.stdout:/usr/bin/ceph: stderr
2024-05-08T23:12:44.466+0000 7f5f81600700 1 -- 172.21.15.62:0/2435123115 <== mon.0 v2:172.21.15.62:3300/0 5 ==== osd_map(1..1 src has 1..1) v4 ==== 725+0+0 (secure 0 0 0) 0x7f5f7804c470 con 0x7f5f841064f0
2024-05-08T23:12:45.039 INFO:teuthology.orchestra.run.smithi062.stdout:/usr/bin/ceph: stderr
2024-05-08T23:12:44.466+0000 7f5f83e00700 1 --2- 172.21.15.62:0/2435123115 >> [v2:172.21.15.62:6800/2628036290,v1:172.21.15.62:6801/2628036290] conn(0x7f5f6c0386b0 0x7f5f6c03ab70 unknown :-1 s=BANNER_CONNECTING pgs=0 cs=0 l=1 rev1=0 crypto rx=0 tx=0 comp rx=0 tx=0)._handle_peer_banner_payload supported=3 required=0
2024-05-08T23:12:45.039 INFO:teuthology.orchestra.run.smithi062.stdout:/usr/bin/ceph: stderr
2024-05-08T23:12:44.467+0000 7f5f83e00700 1 --2- 172.21.15.62:0/2435123115 >> [v2:172.21.15.62:6800/2628036290,v1:172.21.15.62:6801/2628036290] conn(0x7f5f6c0386b0 0x7f5f6c03ab70 secure :-1 s=READY pgs=7 cs=0 l=1 rev1=1 crypto rx=0x7f5f70006fd0 tx=0x7f5f70006e40 comp rx=0 tx=0).ready entity=mgr.14100 client_cookie=0 server_cookie=0 in_seq=0 out_seq=0
2024-05-08T23:12:45.040 INFO:teuthology.orchestra.run.smithi062.stdout:/usr/bin/ceph: stderr
2024-05-08T23:12:44.471+0000 7f5f81600700 1 -- 172.21.15.62:0/2435123115 <== mon.0 v2:172.21.15.62:3300/0 6 ==== mon_command_ack([{"prefix": "get_command_descriptions"}]=0 v0) v1 ==== 72+0+183622 (secure 0 0 0) 0x7f5f8419d120 con 0x7f5f841064f0
2024-05-08T23:12:45.040 INFO:teuthology.orchestra.run.smithi062.stdout:/usr/bin/ceph: stderr
2024-05-08T23:12:44.684+0000 7f5f8a200700 1 -- 172.21.15.62:0/2435123115 --> [v2:172.21.15.62:3300/0,v1:172.21.15.62:6789/0] -- mon_command({"prefix": "config assimilate-conf"} v 0) v1 -- 0x7f5f8419d120 con 0x7f5f841064f0
2024-05-08T23:12:45.040 INFO:teuthology.orchestra.run.smithi062.stdout:/usr/bin/ceph: stderr
2024-05-08T23:12:44.685+0000 7f5f81600700 1 -- 172.21.15.62:0/2435123115 <== mon.0 v2:172.21.15.62:3300/0 7 ==== mon_command_ack([{"prefix": "config assimilate-conf"}]=0 v3) v1 ==== 70+0+373 (secure 0 0 0) 0x7f5f8419d120 con 0x7f5f841064f0
2024-05-08T23:12:45.040 INFO:teuthology.orchestra.run.smithi062.stdout:/usr/bin/ceph: stderr
2024-05-08T23:12:44.687+0000 7f5f8a200700 1 -- 172.21.15.62:0/2435123115 >> [v2:172.21.15.62:6800/2628036290,v1:172.21.15.62:6801/2628036290] conn(0x7f5f6c0386b0 msgr2=0x7f5f6c03ab70 secure :-1 s=STATE_CONNECTION_ESTABLISHED l=1).mark_down
2024-05-08T23:12:45.040 INFO:teuthology.orchestra.run.smithi062.stdout:/usr/bin/ceph: stderr
2024-05-08T23:12:44.687+0000 7f5f8a200700 1 --2- 172.21.15.62:0/2435123115 >> [v2:172.21.15.62:6800/2628036290,v1:172.21.15.62:6801/2628036290] conn(0x7f5f6c0386b0 0x7f5f6c03ab70 secure :-1 s=READY pgs=7 cs=0 l=1 rev1=1 crypto rx=0x7f5f70006fd0 tx=0x7f5f70006e40 comp rx=0 tx=0).stop
2024-05-08T23:12:45.040 INFO:teuthology.orchestra.run.smithi062.stdout:/usr/bin/ceph: stderr
2024-05-08T23:12:44.687+0000 7f5f8a200700 1 -- 172.21.15.62:0/2435123115 >> [v2:172.21.15.62:3300/0,v1:172.21.15.62:6789/0] conn(0x7f5f841064f0 msgr2=0x7f5f8419c540 secure :-1 s=STATE_CONNECTION_ESTABLISHED l=1).mark_down
2024-05-08T23:12:45.040 INFO:teuthology.orchestra.run.smithi062.stdout:/usr/bin/ceph: stderr
2024-05-08T23:12:44.687+0000 7f5f8a200700 1 --2- 172.21.15.62:0/2435123115 >> [v2:172.21.15.62:3300/0,v1:172.21.15.62:6789/0] conn(0x7f5f841064f0 0x7f5f8419c540 secure :-1 s=READY pgs=21 cs=0 l=1 rev1=1 crypto rx=0x7f5f78009130 tx=0x7f5f78011ad0 comp rx=0 tx=0).stop
2024-05-08T23:12:45.040 INFO:teuthology.orchestra.run.smithi062.stdout:/usr/bin/ceph: stderr
2024-05-08T23:12:44.687+0000 7f5f8a200700 1 -- 172.21.15.62:0/2435123115 shutdown_connections
2024-05-08T23:12:45.040 INFO:teuthology.orchestra.run.smithi062.stdout:/usr/bin/ceph: stderr
2024-05-08T23:12:44.687+0000 7f5f8a200700 1 --2- 172.21.15.62:0/2435123115 >> [v2:172.21.15.62:6800/2628036290,v1:172.21.15.62:6801/2628036290] conn(0x7f5f6c0386b0 0x7f5f6c03ab70 unknown :-1 s=CLOSED pgs=7 cs=0 l=1 rev1=1 crypto rx=0 tx=0 comp rx=0 tx=0).stop
2024-05-08T23:12:45.040 INFO:teuthology.orchestra.run.smithi062.stdout:/usr/bin/ceph: stderr
2024-05-08T23:12:44.687+0000 7f5f8a200700 1 --2- 172.21.15.62:0/2435123115 >> [v2:172.21.15.62:3300/0,v1:172.21.15.62:6789/0] conn(0x7f5f841064f0 0x7f5f8419c540 unknown :-1 s=CLOSED pgs=21 cs=0 l=1 rev1=1 crypto rx=0 tx=0 comp rx=0 tx=0).stop
2024-05-08T23:12:45.040 INFO:teuthology.orchestra.run.smithi062.stdout:/usr/bin/ceph: stderr
2024-05-08T23:12:44.687+0000 7f5f8a200700 1 -- 172.21.15.62:0/2435123115 >> 172.21.15.62:0/2435123115 conn(0x7f5f84101ad0 msgr2=0x7f5f841025d0 unknown :-1 s=STATE_NONE l=0).mark_down
2024-05-08T23:12:45.040 INFO:teuthology.orchestra.run.smithi062.stdout:/usr/bin/ceph: stderr
2024-05-08T23:12:44.687+0000 7f5f8a200700 1 -- 172.21.15.62:0/2435123115 shutdown_connections
2024-05-08T23:12:45.040 INFO:teuthology.orchestra.run.smithi062.stdout:/usr/bin/ceph: stderr
2024-05-08T23:12:44.687+0000 7f5f8a200700 1 -- 172.21.15.62:0/2435123115 wait complete.
2024-05-08T23:12:45.041 INFO:teuthology.orchestra.run.smithi062.stdout:Enabling cephadm module...
2024-05-08T23:12:46.063 INFO:journalctl@ceph.mon.a.smithi062.stdout:May 08 23:12:45 smithi062 ceph-mon[37254]: from='client.? 172.21.15.62:0/2435123115' entity='client.admin' cmd=[{"prefix": "config assimilate-conf"}]: dispatch
2024-05-08T23:12:47.063 INFO:journalctl@ceph.mon.a.smithi062.stdout:May 08 23:12:46 smithi062 ceph-mon[37254]: from='client.? 172.21.15.62:0/2946094279' entity='client.admin' cmd=[{"prefix": "mgr module enable", "module": "cephadm"}]: dispatch
2024-05-08T23:12:47.063 INFO:journalctl@ceph.mgr.x.smithi062.stdout:May 08 23:12:46 smithi062 ceph-38883c74-0d90-11ef-bc97-c7b262605968-mgr-x[37506]: ignoring --setuser ceph since I am not root
2024-05-08T23:12:47.063 INFO:journalctl@ceph.mgr.x.smithi062.stdout:May 08 23:12:46 smithi062 ceph-38883c74-0d90-11ef-bc97-c7b262605968-mgr-x[37506]: ignoring --setgroup ceph since I am not root
2024-05-08T23:12:47.563 INFO:journalctl@ceph.mgr.x.smithi062.stdout:May 08 23:12:47 smithi062 ceph-38883c74-0d90-11ef-bc97-c7b262605968-mgr-x[37506]:
2024-05-08T23:12:47.237+0000 7f78d9626200 -1 mgr[py] Module prometheus has missing NOTIFY_TYPES member
2024-05-08T23:12:47.563 INFO:journalctl@ceph.mgr.x.smithi062.stdout:May 08 23:12:47 smithi062 ceph-38883c74-0d90-11ef-bc97-c7b262605968-mgr-x[37506]:
2024-05-08T23:12:47.360+0000 7f78d9626200 -1 mgr[py] Module alerts has missing NOTIFY_TYPES member
2024-05-08T23:12:47.563 INFO:journalctl@ceph.mgr.x.smithi062.stdout:May 08 23:12:47 smithi062 ceph-38883c74-0d90-11ef-bc97-c7b262605968-mgr-x[37506]:
2024-05-08T23:12:47.477+0000 7f78d9626200 -1 mgr[py] Module osd_perf_query has missing NOTIFY_TYPES member
2024-05-08T23:12:48.063 INFO:journalctl@ceph.mgr.x.smithi062.stdout:May 08 23:12:47 smithi062 ceph-38883c74-0d90-11ef-bc97-c7b262605968-mgr-x[37506]:
2024-05-08T23:12:47.590+0000 7f78d9626200 -1 mgr[py] Module progress has missing NOTIFY_TYPES member
2024-05-08T23:12:48.063 INFO:journalctl@ceph.mon.a.smithi062.stdout:May 08 23:12:47 smithi062 ceph-mon[37254]: from='client.? 172.21.15.62:0/2946094279' entity='client.admin' cmd='[{"prefix": "mgr module enable", "module": "cephadm"}]': finished
2024-05-08T23:12:48.063 INFO:journalctl@ceph.mon.a.smithi062.stdout:May 08 23:12:47 smithi062 ceph-mon[37254]: mgrmap e5: x(active, since 6s)
2024-05-08T23:12:48.776 INFO:journalctl@ceph.mgr.x.smithi062.stdout:May 08 23:12:48 smithi062 ceph-38883c74-0d90-11ef-bc97-c7b262605968-mgr-x[37506]:
2024-05-08T23:12:48.449+0000 7f78d9626200 -1 mgr[py] Module orchestrator has missing NOTIFY_TYPES member
2024-05-08T23:12:48.776 INFO:journalctl@ceph.mgr.x.smithi062.stdout:May 08 23:12:48 smithi062 ceph-38883c74-0d90-11ef-bc97-c7b262605968-mgr-x[37506]:
2024-05-08T23:12:48.775+0000 7f78d9626200 -1 mgr[py] Module nfs has missing NOTIFY_TYPES member
2024-05-08T23:12:49.042 INFO:journalctl@ceph.mgr.x.smithi062.stdout:May 08 23:12:48 smithi062 ceph-38883c74-0d90-11ef-bc97-c7b262605968-mgr-x[37506]:
2024-05-08T23:12:48.895+0000 7f78d9626200 -1 mgr[py] Module zabbix has missing NOTIFY_TYPES member
2024-05-08T23:12:49.312 INFO:journalctl@ceph.mgr.x.smithi062.stdout:May 08 23:12:49 smithi062 ceph-38883c74-0d90-11ef-bc97-c7b262605968-mgr-x[37506]:
2024-05-08T23:12:49.041+0000 7f78d9626200 -1 mgr[py] Module rbd_support has missing NOTIFY_TYPES member
2024-05-08T23:12:49.313 INFO:journalctl@ceph.mgr.x.smithi062.stdout:May 08 23:12:49 smithi062 ceph-38883c74-0d90-11ef-bc97-c7b262605968-mgr-x[37506]:
2024-05-08T23:12:49.243+0000 7f78d9626200 -1 mgr[py] Module status has missing NOTIFY_TYPES member
2024-05-08T23:12:49.812 INFO:journalctl@ceph.mgr.x.smithi062.stdout:May 08 23:12:49 smithi062 ceph-38883c74-0d90-11ef-bc97-c7b262605968-mgr-x[37506]:
2024-05-08T23:12:49.418+0000 7f78d9626200 -1 mgr[py] Module diskprediction_local has missing NOTIFY_TYPES member
2024-05-08T23:12:49.813 INFO:journalctl@ceph.mgr.x.smithi062.stdout:May 08 23:12:49 smithi062 ceph-38883c74-0d90-11ef-bc97-c7b262605968-mgr-x[37506]:
2024-05-08T23:12:49.540+0000 7f78d9626200 -1 mgr[py] Module telegraf has missing NOTIFY_TYPES member
2024-05-08T23:12:50.313 INFO:journalctl@ceph.mgr.x.smithi062.stdout:May 08 23:12:50 smithi062 ceph-38883c74-0d90-11ef-bc97-c7b262605968-mgr-x[37506]:
2024-05-08T23:12:50.049+0000 7f78d9626200 -1 mgr[py] Module influx has missing NOTIFY_TYPES member
2024-05-08T23:12:50.812 INFO:journalctl@ceph.mgr.x.smithi062.stdout:May 08 23:12:50 smithi062 ceph-38883c74-0d90-11ef-bc97-c7b262605968-mgr-x[37506]:
2024-05-08T23:12:50.555+0000 7f78d9626200 -1 mgr[py] Module pg_autoscaler has missing NOTIFY_TYPES member
2024-05-08T23:12:51.188 INFO:journalctl@ceph.mgr.x.smithi062.stdout:May 08 23:12:50 smithi062 ceph-38883c74-0d90-11ef-bc97-c7b262605968-mgr-x[37506]:
2024-05-08T23:12:50.815+0000 7f78d9626200 -1 mgr[py] Module rgw has missing NOTIFY_TYPES member
2024-05-08T23:12:51.189 INFO:journalctl@ceph.mgr.x.smithi062.stdout:May 08 23:12:50 smithi062 ceph-38883c74-0d90-11ef-bc97-c7b262605968-mgr-x[37506]:
2024-05-08T23:12:50.941+0000 7f78d9626200 -1 mgr[py] Module balancer has missing NOTIFY_TYPES member
2024-05-08T23:12:51.196 INFO:teuthology.orchestra.run.smithi062.stdout:/usr/bin/ceph: stderr
2024-05-08T23:12:45.420+0000 7fd302000700 1 Processor -- start
2024-05-08T23:12:51.196 INFO:teuthology.orchestra.run.smithi062.stdout:/usr/bin/ceph: stderr
2024-05-08T23:12:45.420+0000 7fd302000700 1 -- start start
2024-05-08T23:12:51.196 INFO:teuthology.orchestra.run.smithi062.stdout:/usr/bin/ceph: stderr
2024-05-08T23:12:45.420+0000 7fd302000700 1 --2- >> [v2:172.21.15.62:3300/0,v1:172.21.15.62:6789/0] conn(0x7fd2fc1066a0 0x7fd2fc106ac0 unknown :-1 s=NONE pgs=0 cs=0 l=0 rev1=0 crypto rx=0 tx=0 comp rx=0 tx=0).connect
2024-05-08T23:12:51.196 INFO:teuthology.orchestra.run.smithi062.stdout:/usr/bin/ceph: stderr
2024-05-08T23:12:45.420+0000 7fd302000700 1 -- --> [v2:172.21.15.62:3300/0,v1:172.21.15.62:6789/0] -- mon_getmap magic: 0 v1 -- 0x7fd2fc107090 con 0x7fd2fc1066a0
2024-05-08T23:12:51.196 INFO:teuthology.orchestra.run.smithi062.stdout:/usr/bin/ceph: stderr
2024-05-08T23:12:45.420+0000 7fd2fb400700 1 --2- >> [v2:172.21.15.62:3300/0,v1:172.21.15.62:6789/0] conn(0x7fd2fc1066a0 0x7fd2fc106ac0 unknown :-1 s=BANNER_CONNECTING pgs=0 cs=0 l=0 rev1=0 crypto rx=0 tx=0 comp rx=0 tx=0)._handle_peer_banner_payload supported=3 required=0
2024-05-08T23:12:51.197 INFO:teuthology.orchestra.run.smithi062.stdout:/usr/bin/ceph: stderr
2024-05-08T23:12:45.421+0000 7fd2fb400700 1 --2- >> [v2:172.21.15.62:3300/0,v1:172.21.15.62:6789/0] conn(0x7fd2fc1066a0 0x7fd2fc106ac0 unknown :-1 s=HELLO_CONNECTING pgs=0 cs=0 l=0 rev1=1 crypto rx=0 tx=0 comp rx=0 tx=0).handle_hello peer v2:172.21.15.62:3300/0 says I am v2:172.21.15.62:47282/0 (socket says 172.21.15.62:47282)
2024-05-08T23:12:51.197 INFO:teuthology.orchestra.run.smithi062.stdout:/usr/bin/ceph: stderr
2024-05-08T23:12:45.421+0000 7fd2fb400700 1 -- 172.21.15.62:0/1040459494 learned_addr learned my addr 172.21.15.62:0/1040459494 (peer_addr_for_me v2:172.21.15.62:0/0)
2024-05-08T23:12:51.197 INFO:teuthology.orchestra.run.smithi062.stdout:/usr/bin/ceph: stderr
2024-05-08T23:12:45.421+0000 7fd2fb400700 1 -- 172.21.15.62:0/1040459494 --> [v2:172.21.15.62:3300/0,v1:172.21.15.62:6789/0] -- mon_subscribe({config=0+,monmap=0+}) v3 -- 0x7fd2fc1078a0 con 0x7fd2fc1066a0
2024-05-08T23:12:51.197 INFO:teuthology.orchestra.run.smithi062.stdout:/usr/bin/ceph: stderr
2024-05-08T23:12:45.421+0000 7fd2fb400700 1 --2- 172.21.15.62:0/1040459494 >> [v2:172.21.15.62:3300/0,v1:172.21.15.62:6789/0] conn(0x7fd2fc1066a0 0x7fd2fc106ac0 secure :-1 s=READY pgs=22 cs=0 l=1 rev1=1 crypto rx=0x7fd2ec0098a0 tx=0x7fd2ec009bb0 comp rx=0 tx=0).ready entity=mon.0 client_cookie=78be0cc9277c92d8 server_cookie=0 in_seq=0 out_seq=0
2024-05-08T23:12:51.197 INFO:teuthology.orchestra.run.smithi062.stdout:/usr/bin/ceph: stderr
2024-05-08T23:12:45.421+0000 7fd2fa000700 1 -- 172.21.15.62:0/1040459494 <== mon.0 v2:172.21.15.62:3300/0 1 ==== mon_map magic: 0 v1 ==== 205+0+0 (secure 0 0 0) 0x7fd2ec004160 con 0x7fd2fc1066a0
2024-05-08T23:12:51.197 INFO:teuthology.orchestra.run.smithi062.stdout:/usr/bin/ceph: stderr
2024-05-08T23:12:45.422+0000 7fd2fa000700 1 -- 172.21.15.62:0/1040459494 <== mon.0 v2:172.21.15.62:3300/0 2 ==== config(26 keys) v1 ==== 1074+0+0 (secure 0 0 0) 0x7fd2ec0042c0 con 0x7fd2fc1066a0
2024-05-08T23:12:51.197 INFO:teuthology.orchestra.run.smithi062.stdout:/usr/bin/ceph: stderr
2024-05-08T23:12:45.422+0000 7fd2fa000700 1 -- 172.21.15.62:0/1040459494 <== mon.0 v2:172.21.15.62:3300/0 3 ==== mon_map magic: 0 v1 ==== 205+0+0 (secure 0 0 0) 0x7fd2ec011a00 con 0x7fd2fc1066a0
2024-05-08T23:12:51.197 INFO:teuthology.orchestra.run.smithi062.stdout:/usr/bin/ceph: stderr
2024-05-08T23:12:45.422+0000 7fd302000700 1 -- 172.21.15.62:0/1040459494 >> [v2:172.21.15.62:3300/0,v1:172.21.15.62:6789/0] conn(0x7fd2fc1066a0 msgr2=0x7fd2fc106ac0 secure :-1 s=STATE_CONNECTION_ESTABLISHED l=1).mark_down
2024-05-08T23:12:51.197 INFO:teuthology.orchestra.run.smithi062.stdout:/usr/bin/ceph: stderr
2024-05-08T23:12:45.422+0000 7fd302000700 1 --2- 172.21.15.62:0/1040459494 >> [v2:172.21.15.62:3300/0,v1:172.21.15.62:6789/0] conn(0x7fd2fc1066a0 0x7fd2fc106ac0 secure :-1 s=READY pgs=22 cs=0 l=1 rev1=1 crypto rx=0x7fd2ec0098a0 tx=0x7fd2ec009bb0 comp rx=0 tx=0).stop
2024-05-08T23:12:51.197 INFO:teuthology.orchestra.run.smithi062.stdout:/usr/bin/ceph: stderr
2024-05-08T23:12:45.422+0000 7fd302000700 1 -- 172.21.15.62:0/1040459494 shutdown_connections
2024-05-08T23:12:51.197 INFO:teuthology.orchestra.run.smithi062.stdout:/usr/bin/ceph: stderr
2024-05-08T23:12:45.422+0000 7fd302000700 1 --2- 172.21.15.62:0/1040459494 >> [v2:172.21.15.62:3300/0,v1:172.21.15.62:6789/0] conn(0x7fd2fc1066a0 0x7fd2fc106ac0 unknown :-1 s=CLOSED pgs=22 cs=0 l=1 rev1=1 crypto rx=0 tx=0 comp rx=0 tx=0).stop
2024-05-08T23:12:51.197 INFO:teuthology.orchestra.run.smithi062.stdout:/usr/bin/ceph: stderr
2024-05-08T23:12:45.422+0000 7fd302000700 1 -- 172.21.15.62:0/1040459494 >> 172.21.15.62:0/1040459494 conn(0x7fd2fc101c60 msgr2=0x7fd2fc104080 unknown :-1 s=STATE_NONE l=0).mark_down
2024-05-08T23:12:51.197 INFO:teuthology.orchestra.run.smithi062.stdout:/usr/bin/ceph: stderr
2024-05-08T23:12:45.422+0000 7fd302000700 1 -- 172.21.15.62:0/1040459494 shutdown_connections
2024-05-08T23:12:51.197 INFO:teuthology.orchestra.run.smithi062.stdout:/usr/bin/ceph: stderr
2024-05-08T23:12:45.422+0000 7fd302000700 1 -- 172.21.15.62:0/1040459494 wait complete.
2024-05-08T23:12:51.197 INFO:teuthology.orchestra.run.smithi062.stdout:/usr/bin/ceph: stderr
2024-05-08T23:12:45.423+0000 7fd302000700 1 Processor -- start
2024-05-08T23:12:51.198 INFO:teuthology.orchestra.run.smithi062.stdout:/usr/bin/ceph: stderr
2024-05-08T23:12:45.423+0000 7fd302000700 1 -- start start
2024-05-08T23:12:51.198 INFO:teuthology.orchestra.run.smithi062.stdout:/usr/bin/ceph: stderr
2024-05-08T23:12:45.424+0000 7fd302000700 1 --2- >> [v2:172.21.15.62:3300/0,v1:172.21.15.62:6789/0] conn(0x7fd2fc1066a0 0x7fd2fc19c6f0 unknown :-1 s=NONE pgs=0 cs=0 l=1 rev1=0 crypto rx=0 tx=0 comp rx=0 tx=0).connect
2024-05-08T23:12:51.198 INFO:teuthology.orchestra.run.smithi062.stdout:/usr/bin/ceph: stderr
2024-05-08T23:12:45.424+0000 7fd302000700 1 -- --> [v2:172.21.15.62:3300/0,v1:172.21.15.62:6789/0] -- mon_getmap magic: 0 v1 -- 0x7fd2fc19cc30 con 0x7fd2fc1066a0
2024-05-08T23:12:51.198 INFO:teuthology.orchestra.run.smithi062.stdout:/usr/bin/ceph: stderr
2024-05-08T23:12:45.424+0000 7fd2fb400700 1 --2- >> [v2:172.21.15.62:3300/0,v1:172.21.15.62:6789/0] conn(0x7fd2fc1066a0 0x7fd2fc19c6f0 unknown :-1 s=BANNER_CONNECTING pgs=0 cs=0 l=1 rev1=0 crypto rx=0 tx=0 comp rx=0 tx=0)._handle_peer_banner_payload supported=3 required=0
2024-05-08T23:12:51.198 INFO:teuthology.orchestra.run.smithi062.stdout:/usr/bin/ceph: stderr
2024-05-08T23:12:45.424+0000 7fd2fb400700 1 --2- >> [v2:172.21.15.62:3300/0,v1:172.21.15.62:6789/0] conn(0x7fd2fc1066a0 0x7fd2fc19c6f0 unknown :-1 s=HELLO_CONNECTING pgs=0 cs=0 l=1 rev1=1 crypto rx=0 tx=0 comp rx=0 tx=0).handle_hello peer v2:172.21.15.62:3300/0 says I am v2:172.21.15.62:47294/0 (socket says 172.21.15.62:47294)
2024-05-08T23:12:51.198 INFO:teuthology.orchestra.run.smithi062.stdout:/usr/bin/ceph: stderr
2024-05-08T23:12:45.424+0000 7fd2fb400700 1 -- 172.21.15.62:0/2946094279 learned_addr learned my addr 172.21.15.62:0/2946094279 (peer_addr_for_me v2:172.21.15.62:0/0)
2024-05-08T23:12:51.198 INFO:teuthology.orchestra.run.smithi062.stdout:/usr/bin/ceph: stderr
2024-05-08T23:12:45.424+0000 7fd2fb400700 1 -- 172.21.15.62:0/2946094279 --> [v2:172.21.15.62:3300/0,v1:172.21.15.62:6789/0] -- mon_subscribe({config=0+,monmap=0+}) v3 -- 0x7fd2ec009550 con 0x7fd2fc1066a0
2024-05-08T23:12:51.198 INFO:teuthology.orchestra.run.smithi062.stdout:/usr/bin/ceph: stderr
2024-05-08T23:12:45.425+0000 7fd2fb400700 1 --2- 172.21.15.62:0/2946094279 >> [v2:172.21.15.62:3300/0,v1:172.21.15.62:6789/0] conn(0x7fd2fc1066a0 0x7fd2fc19c6f0 secure :-1 s=READY pgs=23 cs=0 l=1 rev1=1 crypto rx=0x7fd2ec009130 tx=0x7fd2ec011ad0 comp rx=0 tx=0).ready entity=mon.0 client_cookie=0 server_cookie=0 in_seq=0 out_seq=0
2024-05-08T23:12:51.198 INFO:teuthology.orchestra.run.smithi062.stdout:/usr/bin/ceph: stderr
2024-05-08T23:12:45.425+0000 7fd2f3e00700 1 -- 172.21.15.62:0/2946094279 <== mon.0 v2:172.21.15.62:3300/0 1 ==== mon_map magic: 0 v1 ==== 205+0+0 (secure 0 0 0) 0x7fd2ec003ab0 con 0x7fd2fc1066a0
2024-05-08T23:12:51.198 INFO:teuthology.orchestra.run.smithi062.stdout:/usr/bin/ceph: stderr
2024-05-08T23:12:45.425+0000 7fd2f3e00700 1 -- 172.21.15.62:0/2946094279 <== mon.0 v2:172.21.15.62:3300/0 2 ==== config(26 keys) v1 ==== 1074+0+0 (secure 0 0 0) 0x7fd2ec003c10 con 0x7fd2fc1066a0
2024-05-08T23:12:51.198 INFO:teuthology.orchestra.run.smithi062.stdout:/usr/bin/ceph: stderr
2024-05-08T23:12:45.425+0000 7fd2f3e00700 1 -- 172.21.15.62:0/2946094279 <== mon.0 v2:172.21.15.62:3300/0 3 ==== mon_map magic: 0 v1 ==== 205+0+0 (secure 0 0 0) 0x7fd2ec0247d0 con 0x7fd2fc1066a0
2024-05-08T23:12:51.198 INFO:teuthology.orchestra.run.smithi062.stdout:/usr/bin/ceph: stderr
2024-05-08T23:12:45.425+0000 7fd302000700 1 -- 172.21.15.62:0/2946094279 --> [v2:172.21.15.62:3300/0,v1:172.21.15.62:6789/0] -- mon_subscribe({mgrmap=0+}) v3 -- 0x7fd2fc19ce30 con 0x7fd2fc1066a0
2024-05-08T23:12:51.199 INFO:teuthology.orchestra.run.smithi062.stdout:/usr/bin/ceph: stderr
2024-05-08T23:12:45.425+0000 7fd302000700 1 -- 172.21.15.62:0/2946094279 --> [v2:172.21.15.62:3300/0,v1:172.21.15.62:6789/0] -- mon_subscribe({osdmap=0}) v3 -- 0x7fd2fc19d990 con 0x7fd2fc1066a0
2024-05-08T23:12:51.199 INFO:teuthology.orchestra.run.smithi062.stdout:/usr/bin/ceph: stderr
2024-05-08T23:12:45.426+0000 7fd2f3e00700 1 -- 172.21.15.62:0/2946094279 <== mon.0 v2:172.21.15.62:3300/0 4 ==== mgrmap(e 4) v1 ==== 45530+0+0 (secure 0 0 0) 0x7fd2ec01abb0 con 0x7fd2fc1066a0
2024-05-08T23:12:51.199 INFO:teuthology.orchestra.run.smithi062.stdout:/usr/bin/ceph: stderr
2024-05-08T23:12:45.426+0000 7fd302000700 1 -- 172.21.15.62:0/2946094279 --> [v2:172.21.15.62:3300/0,v1:172.21.15.62:6789/0] -- mon_command({"prefix": "get_command_descriptions"} v 0) v1 -- 0x7fd2fc19d2d0 con 0x7fd2fc1066a0
2024-05-08T23:12:51.199 INFO:teuthology.orchestra.run.smithi062.stdout:/usr/bin/ceph: stderr
2024-05-08T23:12:45.426+0000 7fd2f3e00700 1 --2- 172.21.15.62:0/2946094279 >> [v2:172.21.15.62:6800/2628036290,v1:172.21.15.62:6801/2628036290] conn(0x7fd2e0038700 0x7fd2e003abc0 unknown :-1 s=NONE pgs=0 cs=0 l=1 rev1=0 crypto rx=0 tx=0 comp rx=0 tx=0).connect
2024-05-08T23:12:51.199 INFO:teuthology.orchestra.run.smithi062.stdout:/usr/bin/ceph: stderr
2024-05-08T23:12:45.427+0000 7fd2f3e00700 1 -- 172.21.15.62:0/2946094279 <== mon.0 v2:172.21.15.62:3300/0 5 ==== osd_map(1..1 src has 1..1) v4 ==== 725+0+0 (secure 0 0 0) 0x7fd2ec04c3e0 con 0x7fd2fc1066a0
2024-05-08T23:12:51.199 INFO:teuthology.orchestra.run.smithi062.stdout:/usr/bin/ceph: stderr
2024-05-08T23:12:45.427+0000 7fd2faa00700 1 --2- 172.21.15.62:0/2946094279 >> [v2:172.21.15.62:6800/2628036290,v1:172.21.15.62:6801/2628036290] conn(0x7fd2e0038700 0x7fd2e003abc0 unknown :-1 s=BANNER_CONNECTING pgs=0 cs=0 l=1 rev1=0 crypto rx=0 tx=0 comp rx=0 tx=0)._handle_peer_banner_payload supported=3 required=0
2024-05-08T23:12:51.199 INFO:teuthology.orchestra.run.smithi062.stdout:/usr/bin/ceph: stderr
2024-05-08T23:12:45.427+0000 7fd2faa00700 1 --2- 172.21.15.62:0/2946094279 >> [v2:172.21.15.62:6800/2628036290,v1:172.21.15.62:6801/2628036290] conn(0x7fd2e0038700 0x7fd2e003abc0 secure :-1 s=READY pgs=8 cs=0 l=1 rev1=1 crypto rx=0x7fd2e8006fd0 tx=0x7fd2e8006e40 comp rx=0 tx=0).ready entity=mgr.14100 client_cookie=0 server_cookie=0 in_seq=0 out_seq=0
2024-05-08T23:12:51.199 INFO:teuthology.orchestra.run.smithi062.stdout:/usr/bin/ceph: stderr
2024-05-08T23:12:45.431+0000 7fd2f3e00700 1 -- 172.21.15.62:0/2946094279 <== mon.0 v2:172.21.15.62:3300/0 6 ==== mon_command_ack([{"prefix": "get_command_descriptions"}]=0 v0) v1 ==== 72+0+183622 (secure 0 0 0) 0x7fd2fc19d2d0 con 0x7fd2fc1066a0
2024-05-08T23:12:51.199 INFO:teuthology.orchestra.run.smithi062.stdout:/usr/bin/ceph: stderr
2024-05-08T23:12:45.713+0000 7fd302000700 1 -- 172.21.15.62:0/2946094279 --> [v2:172.21.15.62:3300/0,v1:172.21.15.62:6789/0] -- mon_command({"prefix": "mgr module enable", "module": "cephadm"} v 0) v1 -- 0x7fd2fc19d2d0 con 0x7fd2fc1066a0
2024-05-08T23:12:51.199 INFO:teuthology.orchestra.run.smithi062.stdout:/usr/bin/ceph: stderr
2024-05-08T23:12:46.635+0000 7fd2f3e00700 1 -- 172.21.15.62:0/2946094279 <== mon.0 v2:172.21.15.62:3300/0 7 ==== mgrmap(e 5) v1 ==== 45541+0+0 (secure 0 0 0) 0x7fd2ec021d60 con 0x7fd2fc1066a0
2024-05-08T23:12:51.199 INFO:teuthology.orchestra.run.smithi062.stdout:/usr/bin/ceph: stderr
2024-05-08T23:12:46.637+0000 7fd2f3e00700 1 -- 172.21.15.62:0/2946094279 <== mon.0 v2:172.21.15.62:3300/0 8 ==== mon_command_ack([{"prefix": "mgr module enable", "module": "cephadm"}]=0 v5) v1 ==== 86+0+0 (secure 0 0 0) 0x7fd2ec04c140 con 0x7fd2fc1066a0
2024-05-08T23:12:51.199 INFO:teuthology.orchestra.run.smithi062.stdout:/usr/bin/ceph: stderr
2024-05-08T23:12:46.640+0000 7fd302000700 1 -- 172.21.15.62:0/2946094279 >> [v2:172.21.15.62:6800/2628036290,v1:172.21.15.62:6801/2628036290] conn(0x7fd2e0038700 msgr2=0x7fd2e003abc0 secure :-1 s=STATE_CONNECTION_ESTABLISHED l=1).mark_down
2024-05-08T23:12:51.199 INFO:teuthology.orchestra.run.smithi062.stdout:/usr/bin/ceph: stderr
2024-05-08T23:12:46.640+0000 7fd302000700 1 --2- 172.21.15.62:0/2946094279 >> [v2:172.21.15.62:6800/2628036290,v1:172.21.15.62:6801/2628036290] conn(0x7fd2e0038700 0x7fd2e003abc0 secure :-1 s=READY pgs=8 cs=0 l=1 rev1=1 crypto rx=0x7fd2e8006fd0 tx=0x7fd2e8006e40 comp rx=0 tx=0).stop
2024-05-08T23:12:51.199 INFO:teuthology.orchestra.run.smithi062.stdout:/usr/bin/ceph: stderr
2024-05-08T23:12:46.640+0000 7fd302000700 1 -- 172.21.15.62:0/2946094279 >> [v2:172.21.15.62:3300/0,v1:172.21.15.62:6789/0] conn(0x7fd2fc1066a0 msgr2=0x7fd2fc19c6f0 secure :-1 s=STATE_CONNECTION_ESTABLISHED l=1).mark_down
2024-05-08T23:12:51.199 INFO:teuthology.orchestra.run.smithi062.stdout:/usr/bin/ceph: stderr
2024-05-08T23:12:46.640+0000 7fd302000700 1 --2- 172.21.15.62:0/2946094279 >> [v2:172.21.15.62:3300/0,v1:172.21.15.62:6789/0] conn(0x7fd2fc1066a0 0x7fd2fc19c6f0 secure :-1 s=READY pgs=23 cs=0 l=1 rev1=1 crypto rx=0x7fd2ec009130 tx=0x7fd2ec011ad0 comp rx=0 tx=0).stop
2024-05-08T23:12:51.200 INFO:teuthology.orchestra.run.smithi062.stdout:/usr/bin/ceph: stderr
2024-05-08T23:12:46.640+0000 7fd302000700 1 -- 172.21.15.62:0/2946094279 shutdown_connections
2024-05-08T23:12:51.200 INFO:teuthology.orchestra.run.smithi062.stdout:/usr/bin/ceph: stderr
2024-05-08T23:12:46.640+0000 7fd302000700 1 --2- 172.21.15.62:0/2946094279 >> [v2:172.21.15.62:6800/2628036290,v1:172.21.15.62:6801/2628036290] conn(0x7fd2e0038700 0x7fd2e003abc0 unknown :-1 s=CLOSED pgs=8 cs=0 l=1 rev1=1 crypto rx=0 tx=0 comp rx=0 tx=0).stop
2024-05-08T23:12:51.200 INFO:teuthology.orchestra.run.smithi062.stdout:/usr/bin/ceph: stderr
2024-05-08T23:12:46.640+0000 7fd302000700 1 --2- 172.21.15.62:0/2946094279 >> [v2:172.21.15.62:3300/0,v1:172.21.15.62:6789/0] conn(0x7fd2fc1066a0 0x7fd2fc19c6f0 unknown :-1 s=CLOSED pgs=23 cs=0 l=1 rev1=1 crypto rx=0 tx=0 comp rx=0 tx=0).stop
2024-05-08T23:12:51.200 INFO:teuthology.orchestra.run.smithi062.stdout:/usr/bin/ceph: stderr
2024-05-08T23:12:46.640+0000 7fd302000700 1 -- 172.21.15.62:0/2946094279 >> 172.21.15.62:0/2946094279 conn(0x7fd2fc101c60 msgr2=0x7fd2fc102860 unknown :-1 s=STATE_NONE l=0).mark_down
2024-05-08T23:12:51.200 INFO:teuthology.orchestra.run.smithi062.stdout:/usr/bin/ceph: stderr
2024-05-08T23:12:46.641+0000 7fd302000700 1 -- 172.21.15.62:0/2946094279 shutdown_connections
2024-05-08T23:12:51.200 INFO:teuthology.orchestra.run.smithi062.stdout:/usr/bin/ceph: stderr
2024-05-08T23:12:46.641+0000 7fd302000700 1 -- 172.21.15.62:0/2946094279 wait complete.
2024-05-08T23:12:52.297 INFO:teuthology.orchestra.run.smithi062.stdout:/usr/bin/ceph: stdout {
2024-05-08T23:12:52.297 INFO:teuthology.orchestra.run.smithi062.stdout:/usr/bin/ceph: stdout "epoch": 5,
2024-05-08T23:12:52.297 INFO:teuthology.orchestra.run.smithi062.stdout:/usr/bin/ceph: stdout "available": true,
2024-05-08T23:12:52.297 INFO:teuthology.orchestra.run.smithi062.stdout:/usr/bin/ceph: stdout "active_name": "x",
2024-05-08T23:12:52.298 INFO:teuthology.orchestra.run.smithi062.stdout:/usr/bin/ceph: stdout "num_standby": 0
2024-05-08T23:12:52.298 INFO:teuthology.orchestra.run.smithi062.stdout:/usr/bin/ceph: stdout }
2024-05-08T23:12:52.298 INFO:teuthology.orchestra.run.smithi062.stdout:/usr/bin/ceph: stderr
2024-05-08T23:12:51.616+0000 7f9306000700 1 Processor -- start
2024-05-08T23:12:52.298 INFO:teuthology.orchestra.run.smithi062.stdout:/usr/bin/ceph: stderr
2024-05-08T23:12:51.616+0000 7f9306000700 1 -- start start
2024-05-08T23:12:52.298 INFO:teuthology.orchestra.run.smithi062.stdout:/usr/bin/ceph: stderr
2024-05-08T23:12:51.616+0000 7f9306000700 1 --2- >> [v2:172.21.15.62:3300/0,v1:172.21.15.62:6789/0] conn(0x7f930007bec0 0x7f930007a320 unknown :-1 s=NONE pgs=0 cs=0 l=0 rev1=0 crypto rx=0 tx=0 comp rx=0 tx=0).connect
2024-05-08T23:12:52.298 INFO:teuthology.orchestra.run.smithi062.stdout:/usr/bin/ceph: stderr
2024-05-08T23:12:51.616+0000 7f9306000700 1 -- --> [v2:172.21.15.62:3300/0,v1:172.21.15.62:6789/0] -- mon_getmap magic: 0 v1 -- 0x7f930007a8f0 con 0x7f930007bec0
2024-05-08T23:12:52.299 INFO:teuthology.orchestra.run.smithi062.stdout:/usr/bin/ceph: stderr
2024-05-08T23:12:51.617+0000 7f92ff400700 1 --2- >> [v2:172.21.15.62:3300/0,v1:172.21.15.62:6789/0] conn(0x7f930007bec0 0x7f930007a320 unknown :-1 s=BANNER_CONNECTING pgs=0 cs=0 l=0 rev1=0 crypto rx=0 tx=0 comp rx=0 tx=0)._handle_peer_banner_payload supported=3 required=0
2024-05-08T23:12:52.299 INFO:teuthology.orchestra.run.smithi062.stdout:/usr/bin/ceph: stderr
2024-05-08T23:12:51.617+0000 7f92ff400700 1 --2- >> [v2:172.21.15.62:3300/0,v1:172.21.15.62:6789/0] conn(0x7f930007bec0 0x7f930007a320 unknown :-1 s=HELLO_CONNECTING pgs=0 cs=0 l=0 rev1=1 crypto rx=0 tx=0 comp rx=0 tx=0).handle_hello peer v2:172.21.15.62:3300/0 says I am v2:172.21.15.62:47322/0 (socket says 172.21.15.62:47322)
2024-05-08T23:12:52.299 INFO:teuthology.orchestra.run.smithi062.stdout:/usr/bin/ceph: stderr
2024-05-08T23:12:51.617+0000 7f92ff400700 1 -- 172.21.15.62:0/2022225056 learned_addr learned my addr 172.21.15.62:0/2022225056 (peer_addr_for_me v2:172.21.15.62:0/0)
2024-05-08T23:12:52.299 INFO:teuthology.orchestra.run.smithi062.stdout:/usr/bin/ceph: stderr
2024-05-08T23:12:51.617+0000 7f92ff400700 1 -- 172.21.15.62:0/2022225056 --> [v2:172.21.15.62:3300/0,v1:172.21.15.62:6789/0] -- mon_subscribe({config=0+,monmap=0+}) v3 -- 0x7f930007aa30 con 0x7f930007bec0
2024-05-08T23:12:52.299 INFO:teuthology.orchestra.run.smithi062.stdout:/usr/bin/ceph: stderr
2024-05-08T23:12:51.617+0000 7f92ff400700 1 --2- 172.21.15.62:0/2022225056 >> [v2:172.21.15.62:3300/0,v1:172.21.15.62:6789/0] conn(0x7f930007bec0 0x7f930007a320 secure :-1 s=READY pgs=26 cs=0 l=1 rev1=1 crypto rx=0x7f92f00098a0 tx=0x7f92f0009bb0 comp rx=0 tx=0).ready entity=mon.0 client_cookie=d407e8e25678a2f4 server_cookie=0 in_seq=0 out_seq=0
2024-05-08T23:12:52.299 INFO:teuthology.orchestra.run.smithi062.stdout:/usr/bin/ceph: stderr
2024-05-08T23:12:51.618+0000 7f92fe000700 1 -- 172.21.15.62:0/2022225056 <== mon.0 v2:172.21.15.62:3300/0 1 ==== mon_map magic: 0 v1 ==== 205+0+0 (secure 0 0 0) 0x7f92f0004160 con 0x7f930007bec0
2024-05-08T23:12:52.299 INFO:teuthology.orchestra.run.smithi062.stdout:/usr/bin/ceph: stderr
2024-05-08T23:12:51.618+0000 7f92fe000700 1 -- 172.21.15.62:0/2022225056 <== mon.0 v2:172.21.15.62:3300/0 2 ==== config(26 keys) v1 ==== 1074+0+0 (secure 0 0 0) 0x7f92f00042c0 con 0x7f930007bec0
2024-05-08T23:12:52.299 INFO:teuthology.orchestra.run.smithi062.stdout:/usr/bin/ceph: stderr
2024-05-08T23:12:51.618+0000 7f92fe000700 1 -- 172.21.15.62:0/2022225056 <== mon.0 v2:172.21.15.62:3300/0 3 ==== mon_map magic: 0 v1 ==== 205+0+0 (secure 0 0 0) 0x7f92f0011a00 con 0x7f930007bec0
2024-05-08T23:12:52.299 INFO:teuthology.orchestra.run.smithi062.stdout:/usr/bin/ceph: stderr
2024-05-08T23:12:51.618+0000 7f9306000700 1 -- 172.21.15.62:0/2022225056 >> [v2:172.21.15.62:3300/0,v1:172.21.15.62:6789/0] conn(0x7f930007bec0 msgr2=0x7f930007a320 secure :-1 s=STATE_CONNECTION_ESTABLISHED l=1).mark_down
2024-05-08T23:12:52.299 INFO:teuthology.orchestra.run.smithi062.stdout:/usr/bin/ceph: stderr
2024-05-08T23:12:51.618+0000 7f9306000700 1 --2- 172.21.15.62:0/2022225056 >> [v2:172.21.15.62:3300/0,v1:172.21.15.62:6789/0] conn(0x7f930007bec0 0x7f930007a320 secure :-1 s=READY pgs=26 cs=0 l=1 rev1=1 crypto rx=0x7f92f00098a0 tx=0x7f92f0009bb0 comp rx=0 tx=0).stop
2024-05-08T23:12:52.299 INFO:teuthology.orchestra.run.smithi062.stdout:/usr/bin/ceph: stderr
2024-05-08T23:12:51.618+0000 7f9306000700 1 -- 172.21.15.62:0/2022225056 shutdown_connections
2024-05-08T23:12:52.299 INFO:teuthology.orchestra.run.smithi062.stdout:/usr/bin/ceph: stderr
2024-05-08T23:12:51.618+0000 7f9306000700 1 --2- 172.21.15.62:0/2022225056 >> [v2:172.21.15.62:3300/0,v1:172.21.15.62:6789/0] conn(0x7f930007bec0 0x7f930007a320 unknown :-1 s=CLOSED pgs=26 cs=0 l=1 rev1=1 crypto rx=0 tx=0 comp rx=0 tx=0).stop
2024-05-08T23:12:52.299 INFO:teuthology.orchestra.run.smithi062.stdout:/usr/bin/ceph: stderr
2024-05-08T23:12:51.618+0000 7f9306000700 1 -- 172.21.15.62:0/2022225056 >> 172.21.15.62:0/2022225056 conn(0x7f9300101c50 msgr2=0x7f9300104090 unknown :-1 s=STATE_NONE l=0).mark_down
2024-05-08T23:12:52.299 INFO:teuthology.orchestra.run.smithi062.stdout:/usr/bin/ceph: stderr
2024-05-08T23:12:51.619+0000 7f9306000700 1 -- 172.21.15.62:0/2022225056 shutdown_connections
2024-05-08T23:12:52.300 INFO:teuthology.orchestra.run.smithi062.stdout:/usr/bin/ceph: stderr
2024-05-08T23:12:51.619+0000 7f9306000700 1 -- 172.21.15.62:0/2022225056 wait complete.
2024-05-08T23:12:52.300 INFO:teuthology.orchestra.run.smithi062.stdout:/usr/bin/ceph: stderr
2024-05-08T23:12:51.620+0000 7f9306000700 1 Processor -- start
2024-05-08T23:12:52.300 INFO:teuthology.orchestra.run.smithi062.stdout:/usr/bin/ceph: stderr
2024-05-08T23:12:51.620+0000 7f9306000700 1 -- start start
2024-05-08T23:12:52.300 INFO:teuthology.orchestra.run.smithi062.stdout:/usr/bin/ceph: stderr
2024-05-08T23:12:51.621+0000 7f9306000700 1 --2- >> [v2:172.21.15.62:3300/0,v1:172.21.15.62:6789/0] conn(0x7f930007bec0 0x7f930019c700 unknown :-1 s=NONE pgs=0 cs=0 l=1 rev1=0 crypto rx=0 tx=0 comp rx=0 tx=0).connect
2024-05-08T23:12:52.300 INFO:teuthology.orchestra.run.smithi062.stdout:/usr/bin/ceph: stderr
2024-05-08T23:12:51.621+0000 7f9306000700 1 -- --> [v2:172.21.15.62:3300/0,v1:172.21.15.62:6789/0] -- mon_getmap magic: 0 v1 -- 0x7f930019cc40 con 0x7f930007bec0
2024-05-08T23:12:52.300 INFO:teuthology.orchestra.run.smithi062.stdout:/usr/bin/ceph: stderr
2024-05-08T23:12:51.621+0000 7f92ff400700 1 --2- >> [v2:172.21.15.62:3300/0,v1:172.21.15.62:6789/0] conn(0x7f930007bec0 0x7f930019c700 unknown :-1 s=BANNER_CONNECTING pgs=0 cs=0 l=1 rev1=0 crypto rx=0 tx=0 comp rx=0 tx=0)._handle_peer_banner_payload supported=3 required=0
2024-05-08T23:12:52.300 INFO:teuthology.orchestra.run.smithi062.stdout:/usr/bin/ceph: stderr
2024-05-08T23:12:51.621+0000 7f92ff400700 1 --2- >> [v2:172.21.15.62:3300/0,v1:172.21.15.62:6789/0] conn(0x7f930007bec0 0x7f930019c700 unknown :-1 s=HELLO_CONNECTING pgs=0 cs=0 l=1 rev1=1 crypto rx=0 tx=0 comp rx=0 tx=0).handle_hello peer v2:172.21.15.62:3300/0 says I am v2:172.21.15.62:47336/0 (socket says 172.21.15.62:47336)
2024-05-08T23:12:52.300 INFO:teuthology.orchestra.run.smithi062.stdout:/usr/bin/ceph: stderr
2024-05-08T23:12:51.621+0000 7f92ff400700 1 -- 172.21.15.62:0/931354842 learned_addr learned my addr 172.21.15.62:0/931354842 (peer_addr_for_me v2:172.21.15.62:0/0)
2024-05-08T23:12:52.300 INFO:teuthology.orchestra.run.smithi062.stdout:/usr/bin/ceph: stderr
2024-05-08T23:12:51.621+0000 7f92ff400700 1 -- 172.21.15.62:0/931354842 --> [v2:172.21.15.62:3300/0,v1:172.21.15.62:6789/0] -- mon_subscribe({config=0+,monmap=0+}) v3 -- 0x7f92f0009550 con 0x7f930007bec0
2024-05-08T23:12:52.301 INFO:teuthology.orchestra.run.smithi062.stdout:/usr/bin/ceph: stderr
2024-05-08T23:12:51.622+0000 7f92ff400700 1 --2- 172.21.15.62:0/931354842 >> [v2:172.21.15.62:3300/0,v1:172.21.15.62:6789/0] conn(0x7f930007bec0 0x7f930019c700 secure :-1 s=READY pgs=27 cs=0 l=1 rev1=1 crypto rx=0x7f92f0011710 tx=0x7f92f0011ad0 comp rx=0 tx=0).ready entity=mon.0 client_cookie=0 server_cookie=0 in_seq=0 out_seq=0
2024-05-08T23:12:52.301 INFO:teuthology.orchestra.run.smithi062.stdout:/usr/bin/ceph: stderr
2024-05-08T23:12:51.622+0000 7f92f7e00700 1 -- 172.21.15.62:0/931354842 <== mon.0 v2:172.21.15.62:3300/0 1 ==== mon_map magic: 0 v1 ==== 205+0+0 (secure 0 0 0) 0x7f92f0003aa0 con 0x7f930007bec0
2024-05-08T23:12:52.301 INFO:teuthology.orchestra.run.smithi062.stdout:/usr/bin/ceph: stderr
2024-05-08T23:12:51.622+0000 7f92f7e00700 1 -- 172.21.15.62:0/931354842 <== mon.0 v2:172.21.15.62:3300/0 2 ==== config(26 keys) v1 ==== 1074+0+0 (secure 0 0 0) 0x7f92f0003c00 con 0x7f930007bec0
2024-05-08T23:12:52.301 INFO:teuthology.orchestra.run.smithi062.stdout:/usr/bin/ceph: stderr
2024-05-08T23:12:51.622+0000 7f9306000700 1 -- 172.21.15.62:0/931354842 --> [v2:172.21.15.62:3300/0,v1:172.21.15.62:6789/0] -- mon_subscribe({mgrmap=0+}) v3 -- 0x7f930019ce40 con 0x7f930007bec0
2024-05-08T23:12:52.301 INFO:teuthology.orchestra.run.smithi062.stdout:/usr/bin/ceph: stderr
2024-05-08T23:12:51.622+0000 7f92f7e00700 1 -- 172.21.15.62:0/931354842 <== mon.0 v2:172.21.15.62:3300/0 3 ==== mon_map magic: 0 v1 ==== 205+0+0 (secure 0 0 0) 0x7f92f0024800 con 0x7f930007bec0
2024-05-08T23:12:52.301 INFO:teuthology.orchestra.run.smithi062.stdout:/usr/bin/ceph: stderr
2024-05-08T23:12:51.622+0000 7f9306000700 1 -- 172.21.15.62:0/931354842 --> [v2:172.21.15.62:3300/0,v1:172.21.15.62:6789/0] -- mon_subscribe({osdmap=0}) v3 -- 0x7f930019d9a0 con 0x7f930007bec0
2024-05-08T23:12:52.301 INFO:teuthology.orchestra.run.smithi062.stdout:/usr/bin/ceph: stderr
2024-05-08T23:12:51.623+0000 7f92f7e00700 1 -- 172.21.15.62:0/931354842 <== mon.0 v2:172.21.15.62:3300/0 4 ==== mgrmap(e 5) v1 ==== 45541+0+0 (secure 0 0 0) 0x7f92f001a430 con 0x7f930007bec0
2024-05-08T23:12:52.301 INFO:teuthology.orchestra.run.smithi062.stdout:/usr/bin/ceph: stderr
2024-05-08T23:12:51.623+0000 7f9306000700 1 -- 172.21.15.62:0/931354842 --> [v2:172.21.15.62:3300/0,v1:172.21.15.62:6789/0] -- mon_command({"prefix": "get_command_descriptions"} v 0) v1 -- 0x7f93000625d0 con 0x7f930007bec0
2024-05-08T23:12:52.301 INFO:teuthology.orchestra.run.smithi062.stdout:/usr/bin/ceph: stderr
2024-05-08T23:12:51.624+0000 7f92f7e00700 1 --2- 172.21.15.62:0/931354842 >> [v2:172.21.15.62:6800/2628036290,v1:172.21.15.62:6801/2628036290] conn(0x7f92e4038700 0x7f92e403abc0 unknown :-1 s=NONE pgs=0 cs=0 l=1 rev1=0 crypto rx=0 tx=0 comp rx=0 tx=0).connect
2024-05-08T23:12:52.301 INFO:teuthology.orchestra.run.smithi062.stdout:/usr/bin/ceph: stderr
2024-05-08T23:12:51.624+0000 7f92f7e00700 1 -- 172.21.15.62:0/931354842 <== mon.0 v2:172.21.15.62:3300/0 5 ==== osd_map(1..1 src has 1..1) v4 ==== 725+0+0 (secure 0 0 0) 0x7f92f004c360 con 0x7f930007bec0
2024-05-08T23:12:52.301 INFO:teuthology.orchestra.run.smithi062.stdout:/usr/bin/ceph: stderr
2024-05-08T23:12:51.624+0000 7f92fea00700 1 -- 172.21.15.62:0/931354842 >> [v2:172.21.15.62:6800/2628036290,v1:172.21.15.62:6801/2628036290] conn(0x7f92e4038700 msgr2=0x7f92e403abc0 unknown :-1 s=STATE_CONNECTING_RE l=1).process reconnect failed to v2:172.21.15.62:6800/2628036290
2024-05-08T23:12:52.302 INFO:teuthology.orchestra.run.smithi062.stdout:/usr/bin/ceph: stderr
2024-05-08T23:12:51.624+0000 7f92fea00700 1 --2- 172.21.15.62:0/931354842 >> [v2:172.21.15.62:6800/2628036290,v1:172.21.15.62:6801/2628036290] conn(0x7f92e4038700 0x7f92e403abc0 unknown :-1 s=START_CONNECT pgs=0 cs=0 l=1 rev1=0 crypto rx=0 tx=0 comp rx=0 tx=0)._fault waiting 0.200000
2024-05-08T23:12:52.302 INFO:teuthology.orchestra.run.smithi062.stdout:/usr/bin/ceph: stderr
2024-05-08T23:12:51.629+0000 7f92f7e00700 1 -- 172.21.15.62:0/931354842 <== mon.0 v2:172.21.15.62:3300/0 6 ==== mon_command_ack([{"prefix": "get_command_descriptions"}]=0 v0) v1 ==== 72+0+183622 (secure 0 0 0) 0x7f92f001abd0 con 0x7f930007bec0
2024-05-08T23:12:52.302 INFO:teuthology.orchestra.run.smithi062.stdout:/usr/bin/ceph: stderr
2024-05-08T23:12:51.825+0000 7f92fea00700 1 -- 172.21.15.62:0/931354842 >> [v2:172.21.15.62:6800/2628036290,v1:172.21.15.62:6801/2628036290] conn(0x7f92e4038700 msgr2=0x7f92e403abc0 unknown :-1 s=STATE_CONNECTING_RE l=1).process reconnect failed to v2:172.21.15.62:6800/2628036290
2024-05-08T23:12:52.302 INFO:teuthology.orchestra.run.smithi062.stdout:/usr/bin/ceph: stderr
2024-05-08T23:12:51.825+0000 7f92fea00700 1 --2- 172.21.15.62:0/931354842 >> [v2:172.21.15.62:6800/2628036290,v1:172.21.15.62:6801/2628036290] conn(0x7f92e4038700 0x7f92e403abc0 unknown :-1 s=START_CONNECT pgs=0 cs=0 l=1 rev1=0 crypto rx=0 tx=0 comp rx=0 tx=0)._fault waiting 0.400000
2024-05-08T23:12:52.302 INFO:teuthology.orchestra.run.smithi062.stdout:/usr/bin/ceph: stderr
2024-05-08T23:12:51.902+0000 7f9306000700 1 -- 172.21.15.62:0/931354842 --> [v2:172.21.15.62:3300/0,v1:172.21.15.62:6789/0] -- mon_command({"prefix": "mgr stat"} v 0) v1 -- 0x7f930019dcd0 con 0x7f930007bec0
2024-05-08T23:12:52.302 INFO:teuthology.orchestra.run.smithi062.stdout:/usr/bin/ceph: stderr
2024-05-08T23:12:51.903+0000 7f92f7e00700 1 -- 172.21.15.62:0/931354842 <== mon.0 v2:172.21.15.62:3300/0 7 ==== mon_command_ack([{"prefix": "mgr stat"}]=0 v5) v1 ==== 56+0+88 (secure 0 0 0) 0x7f92f001abd0 con 0x7f930007bec0
2024-05-08T23:12:52.302 INFO:teuthology.orchestra.run.smithi062.stdout:/usr/bin/ceph: stderr
2024-05-08T23:12:51.905+0000 7f9306000700 1 -- 172.21.15.62:0/931354842 >> [v2:172.21.15.62:6800/2628036290,v1:172.21.15.62:6801/2628036290] conn(0x7f92e4038700 msgr2=0x7f92e403abc0 unknown :-1 s=STATE_CONNECTING l=1).mark_down
2024-05-08T23:12:52.302 INFO:teuthology.orchestra.run.smithi062.stdout:/usr/bin/ceph: stderr
2024-05-08T23:12:51.905+0000 7f9306000700 1 --2- 172.21.15.62:0/931354842 >> [v2:172.21.15.62:6800/2628036290,v1:172.21.15.62:6801/2628036290] conn(0x7f92e4038700 0x7f92e403abc0 unknown :-1 s=START_CONNECT pgs=0 cs=0 l=1 rev1=0 crypto rx=0 tx=0 comp rx=0 tx=0).stop
2024-05-08T23:12:52.302 INFO:teuthology.orchestra.run.smithi062.stdout:/usr/bin/ceph: stderr
2024-05-08T23:12:51.905+0000 7f9306000700 1 -- 172.21.15.62:0/931354842 >> [v2:172.21.15.62:3300/0,v1:172.21.15.62:6789/0] conn(0x7f930007bec0 msgr2=0x7f930019c700 secure :-1 s=STATE_CONNECTION_ESTABLISHED l=1).mark_down
2024-05-08T23:12:52.302 INFO:teuthology.orchestra.run.smithi062.stdout:/usr/bin/ceph: stderr
2024-05-08T23:12:51.905+0000 7f9306000700 1 --2- 172.21.15.62:0/931354842 >> [v2:172.21.15.62:3300/0,v1:172.21.15.62:6789/0] conn(0x7f930007bec0 0x7f930019c700 secure :-1 s=READY pgs=27 cs=0 l=1 rev1=1 crypto rx=0x7f92f0011710 tx=0x7f92f0011ad0 comp rx=0 tx=0).stop
2024-05-08T23:12:52.302 INFO:teuthology.orchestra.run.smithi062.stdout:/usr/bin/ceph: stderr
2024-05-08T23:12:51.905+0000 7f9306000700 1 -- 172.21.15.62:0/931354842 shutdown_connections
2024-05-08T23:12:52.303 INFO:teuthology.orchestra.run.smithi062.stdout:/usr/bin/ceph: stderr
2024-05-08T23:12:51.905+0000 7f9306000700 1 --2- 172.21.15.62:0/931354842 >> [v2:172.21.15.62:6800/2628036290,v1:172.21.15.62:6801/2628036290] conn(0x7f92e4038700 0x7f92e403abc0 unknown :-1 s=CLOSED pgs=0 cs=0 l=1 rev1=0 crypto rx=0 tx=0 comp rx=0 tx=0).stop
2024-05-08T23:12:52.303 INFO:teuthology.orchestra.run.smithi062.stdout:/usr/bin/ceph: stderr
2024-05-08T23:12:51.905+0000 7f9306000700 1 --2- 172.21.15.62:0/931354842 >> [v2:172.21.15.62:3300/0,v1:172.21.15.62:6789/0] conn(0x7f930007bec0 0x7f930019c700 unknown :-1 s=CLOSED pgs=27 cs=0 l=1 rev1=1 crypto rx=0 tx=0 comp rx=0 tx=0).stop
2024-05-08T23:12:52.303 INFO:teuthology.orchestra.run.smithi062.stdout:/usr/bin/ceph: stderr
2024-05-08T23:12:51.905+0000 7f9306000700 1 -- 172.21.15.62:0/931354842 >> 172.21.15.62:0/931354842 conn(0x7f9300101c50 msgr2=0x7f93001028a0 unknown :-1 s=STATE_NONE l=0).mark_down
2024-05-08T23:12:52.303 INFO:teuthology.orchestra.run.smithi062.stdout:/usr/bin/ceph: stderr
2024-05-08T23:12:51.906+0000 7f9306000700 1 -- 172.21.15.62:0/931354842 shutdown_connections
2024-05-08T23:12:52.303 INFO:teuthology.orchestra.run.smithi062.stdout:/usr/bin/ceph: stderr
2024-05-08T23:12:51.906+0000 7f9306000700 1 -- 172.21.15.62:0/931354842 wait complete.
2024-05-08T23:12:52.303 INFO:journalctl@ceph.mon.a.smithi062.stdout:May 08 23:12:51 smithi062 ceph-mon[37254]: from='client.? 172.21.15.62:0/931354842' entity='client.admin' cmd=[{"prefix": "mgr stat"}]: dispatch
2024-05-08T23:12:52.303 INFO:journalctl@ceph.mgr.x.smithi062.stdout:May 08 23:12:51 smithi062 ceph-38883c74-0d90-11ef-bc97-c7b262605968-mgr-x[37506]:
2024-05-08T23:12:51.972+0000 7f78d9626200 -1 mgr[py] Module iostat has missing NOTIFY_TYPES member
2024-05-08T23:12:52.303 INFO:journalctl@ceph.mgr.x.smithi062.stdout:May 08 23:12:52 smithi062 ceph-38883c74-0d90-11ef-bc97-c7b262605968-mgr-x[37506]:
2024-05-08T23:12:52.110+0000 7f78d9626200 -1 mgr[py] Module snap_schedule has missing NOTIFY_TYPES member
2024-05-08T23:12:52.304 INFO:teuthology.orchestra.run.smithi062.stdout:Waiting for the mgr to restart...
2024-05-08T23:12:52.304 INFO:teuthology.orchestra.run.smithi062.stdout:Waiting for mgr epoch 5...
2024-05-08T23:12:52.562 INFO:journalctl@ceph.mgr.x.smithi062.stdout:May 08 23:12:52 smithi062 ceph-38883c74-0d90-11ef-bc97-c7b262605968-mgr-x[37506]:
2024-05-08T23:12:52.318+0000 7f78d9626200 -1 mgr[py] Module telemetry has missing NOTIFY_TYPES member
2024-05-08T23:12:53.563 INFO:journalctl@ceph.mgr.x.smithi062.stdout:May 08 23:12:53 smithi062 ceph-38883c74-0d90-11ef-bc97-c7b262605968-mgr-x[37506]:
