2024-05-08T23:12:59.193 INFO:teuthology.orchestra.run.smithi062.stdout:/usr/bin/ceph: stderr
2024-05-08T23:12:58.574+0000 7f03dea00700 1 --2- >> [v2:172.21.15.62:3300/0,v1:172.21.15.62:6789/0] conn(0x7f03e007bec0 0x7f03e019c710 unknown :-1 s=BANNER_CONNECTING pgs=0 cs=0 l=1 rev1=0 crypto rx=0 tx=0 comp rx=0 tx=0)._handle_peer_banner_payload supported=3 required=0
2024-05-08T23:12:59.193 INFO:teuthology.orchestra.run.smithi062.stdout:/usr/bin/ceph: stderr
2024-05-08T23:12:58.574+0000 7f03dea00700 1 --2- >> [v2:172.21.15.62:3300/0,v1:172.21.15.62:6789/0] conn(0x7f03e007bec0 0x7f03e019c710 unknown :-1 s=HELLO_CONNECTING pgs=0 cs=0 l=1 rev1=1 crypto rx=0 tx=0 comp rx=0 tx=0).handle_hello peer v2:172.21.15.62:3300/0 says I am v2:172.21.15.62:59380/0 (socket says 172.21.15.62:59380)
2024-05-08T23:12:59.193 INFO:teuthology.orchestra.run.smithi062.stdout:/usr/bin/ceph: stderr
2024-05-08T23:12:58.574+0000 7f03dea00700 1 -- 172.21.15.62:0/3795381301 learned_addr learned my addr 172.21.15.62:0/3795381301 (peer_addr_for_me v2:172.21.15.62:0/0)
2024-05-08T23:12:59.193 INFO:teuthology.orchestra.run.smithi062.stdout:/usr/bin/ceph: stderr
2024-05-08T23:12:58.575+0000 7f03dea00700 1 -- 172.21.15.62:0/3795381301 --> [v2:172.21.15.62:3300/0,v1:172.21.15.62:6789/0] -- mon_subscribe({config=0+,monmap=0+}) v3 -- 0x7f03d0009550 con 0x7f03e007bec0
2024-05-08T23:12:59.193 INFO:teuthology.orchestra.run.smithi062.stdout:/usr/bin/ceph: stderr
2024-05-08T23:12:58.575+0000 7f03dea00700 1 --2- 172.21.15.62:0/3795381301 >> [v2:172.21.15.62:3300/0,v1:172.21.15.62:6789/0] conn(0x7f03e007bec0 0x7f03e019c710 secure :-1 s=READY pgs=40 cs=0 l=1 rev1=1 crypto rx=0x7f03d0011710 tx=0x7f03d0011ad0 comp rx=0 tx=0).ready entity=mon.0 client_cookie=0 server_cookie=0 in_seq=0 out_seq=0
2024-05-08T23:12:59.193 INFO:teuthology.orchestra.run.smithi062.stdout:/usr/bin/ceph: stderr
2024-05-08T23:12:58.575+0000 7f03e4a00700 1 -- 172.21.15.62:0/3795381301 <== mon.0 v2:172.21.15.62:3300/0 1 ==== mon_map magic: 0 v1 ==== 205+0+0 (secure 0 0 0) 0x7f03d0003aa0 con 0x7f03e007bec0
2024-05-08T23:12:59.193 INFO:teuthology.orchestra.run.smithi062.stdout:/usr/bin/ceph: stderr
2024-05-08T23:12:58.575+0000 7f03e4a00700 1 -- 172.21.15.62:0/3795381301 <== mon.0 v2:172.21.15.62:3300/0 2 ==== config(26 keys) v1 ==== 1074+0+0 (secure 0 0 0) 0x7f03d0003c00 con 0x7f03e007bec0
2024-05-08T23:12:59.193 INFO:teuthology.orchestra.run.smithi062.stdout:/usr/bin/ceph: stderr
2024-05-08T23:12:58.575+0000 7f03e5e00700 1 -- 172.21.15.62:0/3795381301 --> [v2:172.21.15.62:3300/0,v1:172.21.15.62:6789/0] -- mon_subscribe({mgrmap=0+}) v3 -- 0x7f03e019ce50 con 0x7f03e007bec0
2024-05-08T23:12:59.193 INFO:teuthology.orchestra.run.smithi062.stdout:/usr/bin/ceph: stderr
2024-05-08T23:12:58.575+0000 7f03e4a00700 1 -- 172.21.15.62:0/3795381301 <== mon.0 v2:172.21.15.62:3300/0 3 ==== mon_map magic: 0 v1 ==== 205+0+0 (secure 0 0 0) 0x7f03d0024800 con 0x7f03e007bec0
2024-05-08T23:12:59.194 INFO:teuthology.orchestra.run.smithi062.stdout:/usr/bin/ceph: stderr
2024-05-08T23:12:58.575+0000 7f03e5e00700 1 -- 172.21.15.62:0/3795381301 --> [v2:172.21.15.62:3300/0,v1:172.21.15.62:6789/0] -- mon_subscribe({osdmap=0}) v3 -- 0x7f03e019d9b0 con 0x7f03e007bec0
2024-05-08T23:12:59.194 INFO:teuthology.orchestra.run.smithi062.stdout:/usr/bin/ceph: stderr
2024-05-08T23:12:58.576+0000 7f03e4a00700 1 -- 172.21.15.62:0/3795381301 <== mon.0 v2:172.21.15.62:3300/0 4 ==== mgrmap(e 7) v1 ==== 45435+0+0 (secure 0 0 0) 0x7f03d001abd0 con 0x7f03e007bec0
2024-05-08T23:12:59.194 INFO:teuthology.orchestra.run.smithi062.stdout:/usr/bin/ceph: stderr
2024-05-08T23:12:58.576+0000 7f03e5e00700 1 -- 172.21.15.62:0/3795381301 --> [v2:172.21.15.62:3300/0,v1:172.21.15.62:6789/0] -- mon_command({"prefix": "get_command_descriptions"} v 0) v1 -- 0x7f03e00625d0 con 0x7f03e007bec0
2024-05-08T23:12:59.194 INFO:teuthology.orchestra.run.smithi062.stdout:/usr/bin/ceph: stderr
2024-05-08T23:12:58.577+0000 7f03e4a00700 1 --2- 172.21.15.62:0/3795381301 >> [v2:172.21.15.62:6800/3219256975,v1:172.21.15.62:6801/3219256975] conn(0x7f03c4038670 0x7f03c403ab30 unknown :-1 s=NONE pgs=0 cs=0 l=1 rev1=0 crypto rx=0 tx=0 comp rx=0 tx=0).connect
2024-05-08T23:12:59.194 INFO:teuthology.orchestra.run.smithi062.stdout:/usr/bin/ceph: stderr
2024-05-08T23:12:58.577+0000 7f03e4a00700 1 -- 172.21.15.62:0/3795381301 <== mon.0 v2:172.21.15.62:3300/0 5 ==== osd_map(2..2 src has 1..2) v4 ==== 940+0+0 (secure 0 0 0) 0x7f03d004c4e0 con 0x7f03e007bec0
2024-05-08T23:12:59.194 INFO:teuthology.orchestra.run.smithi062.stdout:/usr/bin/ceph: stderr
2024-05-08T23:12:58.577+0000 7f03d7e00700 1 --2- 172.21.15.62:0/3795381301 >> [v2:172.21.15.62:6800/3219256975,v1:172.21.15.62:6801/3219256975] conn(0x7f03c4038670 0x7f03c403ab30 unknown :-1 s=BANNER_CONNECTING pgs=0 cs=0 l=1 rev1=0 crypto rx=0 tx=0 comp rx=0 tx=0)._handle_peer_banner_payload supported=3 required=0
2024-05-08T23:12:59.194 INFO:teuthology.orchestra.run.smithi062.stdout:/usr/bin/ceph: stderr
2024-05-08T23:12:58.578+0000 7f03d7e00700 1 --2- 172.21.15.62:0/3795381301 >> [v2:172.21.15.62:6800/3219256975,v1:172.21.15.62:6801/3219256975] conn(0x7f03c4038670 0x7f03c403ab30 secure :-1 s=READY pgs=8 cs=0 l=1 rev1=1 crypto rx=0x7f03c8006fd0 tx=0x7f03c8006e40 comp rx=0 tx=0).ready entity=mgr.14120 client_cookie=0 server_cookie=0 in_seq=0 out_seq=0
2024-05-08T23:12:59.194 INFO:teuthology.orchestra.run.smithi062.stdout:/usr/bin/ceph: stderr
2024-05-08T23:12:58.582+0000 7f03e4a00700 1 -- 172.21.15.62:0/3795381301 <== mon.0 v2:172.21.15.62:3300/0 6 ==== mon_command_ack([{"prefix": "get_command_descriptions"}]=0 v0) v1 ==== 72+0+183622 (secure 0 0 0) 0x7f03d0018760 con 0x7f03e007bec0
2024-05-08T23:12:59.194 INFO:teuthology.orchestra.run.smithi062.stdout:/usr/bin/ceph: stderr
2024-05-08T23:12:58.634+0000 7f03e4a00700 1 -- 172.21.15.62:0/3795381301 <== mon.0 v2:172.21.15.62:3300/0 7 ==== mgrmap(e 8) v1 ==== 45541+0+0 (secure 0 0 0) 0x7f03d001a430 con 0x7f03e007bec0
2024-05-08T23:12:59.194 INFO:teuthology.orchestra.run.smithi062.stdout:/usr/bin/ceph: stderr
2024-05-08T23:12:58.799+0000 7f03e5e00700 1 -- 172.21.15.62:0/3795381301 --> [v2:172.21.15.62:6800/3219256975,v1:172.21.15.62:6801/3219256975] -- mgr_command(tid 0: {"prefix": "cephadm set-user", "user": "root", "target": ["mon-mgr", ""]}) v1 -- 0x7f03e0102fc0 con 0x7f03c4038670
2024-05-08T23:12:59.194 INFO:teuthology.orchestra.run.smithi062.stdout:/usr/bin/ceph: stderr
2024-05-08T23:12:58.799+0000 7f03e4a00700 1 -- 172.21.15.62:0/3795381301 <== mgr.14120 v2:172.21.15.62:6800/3219256975 1 ==== mgr_command_reply(tid 0: 0 ) v1 ==== 8+0+16 (secure 0 0 0) 0x7f03e0102fc0 con 0x7f03c4038670
2024-05-08T23:12:59.194 INFO:teuthology.orchestra.run.smithi062.stdout:/usr/bin/ceph: stderr
2024-05-08T23:12:58.802+0000 7f03e5e00700 1 -- 172.21.15.62:0/3795381301 >> [v2:172.21.15.62:6800/3219256975,v1:172.21.15.62:6801/3219256975] conn(0x7f03c4038670 msgr2=0x7f03c403ab30 secure :-1 s=STATE_CONNECTION_ESTABLISHED l=1).mark_down
2024-05-08T23:12:59.195 INFO:teuthology.orchestra.run.smithi062.stdout:/usr/bin/ceph: stderr
2024-05-08T23:12:58.802+0000 7f03e5e00700 1 --2- 172.21.15.62:0/3795381301 >> [v2:172.21.15.62:6800/3219256975,v1:172.21.15.62:6801/3219256975] conn(0x7f03c4038670 0x7f03c403ab30 secure :-1 s=READY pgs=8 cs=0 l=1 rev1=1 crypto rx=0x7f03c8006fd0 tx=0x7f03c8006e40 comp rx=0 tx=0).stop
2024-05-08T23:12:59.195 INFO:teuthology.orchestra.run.smithi062.stdout:/usr/bin/ceph: stderr
2024-05-08T23:12:58.802+0000 7f03e5e00700 1 -- 172.21.15.62:0/3795381301 >> [v2:172.21.15.62:3300/0,v1:172.21.15.62:6789/0] conn(0x7f03e007bec0 msgr2=0x7f03e019c710 secure :-1 s=STATE_CONNECTION_ESTABLISHED l=1).mark_down
2024-05-08T23:12:59.195 INFO:teuthology.orchestra.run.smithi062.stdout:/usr/bin/ceph: stderr
2024-05-08T23:12:58.802+0000 7f03e5e00700 1 --2- 172.21.15.62:0/3795381301 >> [v2:172.21.15.62:3300/0,v1:172.21.15.62:6789/0] conn(0x7f03e007bec0 0x7f03e019c710 secure :-1 s=READY pgs=40 cs=0 l=1 rev1=1 crypto rx=0x7f03d0011710 tx=0x7f03d0011ad0 comp rx=0 tx=0).stop
2024-05-08T23:12:59.195 INFO:teuthology.orchestra.run.smithi062.stdout:/usr/bin/ceph: stderr
2024-05-08T23:12:58.802+0000 7f03e5e00700 1 -- 172.21.15.62:0/3795381301 shutdown_connections
2024-05-08T23:12:59.195 INFO:teuthology.orchestra.run.smithi062.stdout:/usr/bin/ceph: stderr
2024-05-08T23:12:58.802+0000 7f03e5e00700 1 --2- 172.21.15.62:0/3795381301 >> [v2:172.21.15.62:6800/3219256975,v1:172.21.15.62:6801/3219256975] conn(0x7f03c4038670 0x7f03c403ab30 unknown :-1 s=CLOSED pgs=8 cs=0 l=1 rev1=1 crypto rx=0 tx=0 comp rx=0 tx=0).stop
2024-05-08T23:12:59.195 INFO:teuthology.orchestra.run.smithi062.stdout:/usr/bin/ceph: stderr
2024-05-08T23:12:58.802+0000 7f03e5e00700 1 --2- 172.21.15.62:0/3795381301 >> [v2:172.21.15.62:3300/0,v1:172.21.15.62:6789/0] conn(0x7f03e007bec0 0x7f03e019c710 unknown :-1 s=CLOSED pgs=40 cs=0 l=1 rev1=1 crypto rx=0 tx=0 comp rx=0 tx=0).stop
2024-05-08T23:12:59.195 INFO:teuthology.orchestra.run.smithi062.stdout:/usr/bin/ceph: stderr
2024-05-08T23:12:58.802+0000 7f03e5e00700 1 -- 172.21.15.62:0/3795381301 >> 172.21.15.62:0/3795381301 conn(0x7f03e0101c60 msgr2=0x7f03e01028b0 unknown :-1 s=STATE_NONE l=0).mark_down
2024-05-08T23:12:59.195 INFO:teuthology.orchestra.run.smithi062.stdout:/usr/bin/ceph: stderr
2024-05-08T23:12:58.802+0000 7f03e5e00700 1 -- 172.21.15.62:0/3795381301 shutdown_connections
2024-05-08T23:12:59.195 INFO:teuthology.orchestra.run.smithi062.stdout:/usr/bin/ceph: stderr
2024-05-08T23:12:58.802+0000 7f03e5e00700 1 -- 172.21.15.62:0/3795381301 wait complete.
2024-05-08T23:12:59.195 INFO:teuthology.orchestra.run.smithi062.stdout:Generating ssh key...
2024-05-08T23:13:00.062 INFO:journalctl@ceph.mon.a.smithi062.stdout:May 08 23:12:59 smithi062 ceph-mon[37254]: [08/May/2024:23:12:58] ENGINE Bus STARTING
2024-05-08T23:13:00.063 INFO:journalctl@ceph.mon.a.smithi062.stdout:May 08 23:12:59 smithi062 ceph-mon[37254]: [08/May/2024:23:12:58] ENGINE Serving on http://172.21.15.62:8765
2024-05-08T23:13:00.063 INFO:journalctl@ceph.mon.a.smithi062.stdout:May 08 23:12:59 smithi062 ceph-mon[37254]: [08/May/2024:23:12:58] ENGINE Serving on https://172.21.15.62:7150
2024-05-08T23:13:00.063 INFO:journalctl@ceph.mon.a.smithi062.stdout:May 08 23:12:59 smithi062 ceph-mon[37254]: [08/May/2024:23:12:58] ENGINE Bus STARTED
2024-05-08T23:13:00.451 INFO:journalctl@ceph.mgr.x.smithi062.stdout:May 08 23:13:00 smithi062 ceph-38883c74-0d90-11ef-bc97-c7b262605968-mgr-x[37506]: Generating public/private rsa key pair.
2024-05-08T23:13:00.451 INFO:journalctl@ceph.mgr.x.smithi062.stdout:May 08 23:13:00 smithi062 ceph-38883c74-0d90-11ef-bc97-c7b262605968-mgr-x[37506]: Your identification has been saved in /tmp/tmpifzi8d6i/key.
2024-05-08T23:13:00.452 INFO:journalctl@ceph.mgr.x.smithi062.stdout:May 08 23:13:00 smithi062 ceph-38883c74-0d90-11ef-bc97-c7b262605968-mgr-x[37506]: Your public key has been saved in /tmp/tmpifzi8d6i/key.pub.
2024-05-08T23:13:00.452 INFO:journalctl@ceph.mgr.x.smithi062.stdout:May 08 23:13:00 smithi062 ceph-38883c74-0d90-11ef-bc97-c7b262605968-mgr-x[37506]: The key fingerprint is:
2024-05-08T23:13:00.452 INFO:journalctl@ceph.mgr.x.smithi062.stdout:May 08 23:13:00 smithi062 ceph-38883c74-0d90-11ef-bc97-c7b262605968-mgr-x[37506]: SHA256:YkTnPLv0i3lbyjfbg19mo0RTGAAvu/g4JNhmXXDK4kc ceph-38883c74-0d90-11ef-bc97-c7b262605968
2024-05-08T23:13:00.452 INFO:journalctl@ceph.mgr.x.smithi062.stdout:May 08 23:13:00 smithi062 ceph-38883c74-0d90-11ef-bc97-c7b262605968-mgr-x[37506]: The key's randomart image is:
2024-05-08T23:13:00.452 INFO:journalctl@ceph.mgr.x.smithi062.stdout:May 08 23:13:00 smithi062 ceph-38883c74-0d90-11ef-bc97-c7b262605968-mgr-x[37506]: +---[RSA 3072]----+
2024-05-08T23:13:00.452 INFO:journalctl@ceph.mgr.x.smithi062.stdout:May 08 23:13:00 smithi062 ceph-38883c74-0d90-11ef-bc97-c7b262605968-mgr-x[37506]: | . ...... |
2024-05-08T23:13:00.452 INFO:journalctl@ceph.mgr.x.smithi062.stdout:May 08 23:13:00 smithi062 ceph-38883c74-0d90-11ef-bc97-c7b262605968-mgr-x[37506]: | . = .. o |
2024-05-08T23:13:00.452 INFO:journalctl@ceph.mgr.x.smithi062.stdout:May 08 23:13:00 smithi062 ceph-38883c74-0d90-11ef-bc97-c7b262605968-mgr-x[37506]: | o B. . . . |
2024-05-08T23:13:00.452 INFO:journalctl@ceph.mgr.x.smithi062.stdout:May 08 23:13:00 smithi062 ceph-38883c74-0d90-11ef-bc97-c7b262605968-mgr-x[37506]: | o E +o . |
2024-05-08T23:13:00.452 INFO:journalctl@ceph.mgr.x.smithi062.stdout:May 08 23:13:00 smithi062 ceph-38883c74-0d90-11ef-bc97-c7b262605968-mgr-x[37506]: | + * S. o |
2024-05-08T23:13:00.452 INFO:journalctl@ceph.mgr.x.smithi062.stdout:May 08 23:13:00 smithi062 ceph-38883c74-0d90-11ef-bc97-c7b262605968-mgr-x[37506]: | . B *.o. . . |
2024-05-08T23:13:00.452 INFO:journalctl@ceph.mgr.x.smithi062.stdout:May 08 23:13:00 smithi062 ceph-38883c74-0d90-11ef-bc97-c7b262605968-mgr-x[37506]: | o +.... .o .+|
2024-05-08T23:13:00.452 INFO:journalctl@ceph.mgr.x.smithi062.stdout:May 08 23:13:00 smithi062 ceph-38883c74-0d90-11ef-bc97-c7b262605968-mgr-x[37506]: | .o+.+=.o+.|
2024-05-08T23:13:00.452 INFO:journalctl@ceph.mgr.x.smithi062.stdout:May 08 23:13:00 smithi062 ceph-38883c74-0d90-11ef-bc97-c7b262605968-mgr-x[37506]: | .+o=o.=o. |
2024-05-08T23:13:00.452 INFO:journalctl@ceph.mgr.x.smithi062.stdout:May 08 23:13:00 smithi062 ceph-38883c74-0d90-11ef-bc97-c7b262605968-mgr-x[37506]: +----[SHA256]-----+
2024-05-08T23:13:00.621 INFO:teuthology.orchestra.run.smithi062.stdout:/usr/bin/ceph: stderr
2024-05-08T23:12:59.614+0000 7f2f72a00700 1 Processor -- start
2024-05-08T23:13:00.621 INFO:teuthology.orchestra.run.smithi062.stdout:/usr/bin/ceph: stderr
2024-05-08T23:12:59.614+0000 7f2f72a00700 1 -- start start
2024-05-08T23:13:00.621 INFO:teuthology.orchestra.run.smithi062.stdout:/usr/bin/ceph: stderr
2024-05-08T23:12:59.615+0000 7f2f72a00700 1 --2- >> [v2:172.21.15.62:3300/0,v1:172.21.15.62:6789/0] conn(0x7f2f6c1066b0 0x7f2f6c106ad0 unknown :-1 s=NONE pgs=0 cs=0 l=0 rev1=0 crypto rx=0 tx=0 comp rx=0 tx=0).connect
2024-05-08T23:13:00.621 INFO:teuthology.orchestra.run.smithi062.stdout:/usr/bin/ceph: stderr
2024-05-08T23:12:59.615+0000 7f2f72a00700 1 -- --> [v2:172.21.15.62:3300/0,v1:172.21.15.62:6789/0] -- mon_getmap magic: 0 v1 -- 0x7f2f6c1070a0 con 0x7f2f6c1066b0
2024-05-08T23:13:00.621 INFO:teuthology.orchestra.run.smithi062.stdout:/usr/bin/ceph: stderr
2024-05-08T23:12:59.615+0000 7f2f6be00700 1 --2- >> [v2:172.21.15.62:3300/0,v1:172.21.15.62:6789/0] conn(0x7f2f6c1066b0 0x7f2f6c106ad0 unknown :-1 s=BANNER_CONNECTING pgs=0 cs=0 l=0 rev1=0 crypto rx=0 tx=0 comp rx=0 tx=0)._handle_peer_banner_payload supported=3 required=0
2024-05-08T23:13:00.621 INFO:teuthology.orchestra.run.smithi062.stdout:/usr/bin/ceph: stderr
2024-05-08T23:12:59.615+0000 7f2f6be00700 1 --2- >> [v2:172.21.15.62:3300/0,v1:172.21.15.62:6789/0] conn(0x7f2f6c1066b0 0x7f2f6c106ad0 unknown :-1 s=HELLO_CONNECTING pgs=0 cs=0 l=0 rev1=1 crypto rx=0 tx=0 comp rx=0 tx=0).handle_hello peer v2:172.21.15.62:3300/0 says I am v2:172.21.15.62:59384/0 (socket says 172.21.15.62:59384)
2024-05-08T23:13:00.622 INFO:teuthology.orchestra.run.smithi062.stdout:/usr/bin/ceph: stderr
2024-05-08T23:12:59.615+0000 7f2f6be00700 1 -- 172.21.15.62:0/45337149 learned_addr learned my addr 172.21.15.62:0/45337149 (peer_addr_for_me v2:172.21.15.62:0/0)
2024-05-08T23:13:00.622 INFO:teuthology.orchestra.run.smithi062.stdout:/usr/bin/ceph: stderr
2024-05-08T23:12:59.616+0000 7f2f6be00700 1 -- 172.21.15.62:0/45337149 --> [v2:172.21.15.62:3300/0,v1:172.21.15.62:6789/0] -- mon_subscribe({config=0+,monmap=0+}) v3 -- 0x7f2f6c1078b0 con 0x7f2f6c1066b0
2024-05-08T23:13:00.622 INFO:teuthology.orchestra.run.smithi062.stdout:/usr/bin/ceph: stderr
2024-05-08T23:12:59.616+0000 7f2f6be00700 1 --2- 172.21.15.62:0/45337149 >> [v2:172.21.15.62:3300/0,v1:172.21.15.62:6789/0] conn(0x7f2f6c1066b0 0x7f2f6c106ad0 secure :-1 s=READY pgs=41 cs=0 l=1 rev1=1 crypto rx=0x7f2f5c0098a0 tx=0x7f2f5c009bb0 comp rx=0 tx=0).ready entity=mon.0 client_cookie=b6c18f4fe04c25c7 server_cookie=0 in_seq=0 out_seq=0
2024-05-08T23:13:00.622 INFO:teuthology.orchestra.run.smithi062.stdout:/usr/bin/ceph: stderr
2024-05-08T23:12:59.616+0000 7f2f6b400700 1 -- 172.21.15.62:0/45337149 <== mon.0 v2:172.21.15.62:3300/0 1 ==== mon_map magic: 0 v1 ==== 205+0+0 (secure 0 0 0) 0x7f2f5c004160 con 0x7f2f6c1066b0
2024-05-08T23:13:00.622 INFO:teuthology.orchestra.run.smithi062.stdout:/usr/bin/ceph: stderr
2024-05-08T23:12:59.616+0000 7f2f6b400700 1 -- 172.21.15.62:0/45337149 <== mon.0 v2:172.21.15.62:3300/0 2 ==== config(26 keys) v1 ==== 1074+0+0 (secure 0 0 0) 0x7f2f5c0042c0 con 0x7f2f6c1066b0
2024-05-08T23:13:00.622 INFO:teuthology.orchestra.run.smithi062.stdout:/usr/bin/ceph: stderr
2024-05-08T23:12:59.616+0000 7f2f6b400700 1 -- 172.21.15.62:0/45337149 <== mon.0 v2:172.21.15.62:3300/0 3 ==== mon_map magic: 0 v1 ==== 205+0+0 (secure 0 0 0) 0x7f2f5c011a00 con 0x7f2f6c1066b0
2024-05-08T23:13:00.622 INFO:teuthology.orchestra.run.smithi062.stdout:/usr/bin/ceph: stderr
2024-05-08T23:12:59.617+0000 7f2f72a00700 1 -- 172.21.15.62:0/45337149 >> [v2:172.21.15.62:3300/0,v1:172.21.15.62:6789/0] conn(0x7f2f6c1066b0 msgr2=0x7f2f6c106ad0 secure :-1 s=STATE_CONNECTION_ESTABLISHED l=1).mark_down
2024-05-08T23:13:00.622 INFO:teuthology.orchestra.run.smithi062.stdout:/usr/bin/ceph: stderr
2024-05-08T23:12:59.617+0000 7f2f72a00700 1 --2- 172.21.15.62:0/45337149 >> [v2:172.21.15.62:3300/0,v1:172.21.15.62:6789/0] conn(0x7f2f6c1066b0 0x7f2f6c106ad0 secure :-1 s=READY pgs=41 cs=0 l=1 rev1=1 crypto rx=0x7f2f5c0098a0 tx=0x7f2f5c009bb0 comp rx=0 tx=0).stop
2024-05-08T23:13:00.622 INFO:teuthology.orchestra.run.smithi062.stdout:/usr/bin/ceph: stderr
2024-05-08T23:12:59.617+0000 7f2f72a00700 1 -- 172.21.15.62:0/45337149 shutdown_connections
2024-05-08T23:13:00.622 INFO:teuthology.orchestra.run.smithi062.stdout:/usr/bin/ceph: stderr
2024-05-08T23:12:59.617+0000 7f2f72a00700 1 --2- 172.21.15.62:0/45337149 >> [v2:172.21.15.62:3300/0,v1:172.21.15.62:6789/0] conn(0x7f2f6c1066b0 0x7f2f6c106ad0 unknown :-1 s=CLOSED pgs=41 cs=0 l=1 rev1=1 crypto rx=0 tx=0 comp rx=0 tx=0).stop
2024-05-08T23:13:00.622 INFO:teuthology.orchestra.run.smithi062.stdout:/usr/bin/ceph: stderr
2024-05-08T23:12:59.617+0000 7f2f72a00700 1 -- 172.21.15.62:0/45337149 >> 172.21.15.62:0/45337149 conn(0x7f2f6c101c50 msgr2=0x7f2f6c104090 unknown :-1 s=STATE_NONE l=0).mark_down
2024-05-08T23:13:00.622 INFO:teuthology.orchestra.run.smithi062.stdout:/usr/bin/ceph: stderr
2024-05-08T23:12:59.617+0000 7f2f72a00700 1 -- 172.21.15.62:0/45337149 shutdown_connections
2024-05-08T23:13:00.622 INFO:teuthology.orchestra.run.smithi062.stdout:/usr/bin/ceph: stderr
2024-05-08T23:12:59.617+0000 7f2f72a00700 1 -- 172.21.15.62:0/45337149 wait complete.
2024-05-08T23:13:00.622 INFO:teuthology.orchestra.run.smithi062.stdout:/usr/bin/ceph: stderr
2024-05-08T23:12:59.618+0000 7f2f72a00700 1 Processor -- start
2024-05-08T23:13:00.623 INFO:teuthology.orchestra.run.smithi062.stdout:/usr/bin/ceph: stderr
2024-05-08T23:12:59.618+0000 7f2f72a00700 1 -- start start
2024-05-08T23:13:00.623 INFO:teuthology.orchestra.run.smithi062.stdout:/usr/bin/ceph: stderr
2024-05-08T23:12:59.619+0000 7f2f72a00700 1 --2- >> [v2:172.21.15.62:3300/0,v1:172.21.15.62:6789/0] conn(0x7f2f6c1066b0 0x7f2f6c19a500 unknown :-1 s=NONE pgs=0 cs=0 l=1 rev1=0 crypto rx=0 tx=0 comp rx=0 tx=0).connect
2024-05-08T23:13:00.623 INFO:teuthology.orchestra.run.smithi062.stdout:/usr/bin/ceph: stderr
2024-05-08T23:12:59.619+0000 7f2f72a00700 1 -- --> [v2:172.21.15.62:3300/0,v1:172.21.15.62:6789/0] -- mon_getmap magic: 0 v1 -- 0x7f2f6c19aa40 con 0x7f2f6c1066b0
2024-05-08T23:13:00.623 INFO:teuthology.orchestra.run.smithi062.stdout:/usr/bin/ceph: stderr
2024-05-08T23:12:59.619+0000 7f2f6be00700 1 --2- >> [v2:172.21.15.62:3300/0,v1:172.21.15.62:6789/0] conn(0x7f2f6c1066b0 0x7f2f6c19a500 unknown :-1 s=BANNER_CONNECTING pgs=0 cs=0 l=1 rev1=0 crypto rx=0 tx=0 comp rx=0 tx=0)._handle_peer_banner_payload supported=3 required=0
2024-05-08T23:13:00.623 INFO:teuthology.orchestra.run.smithi062.stdout:/usr/bin/ceph: stderr
2024-05-08T23:12:59.619+0000 7f2f6be00700 1 --2- >> [v2:172.21.15.62:3300/0,v1:172.21.15.62:6789/0] conn(0x7f2f6c1066b0 0x7f2f6c19a500 unknown :-1 s=HELLO_CONNECTING pgs=0 cs=0 l=1 rev1=1 crypto rx=0 tx=0 comp rx=0 tx=0).handle_hello peer v2:172.21.15.62:3300/0 says I am v2:172.21.15.62:59386/0 (socket says 172.21.15.62:59386)
2024-05-08T23:13:00.623 INFO:teuthology.orchestra.run.smithi062.stdout:/usr/bin/ceph: stderr
2024-05-08T23:12:59.619+0000 7f2f6be00700 1 -- 172.21.15.62:0/3219238445 learned_addr learned my addr 172.21.15.62:0/3219238445 (peer_addr_for_me v2:172.21.15.62:0/0)
2024-05-08T23:13:00.623 INFO:teuthology.orchestra.run.smithi062.stdout:/usr/bin/ceph: stderr
2024-05-08T23:12:59.619+0000 7f2f6be00700 1 -- 172.21.15.62:0/3219238445 --> [v2:172.21.15.62:3300/0,v1:172.21.15.62:6789/0] -- mon_subscribe({config=0+,monmap=0+}) v3 -- 0x7f2f5c009550 con 0x7f2f6c1066b0
2024-05-08T23:13:00.623 INFO:teuthology.orchestra.run.smithi062.stdout:/usr/bin/ceph: stderr
2024-05-08T23:12:59.620+0000 7f2f6be00700 1 --2- 172.21.15.62:0/3219238445 >> [v2:172.21.15.62:3300/0,v1:172.21.15.62:6789/0] conn(0x7f2f6c1066b0 0x7f2f6c19a500 secure :-1 s=READY pgs=42 cs=0 l=1 rev1=1 crypto rx=0x7f2f5c011710 tx=0x7f2f5c011ad0 comp rx=0 tx=0).ready entity=mon.0 client_cookie=0 server_cookie=0 in_seq=0 out_seq=0
2024-05-08T23:13:00.623 INFO:teuthology.orchestra.run.smithi062.stdout:/usr/bin/ceph: stderr
2024-05-08T23:12:59.620+0000 7f2f69600700 1 -- 172.21.15.62:0/3219238445 <== mon.0 v2:172.21.15.62:3300/0 1 ==== mon_map magic: 0 v1 ==== 205+0+0 (secure 0 0 0) 0x7f2f5c003aa0 con 0x7f2f6c1066b0
2024-05-08T23:13:00.623 INFO:teuthology.orchestra.run.smithi062.stdout:/usr/bin/ceph: stderr
2024-05-08T23:12:59.620+0000 7f2f69600700 1 -- 172.21.15.62:0/3219238445 <== mon.0 v2:172.21.15.62:3300/0 2 ==== config(26 keys) v1 ==== 1074+0+0 (secure 0 0 0) 0x7f2f5c003c00 con 0x7f2f6c1066b0
2024-05-08T23:13:00.623 INFO:teuthology.orchestra.run.smithi062.stdout:/usr/bin/ceph: stderr
2024-05-08T23:12:59.620+0000 7f2f69600700 1 -- 172.21.15.62:0/3219238445 <== mon.0 v2:172.21.15.62:3300/0 3 ==== mon_map magic: 0 v1 ==== 205+0+0 (secure 0 0 0) 0x7f2f5c024800 con 0x7f2f6c1066b0
2024-05-08T23:13:00.623 INFO:teuthology.orchestra.run.smithi062.stdout:/usr/bin/ceph: stderr
2024-05-08T23:12:59.620+0000 7f2f72a00700 1 -- 172.21.15.62:0/3219238445 --> [v2:172.21.15.62:3300/0,v1:172.21.15.62:6789/0] -- mon_subscribe({mgrmap=0+}) v3 -- 0x7f2f6c19ac40 con 0x7f2f6c1066b0
2024-05-08T23:13:00.623 INFO:teuthology.orchestra.run.smithi062.stdout:/usr/bin/ceph: stderr
2024-05-08T23:12:59.620+0000 7f2f72a00700 1 -- 172.21.15.62:0/3219238445 --> [v2:172.21.15.62:3300/0,v1:172.21.15.62:6789/0] -- mon_subscribe({osdmap=0}) v3 -- 0x7f2f6c19b7a0 con 0x7f2f6c1066b0
2024-05-08T23:13:00.623 INFO:teuthology.orchestra.run.smithi062.stdout:/usr/bin/ceph: stderr
2024-05-08T23:12:59.621+0000 7f2f69600700 1 -- 172.21.15.62:0/3219238445 <== mon.0 v2:172.21.15.62:3300/0 4 ==== mgrmap(e 8) v1 ==== 45541+0+0 (secure 0 0 0) 0x7f2f5c01abd0 con 0x7f2f6c1066b0
2024-05-08T23:13:00.623 INFO:teuthology.orchestra.run.smithi062.stdout:/usr/bin/ceph: stderr
2024-05-08T23:12:59.621+0000 7f2f72a00700 1 -- 172.21.15.62:0/3219238445 --> [v2:172.21.15.62:3300/0,v1:172.21.15.62:6789/0] -- mon_command({"prefix": "get_command_descriptions"} v 0) v1 -- 0x7f2f6c19b0e0 con 0x7f2f6c1066b0
2024-05-08T23:13:00.624 INFO:teuthology.orchestra.run.smithi062.stdout:/usr/bin/ceph: stderr
2024-05-08T23:12:59.622+0000 7f2f69600700 1 --2- 172.21.15.62:0/3219238445 >> [v2:172.21.15.62:6800/3219256975,v1:172.21.15.62:6801/3219256975] conn(0x7f2f50038750 0x7f2f5003ac10 unknown :-1 s=NONE pgs=0 cs=0 l=1 rev1=0 crypto rx=0 tx=0 comp rx=0 tx=0).connect
2024-05-08T23:13:00.624 INFO:teuthology.orchestra.run.smithi062.stdout:/usr/bin/ceph: stderr
2024-05-08T23:12:59.622+0000 7f2f69600700 1 -- 172.21.15.62:0/3219238445 <== mon.0 v2:172.21.15.62:3300/0 5 ==== osd_map(2..2 src has 1..2) v4 ==== 940+0+0 (secure 0 0 0) 0x7f2f5c04c6f0 con 0x7f2f6c1066b0
2024-05-08T23:13:00.624 INFO:teuthology.orchestra.run.smithi062.stdout:/usr/bin/ceph: stderr
2024-05-08T23:12:59.622+0000 7f2f63e00700 1 --2- 172.21.15.62:0/3219238445 >> [v2:172.21.15.62:6800/3219256975,v1:172.21.15.62:6801/3219256975] conn(0x7f2f50038750 0x7f2f5003ac10 unknown :-1 s=BANNER_CONNECTING pgs=0 cs=0 l=1 rev1=0 crypto rx=0 tx=0 comp rx=0 tx=0)._handle_peer_banner_payload supported=3 required=0
2024-05-08T23:13:00.624 INFO:teuthology.orchestra.run.smithi062.stdout:/usr/bin/ceph: stderr
2024-05-08T23:12:59.622+0000 7f2f63e00700 1 --2- 172.21.15.62:0/3219238445 >> [v2:172.21.15.62:6800/3219256975,v1:172.21.15.62:6801/3219256975] conn(0x7f2f50038750 0x7f2f5003ac10 secure :-1 s=READY pgs=9 cs=0 l=1 rev1=1 crypto rx=0x7f2f54006fd0 tx=0x7f2f54006e40 comp rx=0 tx=0).ready entity=mgr.14120 client_cookie=0 server_cookie=0 in_seq=0 out_seq=0
2024-05-08T23:13:00.624 INFO:teuthology.orchestra.run.smithi062.stdout:/usr/bin/ceph: stderr
2024-05-08T23:12:59.627+0000 7f2f69600700 1 -- 172.21.15.62:0/3219238445 <== mon.0 v2:172.21.15.62:3300/0 6 ==== mon_command_ack([{"prefix": "get_command_descriptions"}]=0 v0) v1 ==== 72+0+183622 (secure 0 0 0) 0x7f2f6c19b0e0 con 0x7f2f6c1066b0
2024-05-08T23:13:00.624 INFO:teuthology.orchestra.run.smithi062.stdout:/usr/bin/ceph: stderr
2024-05-08T23:12:59.844+0000 7f2f72a00700 1 -- 172.21.15.62:0/3219238445 --> [v2:172.21.15.62:6800/3219256975,v1:172.21.15.62:6801/3219256975] -- mgr_command(tid 0: {"prefix": "cephadm generate-key", "target": ["mon-mgr", ""]}) v1 -- 0x7f2f6c19b0e0 con 0x7f2f50038750
2024-05-08T23:13:00.624 INFO:teuthology.orchestra.run.smithi062.stdout:/usr/bin/ceph: stderr
2024-05-08T23:13:00.105+0000 7f2f69600700 1 -- 172.21.15.62:0/3219238445 <== mgr.14120 v2:172.21.15.62:6800/3219256975 1 ==== mgr_command_reply(tid 0: 0 ) v1 ==== 8+0+0 (secure 0 0 0) 0x7f2f6c19b0e0 con 0x7f2f50038750
2024-05-08T23:13:00.624 INFO:teuthology.orchestra.run.smithi062.stdout:/usr/bin/ceph: stderr
2024-05-08T23:13:00.108+0000 7f2f72a00700 1 -- 172.21.15.62:0/3219238445 >> [v2:172.21.15.62:6800/3219256975,v1:172.21.15.62:6801/3219256975] conn(0x7f2f50038750 msgr2=0x7f2f5003ac10 secure :-1 s=STATE_CONNECTION_ESTABLISHED l=1).mark_down
2024-05-08T23:13:00.624 INFO:teuthology.orchestra.run.smithi062.stdout:/usr/bin/ceph: stderr
2024-05-08T23:13:00.108+0000 7f2f72a00700 1 --2- 172.21.15.62:0/3219238445 >> [v2:172.21.15.62:6800/3219256975,v1:172.21.15.62:6801/3219256975] conn(0x7f2f50038750 0x7f2f5003ac10 secure :-1 s=READY pgs=9 cs=0 l=1 rev1=1 crypto rx=0x7f2f54006fd0 tx=0x7f2f54006e40 comp rx=0 tx=0).stop
2024-05-08T23:13:00.624 INFO:teuthology.orchestra.run.smithi062.stdout:/usr/bin/ceph: stderr
2024-05-08T23:13:00.108+0000 7f2f72a00700 1 -- 172.21.15.62:0/3219238445 >> [v2:172.21.15.62:3300/0,v1:172.21.15.62:6789/0] conn(0x7f2f6c1066b0 msgr2=0x7f2f6c19a500 secure :-1 s=STATE_CONNECTION_ESTABLISHED l=1).mark_down
2024-05-08T23:13:00.624 INFO:teuthology.orchestra.run.smithi062.stdout:/usr/bin/ceph: stderr
2024-05-08T23:13:00.108+0000 7f2f72a00700 1 --2- 172.21.15.62:0/3219238445 >> [v2:172.21.15.62:3300/0,v1:172.21.15.62:6789/0] conn(0x7f2f6c1066b0 0x7f2f6c19a500 secure :-1 s=READY pgs=42 cs=0 l=1 rev1=1 crypto rx=0x7f2f5c011710 tx=0x7f2f5c011ad0 comp rx=0 tx=0).stop
2024-05-08T23:13:00.624 INFO:teuthology.orchestra.run.smithi062.stdout:/usr/bin/ceph: stderr
2024-05-08T23:13:00.108+0000 7f2f72a00700 1 -- 172.21.15.62:0/3219238445 shutdown_connections
2024-05-08T23:13:00.624 INFO:teuthology.orchestra.run.smithi062.stdout:/usr/bin/ceph: stderr
2024-05-08T23:13:00.108+0000 7f2f72a00700 1 --2- 172.21.15.62:0/3219238445 >> [v2:172.21.15.62:6800/3219256975,v1:172.21.15.62:6801/3219256975] conn(0x7f2f50038750 0x7f2f5003ac10 unknown :-1 s=CLOSED pgs=9 cs=0 l=1 rev1=1 crypto rx=0 tx=0 comp rx=0 tx=0).stop
2024-05-08T23:13:00.624 INFO:teuthology.orchestra.run.smithi062.stdout:/usr/bin/ceph: stderr
2024-05-08T23:13:00.108+0000 7f2f72a00700 1 --2- 172.21.15.62:0/3219238445 >> [v2:172.21.15.62:3300/0,v1:172.21.15.62:6789/0] conn(0x7f2f6c1066b0 0x7f2f6c19a500 unknown :-1 s=CLOSED pgs=42 cs=0 l=1 rev1=1 crypto rx=0 tx=0 comp rx=0 tx=0).stop
2024-05-08T23:13:00.624 INFO:teuthology.orchestra.run.smithi062.stdout:/usr/bin/ceph: stderr
2024-05-08T23:13:00.108+0000 7f2f72a00700 1 -- 172.21.15.62:0/3219238445 >> 172.21.15.62:0/3219238445 conn(0x7f2f6c101c50 msgr2=0x7f2f6c102800 unknown :-1 s=STATE_NONE l=0).mark_down
2024-05-08T23:13:00.625 INFO:teuthology.orchestra.run.smithi062.stdout:/usr/bin/ceph: stderr
2024-05-08T23:13:00.108+0000 7f2f72a00700 1 -- 172.21.15.62:0/3219238445 shutdown_connections
2024-05-08T23:13:00.625 INFO:teuthology.orchestra.run.smithi062.stdout:/usr/bin/ceph: stderr
2024-05-08T23:13:00.108+0000 7f2f72a00700 1 -- 172.21.15.62:0/3219238445 wait complete.
2024-05-08T23:13:01.062 INFO:journalctl@ceph.mon.a.smithi062.stdout:May 08 23:13:00 smithi062 ceph-mon[37254]: from='client.14134 -' entity='client.admin' cmd=[{"prefix": "cephadm set-user", "user": "root", "target": ["mon-mgr", ""]}]: dispatch
2024-05-08T23:13:01.063 INFO:journalctl@ceph.mon.a.smithi062.stdout:May 08 23:13:00 smithi062 ceph-mon[37254]: from='mgr.14120 172.21.15.62:0/802120191' entity='mgr.x'
2024-05-08T23:13:01.063 INFO:journalctl@ceph.mon.a.smithi062.stdout:May 08 23:13:00 smithi062 ceph-mon[37254]: from='mgr.14120 172.21.15.62:0/802120191' entity='mgr.x'
2024-05-08T23:13:01.669 INFO:teuthology.orchestra.run.smithi062.stdout:/usr/bin/ceph: stdout ssh-rsa AAAAB3NzaC1yc2EAAAADAQABAAABgQDPAen1edBdo9mWnU8g+sREl44K2PmZCXj4CI6GFeC3i0zoTMhF99RFMCXbxfGZapjvL1MdL8t1CQvmqpw0ctpXHBndAnlp3XbfTKJw3c/e71+FklNCKASL+dFKSq7aKPDJUDsUQYRjHR5mYtfWiD1tEgoYE34Z9unDR10XEASxoVBzRRHh/GXxESqSyJfmVnMFCO2SYy+BBZycRgNUX4ODWMoNM+LtAARbBNzQZR97w+MzIWfVBOQ/xN+i4Egr1TeMQP8CJ6/mN+N5gzQEgZd2b1Bzch9KdraVOXjZK2QQhmtu3yxumBzNxJ1+cyYKYDOYtY5SmccftfT5UW3lDn2hCXNLTxTDkXfTAxJ+pLJVcHqJCKA/EWNv9srPi+taRqb1ExfSi9w7s/qZQ8WP5NDJAeTnXh56gCStTbjSQPDiqefgMogJKCeyA3AvuFnMkGSFo7BFowpkBtrNekyrFnCppeTJwjVhlOTX873Up/g0wK7JW2BfCZgWKECR+MAral0= ceph-38883c74-0d90-11ef-bc97-c7b262605968
2024-05-08T23:13:01.669 INFO:teuthology.orchestra.run.smithi062.stdout:/usr/bin/ceph: stderr
2024-05-08T23:13:01.072+0000 7f2e67c00700 1 Processor -- start
2024-05-08T23:13:01.669 INFO:teuthology.orchestra.run.smithi062.stdout:/usr/bin/ceph: stderr
2024-05-08T23:13:01.073+0000 7f2e67c00700 1 -- start start
2024-05-08T23:13:01.669 INFO:teuthology.orchestra.run.smithi062.stdout:/usr/bin/ceph: stderr
2024-05-08T23:13:01.073+0000 7f2e67c00700 1 --2- >> [v2:172.21.15.62:3300/0,v1:172.21.15.62:6789/0] conn(0x7f2e601066b0 0x7f2e60106ad0 unknown :-1 s=NONE pgs=0 cs=0 l=0 rev1=0 crypto rx=0 tx=0 comp rx=0 tx=0).connect
2024-05-08T23:13:01.670 INFO:teuthology.orchestra.run.smithi062.stdout:/usr/bin/ceph: stderr
2024-05-08T23:13:01.073+0000 7f2e67c00700 1 -- --> [v2:172.21.15.62:3300/0,v1:172.21.15.62:6789/0] -- mon_getmap magic: 0 v1 -- 0x7f2e601070a0 con 0x7f2e601066b0
2024-05-08T23:13:01.670 INFO:teuthology.orchestra.run.smithi062.stdout:/usr/bin/ceph: stderr
2024-05-08T23:13:01.073+0000 7f2e65200700 1 --2- >> [v2:172.21.15.62:3300/0,v1:172.21.15.62:6789/0] conn(0x7f2e601066b0 0x7f2e60106ad0 unknown :-1 s=BANNER_CONNECTING pgs=0 cs=0 l=0 rev1=0 crypto rx=0 tx=0 comp rx=0 tx=0)._handle_peer_banner_payload supported=3 required=0
2024-05-08T23:13:01.670 INFO:teuthology.orchestra.run.smithi062.stdout:/usr/bin/ceph: stderr
2024-05-08T23:13:01.073+0000 7f2e65200700 1 --2- >> [v2:172.21.15.62:3300/0,v1:172.21.15.62:6789/0] conn(0x7f2e601066b0 0x7f2e60106ad0 unknown :-1 s=HELLO_CONNECTING pgs=0 cs=0 l=0 rev1=1 crypto rx=0 tx=0 comp rx=0 tx=0).handle_hello peer v2:172.21.15.62:3300/0 says I am v2:172.21.15.62:59394/0 (socket says 172.21.15.62:59394)
2024-05-08T23:13:01.670 INFO:teuthology.orchestra.run.smithi062.stdout:/usr/bin/ceph: stderr
2024-05-08T23:13:01.073+0000 7f2e65200700 1 -- 172.21.15.62:0/4212868987 learned_addr learned my addr 172.21.15.62:0/4212868987 (peer_addr_for_me v2:172.21.15.62:0/0)
2024-05-08T23:13:01.670 INFO:teuthology.orchestra.run.smithi062.stdout:/usr/bin/ceph: stderr
2024-05-08T23:13:01.074+0000 7f2e65200700 1 -- 172.21.15.62:0/4212868987 --> [v2:172.21.15.62:3300/0,v1:172.21.15.62:6789/0] -- mon_subscribe({config=0+,monmap=0+}) v3 -- 0x7f2e601078b0 con 0x7f2e601066b0
2024-05-08T23:13:01.670 INFO:teuthology.orchestra.run.smithi062.stdout:/usr/bin/ceph: stderr
2024-05-08T23:13:01.074+0000 7f2e65200700 1 --2- 172.21.15.62:0/4212868987 >> [v2:172.21.15.62:3300/0,v1:172.21.15.62:6789/0] conn(0x7f2e601066b0 0x7f2e60106ad0 secure :-1 s=READY pgs=43 cs=0 l=1 rev1=1 crypto rx=0x7f2e540098a0 tx=0x7f2e54009bb0 comp rx=0 tx=0).ready entity=mon.0 client_cookie=3080df127767a7e6 server_cookie=0 in_seq=0 out_seq=0
2024-05-08T23:13:01.670 INFO:teuthology.orchestra.run.smithi062.stdout:/usr/bin/ceph: stderr
2024-05-08T23:13:01.074+0000 7f2e5f400700 1 -- 172.21.15.62:0/4212868987 <== mon.0 v2:172.21.15.62:3300/0 1 ==== mon_map magic: 0 v1 ==== 205+0+0 (secure 0 0 0) 0x7f2e54004160 con 0x7f2e601066b0
2024-05-08T23:13:01.670 INFO:teuthology.orchestra.run.smithi062.stdout:/usr/bin/ceph: stderr
2024-05-08T23:13:01.074+0000 7f2e5f400700 1 -- 172.21.15.62:0/4212868987 <== mon.0 v2:172.21.15.62:3300/0 2 ==== config(26 keys) v1 ==== 1074+0+0 (secure 0 0 0) 0x7f2e540042c0 con 0x7f2e601066b0
2024-05-08T23:13:01.670 INFO:teuthology.orchestra.run.smithi062.stdout:/usr/bin/ceph: stderr
2024-05-08T23:13:01.074+0000 7f2e5f400700 1 -- 172.21.15.62:0/4212868987 <== mon.0 v2:172.21.15.62:3300/0 3 ==== mon_map magic: 0 v1 ==== 205+0+0 (secure 0 0 0) 0x7f2e54011a00 con 0x7f2e601066b0
2024-05-08T23:13:01.670 INFO:teuthology.orchestra.run.smithi062.stdout:/usr/bin/ceph: stderr
2024-05-08T23:13:01.075+0000 7f2e67c00700 1 -- 172.21.15.62:0/4212868987 >> [v2:172.21.15.62:3300/0,v1:172.21.15.62:6789/0] conn(0x7f2e601066b0 msgr2=0x7f2e60106ad0 secure :-1 s=STATE_CONNECTION_ESTABLISHED l=1).mark_down
2024-05-08T23:13:01.670 INFO:teuthology.orchestra.run.smithi062.stdout:/usr/bin/ceph: stderr
2024-05-08T23:13:01.075+0000 7f2e67c00700 1 --2- 172.21.15.62:0/4212868987 >> [v2:172.21.15.62:3300/0,v1:172.21.15.62:6789/0] conn(0x7f2e601066b0 0x7f2e60106ad0 secure :-1 s=READY pgs=43 cs=0 l=1 rev1=1 crypto rx=0x7f2e540098a0 tx=0x7f2e54009bb0 comp rx=0 tx=0).stop
2024-05-08T23:13:01.670 INFO:teuthology.orchestra.run.smithi062.stdout:/usr/bin/ceph: stderr
2024-05-08T23:13:01.075+0000 7f2e67c00700 1 -- 172.21.15.62:0/4212868987 shutdown_connections
2024-05-08T23:13:01.670 INFO:teuthology.orchestra.run.smithi062.stdout:/usr/bin/ceph: stderr
2024-05-08T23:13:01.075+0000 7f2e67c00700 1 --2- 172.21.15.62:0/4212868987 >> [v2:172.21.15.62:3300/0,v1:172.21.15.62:6789/0] conn(0x7f2e601066b0 0x7f2e60106ad0 unknown :-1 s=CLOSED pgs=43 cs=0 l=1 rev1=1 crypto rx=0 tx=0 comp rx=0 tx=0).stop
2024-05-08T23:13:01.670 INFO:teuthology.orchestra.run.smithi062.stdout:/usr/bin/ceph: stderr
2024-05-08T23:13:01.075+0000 7f2e67c00700 1 -- 172.21.15.62:0/4212868987 >> 172.21.15.62:0/4212868987 conn(0x7f2e60101c50 msgr2=0x7f2e60104090 unknown :-1 s=STATE_NONE l=0).mark_down
2024-05-08T23:13:01.671 INFO:teuthology.orchestra.run.smithi062.stdout:/usr/bin/ceph: stderr
2024-05-08T23:13:01.075+0000 7f2e67c00700 1 -- 172.21.15.62:0/4212868987 shutdown_connections
2024-05-08T23:13:01.671 INFO:teuthology.orchestra.run.smithi062.stdout:/usr/bin/ceph: stderr
2024-05-08T23:13:01.075+0000 7f2e67c00700 1 -- 172.21.15.62:0/4212868987 wait complete.
2024-05-08T23:13:01.671 INFO:teuthology.orchestra.run.smithi062.stdout:/usr/bin/ceph: stderr
2024-05-08T23:13:01.076+0000 7f2e67c00700 1 Processor -- start
2024-05-08T23:13:01.671 INFO:teuthology.orchestra.run.smithi062.stdout:/usr/bin/ceph: stderr
2024-05-08T23:13:01.076+0000 7f2e67c00700 1 -- start start
2024-05-08T23:13:01.671 INFO:teuthology.orchestra.run.smithi062.stdout:/usr/bin/ceph: stderr
2024-05-08T23:13:01.076+0000 7f2e67c00700 1 --2- >> [v2:172.21.15.62:3300/0,v1:172.21.15.62:6789/0] conn(0x7f2e601066b0 0x7f2e6007bd20 unknown :-1 s=NONE pgs=0 cs=0 l=1 rev1=0 crypto rx=0 tx=0 comp rx=0 tx=0).connect
2024-05-08T23:13:01.671 INFO:teuthology.orchestra.run.smithi062.stdout:/usr/bin/ceph: stderr
2024-05-08T23:13:01.076+0000 7f2e67c00700 1 -- --> [v2:172.21.15.62:3300/0,v1:172.21.15.62:6789/0] -- mon_getmap magic: 0 v1 -- 0x7f2e6007a2c0 con 0x7f2e601066b0
2024-05-08T23:13:01.671 INFO:teuthology.orchestra.run.smithi062.stdout:/usr/bin/ceph: stderr
2024-05-08T23:13:01.077+0000 7f2e65200700 1 --2- >> [v2:172.21.15.62:3300/0,v1:172.21.15.62:6789/0] conn(0x7f2e601066b0 0x7f2e6007bd20 unknown :-1 s=BANNER_CONNECTING pgs=0 cs=0 l=1 rev1=0 crypto rx=0 tx=0 comp rx=0 tx=0)._handle_peer_banner_payload supported=3 required=0
2024-05-08T23:13:01.671 INFO:teuthology.orchestra.run.smithi062.stdout:/usr/bin/ceph: stderr
2024-05-08T23:13:01.077+0000 7f2e65200700 1 --2- >> [v2:172.21.15.62:3300/0,v1:172.21.15.62:6789/0] conn(0x7f2e601066b0 0x7f2e6007bd20 unknown :-1 s=HELLO_CONNECTING pgs=0 cs=0 l=1 rev1=1 crypto rx=0 tx=0 comp rx=0 tx=0).handle_hello peer v2:172.21.15.62:3300/0 says I am v2:172.21.15.62:59408/0 (socket says 172.21.15.62:59408)
2024-05-08T23:13:01.671 INFO:teuthology.orchestra.run.smithi062.stdout:/usr/bin/ceph: stderr
2024-05-08T23:13:01.077+0000 7f2e65200700 1 -- 172.21.15.62:0/2143963912 learned_addr learned my addr 172.21.15.62:0/2143963912 (peer_addr_for_me v2:172.21.15.62:0/0)
2024-05-08T23:13:01.671 INFO:teuthology.orchestra.run.smithi062.stdout:/usr/bin/ceph: stderr
2024-05-08T23:13:01.077+0000 7f2e65200700 1 -- 172.21.15.62:0/2143963912 --> [v2:172.21.15.62:3300/0,v1:172.21.15.62:6789/0] -- mon_subscribe({config=0+,monmap=0+}) v3 -- 0x7f2e54009550 con 0x7f2e601066b0
2024-05-08T23:13:01.671 INFO:teuthology.orchestra.run.smithi062.stdout:/usr/bin/ceph: stderr
2024-05-08T23:13:01.077+0000 7f2e65200700 1 --2- 172.21.15.62:0/2143963912 >> [v2:172.21.15.62:3300/0,v1:172.21.15.62:6789/0] conn(0x7f2e601066b0 0x7f2e6007bd20 secure :-1 s=READY pgs=44 cs=0 l=1 rev1=1 crypto rx=0x7f2e54011710 tx=0x7f2e54011ad0 comp rx=0 tx=0).ready entity=mon.0 client_cookie=0 server_cookie=0 in_seq=0 out_seq=0
2024-05-08T23:13:01.671 INFO:teuthology.orchestra.run.smithi062.stdout:/usr/bin/ceph: stderr
2024-05-08T23:13:01.077+0000 7f2e5d600700 1 -- 172.21.15.62:0/2143963912 <== mon.0 v2:172.21.15.62:3300/0 1 ==== mon_map magic: 0 v1 ==== 205+0+0 (secure 0 0 0) 0x7f2e54003aa0 con 0x7f2e601066b0
2024-05-08T23:13:01.671 INFO:teuthology.orchestra.run.smithi062.stdout:/usr/bin/ceph: stderr
2024-05-08T23:13:01.077+0000 7f2e5d600700 1 -- 172.21.15.62:0/2143963912 <== mon.0 v2:172.21.15.62:3300/0 2 ==== config(26 keys) v1 ==== 1074+0+0 (secure 0 0 0) 0x7f2e54003c00 con 0x7f2e601066b0
2024-05-08T23:13:01.671 INFO:teuthology.orchestra.run.smithi062.stdout:/usr/bin/ceph: stderr
2024-05-08T23:13:01.077+0000 7f2e67c00700 1 -- 172.21.15.62:0/2143963912 --> [v2:172.21.15.62:3300/0,v1:172.21.15.62:6789/0] -- mon_subscribe({mgrmap=0+}) v3 -- 0x7f2e6007a4c0 con 0x7f2e601066b0
2024-05-08T23:13:01.671 INFO:teuthology.orchestra.run.smithi062.stdout:/usr/bin/ceph: stderr
2024-05-08T23:13:01.077+0000 7f2e5d600700 1 -- 172.21.15.62:0/2143963912 <== mon.0 v2:172.21.15.62:3300/0 3 ==== mon_map magic: 0 v1 ==== 205+0+0 (secure 0 0 0) 0x7f2e54024800 con 0x7f2e601066b0
2024-05-08T23:13:01.671 INFO:teuthology.orchestra.run.smithi062.stdout:/usr/bin/ceph: stderr
2024-05-08T23:13:01.078+0000 7f2e67c00700 1 -- 172.21.15.62:0/2143963912 --> [v2:172.21.15.62:3300/0,v1:172.21.15.62:6789/0] -- mon_subscribe({osdmap=0}) v3 -- 0x7f2e6007a960 con 0x7f2e601066b0
2024-05-08T23:13:01.672 INFO:teuthology.orchestra.run.smithi062.stdout:/usr/bin/ceph: stderr
2024-05-08T23:13:01.079+0000 7f2e5d600700 1 -- 172.21.15.62:0/2143963912 <== mon.0 v2:172.21.15.62:3300/0 4 ==== mgrmap(e 8) v1 ==== 45541+0+0 (secure 0 0 0) 0x7f2e5401abd0 con 0x7f2e601066b0
2024-05-08T23:13:01.672 INFO:teuthology.orchestra.run.smithi062.stdout:/usr/bin/ceph: stderr
2024-05-08T23:13:01.079+0000 7f2e67c00700 1 -- 172.21.15.62:0/2143963912 --> [v2:172.21.15.62:3300/0,v1:172.21.15.62:6789/0] -- mon_command({"prefix": "get_command_descriptions"} v 0) v1 -- 0x7f2e600625d0 con 0x7f2e601066b0
2024-05-08T23:13:01.672 INFO:teuthology.orchestra.run.smithi062.stdout:/usr/bin/ceph: stderr
2024-05-08T23:13:01.079+0000 7f2e5d600700 1 --2- 172.21.15.62:0/2143963912 >> [v2:172.21.15.62:6800/3219256975,v1:172.21.15.62:6801/3219256975] conn(0x7f2e48038700 0x7f2e4803abc0 unknown :-1 s=NONE pgs=0 cs=0 l=1 rev1=0 crypto rx=0 tx=0 comp rx=0 tx=0).connect
2024-05-08T23:13:01.672 INFO:teuthology.orchestra.run.smithi062.stdout:/usr/bin/ceph: stderr
2024-05-08T23:13:01.079+0000 7f2e5d600700 1 -- 172.21.15.62:0/2143963912 <== mon.0 v2:172.21.15.62:3300/0 5 ==== osd_map(2..2 src has 1..2) v4 ==== 940+0+0 (secure 0 0 0) 0x7f2e5404c650 con 0x7f2e601066b0
2024-05-08T23:13:01.672 INFO:teuthology.orchestra.run.smithi062.stdout:/usr/bin/ceph: stderr
2024-05-08T23:13:01.079+0000 7f2e5fe00700 1 --2- 172.21.15.62:0/2143963912 >> [v2:172.21.15.62:6800/3219256975,v1:172.21.15.62:6801/3219256975] conn(0x7f2e48038700 0x7f2e4803abc0 unknown :-1 s=BANNER_CONNECTING pgs=0 cs=0 l=1 rev1=0 crypto rx=0 tx=0 comp rx=0 tx=0)._handle_peer_banner_payload supported=3 required=0
2024-05-08T23:13:01.672 INFO:teuthology.orchestra.run.smithi062.stdout:/usr/bin/ceph: stderr
2024-05-08T23:13:01.080+0000 7f2e5fe00700 1 --2- 172.21.15.62:0/2143963912 >> [v2:172.21.15.62:6800/3219256975,v1:172.21.15.62:6801/3219256975] conn(0x7f2e48038700 0x7f2e4803abc0 secure :-1 s=READY pgs=10 cs=0 l=1 rev1=1 crypto rx=0x7f2e4c006fd0 tx=0x7f2e4c006e40 comp rx=0 tx=0).ready entity=mgr.14120 client_cookie=0 server_cookie=0 in_seq=0 out_seq=0
2024-05-08T23:13:01.672 INFO:teuthology.orchestra.run.smithi062.stdout:/usr/bin/ceph: stderr
2024-05-08T23:13:01.084+0000 7f2e5d600700 1 -- 172.21.15.62:0/2143963912 <== mon.0 v2:172.21.15.62:3300/0 6 ==== mon_command_ack([{"prefix": "get_command_descriptions"}]=0 v0) v1 ==== 72+0+183622 (secure 0 0 0) 0x7f2e54018760 con 0x7f2e601066b0
2024-05-08T23:13:01.672 INFO:teuthology.orchestra.run.smithi062.stdout:/usr/bin/ceph: stderr
2024-05-08T23:13:01.299+0000 7f2e67c00700 1 -- 172.21.15.62:0/2143963912 --> [v2:172.21.15.62:6800/3219256975,v1:172.21.15.62:6801/3219256975] -- mgr_command(tid 0: {"prefix": "cephadm get-pub-key", "target": ["mon-mgr", ""]}) v1 -- 0x7f2e6007ada0 con 0x7f2e48038700
2024-05-08T23:13:01.672 INFO:teuthology.orchestra.run.smithi062.stdout:/usr/bin/ceph: stderr
2024-05-08T23:13:01.299+0000 7f2e5d600700 1 -- 172.21.15.62:0/2143963912 <== mgr.14120 v2:172.21.15.62:6800/3219256975 1 ==== mgr_command_reply(tid 0: 0 ) v1 ==== 8+0+595 (secure 0 0 0) 0x7f2e6007ada0 con 0x7f2e48038700
2024-05-08T23:13:01.672 INFO:teuthology.orchestra.run.smithi062.stdout:/usr/bin/ceph: stderr
2024-05-08T23:13:01.302+0000 7f2e67c00700 1 -- 172.21.15.62:0/2143963912 >> [v2:172.21.15.62:6800/3219256975,v1:172.21.15.62:6801/3219256975] conn(0x7f2e48038700 msgr2=0x7f2e4803abc0 secure :-1 s=STATE_CONNECTION_ESTABLISHED l=1).mark_down
2024-05-08T23:13:01.672 INFO:teuthology.orchestra.run.smithi062.stdout:/usr/bin/ceph: stderr
2024-05-08T23:13:01.302+0000 7f2e67c00700 1 --2- 172.21.15.62:0/2143963912 >> [v2:172.21.15.62:6800/3219256975,v1:172.21.15.62:6801/3219256975] conn(0x7f2e48038700 0x7f2e4803abc0 secure :-1 s=READY pgs=10 cs=0 l=1 rev1=1 crypto rx=0x7f2e4c006fd0 tx=0x7f2e4c006e40 comp rx=0 tx=0).stop
2024-05-08T23:13:01.672 INFO:teuthology.orchestra.run.smithi062.stdout:/usr/bin/ceph: stderr
2024-05-08T23:13:01.302+0000 7f2e67c00700 1 -- 172.21.15.62:0/2143963912 >> [v2:172.21.15.62:3300/0,v1:172.21.15.62:6789/0] conn(0x7f2e601066b0 msgr2=0x7f2e6007bd20 secure :-1 s=STATE_CONNECTION_ESTABLISHED l=1).mark_down
2024-05-08T23:13:01.672 INFO:teuthology.orchestra.run.smithi062.stdout:/usr/bin/ceph: stderr
2024-05-08T23:13:01.302+0000 7f2e67c00700 1 --2- 172.21.15.62:0/2143963912 >> [v2:172.21.15.62:3300/0,v1:172.21.15.62:6789/0] conn(0x7f2e601066b0 0x7f2e6007bd20 secure :-1 s=READY pgs=44 cs=0 l=1 rev1=1 crypto rx=0x7f2e54011710 tx=0x7f2e54011ad0 comp rx=0 tx=0).stop
2024-05-08T23:13:01.672 INFO:teuthology.orchestra.run.smithi062.stdout:/usr/bin/ceph: stderr
2024-05-08T23:13:01.302+0000 7f2e67c00700 1 -- 172.21.15.62:0/2143963912 shutdown_connections
2024-05-08T23:13:01.672 INFO:teuthology.orchestra.run.smithi062.stdout:/usr/bin/ceph: stderr
2024-05-08T23:13:01.302+0000 7f2e67c00700 1 --2- 172.21.15.62:0/2143963912 >> [v2:172.21.15.62:6800/3219256975,v1:172.21.15.62:6801/3219256975] conn(0x7f2e48038700 0x7f2e4803abc0 unknown :-1 s=CLOSED pgs=10 cs=0 l=1 rev1=1 crypto rx=0 tx=0 comp rx=0 tx=0).stop
2024-05-08T23:13:01.673 INFO:teuthology.orchestra.run.smithi062.stdout:/usr/bin/ceph: stderr
2024-05-08T23:13:01.302+0000 7f2e67c00700 1 --2- 172.21.15.62:0/2143963912 >> [v2:172.21.15.62:3300/0,v1:172.21.15.62:6789/0] conn(0x7f2e601066b0 0x7f2e6007bd20 unknown :-1 s=CLOSED pgs=44 cs=0 l=1 rev1=1 crypto rx=0 tx=0 comp rx=0 tx=0).stop
2024-05-08T23:13:01.673 INFO:teuthology.orchestra.run.smithi062.stdout:/usr/bin/ceph: stderr
2024-05-08T23:13:01.302+0000 7f2e67c00700 1 -- 172.21.15.62:0/2143963912 >> 172.21.15.62:0/2143963912 conn(0x7f2e60101c50 msgr2=0x7f2e60102800 unknown :-1 s=STATE_NONE l=0).mark_down
2024-05-08T23:13:01.673 INFO:teuthology.orchestra.run.smithi062.stdout:/usr/bin/ceph: stderr
2024-05-08T23:13:01.302+0000 7f2e67c00700 1 -- 172.21.15.62:0/2143963912 shutdown_connections
2024-05-08T23:13:01.673 INFO:teuthology.orchestra.run.smithi062.stdout:/usr/bin/ceph: stderr
2024-05-08T23:13:01.302+0000 7f2e67c00700 1 -- 172.21.15.62:0/2143963912 wait complete.
2024-05-08T23:13:01.673 INFO:teuthology.orchestra.run.smithi062.stdout:Wrote public SSH key to /home/ubuntu/cephtest/ceph.pub
2024-05-08T23:13:01.673 INFO:teuthology.orchestra.run.smithi062.stdout:Adding key to root@localhost authorized_keys...
2024-05-08T23:13:01.673 INFO:teuthology.orchestra.run.smithi062.stdout:Adding host smithi062...
2024-05-08T23:13:02.063 INFO:journalctl@ceph.mon.a.smithi062.stdout:May 08 23:13:01 smithi062 ceph-mon[37254]: from='client.14136 -' entity='client.admin' cmd=[{"prefix": "cephadm generate-key", "target": ["mon-mgr", ""]}]: dispatch
2024-05-08T23:13:02.063 INFO:journalctl@ceph.mon.a.smithi062.stdout:May 08 23:13:01 smithi062 ceph-mon[37254]: Generating ssh key...
2024-05-08T23:13:02.981 INFO:journalctl@ceph.mon.a.smithi062.stdout:May 08 23:13:02 smithi062 ceph-mon[37254]: from='client.14138 -' entity='client.admin' cmd=[{"prefix": "cephadm get-pub-key", "target": ["mon-mgr", ""]}]: dispatch
2024-05-08T23:13:04.062 INFO:journalctl@ceph.mon.a.smithi062.stdout:May 08 23:13:03 smithi062 ceph-mon[37254]: from='client.14140 -' entity='client.admin' cmd=[{"prefix": "orch host add", "hostname": "smithi062", "addr": "172.21.15.62", "target": ["mon-mgr", ""]}]: dispatch
2024-05-08T23:13:04.969 INFO:journalctl@ceph.mon.a.smithi062.stdout:May 08 23:13:04 smithi062 ceph-mon[37254]: Deploying cephadm binary to smithi062
2024-05-08T23:13:05.801 INFO:teuthology.orchestra.run.smithi062.stdout:/usr/bin/ceph: stdout Added host 'smithi062' with addr '172.21.15.62'
2024-05-08T23:13:05.801 INFO:teuthology.orchestra.run.smithi062.stdout:/usr/bin/ceph: stderr
2024-05-08T23:13:02.051+0000 7f5fab200700 1 Processor -- start
2024-05-08T23:13:05.801 INFO:teuthology.orchestra.run.smithi062.stdout:/usr/bin/ceph: stderr
2024-05-08T23:13:02.051+0000 7f5fab200700 1 -- start start
2024-05-08T23:13:05.801 INFO:teuthology.orchestra.run.smithi062.stdout:/usr/bin/ceph: stderr
2024-05-08T23:13:02.051+0000 7f5fab200700 1 --2- >> [v2:172.21.15.62:3300/0,v1:172.21.15.62:6789/0] conn(0x7f5fa407bea0 0x7f5fa407a300 unknown :-1 s=NONE pgs=0 cs=0 l=0 rev1=0 crypto rx=0 tx=0 comp rx=0 tx=0).connect
2024-05-08T23:13:05.801 INFO:teuthology.orchestra.run.smithi062.stdout:/usr/bin/ceph: stderr
2024-05-08T23:13:02.052+0000 7f5fab200700 1 -- --> [v2:172.21.15.62:3300/0,v1:172.21.15.62:6789/0] -- mon_getmap magic: 0 v1 -- 0x7f5fa407a8d0 con 0x7f5fa407bea0
2024-05-08T23:13:05.801 INFO:teuthology.orchestra.run.smithi062.stdout:/usr/bin/ceph: stderr
2024-05-08T23:13:02.052+0000 7f5fa9e00700 1 --2- >> [v2:172.21.15.62:3300/0,v1:172.21.15.62:6789/0] conn(0x7f5fa407bea0 0x7f5fa407a300 unknown :-1 s=BANNER_CONNECTING pgs=0 cs=0 l=0 rev1=0 crypto rx=0 tx=0 comp rx=0 tx=0)._handle_peer_banner_payload supported=3 required=0
2024-05-08T23:13:05.801 INFO:teuthology.orchestra.run.smithi062.stdout:/usr/bin/ceph: stderr
2024-05-08T23:13:02.052+0000 7f5fa9e00700 1 --2- >> [v2:172.21.15.62:3300/0,v1:172.21.15.62:6789/0] conn(0x7f5fa407bea0 0x7f5fa407a300 unknown :-1 s=HELLO_CONNECTING pgs=0 cs=0 l=0 rev1=1 crypto rx=0 tx=0 comp rx=0 tx=0).handle_hello peer v2:172.21.15.62:3300/0 says I am v2:172.21.15.62:39764/0 (socket says 172.21.15.62:39764)
2024-05-08T23:13:05.801 INFO:teuthology.orchestra.run.smithi062.stdout:/usr/bin/ceph: stderr
2024-05-08T23:13:02.052+0000 7f5fa9e00700 1 -- 172.21.15.62:0/4046469816 learned_addr learned my addr 172.21.15.62:0/4046469816 (peer_addr_for_me v2:172.21.15.62:0/0)
2024-05-08T23:13:05.802 INFO:teuthology.orchestra.run.smithi062.stdout:/usr/bin/ceph: stderr
2024-05-08T23:13:02.052+0000 7f5fa9e00700 1 -- 172.21.15.62:0/4046469816 --> [v2:172.21.15.62:3300/0,v1:172.21.15.62:6789/0] -- mon_subscribe({config=0+,monmap=0+}) v3 -- 0x7f5fa407aa10 con 0x7f5fa407bea0
2024-05-08T23:13:05.802 INFO:teuthology.orchestra.run.smithi062.stdout:/usr/bin/ceph: stderr
2024-05-08T23:13:02.053+0000 7f5fa9e00700 1 --2- 172.21.15.62:0/4046469816 >> [v2:172.21.15.62:3300/0,v1:172.21.15.62:6789/0] conn(0x7f5fa407bea0 0x7f5fa407a300 secure :-1 s=READY pgs=45 cs=0 l=1 rev1=1 crypto rx=0x7f5f980098a0 tx=0x7f5f98009bb0 comp rx=0 tx=0).ready entity=mon.0 client_cookie=d1eca535c6f5cb6e server_cookie=0 in_seq=0 out_seq=0
2024-05-08T23:13:05.802 INFO:teuthology.orchestra.run.smithi062.stdout:/usr/bin/ceph: stderr
2024-05-08T23:13:02.053+0000 7f5fa8a00700 1 -- 172.21.15.62:0/4046469816 <== mon.0 v2:172.21.15.62:3300/0 1 ==== mon_map magic: 0 v1 ==== 205+0+0 (secure 0 0 0) 0x7f5f98004160 con 0x7f5fa407bea0
