2024-05-08T23:13:12.981+0000 7fbcc1000700 1 -- 172.21.15.62:0/213978246 >> [v2:172.21.15.62:3300/0,v1:172.21.15.62:6789/0] conn(0x7fbcbc1066b0 msgr2=0x7fbcbc106ad0 secure :-1 s=STATE_CONNECTION_ESTABLISHED l=1).mark_down
2024-05-08T23:13:13.627 INFO:teuthology.orchestra.run.smithi062.stdout:/usr/bin/ceph: stderr
2024-05-08T23:13:12.981+0000 7fbcc1000700 1 --2- 172.21.15.62:0/213978246 >> [v2:172.21.15.62:3300/0,v1:172.21.15.62:6789/0] conn(0x7fbcbc1066b0 0x7fbcbc106ad0 secure :-1 s=READY pgs=59 cs=0 l=1 rev1=1 crypto rx=0x7fbcac0098a0 tx=0x7fbcac009bb0 comp rx=0 tx=0).stop
2024-05-08T23:13:13.627 INFO:teuthology.orchestra.run.smithi062.stdout:/usr/bin/ceph: stderr
2024-05-08T23:13:12.981+0000 7fbcc1000700 1 -- 172.21.15.62:0/213978246 shutdown_connections
2024-05-08T23:13:13.627 INFO:teuthology.orchestra.run.smithi062.stdout:/usr/bin/ceph: stderr
2024-05-08T23:13:12.981+0000 7fbcc1000700 1 --2- 172.21.15.62:0/213978246 >> [v2:172.21.15.62:3300/0,v1:172.21.15.62:6789/0] conn(0x7fbcbc1066b0 0x7fbcbc106ad0 unknown :-1 s=CLOSED pgs=59 cs=0 l=1 rev1=1 crypto rx=0 tx=0 comp rx=0 tx=0).stop
2024-05-08T23:13:13.627 INFO:teuthology.orchestra.run.smithi062.stdout:/usr/bin/ceph: stderr
2024-05-08T23:13:12.981+0000 7fbcc1000700 1 -- 172.21.15.62:0/213978246 >> 172.21.15.62:0/213978246 conn(0x7fbcbc101c50 msgr2=0x7fbcbc104090 unknown :-1 s=STATE_NONE l=0).mark_down
2024-05-08T23:13:13.627 INFO:teuthology.orchestra.run.smithi062.stdout:/usr/bin/ceph: stderr
2024-05-08T23:13:12.981+0000 7fbcc1000700 1 -- 172.21.15.62:0/213978246 shutdown_connections
2024-05-08T23:13:13.627 INFO:teuthology.orchestra.run.smithi062.stdout:/usr/bin/ceph: stderr
2024-05-08T23:13:12.981+0000 7fbcc1000700 1 -- 172.21.15.62:0/213978246 wait complete.
2024-05-08T23:13:13.628 INFO:teuthology.orchestra.run.smithi062.stdout:/usr/bin/ceph: stderr
2024-05-08T23:13:12.982+0000 7fbcc1000700 1 Processor -- start
2024-05-08T23:13:13.628 INFO:teuthology.orchestra.run.smithi062.stdout:/usr/bin/ceph: stderr
2024-05-08T23:13:12.982+0000 7fbcc1000700 1 -- start start
2024-05-08T23:13:13.628 INFO:teuthology.orchestra.run.smithi062.stdout:/usr/bin/ceph: stderr
2024-05-08T23:13:12.983+0000 7fbcc1000700 1 --2- >> [v2:172.21.15.62:3300/0,v1:172.21.15.62:6789/0] conn(0x7fbcbc1066b0 0x7fbcbc19c720 unknown :-1 s=NONE pgs=0 cs=0 l=1 rev1=0 crypto rx=0 tx=0 comp rx=0 tx=0).connect
2024-05-08T23:13:13.628 INFO:teuthology.orchestra.run.smithi062.stdout:/usr/bin/ceph: stderr
2024-05-08T23:13:12.983+0000 7fbcc1000700 1 -- --> [v2:172.21.15.62:3300/0,v1:172.21.15.62:6789/0] -- mon_getmap magic: 0 v1 -- 0x7fbcbc19cc60 con 0x7fbcbc1066b0
2024-05-08T23:13:13.628 INFO:teuthology.orchestra.run.smithi062.stdout:/usr/bin/ceph: stderr
2024-05-08T23:13:12.983+0000 7fbcb9e00700 1 --2- >> [v2:172.21.15.62:3300/0,v1:172.21.15.62:6789/0] conn(0x7fbcbc1066b0 0x7fbcbc19c720 unknown :-1 s=BANNER_CONNECTING pgs=0 cs=0 l=1 rev1=0 crypto rx=0 tx=0 comp rx=0 tx=0)._handle_peer_banner_payload supported=3 required=0
2024-05-08T23:13:13.628 INFO:teuthology.orchestra.run.smithi062.stdout:/usr/bin/ceph: stderr
2024-05-08T23:13:12.983+0000 7fbcb9e00700 1 --2- >> [v2:172.21.15.62:3300/0,v1:172.21.15.62:6789/0] conn(0x7fbcbc1066b0 0x7fbcbc19c720 unknown :-1 s=HELLO_CONNECTING pgs=0 cs=0 l=1 rev1=1 crypto rx=0 tx=0 comp rx=0 tx=0).handle_hello peer v2:172.21.15.62:3300/0 says I am v2:172.21.15.62:46240/0 (socket says 172.21.15.62:46240)
2024-05-08T23:13:13.629 INFO:teuthology.orchestra.run.smithi062.stdout:/usr/bin/ceph: stderr
2024-05-08T23:13:12.983+0000 7fbcb9e00700 1 -- 172.21.15.62:0/2051931066 learned_addr learned my addr 172.21.15.62:0/2051931066 (peer_addr_for_me v2:172.21.15.62:0/0)
2024-05-08T23:13:13.629 INFO:teuthology.orchestra.run.smithi062.stdout:/usr/bin/ceph: stderr
2024-05-08T23:13:12.983+0000 7fbcb9e00700 1 -- 172.21.15.62:0/2051931066 --> [v2:172.21.15.62:3300/0,v1:172.21.15.62:6789/0] -- mon_subscribe({config=0+,monmap=0+}) v3 -- 0x7fbcac009550 con 0x7fbcbc1066b0
2024-05-08T23:13:13.629 INFO:teuthology.orchestra.run.smithi062.stdout:/usr/bin/ceph: stderr
2024-05-08T23:13:12.983+0000 7fbcb9e00700 1 --2- 172.21.15.62:0/2051931066 >> [v2:172.21.15.62:3300/0,v1:172.21.15.62:6789/0] conn(0x7fbcbc1066b0 0x7fbcbc19c720 secure :-1 s=READY pgs=60 cs=0 l=1 rev1=1 crypto rx=0x7fbcac003e60 tx=0x7fbcac011a30 comp rx=0 tx=0).ready entity=mon.0 client_cookie=0 server_cookie=0 in_seq=0 out_seq=0
2024-05-08T23:13:13.629 INFO:teuthology.orchestra.run.smithi062.stdout:/usr/bin/ceph: stderr
2024-05-08T23:13:12.984+0000 7fbcb2a00700 1 -- 172.21.15.62:0/2051931066 <== mon.0 v2:172.21.15.62:3300/0 1 ==== mon_map magic: 0 v1 ==== 205+0+0 (secure 0 0 0) 0x7fbcac0038b0 con 0x7fbcbc1066b0
2024-05-08T23:13:13.629 INFO:teuthology.orchestra.run.smithi062.stdout:/usr/bin/ceph: stderr
2024-05-08T23:13:12.984+0000 7fbcb2a00700 1 -- 172.21.15.62:0/2051931066 <== mon.0 v2:172.21.15.62:3300/0 2 ==== config(26 keys) v1 ==== 1105+0+0 (secure 0 0 0) 0x7fbcac003a10 con 0x7fbcbc1066b0
2024-05-08T23:13:13.629 INFO:teuthology.orchestra.run.smithi062.stdout:/usr/bin/ceph: stderr
2024-05-08T23:13:12.984+0000 7fbcc1000700 1 -- 172.21.15.62:0/2051931066 --> [v2:172.21.15.62:3300/0,v1:172.21.15.62:6789/0] -- mon_subscribe({mgrmap=0+}) v3 -- 0x7fbcbc19ce60 con 0x7fbcbc1066b0
2024-05-08T23:13:13.629 INFO:teuthology.orchestra.run.smithi062.stdout:/usr/bin/ceph: stderr
2024-05-08T23:13:12.984+0000 7fbcb2a00700 1 -- 172.21.15.62:0/2051931066 <== mon.0 v2:172.21.15.62:3300/0 3 ==== mon_map magic: 0 v1 ==== 205+0+0 (secure 0 0 0) 0x7fbcac019530 con 0x7fbcbc1066b0
2024-05-08T23:13:13.629 INFO:teuthology.orchestra.run.smithi062.stdout:/usr/bin/ceph: stderr
2024-05-08T23:13:12.984+0000 7fbcc1000700 1 -- 172.21.15.62:0/2051931066 --> [v2:172.21.15.62:3300/0,v1:172.21.15.62:6789/0] -- mon_subscribe({osdmap=0}) v3 -- 0x7fbcbc19d9c0 con 0x7fbcbc1066b0
2024-05-08T23:13:13.629 INFO:teuthology.orchestra.run.smithi062.stdout:/usr/bin/ceph: stderr
2024-05-08T23:13:12.985+0000 7fbcb2a00700 1 -- 172.21.15.62:0/2051931066 <== mon.0 v2:172.21.15.62:3300/0 4 ==== mgrmap(e 9) v1 ==== 45554+0+0 (secure 0 0 0) 0x7fbcac01a430 con 0x7fbcbc1066b0
2024-05-08T23:13:13.629 INFO:teuthology.orchestra.run.smithi062.stdout:/usr/bin/ceph: stderr
2024-05-08T23:13:12.985+0000 7fbcc1000700 1 -- 172.21.15.62:0/2051931066 --> [v2:172.21.15.62:3300/0,v1:172.21.15.62:6789/0] -- mon_command({"prefix": "get_command_descriptions"} v 0) v1 -- 0x7fbcbc0625d0 con 0x7fbcbc1066b0
2024-05-08T23:13:13.629 INFO:teuthology.orchestra.run.smithi062.stdout:/usr/bin/ceph: stderr
2024-05-08T23:13:12.985+0000 7fbcb2a00700 1 --2- 172.21.15.62:0/2051931066 >> [v2:172.21.15.62:6800/3219256975,v1:172.21.15.62:6801/3219256975] conn(0x7fbca0038750 0x7fbca003ac10 unknown :-1 s=NONE pgs=0 cs=0 l=1 rev1=0 crypto rx=0 tx=0 comp rx=0 tx=0).connect
2024-05-08T23:13:13.629 INFO:teuthology.orchestra.run.smithi062.stdout:/usr/bin/ceph: stderr
2024-05-08T23:13:12.986+0000 7fbcb2a00700 1 -- 172.21.15.62:0/2051931066 <== mon.0 v2:172.21.15.62:3300/0 5 ==== osd_map(2..2 src has 1..2) v4 ==== 940+0+0 (secure 0 0 0) 0x7fbcac04c910 con 0x7fbcbc1066b0
2024-05-08T23:13:13.630 INFO:teuthology.orchestra.run.smithi062.stdout:/usr/bin/ceph: stderr
2024-05-08T23:13:12.986+0000 7fbcb9400700 1 -- 172.21.15.62:0/2051931066 >> [v2:172.21.15.62:6800/3219256975,v1:172.21.15.62:6801/3219256975] conn(0x7fbca0038750 msgr2=0x7fbca003ac10 unknown :-1 s=STATE_CONNECTING_RE l=1).process reconnect failed to v2:172.21.15.62:6800/3219256975
2024-05-08T23:13:13.630 INFO:teuthology.orchestra.run.smithi062.stdout:/usr/bin/ceph: stderr
2024-05-08T23:13:12.986+0000 7fbcb9400700 1 --2- 172.21.15.62:0/2051931066 >> [v2:172.21.15.62:6800/3219256975,v1:172.21.15.62:6801/3219256975] conn(0x7fbca0038750 0x7fbca003ac10 unknown :-1 s=START_CONNECT pgs=0 cs=0 l=1 rev1=0 crypto rx=0 tx=0 comp rx=0 tx=0)._fault waiting 0.200000
2024-05-08T23:13:13.630 INFO:teuthology.orchestra.run.smithi062.stdout:/usr/bin/ceph: stderr
2024-05-08T23:13:12.991+0000 7fbcb2a00700 1 -- 172.21.15.62:0/2051931066 <== mon.0 v2:172.21.15.62:3300/0 6 ==== mon_command_ack([{"prefix": "get_command_descriptions"}]=0 v0) v1 ==== 72+0+183622 (secure 0 0 0) 0x7fbcac0239e0 con 0x7fbcbc1066b0
2024-05-08T23:13:13.630 INFO:teuthology.orchestra.run.smithi062.stdout:/usr/bin/ceph: stderr
2024-05-08T23:13:13.187+0000 7fbcb9400700 1 -- 172.21.15.62:0/2051931066 >> [v2:172.21.15.62:6800/3219256975,v1:172.21.15.62:6801/3219256975] conn(0x7fbca0038750 msgr2=0x7fbca003ac10 unknown :-1 s=STATE_CONNECTING_RE l=1).process reconnect failed to v2:172.21.15.62:6800/3219256975
2024-05-08T23:13:13.630 INFO:teuthology.orchestra.run.smithi062.stdout:/usr/bin/ceph: stderr
2024-05-08T23:13:13.187+0000 7fbcb9400700 1 --2- 172.21.15.62:0/2051931066 >> [v2:172.21.15.62:6800/3219256975,v1:172.21.15.62:6801/3219256975] conn(0x7fbca0038750 0x7fbca003ac10 unknown :-1 s=START_CONNECT pgs=0 cs=0 l=1 rev1=0 crypto rx=0 tx=0 comp rx=0 tx=0)._fault waiting 0.400000
2024-05-08T23:13:13.630 INFO:teuthology.orchestra.run.smithi062.stdout:/usr/bin/ceph: stderr
2024-05-08T23:13:13.264+0000 7fbcc1000700 1 -- 172.21.15.62:0/2051931066 --> [v2:172.21.15.62:3300/0,v1:172.21.15.62:6789/0] -- mon_command({"prefix": "mgr stat"} v 0) v1 -- 0x7fbcbc075400 con 0x7fbcbc1066b0
2024-05-08T23:13:13.630 INFO:teuthology.orchestra.run.smithi062.stdout:/usr/bin/ceph: stderr
2024-05-08T23:13:13.265+0000 7fbcb2a00700 1 -- 172.21.15.62:0/2051931066 <== mon.0 v2:172.21.15.62:3300/0 7 ==== mon_command_ack([{"prefix": "mgr stat"}]=0 v9) v1 ==== 56+0+88 (secure 0 0 0) 0x7fbcac02de00 con 0x7fbcbc1066b0
2024-05-08T23:13:13.630 INFO:teuthology.orchestra.run.smithi062.stdout:/usr/bin/ceph: stderr
2024-05-08T23:13:13.267+0000 7fbcc1000700 1 -- 172.21.15.62:0/2051931066 >> [v2:172.21.15.62:6800/3219256975,v1:172.21.15.62:6801/3219256975] conn(0x7fbca0038750 msgr2=0x7fbca003ac10 unknown :-1 s=STATE_CONNECTING l=1).mark_down
2024-05-08T23:13:13.630 INFO:teuthology.orchestra.run.smithi062.stdout:/usr/bin/ceph: stderr
2024-05-08T23:13:13.267+0000 7fbcc1000700 1 --2- 172.21.15.62:0/2051931066 >> [v2:172.21.15.62:6800/3219256975,v1:172.21.15.62:6801/3219256975] conn(0x7fbca0038750 0x7fbca003ac10 unknown :-1 s=START_CONNECT pgs=0 cs=0 l=1 rev1=0 crypto rx=0 tx=0 comp rx=0 tx=0).stop
2024-05-08T23:13:13.630 INFO:teuthology.orchestra.run.smithi062.stdout:/usr/bin/ceph: stderr
2024-05-08T23:13:13.267+0000 7fbcc1000700 1 -- 172.21.15.62:0/2051931066 >> [v2:172.21.15.62:3300/0,v1:172.21.15.62:6789/0] conn(0x7fbcbc1066b0 msgr2=0x7fbcbc19c720 secure :-1 s=STATE_CONNECTION_ESTABLISHED l=1).mark_down
2024-05-08T23:13:13.630 INFO:teuthology.orchestra.run.smithi062.stdout:/usr/bin/ceph: stderr
2024-05-08T23:13:13.267+0000 7fbcc1000700 1 --2- 172.21.15.62:0/2051931066 >> [v2:172.21.15.62:3300/0,v1:172.21.15.62:6789/0] conn(0x7fbcbc1066b0 0x7fbcbc19c720 secure :-1 s=READY pgs=60 cs=0 l=1 rev1=1 crypto rx=0x7fbcac003e60 tx=0x7fbcac011a30 comp rx=0 tx=0).stop
2024-05-08T23:13:13.630 INFO:teuthology.orchestra.run.smithi062.stdout:/usr/bin/ceph: stderr
2024-05-08T23:13:13.267+0000 7fbcc1000700 1 -- 172.21.15.62:0/2051931066 shutdown_connections
2024-05-08T23:13:13.631 INFO:teuthology.orchestra.run.smithi062.stdout:/usr/bin/ceph: stderr
2024-05-08T23:13:13.267+0000 7fbcc1000700 1 --2- 172.21.15.62:0/2051931066 >> [v2:172.21.15.62:6800/3219256975,v1:172.21.15.62:6801/3219256975] conn(0x7fbca0038750 0x7fbca003ac10 unknown :-1 s=CLOSED pgs=0 cs=0 l=1 rev1=0 crypto rx=0 tx=0 comp rx=0 tx=0).stop
2024-05-08T23:13:13.631 INFO:teuthology.orchestra.run.smithi062.stdout:/usr/bin/ceph: stderr
2024-05-08T23:13:13.267+0000 7fbcc1000700 1 --2- 172.21.15.62:0/2051931066 >> [v2:172.21.15.62:3300/0,v1:172.21.15.62:6789/0] conn(0x7fbcbc1066b0 0x7fbcbc19c720 unknown :-1 s=CLOSED pgs=60 cs=0 l=1 rev1=1 crypto rx=0 tx=0 comp rx=0 tx=0).stop
2024-05-08T23:13:13.631 INFO:teuthology.orchestra.run.smithi062.stdout:/usr/bin/ceph: stderr
2024-05-08T23:13:13.267+0000 7fbcc1000700 1 -- 172.21.15.62:0/2051931066 >> 172.21.15.62:0/2051931066 conn(0x7fbcbc101c50 msgr2=0x7fbcbc102800 unknown :-1 s=STATE_NONE l=0).mark_down
2024-05-08T23:13:13.631 INFO:teuthology.orchestra.run.smithi062.stdout:/usr/bin/ceph: stderr
2024-05-08T23:13:13.267+0000 7fbcc1000700 1 -- 172.21.15.62:0/2051931066 shutdown_connections
2024-05-08T23:13:13.631 INFO:teuthology.orchestra.run.smithi062.stdout:/usr/bin/ceph: stderr
2024-05-08T23:13:13.267+0000 7fbcc1000700 1 -- 172.21.15.62:0/2051931066 wait complete.
2024-05-08T23:13:13.631 INFO:teuthology.orchestra.run.smithi062.stdout:Waiting for the mgr to restart...
2024-05-08T23:13:13.631 INFO:teuthology.orchestra.run.smithi062.stdout:Waiting for mgr epoch 9...
2024-05-08T23:13:14.418 INFO:journalctl@ceph.mon.a.smithi062.stdout:May 08 23:13:14 smithi062 ceph-mon[37254]: from='client.? 172.21.15.62:0/2051931066' entity='client.admin' cmd=[{"prefix": "mgr stat"}]: dispatch
2024-05-08T23:13:14.419 INFO:journalctl@ceph.mgr.x.smithi062.stdout:May 08 23:13:14 smithi062 ceph-38883c74-0d90-11ef-bc97-c7b262605968-mgr-x[37506]:
2024-05-08T23:13:14.090+0000 7fb4c5a34200 -1 mgr[py] Module orchestrator has missing NOTIFY_TYPES member
2024-05-08T23:13:14.683 INFO:journalctl@ceph.mgr.x.smithi062.stdout:May 08 23:13:14 smithi062 ceph-38883c74-0d90-11ef-bc97-c7b262605968-mgr-x[37506]:
2024-05-08T23:13:14.418+0000 7fb4c5a34200 -1 mgr[py] Module nfs has missing NOTIFY_TYPES member
2024-05-08T23:13:14.684 INFO:journalctl@ceph.mgr.x.smithi062.stdout:May 08 23:13:14 smithi062 ceph-38883c74-0d90-11ef-bc97-c7b262605968-mgr-x[37506]:
2024-05-08T23:13:14.537+0000 7fb4c5a34200 -1 mgr[py] Module zabbix has missing NOTIFY_TYPES member
2024-05-08T23:13:15.061 INFO:journalctl@ceph.mgr.x.smithi062.stdout:May 08 23:13:14 smithi062 ceph-38883c74-0d90-11ef-bc97-c7b262605968-mgr-x[37506]:
2024-05-08T23:13:14.683+0000 7fb4c5a34200 -1 mgr[py] Module rbd_support has missing NOTIFY_TYPES member
2024-05-08T23:13:15.061 INFO:journalctl@ceph.mgr.x.smithi062.stdout:May 08 23:13:14 smithi062 ceph-38883c74-0d90-11ef-bc97-c7b262605968-mgr-x[37506]:
2024-05-08T23:13:14.886+0000 7fb4c5a34200 -1 mgr[py] Module status has missing NOTIFY_TYPES member
2024-05-08T23:13:15.312 INFO:journalctl@ceph.mgr.x.smithi062.stdout:May 08 23:13:15 smithi062 ceph-38883c74-0d90-11ef-bc97-c7b262605968-mgr-x[37506]:
2024-05-08T23:13:15.061+0000 7fb4c5a34200 -1 mgr[py] Module diskprediction_local has missing NOTIFY_TYPES member
2024-05-08T23:13:15.313 INFO:journalctl@ceph.mgr.x.smithi062.stdout:May 08 23:13:15 smithi062 ceph-38883c74-0d90-11ef-bc97-c7b262605968-mgr-x[37506]:
2024-05-08T23:13:15.176+0000 7fb4c5a34200 -1 mgr[py] Module telegraf has missing NOTIFY_TYPES member
2024-05-08T23:13:16.062 INFO:journalctl@ceph.mgr.x.smithi062.stdout:May 08 23:13:15 smithi062 ceph-38883c74-0d90-11ef-bc97-c7b262605968-mgr-x[37506]:
2024-05-08T23:13:15.661+0000 7fb4c5a34200 -1 mgr[py] Module influx has missing NOTIFY_TYPES member
2024-05-08T23:13:16.429 INFO:journalctl@ceph.mgr.x.smithi062.stdout:May 08 23:13:16 smithi062 ceph-38883c74-0d90-11ef-bc97-c7b262605968-mgr-x[37506]:
2024-05-08T23:13:16.168+0000 7fb4c5a34200 -1 mgr[py] Module pg_autoscaler has missing NOTIFY_TYPES member
2024-05-08T23:13:16.813 INFO:journalctl@ceph.mgr.x.smithi062.stdout:May 08 23:13:16 smithi062 ceph-38883c74-0d90-11ef-bc97-c7b262605968-mgr-x[37506]:
2024-05-08T23:13:16.428+0000 7fb4c5a34200 -1 mgr[py] Module rgw has missing NOTIFY_TYPES member
2024-05-08T23:13:16.813 INFO:journalctl@ceph.mgr.x.smithi062.stdout:May 08 23:13:16 smithi062 ceph-38883c74-0d90-11ef-bc97-c7b262605968-mgr-x[37506]:
2024-05-08T23:13:16.555+0000 7fb4c5a34200 -1 mgr[py] Module balancer has missing NOTIFY_TYPES member
2024-05-08T23:13:17.813 INFO:journalctl@ceph.mgr.x.smithi062.stdout:May 08 23:13:17 smithi062 ceph-38883c74-0d90-11ef-bc97-c7b262605968-mgr-x[37506]:
2024-05-08T23:13:17.558+0000 7fb4c5a34200 -1 mgr[py] Module iostat has missing NOTIFY_TYPES member
2024-05-08T23:13:17.813 INFO:journalctl@ceph.mgr.x.smithi062.stdout:May 08 23:13:17 smithi062 ceph-38883c74-0d90-11ef-bc97-c7b262605968-mgr-x[37506]:
2024-05-08T23:13:17.688+0000 7fb4c5a34200 -1 mgr[py] Module snap_schedule has missing NOTIFY_TYPES member
2024-05-08T23:13:18.313 INFO:journalctl@ceph.mgr.x.smithi062.stdout:May 08 23:13:17 smithi062 ceph-38883c74-0d90-11ef-bc97-c7b262605968-mgr-x[37506]:
2024-05-08T23:13:17.889+0000 7fb4c5a34200 -1 mgr[py] Module telemetry has missing NOTIFY_TYPES member
2024-05-08T23:13:19.062 INFO:journalctl@ceph.mgr.x.smithi062.stdout:May 08 23:13:18 smithi062 ceph-38883c74-0d90-11ef-bc97-c7b262605968-mgr-x[37506]:
2024-05-08T23:13:18.733+0000 7fb4c5a34200 -1 mgr[py] Module rook has missing NOTIFY_TYPES member
2024-05-08T23:13:19.063 INFO:journalctl@ceph.mgr.x.smithi062.stdout:May 08 23:13:18 smithi062 ceph-38883c74-0d90-11ef-bc97-c7b262605968-mgr-x[37506]:
2024-05-08T23:13:18.982+0000 7fb4c5a34200 -1 mgr[py] Module selftest has missing NOTIFY_TYPES member
2024-05-08T23:13:19.562 INFO:journalctl@ceph.mgr.x.smithi062.stdout:May 08 23:13:19 smithi062 ceph-38883c74-0d90-11ef-bc97-c7b262605968-mgr-x[37506]:
2024-05-08T23:13:19.249+0000 7fb4c5a34200 -1 mgr[py] Module devicehealth has missing NOTIFY_TYPES member
2024-05-08T23:13:20.813 INFO:journalctl@ceph.mgr.x.smithi062.stdout:May 08 23:13:20 smithi062 ceph-38883c74-0d90-11ef-bc97-c7b262605968-mgr-x[37506]:
2024-05-08T23:13:20.440+0000 7fb4c5a34200 -1 mgr[py] Module volumes has missing NOTIFY_TYPES member
2024-05-08T23:13:21.222 INFO:journalctl@ceph.mgr.x.smithi062.stdout:May 08 23:13:20 smithi062 ceph-38883c74-0d90-11ef-bc97-c7b262605968-mgr-x[37506]:
2024-05-08T23:13:20.834+0000 7fb4c5a34200 -1 mgr[py] Module test_orchestrator has missing NOTIFY_TYPES member
2024-05-08T23:13:21.222 INFO:journalctl@ceph.mgr.x.smithi062.stdout:May 08 23:13:20 smithi062 ceph-38883c74-0d90-11ef-bc97-c7b262605968-mgr-x[37506]:
2024-05-08T23:13:20.960+0000 7fb4c5a34200 -1 mgr[py] Module osd_support has missing NOTIFY_TYPES member
2024-05-08T23:13:21.563 INFO:journalctl@ceph.mgr.x.smithi062.stdout:May 08 23:13:21 smithi062 ceph-38883c74-0d90-11ef-bc97-c7b262605968-mgr-x[37506]:
2024-05-08T23:13:21.222+0000 7fb4c5a34200 -1 mgr[py] Module crash has missing NOTIFY_TYPES member
2024-05-08T23:13:21.563 INFO:journalctl@ceph.mon.a.smithi062.stdout:May 08 23:13:21 smithi062 ceph-mon[37254]: Active manager daemon x restarted
2024-05-08T23:13:21.563 INFO:journalctl@ceph.mon.a.smithi062.stdout:May 08 23:13:21 smithi062 ceph-mon[37254]: Activating manager daemon x
2024-05-08T23:13:21.563 INFO:journalctl@ceph.mon.a.smithi062.stdout:May 08 23:13:21 smithi062 ceph-mon[37254]: osdmap e3: 0 total, 0 up, 0 in
2024-05-08T23:13:21.563 INFO:journalctl@ceph.mon.a.smithi062.stdout:May 08 23:13:21 smithi062 ceph-mon[37254]: mgrmap e10: x(active, starting, since 0.00383017s)
2024-05-08T23:13:21.563 INFO:journalctl@ceph.mon.a.smithi062.stdout:May 08 23:13:21 smithi062 ceph-mon[37254]: from='mgr.14152 172.21.15.62:0/3186399257' entity='mgr.x' cmd=[{"prefix": "mon metadata", "id": "a"}]: dispatch
2024-05-08T23:13:21.563 INFO:journalctl@ceph.mon.a.smithi062.stdout:May 08 23:13:21 smithi062 ceph-mon[37254]: from='mgr.14152 172.21.15.62:0/3186399257' entity='mgr.x' cmd=[{"prefix": "mgr metadata", "who": "x", "id": "x"}]: dispatch
2024-05-08T23:13:21.563 INFO:journalctl@ceph.mon.a.smithi062.stdout:May 08 23:13:21 smithi062 ceph-mon[37254]: from='mgr.14152 172.21.15.62:0/3186399257' entity='mgr.x' cmd=[{"prefix": "mds metadata"}]: dispatch
2024-05-08T23:13:21.563 INFO:journalctl@ceph.mon.a.smithi062.stdout:May 08 23:13:21 smithi062 ceph-mon[37254]: from='mgr.14152 172.21.15.62:0/3186399257' entity='mgr.x' cmd=[{"prefix": "osd metadata"}]: dispatch
2024-05-08T23:13:21.563 INFO:journalctl@ceph.mon.a.smithi062.stdout:May 08 23:13:21 smithi062 ceph-mon[37254]: from='mgr.14152 172.21.15.62:0/3186399257' entity='mgr.x' cmd=[{"prefix": "mon metadata"}]: dispatch
2024-05-08T23:13:21.564 INFO:journalctl@ceph.mon.a.smithi062.stdout:May 08 23:13:21 smithi062 ceph-mon[37254]: Manager daemon x is now available
2024-05-08T23:13:21.564 INFO:journalctl@ceph.mon.a.smithi062.stdout:May 08 23:13:21 smithi062 ceph-mon[37254]: from='mgr.14152 172.21.15.62:0/3186399257' entity='mgr.x' cmd=[{"prefix": "config dump", "format": "json"}]: dispatch
2024-05-08T23:13:22.524 INFO:journalctl@ceph.mon.a.smithi062.stdout:May 08 23:13:22 smithi062 ceph-mon[37254]: from='mgr.14152 172.21.15.62:0/3186399257' entity='mgr.x' cmd=[{"prefix":"config rm","who":"mgr","name":"mgr/rbd_support/x/mirror_snapshot_schedule"}]: dispatch
2024-05-08T23:13:22.524 INFO:journalctl@ceph.mon.a.smithi062.stdout:May 08 23:13:22 smithi062 ceph-mon[37254]: from='mgr.14152 172.21.15.62:0/3186399257' entity='mgr.x' cmd=[{"prefix":"config rm","who":"mgr","name":"mgr/rbd_support/x/trash_purge_schedule"}]: dispatch
2024-05-08T23:13:22.524 INFO:journalctl@ceph.mon.a.smithi062.stdout:May 08 23:13:22 smithi062 ceph-mon[37254]: [08/May/2024:23:13:22] ENGINE Bus STARTING
2024-05-08T23:13:22.524 INFO:journalctl@ceph.mon.a.smithi062.stdout:May 08 23:13:22 smithi062 ceph-mon[37254]: [08/May/2024:23:13:22] ENGINE Serving on https://172.21.15.62:7150
2024-05-08T23:13:22.524 INFO:journalctl@ceph.mon.a.smithi062.stdout:May 08 23:13:22 smithi062 ceph-mon[37254]: mgrmap e11: x(active, since 1.00742s)
2024-05-08T23:13:22.524 INFO:journalctl@ceph.mon.a.smithi062.stdout:May 08 23:13:22 smithi062 ceph-mon[37254]: from='client.14156 -' entity='client.admin' cmd=[{"prefix": "get_command_descriptions"}]: dispatch
2024-05-08T23:13:22.524 INFO:journalctl@ceph.mon.a.smithi062.stdout:May 08 23:13:22 smithi062 ceph-mon[37254]: from='client.14156 -' entity='client.admin' cmd=[{"prefix": "mgr_status"}]: dispatch
2024-05-08T23:13:22.703 INFO:teuthology.orchestra.run.smithi062.stdout:/usr/bin/ceph: stdout {
2024-05-08T23:13:22.703 INFO:teuthology.orchestra.run.smithi062.stdout:/usr/bin/ceph: stdout "mgrmap_epoch": 11,
2024-05-08T23:13:22.703 INFO:teuthology.orchestra.run.smithi062.stdout:/usr/bin/ceph: stdout "initialized": true
2024-05-08T23:13:22.704 INFO:teuthology.orchestra.run.smithi062.stdout:/usr/bin/ceph: stdout }
2024-05-08T23:13:22.704 INFO:teuthology.orchestra.run.smithi062.stdout:/usr/bin/ceph: stderr
2024-05-08T23:13:14.101+0000 7f918f600700 1 Processor -- start
2024-05-08T23:13:22.704 INFO:teuthology.orchestra.run.smithi062.stdout:/usr/bin/ceph: stderr
2024-05-08T23:13:14.101+0000 7f918f600700 1 -- start start
2024-05-08T23:13:22.704 INFO:teuthology.orchestra.run.smithi062.stdout:/usr/bin/ceph: stderr
2024-05-08T23:13:14.102+0000 7f918f600700 1 --2- >> [v2:172.21.15.62:3300/0,v1:172.21.15.62:6789/0] conn(0x7f918807bec0 0x7f918807a320 unknown :-1 s=NONE pgs=0 cs=0 l=0 rev1=0 crypto rx=0 tx=0 comp rx=0 tx=0).connect
2024-05-08T23:13:22.704 INFO:teuthology.orchestra.run.smithi062.stdout:/usr/bin/ceph: stderr
2024-05-08T23:13:14.102+0000 7f918f600700 1 -- --> [v2:172.21.15.62:3300/0,v1:172.21.15.62:6789/0] -- mon_getmap magic: 0 v1 -- 0x7f918807a8f0 con 0x7f918807bec0
2024-05-08T23:13:22.704 INFO:teuthology.orchestra.run.smithi062.stdout:/usr/bin/ceph: stderr
2024-05-08T23:13:14.102+0000 7f918cc00700 1 --2- >> [v2:172.21.15.62:3300/0,v1:172.21.15.62:6789/0] conn(0x7f918807bec0 0x7f918807a320 unknown :-1 s=BANNER_CONNECTING pgs=0 cs=0 l=0 rev1=0 crypto rx=0 tx=0 comp rx=0 tx=0)._handle_peer_banner_payload supported=3 required=0
2024-05-08T23:13:22.705 INFO:teuthology.orchestra.run.smithi062.stdout:/usr/bin/ceph: stderr
2024-05-08T23:13:14.102+0000 7f918cc00700 1 --2- >> [v2:172.21.15.62:3300/0,v1:172.21.15.62:6789/0] conn(0x7f918807bec0 0x7f918807a320 unknown :-1 s=HELLO_CONNECTING pgs=0 cs=0 l=0 rev1=1 crypto rx=0 tx=0 comp rx=0 tx=0).handle_hello peer v2:172.21.15.62:3300/0 says I am v2:172.21.15.62:46254/0 (socket says 172.21.15.62:46254)
2024-05-08T23:13:22.705 INFO:teuthology.orchestra.run.smithi062.stdout:/usr/bin/ceph: stderr
2024-05-08T23:13:14.102+0000 7f918cc00700 1 -- 172.21.15.62:0/2023104061 learned_addr learned my addr 172.21.15.62:0/2023104061 (peer_addr_for_me v2:172.21.15.62:0/0)
2024-05-08T23:13:22.705 INFO:teuthology.orchestra.run.smithi062.stdout:/usr/bin/ceph: stderr
2024-05-08T23:13:14.102+0000 7f918cc00700 1 -- 172.21.15.62:0/2023104061 --> [v2:172.21.15.62:3300/0,v1:172.21.15.62:6789/0] -- mon_subscribe({config=0+,monmap=0+}) v3 -- 0x7f918807aa30 con 0x7f918807bec0
2024-05-08T23:13:22.705 INFO:teuthology.orchestra.run.smithi062.stdout:/usr/bin/ceph: stderr
2024-05-08T23:13:14.103+0000 7f918cc00700 1 --2- 172.21.15.62:0/2023104061 >> [v2:172.21.15.62:3300/0,v1:172.21.15.62:6789/0] conn(0x7f918807bec0 0x7f918807a320 secure :-1 s=READY pgs=61 cs=0 l=1 rev1=1 crypto rx=0x7f917c0098a0 tx=0x7f917c009bb0 comp rx=0 tx=0).ready entity=mon.0 client_cookie=a5e742f74c2077c3 server_cookie=0 in_seq=0 out_seq=0
2024-05-08T23:13:22.705 INFO:teuthology.orchestra.run.smithi062.stdout:/usr/bin/ceph: stderr
2024-05-08T23:13:14.103+0000 7f9187400700 1 -- 172.21.15.62:0/2023104061 <== mon.0 v2:172.21.15.62:3300/0 1 ==== mon_map magic: 0 v1 ==== 205+0+0 (secure 0 0 0) 0x7f917c004160 con 0x7f918807bec0
2024-05-08T23:13:22.705 INFO:teuthology.orchestra.run.smithi062.stdout:/usr/bin/ceph: stderr
2024-05-08T23:13:14.103+0000 7f9187400700 1 -- 172.21.15.62:0/2023104061 <== mon.0 v2:172.21.15.62:3300/0 2 ==== config(26 keys) v1 ==== 1105+0+0 (secure 0 0 0) 0x7f917c0042c0 con 0x7f918807bec0
2024-05-08T23:13:22.705 INFO:teuthology.orchestra.run.smithi062.stdout:/usr/bin/ceph: stderr
2024-05-08T23:13:14.103+0000 7f9187400700 1 -- 172.21.15.62:0/2023104061 <== mon.0 v2:172.21.15.62:3300/0 3 ==== mon_map magic: 0 v1 ==== 205+0+0 (secure 0 0 0) 0x7f917c0119b0 con 0x7f918807bec0
2024-05-08T23:13:22.705 INFO:teuthology.orchestra.run.smithi062.stdout:/usr/bin/ceph: stderr
2024-05-08T23:13:14.104+0000 7f918f600700 1 -- 172.21.15.62:0/2023104061 >> [v2:172.21.15.62:3300/0,v1:172.21.15.62:6789/0] conn(0x7f918807bec0 msgr2=0x7f918807a320 secure :-1 s=STATE_CONNECTION_ESTABLISHED l=1).mark_down
2024-05-08T23:13:22.705 INFO:teuthology.orchestra.run.smithi062.stdout:/usr/bin/ceph: stderr
2024-05-08T23:13:14.104+0000 7f918f600700 1 --2- 172.21.15.62:0/2023104061 >> [v2:172.21.15.62:3300/0,v1:172.21.15.62:6789/0] conn(0x7f918807bec0 0x7f918807a320 secure :-1 s=READY pgs=61 cs=0 l=1 rev1=1 crypto rx=0x7f917c0098a0 tx=0x7f917c009bb0 comp rx=0 tx=0).stop
2024-05-08T23:13:22.705 INFO:teuthology.orchestra.run.smithi062.stdout:/usr/bin/ceph: stderr
2024-05-08T23:13:14.104+0000 7f918f600700 1 -- 172.21.15.62:0/2023104061 shutdown_connections
2024-05-08T23:13:22.705 INFO:teuthology.orchestra.run.smithi062.stdout:/usr/bin/ceph: stderr
2024-05-08T23:13:14.104+0000 7f918f600700 1 --2- 172.21.15.62:0/2023104061 >> [v2:172.21.15.62:3300/0,v1:172.21.15.62:6789/0] conn(0x7f918807bec0 0x7f918807a320 unknown :-1 s=CLOSED pgs=61 cs=0 l=1 rev1=1 crypto rx=0 tx=0 comp rx=0 tx=0).stop
2024-05-08T23:13:22.705 INFO:teuthology.orchestra.run.smithi062.stdout:/usr/bin/ceph: stderr
2024-05-08T23:13:14.104+0000 7f918f600700 1 -- 172.21.15.62:0/2023104061 >> 172.21.15.62:0/2023104061 conn(0x7f9188101c50 msgr2=0x7f9188104090 unknown :-1 s=STATE_NONE l=0).mark_down
2024-05-08T23:13:22.705 INFO:teuthology.orchestra.run.smithi062.stdout:/usr/bin/ceph: stderr
2024-05-08T23:13:14.104+0000 7f918f600700 1 -- 172.21.15.62:0/2023104061 shutdown_connections
2024-05-08T23:13:22.705 INFO:teuthology.orchestra.run.smithi062.stdout:/usr/bin/ceph: stderr
2024-05-08T23:13:14.104+0000 7f918f600700 1 -- 172.21.15.62:0/2023104061 wait complete.
2024-05-08T23:13:22.706 INFO:teuthology.orchestra.run.smithi062.stdout:/usr/bin/ceph: stderr
2024-05-08T23:13:14.105+0000 7f918f600700 1 Processor -- start
2024-05-08T23:13:22.706 INFO:teuthology.orchestra.run.smithi062.stdout:/usr/bin/ceph: stderr
2024-05-08T23:13:14.106+0000 7f918f600700 1 -- start start
2024-05-08T23:13:22.706 INFO:teuthology.orchestra.run.smithi062.stdout:/usr/bin/ceph: stderr
2024-05-08T23:13:14.106+0000 7f918f600700 1 --2- >> [v2:172.21.15.62:3300/0,v1:172.21.15.62:6789/0] conn(0x7f918807bec0 0x7f918819c720 unknown :-1 s=NONE pgs=0 cs=0 l=1 rev1=0 crypto rx=0 tx=0 comp rx=0 tx=0).connect
2024-05-08T23:13:22.706 INFO:teuthology.orchestra.run.smithi062.stdout:/usr/bin/ceph: stderr
2024-05-08T23:13:14.106+0000 7f918f600700 1 -- --> [v2:172.21.15.62:3300/0,v1:172.21.15.62:6789/0] -- mon_getmap magic: 0 v1 -- 0x7f918819cc60 con 0x7f918807bec0
2024-05-08T23:13:22.706 INFO:teuthology.orchestra.run.smithi062.stdout:/usr/bin/ceph: stderr
2024-05-08T23:13:14.106+0000 7f918cc00700 1 --2- >> [v2:172.21.15.62:3300/0,v1:172.21.15.62:6789/0] conn(0x7f918807bec0 0x7f918819c720 unknown :-1 s=BANNER_CONNECTING pgs=0 cs=0 l=1 rev1=0 crypto rx=0 tx=0 comp rx=0 tx=0)._handle_peer_banner_payload supported=3 required=0
2024-05-08T23:13:22.706 INFO:teuthology.orchestra.run.smithi062.stdout:/usr/bin/ceph: stderr
2024-05-08T23:13:14.106+0000 7f918cc00700 1 --2- >> [v2:172.21.15.62:3300/0,v1:172.21.15.62:6789/0] conn(0x7f918807bec0 0x7f918819c720 unknown :-1 s=HELLO_CONNECTING pgs=0 cs=0 l=1 rev1=1 crypto rx=0 tx=0 comp rx=0 tx=0).handle_hello peer v2:172.21.15.62:3300/0 says I am v2:172.21.15.62:46260/0 (socket says 172.21.15.62:46260)
2024-05-08T23:13:22.706 INFO:teuthology.orchestra.run.smithi062.stdout:/usr/bin/ceph: stderr
2024-05-08T23:13:14.106+0000 7f918cc00700 1 -- 172.21.15.62:0/3246791960 learned_addr learned my addr 172.21.15.62:0/3246791960 (peer_addr_for_me v2:172.21.15.62:0/0)
2024-05-08T23:13:22.706 INFO:teuthology.orchestra.run.smithi062.stdout:/usr/bin/ceph: stderr
2024-05-08T23:13:14.107+0000 7f918cc00700 1 -- 172.21.15.62:0/3246791960 --> [v2:172.21.15.62:3300/0,v1:172.21.15.62:6789/0] -- mon_subscribe({config=0+,monmap=0+}) v3 -- 0x7f917c009550 con 0x7f918807bec0
2024-05-08T23:13:22.706 INFO:teuthology.orchestra.run.smithi062.stdout:/usr/bin/ceph: stderr
2024-05-08T23:13:14.107+0000 7f918cc00700 1 --2- 172.21.15.62:0/3246791960 >> [v2:172.21.15.62:3300/0,v1:172.21.15.62:6789/0] conn(0x7f918807bec0 0x7f918819c720 secure :-1 s=READY pgs=62 cs=0 l=1 rev1=1 crypto rx=0x7f917c011670 tx=0x7f917c011a30 comp rx=0 tx=0).ready entity=mon.0 client_cookie=0 server_cookie=0 in_seq=0 out_seq=0
2024-05-08T23:13:22.706 INFO:teuthology.orchestra.run.smithi062.stdout:/usr/bin/ceph: stderr
2024-05-08T23:13:14.107+0000 7f9185600700 1 -- 172.21.15.62:0/3246791960 <== mon.0 v2:172.21.15.62:3300/0 1 ==== mon_map magic: 0 v1 ==== 205+0+0 (secure 0 0 0) 0x7f917c003af0 con 0x7f918807bec0
2024-05-08T23:13:22.706 INFO:teuthology.orchestra.run.smithi062.stdout:/usr/bin/ceph: stderr
2024-05-08T23:13:14.107+0000 7f9185600700 1 -- 172.21.15.62:0/3246791960 <== mon.0 v2:172.21.15.62:3300/0 2 ==== config(26 keys) v1 ==== 1105+0+0 (secure 0 0 0) 0x7f917c003c50 con 0x7f918807bec0
2024-05-08T23:13:22.706 INFO:teuthology.orchestra.run.smithi062.stdout:/usr/bin/ceph: stderr
2024-05-08T23:13:14.107+0000 7f918f600700 1 -- 172.21.15.62:0/3246791960 --> [v2:172.21.15.62:3300/0,v1:172.21.15.62:6789/0] -- mon_subscribe({mgrmap=0+}) v3 -- 0x7f918819ce60 con 0x7f918807bec0
2024-05-08T23:13:22.706 INFO:teuthology.orchestra.run.smithi062.stdout:/usr/bin/ceph: stderr
2024-05-08T23:13:14.107+0000 7f9185600700 1 -- 172.21.15.62:0/3246791960 <== mon.0 v2:172.21.15.62:3300/0 3 ==== mon_map magic: 0 v1 ==== 205+0+0 (secure 0 0 0) 0x7f917c024820 con 0x7f918807bec0
2024-05-08T23:13:22.707 INFO:teuthology.orchestra.run.smithi062.stdout:/usr/bin/ceph: stderr
2024-05-08T23:13:14.108+0000 7f918f600700 1 -- 172.21.15.62:0/3246791960 --> [v2:172.21.15.62:3300/0,v1:172.21.15.62:6789/0] -- mon_subscribe({osdmap=0}) v3 -- 0x7f918819d9c0 con 0x7f918807bec0
2024-05-08T23:13:22.707 INFO:teuthology.orchestra.run.smithi062.stdout:/usr/bin/ceph: stderr
2024-05-08T23:13:14.109+0000 7f9185600700 1 -- 172.21.15.62:0/3246791960 <== mon.0 v2:172.21.15.62:3300/0 4 ==== mgrmap(e 9) v1 ==== 45554+0+0 (secure 0 0 0) 0x7f917c024aa0 con 0x7f918807bec0
2024-05-08T23:13:22.707 INFO:teuthology.orchestra.run.smithi062.stdout:/usr/bin/ceph: stderr
2024-05-08T23:13:14.109+0000 7f9185600700 1 --2- 172.21.15.62:0/3246791960 >> [v2:172.21.15.62:6800/3219256975,v1:172.21.15.62:6801/3219256975] conn(0x7f9170038750 0x7f917003ac10 unknown :-1 s=NONE pgs=0 cs=0 l=1 rev1=0 crypto rx=0 tx=0 comp rx=0 tx=0).connect
2024-05-08T23:13:22.707 INFO:teuthology.orchestra.run.smithi062.stdout:/usr/bin/ceph: stderr
2024-05-08T23:13:14.109+0000 7f918f600700 1 -- 172.21.15.62:0/3246791960 --> [v2:172.21.15.62:6800/3219256975,v1:172.21.15.62:6801/3219256975] -- command(tid 0: {"prefix": "get_command_descriptions"}) v1 -- 0x7f91880625d0 con 0x7f9170038750
2024-05-08T23:13:22.707 INFO:teuthology.orchestra.run.smithi062.stdout:/usr/bin/ceph: stderr
2024-05-08T23:13:14.109+0000 7f9185600700 1 -- 172.21.15.62:0/3246791960 <== mon.0 v2:172.21.15.62:3300/0 5 ==== osd_map(2..2 src has 1..2) v4 ==== 940+0+0 (secure 0 0 0) 0x7f917c04c9f0 con 0x7f918807bec0
2024-05-08T23:13:22.707 INFO:teuthology.orchestra.run.smithi062.stdout:/usr/bin/ceph: stderr
2024-05-08T23:13:14.109+0000 7f9187e00700 1 -- 172.21.15.62:0/3246791960 >> [v2:172.21.15.62:6800/3219256975,v1:172.21.15.62:6801/3219256975] conn(0x7f9170038750 msgr2=0x7f917003ac10 unknown :-1 s=STATE_CONNECTING_RE l=1).process reconnect failed to v2:172.21.15.62:6800/3219256975
2024-05-08T23:13:22.707 INFO:teuthology.orchestra.run.smithi062.stdout:/usr/bin/ceph: stderr
2024-05-08T23:13:14.109+0000 7f9187e00700 1 --2- 172.21.15.62:0/3246791960 >> [v2:172.21.15.62:6800/3219256975,v1:172.21.15.62:6801/3219256975] conn(0x7f9170038750 0x7f917003ac10 unknown :-1 s=START_CONNECT pgs=0 cs=0 l=1 rev1=0 crypto rx=0 tx=0 comp rx=0 tx=0)._fault waiting 0.200000
2024-05-08T23:13:22.707 INFO:teuthology.orchestra.run.smithi062.stdout:/usr/bin/ceph: stderr
2024-05-08T23:13:14.310+0000 7f9187e00700 1 -- 172.21.15.62:0/3246791960 >> [v2:172.21.15.62:6800/3219256975,v1:172.21.15.62:6801/3219256975] conn(0x7f9170038750 msgr2=0x7f917003ac10 unknown :-1 s=STATE_CONNECTING_RE l=1).process reconnect failed to v2:172.21.15.62:6800/3219256975
2024-05-08T23:13:22.707 INFO:teuthology.orchestra.run.smithi062.stdout:/usr/bin/ceph: stderr
2024-05-08T23:13:14.310+0000 7f9187e00700 1 --2- 172.21.15.62:0/3246791960 >> [v2:172.21.15.62:6800/3219256975,v1:172.21.15.62:6801/3219256975] conn(0x7f9170038750 0x7f917003ac10 unknown :-1 s=START_CONNECT pgs=0 cs=0 l=1 rev1=0 crypto rx=0 tx=0 comp rx=0 tx=0)._fault waiting 0.400000
2024-05-08T23:13:22.707 INFO:teuthology.orchestra.run.smithi062.stdout:/usr/bin/ceph: stderr
2024-05-08T23:13:14.711+0000 7f9187e00700 1 -- 172.21.15.62:0/3246791960 >> [v2:172.21.15.62:6800/3219256975,v1:172.21.15.62:6801/3219256975] conn(0x7f9170038750 msgr2=0x7f917003ac10 unknown :-1 s=STATE_CONNECTING_RE l=1).process reconnect failed to v2:172.21.15.62:6800/3219256975
2024-05-08T23:13:22.707 INFO:teuthology.orchestra.run.smithi062.stdout:/usr/bin/ceph: stderr
2024-05-08T23:13:14.711+0000 7f9187e00700 1 --2- 172.21.15.62:0/3246791960 >> [v2:172.21.15.62:6800/3219256975,v1:172.21.15.62:6801/3219256975] conn(0x7f9170038750 0x7f917003ac10 unknown :-1 s=START_CONNECT pgs=0 cs=0 l=1 rev1=0 crypto rx=0 tx=0 comp rx=0 tx=0)._fault waiting 0.800000
2024-05-08T23:13:22.707 INFO:teuthology.orchestra.run.smithi062.stdout:/usr/bin/ceph: stderr
2024-05-08T23:13:15.512+0000 7f9187e00700 1 -- 172.21.15.62:0/3246791960 >> [v2:172.21.15.62:6800/3219256975,v1:172.21.15.62:6801/3219256975] conn(0x7f9170038750 msgr2=0x7f917003ac10 unknown :-1 s=STATE_CONNECTING_RE l=1).process reconnect failed to v2:172.21.15.62:6800/3219256975
2024-05-08T23:13:22.707 INFO:teuthology.orchestra.run.smithi062.stdout:/usr/bin/ceph: stderr
2024-05-08T23:13:15.512+0000 7f9187e00700 1 --2- 172.21.15.62:0/3246791960 >> [v2:172.21.15.62:6800/3219256975,v1:172.21.15.62:6801/3219256975] conn(0x7f9170038750 0x7f917003ac10 unknown :-1 s=START_CONNECT pgs=0 cs=0 l=1 rev1=0 crypto rx=0 tx=0 comp rx=0 tx=0)._fault waiting 1.600000
2024-05-08T23:13:22.707 INFO:teuthology.orchestra.run.smithi062.stdout:/usr/bin/ceph: stderr
2024-05-08T23:13:17.113+0000 7f9187e00700 1 -- 172.21.15.62:0/3246791960 >> [v2:172.21.15.62:6800/3219256975,v1:172.21.15.62:6801/3219256975] conn(0x7f9170038750 msgr2=0x7f917003ac10 unknown :-1 s=STATE_CONNECTING_RE l=1).process reconnect failed to v2:172.21.15.62:6800/3219256975
2024-05-08T23:13:22.707 INFO:teuthology.orchestra.run.smithi062.stdout:/usr/bin/ceph: stderr
2024-05-08T23:13:17.113+0000 7f9187e00700 1 --2- 172.21.15.62:0/3246791960 >> [v2:172.21.15.62:6800/3219256975,v1:172.21.15.62:6801/3219256975] conn(0x7f9170038750 0x7f917003ac10 unknown :-1 s=START_CONNECT pgs=0 cs=0 l=1 rev1=0 crypto rx=0 tx=0 comp rx=0 tx=0)._fault waiting 3.200000
2024-05-08T23:13:22.708 INFO:teuthology.orchestra.run.smithi062.stdout:/usr/bin/ceph: stderr
2024-05-08T23:13:20.316+0000 7f9187e00700 1 -- 172.21.15.62:0/3246791960 >> [v2:172.21.15.62:6800/3219256975,v1:172.21.15.62:6801/3219256975] conn(0x7f9170038750 msgr2=0x7f917003ac10 unknown :-1 s=STATE_CONNECTING_RE l=1).process reconnect failed to v2:172.21.15.62:6800/3219256975
2024-05-08T23:13:22.708 INFO:teuthology.orchestra.run.smithi062.stdout:/usr/bin/ceph: stderr
2024-05-08T23:13:20.316+0000 7f9187e00700 1 --2- 172.21.15.62:0/3246791960 >> [v2:172.21.15.62:6800/3219256975,v1:172.21.15.62:6801/3219256975] conn(0x7f9170038750 0x7f917003ac10 unknown :-1 s=START_CONNECT pgs=0 cs=0 l=1 rev1=0 crypto rx=0 tx=0 comp rx=0 tx=0)._fault waiting 6.400000
2024-05-08T23:13:22.708 INFO:teuthology.orchestra.run.smithi062.stdout:/usr/bin/ceph: stderr
2024-05-08T23:13:21.227+0000 7f9185600700 1 -- 172.21.15.62:0/3246791960 <== mon.0 v2:172.21.15.62:3300/0 6 ==== mgrmap(e 10) v1 ==== 45321+0+0 (secure 0 0 0) 0x7f917c02dc90 con 0x7f918807bec0
2024-05-08T23:13:22.708 INFO:teuthology.orchestra.run.smithi062.stdout:/usr/bin/ceph: stderr
2024-05-08T23:13:21.227+0000 7f9185600700 1 -- 172.21.15.62:0/3246791960 >> [v2:172.21.15.62:6800/3219256975,v1:172.21.15.62:6801/3219256975] conn(0x7f9170038750 msgr2=0x7f917003ac10 unknown :-1 s=STATE_CONNECTING l=1).mark_down
2024-05-08T23:13:22.708 INFO:teuthology.orchestra.run.smithi062.stdout:/usr/bin/ceph: stderr
2024-05-08T23:13:21.227+0000 7f9185600700 1 --2- 172.21.15.62:0/3246791960 >> [v2:172.21.15.62:6800/3219256975,v1:172.21.15.62:6801/3219256975] conn(0x7f9170038750 0x7f917003ac10 unknown :-1 s=START_CONNECT pgs=0 cs=0 l=1 rev1=0 crypto rx=0 tx=0 comp rx=0 tx=0).stop
2024-05-08T23:13:22.708 INFO:teuthology.orchestra.run.smithi062.stdout:/usr/bin/ceph: stderr
2024-05-08T23:13:22.229+0000 7f9185600700 1 -- 172.21.15.62:0/3246791960 <== mon.0 v2:172.21.15.62:3300/0 7 ==== mgrmap(e 11) v1 ==== 45448+0+0 (secure 0 0 0) 0x7f917c04e6e0 con 0x7f918807bec0
2024-05-08T23:13:22.708 INFO:teuthology.orchestra.run.smithi062.stdout:/usr/bin/ceph: stderr
2024-05-08T23:13:22.229+0000 7f9185600700 1 --2- 172.21.15.62:0/3246791960 >> [v2:172.21.15.62:6800/2848084328,v1:172.21.15.62:6801/2848084328] conn(0x7f917003bfc0 0x7f917003e3b0 unknown :-1 s=NONE pgs=0 cs=0 l=1 rev1=0 crypto rx=0 tx=0 comp rx=0 tx=0).connect
2024-05-08T23:13:22.708 INFO:teuthology.orchestra.run.smithi062.stdout:/usr/bin/ceph: stderr
2024-05-08T23:13:22.230+0000 7f9185600700 1 -- 172.21.15.62:0/3246791960 --> [v2:172.21.15.62:6800/2848084328,v1:172.21.15.62:6801/2848084328] -- command(tid 0: {"prefix": "get_command_descriptions"}) v1 -- 0x7f91880625d0 con 0x7f917003bfc0
2024-05-08T23:13:22.708 INFO:teuthology.orchestra.run.smithi062.stdout:/usr/bin/ceph: stderr
2024-05-08T23:13:22.230+0000 7f9187e00700 1 --2- 172.21.15.62:0/3246791960 >> [v2:172.21.15.62:6800/2848084328,v1:172.21.15.62:6801/2848084328] conn(0x7f917003bfc0 0x7f917003e3b0 unknown :-1 s=BANNER_CONNECTING pgs=0 cs=0 l=1 rev1=0 crypto rx=0 tx=0 comp rx=0 tx=0)._handle_peer_banner_payload supported=3 required=0
2024-05-08T23:13:22.708 INFO:teuthology.orchestra.run.smithi062.stdout:/usr/bin/ceph: stderr
2024-05-08T23:13:22.232+0000 7f9187e00700 1 --2- 172.21.15.62:0/3246791960 >> [v2:172.21.15.62:6800/2848084328,v1:172.21.15.62:6801/2848084328] conn(0x7f917003bfc0 0x7f917003e3b0 secure :-1 s=READY pgs=4 cs=0 l=1 rev1=1 crypto rx=0x7f9174003a10 tx=0x7f91740092b0 comp rx=0 tx=0).ready entity=mgr.14152 client_cookie=0 server_cookie=0 in_seq=0 out_seq=0
2024-05-08T23:13:22.708 INFO:teuthology.orchestra.run.smithi062.stdout:/usr/bin/ceph: stderr
2024-05-08T23:13:22.233+0000 7f9185600700 1 -- 172.21.15.62:0/3246791960 <== mgr.14152 v2:172.21.15.62:6800/2848084328 1 ==== command_reply(tid 0: 0 ) v1 ==== 8+0+7774 (secure 0 0 0) 0x7f91880625d0 con 0x7f917003bfc0
2024-05-08T23:13:22.708 INFO:teuthology.orchestra.run.smithi062.stdout:/usr/bin/ceph: stderr
2024-05-08T23:13:22.240+0000 7f918f600700 1 -- 172.21.15.62:0/3246791960 --> [v2:172.21.15.62:6800/2848084328,v1:172.21.15.62:6801/2848084328] -- command(tid 1: {"prefix": "mgr_status"}) v1 -- 0x7f918819d300 con 0x7f917003bfc0
2024-05-08T23:13:22.708 INFO:teuthology.orchestra.run.smithi062.stdout:/usr/bin/ceph: stderr
2024-05-08T23:13:22.240+0000 7f9185600700 1 -- 172.21.15.62:0/3246791960 <== mgr.14152 v2:172.21.15.62:6800/2848084328 2 ==== command_reply(tid 1: 0 ) v1 ==== 8+0+52 (secure 0 0 0) 0x7f918819d300 con 0x7f917003bfc0
2024-05-08T23:13:22.709 INFO:teuthology.orchestra.run.smithi062.stdout:/usr/bin/ceph: stderr
2024-05-08T23:13:22.241+0000 7f918f600700 1 -- 172.21.15.62:0/3246791960 >> [v2:172.21.15.62:6800/2848084328,v1:172.21.15.62:6801/2848084328] conn(0x7f917003bfc0 msgr2=0x7f917003e3b0 secure :-1 s=STATE_CONNECTION_ESTABLISHED l=1).mark_down
2024-05-08T23:13:22.709 INFO:teuthology.orchestra.run.smithi062.stdout:/usr/bin/ceph: stderr
2024-05-08T23:13:22.241+0000 7f918f600700 1 --2- 172.21.15.62:0/3246791960 >> [v2:172.21.15.62:6800/2848084328,v1:172.21.15.62:6801/2848084328] conn(0x7f917003bfc0 0x7f917003e3b0 secure :-1 s=READY pgs=4 cs=0 l=1 rev1=1 crypto rx=0x7f9174003a10 tx=0x7f91740092b0 comp rx=0 tx=0).stop
2024-05-08T23:13:22.709 INFO:teuthology.orchestra.run.smithi062.stdout:/usr/bin/ceph: stderr
2024-05-08T23:13:22.241+0000 7f918f600700 1 -- 172.21.15.62:0/3246791960 >> [v2:172.21.15.62:3300/0,v1:172.21.15.62:6789/0] conn(0x7f918807bec0 msgr2=0x7f918819c720 secure :-1 s=STATE_CONNECTION_ESTABLISHED l=1).mark_down
2024-05-08T23:13:22.709 INFO:teuthology.orchestra.run.smithi062.stdout:/usr/bin/ceph: stderr
2024-05-08T23:13:22.241+0000 7f918f600700 1 --2- 172.21.15.62:0/3246791960 >> [v2:172.21.15.62:3300/0,v1:172.21.15.62:6789/0] conn(0x7f918807bec0 0x7f918819c720 secure :-1 s=READY pgs=62 cs=0 l=1 rev1=1 crypto rx=0x7f917c011670 tx=0x7f917c011a30 comp rx=0 tx=0).stop
2024-05-08T23:13:22.709 INFO:teuthology.orchestra.run.smithi062.stdout:/usr/bin/ceph: stderr
2024-05-08T23:13:22.241+0000 7f918f600700 1 -- 172.21.15.62:0/3246791960 shutdown_connections
2024-05-08T23:13:22.709 INFO:teuthology.orchestra.run.smithi062.stdout:/usr/bin/ceph: stderr
2024-05-08T23:13:22.241+0000 7f918f600700 1 --2- 172.21.15.62:0/3246791960 >> [v2:172.21.15.62:6800/2848084328,v1:172.21.15.62:6801/2848084328] conn(0x7f917003bfc0 0x7f917003e3b0 unknown :-1 s=CLOSED pgs=4 cs=0 l=1 rev1=1 crypto rx=0 tx=0 comp rx=0 tx=0).stop
2024-05-08T23:13:22.709 INFO:teuthology.orchestra.run.smithi062.stdout:/usr/bin/ceph: stderr
2024-05-08T23:13:22.241+0000 7f918f600700 1 --2- 172.21.15.62:0/3246791960 >> [v2:172.21.15.62:3300/0,v1:172.21.15.62:6789/0] conn(0x7f918807bec0 0x7f918819c720 unknown :-1 s=CLOSED pgs=62 cs=0 l=1 rev1=1 crypto rx=0 tx=0 comp rx=0 tx=0).stop
2024-05-08T23:13:22.709 INFO:teuthology.orchestra.run.smithi062.stdout:/usr/bin/ceph: stderr
2024-05-08T23:13:22.241+0000 7f918f600700 1 --2- 172.21.15.62:0/3246791960 >> [v2:172.21.15.62:6800/3219256975,v1:172.21.15.62:6801/3219256975] conn(0x7f9170038750 0x7f917003ac10 unknown :-1 s=CLOSED pgs=0 cs=0 l=1 rev1=0 crypto rx=0 tx=0 comp rx=0 tx=0).stop
2024-05-08T23:13:22.709 INFO:teuthology.orchestra.run.smithi062.stdout:/usr/bin/ceph: stderr
2024-05-08T23:13:22.241+0000 7f918f600700 1 -- 172.21.15.62:0/3246791960 >> 172.21.15.62:0/3246791960 conn(0x7f9188101c50 msgr2=0x7f91881028a0 unknown :-1 s=STATE_NONE l=0).mark_down
2024-05-08T23:13:22.709 INFO:teuthology.orchestra.run.smithi062.stdout:/usr/bin/ceph: stderr
2024-05-08T23:13:22.241+0000 7f918f600700 1 -- 172.21.15.62:0/3246791960 shutdown_connections
2024-05-08T23:13:22.709 INFO:teuthology.orchestra.run.smithi062.stdout:/usr/bin/ceph: stderr
2024-05-08T23:13:22.241+0000 7f918f600700 1 -- 172.21.15.62:0/3246791960 wait complete.
2024-05-08T23:13:22.709 INFO:teuthology.orchestra.run.smithi062.stdout:mgr epoch 9 is available
2024-05-08T23:13:22.709 INFO:teuthology.orchestra.run.smithi062.stdout:Generating a dashboard self-signed certificate...
2024-05-08T23:13:23.809 INFO:teuthology.orchestra.run.smithi062.stdout:/usr/bin/ceph: stdout Self-signed certificate created
2024-05-08T23:13:23.809 INFO:teuthology.orchestra.run.smithi062.stdout:/usr/bin/ceph: stderr
2024-05-08T23:13:23.117+0000 7f0397200700 1 Processor -- start
2024-05-08T23:13:23.809 INFO:teuthology.orchestra.run.smithi062.stdout:/usr/bin/ceph: stderr
2024-05-08T23:13:23.117+0000 7f0397200700 1 -- start start
2024-05-08T23:13:23.809 INFO:teuthology.orchestra.run.smithi062.stdout:/usr/bin/ceph: stderr
2024-05-08T23:13:23.118+0000 7f0397200700 1 --2- >> [v2:172.21.15.62:3300/0,v1:172.21.15.62:6789/0] conn(0x7f039007bf00 0x7f039007a360 unknown :-1 s=NONE pgs=0 cs=0 l=0 rev1=0 crypto rx=0 tx=0 comp rx=0 tx=0).connect
2024-05-08T23:13:23.809 INFO:teuthology.orchestra.run.smithi062.stdout:/usr/bin/ceph: stderr
2024-05-08T23:13:23.118+0000 7f0397200700 1 -- --> [v2:172.21.15.62:3300/0,v1:172.21.15.62:6789/0] -- mon_getmap magic: 0 v1 -- 0x7f039007a930 con 0x7f039007bf00
2024-05-08T23:13:23.809 INFO:teuthology.orchestra.run.smithi062.stdout:/usr/bin/ceph: stderr
2024-05-08T23:13:23.118+0000 7f0395e00700 1 --2- >> [v2:172.21.15.62:3300/0,v1:172.21.15.62:6789/0] conn(0x7f039007bf00 0x7f039007a360 unknown :-1 s=BANNER_CONNECTING pgs=0 cs=0 l=0 rev1=0 crypto rx=0 tx=0 comp rx=0 tx=0)._handle_peer_banner_payload supported=3 required=0
2024-05-08T23:13:23.809 INFO:teuthology.orchestra.run.smithi062.stdout:/usr/bin/ceph: stderr
2024-05-08T23:13:23.118+0000 7f0395e00700 1 --2- >> [v2:172.21.15.62:3300/0,v1:172.21.15.62:6789/0] conn(0x7f039007bf00 0x7f039007a360 unknown :-1 s=HELLO_CONNECTING pgs=0 cs=0 l=0 rev1=1 crypto rx=0 tx=0 comp rx=0 tx=0).handle_hello peer v2:172.21.15.62:3300/0 says I am v2:172.21.15.62:53252/0 (socket says 172.21.15.62:53252)
2024-05-08T23:13:23.809 INFO:teuthology.orchestra.run.smithi062.stdout:/usr/bin/ceph: stderr
2024-05-08T23:13:23.118+0000 7f0395e00700 1 -- 172.21.15.62:0/2334225038 learned_addr learned my addr 172.21.15.62:0/2334225038 (peer_addr_for_me v2:172.21.15.62:0/0)
2024-05-08T23:13:23.809 INFO:teuthology.orchestra.run.smithi062.stdout:/usr/bin/ceph: stderr
2024-05-08T23:13:23.118+0000 7f0395e00700 1 -- 172.21.15.62:0/2334225038 --> [v2:172.21.15.62:3300/0,v1:172.21.15.62:6789/0] -- mon_subscribe({config=0+,monmap=0+}) v3 -- 0x7f039007aa70 con 0x7f039007bf00
2024-05-08T23:13:23.809 INFO:teuthology.orchestra.run.smithi062.stdout:/usr/bin/ceph: stderr
2024-05-08T23:13:23.119+0000 7f0395e00700 1 --2- 172.21.15.62:0/2334225038 >> [v2:172.21.15.62:3300/0,v1:172.21.15.62:6789/0] conn(0x7f039007bf00 0x7f039007a360 secure :-1 s=READY pgs=70 cs=0 l=1 rev1=1 crypto rx=0x7f03840098a0 tx=0x7f0384009bb0 comp rx=0 tx=0).ready entity=mon.0 client_cookie=b4271180114254fb server_cookie=0 in_seq=0 out_seq=0
2024-05-08T23:13:23.809 INFO:teuthology.orchestra.run.smithi062.stdout:/usr/bin/ceph: stderr
2024-05-08T23:13:23.119+0000 7f0394a00700 1 -- 172.21.15.62:0/2334225038 <== mon.0 v2:172.21.15.62:3300/0 1 ==== mon_map magic: 0 v1 ==== 205+0+0 (secure 0 0 0) 0x7f0384004160 con 0x7f039007bf00
2024-05-08T23:13:23.809 INFO:teuthology.orchestra.run.smithi062.stdout:/usr/bin/ceph: stderr
2024-05-08T23:13:23.119+0000 7f0394a00700 1 -- 172.21.15.62:0/2334225038 <== mon.0 v2:172.21.15.62:3300/0 2 ==== config(26 keys) v1 ==== 1105+0+0 (secure 0 0 0) 0x7f03840042c0 con 0x7f039007bf00
2024-05-08T23:13:23.810 INFO:teuthology.orchestra.run.smithi062.stdout:/usr/bin/ceph: stderr
2024-05-08T23:13:23.119+0000 7f0394a00700 1 -- 172.21.15.62:0/2334225038 <== mon.0 v2:172.21.15.62:3300/0 3 ==== mon_map magic: 0 v1 ==== 205+0+0 (secure 0 0 0) 0x7f03840119b0 con 0x7f039007bf00
2024-05-08T23:13:23.810 INFO:teuthology.orchestra.run.smithi062.stdout:/usr/bin/ceph: stderr
2024-05-08T23:13:23.120+0000 7f0397200700 1 -- 172.21.15.62:0/2334225038 >> [v2:172.21.15.62:3300/0,v1:172.21.15.62:6789/0] conn(0x7f039007bf00 msgr2=0x7f039007a360 secure :-1 s=STATE_CONNECTION_ESTABLISHED l=1).mark_down
2024-05-08T23:13:23.810 INFO:teuthology.orchestra.run.smithi062.stdout:/usr/bin/ceph: stderr
2024-05-08T23:13:23.120+0000 7f0397200700 1 --2- 172.21.15.62:0/2334225038 >> [v2:172.21.15.62:3300/0,v1:172.21.15.62:6789/0] conn(0x7f039007bf00 0x7f039007a360 secure :-1 s=READY pgs=70 cs=0 l=1 rev1=1 crypto rx=0x7f03840098a0 tx=0x7f0384009bb0 comp rx=0 tx=0).stop
2024-05-08T23:13:23.810 INFO:teuthology.orchestra.run.smithi062.stdout:/usr/bin/ceph: stderr
2024-05-08T23:13:23.120+0000 7f0397200700 1 -- 172.21.15.62:0/2334225038 shutdown_connections
2024-05-08T23:13:23.810 INFO:teuthology.orchestra.run.smithi062.stdout:/usr/bin/ceph: stderr
2024-05-08T23:13:23.120+0000 7f0397200700 1 --2- 172.21.15.62:0/2334225038 >> [v2:172.21.15.62:3300/0,v1:172.21.15.62:6789/0] conn(0x7f039007bf00 0x7f039007a360 unknown :-1 s=CLOSED pgs=70 cs=0 l=1 rev1=1 crypto rx=0 tx=0 comp rx=0 tx=0).stop
2024-05-08T23:13:23.810 INFO:teuthology.orchestra.run.smithi062.stdout:/usr/bin/ceph: stderr
2024-05-08T23:13:23.120+0000 7f0397200700 1 -- 172.21.15.62:0/2334225038 >> 172.21.15.62:0/2334225038 conn(0x7f0390101ad0 msgr2=0x7f0390103ef0 unknown :-1 s=STATE_NONE l=0).mark_down
2024-05-08T23:13:23.810 INFO:teuthology.orchestra.run.smithi062.stdout:/usr/bin/ceph: stderr
2024-05-08T23:13:23.120+0000 7f0397200700 1 -- 172.21.15.62:0/2334225038 shutdown_connections
2024-05-08T23:13:23.810 INFO:teuthology.orchestra.run.smithi062.stdout:/usr/bin/ceph: stderr
2024-05-08T23:13:23.120+0000 7f0397200700 1 -- 172.21.15.62:0/2334225038 wait complete.
