2024-05-08T23:08:49.618 INFO:teuthology.orchestra.run.smithi135.stdout:/usr/bin/ceph: stderr
2024-05-08T23:08:47.887+0000 7f5c737fe700 1 -- 172.21.15.135:0/2473421262 --> [v2:172.21.15.135:3300/0,v1:172.21.15.135:6789/0] -- mon_subscribe({config=0+,monmap=0+}) v3 -- 0x7f5c5c009550 con 0x7f5c74105670
2024-05-08T23:08:49.618 INFO:teuthology.orchestra.run.smithi135.stdout:/usr/bin/ceph: stderr
2024-05-08T23:08:47.887+0000 7f5c737fe700 1 --2- 172.21.15.135:0/2473421262 >> [v2:172.21.15.135:3300/0,v1:172.21.15.135:6789/0] conn(0x7f5c74105670 0x7f5c7419a510 secure :-1 s=READY pgs=19 cs=0 l=1 rev1=1 crypto rx=0x7f5c5c009fb0 tx=0x7f5c5c011ad0 comp rx=0 tx=0).ready entity=mon.0 client_cookie=0 server_cookie=0 in_seq=0 out_seq=0
2024-05-08T23:08:49.618 INFO:teuthology.orchestra.run.smithi135.stdout:/usr/bin/ceph: stderr
2024-05-08T23:08:47.887+0000 7f5c70ff9700 1 -- 172.21.15.135:0/2473421262 <== mon.0 v2:172.21.15.135:3300/0 1 ==== mon_map magic: 0 v1 ==== 205+0+0 (secure 0 0 0) 0x7f5c5c003a40 con 0x7f5c74105670
2024-05-08T23:08:49.618 INFO:teuthology.orchestra.run.smithi135.stdout:/usr/bin/ceph: stderr
2024-05-08T23:08:47.887+0000 7f5c79fb8700 1 -- 172.21.15.135:0/2473421262 --> [v2:172.21.15.135:3300/0,v1:172.21.15.135:6789/0] -- mon_subscribe({mgrmap=0+}) v3 -- 0x7f5c7419ac50 con 0x7f5c74105670
2024-05-08T23:08:49.618 INFO:teuthology.orchestra.run.smithi135.stdout:/usr/bin/ceph: stderr
2024-05-08T23:08:47.887+0000 7f5c70ff9700 1 -- 172.21.15.135:0/2473421262 <== mon.0 v2:172.21.15.135:3300/0 2 ==== config(26 keys) v1 ==== 1074+0+0 (secure 0 0 0) 0x7f5c5c003ba0 con 0x7f5c74105670
2024-05-08T23:08:49.618 INFO:teuthology.orchestra.run.smithi135.stdout:/usr/bin/ceph: stderr
2024-05-08T23:08:47.887+0000 7f5c70ff9700 1 -- 172.21.15.135:0/2473421262 <== mon.0 v2:172.21.15.135:3300/0 3 ==== mon_map magic: 0 v1 ==== 205+0+0 (secure 0 0 0) 0x7f5c5c01a750 con 0x7f5c74105670
2024-05-08T23:08:49.618 INFO:teuthology.orchestra.run.smithi135.stdout:/usr/bin/ceph: stderr
2024-05-08T23:08:47.887+0000 7f5c79fb8700 1 -- 172.21.15.135:0/2473421262 --> [v2:172.21.15.135:3300/0,v1:172.21.15.135:6789/0] -- mon_subscribe({osdmap=0}) v3 -- 0x7f5c7419b0f0 con 0x7f5c74105670
2024-05-08T23:08:49.618 INFO:teuthology.orchestra.run.smithi135.stdout:/usr/bin/ceph: stderr
2024-05-08T23:08:47.888+0000 7f5c70ff9700 1 -- 172.21.15.135:0/2473421262 <== mon.0 v2:172.21.15.135:3300/0 4 ==== mgrmap(e 4) v1 ==== 45530+0+0 (secure 0 0 0) 0x7f5c5c01a9d0 con 0x7f5c74105670
2024-05-08T23:08:49.618 INFO:teuthology.orchestra.run.smithi135.stdout:/usr/bin/ceph: stderr
2024-05-08T23:08:47.888+0000 7f5c70ff9700 1 --2- 172.21.15.135:0/2473421262 >> [v2:172.21.15.135:6800/104127578,v1:172.21.15.135:6801/104127578] conn(0x7f5c60038660 0x7f5c6003ab20 unknown :-1 s=NONE pgs=0 cs=0 l=1 rev1=0 crypto rx=0 tx=0 comp rx=0 tx=0).connect
2024-05-08T23:08:49.619 INFO:teuthology.orchestra.run.smithi135.stdout:/usr/bin/ceph: stderr
2024-05-08T23:08:47.888+0000 7f5c70ff9700 1 -- 172.21.15.135:0/2473421262 <== mon.0 v2:172.21.15.135:3300/0 5 ==== osd_map(1..1 src has 1..1) v4 ==== 725+0+0 (secure 0 0 0) 0x7f5c5c04c320 con 0x7f5c74105670
2024-05-08T23:08:49.619 INFO:teuthology.orchestra.run.smithi135.stdout:/usr/bin/ceph: stderr
2024-05-08T23:08:47.888+0000 7f5c79fb8700 1 -- 172.21.15.135:0/2473421262 --> [v2:172.21.15.135:3300/0,v1:172.21.15.135:6789/0] -- mon_command({"prefix": "get_command_descriptions"} v 0) v1 -- 0x7f5c74194650 con 0x7f5c74105670
2024-05-08T23:08:49.619 INFO:teuthology.orchestra.run.smithi135.stdout:/usr/bin/ceph: stderr
2024-05-08T23:08:47.888+0000 7f5c72ffd700 1 --2- 172.21.15.135:0/2473421262 >> [v2:172.21.15.135:6800/104127578,v1:172.21.15.135:6801/104127578] conn(0x7f5c60038660 0x7f5c6003ab20 unknown :-1 s=BANNER_CONNECTING pgs=0 cs=0 l=1 rev1=0 crypto rx=0 tx=0 comp rx=0 tx=0)._handle_peer_banner_payload supported=3 required=0
2024-05-08T23:08:49.619 INFO:teuthology.orchestra.run.smithi135.stdout:/usr/bin/ceph: stderr
2024-05-08T23:08:47.889+0000 7f5c72ffd700 1 --2- 172.21.15.135:0/2473421262 >> [v2:172.21.15.135:6800/104127578,v1:172.21.15.135:6801/104127578] conn(0x7f5c60038660 0x7f5c6003ab20 secure :-1 s=READY pgs=6 cs=0 l=1 rev1=1 crypto rx=0x7f5c64006fd0 tx=0x7f5c64006e40 comp rx=0 tx=0).ready entity=mgr.14100 client_cookie=0 server_cookie=0 in_seq=0 out_seq=0
2024-05-08T23:08:49.619 INFO:teuthology.orchestra.run.smithi135.stdout:/usr/bin/ceph: stderr
2024-05-08T23:08:47.893+0000 7f5c70ff9700 1 -- 172.21.15.135:0/2473421262 <== mon.0 v2:172.21.15.135:3300/0 6 ==== mon_command_ack([{"prefix": "get_command_descriptions"}]=0 v0) v1 ==== 72+0+183622 (secure 0 0 0) 0x7f5c5c018db0 con 0x7f5c74105670
2024-05-08T23:08:49.619 INFO:teuthology.orchestra.run.smithi135.stdout:/usr/bin/ceph: stderr
2024-05-08T23:08:48.173+0000 7f5c79fb8700 1 -- 172.21.15.135:0/2473421262 --> [v2:172.21.15.135:3300/0,v1:172.21.15.135:6789/0] -- mon_command({"prefix": "status", "format": "json-pretty"} v 0) v1 -- 0x7f5c74109aa0 con 0x7f5c74105670
2024-05-08T23:08:49.619 INFO:teuthology.orchestra.run.smithi135.stdout:/usr/bin/ceph: stderr
2024-05-08T23:08:48.173+0000 7f5c70ff9700 1 -- 172.21.15.135:0/2473421262 <== mon.0 v2:172.21.15.135:3300/0 7 ==== mon_command_ack([{"prefix": "status", "format": "json-pretty"}]=0 v0) v1 ==== 79+0+1238 (secure 0 0 0) 0x7f5c5c018350 con 0x7f5c74105670
2024-05-08T23:08:49.619 INFO:teuthology.orchestra.run.smithi135.stdout:/usr/bin/ceph: stderr
2024-05-08T23:08:48.175+0000 7f5c79fb8700 1 -- 172.21.15.135:0/2473421262 >> [v2:172.21.15.135:6800/104127578,v1:172.21.15.135:6801/104127578] conn(0x7f5c60038660 msgr2=0x7f5c6003ab20 secure :-1 s=STATE_CONNECTION_ESTABLISHED l=1).mark_down
2024-05-08T23:08:49.619 INFO:teuthology.orchestra.run.smithi135.stdout:/usr/bin/ceph: stderr
2024-05-08T23:08:48.175+0000 7f5c79fb8700 1 --2- 172.21.15.135:0/2473421262 >> [v2:172.21.15.135:6800/104127578,v1:172.21.15.135:6801/104127578] conn(0x7f5c60038660 0x7f5c6003ab20 secure :-1 s=READY pgs=6 cs=0 l=1 rev1=1 crypto rx=0x7f5c64006fd0 tx=0x7f5c64006e40 comp rx=0 tx=0).stop
2024-05-08T23:08:49.619 INFO:teuthology.orchestra.run.smithi135.stdout:/usr/bin/ceph: stderr
2024-05-08T23:08:48.175+0000 7f5c79fb8700 1 -- 172.21.15.135:0/2473421262 >> [v2:172.21.15.135:3300/0,v1:172.21.15.135:6789/0] conn(0x7f5c74105670 msgr2=0x7f5c7419a510 secure :-1 s=STATE_CONNECTION_ESTABLISHED l=1).mark_down
2024-05-08T23:08:49.620 INFO:teuthology.orchestra.run.smithi135.stdout:/usr/bin/ceph: stderr
2024-05-08T23:08:48.175+0000 7f5c79fb8700 1 --2- 172.21.15.135:0/2473421262 >> [v2:172.21.15.135:3300/0,v1:172.21.15.135:6789/0] conn(0x7f5c74105670 0x7f5c7419a510 secure :-1 s=READY pgs=19 cs=0 l=1 rev1=1 crypto rx=0x7f5c5c009fb0 tx=0x7f5c5c011ad0 comp rx=0 tx=0).stop
2024-05-08T23:08:49.620 INFO:teuthology.orchestra.run.smithi135.stdout:/usr/bin/ceph: stderr
2024-05-08T23:08:48.176+0000 7f5c79fb8700 1 -- 172.21.15.135:0/2473421262 shutdown_connections
2024-05-08T23:08:49.620 INFO:teuthology.orchestra.run.smithi135.stdout:/usr/bin/ceph: stderr
2024-05-08T23:08:48.176+0000 7f5c79fb8700 1 --2- 172.21.15.135:0/2473421262 >> [v2:172.21.15.135:6800/104127578,v1:172.21.15.135:6801/104127578] conn(0x7f5c60038660 0x7f5c6003ab20 unknown :-1 s=CLOSED pgs=6 cs=0 l=1 rev1=1 crypto rx=0 tx=0 comp rx=0 tx=0).stop
2024-05-08T23:08:49.620 INFO:teuthology.orchestra.run.smithi135.stdout:/usr/bin/ceph: stderr
2024-05-08T23:08:48.176+0000 7f5c79fb8700 1 --2- 172.21.15.135:0/2473421262 >> [v2:172.21.15.135:3300/0,v1:172.21.15.135:6789/0] conn(0x7f5c74105670 0x7f5c7419a510 unknown :-1 s=CLOSED pgs=19 cs=0 l=1 rev1=1 crypto rx=0 tx=0 comp rx=0 tx=0).stop
2024-05-08T23:08:49.620 INFO:teuthology.orchestra.run.smithi135.stdout:/usr/bin/ceph: stderr
2024-05-08T23:08:48.176+0000 7f5c79fb8700 1 -- 172.21.15.135:0/2473421262 >> 172.21.15.135:0/2473421262 conn(0x7f5c74100bf0 msgr2=0x7f5c74101ba0 unknown :-1 s=STATE_NONE l=0).mark_down
2024-05-08T23:08:49.620 INFO:teuthology.orchestra.run.smithi135.stdout:/usr/bin/ceph: stderr
2024-05-08T23:08:48.176+0000 7f5c79fb8700 1 -- 172.21.15.135:0/2473421262 shutdown_connections
2024-05-08T23:08:49.620 INFO:teuthology.orchestra.run.smithi135.stdout:/usr/bin/ceph: stderr
2024-05-08T23:08:48.176+0000 7f5c79fb8700 1 -- 172.21.15.135:0/2473421262 wait complete.
2024-05-08T23:08:49.620 INFO:teuthology.orchestra.run.smithi135.stdout:mgr is available
2024-05-08T23:08:50.923 INFO:journalctl@ceph.mon.a.smithi135.stdout:May 08 23:08:50 smithi135 ceph-mon[42440]: from='client.? 172.21.15.135:0/1974016258' entity='client.admin' cmd=[{"prefix": "config assimilate-conf"}]: dispatch
2024-05-08T23:08:50.988 INFO:teuthology.orchestra.run.smithi135.stdout:/usr/bin/ceph: stdout
2024-05-08T23:08:50.988 INFO:teuthology.orchestra.run.smithi135.stdout:/usr/bin/ceph: stdout [global]
2024-05-08T23:08:50.988 INFO:teuthology.orchestra.run.smithi135.stdout:/usr/bin/ceph: stdout fsid = c804a50a-0d8f-11ef-bc97-c7b262605968
2024-05-08T23:08:50.988 INFO:teuthology.orchestra.run.smithi135.stdout:/usr/bin/ceph: stdout mon_osd_allow_pg_remap = true
2024-05-08T23:08:50.988 INFO:teuthology.orchestra.run.smithi135.stdout:/usr/bin/ceph: stdout mon_osd_allow_primary_affinity = true
2024-05-08T23:08:50.988 INFO:teuthology.orchestra.run.smithi135.stdout:/usr/bin/ceph: stdout mon_warn_on_no_sortbitwise = false
2024-05-08T23:08:50.988 INFO:teuthology.orchestra.run.smithi135.stdout:/usr/bin/ceph: stdout osd_crush_chooseleaf_type = 0
2024-05-08T23:08:50.988 INFO:teuthology.orchestra.run.smithi135.stdout:/usr/bin/ceph: stdout
2024-05-08T23:08:50.988 INFO:teuthology.orchestra.run.smithi135.stdout:/usr/bin/ceph: stdout [mgr]
2024-05-08T23:08:50.989 INFO:teuthology.orchestra.run.smithi135.stdout:/usr/bin/ceph: stdout mgr/telemetry/nag = false
2024-05-08T23:08:50.989 INFO:teuthology.orchestra.run.smithi135.stdout:/usr/bin/ceph: stdout
2024-05-08T23:08:50.989 INFO:teuthology.orchestra.run.smithi135.stdout:/usr/bin/ceph: stdout [osd]
2024-05-08T23:08:50.989 INFO:teuthology.orchestra.run.smithi135.stdout:/usr/bin/ceph: stdout mon_osd_backfillfull_ratio = 0.85
2024-05-08T23:08:50.989 INFO:teuthology.orchestra.run.smithi135.stdout:/usr/bin/ceph: stdout mon_osd_full_ratio = 0.9
2024-05-08T23:08:50.989 INFO:teuthology.orchestra.run.smithi135.stdout:/usr/bin/ceph: stdout mon_osd_nearfull_ratio = 0.8
2024-05-08T23:08:50.989 INFO:teuthology.orchestra.run.smithi135.stdout:/usr/bin/ceph: stdout osd_map_max_advance = 10
2024-05-08T23:08:50.989 INFO:teuthology.orchestra.run.smithi135.stdout:/usr/bin/ceph: stdout osd_sloppy_crc = true
2024-05-08T23:08:50.989 INFO:teuthology.orchestra.run.smithi135.stdout:/usr/bin/ceph: stderr
2024-05-08T23:08:50.385+0000 7f3b7beb3700 1 Processor -- start
2024-05-08T23:08:50.989 INFO:teuthology.orchestra.run.smithi135.stdout:/usr/bin/ceph: stderr
2024-05-08T23:08:50.385+0000 7f3b7beb3700 1 -- start start
2024-05-08T23:08:50.989 INFO:teuthology.orchestra.run.smithi135.stdout:/usr/bin/ceph: stderr
2024-05-08T23:08:50.385+0000 7f3b7beb3700 1 --2- >> [v2:172.21.15.135:3300/0,v1:172.21.15.135:6789/0] conn(0x7f3b7407bee0 0x7f3b7407a340 unknown :-1 s=NONE pgs=0 cs=0 l=0 rev1=0 crypto rx=0 tx=0 comp rx=0 tx=0).connect
2024-05-08T23:08:50.989 INFO:teuthology.orchestra.run.smithi135.stdout:/usr/bin/ceph: stderr
2024-05-08T23:08:50.385+0000 7f3b7beb3700 1 -- --> [v2:172.21.15.135:3300/0,v1:172.21.15.135:6789/0] -- mon_getmap magic: 0 v1 -- 0x7f3b7407a910 con 0x7f3b7407bee0
2024-05-08T23:08:50.989 INFO:teuthology.orchestra.run.smithi135.stdout:/usr/bin/ceph: stderr
2024-05-08T23:08:50.386+0000 7f3b79c4f700 1 --2- >> [v2:172.21.15.135:3300/0,v1:172.21.15.135:6789/0] conn(0x7f3b7407bee0 0x7f3b7407a340 unknown :-1 s=BANNER_CONNECTING pgs=0 cs=0 l=0 rev1=0 crypto rx=0 tx=0 comp rx=0 tx=0)._handle_peer_banner_payload supported=3 required=0
2024-05-08T23:08:50.989 INFO:teuthology.orchestra.run.smithi135.stdout:/usr/bin/ceph: stderr
2024-05-08T23:08:50.386+0000 7f3b79c4f700 1 --2- >> [v2:172.21.15.135:3300/0,v1:172.21.15.135:6789/0] conn(0x7f3b7407bee0 0x7f3b7407a340 unknown :-1 s=HELLO_CONNECTING pgs=0 cs=0 l=0 rev1=1 crypto rx=0 tx=0 comp rx=0 tx=0).handle_hello peer v2:172.21.15.135:3300/0 says I am v2:172.21.15.135:60148/0 (socket says 172.21.15.135:60148)
2024-05-08T23:08:50.990 INFO:teuthology.orchestra.run.smithi135.stdout:/usr/bin/ceph: stderr
2024-05-08T23:08:50.386+0000 7f3b79c4f700 1 -- 172.21.15.135:0/3024447015 learned_addr learned my addr 172.21.15.135:0/3024447015 (peer_addr_for_me v2:172.21.15.135:0/0)
2024-05-08T23:08:50.990 INFO:teuthology.orchestra.run.smithi135.stdout:/usr/bin/ceph: stderr
2024-05-08T23:08:50.386+0000 7f3b79c4f700 1 -- 172.21.15.135:0/3024447015 --> [v2:172.21.15.135:3300/0,v1:172.21.15.135:6789/0] -- mon_subscribe({config=0+,monmap=0+}) v3 -- 0x7f3b7407aa50 con 0x7f3b7407bee0
2024-05-08T23:08:50.990 INFO:teuthology.orchestra.run.smithi135.stdout:/usr/bin/ceph: stderr
2024-05-08T23:08:50.386+0000 7f3b79c4f700 1 --2- 172.21.15.135:0/3024447015 >> [v2:172.21.15.135:3300/0,v1:172.21.15.135:6789/0] conn(0x7f3b7407bee0 0x7f3b7407a340 secure :-1 s=READY pgs=20 cs=0 l=1 rev1=1 crypto rx=0x7f3b640098a0 tx=0x7f3b64009bb0 comp rx=0 tx=0).ready entity=mon.0 client_cookie=fd9347fc2a6cdabb server_cookie=0 in_seq=0 out_seq=0
2024-05-08T23:08:50.990 INFO:teuthology.orchestra.run.smithi135.stdout:/usr/bin/ceph: stderr
2024-05-08T23:08:50.386+0000 7f3b78c4d700 1 -- 172.21.15.135:0/3024447015 <== mon.0 v2:172.21.15.135:3300/0 1 ==== mon_map magic: 0 v1 ==== 205+0+0 (secure 0 0 0) 0x7f3b64004160 con 0x7f3b7407bee0
2024-05-08T23:08:50.990 INFO:teuthology.orchestra.run.smithi135.stdout:/usr/bin/ceph: stderr
2024-05-08T23:08:50.386+0000 7f3b78c4d700 1 -- 172.21.15.135:0/3024447015 <== mon.0 v2:172.21.15.135:3300/0 2 ==== config(26 keys) v1 ==== 1074+0+0 (secure 0 0 0) 0x7f3b640042c0 con 0x7f3b7407bee0
2024-05-08T23:08:50.990 INFO:teuthology.orchestra.run.smithi135.stdout:/usr/bin/ceph: stderr
2024-05-08T23:08:50.386+0000 7f3b78c4d700 1 -- 172.21.15.135:0/3024447015 <== mon.0 v2:172.21.15.135:3300/0 3 ==== mon_map magic: 0 v1 ==== 205+0+0 (secure 0 0 0) 0x7f3b64011a00 con 0x7f3b7407bee0
2024-05-08T23:08:50.990 INFO:teuthology.orchestra.run.smithi135.stdout:/usr/bin/ceph: stderr
2024-05-08T23:08:50.387+0000 7f3b7beb3700 1 -- 172.21.15.135:0/3024447015 >> [v2:172.21.15.135:3300/0,v1:172.21.15.135:6789/0] conn(0x7f3b7407bee0 msgr2=0x7f3b7407a340 secure :-1 s=STATE_CONNECTION_ESTABLISHED l=1).mark_down
2024-05-08T23:08:50.990 INFO:teuthology.orchestra.run.smithi135.stdout:/usr/bin/ceph: stderr
2024-05-08T23:08:50.387+0000 7f3b7beb3700 1 --2- 172.21.15.135:0/3024447015 >> [v2:172.21.15.135:3300/0,v1:172.21.15.135:6789/0] conn(0x7f3b7407bee0 0x7f3b7407a340 secure :-1 s=READY pgs=20 cs=0 l=1 rev1=1 crypto rx=0x7f3b640098a0 tx=0x7f3b64009bb0 comp rx=0 tx=0).stop
2024-05-08T23:08:50.990 INFO:teuthology.orchestra.run.smithi135.stdout:/usr/bin/ceph: stderr
2024-05-08T23:08:50.387+0000 7f3b7beb3700 1 -- 172.21.15.135:0/3024447015 shutdown_connections
2024-05-08T23:08:50.990 INFO:teuthology.orchestra.run.smithi135.stdout:/usr/bin/ceph: stderr
2024-05-08T23:08:50.387+0000 7f3b7beb3700 1 --2- 172.21.15.135:0/3024447015 >> [v2:172.21.15.135:3300/0,v1:172.21.15.135:6789/0] conn(0x7f3b7407bee0 0x7f3b7407a340 unknown :-1 s=CLOSED pgs=20 cs=0 l=1 rev1=1 crypto rx=0 tx=0 comp rx=0 tx=0).stop
2024-05-08T23:08:50.990 INFO:teuthology.orchestra.run.smithi135.stdout:/usr/bin/ceph: stderr
2024-05-08T23:08:50.387+0000 7f3b7beb3700 1 -- 172.21.15.135:0/3024447015 >> 172.21.15.135:0/3024447015 conn(0x7f3b74101d00 msgr2=0x7f3b74104160 unknown :-1 s=STATE_NONE l=0).mark_down
2024-05-08T23:08:50.990 INFO:teuthology.orchestra.run.smithi135.stdout:/usr/bin/ceph: stderr
2024-05-08T23:08:50.387+0000 7f3b7beb3700 1 -- 172.21.15.135:0/3024447015 shutdown_connections
2024-05-08T23:08:50.990 INFO:teuthology.orchestra.run.smithi135.stdout:/usr/bin/ceph: stderr
2024-05-08T23:08:50.387+0000 7f3b7beb3700 1 -- 172.21.15.135:0/3024447015 wait complete.
2024-05-08T23:08:50.990 INFO:teuthology.orchestra.run.smithi135.stdout:/usr/bin/ceph: stderr
2024-05-08T23:08:50.387+0000 7f3b7beb3700 1 Processor -- start
2024-05-08T23:08:50.991 INFO:teuthology.orchestra.run.smithi135.stdout:/usr/bin/ceph: stderr
2024-05-08T23:08:50.388+0000 7f3b7beb3700 1 -- start start
2024-05-08T23:08:50.991 INFO:teuthology.orchestra.run.smithi135.stdout:/usr/bin/ceph: stderr
2024-05-08T23:08:50.388+0000 7f3b7beb3700 1 --2- >> [v2:172.21.15.135:3300/0,v1:172.21.15.135:6789/0] conn(0x7f3b7407bee0 0x7f3b7419c6b0 unknown :-1 s=NONE pgs=0 cs=0 l=1 rev1=0 crypto rx=0 tx=0 comp rx=0 tx=0).connect
2024-05-08T23:08:50.991 INFO:teuthology.orchestra.run.smithi135.stdout:/usr/bin/ceph: stderr
2024-05-08T23:08:50.388+0000 7f3b7beb3700 1 -- --> [v2:172.21.15.135:3300/0,v1:172.21.15.135:6789/0] -- mon_getmap magic: 0 v1 -- 0x7f3b7419cbf0 con 0x7f3b7407bee0
2024-05-08T23:08:50.991 INFO:teuthology.orchestra.run.smithi135.stdout:/usr/bin/ceph: stderr
2024-05-08T23:08:50.388+0000 7f3b79c4f700 1 --2- >> [v2:172.21.15.135:3300/0,v1:172.21.15.135:6789/0] conn(0x7f3b7407bee0 0x7f3b7419c6b0 unknown :-1 s=BANNER_CONNECTING pgs=0 cs=0 l=1 rev1=0 crypto rx=0 tx=0 comp rx=0 tx=0)._handle_peer_banner_payload supported=3 required=0
2024-05-08T23:08:50.991 INFO:teuthology.orchestra.run.smithi135.stdout:/usr/bin/ceph: stderr
2024-05-08T23:08:50.388+0000 7f3b79c4f700 1 --2- >> [v2:172.21.15.135:3300/0,v1:172.21.15.135:6789/0] conn(0x7f3b7407bee0 0x7f3b7419c6b0 unknown :-1 s=HELLO_CONNECTING pgs=0 cs=0 l=1 rev1=1 crypto rx=0 tx=0 comp rx=0 tx=0).handle_hello peer v2:172.21.15.135:3300/0 says I am v2:172.21.15.135:60158/0 (socket says 172.21.15.135:60158)
2024-05-08T23:08:50.991 INFO:teuthology.orchestra.run.smithi135.stdout:/usr/bin/ceph: stderr
2024-05-08T23:08:50.388+0000 7f3b79c4f700 1 -- 172.21.15.135:0/1974016258 learned_addr learned my addr 172.21.15.135:0/1974016258 (peer_addr_for_me v2:172.21.15.135:0/0)
2024-05-08T23:08:50.991 INFO:teuthology.orchestra.run.smithi135.stdout:/usr/bin/ceph: stderr
2024-05-08T23:08:50.388+0000 7f3b79c4f700 1 -- 172.21.15.135:0/1974016258 --> [v2:172.21.15.135:3300/0,v1:172.21.15.135:6789/0] -- mon_subscribe({config=0+,monmap=0+}) v3 -- 0x7f3b64009550 con 0x7f3b7407bee0
2024-05-08T23:08:50.991 INFO:teuthology.orchestra.run.smithi135.stdout:/usr/bin/ceph: stderr
2024-05-08T23:08:50.388+0000 7f3b79c4f700 1 --2- 172.21.15.135:0/1974016258 >> [v2:172.21.15.135:3300/0,v1:172.21.15.135:6789/0] conn(0x7f3b7407bee0 0x7f3b7419c6b0 secure :-1 s=READY pgs=21 cs=0 l=1 rev1=1 crypto rx=0x7f3b64009130 tx=0x7f3b64011ad0 comp rx=0 tx=0).ready entity=mon.0 client_cookie=0 server_cookie=0 in_seq=0 out_seq=0
2024-05-08T23:08:50.991 INFO:teuthology.orchestra.run.smithi135.stdout:/usr/bin/ceph: stderr
2024-05-08T23:08:50.388+0000 7f3b6affd700 1 -- 172.21.15.135:0/1974016258 <== mon.0 v2:172.21.15.135:3300/0 1 ==== mon_map magic: 0 v1 ==== 205+0+0 (secure 0 0 0) 0x7f3b64003ab0 con 0x7f3b7407bee0
2024-05-08T23:08:50.991 INFO:teuthology.orchestra.run.smithi135.stdout:/usr/bin/ceph: stderr
2024-05-08T23:08:50.388+0000 7f3b6affd700 1 -- 172.21.15.135:0/1974016258 <== mon.0 v2:172.21.15.135:3300/0 2 ==== config(26 keys) v1 ==== 1074+0+0 (secure 0 0 0) 0x7f3b64003c10 con 0x7f3b7407bee0
2024-05-08T23:08:50.991 INFO:teuthology.orchestra.run.smithi135.stdout:/usr/bin/ceph: stderr
2024-05-08T23:08:50.388+0000 7f3b7beb3700 1 -- 172.21.15.135:0/1974016258 --> [v2:172.21.15.135:3300/0,v1:172.21.15.135:6789/0] -- mon_subscribe({mgrmap=0+}) v3 -- 0x7f3b7419cdf0 con 0x7f3b7407bee0
2024-05-08T23:08:50.991 INFO:teuthology.orchestra.run.smithi135.stdout:/usr/bin/ceph: stderr
2024-05-08T23:08:50.388+0000 7f3b6affd700 1 -- 172.21.15.135:0/1974016258 <== mon.0 v2:172.21.15.135:3300/0 3 ==== mon_map magic: 0 v1 ==== 205+0+0 (secure 0 0 0) 0x7f3b640247d0 con 0x7f3b7407bee0
2024-05-08T23:08:50.991 INFO:teuthology.orchestra.run.smithi135.stdout:/usr/bin/ceph: stderr
2024-05-08T23:08:50.388+0000 7f3b7beb3700 1 -- 172.21.15.135:0/1974016258 --> [v2:172.21.15.135:3300/0,v1:172.21.15.135:6789/0] -- mon_subscribe({osdmap=0}) v3 -- 0x7f3b7419d290 con 0x7f3b7407bee0
2024-05-08T23:08:50.991 INFO:teuthology.orchestra.run.smithi135.stdout:/usr/bin/ceph: stderr
2024-05-08T23:08:50.389+0000 7f3b7beb3700 1 -- 172.21.15.135:0/1974016258 --> [v2:172.21.15.135:3300/0,v1:172.21.15.135:6789/0] -- mon_command({"prefix": "get_command_descriptions"} v 0) v1 -- 0x7f3b7410cad0 con 0x7f3b7407bee0
2024-05-08T23:08:50.992 INFO:teuthology.orchestra.run.smithi135.stdout:/usr/bin/ceph: stderr
2024-05-08T23:08:50.390+0000 7f3b6affd700 1 -- 172.21.15.135:0/1974016258 <== mon.0 v2:172.21.15.135:3300/0 4 ==== mgrmap(e 4) v1 ==== 45530+0+0 (secure 0 0 0) 0x7f3b6401abb0 con 0x7f3b7407bee0
2024-05-08T23:08:50.992 INFO:teuthology.orchestra.run.smithi135.stdout:/usr/bin/ceph: stderr
2024-05-08T23:08:50.390+0000 7f3b6affd700 1 --2- 172.21.15.135:0/1974016258 >> [v2:172.21.15.135:6800/104127578,v1:172.21.15.135:6801/104127578] conn(0x7f3b600386b0 0x7f3b6003ab70 unknown :-1 s=NONE pgs=0 cs=0 l=1 rev1=0 crypto rx=0 tx=0 comp rx=0 tx=0).connect
2024-05-08T23:08:50.992 INFO:teuthology.orchestra.run.smithi135.stdout:/usr/bin/ceph: stderr
2024-05-08T23:08:50.390+0000 7f3b6affd700 1 -- 172.21.15.135:0/1974016258 <== mon.0 v2:172.21.15.135:3300/0 5 ==== osd_map(1..1 src has 1..1) v4 ==== 725+0+0 (secure 0 0 0) 0x7f3b6404c710 con 0x7f3b7407bee0
2024-05-08T23:08:50.992 INFO:teuthology.orchestra.run.smithi135.stdout:/usr/bin/ceph: stderr
2024-05-08T23:08:50.390+0000 7f3b7944e700 1 --2- 172.21.15.135:0/1974016258 >> [v2:172.21.15.135:6800/104127578,v1:172.21.15.135:6801/104127578] conn(0x7f3b600386b0 0x7f3b6003ab70 unknown :-1 s=BANNER_CONNECTING pgs=0 cs=0 l=1 rev1=0 crypto rx=0 tx=0 comp rx=0 tx=0)._handle_peer_banner_payload supported=3 required=0
2024-05-08T23:08:50.992 INFO:teuthology.orchestra.run.smithi135.stdout:/usr/bin/ceph: stderr
2024-05-08T23:08:50.390+0000 7f3b7944e700 1 --2- 172.21.15.135:0/1974016258 >> [v2:172.21.15.135:6800/104127578,v1:172.21.15.135:6801/104127578] conn(0x7f3b600386b0 0x7f3b6003ab70 secure :-1 s=READY pgs=7 cs=0 l=1 rev1=1 crypto rx=0x7f3b70006fd0 tx=0x7f3b70006e40 comp rx=0 tx=0).ready entity=mgr.14100 client_cookie=0 server_cookie=0 in_seq=0 out_seq=0
2024-05-08T23:08:50.992 INFO:teuthology.orchestra.run.smithi135.stdout:/usr/bin/ceph: stderr
2024-05-08T23:08:50.394+0000 7f3b6affd700 1 -- 172.21.15.135:0/1974016258 <== mon.0 v2:172.21.15.135:3300/0 6 ==== mon_command_ack([{"prefix": "get_command_descriptions"}]=0 v0) v1 ==== 72+0+183622 (secure 0 0 0) 0x7f3b6402d3f0 con 0x7f3b7407bee0
2024-05-08T23:08:50.992 INFO:teuthology.orchestra.run.smithi135.stdout:/usr/bin/ceph: stderr
2024-05-08T23:08:50.585+0000 7f3b7beb3700 1 -- 172.21.15.135:0/1974016258 --> [v2:172.21.15.135:3300/0,v1:172.21.15.135:6789/0] -- mon_command({"prefix": "config assimilate-conf"} v 0) v1 -- 0x7f3b7410cd40 con 0x7f3b7407bee0
2024-05-08T23:08:50.992 INFO:teuthology.orchestra.run.smithi135.stdout:/usr/bin/ceph: stderr
2024-05-08T23:08:50.586+0000 7f3b6affd700 1 -- 172.21.15.135:0/1974016258 <== mon.0 v2:172.21.15.135:3300/0 7 ==== mon_command_ack([{"prefix": "config assimilate-conf"}]=0 v3) v1 ==== 70+0+373 (secure 0 0 0) 0x7f3b6402c3a0 con 0x7f3b7407bee0
2024-05-08T23:08:50.992 INFO:teuthology.orchestra.run.smithi135.stdout:/usr/bin/ceph: stderr
2024-05-08T23:08:50.588+0000 7f3b7beb3700 1 -- 172.21.15.135:0/1974016258 >> [v2:172.21.15.135:6800/104127578,v1:172.21.15.135:6801/104127578] conn(0x7f3b600386b0 msgr2=0x7f3b6003ab70 secure :-1 s=STATE_CONNECTION_ESTABLISHED l=1).mark_down
2024-05-08T23:08:50.992 INFO:teuthology.orchestra.run.smithi135.stdout:/usr/bin/ceph: stderr
2024-05-08T23:08:50.588+0000 7f3b7beb3700 1 --2- 172.21.15.135:0/1974016258 >> [v2:172.21.15.135:6800/104127578,v1:172.21.15.135:6801/104127578] conn(0x7f3b600386b0 0x7f3b6003ab70 secure :-1 s=READY pgs=7 cs=0 l=1 rev1=1 crypto rx=0x7f3b70006fd0 tx=0x7f3b70006e40 comp rx=0 tx=0).stop
2024-05-08T23:08:50.992 INFO:teuthology.orchestra.run.smithi135.stdout:/usr/bin/ceph: stderr
2024-05-08T23:08:50.588+0000 7f3b7beb3700 1 -- 172.21.15.135:0/1974016258 >> [v2:172.21.15.135:3300/0,v1:172.21.15.135:6789/0] conn(0x7f3b7407bee0 msgr2=0x7f3b7419c6b0 secure :-1 s=STATE_CONNECTION_ESTABLISHED l=1).mark_down
2024-05-08T23:08:50.992 INFO:teuthology.orchestra.run.smithi135.stdout:/usr/bin/ceph: stderr
2024-05-08T23:08:50.588+0000 7f3b7beb3700 1 --2- 172.21.15.135:0/1974016258 >> [v2:172.21.15.135:3300/0,v1:172.21.15.135:6789/0] conn(0x7f3b7407bee0 0x7f3b7419c6b0 secure :-1 s=READY pgs=21 cs=0 l=1 rev1=1 crypto rx=0x7f3b64009130 tx=0x7f3b64011ad0 comp rx=0 tx=0).stop
2024-05-08T23:08:50.992 INFO:teuthology.orchestra.run.smithi135.stdout:/usr/bin/ceph: stderr
2024-05-08T23:08:50.588+0000 7f3b7beb3700 1 -- 172.21.15.135:0/1974016258 shutdown_connections
2024-05-08T23:08:50.992 INFO:teuthology.orchestra.run.smithi135.stdout:/usr/bin/ceph: stderr
2024-05-08T23:08:50.588+0000 7f3b7beb3700 1 --2- 172.21.15.135:0/1974016258 >> [v2:172.21.15.135:6800/104127578,v1:172.21.15.135:6801/104127578] conn(0x7f3b600386b0 0x7f3b6003ab70 unknown :-1 s=CLOSED pgs=7 cs=0 l=1 rev1=1 crypto rx=0 tx=0 comp rx=0 tx=0).stop
2024-05-08T23:08:50.993 INFO:teuthology.orchestra.run.smithi135.stdout:/usr/bin/ceph: stderr
2024-05-08T23:08:50.588+0000 7f3b7beb3700 1 --2- 172.21.15.135:0/1974016258 >> [v2:172.21.15.135:3300/0,v1:172.21.15.135:6789/0] conn(0x7f3b7407bee0 0x7f3b7419c6b0 unknown :-1 s=CLOSED pgs=21 cs=0 l=1 rev1=1 crypto rx=0 tx=0 comp rx=0 tx=0).stop
2024-05-08T23:08:50.993 INFO:teuthology.orchestra.run.smithi135.stdout:/usr/bin/ceph: stderr
2024-05-08T23:08:50.588+0000 7f3b7beb3700 1 -- 172.21.15.135:0/1974016258 >> 172.21.15.135:0/1974016258 conn(0x7f3b74101d00 msgr2=0x7f3b74102940 unknown :-1 s=STATE_NONE l=0).mark_down
2024-05-08T23:08:50.993 INFO:teuthology.orchestra.run.smithi135.stdout:/usr/bin/ceph: stderr
2024-05-08T23:08:50.588+0000 7f3b7beb3700 1 -- 172.21.15.135:0/1974016258 shutdown_connections
2024-05-08T23:08:50.993 INFO:teuthology.orchestra.run.smithi135.stdout:/usr/bin/ceph: stderr
2024-05-08T23:08:50.588+0000 7f3b7beb3700 1 -- 172.21.15.135:0/1974016258 wait complete.
2024-05-08T23:08:50.993 INFO:teuthology.orchestra.run.smithi135.stdout:Enabling cephadm module...
2024-05-08T23:08:51.932 INFO:journalctl@ceph.mon.a.smithi135.stdout:May 08 23:08:51 smithi135 ceph-mon[42440]: from='client.? 172.21.15.135:0/3335082426' entity='client.admin' cmd=[{"prefix": "mgr module enable", "module": "cephadm"}]: dispatch
2024-05-08T23:08:51.932 INFO:journalctl@ceph.mgr.x.smithi135.stdout:May 08 23:08:51 smithi135 ceph-c804a50a-0d8f-11ef-bc97-c7b262605968-mgr-x[42691]: ignoring --setuser ceph since I am not root
2024-05-08T23:08:51.932 INFO:journalctl@ceph.mgr.x.smithi135.stdout:May 08 23:08:51 smithi135 ceph-c804a50a-0d8f-11ef-bc97-c7b262605968-mgr-x[42691]: ignoring --setgroup ceph since I am not root
2024-05-08T23:08:52.002 INFO:teuthology.orchestra.run.smithi135.stdout:/usr/bin/ceph: stderr
2024-05-08T23:08:51.312+0000 7fc622d29700 1 Processor -- start
2024-05-08T23:08:52.002 INFO:teuthology.orchestra.run.smithi135.stdout:/usr/bin/ceph: stderr
2024-05-08T23:08:51.312+0000 7fc622d29700 1 -- start start
2024-05-08T23:08:52.002 INFO:teuthology.orchestra.run.smithi135.stdout:/usr/bin/ceph: stderr
2024-05-08T23:08:51.312+0000 7fc622d29700 1 --2- >> [v2:172.21.15.135:3300/0,v1:172.21.15.135:6789/0] conn(0x7fc61c107210 0x7fc61c109600 unknown :-1 s=NONE pgs=0 cs=0 l=0 rev1=0 crypto rx=0 tx=0 comp rx=0 tx=0).connect
2024-05-08T23:08:52.002 INFO:teuthology.orchestra.run.smithi135.stdout:/usr/bin/ceph: stderr
2024-05-08T23:08:51.312+0000 7fc622d29700 1 -- --> [v2:172.21.15.135:3300/0,v1:172.21.15.135:6789/0] -- mon_getmap magic: 0 v1 -- 0x7fc61c079e50 con 0x7fc61c107210
2024-05-08T23:08:52.002 INFO:teuthology.orchestra.run.smithi135.stdout:/usr/bin/ceph: stderr
2024-05-08T23:08:51.313+0000 7fc620ac5700 1 --2- >> [v2:172.21.15.135:3300/0,v1:172.21.15.135:6789/0] conn(0x7fc61c107210 0x7fc61c109600 unknown :-1 s=BANNER_CONNECTING pgs=0 cs=0 l=0 rev1=0 crypto rx=0 tx=0 comp rx=0 tx=0)._handle_peer_banner_payload supported=3 required=0
2024-05-08T23:08:52.002 INFO:teuthology.orchestra.run.smithi135.stdout:/usr/bin/ceph: stderr
2024-05-08T23:08:51.313+0000 7fc620ac5700 1 --2- >> [v2:172.21.15.135:3300/0,v1:172.21.15.135:6789/0] conn(0x7fc61c107210 0x7fc61c109600 unknown :-1 s=HELLO_CONNECTING pgs=0 cs=0 l=0 rev1=1 crypto rx=0 tx=0 comp rx=0 tx=0).handle_hello peer v2:172.21.15.135:3300/0 says I am v2:172.21.15.135:60164/0 (socket says 172.21.15.135:60164)
2024-05-08T23:08:52.002 INFO:teuthology.orchestra.run.smithi135.stdout:/usr/bin/ceph: stderr
2024-05-08T23:08:51.313+0000 7fc620ac5700 1 -- 172.21.15.135:0/3657476844 learned_addr learned my addr 172.21.15.135:0/3657476844 (peer_addr_for_me v2:172.21.15.135:0/0)
2024-05-08T23:08:52.002 INFO:teuthology.orchestra.run.smithi135.stdout:/usr/bin/ceph: stderr
2024-05-08T23:08:51.313+0000 7fc620ac5700 1 -- 172.21.15.135:0/3657476844 --> [v2:172.21.15.135:3300/0,v1:172.21.15.135:6789/0] -- mon_subscribe({config=0+,monmap=0+}) v3 -- 0x7fc61c109b40 con 0x7fc61c107210
2024-05-08T23:08:52.002 INFO:teuthology.orchestra.run.smithi135.stdout:/usr/bin/ceph: stderr
2024-05-08T23:08:51.313+0000 7fc620ac5700 1 --2- 172.21.15.135:0/3657476844 >> [v2:172.21.15.135:3300/0,v1:172.21.15.135:6789/0] conn(0x7fc61c107210 0x7fc61c109600 secure :-1 s=READY pgs=22 cs=0 l=1 rev1=1 crypto rx=0x7fc6100098a0 tx=0x7fc610009bb0 comp rx=0 tx=0).ready entity=mon.0 client_cookie=992f237166c5bbfb server_cookie=0 in_seq=0 out_seq=0
2024-05-08T23:08:52.002 INFO:teuthology.orchestra.run.smithi135.stdout:/usr/bin/ceph: stderr
2024-05-08T23:08:51.313+0000 7fc61b7fe700 1 -- 172.21.15.135:0/3657476844 <== mon.0 v2:172.21.15.135:3300/0 1 ==== mon_map magic: 0 v1 ==== 205+0+0 (secure 0 0 0) 0x7fc610004160 con 0x7fc61c107210
2024-05-08T23:08:52.002 INFO:teuthology.orchestra.run.smithi135.stdout:/usr/bin/ceph: stderr
2024-05-08T23:08:51.313+0000 7fc61b7fe700 1 -- 172.21.15.135:0/3657476844 <== mon.0 v2:172.21.15.135:3300/0 2 ==== config(26 keys) v1 ==== 1074+0+0 (secure 0 0 0) 0x7fc6100042c0 con 0x7fc61c107210
2024-05-08T23:08:52.003 INFO:teuthology.orchestra.run.smithi135.stdout:/usr/bin/ceph: stderr
2024-05-08T23:08:51.313+0000 7fc61b7fe700 1 -- 172.21.15.135:0/3657476844 <== mon.0 v2:172.21.15.135:3300/0 3 ==== mon_map magic: 0 v1 ==== 205+0+0 (secure 0 0 0) 0x7fc610011a00 con 0x7fc61c107210
2024-05-08T23:08:52.003 INFO:teuthology.orchestra.run.smithi135.stdout:/usr/bin/ceph: stderr
2024-05-08T23:08:51.314+0000 7fc622d29700 1 -- 172.21.15.135:0/3657476844 >> [v2:172.21.15.135:3300/0,v1:172.21.15.135:6789/0] conn(0x7fc61c107210 msgr2=0x7fc61c109600 secure :-1 s=STATE_CONNECTION_ESTABLISHED l=1).mark_down
2024-05-08T23:08:52.003 INFO:teuthology.orchestra.run.smithi135.stdout:/usr/bin/ceph: stderr
2024-05-08T23:08:51.314+0000 7fc622d29700 1 --2- 172.21.15.135:0/3657476844 >> [v2:172.21.15.135:3300/0,v1:172.21.15.135:6789/0] conn(0x7fc61c107210 0x7fc61c109600 secure :-1 s=READY pgs=22 cs=0 l=1 rev1=1 crypto rx=0x7fc6100098a0 tx=0x7fc610009bb0 comp rx=0 tx=0).stop
2024-05-08T23:08:52.003 INFO:teuthology.orchestra.run.smithi135.stdout:/usr/bin/ceph: stderr
2024-05-08T23:08:51.314+0000 7fc622d29700 1 -- 172.21.15.135:0/3657476844 shutdown_connections
2024-05-08T23:08:52.003 INFO:teuthology.orchestra.run.smithi135.stdout:/usr/bin/ceph: stderr
2024-05-08T23:08:51.314+0000 7fc622d29700 1 --2- 172.21.15.135:0/3657476844 >> [v2:172.21.15.135:3300/0,v1:172.21.15.135:6789/0] conn(0x7fc61c107210 0x7fc61c109600 unknown :-1 s=CLOSED pgs=22 cs=0 l=1 rev1=1 crypto rx=0 tx=0 comp rx=0 tx=0).stop
2024-05-08T23:08:52.003 INFO:teuthology.orchestra.run.smithi135.stdout:/usr/bin/ceph: stderr
2024-05-08T23:08:51.314+0000 7fc622d29700 1 -- 172.21.15.135:0/3657476844 >> 172.21.15.135:0/3657476844 conn(0x7fc61c100ba0 msgr2=0x7fc61c103000 unknown :-1 s=STATE_NONE l=0).mark_down
2024-05-08T23:08:52.003 INFO:teuthology.orchestra.run.smithi135.stdout:/usr/bin/ceph: stderr
2024-05-08T23:08:51.314+0000 7fc622d29700 1 -- 172.21.15.135:0/3657476844 shutdown_connections
2024-05-08T23:08:52.003 INFO:teuthology.orchestra.run.smithi135.stdout:/usr/bin/ceph: stderr
2024-05-08T23:08:51.314+0000 7fc622d29700 1 -- 172.21.15.135:0/3657476844 wait complete.
2024-05-08T23:08:52.003 INFO:teuthology.orchestra.run.smithi135.stdout:/usr/bin/ceph: stderr
2024-05-08T23:08:51.314+0000 7fc622d29700 1 Processor -- start
2024-05-08T23:08:52.003 INFO:teuthology.orchestra.run.smithi135.stdout:/usr/bin/ceph: stderr
2024-05-08T23:08:51.314+0000 7fc622d29700 1 -- start start
2024-05-08T23:08:52.003 INFO:teuthology.orchestra.run.smithi135.stdout:/usr/bin/ceph: stderr
2024-05-08T23:08:51.315+0000 7fc622d29700 1 --2- >> [v2:172.21.15.135:3300/0,v1:172.21.15.135:6789/0] conn(0x7fc61c107210 0x7fc61c19c6c0 unknown :-1 s=NONE pgs=0 cs=0 l=1 rev1=0 crypto rx=0 tx=0 comp rx=0 tx=0).connect
2024-05-08T23:08:52.003 INFO:teuthology.orchestra.run.smithi135.stdout:/usr/bin/ceph: stderr
2024-05-08T23:08:51.315+0000 7fc622d29700 1 -- --> [v2:172.21.15.135:3300/0,v1:172.21.15.135:6789/0] -- mon_getmap magic: 0 v1 -- 0x7fc61c19cc00 con 0x7fc61c107210
2024-05-08T23:08:52.003 INFO:teuthology.orchestra.run.smithi135.stdout:/usr/bin/ceph: stderr
2024-05-08T23:08:51.315+0000 7fc620ac5700 1 --2- >> [v2:172.21.15.135:3300/0,v1:172.21.15.135:6789/0] conn(0x7fc61c107210 0x7fc61c19c6c0 unknown :-1 s=BANNER_CONNECTING pgs=0 cs=0 l=1 rev1=0 crypto rx=0 tx=0 comp rx=0 tx=0)._handle_peer_banner_payload supported=3 required=0
2024-05-08T23:08:52.003 INFO:teuthology.orchestra.run.smithi135.stdout:/usr/bin/ceph: stderr
2024-05-08T23:08:51.315+0000 7fc620ac5700 1 --2- >> [v2:172.21.15.135:3300/0,v1:172.21.15.135:6789/0] conn(0x7fc61c107210 0x7fc61c19c6c0 unknown :-1 s=HELLO_CONNECTING pgs=0 cs=0 l=1 rev1=1 crypto rx=0 tx=0 comp rx=0 tx=0).handle_hello peer v2:172.21.15.135:3300/0 says I am v2:172.21.15.135:60176/0 (socket says 172.21.15.135:60176)
2024-05-08T23:08:52.003 INFO:teuthology.orchestra.run.smithi135.stdout:/usr/bin/ceph: stderr
2024-05-08T23:08:51.315+0000 7fc620ac5700 1 -- 172.21.15.135:0/3335082426 learned_addr learned my addr 172.21.15.135:0/3335082426 (peer_addr_for_me v2:172.21.15.135:0/0)
2024-05-08T23:08:52.004 INFO:teuthology.orchestra.run.smithi135.stdout:/usr/bin/ceph: stderr
2024-05-08T23:08:51.315+0000 7fc620ac5700 1 -- 172.21.15.135:0/3335082426 --> [v2:172.21.15.135:3300/0,v1:172.21.15.135:6789/0] -- mon_subscribe({config=0+,monmap=0+}) v3 -- 0x7fc610009550 con 0x7fc61c107210
2024-05-08T23:08:52.004 INFO:teuthology.orchestra.run.smithi135.stdout:/usr/bin/ceph: stderr
2024-05-08T23:08:51.315+0000 7fc620ac5700 1 --2- 172.21.15.135:0/3335082426 >> [v2:172.21.15.135:3300/0,v1:172.21.15.135:6789/0] conn(0x7fc61c107210 0x7fc61c19c6c0 secure :-1 s=READY pgs=23 cs=0 l=1 rev1=1 crypto rx=0x7fc610009fb0 tx=0x7fc610011ad0 comp rx=0 tx=0).ready entity=mon.0 client_cookie=0 server_cookie=0 in_seq=0 out_seq=0
2024-05-08T23:08:52.004 INFO:teuthology.orchestra.run.smithi135.stdout:/usr/bin/ceph: stderr
2024-05-08T23:08:51.315+0000 7fc619ffb700 1 -- 172.21.15.135:0/3335082426 <== mon.0 v2:172.21.15.135:3300/0 1 ==== mon_map magic: 0 v1 ==== 205+0+0 (secure 0 0 0) 0x7fc610003a40 con 0x7fc61c107210
2024-05-08T23:08:52.004 INFO:teuthology.orchestra.run.smithi135.stdout:/usr/bin/ceph: stderr
2024-05-08T23:08:51.315+0000 7fc619ffb700 1 -- 172.21.15.135:0/3335082426 <== mon.0 v2:172.21.15.135:3300/0 2 ==== config(26 keys) v1 ==== 1074+0+0 (secure 0 0 0) 0x7fc610003ba0 con 0x7fc61c107210
2024-05-08T23:08:52.004 INFO:teuthology.orchestra.run.smithi135.stdout:/usr/bin/ceph: stderr
2024-05-08T23:08:51.315+0000 7fc622d29700 1 -- 172.21.15.135:0/3335082426 --> [v2:172.21.15.135:3300/0,v1:172.21.15.135:6789/0] -- mon_subscribe({mgrmap=0+}) v3 -- 0x7fc61c19ce00 con 0x7fc61c107210
2024-05-08T23:08:52.004 INFO:teuthology.orchestra.run.smithi135.stdout:/usr/bin/ceph: stderr
2024-05-08T23:08:51.315+0000 7fc619ffb700 1 -- 172.21.15.135:0/3335082426 <== mon.0 v2:172.21.15.135:3300/0 3 ==== mon_map magic: 0 v1 ==== 205+0+0 (secure 0 0 0) 0x7fc61001a750 con 0x7fc61c107210
2024-05-08T23:08:52.004 INFO:teuthology.orchestra.run.smithi135.stdout:/usr/bin/ceph: stderr
2024-05-08T23:08:51.315+0000 7fc622d29700 1 -- 172.21.15.135:0/3335082426 --> [v2:172.21.15.135:3300/0,v1:172.21.15.135:6789/0] -- mon_subscribe({osdmap=0}) v3 -- 0x7fc61c19d2a0 con 0x7fc61c107210
2024-05-08T23:08:52.004 INFO:teuthology.orchestra.run.smithi135.stdout:/usr/bin/ceph: stderr
2024-05-08T23:08:51.316+0000 7fc619ffb700 1 -- 172.21.15.135:0/3335082426 <== mon.0 v2:172.21.15.135:3300/0 4 ==== mgrmap(e 4) v1 ==== 45530+0+0 (secure 0 0 0) 0x7fc61001a9d0 con 0x7fc61c107210
2024-05-08T23:08:52.004 INFO:teuthology.orchestra.run.smithi135.stdout:/usr/bin/ceph: stderr
2024-05-08T23:08:51.316+0000 7fc622d29700 1 -- 172.21.15.135:0/3335082426 --> [v2:172.21.15.135:3300/0,v1:172.21.15.135:6789/0] -- mon_command({"prefix": "get_command_descriptions"} v 0) v1 -- 0x7fc61c10a890 con 0x7fc61c107210
2024-05-08T23:08:52.004 INFO:teuthology.orchestra.run.smithi135.stdout:/usr/bin/ceph: stderr
2024-05-08T23:08:51.316+0000 7fc619ffb700 1 --2- 172.21.15.135:0/3335082426 >> [v2:172.21.15.135:6800/104127578,v1:172.21.15.135:6801/104127578] conn(0x7fc60c038660 0x7fc60c03ab20 unknown :-1 s=NONE pgs=0 cs=0 l=1 rev1=0 crypto rx=0 tx=0 comp rx=0 tx=0).connect
2024-05-08T23:08:52.004 INFO:teuthology.orchestra.run.smithi135.stdout:/usr/bin/ceph: stderr
2024-05-08T23:08:51.316+0000 7fc619ffb700 1 -- 172.21.15.135:0/3335082426 <== mon.0 v2:172.21.15.135:3300/0 5 ==== osd_map(1..1 src has 1..1) v4 ==== 725+0+0 (secure 0 0 0) 0x7fc61004c350 con 0x7fc61c107210
2024-05-08T23:08:52.004 INFO:teuthology.orchestra.run.smithi135.stdout:/usr/bin/ceph: stderr
2024-05-08T23:08:51.316+0000 7fc61bfff700 1 --2- 172.21.15.135:0/3335082426 >> [v2:172.21.15.135:6800/104127578,v1:172.21.15.135:6801/104127578] conn(0x7fc60c038660 0x7fc60c03ab20 unknown :-1 s=BANNER_CONNECTING pgs=0 cs=0 l=1 rev1=0 crypto rx=0 tx=0 comp rx=0 tx=0)._handle_peer_banner_payload supported=3 required=0
2024-05-08T23:08:52.004 INFO:teuthology.orchestra.run.smithi135.stdout:/usr/bin/ceph: stderr
2024-05-08T23:08:51.317+0000 7fc61bfff700 1 --2- 172.21.15.135:0/3335082426 >> [v2:172.21.15.135:6800/104127578,v1:172.21.15.135:6801/104127578] conn(0x7fc60c038660 0x7fc60c03ab20 secure :-1 s=READY pgs=8 cs=0 l=1 rev1=1 crypto rx=0x7fc608006fd0 tx=0x7fc608006e40 comp rx=0 tx=0).ready entity=mgr.14100 client_cookie=0 server_cookie=0 in_seq=0 out_seq=0
2024-05-08T23:08:52.004 INFO:teuthology.orchestra.run.smithi135.stdout:/usr/bin/ceph: stderr
2024-05-08T23:08:51.321+0000 7fc619ffb700 1 -- 172.21.15.135:0/3335082426 <== mon.0 v2:172.21.15.135:3300/0 6 ==== mon_command_ack([{"prefix": "get_command_descriptions"}]=0 v0) v1 ==== 72+0+183622 (secure 0 0 0) 0x7fc610018b80 con 0x7fc61c107210
2024-05-08T23:08:52.005 INFO:teuthology.orchestra.run.smithi135.stdout:/usr/bin/ceph: stderr
2024-05-08T23:08:51.567+0000 7fc622d29700 1 -- 172.21.15.135:0/3335082426 --> [v2:172.21.15.135:3300/0,v1:172.21.15.135:6789/0] -- mon_command({"prefix": "mgr module enable", "module": "cephadm"} v 0) v1 -- 0x7fc61c10aad0 con 0x7fc61c107210
2024-05-08T23:08:52.005 INFO:teuthology.orchestra.run.smithi135.stdout:/usr/bin/ceph: stderr
2024-05-08T23:08:51.640+0000 7fc619ffb700 1 -- 172.21.15.135:0/3335082426 <== mon.0 v2:172.21.15.135:3300/0 7 ==== mgrmap(e 5) v1 ==== 45541+0+0 (secure 0 0 0) 0x7fc61002d9e0 con 0x7fc61c107210
2024-05-08T23:08:52.005 INFO:teuthology.orchestra.run.smithi135.stdout:/usr/bin/ceph: stderr
2024-05-08T23:08:51.642+0000 7fc619ffb700 1 -- 172.21.15.135:0/3335082426 <== mon.0 v2:172.21.15.135:3300/0 8 ==== mon_command_ack([{"prefix": "mgr module enable", "module": "cephadm"}]=0 v5) v1 ==== 86+0+0 (secure 0 0 0) 0x7fc61004eba0 con 0x7fc61c107210
2024-05-08T23:08:52.005 INFO:teuthology.orchestra.run.smithi135.stdout:/usr/bin/ceph: stderr
2024-05-08T23:08:51.644+0000 7fc622d29700 1 -- 172.21.15.135:0/3335082426 >> [v2:172.21.15.135:6800/104127578,v1:172.21.15.135:6801/104127578] conn(0x7fc60c038660 msgr2=0x7fc60c03ab20 secure :-1 s=STATE_CONNECTION_ESTABLISHED l=1).mark_down
2024-05-08T23:08:52.005 INFO:teuthology.orchestra.run.smithi135.stdout:/usr/bin/ceph: stderr
2024-05-08T23:08:51.644+0000 7fc622d29700 1 --2- 172.21.15.135:0/3335082426 >> [v2:172.21.15.135:6800/104127578,v1:172.21.15.135:6801/104127578] conn(0x7fc60c038660 0x7fc60c03ab20 secure :-1 s=READY pgs=8 cs=0 l=1 rev1=1 crypto rx=0x7fc608006fd0 tx=0x7fc608006e40 comp rx=0 tx=0).stop
2024-05-08T23:08:52.005 INFO:teuthology.orchestra.run.smithi135.stdout:/usr/bin/ceph: stderr
2024-05-08T23:08:51.644+0000 7fc622d29700 1 -- 172.21.15.135:0/3335082426 >> [v2:172.21.15.135:3300/0,v1:172.21.15.135:6789/0] conn(0x7fc61c107210 msgr2=0x7fc61c19c6c0 secure :-1 s=STATE_CONNECTION_ESTABLISHED l=1).mark_down
2024-05-08T23:08:52.005 INFO:teuthology.orchestra.run.smithi135.stdout:/usr/bin/ceph: stderr
2024-05-08T23:08:51.644+0000 7fc622d29700 1 --2- 172.21.15.135:0/3335082426 >> [v2:172.21.15.135:3300/0,v1:172.21.15.135:6789/0] conn(0x7fc61c107210 0x7fc61c19c6c0 secure :-1 s=READY pgs=23 cs=0 l=1 rev1=1 crypto rx=0x7fc610009fb0 tx=0x7fc610011ad0 comp rx=0 tx=0).stop
2024-05-08T23:08:52.005 INFO:teuthology.orchestra.run.smithi135.stdout:/usr/bin/ceph: stderr
2024-05-08T23:08:51.644+0000 7fc622d29700 1 -- 172.21.15.135:0/3335082426 shutdown_connections
2024-05-08T23:08:52.005 INFO:teuthology.orchestra.run.smithi135.stdout:/usr/bin/ceph: stderr
2024-05-08T23:08:51.644+0000 7fc622d29700 1 --2- 172.21.15.135:0/3335082426 >> [v2:172.21.15.135:6800/104127578,v1:172.21.15.135:6801/104127578] conn(0x7fc60c038660 0x7fc60c03ab20 unknown :-1 s=CLOSED pgs=8 cs=0 l=1 rev1=1 crypto rx=0 tx=0 comp rx=0 tx=0).stop
2024-05-08T23:08:52.005 INFO:teuthology.orchestra.run.smithi135.stdout:/usr/bin/ceph: stderr
2024-05-08T23:08:51.644+0000 7fc622d29700 1 --2- 172.21.15.135:0/3335082426 >> [v2:172.21.15.135:3300/0,v1:172.21.15.135:6789/0] conn(0x7fc61c107210 0x7fc61c19c6c0 unknown :-1 s=CLOSED pgs=23 cs=0 l=1 rev1=1 crypto rx=0 tx=0 comp rx=0 tx=0).stop
2024-05-08T23:08:52.005 INFO:teuthology.orchestra.run.smithi135.stdout:/usr/bin/ceph: stderr
2024-05-08T23:08:51.644+0000 7fc622d29700 1 -- 172.21.15.135:0/3335082426 >> 172.21.15.135:0/3335082426 conn(0x7fc61c100ba0 msgr2=0x7fc61c101710 unknown :-1 s=STATE_NONE l=0).mark_down
2024-05-08T23:08:52.005 INFO:teuthology.orchestra.run.smithi135.stdout:/usr/bin/ceph: stderr
2024-05-08T23:08:51.644+0000 7fc622d29700 1 -- 172.21.15.135:0/3335082426 shutdown_connections
2024-05-08T23:08:52.005 INFO:teuthology.orchestra.run.smithi135.stdout:/usr/bin/ceph: stderr
2024-05-08T23:08:51.645+0000 7fc622d29700 1 -- 172.21.15.135:0/3335082426 wait complete.
2024-05-08T23:08:52.203 INFO:journalctl@ceph.mgr.x.smithi135.stdout:May 08 23:08:52 smithi135 ceph-c804a50a-0d8f-11ef-bc97-c7b262605968-mgr-x[42691]:
2024-05-08T23:08:52.080+0000 7fd1ed630200 -1 mgr[py] Module prometheus has missing NOTIFY_TYPES member
2024-05-08T23:08:52.203 INFO:journalctl@ceph.mgr.x.smithi135.stdout:May 08 23:08:52 smithi135 ceph-c804a50a-0d8f-11ef-bc97-c7b262605968-mgr-x[42691]:
2024-05-08T23:08:52.179+0000 7fd1ed630200 -1 mgr[py] Module alerts has missing NOTIFY_TYPES member
2024-05-08T23:08:52.624 INFO:journalctl@ceph.mgr.x.smithi135.stdout:May 08 23:08:52 smithi135 ceph-c804a50a-0d8f-11ef-bc97-c7b262605968-mgr-x[42691]:
2024-05-08T23:08:52.270+0000 7fd1ed630200 -1 mgr[py] Module osd_perf_query has missing NOTIFY_TYPES member
2024-05-08T23:08:52.624 INFO:journalctl@ceph.mgr.x.smithi135.stdout:May 08 23:08:52 smithi135 ceph-c804a50a-0d8f-11ef-bc97-c7b262605968-mgr-x[42691]:
2024-05-08T23:08:52.358+0000 7fd1ed630200 -1 mgr[py] Module progress has missing NOTIFY_TYPES member
2024-05-08T23:08:52.882 INFO:journalctl@ceph.mon.a.smithi135.stdout:May 08 23:08:52 smithi135 ceph-mon[42440]: from='client.? 172.21.15.135:0/3335082426' entity='client.admin' cmd='[{"prefix": "mgr module enable", "module": "cephadm"}]': finished
2024-05-08T23:08:52.882 INFO:journalctl@ceph.mon.a.smithi135.stdout:May 08 23:08:52 smithi135 ceph-mon[42440]: mgrmap e5: x(active, since 7s)
2024-05-08T23:08:52.882 INFO:journalctl@ceph.mon.a.smithi135.stdout:May 08 23:08:52 smithi135 ceph-mon[42440]: from='client.? 172.21.15.135:0/3686459777' entity='client.admin' cmd=[{"prefix": "mgr stat"}]: dispatch
2024-05-08T23:08:52.944 INFO:teuthology.orchestra.run.smithi135.stdout:/usr/bin/ceph: stdout {
2024-05-08T23:08:52.945 INFO:teuthology.orchestra.run.smithi135.stdout:/usr/bin/ceph: stdout "epoch": 5,
2024-05-08T23:08:52.945 INFO:teuthology.orchestra.run.smithi135.stdout:/usr/bin/ceph: stdout "available": true,
2024-05-08T23:08:52.945 INFO:teuthology.orchestra.run.smithi135.stdout:/usr/bin/ceph: stdout "active_name": "x",
2024-05-08T23:08:52.945 INFO:teuthology.orchestra.run.smithi135.stdout:/usr/bin/ceph: stdout "num_standby": 0
2024-05-08T23:08:52.945 INFO:teuthology.orchestra.run.smithi135.stdout:/usr/bin/ceph: stdout }
2024-05-08T23:08:52.945 INFO:teuthology.orchestra.run.smithi135.stdout:/usr/bin/ceph: stderr
2024-05-08T23:08:52.332+0000 7fa314880700 1 Processor -- start
2024-05-08T23:08:52.945 INFO:teuthology.orchestra.run.smithi135.stdout:/usr/bin/ceph: stderr
2024-05-08T23:08:52.332+0000 7fa314880700 1 -- start start
2024-05-08T23:08:52.945 INFO:teuthology.orchestra.run.smithi135.stdout:/usr/bin/ceph: stderr
2024-05-08T23:08:52.332+0000 7fa314880700 1 --2- >> [v2:172.21.15.135:3300/0,v1:172.21.15.135:6789/0] conn(0x7fa310105060 0x7fa310105480 unknown :-1 s=NONE pgs=0 cs=0 l=0 rev1=0 crypto rx=0 tx=0 comp rx=0 tx=0).connect
2024-05-08T23:08:52.945 INFO:teuthology.orchestra.run.smithi135.stdout:/usr/bin/ceph: stderr
2024-05-08T23:08:52.332+0000 7fa314880700 1 -- --> [v2:172.21.15.135:3300/0,v1:172.21.15.135:6789/0] -- mon_getmap magic: 0 v1 -- 0x7fa310079e70 con 0x7fa310105060
2024-05-08T23:08:52.945 INFO:teuthology.orchestra.run.smithi135.stdout:/usr/bin/ceph: stderr
2024-05-08T23:08:52.332+0000 7fa30e59c700 1 --2- >> [v2:172.21.15.135:3300/0,v1:172.21.15.135:6789/0] conn(0x7fa310105060 0x7fa310105480 unknown :-1 s=BANNER_CONNECTING pgs=0 cs=0 l=0 rev1=0 crypto rx=0 tx=0 comp rx=0 tx=0)._handle_peer_banner_payload supported=3 required=0
2024-05-08T23:08:52.945 INFO:teuthology.orchestra.run.smithi135.stdout:/usr/bin/ceph: stderr
2024-05-08T23:08:52.332+0000 7fa30e59c700 1 --2- >> [v2:172.21.15.135:3300/0,v1:172.21.15.135:6789/0] conn(0x7fa310105060 0x7fa310105480 unknown :-1 s=HELLO_CONNECTING pgs=0 cs=0 l=0 rev1=1 crypto rx=0 tx=0 comp rx=0 tx=0).handle_hello peer v2:172.21.15.135:3300/0 says I am v2:172.21.15.135:60218/0 (socket says 172.21.15.135:60218)
2024-05-08T23:08:52.945 INFO:teuthology.orchestra.run.smithi135.stdout:/usr/bin/ceph: stderr
2024-05-08T23:08:52.333+0000 7fa30e59c700 1 -- 172.21.15.135:0/3298115888 learned_addr learned my addr 172.21.15.135:0/3298115888 (peer_addr_for_me v2:172.21.15.135:0/0)
2024-05-08T23:08:52.946 INFO:teuthology.orchestra.run.smithi135.stdout:/usr/bin/ceph: stderr
2024-05-08T23:08:52.333+0000 7fa30e59c700 1 -- 172.21.15.135:0/3298115888 --> [v2:172.21.15.135:3300/0,v1:172.21.15.135:6789/0] -- mon_subscribe({config=0+,monmap=0+}) v3 -- 0x7fa3101059c0 con 0x7fa310105060
2024-05-08T23:08:52.946 INFO:teuthology.orchestra.run.smithi135.stdout:/usr/bin/ceph: stderr
2024-05-08T23:08:52.333+0000 7fa30e59c700 1 --2- 172.21.15.135:0/3298115888 >> [v2:172.21.15.135:3300/0,v1:172.21.15.135:6789/0] conn(0x7fa310105060 0x7fa310105480 secure :-1 s=READY pgs=26 cs=0 l=1 rev1=1 crypto rx=0x7fa3000098a0 tx=0x7fa300009bb0 comp rx=0 tx=0).ready entity=mon.0 client_cookie=cc1127374409dcb5 server_cookie=0 in_seq=0 out_seq=0
2024-05-08T23:08:52.946 INFO:teuthology.orchestra.run.smithi135.stdout:/usr/bin/ceph: stderr
2024-05-08T23:08:52.333+0000 7fa30d59a700 1 -- 172.21.15.135:0/3298115888 <== mon.0 v2:172.21.15.135:3300/0 1 ==== mon_map magic: 0 v1 ==== 205+0+0 (secure 0 0 0) 0x7fa300004160 con 0x7fa310105060
2024-05-08T23:08:52.946 INFO:teuthology.orchestra.run.smithi135.stdout:/usr/bin/ceph: stderr
2024-05-08T23:08:52.333+0000 7fa30d59a700 1 -- 172.21.15.135:0/3298115888 <== mon.0 v2:172.21.15.135:3300/0 2 ==== config(26 keys) v1 ==== 1074+0+0 (secure 0 0 0) 0x7fa3000042c0 con 0x7fa310105060
2024-05-08T23:08:52.946 INFO:teuthology.orchestra.run.smithi135.stdout:/usr/bin/ceph: stderr
2024-05-08T23:08:52.333+0000 7fa30d59a700 1 -- 172.21.15.135:0/3298115888 <== mon.0 v2:172.21.15.135:3300/0 3 ==== mon_map magic: 0 v1 ==== 205+0+0 (secure 0 0 0) 0x7fa300011a00 con 0x7fa310105060
2024-05-08T23:08:52.946 INFO:teuthology.orchestra.run.smithi135.stdout:/usr/bin/ceph: stderr
2024-05-08T23:08:52.334+0000 7fa314880700 1 -- 172.21.15.135:0/3298115888 >> [v2:172.21.15.135:3300/0,v1:172.21.15.135:6789/0] conn(0x7fa310105060 msgr2=0x7fa310105480 secure :-1 s=STATE_CONNECTION_ESTABLISHED l=1).mark_down
2024-05-08T23:08:52.946 INFO:teuthology.orchestra.run.smithi135.stdout:/usr/bin/ceph: stderr
2024-05-08T23:08:52.334+0000 7fa314880700 1 --2- 172.21.15.135:0/3298115888 >> [v2:172.21.15.135:3300/0,v1:172.21.15.135:6789/0] conn(0x7fa310105060 0x7fa310105480 secure :-1 s=READY pgs=26 cs=0 l=1 rev1=1 crypto rx=0x7fa3000098a0 tx=0x7fa300009bb0 comp rx=0 tx=0).stop
2024-05-08T23:08:52.946 INFO:teuthology.orchestra.run.smithi135.stdout:/usr/bin/ceph: stderr
2024-05-08T23:08:52.334+0000 7fa314880700 1 -- 172.21.15.135:0/3298115888 shutdown_connections
2024-05-08T23:08:52.947 INFO:teuthology.orchestra.run.smithi135.stdout:/usr/bin/ceph: stderr
2024-05-08T23:08:52.334+0000 7fa314880700 1 --2- 172.21.15.135:0/3298115888 >> [v2:172.21.15.135:3300/0,v1:172.21.15.135:6789/0] conn(0x7fa310105060 0x7fa310105480 unknown :-1 s=CLOSED pgs=26 cs=0 l=1 rev1=1 crypto rx=0 tx=0 comp rx=0 tx=0).stop
2024-05-08T23:08:52.947 INFO:teuthology.orchestra.run.smithi135.stdout:/usr/bin/ceph: stderr
2024-05-08T23:08:52.334+0000 7fa314880700 1 -- 172.21.15.135:0/3298115888 >> 172.21.15.135:0/3298115888 conn(0x7fa310100c80 msgr2=0x7fa3101030a0 unknown :-1 s=STATE_NONE l=0).mark_down
