2024-05-08T23:09:15.916+0000 7f978effd700 1 --2- 172.21.15.135:0/1719083121 >> [v2:172.21.15.135:6800/3165594440,v1:172.21.15.135:6801/3165594440] conn(0x7f9778038700 0x7f977803abc0 unknown :-1 s=START_CONNECT pgs=0 cs=0 l=1 rev1=0 crypto rx=0 tx=0 comp rx=0 tx=0)._fault waiting 0.200000
2024-05-08T23:09:22.820 INFO:teuthology.orchestra.run.smithi135.stdout:/usr/bin/ceph: stderr
2024-05-08T23:09:16.117+0000 7f978effd700 1 -- 172.21.15.135:0/1719083121 >> [v2:172.21.15.135:6800/3165594440,v1:172.21.15.135:6801/3165594440] conn(0x7f9778038700 msgr2=0x7f977803abc0 unknown :-1 s=STATE_CONNECTING_RE l=1).process reconnect failed to v2:172.21.15.135:6800/3165594440
2024-05-08T23:09:22.820 INFO:teuthology.orchestra.run.smithi135.stdout:/usr/bin/ceph: stderr
2024-05-08T23:09:16.117+0000 7f978effd700 1 --2- 172.21.15.135:0/1719083121 >> [v2:172.21.15.135:6800/3165594440,v1:172.21.15.135:6801/3165594440] conn(0x7f9778038700 0x7f977803abc0 unknown :-1 s=START_CONNECT pgs=0 cs=0 l=1 rev1=0 crypto rx=0 tx=0 comp rx=0 tx=0)._fault waiting 0.400000
2024-05-08T23:09:22.821 INFO:teuthology.orchestra.run.smithi135.stdout:/usr/bin/ceph: stderr
2024-05-08T23:09:16.518+0000 7f978effd700 1 -- 172.21.15.135:0/1719083121 >> [v2:172.21.15.135:6800/3165594440,v1:172.21.15.135:6801/3165594440] conn(0x7f9778038700 msgr2=0x7f977803abc0 unknown :-1 s=STATE_CONNECTING_RE l=1).process reconnect failed to v2:172.21.15.135:6800/3165594440
2024-05-08T23:09:22.821 INFO:teuthology.orchestra.run.smithi135.stdout:/usr/bin/ceph: stderr
2024-05-08T23:09:16.518+0000 7f978effd700 1 --2- 172.21.15.135:0/1719083121 >> [v2:172.21.15.135:6800/3165594440,v1:172.21.15.135:6801/3165594440] conn(0x7f9778038700 0x7f977803abc0 unknown :-1 s=START_CONNECT pgs=0 cs=0 l=1 rev1=0 crypto rx=0 tx=0 comp rx=0 tx=0)._fault waiting 0.800000
2024-05-08T23:09:22.821 INFO:teuthology.orchestra.run.smithi135.stdout:/usr/bin/ceph: stderr
2024-05-08T23:09:17.319+0000 7f978effd700 1 -- 172.21.15.135:0/1719083121 >> [v2:172.21.15.135:6800/3165594440,v1:172.21.15.135:6801/3165594440] conn(0x7f9778038700 msgr2=0x7f977803abc0 unknown :-1 s=STATE_CONNECTING_RE l=1).process reconnect failed to v2:172.21.15.135:6800/3165594440
2024-05-08T23:09:22.821 INFO:teuthology.orchestra.run.smithi135.stdout:/usr/bin/ceph: stderr
2024-05-08T23:09:17.319+0000 7f978effd700 1 --2- 172.21.15.135:0/1719083121 >> [v2:172.21.15.135:6800/3165594440,v1:172.21.15.135:6801/3165594440] conn(0x7f9778038700 0x7f977803abc0 unknown :-1 s=START_CONNECT pgs=0 cs=0 l=1 rev1=0 crypto rx=0 tx=0 comp rx=0 tx=0)._fault waiting 1.600000
2024-05-08T23:09:22.821 INFO:teuthology.orchestra.run.smithi135.stdout:/usr/bin/ceph: stderr
2024-05-08T23:09:18.920+0000 7f978effd700 1 -- 172.21.15.135:0/1719083121 >> [v2:172.21.15.135:6800/3165594440,v1:172.21.15.135:6801/3165594440] conn(0x7f9778038700 msgr2=0x7f977803abc0 unknown :-1 s=STATE_CONNECTING_RE l=1).process reconnect failed to v2:172.21.15.135:6800/3165594440
2024-05-08T23:09:22.821 INFO:teuthology.orchestra.run.smithi135.stdout:/usr/bin/ceph: stderr
2024-05-08T23:09:18.920+0000 7f978effd700 1 --2- 172.21.15.135:0/1719083121 >> [v2:172.21.15.135:6800/3165594440,v1:172.21.15.135:6801/3165594440] conn(0x7f9778038700 0x7f977803abc0 unknown :-1 s=START_CONNECT pgs=0 cs=0 l=1 rev1=0 crypto rx=0 tx=0 comp rx=0 tx=0)._fault waiting 3.200000
2024-05-08T23:09:22.821 INFO:teuthology.orchestra.run.smithi135.stdout:/usr/bin/ceph: stderr
2024-05-08T23:09:20.972+0000 7f978cff9700 1 -- 172.21.15.135:0/1719083121 <== mon.0 v2:172.21.15.135:3300/0 6 ==== mgrmap(e 10) v1 ==== 45321+0+0 (secure 0 0 0) 0x7f9780019d20 con 0x7f9790107260
2024-05-08T23:09:22.821 INFO:teuthology.orchestra.run.smithi135.stdout:/usr/bin/ceph: stderr
2024-05-08T23:09:20.972+0000 7f978cff9700 1 -- 172.21.15.135:0/1719083121 >> [v2:172.21.15.135:6800/3165594440,v1:172.21.15.135:6801/3165594440] conn(0x7f9778038700 msgr2=0x7f977803abc0 unknown :-1 s=STATE_CONNECTING l=1).mark_down
2024-05-08T23:09:22.821 INFO:teuthology.orchestra.run.smithi135.stdout:/usr/bin/ceph: stderr
2024-05-08T23:09:20.972+0000 7f978cff9700 1 --2- 172.21.15.135:0/1719083121 >> [v2:172.21.15.135:6800/3165594440,v1:172.21.15.135:6801/3165594440] conn(0x7f9778038700 0x7f977803abc0 unknown :-1 s=START_CONNECT pgs=0 cs=0 l=1 rev1=0 crypto rx=0 tx=0 comp rx=0 tx=0).stop
2024-05-08T23:09:22.821 INFO:teuthology.orchestra.run.smithi135.stdout:/usr/bin/ceph: stderr
2024-05-08T23:09:21.973+0000 7f978cff9700 1 -- 172.21.15.135:0/1719083121 <== mon.0 v2:172.21.15.135:3300/0 7 ==== mgrmap(e 11) v1 ==== 45448+0+0 (secure 0 0 0) 0x7f978004e590 con 0x7f9790107260
2024-05-08T23:09:22.821 INFO:teuthology.orchestra.run.smithi135.stdout:/usr/bin/ceph: stderr
2024-05-08T23:09:21.973+0000 7f978cff9700 1 --2- 172.21.15.135:0/1719083121 >> [v2:172.21.15.135:6800/1743116941,v1:172.21.15.135:6801/1743116941] conn(0x7f977803bff0 0x7f977803e3e0 unknown :-1 s=NONE pgs=0 cs=0 l=1 rev1=0 crypto rx=0 tx=0 comp rx=0 tx=0).connect
2024-05-08T23:09:22.821 INFO:teuthology.orchestra.run.smithi135.stdout:/usr/bin/ceph: stderr
2024-05-08T23:09:21.973+0000 7f978cff9700 1 -- 172.21.15.135:0/1719083121 --> [v2:172.21.15.135:6800/1743116941,v1:172.21.15.135:6801/1743116941] -- command(tid 0: {"prefix": "get_command_descriptions"}) v1 -- 0x7f977803b2d0 con 0x7f977803bff0
2024-05-08T23:09:22.821 INFO:teuthology.orchestra.run.smithi135.stdout:/usr/bin/ceph: stderr
2024-05-08T23:09:21.974+0000 7f978effd700 1 --2- 172.21.15.135:0/1719083121 >> [v2:172.21.15.135:6800/1743116941,v1:172.21.15.135:6801/1743116941] conn(0x7f977803bff0 0x7f977803e3e0 unknown :-1 s=BANNER_CONNECTING pgs=0 cs=0 l=1 rev1=0 crypto rx=0 tx=0 comp rx=0 tx=0)._handle_peer_banner_payload supported=3 required=0
2024-05-08T23:09:22.821 INFO:teuthology.orchestra.run.smithi135.stdout:/usr/bin/ceph: stderr
2024-05-08T23:09:21.975+0000 7f978effd700 1 --2- 172.21.15.135:0/1719083121 >> [v2:172.21.15.135:6800/1743116941,v1:172.21.15.135:6801/1743116941] conn(0x7f977803bff0 0x7f977803e3e0 secure :-1 s=READY pgs=3 cs=0 l=1 rev1=1 crypto rx=0x7f9784003a10 tx=0x7f97840092b0 comp rx=0 tx=0).ready entity=mgr.14152 client_cookie=0 server_cookie=0 in_seq=0 out_seq=0
2024-05-08T23:09:22.821 INFO:teuthology.orchestra.run.smithi135.stdout:/usr/bin/ceph: stderr
2024-05-08T23:09:21.975+0000 7f978cff9700 1 -- 172.21.15.135:0/1719083121 <== mgr.14152 v2:172.21.15.135:6800/1743116941 1 ==== command_reply(tid 0: 0 ) v1 ==== 8+0+7774 (secure 0 0 0) 0x7f977803b2d0 con 0x7f977803bff0
2024-05-08T23:09:22.822 INFO:teuthology.orchestra.run.smithi135.stdout:/usr/bin/ceph: stderr
2024-05-08T23:09:21.981+0000 7f9795d8d700 1 -- 172.21.15.135:0/1719083121 --> [v2:172.21.15.135:6800/1743116941,v1:172.21.15.135:6801/1743116941] -- command(tid 1: {"prefix": "mgr_status"}) v1 -- 0x7f979019b230 con 0x7f977803bff0
2024-05-08T23:09:22.822 INFO:teuthology.orchestra.run.smithi135.stdout:/usr/bin/ceph: stderr
2024-05-08T23:09:21.982+0000 7f978cff9700 1 -- 172.21.15.135:0/1719083121 <== mgr.14152 v2:172.21.15.135:6800/1743116941 2 ==== command_reply(tid 1: 0 ) v1 ==== 8+0+52 (secure 0 0 0) 0x7f978400a050 con 0x7f977803bff0
2024-05-08T23:09:22.822 INFO:teuthology.orchestra.run.smithi135.stdout:/usr/bin/ceph: stderr
2024-05-08T23:09:21.982+0000 7f9795d8d700 1 -- 172.21.15.135:0/1719083121 >> [v2:172.21.15.135:6800/1743116941,v1:172.21.15.135:6801/1743116941] conn(0x7f977803bff0 msgr2=0x7f977803e3e0 secure :-1 s=STATE_CONNECTION_ESTABLISHED l=1).mark_down
2024-05-08T23:09:22.822 INFO:teuthology.orchestra.run.smithi135.stdout:/usr/bin/ceph: stderr
2024-05-08T23:09:21.982+0000 7f9795d8d700 1 --2- 172.21.15.135:0/1719083121 >> [v2:172.21.15.135:6800/1743116941,v1:172.21.15.135:6801/1743116941] conn(0x7f977803bff0 0x7f977803e3e0 secure :-1 s=READY pgs=3 cs=0 l=1 rev1=1 crypto rx=0x7f9784003a10 tx=0x7f97840092b0 comp rx=0 tx=0).stop
2024-05-08T23:09:22.822 INFO:teuthology.orchestra.run.smithi135.stdout:/usr/bin/ceph: stderr
2024-05-08T23:09:21.982+0000 7f9795d8d700 1 -- 172.21.15.135:0/1719083121 >> [v2:172.21.15.135:3300/0,v1:172.21.15.135:6789/0] conn(0x7f9790107260 msgr2=0x7f979019a4c0 secure :-1 s=STATE_CONNECTION_ESTABLISHED l=1).mark_down
2024-05-08T23:09:22.822 INFO:teuthology.orchestra.run.smithi135.stdout:/usr/bin/ceph: stderr
2024-05-08T23:09:21.982+0000 7f9795d8d700 1 --2- 172.21.15.135:0/1719083121 >> [v2:172.21.15.135:3300/0,v1:172.21.15.135:6789/0] conn(0x7f9790107260 0x7f979019a4c0 secure :-1 s=READY pgs=62 cs=0 l=1 rev1=1 crypto rx=0x7f9780006af0 tx=0x7f9780011a10 comp rx=0 tx=0).stop
2024-05-08T23:09:22.822 INFO:teuthology.orchestra.run.smithi135.stdout:/usr/bin/ceph: stderr
2024-05-08T23:09:21.982+0000 7f9795d8d700 1 -- 172.21.15.135:0/1719083121 shutdown_connections
2024-05-08T23:09:22.822 INFO:teuthology.orchestra.run.smithi135.stdout:/usr/bin/ceph: stderr
2024-05-08T23:09:21.982+0000 7f9795d8d700 1 --2- 172.21.15.135:0/1719083121 >> [v2:172.21.15.135:6800/1743116941,v1:172.21.15.135:6801/1743116941] conn(0x7f977803bff0 0x7f977803e3e0 unknown :-1 s=CLOSED pgs=3 cs=0 l=1 rev1=1 crypto rx=0 tx=0 comp rx=0 tx=0).stop
2024-05-08T23:09:22.822 INFO:teuthology.orchestra.run.smithi135.stdout:/usr/bin/ceph: stderr
2024-05-08T23:09:21.982+0000 7f9795d8d700 1 --2- 172.21.15.135:0/1719083121 >> [v2:172.21.15.135:3300/0,v1:172.21.15.135:6789/0] conn(0x7f9790107260 0x7f979019a4c0 unknown :-1 s=CLOSED pgs=62 cs=0 l=1 rev1=1 crypto rx=0 tx=0 comp rx=0 tx=0).stop
2024-05-08T23:09:22.822 INFO:teuthology.orchestra.run.smithi135.stdout:/usr/bin/ceph: stderr
2024-05-08T23:09:21.982+0000 7f9795d8d700 1 --2- 172.21.15.135:0/1719083121 >> [v2:172.21.15.135:6800/3165594440,v1:172.21.15.135:6801/3165594440] conn(0x7f9778038700 0x7f977803abc0 unknown :-1 s=CLOSED pgs=0 cs=0 l=1 rev1=0 crypto rx=0 tx=0 comp rx=0 tx=0).stop
2024-05-08T23:09:22.822 INFO:teuthology.orchestra.run.smithi135.stdout:/usr/bin/ceph: stderr
2024-05-08T23:09:21.982+0000 7f9795d8d700 1 -- 172.21.15.135:0/1719083121 >> 172.21.15.135:0/1719083121 conn(0x7f9790100bd0 msgr2=0x7f9790101800 unknown :-1 s=STATE_NONE l=0).mark_down
2024-05-08T23:09:22.822 INFO:teuthology.orchestra.run.smithi135.stdout:/usr/bin/ceph: stderr
2024-05-08T23:09:21.982+0000 7f9795d8d700 1 -- 172.21.15.135:0/1719083121 shutdown_connections
2024-05-08T23:09:22.822 INFO:teuthology.orchestra.run.smithi135.stdout:/usr/bin/ceph: stderr
2024-05-08T23:09:21.982+0000 7f9795d8d700 1 -- 172.21.15.135:0/1719083121 wait complete.
2024-05-08T23:09:22.822 INFO:teuthology.orchestra.run.smithi135.stdout:mgr epoch 9 is available
2024-05-08T23:09:22.823 INFO:teuthology.orchestra.run.smithi135.stdout:Generating a dashboard self-signed certificate...
2024-05-08T23:09:23.203 INFO:journalctl@ceph.mon.a.smithi135.stdout:May 08 23:09:23 smithi135 ceph-mon[42440]: [08/May/2024:23:09:21] ENGINE Bus STARTING
2024-05-08T23:09:23.203 INFO:journalctl@ceph.mon.a.smithi135.stdout:May 08 23:09:23 smithi135 ceph-mon[42440]: from='client.14156 -' entity='client.admin' cmd=[{"prefix": "get_command_descriptions"}]: dispatch
2024-05-08T23:09:23.203 INFO:journalctl@ceph.mon.a.smithi135.stdout:May 08 23:09:23 smithi135 ceph-mon[42440]: from='client.14156 -' entity='client.admin' cmd=[{"prefix": "mgr_status"}]: dispatch
2024-05-08T23:09:23.203 INFO:journalctl@ceph.mon.a.smithi135.stdout:May 08 23:09:23 smithi135 ceph-mon[42440]: [08/May/2024:23:09:22] ENGINE Serving on http://172.21.15.135:8765
2024-05-08T23:09:23.203 INFO:journalctl@ceph.mon.a.smithi135.stdout:May 08 23:09:23 smithi135 ceph-mon[42440]: [08/May/2024:23:09:22] ENGINE Serving on https://172.21.15.135:7150
2024-05-08T23:09:23.203 INFO:journalctl@ceph.mon.a.smithi135.stdout:May 08 23:09:23 smithi135 ceph-mon[42440]: [08/May/2024:23:09:22] ENGINE Bus STARTED
2024-05-08T23:09:24.097 INFO:teuthology.orchestra.run.smithi135.stdout:/usr/bin/ceph: stdout Self-signed certificate created
2024-05-08T23:09:24.097 INFO:teuthology.orchestra.run.smithi135.stdout:/usr/bin/ceph: stderr
2024-05-08T23:09:23.177+0000 7f834ea5f700 1 Processor -- start
2024-05-08T23:09:24.097 INFO:teuthology.orchestra.run.smithi135.stdout:/usr/bin/ceph: stderr
2024-05-08T23:09:23.177+0000 7f834ea5f700 1 -- start start
2024-05-08T23:09:24.097 INFO:teuthology.orchestra.run.smithi135.stdout:/usr/bin/ceph: stderr
2024-05-08T23:09:23.177+0000 7f834ea5f700 1 --2- >> [v2:172.21.15.135:3300/0,v1:172.21.15.135:6789/0] conn(0x7f8348107260 0x7f8348109650 unknown :-1 s=NONE pgs=0 cs=0 l=0 rev1=0 crypto rx=0 tx=0 comp rx=0 tx=0).connect
2024-05-08T23:09:24.097 INFO:teuthology.orchestra.run.smithi135.stdout:/usr/bin/ceph: stderr
2024-05-08T23:09:23.177+0000 7f834ea5f700 1 -- --> [v2:172.21.15.135:3300/0,v1:172.21.15.135:6789/0] -- mon_getmap magic: 0 v1 -- 0x7f8348079e10 con 0x7f8348107260
2024-05-08T23:09:24.098 INFO:teuthology.orchestra.run.smithi135.stdout:/usr/bin/ceph: stderr
2024-05-08T23:09:23.177+0000 7f8347fff700 1 --2- >> [v2:172.21.15.135:3300/0,v1:172.21.15.135:6789/0] conn(0x7f8348107260 0x7f8348109650 unknown :-1 s=BANNER_CONNECTING pgs=0 cs=0 l=0 rev1=0 crypto rx=0 tx=0 comp rx=0 tx=0)._handle_peer_banner_payload supported=3 required=0
2024-05-08T23:09:24.098 INFO:teuthology.orchestra.run.smithi135.stdout:/usr/bin/ceph: stderr
2024-05-08T23:09:23.177+0000 7f8347fff700 1 --2- >> [v2:172.21.15.135:3300/0,v1:172.21.15.135:6789/0] conn(0x7f8348107260 0x7f8348109650 unknown :-1 s=HELLO_CONNECTING pgs=0 cs=0 l=0 rev1=1 crypto rx=0 tx=0 comp rx=0 tx=0).handle_hello peer v2:172.21.15.135:3300/0 says I am v2:172.21.15.135:48576/0 (socket says 172.21.15.135:48576)
2024-05-08T23:09:24.098 INFO:teuthology.orchestra.run.smithi135.stdout:/usr/bin/ceph: stderr
2024-05-08T23:09:23.177+0000 7f8347fff700 1 -- 172.21.15.135:0/3845346749 learned_addr learned my addr 172.21.15.135:0/3845346749 (peer_addr_for_me v2:172.21.15.135:0/0)
2024-05-08T23:09:24.098 INFO:teuthology.orchestra.run.smithi135.stdout:/usr/bin/ceph: stderr
2024-05-08T23:09:23.177+0000 7f8347fff700 1 -- 172.21.15.135:0/3845346749 --> [v2:172.21.15.135:3300/0,v1:172.21.15.135:6789/0] -- mon_subscribe({config=0+,monmap=0+}) v3 -- 0x7f8348079f50 con 0x7f8348107260
2024-05-08T23:09:24.098 INFO:teuthology.orchestra.run.smithi135.stdout:/usr/bin/ceph: stderr
2024-05-08T23:09:23.178+0000 7f8347fff700 1 --2- 172.21.15.135:0/3845346749 >> [v2:172.21.15.135:3300/0,v1:172.21.15.135:6789/0] conn(0x7f8348107260 0x7f8348109650 secure :-1 s=READY pgs=70 cs=0 l=1 rev1=1 crypto rx=0x7f83380098a0 tx=0x7f8338009bb0 comp rx=0 tx=0).ready entity=mon.0 client_cookie=bfe0212727c5ecd server_cookie=0 in_seq=0 out_seq=0
2024-05-08T23:09:24.098 INFO:teuthology.orchestra.run.smithi135.stdout:/usr/bin/ceph: stderr
2024-05-08T23:09:23.178+0000 7f8346ffd700 1 -- 172.21.15.135:0/3845346749 <== mon.0 v2:172.21.15.135:3300/0 1 ==== mon_map magic: 0 v1 ==== 205+0+0 (secure 0 0 0) 0x7f8338004160 con 0x7f8348107260
2024-05-08T23:09:24.098 INFO:teuthology.orchestra.run.smithi135.stdout:/usr/bin/ceph: stderr
2024-05-08T23:09:23.178+0000 7f8346ffd700 1 -- 172.21.15.135:0/3845346749 <== mon.0 v2:172.21.15.135:3300/0 2 ==== config(26 keys) v1 ==== 1105+0+0 (secure 0 0 0) 0x7f83380042c0 con 0x7f8348107260
2024-05-08T23:09:24.098 INFO:teuthology.orchestra.run.smithi135.stdout:/usr/bin/ceph: stderr
2024-05-08T23:09:23.178+0000 7f8346ffd700 1 -- 172.21.15.135:0/3845346749 <== mon.0 v2:172.21.15.135:3300/0 3 ==== mon_map magic: 0 v1 ==== 205+0+0 (secure 0 0 0) 0x7f83380119b0 con 0x7f8348107260
2024-05-08T23:09:24.098 INFO:teuthology.orchestra.run.smithi135.stdout:/usr/bin/ceph: stderr
2024-05-08T23:09:23.178+0000 7f834ea5f700 1 -- 172.21.15.135:0/3845346749 >> [v2:172.21.15.135:3300/0,v1:172.21.15.135:6789/0] conn(0x7f8348107260 msgr2=0x7f8348109650 secure :-1 s=STATE_CONNECTION_ESTABLISHED l=1).mark_down
2024-05-08T23:09:24.098 INFO:teuthology.orchestra.run.smithi135.stdout:/usr/bin/ceph: stderr
2024-05-08T23:09:23.178+0000 7f834ea5f700 1 --2- 172.21.15.135:0/3845346749 >> [v2:172.21.15.135:3300/0,v1:172.21.15.135:6789/0] conn(0x7f8348107260 0x7f8348109650 secure :-1 s=READY pgs=70 cs=0 l=1 rev1=1 crypto rx=0x7f83380098a0 tx=0x7f8338009bb0 comp rx=0 tx=0).stop
2024-05-08T23:09:24.098 INFO:teuthology.orchestra.run.smithi135.stdout:/usr/bin/ceph: stderr
2024-05-08T23:09:23.178+0000 7f834ea5f700 1 -- 172.21.15.135:0/3845346749 shutdown_connections
2024-05-08T23:09:24.098 INFO:teuthology.orchestra.run.smithi135.stdout:/usr/bin/ceph: stderr
2024-05-08T23:09:23.179+0000 7f834ea5f700 1 --2- 172.21.15.135:0/3845346749 >> [v2:172.21.15.135:3300/0,v1:172.21.15.135:6789/0] conn(0x7f8348107260 0x7f8348109650 unknown :-1 s=CLOSED pgs=70 cs=0 l=1 rev1=1 crypto rx=0 tx=0 comp rx=0 tx=0).stop
2024-05-08T23:09:24.098 INFO:teuthology.orchestra.run.smithi135.stdout:/usr/bin/ceph: stderr
2024-05-08T23:09:23.179+0000 7f834ea5f700 1 -- 172.21.15.135:0/3845346749 >> 172.21.15.135:0/3845346749 conn(0x7f8348100bd0 msgr2=0x7f8348103010 unknown :-1 s=STATE_NONE l=0).mark_down
2024-05-08T23:09:24.098 INFO:teuthology.orchestra.run.smithi135.stdout:/usr/bin/ceph: stderr
2024-05-08T23:09:23.179+0000 7f834ea5f700 1 -- 172.21.15.135:0/3845346749 shutdown_connections
2024-05-08T23:09:24.099 INFO:teuthology.orchestra.run.smithi135.stdout:/usr/bin/ceph: stderr
2024-05-08T23:09:23.179+0000 7f834ea5f700 1 -- 172.21.15.135:0/3845346749 wait complete.
2024-05-08T23:09:24.099 INFO:teuthology.orchestra.run.smithi135.stdout:/usr/bin/ceph: stderr
2024-05-08T23:09:23.179+0000 7f834ea5f700 1 Processor -- start
2024-05-08T23:09:24.099 INFO:teuthology.orchestra.run.smithi135.stdout:/usr/bin/ceph: stderr
2024-05-08T23:09:23.179+0000 7f834ea5f700 1 -- start start
2024-05-08T23:09:24.099 INFO:teuthology.orchestra.run.smithi135.stdout:/usr/bin/ceph: stderr
2024-05-08T23:09:23.179+0000 7f834ea5f700 1 --2- >> [v2:172.21.15.135:3300/0,v1:172.21.15.135:6789/0] conn(0x7f8348107260 0x7f834819a4c0 unknown :-1 s=NONE pgs=0 cs=0 l=1 rev1=0 crypto rx=0 tx=0 comp rx=0 tx=0).connect
2024-05-08T23:09:24.099 INFO:teuthology.orchestra.run.smithi135.stdout:/usr/bin/ceph: stderr
2024-05-08T23:09:23.180+0000 7f834ea5f700 1 -- --> [v2:172.21.15.135:3300/0,v1:172.21.15.135:6789/0] -- mon_getmap magic: 0 v1 -- 0x7f834819aa00 con 0x7f8348107260
2024-05-08T23:09:24.099 INFO:teuthology.orchestra.run.smithi135.stdout:/usr/bin/ceph: stderr
2024-05-08T23:09:23.180+0000 7f8347fff700 1 --2- >> [v2:172.21.15.135:3300/0,v1:172.21.15.135:6789/0] conn(0x7f8348107260 0x7f834819a4c0 unknown :-1 s=BANNER_CONNECTING pgs=0 cs=0 l=1 rev1=0 crypto rx=0 tx=0 comp rx=0 tx=0)._handle_peer_banner_payload supported=3 required=0
2024-05-08T23:09:24.099 INFO:teuthology.orchestra.run.smithi135.stdout:/usr/bin/ceph: stderr
2024-05-08T23:09:23.180+0000 7f8347fff700 1 --2- >> [v2:172.21.15.135:3300/0,v1:172.21.15.135:6789/0] conn(0x7f8348107260 0x7f834819a4c0 unknown :-1 s=HELLO_CONNECTING pgs=0 cs=0 l=1 rev1=1 crypto rx=0 tx=0 comp rx=0 tx=0).handle_hello peer v2:172.21.15.135:3300/0 says I am v2:172.21.15.135:48586/0 (socket says 172.21.15.135:48586)
2024-05-08T23:09:24.099 INFO:teuthology.orchestra.run.smithi135.stdout:/usr/bin/ceph: stderr
2024-05-08T23:09:23.180+0000 7f8347fff700 1 -- 172.21.15.135:0/1543091396 learned_addr learned my addr 172.21.15.135:0/1543091396 (peer_addr_for_me v2:172.21.15.135:0/0)
2024-05-08T23:09:24.099 INFO:teuthology.orchestra.run.smithi135.stdout:/usr/bin/ceph: stderr
2024-05-08T23:09:23.180+0000 7f8347fff700 1 -- 172.21.15.135:0/1543091396 --> [v2:172.21.15.135:3300/0,v1:172.21.15.135:6789/0] -- mon_subscribe({config=0+,monmap=0+}) v3 -- 0x7f8338009550 con 0x7f8348107260
2024-05-08T23:09:24.099 INFO:teuthology.orchestra.run.smithi135.stdout:/usr/bin/ceph: stderr
2024-05-08T23:09:23.180+0000 7f8347fff700 1 --2- 172.21.15.135:0/1543091396 >> [v2:172.21.15.135:3300/0,v1:172.21.15.135:6789/0] conn(0x7f8348107260 0x7f834819a4c0 secure :-1 s=READY pgs=71 cs=0 l=1 rev1=1 crypto rx=0x7f8338011670 tx=0x7f8338011a30 comp rx=0 tx=0).ready entity=mon.0 client_cookie=0 server_cookie=0 in_seq=0 out_seq=0
2024-05-08T23:09:24.099 INFO:teuthology.orchestra.run.smithi135.stdout:/usr/bin/ceph: stderr
2024-05-08T23:09:23.180+0000 7f83457fa700 1 -- 172.21.15.135:0/1543091396 <== mon.0 v2:172.21.15.135:3300/0 1 ==== mon_map magic: 0 v1 ==== 205+0+0 (secure 0 0 0) 0x7f8338003b20 con 0x7f8348107260
2024-05-08T23:09:24.099 INFO:teuthology.orchestra.run.smithi135.stdout:/usr/bin/ceph: stderr
2024-05-08T23:09:23.180+0000 7f83457fa700 1 -- 172.21.15.135:0/1543091396 <== mon.0 v2:172.21.15.135:3300/0 2 ==== config(26 keys) v1 ==== 1105+0+0 (secure 0 0 0) 0x7f8338003c80 con 0x7f8348107260
2024-05-08T23:09:24.099 INFO:teuthology.orchestra.run.smithi135.stdout:/usr/bin/ceph: stderr
2024-05-08T23:09:23.180+0000 7f834ea5f700 1 -- 172.21.15.135:0/1543091396 --> [v2:172.21.15.135:3300/0,v1:172.21.15.135:6789/0] -- mon_subscribe({mgrmap=0+}) v3 -- 0x7f834819ac00 con 0x7f8348107260
2024-05-08T23:09:24.099 INFO:teuthology.orchestra.run.smithi135.stdout:/usr/bin/ceph: stderr
2024-05-08T23:09:23.180+0000 7f83457fa700 1 -- 172.21.15.135:0/1543091396 <== mon.0 v2:172.21.15.135:3300/0 3 ==== mon_map magic: 0 v1 ==== 205+0+0 (secure 0 0 0) 0x7f8338019770 con 0x7f8348107260
2024-05-08T23:09:24.099 INFO:teuthology.orchestra.run.smithi135.stdout:/usr/bin/ceph: stderr
2024-05-08T23:09:23.180+0000 7f834ea5f700 1 -- 172.21.15.135:0/1543091396 --> [v2:172.21.15.135:3300/0,v1:172.21.15.135:6789/0] -- mon_subscribe({osdmap=0}) v3 -- 0x7f834819b0a0 con 0x7f8348107260
2024-05-08T23:09:24.100 INFO:teuthology.orchestra.run.smithi135.stdout:/usr/bin/ceph: stderr
2024-05-08T23:09:23.181+0000 7f834ea5f700 1 -- 172.21.15.135:0/1543091396 --> [v2:172.21.15.135:3300/0,v1:172.21.15.135:6789/0] -- mon_command({"prefix": "get_command_descriptions"} v 0) v1 -- 0x7f834810aa50 con 0x7f8348107260
2024-05-08T23:09:24.100 INFO:teuthology.orchestra.run.smithi135.stdout:/usr/bin/ceph: stderr
2024-05-08T23:09:23.181+0000 7f83457fa700 1 -- 172.21.15.135:0/1543091396 <== mon.0 v2:172.21.15.135:3300/0 4 ==== mgrmap(e 12) v1 ==== 45554+0+0 (secure 0 0 0) 0x7f83380199e0 con 0x7f8348107260
2024-05-08T23:09:24.100 INFO:teuthology.orchestra.run.smithi135.stdout:/usr/bin/ceph: stderr
2024-05-08T23:09:23.182+0000 7f83457fa700 1 --2- 172.21.15.135:0/1543091396 >> [v2:172.21.15.135:6800/1743116941,v1:172.21.15.135:6801/1743116941] conn(0x7f83300387a0 0x7f833003ac60 unknown :-1 s=NONE pgs=0 cs=0 l=1 rev1=0 crypto rx=0 tx=0 comp rx=0 tx=0).connect
2024-05-08T23:09:24.100 INFO:teuthology.orchestra.run.smithi135.stdout:/usr/bin/ceph: stderr
2024-05-08T23:09:23.182+0000 7f83457fa700 1 -- 172.21.15.135:0/1543091396 <== mon.0 v2:172.21.15.135:3300/0 5 ==== osd_map(3..3 src has 1..3) v4 ==== 1155+0+0 (secure 0 0 0) 0x7f833804ca80 con 0x7f8348107260
2024-05-08T23:09:24.100 INFO:teuthology.orchestra.run.smithi135.stdout:/usr/bin/ceph: stderr
2024-05-08T23:09:23.182+0000 7f83477fe700 1 --2- 172.21.15.135:0/1543091396 >> [v2:172.21.15.135:6800/1743116941,v1:172.21.15.135:6801/1743116941] conn(0x7f83300387a0 0x7f833003ac60 unknown :-1 s=BANNER_CONNECTING pgs=0 cs=0 l=1 rev1=0 crypto rx=0 tx=0 comp rx=0 tx=0)._handle_peer_banner_payload supported=3 required=0
2024-05-08T23:09:24.100 INFO:teuthology.orchestra.run.smithi135.stdout:/usr/bin/ceph: stderr
2024-05-08T23:09:23.182+0000 7f83477fe700 1 --2- 172.21.15.135:0/1543091396 >> [v2:172.21.15.135:6800/1743116941,v1:172.21.15.135:6801/1743116941] conn(0x7f83300387a0 0x7f833003ac60 secure :-1 s=READY pgs=7 cs=0 l=1 rev1=1 crypto rx=0x7f833c006fd0 tx=0x7f833c006e40 comp rx=0 tx=0).ready entity=mgr.14152 client_cookie=0 server_cookie=0 in_seq=0 out_seq=0
2024-05-08T23:09:24.100 INFO:teuthology.orchestra.run.smithi135.stdout:/usr/bin/ceph: stderr
2024-05-08T23:09:23.189+0000 7f83457fa700 1 -- 172.21.15.135:0/1543091396 <== mon.0 v2:172.21.15.135:3300/0 6 ==== mon_command_ack([{"prefix": "get_command_descriptions"}]=0 v0) v1 ==== 72+0+183622 (secure 0 0 0) 0x7f833802d9a0 con 0x7f8348107260
2024-05-08T23:09:24.100 INFO:teuthology.orchestra.run.smithi135.stdout:/usr/bin/ceph: stderr
2024-05-08T23:09:23.405+0000 7f834ea5f700 1 -- 172.21.15.135:0/1543091396 --> [v2:172.21.15.135:6800/1743116941,v1:172.21.15.135:6801/1743116941] -- mgr_command(tid 0: {"prefix": "dashboard create-self-signed-cert", "target": ["mon-mgr", ""]}) v1 -- 0x7f8348101f10 con 0x7f83300387a0
2024-05-08T23:09:24.100 INFO:teuthology.orchestra.run.smithi135.stdout:/usr/bin/ceph: stderr
2024-05-08T23:09:23.554+0000 7f83457fa700 1 -- 172.21.15.135:0/1543091396 <== mgr.14152 v2:172.21.15.135:6800/1743116941 1 ==== mgr_command_reply(tid 0: 0 ) v1 ==== 8+0+32 (secure 0 0 0) 0x7f8348101f10 con 0x7f83300387a0
2024-05-08T23:09:24.100 INFO:teuthology.orchestra.run.smithi135.stdout:/usr/bin/ceph: stderr
2024-05-08T23:09:23.556+0000 7f834ea5f700 1 -- 172.21.15.135:0/1543091396 >> [v2:172.21.15.135:6800/1743116941,v1:172.21.15.135:6801/1743116941] conn(0x7f83300387a0 msgr2=0x7f833003ac60 secure :-1 s=STATE_CONNECTION_ESTABLISHED l=1).mark_down
2024-05-08T23:09:24.100 INFO:teuthology.orchestra.run.smithi135.stdout:/usr/bin/ceph: stderr
2024-05-08T23:09:23.556+0000 7f834ea5f700 1 --2- 172.21.15.135:0/1543091396 >> [v2:172.21.15.135:6800/1743116941,v1:172.21.15.135:6801/1743116941] conn(0x7f83300387a0 0x7f833003ac60 secure :-1 s=READY pgs=7 cs=0 l=1 rev1=1 crypto rx=0x7f833c006fd0 tx=0x7f833c006e40 comp rx=0 tx=0).stop
2024-05-08T23:09:24.100 INFO:teuthology.orchestra.run.smithi135.stdout:/usr/bin/ceph: stderr
2024-05-08T23:09:23.556+0000 7f834ea5f700 1 -- 172.21.15.135:0/1543091396 >> [v2:172.21.15.135:3300/0,v1:172.21.15.135:6789/0] conn(0x7f8348107260 msgr2=0x7f834819a4c0 secure :-1 s=STATE_CONNECTION_ESTABLISHED l=1).mark_down
2024-05-08T23:09:24.100 INFO:teuthology.orchestra.run.smithi135.stdout:/usr/bin/ceph: stderr
2024-05-08T23:09:23.556+0000 7f834ea5f700 1 --2- 172.21.15.135:0/1543091396 >> [v2:172.21.15.135:3300/0,v1:172.21.15.135:6789/0] conn(0x7f8348107260 0x7f834819a4c0 secure :-1 s=READY pgs=71 cs=0 l=1 rev1=1 crypto rx=0x7f8338011670 tx=0x7f8338011a30 comp rx=0 tx=0).stop
2024-05-08T23:09:24.100 INFO:teuthology.orchestra.run.smithi135.stdout:/usr/bin/ceph: stderr
2024-05-08T23:09:23.557+0000 7f834ea5f700 1 -- 172.21.15.135:0/1543091396 shutdown_connections
2024-05-08T23:09:24.101 INFO:teuthology.orchestra.run.smithi135.stdout:/usr/bin/ceph: stderr
2024-05-08T23:09:23.557+0000 7f834ea5f700 1 --2- 172.21.15.135:0/1543091396 >> [v2:172.21.15.135:6800/1743116941,v1:172.21.15.135:6801/1743116941] conn(0x7f83300387a0 0x7f833003ac60 unknown :-1 s=CLOSED pgs=7 cs=0 l=1 rev1=1 crypto rx=0 tx=0 comp rx=0 tx=0).stop
2024-05-08T23:09:24.101 INFO:teuthology.orchestra.run.smithi135.stdout:/usr/bin/ceph: stderr
2024-05-08T23:09:23.557+0000 7f834ea5f700 1 --2- 172.21.15.135:0/1543091396 >> [v2:172.21.15.135:3300/0,v1:172.21.15.135:6789/0] conn(0x7f8348107260 0x7f834819a4c0 unknown :-1 s=CLOSED pgs=71 cs=0 l=1 rev1=1 crypto rx=0 tx=0 comp rx=0 tx=0).stop
2024-05-08T23:09:24.101 INFO:teuthology.orchestra.run.smithi135.stdout:/usr/bin/ceph: stderr
2024-05-08T23:09:23.557+0000 7f834ea5f700 1 -- 172.21.15.135:0/1543091396 >> 172.21.15.135:0/1543091396 conn(0x7f8348100bd0 msgr2=0x7f8348101800 unknown :-1 s=STATE_NONE l=0).mark_down
2024-05-08T23:09:24.101 INFO:teuthology.orchestra.run.smithi135.stdout:/usr/bin/ceph: stderr
2024-05-08T23:09:23.557+0000 7f834ea5f700 1 -- 172.21.15.135:0/1543091396 shutdown_connections
2024-05-08T23:09:24.101 INFO:teuthology.orchestra.run.smithi135.stdout:/usr/bin/ceph: stderr
2024-05-08T23:09:23.557+0000 7f834ea5f700 1 -- 172.21.15.135:0/1543091396 wait complete.
2024-05-08T23:09:24.101 INFO:teuthology.orchestra.run.smithi135.stdout:Creating initial admin user...
2024-05-08T23:09:24.140 INFO:journalctl@ceph.mon.a.smithi135.stdout:May 08 23:09:24 smithi135 ceph-mon[42440]: mgrmap e12: x(active, since 2s)
2024-05-08T23:09:24.140 INFO:journalctl@ceph.mon.a.smithi135.stdout:May 08 23:09:24 smithi135 ceph-mon[42440]: from='mgr.14152 172.21.15.135:0/1325021046' entity='mgr.x'
2024-05-08T23:09:24.140 INFO:journalctl@ceph.mon.a.smithi135.stdout:May 08 23:09:24 smithi135 ceph-mon[42440]: from='mgr.14152 172.21.15.135:0/1325021046' entity='mgr.x'
2024-05-08T23:09:24.140 INFO:journalctl@ceph.mon.a.smithi135.stdout:May 08 23:09:24 smithi135 ceph-mon[42440]: from='mgr.14152 172.21.15.135:0/1325021046' entity='mgr.x'
2024-05-08T23:09:25.318 INFO:journalctl@ceph.mon.a.smithi135.stdout:May 08 23:09:25 smithi135 ceph-mon[42440]: from='client.14164 -' entity='client.admin' cmd=[{"prefix": "dashboard create-self-signed-cert", "target": ["mon-mgr", ""]}]: dispatch
2024-05-08T23:09:25.397 INFO:teuthology.orchestra.run.smithi135.stdout:/usr/bin/ceph: stdout {"username": "admin", "password": "$2b$12$tKGVTXNdHrgGrk61kU.NKuISaJybKsfojrsSV5lgYGukqpPG0yM/G", "roles": ["administrator"], "name": null, "email": null, "lastUpdate": 1715209765, "enabled": true, "pwdExpirationDate": null, "pwdUpdateRequired": true}
2024-05-08T23:09:25.397 INFO:teuthology.orchestra.run.smithi135.stdout:/usr/bin/ceph: stderr
2024-05-08T23:09:24.601+0000 7f56b3df6700 1 Processor -- start
2024-05-08T23:09:25.397 INFO:teuthology.orchestra.run.smithi135.stdout:/usr/bin/ceph: stderr
2024-05-08T23:09:24.601+0000 7f56b3df6700 1 -- start start
2024-05-08T23:09:25.397 INFO:teuthology.orchestra.run.smithi135.stdout:/usr/bin/ceph: stderr
2024-05-08T23:09:24.601+0000 7f56b3df6700 1 --2- >> [v2:172.21.15.135:3300/0,v1:172.21.15.135:6789/0] conn(0x7f56ac107220 0x7f56ac109610 unknown :-1 s=NONE pgs=0 cs=0 l=0 rev1=0 crypto rx=0 tx=0 comp rx=0 tx=0).connect
2024-05-08T23:09:25.397 INFO:teuthology.orchestra.run.smithi135.stdout:/usr/bin/ceph: stderr
2024-05-08T23:09:24.601+0000 7f56b3df6700 1 -- --> [v2:172.21.15.135:3300/0,v1:172.21.15.135:6789/0] -- mon_getmap magic: 0 v1 -- 0x7f56ac079e70 con 0x7f56ac107220
2024-05-08T23:09:25.397 INFO:teuthology.orchestra.run.smithi135.stdout:/usr/bin/ceph: stderr
2024-05-08T23:09:24.602+0000 7f56b1b92700 1 --2- >> [v2:172.21.15.135:3300/0,v1:172.21.15.135:6789/0] conn(0x7f56ac107220 0x7f56ac109610 unknown :-1 s=BANNER_CONNECTING pgs=0 cs=0 l=0 rev1=0 crypto rx=0 tx=0 comp rx=0 tx=0)._handle_peer_banner_payload supported=3 required=0
2024-05-08T23:09:25.397 INFO:teuthology.orchestra.run.smithi135.stdout:/usr/bin/ceph: stderr
2024-05-08T23:09:24.602+0000 7f56b1b92700 1 --2- >> [v2:172.21.15.135:3300/0,v1:172.21.15.135:6789/0] conn(0x7f56ac107220 0x7f56ac109610 unknown :-1 s=HELLO_CONNECTING pgs=0 cs=0 l=0 rev1=1 crypto rx=0 tx=0 comp rx=0 tx=0).handle_hello peer v2:172.21.15.135:3300/0 says I am v2:172.21.15.135:48600/0 (socket says 172.21.15.135:48600)
2024-05-08T23:09:25.397 INFO:teuthology.orchestra.run.smithi135.stdout:/usr/bin/ceph: stderr
2024-05-08T23:09:24.602+0000 7f56b1b92700 1 -- 172.21.15.135:0/2852347600 learned_addr learned my addr 172.21.15.135:0/2852347600 (peer_addr_for_me v2:172.21.15.135:0/0)
2024-05-08T23:09:25.397 INFO:teuthology.orchestra.run.smithi135.stdout:/usr/bin/ceph: stderr
2024-05-08T23:09:24.602+0000 7f56b1b92700 1 -- 172.21.15.135:0/2852347600 --> [v2:172.21.15.135:3300/0,v1:172.21.15.135:6789/0] -- mon_subscribe({config=0+,monmap=0+}) v3 -- 0x7f56ac109b50 con 0x7f56ac107220
2024-05-08T23:09:25.397 INFO:teuthology.orchestra.run.smithi135.stdout:/usr/bin/ceph: stderr
2024-05-08T23:09:24.602+0000 7f56b1b92700 1 --2- 172.21.15.135:0/2852347600 >> [v2:172.21.15.135:3300/0,v1:172.21.15.135:6789/0] conn(0x7f56ac107220 0x7f56ac109610 secure :-1 s=READY pgs=72 cs=0 l=1 rev1=1 crypto rx=0x7f569c0098a0 tx=0x7f569c009bb0 comp rx=0 tx=0).ready entity=mon.0 client_cookie=aa345f9b8012f13a server_cookie=0 in_seq=0 out_seq=0
2024-05-08T23:09:25.397 INFO:teuthology.orchestra.run.smithi135.stdout:/usr/bin/ceph: stderr
2024-05-08T23:09:24.602+0000 7f56b0b90700 1 -- 172.21.15.135:0/2852347600 <== mon.0 v2:172.21.15.135:3300/0 1 ==== mon_map magic: 0 v1 ==== 205+0+0 (secure 0 0 0) 0x7f569c004160 con 0x7f56ac107220
2024-05-08T23:09:25.398 INFO:teuthology.orchestra.run.smithi135.stdout:/usr/bin/ceph: stderr
2024-05-08T23:09:24.602+0000 7f56b0b90700 1 -- 172.21.15.135:0/2852347600 <== mon.0 v2:172.21.15.135:3300/0 2 ==== config(26 keys) v1 ==== 1105+0+0 (secure 0 0 0) 0x7f569c0042c0 con 0x7f56ac107220
2024-05-08T23:09:25.398 INFO:teuthology.orchestra.run.smithi135.stdout:/usr/bin/ceph: stderr
2024-05-08T23:09:24.602+0000 7f56b0b90700 1 -- 172.21.15.135:0/2852347600 <== mon.0 v2:172.21.15.135:3300/0 3 ==== mon_map magic: 0 v1 ==== 205+0+0 (secure 0 0 0) 0x7f569c0119b0 con 0x7f56ac107220
2024-05-08T23:09:25.398 INFO:teuthology.orchestra.run.smithi135.stdout:/usr/bin/ceph: stderr
2024-05-08T23:09:24.603+0000 7f56b3df6700 1 -- 172.21.15.135:0/2852347600 >> [v2:172.21.15.135:3300/0,v1:172.21.15.135:6789/0] conn(0x7f56ac107220 msgr2=0x7f56ac109610 secure :-1 s=STATE_CONNECTION_ESTABLISHED l=1).mark_down
2024-05-08T23:09:25.398 INFO:teuthology.orchestra.run.smithi135.stdout:/usr/bin/ceph: stderr
2024-05-08T23:09:24.603+0000 7f56b3df6700 1 --2- 172.21.15.135:0/2852347600 >> [v2:172.21.15.135:3300/0,v1:172.21.15.135:6789/0] conn(0x7f56ac107220 0x7f56ac109610 secure :-1 s=READY pgs=72 cs=0 l=1 rev1=1 crypto rx=0x7f569c0098a0 tx=0x7f569c009bb0 comp rx=0 tx=0).stop
2024-05-08T23:09:25.398 INFO:teuthology.orchestra.run.smithi135.stdout:/usr/bin/ceph: stderr
2024-05-08T23:09:24.603+0000 7f56b3df6700 1 -- 172.21.15.135:0/2852347600 shutdown_connections
2024-05-08T23:09:25.398 INFO:teuthology.orchestra.run.smithi135.stdout:/usr/bin/ceph: stderr
2024-05-08T23:09:24.603+0000 7f56b3df6700 1 --2- 172.21.15.135:0/2852347600 >> [v2:172.21.15.135:3300/0,v1:172.21.15.135:6789/0] conn(0x7f56ac107220 0x7f56ac109610 unknown :-1 s=CLOSED pgs=72 cs=0 l=1 rev1=1 crypto rx=0 tx=0 comp rx=0 tx=0).stop
2024-05-08T23:09:25.398 INFO:teuthology.orchestra.run.smithi135.stdout:/usr/bin/ceph: stderr
2024-05-08T23:09:24.603+0000 7f56b3df6700 1 -- 172.21.15.135:0/2852347600 >> 172.21.15.135:0/2852347600 conn(0x7f56ac100bd0 msgr2=0x7f56ac103030 unknown :-1 s=STATE_NONE l=0).mark_down
2024-05-08T23:09:25.398 INFO:teuthology.orchestra.run.smithi135.stdout:/usr/bin/ceph: stderr
2024-05-08T23:09:24.603+0000 7f56b3df6700 1 -- 172.21.15.135:0/2852347600 shutdown_connections
2024-05-08T23:09:25.398 INFO:teuthology.orchestra.run.smithi135.stdout:/usr/bin/ceph: stderr
2024-05-08T23:09:24.603+0000 7f56b3df6700 1 -- 172.21.15.135:0/2852347600 wait complete.
2024-05-08T23:09:25.398 INFO:teuthology.orchestra.run.smithi135.stdout:/usr/bin/ceph: stderr
2024-05-08T23:09:24.604+0000 7f56b3df6700 1 Processor -- start
2024-05-08T23:09:25.398 INFO:teuthology.orchestra.run.smithi135.stdout:/usr/bin/ceph: stderr
2024-05-08T23:09:24.604+0000 7f56b3df6700 1 -- start start
2024-05-08T23:09:25.398 INFO:teuthology.orchestra.run.smithi135.stdout:/usr/bin/ceph: stderr
2024-05-08T23:09:24.604+0000 7f56b3df6700 1 --2- >> [v2:172.21.15.135:3300/0,v1:172.21.15.135:6789/0] conn(0x7f56ac107220 0x7f56ac106a50 unknown :-1 s=NONE pgs=0 cs=0 l=1 rev1=0 crypto rx=0 tx=0 comp rx=0 tx=0).connect
2024-05-08T23:09:25.398 INFO:teuthology.orchestra.run.smithi135.stdout:/usr/bin/ceph: stderr
2024-05-08T23:09:24.604+0000 7f56b3df6700 1 -- --> [v2:172.21.15.135:3300/0,v1:172.21.15.135:6789/0] -- mon_getmap magic: 0 v1 -- 0x7f56ac106f90 con 0x7f56ac107220
2024-05-08T23:09:25.398 INFO:teuthology.orchestra.run.smithi135.stdout:/usr/bin/ceph: stderr
2024-05-08T23:09:24.604+0000 7f56b1b92700 1 --2- >> [v2:172.21.15.135:3300/0,v1:172.21.15.135:6789/0] conn(0x7f56ac107220 0x7f56ac106a50 unknown :-1 s=BANNER_CONNECTING pgs=0 cs=0 l=1 rev1=0 crypto rx=0 tx=0 comp rx=0 tx=0)._handle_peer_banner_payload supported=3 required=0
2024-05-08T23:09:25.399 INFO:teuthology.orchestra.run.smithi135.stdout:/usr/bin/ceph: stderr
2024-05-08T23:09:24.604+0000 7f56b1b92700 1 --2- >> [v2:172.21.15.135:3300/0,v1:172.21.15.135:6789/0] conn(0x7f56ac107220 0x7f56ac106a50 unknown :-1 s=HELLO_CONNECTING pgs=0 cs=0 l=1 rev1=1 crypto rx=0 tx=0 comp rx=0 tx=0).handle_hello peer v2:172.21.15.135:3300/0 says I am v2:172.21.15.135:48602/0 (socket says 172.21.15.135:48602)
2024-05-08T23:09:25.399 INFO:teuthology.orchestra.run.smithi135.stdout:/usr/bin/ceph: stderr
2024-05-08T23:09:24.604+0000 7f56b1b92700 1 -- 172.21.15.135:0/3767065434 learned_addr learned my addr 172.21.15.135:0/3767065434 (peer_addr_for_me v2:172.21.15.135:0/0)
2024-05-08T23:09:25.399 INFO:teuthology.orchestra.run.smithi135.stdout:/usr/bin/ceph: stderr
2024-05-08T23:09:24.604+0000 7f56b1b92700 1 -- 172.21.15.135:0/3767065434 --> [v2:172.21.15.135:3300/0,v1:172.21.15.135:6789/0] -- mon_subscribe({config=0+,monmap=0+}) v3 -- 0x7f569c009550 con 0x7f56ac107220
2024-05-08T23:09:25.399 INFO:teuthology.orchestra.run.smithi135.stdout:/usr/bin/ceph: stderr
2024-05-08T23:09:24.604+0000 7f56b1b92700 1 --2- 172.21.15.135:0/3767065434 >> [v2:172.21.15.135:3300/0,v1:172.21.15.135:6789/0] conn(0x7f56ac107220 0x7f56ac106a50 secure :-1 s=READY pgs=73 cs=0 l=1 rev1=1 crypto rx=0x7f569c006af0 tx=0x7f569c011a10 comp rx=0 tx=0).ready entity=mon.0 client_cookie=0 server_cookie=0 in_seq=0 out_seq=0
2024-05-08T23:09:25.399 INFO:teuthology.orchestra.run.smithi135.stdout:/usr/bin/ceph: stderr
2024-05-08T23:09:24.604+0000 7f56a2ffd700 1 -- 172.21.15.135:0/3767065434 <== mon.0 v2:172.21.15.135:3300/0 1 ==== mon_map magic: 0 v1 ==== 205+0+0 (secure 0 0 0) 0x7f569c003a40 con 0x7f56ac107220
2024-05-08T23:09:25.399 INFO:teuthology.orchestra.run.smithi135.stdout:/usr/bin/ceph: stderr
2024-05-08T23:09:24.605+0000 7f56a2ffd700 1 -- 172.21.15.135:0/3767065434 <== mon.0 v2:172.21.15.135:3300/0 2 ==== config(26 keys) v1 ==== 1105+0+0 (secure 0 0 0) 0x7f569c003ba0 con 0x7f56ac107220
2024-05-08T23:09:25.399 INFO:teuthology.orchestra.run.smithi135.stdout:/usr/bin/ceph: stderr
2024-05-08T23:09:24.605+0000 7f56a2ffd700 1 -- 172.21.15.135:0/3767065434 <== mon.0 v2:172.21.15.135:3300/0 3 ==== mon_map magic: 0 v1 ==== 205+0+0 (secure 0 0 0) 0x7f569c0196c0 con 0x7f56ac107220
2024-05-08T23:09:25.399 INFO:teuthology.orchestra.run.smithi135.stdout:/usr/bin/ceph: stderr
2024-05-08T23:09:24.605+0000 7f56b3df6700 1 -- 172.21.15.135:0/3767065434 --> [v2:172.21.15.135:3300/0,v1:172.21.15.135:6789/0] -- mon_subscribe({mgrmap=0+}) v3 -- 0x7f56ac1051d0 con 0x7f56ac107220
2024-05-08T23:09:25.399 INFO:teuthology.orchestra.run.smithi135.stdout:/usr/bin/ceph: stderr
2024-05-08T23:09:24.605+0000 7f56b3df6700 1 -- 172.21.15.135:0/3767065434 --> [v2:172.21.15.135:3300/0,v1:172.21.15.135:6789/0] -- mon_subscribe({osdmap=0}) v3 -- 0x7f56ac105670 con 0x7f56ac107220
2024-05-08T23:09:25.399 INFO:teuthology.orchestra.run.smithi135.stdout:/usr/bin/ceph: stderr
2024-05-08T23:09:24.605+0000 7f56a2ffd700 1 -- 172.21.15.135:0/3767065434 <== mon.0 v2:172.21.15.135:3300/0 4 ==== mgrmap(e 12) v1 ==== 45554+0+0 (secure 0 0 0) 0x7f569c019930 con 0x7f56ac107220
2024-05-08T23:09:25.399 INFO:teuthology.orchestra.run.smithi135.stdout:/usr/bin/ceph: stderr
2024-05-08T23:09:24.605+0000 7f56a2ffd700 1 --2- 172.21.15.135:0/3767065434 >> [v2:172.21.15.135:6800/1743116941,v1:172.21.15.135:6801/1743116941] conn(0x7f5698038750 0x7f569803ac10 unknown :-1 s=NONE pgs=0 cs=0 l=1 rev1=0 crypto rx=0 tx=0 comp rx=0 tx=0).connect
2024-05-08T23:09:25.399 INFO:teuthology.orchestra.run.smithi135.stdout:/usr/bin/ceph: stderr
2024-05-08T23:09:24.606+0000 7f56a2ffd700 1 -- 172.21.15.135:0/3767065434 <== mon.0 v2:172.21.15.135:3300/0 5 ==== osd_map(3..3 src has 1..3) v4 ==== 1155+0+0 (secure 0 0 0) 0x7f569c04cb10 con 0x7f56ac107220
2024-05-08T23:09:25.399 INFO:teuthology.orchestra.run.smithi135.stdout:/usr/bin/ceph: stderr
2024-05-08T23:09:24.606+0000 7f56b1391700 1 --2- 172.21.15.135:0/3767065434 >> [v2:172.21.15.135:6800/1743116941,v1:172.21.15.135:6801/1743116941] conn(0x7f5698038750 0x7f569803ac10 unknown :-1 s=BANNER_CONNECTING pgs=0 cs=0 l=1 rev1=0 crypto rx=0 tx=0 comp rx=0 tx=0)._handle_peer_banner_payload supported=3 required=0
2024-05-08T23:09:25.399 INFO:teuthology.orchestra.run.smithi135.stdout:/usr/bin/ceph: stderr
2024-05-08T23:09:24.606+0000 7f56b3df6700 1 -- 172.21.15.135:0/3767065434 --> [v2:172.21.15.135:3300/0,v1:172.21.15.135:6789/0] -- mon_command({"prefix": "get_command_descriptions"} v 0) v1 -- 0x7f56ac10a930 con 0x7f56ac107220
2024-05-08T23:09:25.400 INFO:teuthology.orchestra.run.smithi135.stdout:/usr/bin/ceph: stderr
2024-05-08T23:09:24.606+0000 7f56b1391700 1 --2- 172.21.15.135:0/3767065434 >> [v2:172.21.15.135:6800/1743116941,v1:172.21.15.135:6801/1743116941] conn(0x7f5698038750 0x7f569803ac10 secure :-1 s=READY pgs=8 cs=0 l=1 rev1=1 crypto rx=0x7f56a8006fd0 tx=0x7f56a8006e40 comp rx=0 tx=0).ready entity=mgr.14152 client_cookie=0 server_cookie=0 in_seq=0 out_seq=0
2024-05-08T23:09:25.400 INFO:teuthology.orchestra.run.smithi135.stdout:/usr/bin/ceph: stderr
2024-05-08T23:09:24.611+0000 7f56a2ffd700 1 -- 172.21.15.135:0/3767065434 <== mon.0 v2:172.21.15.135:3300/0 6 ==== mon_command_ack([{"prefix": "get_command_descriptions"}]=0 v0) v1 ==== 72+0+183622 (secure 0 0 0) 0x7f569c0243f0 con 0x7f56ac107220
2024-05-08T23:09:25.400 INFO:teuthology.orchestra.run.smithi135.stdout:/usr/bin/ceph: stderr
2024-05-08T23:09:24.819+0000 7f56b3df6700 1 -- 172.21.15.135:0/3767065434 --> [v2:172.21.15.135:6800/1743116941,v1:172.21.15.135:6801/1743116941] -- mgr_command(tid 0: {"prefix": "dashboard ac-user-create", "username": "admin", "rolename": "administrator", "force_password": true, "pwd_update_required": true, "target": ["mon-mgr", ""]}) v1 -- 0x7f56ac0623f0 con 0x7f5698038750
2024-05-08T23:09:25.400 INFO:teuthology.orchestra.run.smithi135.stdout:/usr/bin/ceph: stderr
2024-05-08T23:09:25.037+0000 7f56a2ffd700 1 -- 172.21.15.135:0/3767065434 <== mgr.14152 v2:172.21.15.135:6800/1743116941 1 ==== mgr_command_reply(tid 0: 0 ) v1 ==== 8+0+252 (secure 0 0 0) 0x7f56ac0623f0 con 0x7f5698038750
2024-05-08T23:09:25.400 INFO:teuthology.orchestra.run.smithi135.stdout:/usr/bin/ceph: stderr
2024-05-08T23:09:25.039+0000 7f56b3df6700 1 -- 172.21.15.135:0/3767065434 >> [v2:172.21.15.135:6800/1743116941,v1:172.21.15.135:6801/1743116941] conn(0x7f5698038750 msgr2=0x7f569803ac10 secure :-1 s=STATE_CONNECTION_ESTABLISHED l=1).mark_down
2024-05-08T23:09:25.400 INFO:teuthology.orchestra.run.smithi135.stdout:/usr/bin/ceph: stderr
2024-05-08T23:09:25.039+0000 7f56b3df6700 1 --2- 172.21.15.135:0/3767065434 >> [v2:172.21.15.135:6800/1743116941,v1:172.21.15.135:6801/1743116941] conn(0x7f5698038750 0x7f569803ac10 secure :-1 s=READY pgs=8 cs=0 l=1 rev1=1 crypto rx=0x7f56a8006fd0 tx=0x7f56a8006e40 comp rx=0 tx=0).stop
2024-05-08T23:09:25.400 INFO:teuthology.orchestra.run.smithi135.stdout:/usr/bin/ceph: stderr
2024-05-08T23:09:25.039+0000 7f56b3df6700 1 -- 172.21.15.135:0/3767065434 >> [v2:172.21.15.135:3300/0,v1:172.21.15.135:6789/0] conn(0x7f56ac107220 msgr2=0x7f56ac106a50 secure :-1 s=STATE_CONNECTION_ESTABLISHED l=1).mark_down
2024-05-08T23:09:25.400 INFO:teuthology.orchestra.run.smithi135.stdout:/usr/bin/ceph: stderr
2024-05-08T23:09:25.039+0000 7f56b3df6700 1 --2- 172.21.15.135:0/3767065434 >> [v2:172.21.15.135:3300/0,v1:172.21.15.135:6789/0] conn(0x7f56ac107220 0x7f56ac106a50 secure :-1 s=READY pgs=73 cs=0 l=1 rev1=1 crypto rx=0x7f569c006af0 tx=0x7f569c011a10 comp rx=0 tx=0).stop
2024-05-08T23:09:25.400 INFO:teuthology.orchestra.run.smithi135.stdout:/usr/bin/ceph: stderr
2024-05-08T23:09:25.039+0000 7f56b3df6700 1 -- 172.21.15.135:0/3767065434 shutdown_connections
2024-05-08T23:09:25.400 INFO:teuthology.orchestra.run.smithi135.stdout:/usr/bin/ceph: stderr
2024-05-08T23:09:25.039+0000 7f56b3df6700 1 --2- 172.21.15.135:0/3767065434 >> [v2:172.21.15.135:6800/1743116941,v1:172.21.15.135:6801/1743116941] conn(0x7f5698038750 0x7f569803ac10 unknown :-1 s=CLOSED pgs=8 cs=0 l=1 rev1=1 crypto rx=0 tx=0 comp rx=0 tx=0).stop
2024-05-08T23:09:25.400 INFO:teuthology.orchestra.run.smithi135.stdout:/usr/bin/ceph: stderr
2024-05-08T23:09:25.039+0000 7f56b3df6700 1 --2- 172.21.15.135:0/3767065434 >> [v2:172.21.15.135:3300/0,v1:172.21.15.135:6789/0] conn(0x7f56ac107220 0x7f56ac106a50 unknown :-1 s=CLOSED pgs=73 cs=0 l=1 rev1=1 crypto rx=0 tx=0 comp rx=0 tx=0).stop
2024-05-08T23:09:25.400 INFO:teuthology.orchestra.run.smithi135.stdout:/usr/bin/ceph: stderr
2024-05-08T23:09:25.039+0000 7f56b3df6700 1 -- 172.21.15.135:0/3767065434 >> 172.21.15.135:0/3767065434 conn(0x7f56ac100bd0 msgr2=0x7f56ac1017f0 unknown :-1 s=STATE_NONE l=0).mark_down
2024-05-08T23:09:25.400 INFO:teuthology.orchestra.run.smithi135.stdout:/usr/bin/ceph: stderr
2024-05-08T23:09:25.039+0000 7f56b3df6700 1 -- 172.21.15.135:0/3767065434 shutdown_connections
2024-05-08T23:09:25.400 INFO:teuthology.orchestra.run.smithi135.stdout:/usr/bin/ceph: stderr
2024-05-08T23:09:25.040+0000 7f56b3df6700 1 -- 172.21.15.135:0/3767065434 wait complete.
2024-05-08T23:09:25.400 INFO:teuthology.orchestra.run.smithi135.stdout:Fetching dashboard port number...
2024-05-08T23:09:26.304 INFO:teuthology.orchestra.run.smithi135.stdout:/usr/bin/ceph: stdout 8443
2024-05-08T23:09:26.304 INFO:teuthology.orchestra.run.smithi135.stdout:/usr/bin/ceph: stderr
2024-05-08T23:09:25.734+0000 7f0ae5f11700 1 Processor -- start
2024-05-08T23:09:26.304 INFO:teuthology.orchestra.run.smithi135.stdout:/usr/bin/ceph: stderr
2024-05-08T23:09:25.734+0000 7f0ae5f11700 1 -- start start
2024-05-08T23:09:26.304 INFO:teuthology.orchestra.run.smithi135.stdout:/usr/bin/ceph: stderr
2024-05-08T23:09:25.734+0000 7f0ae5f11700 1 --2- >> [v2:172.21.15.135:3300/0,v1:172.21.15.135:6789/0] conn(0x7f0ae0107190 0x7f0ae0109580 unknown :-1 s=NONE pgs=0 cs=0 l=0 rev1=0 crypto rx=0 tx=0 comp rx=0 tx=0).connect
2024-05-08T23:09:26.304 INFO:teuthology.orchestra.run.smithi135.stdout:/usr/bin/ceph: stderr
2024-05-08T23:09:25.734+0000 7f0ae5f11700 1 -- --> [v2:172.21.15.135:3300/0,v1:172.21.15.135:6789/0] -- mon_getmap magic: 0 v1 -- 0x7f0ae0079ed0 con 0x7f0ae0107190
2024-05-08T23:09:26.305 INFO:teuthology.orchestra.run.smithi135.stdout:/usr/bin/ceph: stderr
2024-05-08T23:09:25.734+0000 7f0adf7fe700 1 --2- >> [v2:172.21.15.135:3300/0,v1:172.21.15.135:6789/0] conn(0x7f0ae0107190 0x7f0ae0109580 unknown :-1 s=BANNER_CONNECTING pgs=0 cs=0 l=0 rev1=0 crypto rx=0 tx=0 comp rx=0 tx=0)._handle_peer_banner_payload supported=3 required=0
2024-05-08T23:09:26.305 INFO:teuthology.orchestra.run.smithi135.stdout:/usr/bin/ceph: stderr
2024-05-08T23:09:25.734+0000 7f0adf7fe700 1 --2- >> [v2:172.21.15.135:3300/0,v1:172.21.15.135:6789/0] conn(0x7f0ae0107190 0x7f0ae0109580 unknown :-1 s=HELLO_CONNECTING pgs=0 cs=0 l=0 rev1=1 crypto rx=0 tx=0 comp rx=0 tx=0).handle_hello peer v2:172.21.15.135:3300/0 says I am v2:172.21.15.135:48604/0 (socket says 172.21.15.135:48604)
2024-05-08T23:09:26.305 INFO:teuthology.orchestra.run.smithi135.stdout:/usr/bin/ceph: stderr
2024-05-08T23:09:25.734+0000 7f0adf7fe700 1 -- 172.21.15.135:0/1826814505 learned_addr learned my addr 172.21.15.135:0/1826814505 (peer_addr_for_me v2:172.21.15.135:0/0)
2024-05-08T23:09:26.305 INFO:teuthology.orchestra.run.smithi135.stdout:/usr/bin/ceph: stderr
2024-05-08T23:09:25.735+0000 7f0adf7fe700 1 -- 172.21.15.135:0/1826814505 --> [v2:172.21.15.135:3300/0,v1:172.21.15.135:6789/0] -- mon_subscribe({config=0+,monmap=0+}) v3 -- 0x7f0ae0109ac0 con 0x7f0ae0107190
2024-05-08T23:09:26.305 INFO:teuthology.orchestra.run.smithi135.stdout:/usr/bin/ceph: stderr
2024-05-08T23:09:25.735+0000 7f0adf7fe700 1 --2- 172.21.15.135:0/1826814505 >> [v2:172.21.15.135:3300/0,v1:172.21.15.135:6789/0] conn(0x7f0ae0107190 0x7f0ae0109580 secure :-1 s=READY pgs=74 cs=0 l=1 rev1=1 crypto rx=0x7f0ad40098a0 tx=0x7f0ad4009bb0 comp rx=0 tx=0).ready entity=mon.0 client_cookie=4db6347b338772dd server_cookie=0 in_seq=0 out_seq=0
2024-05-08T23:09:26.305 INFO:teuthology.orchestra.run.smithi135.stdout:/usr/bin/ceph: stderr
2024-05-08T23:09:25.735+0000 7f0ade7fc700 1 -- 172.21.15.135:0/1826814505 <== mon.0 v2:172.21.15.135:3300/0 1 ==== mon_map magic: 0 v1 ==== 205+0+0 (secure 0 0 0) 0x7f0ad4004160 con 0x7f0ae0107190
2024-05-08T23:09:26.305 INFO:teuthology.orchestra.run.smithi135.stdout:/usr/bin/ceph: stderr
2024-05-08T23:09:25.735+0000 7f0ade7fc700 1 -- 172.21.15.135:0/1826814505 <== mon.0 v2:172.21.15.135:3300/0 2 ==== config(26 keys) v1 ==== 1105+0+0 (secure 0 0 0) 0x7f0ad40042c0 con 0x7f0ae0107190
2024-05-08T23:09:26.305 INFO:teuthology.orchestra.run.smithi135.stdout:/usr/bin/ceph: stderr
2024-05-08T23:09:25.735+0000 7f0ade7fc700 1 -- 172.21.15.135:0/1826814505 <== mon.0 v2:172.21.15.135:3300/0 3 ==== mon_map magic: 0 v1 ==== 205+0+0 (secure 0 0 0) 0x7f0ad40119b0 con 0x7f0ae0107190
2024-05-08T23:09:26.305 INFO:teuthology.orchestra.run.smithi135.stdout:/usr/bin/ceph: stderr
2024-05-08T23:09:25.736+0000 7f0ae5f11700 1 -- 172.21.15.135:0/1826814505 >> [v2:172.21.15.135:3300/0,v1:172.21.15.135:6789/0] conn(0x7f0ae0107190 msgr2=0x7f0ae0109580 secure :-1 s=STATE_CONNECTION_ESTABLISHED l=1).mark_down
2024-05-08T23:09:26.305 INFO:teuthology.orchestra.run.smithi135.stdout:/usr/bin/ceph: stderr
2024-05-08T23:09:25.736+0000 7f0ae5f11700 1 --2- 172.21.15.135:0/1826814505 >> [v2:172.21.15.135:3300/0,v1:172.21.15.135:6789/0] conn(0x7f0ae0107190 0x7f0ae0109580 secure :-1 s=READY pgs=74 cs=0 l=1 rev1=1 crypto rx=0x7f0ad40098a0 tx=0x7f0ad4009bb0 comp rx=0 tx=0).stop
2024-05-08T23:09:26.305 INFO:teuthology.orchestra.run.smithi135.stdout:/usr/bin/ceph: stderr
2024-05-08T23:09:25.736+0000 7f0ae5f11700 1 -- 172.21.15.135:0/1826814505 shutdown_connections
2024-05-08T23:09:26.305 INFO:teuthology.orchestra.run.smithi135.stdout:/usr/bin/ceph: stderr
2024-05-08T23:09:25.736+0000 7f0ae5f11700 1 --2- 172.21.15.135:0/1826814505 >> [v2:172.21.15.135:3300/0,v1:172.21.15.135:6789/0] conn(0x7f0ae0107190 0x7f0ae0109580 unknown :-1 s=CLOSED pgs=74 cs=0 l=1 rev1=1 crypto rx=0 tx=0 comp rx=0 tx=0).stop
2024-05-08T23:09:26.305 INFO:teuthology.orchestra.run.smithi135.stdout:/usr/bin/ceph: stderr
2024-05-08T23:09:25.736+0000 7f0ae5f11700 1 -- 172.21.15.135:0/1826814505 >> 172.21.15.135:0/1826814505 conn(0x7f0ae0100bc0 msgr2=0x7f0ae0103000 unknown :-1 s=STATE_NONE l=0).mark_down
2024-05-08T23:09:26.305 INFO:teuthology.orchestra.run.smithi135.stdout:/usr/bin/ceph: stderr
2024-05-08T23:09:25.736+0000 7f0ae5f11700 1 -- 172.21.15.135:0/1826814505 shutdown_connections
2024-05-08T23:09:26.306 INFO:teuthology.orchestra.run.smithi135.stdout:/usr/bin/ceph: stderr
