2024-05-08T23:08:52.947 INFO:teuthology.orchestra.run.smithi135.stdout:/usr/bin/ceph: stderr
2024-05-08T23:08:52.334+0000 7fa314880700 1 -- 172.21.15.135:0/3298115888 shutdown_connections
2024-05-08T23:08:52.947 INFO:teuthology.orchestra.run.smithi135.stdout:/usr/bin/ceph: stderr
2024-05-08T23:08:52.334+0000 7fa314880700 1 -- 172.21.15.135:0/3298115888 wait complete.
2024-05-08T23:08:52.947 INFO:teuthology.orchestra.run.smithi135.stdout:/usr/bin/ceph: stderr
2024-05-08T23:08:52.335+0000 7fa314880700 1 Processor -- start
2024-05-08T23:08:52.947 INFO:teuthology.orchestra.run.smithi135.stdout:/usr/bin/ceph: stderr
2024-05-08T23:08:52.335+0000 7fa314880700 1 -- start start
2024-05-08T23:08:52.947 INFO:teuthology.orchestra.run.smithi135.stdout:/usr/bin/ceph: stderr
2024-05-08T23:08:52.335+0000 7fa314880700 1 --2- >> [v2:172.21.15.135:3300/0,v1:172.21.15.135:6789/0] conn(0x7fa310105060 0x7fa31019c700 unknown :-1 s=NONE pgs=0 cs=0 l=1 rev1=0 crypto rx=0 tx=0 comp rx=0 tx=0).connect
2024-05-08T23:08:52.947 INFO:teuthology.orchestra.run.smithi135.stdout:/usr/bin/ceph: stderr
2024-05-08T23:08:52.335+0000 7fa314880700 1 -- --> [v2:172.21.15.135:3300/0,v1:172.21.15.135:6789/0] -- mon_getmap magic: 0 v1 -- 0x7fa31019cc40 con 0x7fa310105060
2024-05-08T23:08:52.947 INFO:teuthology.orchestra.run.smithi135.stdout:/usr/bin/ceph: stderr
2024-05-08T23:08:52.335+0000 7fa30e59c700 1 --2- >> [v2:172.21.15.135:3300/0,v1:172.21.15.135:6789/0] conn(0x7fa310105060 0x7fa31019c700 unknown :-1 s=BANNER_CONNECTING pgs=0 cs=0 l=1 rev1=0 crypto rx=0 tx=0 comp rx=0 tx=0)._handle_peer_banner_payload supported=3 required=0
2024-05-08T23:08:52.947 INFO:teuthology.orchestra.run.smithi135.stdout:/usr/bin/ceph: stderr
2024-05-08T23:08:52.335+0000 7fa30e59c700 1 --2- >> [v2:172.21.15.135:3300/0,v1:172.21.15.135:6789/0] conn(0x7fa310105060 0x7fa31019c700 unknown :-1 s=HELLO_CONNECTING pgs=0 cs=0 l=1 rev1=1 crypto rx=0 tx=0 comp rx=0 tx=0).handle_hello peer v2:172.21.15.135:3300/0 says I am v2:172.21.15.135:60222/0 (socket says 172.21.15.135:60222)
2024-05-08T23:08:52.947 INFO:teuthology.orchestra.run.smithi135.stdout:/usr/bin/ceph: stderr
2024-05-08T23:08:52.335+0000 7fa30e59c700 1 -- 172.21.15.135:0/3686459777 learned_addr learned my addr 172.21.15.135:0/3686459777 (peer_addr_for_me v2:172.21.15.135:0/0)
2024-05-08T23:08:52.947 INFO:teuthology.orchestra.run.smithi135.stdout:/usr/bin/ceph: stderr
2024-05-08T23:08:52.335+0000 7fa30e59c700 1 -- 172.21.15.135:0/3686459777 --> [v2:172.21.15.135:3300/0,v1:172.21.15.135:6789/0] -- mon_subscribe({config=0+,monmap=0+}) v3 -- 0x7fa300009550 con 0x7fa310105060
2024-05-08T23:08:52.947 INFO:teuthology.orchestra.run.smithi135.stdout:/usr/bin/ceph: stderr
2024-05-08T23:08:52.335+0000 7fa30e59c700 1 --2- 172.21.15.135:0/3686459777 >> [v2:172.21.15.135:3300/0,v1:172.21.15.135:6789/0] conn(0x7fa310105060 0x7fa31019c700 secure :-1 s=READY pgs=27 cs=0 l=1 rev1=1 crypto rx=0x7fa300009130 tx=0x7fa300011ad0 comp rx=0 tx=0).ready entity=mon.0 client_cookie=0 server_cookie=0 in_seq=0 out_seq=0
2024-05-08T23:08:52.947 INFO:teuthology.orchestra.run.smithi135.stdout:/usr/bin/ceph: stderr
2024-05-08T23:08:52.335+0000 7fa2ff7fe700 1 -- 172.21.15.135:0/3686459777 <== mon.0 v2:172.21.15.135:3300/0 1 ==== mon_map magic: 0 v1 ==== 205+0+0 (secure 0 0 0) 0x7fa3000038b0 con 0x7fa310105060
2024-05-08T23:08:52.947 INFO:teuthology.orchestra.run.smithi135.stdout:/usr/bin/ceph: stderr
2024-05-08T23:08:52.336+0000 7fa2ff7fe700 1 -- 172.21.15.135:0/3686459777 <== mon.0 v2:172.21.15.135:3300/0 2 ==== config(26 keys) v1 ==== 1074+0+0 (secure 0 0 0) 0x7fa300003a10 con 0x7fa310105060
2024-05-08T23:08:52.948 INFO:teuthology.orchestra.run.smithi135.stdout:/usr/bin/ceph: stderr
2024-05-08T23:08:52.336+0000 7fa314880700 1 -- 172.21.15.135:0/3686459777 --> [v2:172.21.15.135:3300/0,v1:172.21.15.135:6789/0] -- mon_subscribe({mgrmap=0+}) v3 -- 0x7fa31019ce40 con 0x7fa310105060
2024-05-08T23:08:52.948 INFO:teuthology.orchestra.run.smithi135.stdout:/usr/bin/ceph: stderr
2024-05-08T23:08:52.336+0000 7fa2ff7fe700 1 -- 172.21.15.135:0/3686459777 <== mon.0 v2:172.21.15.135:3300/0 3 ==== mon_map magic: 0 v1 ==== 205+0+0 (secure 0 0 0) 0x7fa300019550 con 0x7fa310105060
2024-05-08T23:08:52.948 INFO:teuthology.orchestra.run.smithi135.stdout:/usr/bin/ceph: stderr
2024-05-08T23:08:52.336+0000 7fa314880700 1 -- 172.21.15.135:0/3686459777 --> [v2:172.21.15.135:3300/0,v1:172.21.15.135:6789/0] -- mon_subscribe({osdmap=0}) v3 -- 0x7fa31019d2e0 con 0x7fa310105060
2024-05-08T23:08:52.948 INFO:teuthology.orchestra.run.smithi135.stdout:/usr/bin/ceph: stderr
2024-05-08T23:08:52.336+0000 7fa2ff7fe700 1 -- 172.21.15.135:0/3686459777 <== mon.0 v2:172.21.15.135:3300/0 4 ==== mgrmap(e 5) v1 ==== 45541+0+0 (secure 0 0 0) 0x7fa300019810 con 0x7fa310105060
2024-05-08T23:08:52.948 INFO:teuthology.orchestra.run.smithi135.stdout:/usr/bin/ceph: stderr
2024-05-08T23:08:52.336+0000 7fa314880700 1 -- 172.21.15.135:0/3686459777 --> [v2:172.21.15.135:3300/0,v1:172.21.15.135:6789/0] -- mon_command({"prefix": "get_command_descriptions"} v 0) v1 -- 0x7fa310196380 con 0x7fa310105060
2024-05-08T23:08:52.948 INFO:teuthology.orchestra.run.smithi135.stdout:/usr/bin/ceph: stderr
2024-05-08T23:08:52.337+0000 7fa2ff7fe700 1 --2- 172.21.15.135:0/3686459777 >> [v2:172.21.15.135:6800/104127578,v1:172.21.15.135:6801/104127578] conn(0x7fa2f8038690 0x7fa2f803ab50 unknown :-1 s=NONE pgs=0 cs=0 l=1 rev1=0 crypto rx=0 tx=0 comp rx=0 tx=0).connect
2024-05-08T23:08:52.948 INFO:teuthology.orchestra.run.smithi135.stdout:/usr/bin/ceph: stderr
2024-05-08T23:08:52.337+0000 7fa2ff7fe700 1 -- 172.21.15.135:0/3686459777 <== mon.0 v2:172.21.15.135:3300/0 5 ==== osd_map(1..1 src has 1..1) v4 ==== 725+0+0 (secure 0 0 0) 0x7fa30004c490 con 0x7fa310105060
2024-05-08T23:08:52.948 INFO:teuthology.orchestra.run.smithi135.stdout:/usr/bin/ceph: stderr
2024-05-08T23:08:52.337+0000 7fa30dd9b700 1 -- 172.21.15.135:0/3686459777 >> [v2:172.21.15.135:6800/104127578,v1:172.21.15.135:6801/104127578] conn(0x7fa2f8038690 msgr2=0x7fa2f803ab50 unknown :-1 s=STATE_CONNECTING_RE l=1).process reconnect failed to v2:172.21.15.135:6800/104127578
2024-05-08T23:08:52.948 INFO:teuthology.orchestra.run.smithi135.stdout:/usr/bin/ceph: stderr
2024-05-08T23:08:52.337+0000 7fa30dd9b700 1 --2- 172.21.15.135:0/3686459777 >> [v2:172.21.15.135:6800/104127578,v1:172.21.15.135:6801/104127578] conn(0x7fa2f8038690 0x7fa2f803ab50 unknown :-1 s=START_CONNECT pgs=0 cs=0 l=1 rev1=0 crypto rx=0 tx=0 comp rx=0 tx=0)._fault waiting 0.200000
2024-05-08T23:08:52.948 INFO:teuthology.orchestra.run.smithi135.stdout:/usr/bin/ceph: stderr
2024-05-08T23:08:52.342+0000 7fa2ff7fe700 1 -- 172.21.15.135:0/3686459777 <== mon.0 v2:172.21.15.135:3300/0 6 ==== mon_command_ack([{"prefix": "get_command_descriptions"}]=0 v0) v1 ==== 72+0+183622 (secure 0 0 0) 0x7fa30002d960 con 0x7fa310105060
2024-05-08T23:08:52.948 INFO:teuthology.orchestra.run.smithi135.stdout:/usr/bin/ceph: stderr
2024-05-08T23:08:52.538+0000 7fa30dd9b700 1 -- 172.21.15.135:0/3686459777 >> [v2:172.21.15.135:6800/104127578,v1:172.21.15.135:6801/104127578] conn(0x7fa2f8038690 msgr2=0x7fa2f803ab50 unknown :-1 s=STATE_CONNECTING_RE l=1).process reconnect failed to v2:172.21.15.135:6800/104127578
2024-05-08T23:08:52.948 INFO:teuthology.orchestra.run.smithi135.stdout:/usr/bin/ceph: stderr
2024-05-08T23:08:52.538+0000 7fa30dd9b700 1 --2- 172.21.15.135:0/3686459777 >> [v2:172.21.15.135:6800/104127578,v1:172.21.15.135:6801/104127578] conn(0x7fa2f8038690 0x7fa2f803ab50 unknown :-1 s=START_CONNECT pgs=0 cs=0 l=1 rev1=0 crypto rx=0 tx=0 comp rx=0 tx=0)._fault waiting 0.400000
2024-05-08T23:08:52.948 INFO:teuthology.orchestra.run.smithi135.stdout:/usr/bin/ceph: stderr
2024-05-08T23:08:52.598+0000 7fa314880700 1 -- 172.21.15.135:0/3686459777 --> [v2:172.21.15.135:3300/0,v1:172.21.15.135:6789/0] -- mon_command({"prefix": "mgr stat"} v 0) v1 -- 0x7fa310106830 con 0x7fa310105060
2024-05-08T23:08:52.948 INFO:teuthology.orchestra.run.smithi135.stdout:/usr/bin/ceph: stderr
2024-05-08T23:08:52.598+0000 7fa2ff7fe700 1 -- 172.21.15.135:0/3686459777 <== mon.0 v2:172.21.15.135:3300/0 7 ==== mon_command_ack([{"prefix": "mgr stat"}]=0 v5) v1 ==== 56+0+88 (secure 0 0 0) 0x7fa300018b40 con 0x7fa310105060
2024-05-08T23:08:52.949 INFO:teuthology.orchestra.run.smithi135.stdout:/usr/bin/ceph: stderr
2024-05-08T23:08:52.600+0000 7fa314880700 1 -- 172.21.15.135:0/3686459777 >> [v2:172.21.15.135:6800/104127578,v1:172.21.15.135:6801/104127578] conn(0x7fa2f8038690 msgr2=0x7fa2f803ab50 unknown :-1 s=STATE_CONNECTING l=1).mark_down
2024-05-08T23:08:52.949 INFO:teuthology.orchestra.run.smithi135.stdout:/usr/bin/ceph: stderr
2024-05-08T23:08:52.600+0000 7fa314880700 1 --2- 172.21.15.135:0/3686459777 >> [v2:172.21.15.135:6800/104127578,v1:172.21.15.135:6801/104127578] conn(0x7fa2f8038690 0x7fa2f803ab50 unknown :-1 s=START_CONNECT pgs=0 cs=0 l=1 rev1=0 crypto rx=0 tx=0 comp rx=0 tx=0).stop
2024-05-08T23:08:52.949 INFO:teuthology.orchestra.run.smithi135.stdout:/usr/bin/ceph: stderr
2024-05-08T23:08:52.600+0000 7fa314880700 1 -- 172.21.15.135:0/3686459777 >> [v2:172.21.15.135:3300/0,v1:172.21.15.135:6789/0] conn(0x7fa310105060 msgr2=0x7fa31019c700 secure :-1 s=STATE_CONNECTION_ESTABLISHED l=1).mark_down
2024-05-08T23:08:52.949 INFO:teuthology.orchestra.run.smithi135.stdout:/usr/bin/ceph: stderr
2024-05-08T23:08:52.600+0000 7fa314880700 1 --2- 172.21.15.135:0/3686459777 >> [v2:172.21.15.135:3300/0,v1:172.21.15.135:6789/0] conn(0x7fa310105060 0x7fa31019c700 secure :-1 s=READY pgs=27 cs=0 l=1 rev1=1 crypto rx=0x7fa300009130 tx=0x7fa300011ad0 comp rx=0 tx=0).stop
2024-05-08T23:08:52.949 INFO:teuthology.orchestra.run.smithi135.stdout:/usr/bin/ceph: stderr
2024-05-08T23:08:52.600+0000 7fa314880700 1 -- 172.21.15.135:0/3686459777 shutdown_connections
2024-05-08T23:08:52.949 INFO:teuthology.orchestra.run.smithi135.stdout:/usr/bin/ceph: stderr
2024-05-08T23:08:52.600+0000 7fa314880700 1 --2- 172.21.15.135:0/3686459777 >> [v2:172.21.15.135:6800/104127578,v1:172.21.15.135:6801/104127578] conn(0x7fa2f8038690 0x7fa2f803ab50 unknown :-1 s=CLOSED pgs=0 cs=0 l=1 rev1=0 crypto rx=0 tx=0 comp rx=0 tx=0).stop
2024-05-08T23:08:52.949 INFO:teuthology.orchestra.run.smithi135.stdout:/usr/bin/ceph: stderr
2024-05-08T23:08:52.600+0000 7fa314880700 1 --2- 172.21.15.135:0/3686459777 >> [v2:172.21.15.135:3300/0,v1:172.21.15.135:6789/0] conn(0x7fa310105060 0x7fa31019c700 unknown :-1 s=CLOSED pgs=27 cs=0 l=1 rev1=1 crypto rx=0 tx=0 comp rx=0 tx=0).stop
2024-05-08T23:08:52.949 INFO:teuthology.orchestra.run.smithi135.stdout:/usr/bin/ceph: stderr
2024-05-08T23:08:52.600+0000 7fa314880700 1 -- 172.21.15.135:0/3686459777 >> 172.21.15.135:0/3686459777 conn(0x7fa310100c80 msgr2=0x7fa3101934c0 unknown :-1 s=STATE_NONE l=0).mark_down
2024-05-08T23:08:52.949 INFO:teuthology.orchestra.run.smithi135.stdout:/usr/bin/ceph: stderr
2024-05-08T23:08:52.600+0000 7fa314880700 1 -- 172.21.15.135:0/3686459777 shutdown_connections
2024-05-08T23:08:52.949 INFO:teuthology.orchestra.run.smithi135.stdout:/usr/bin/ceph: stderr
2024-05-08T23:08:52.600+0000 7fa314880700 1 -- 172.21.15.135:0/3686459777 wait complete.
2024-05-08T23:08:52.949 INFO:teuthology.orchestra.run.smithi135.stdout:Waiting for the mgr to restart...
2024-05-08T23:08:52.949 INFO:teuthology.orchestra.run.smithi135.stdout:Waiting for mgr epoch 5...
2024-05-08T23:08:53.203 INFO:journalctl@ceph.mgr.x.smithi135.stdout:May 08 23:08:53 smithi135 ceph-c804a50a-0d8f-11ef-bc97-c7b262605968-mgr-x[42691]:
2024-05-08T23:08:53.012+0000 7fd1ed630200 -1 mgr[py] Module orchestrator has missing NOTIFY_TYPES member
2024-05-08T23:08:53.634 INFO:journalctl@ceph.mgr.x.smithi135.stdout:May 08 23:08:53 smithi135 ceph-c804a50a-0d8f-11ef-bc97-c7b262605968-mgr-x[42691]:
2024-05-08T23:08:53.278+0000 7fd1ed630200 -1 mgr[py] Module nfs has missing NOTIFY_TYPES member
2024-05-08T23:08:53.634 INFO:journalctl@ceph.mgr.x.smithi135.stdout:May 08 23:08:53 smithi135 ceph-c804a50a-0d8f-11ef-bc97-c7b262605968-mgr-x[42691]:
2024-05-08T23:08:53.368+0000 7fd1ed630200 -1 mgr[py] Module zabbix has missing NOTIFY_TYPES member
2024-05-08T23:08:53.635 INFO:journalctl@ceph.mgr.x.smithi135.stdout:May 08 23:08:53 smithi135 ceph-c804a50a-0d8f-11ef-bc97-c7b262605968-mgr-x[42691]:
2024-05-08T23:08:53.478+0000 7fd1ed630200 -1 mgr[py] Module rbd_support has missing NOTIFY_TYPES member
2024-05-08T23:08:53.635 INFO:journalctl@ceph.mgr.x.smithi135.stdout:May 08 23:08:53 smithi135 ceph-c804a50a-0d8f-11ef-bc97-c7b262605968-mgr-x[42691]:
2024-05-08T23:08:53.635+0000 7fd1ed630200 -1 mgr[py] Module status has missing NOTIFY_TYPES member
2024-05-08T23:08:53.953 INFO:journalctl@ceph.mgr.x.smithi135.stdout:May 08 23:08:53 smithi135 ceph-c804a50a-0d8f-11ef-bc97-c7b262605968-mgr-x[42691]:
2024-05-08T23:08:53.762+0000 7fd1ed630200 -1 mgr[py] Module diskprediction_local has missing NOTIFY_TYPES member
2024-05-08T23:08:53.953 INFO:journalctl@ceph.mgr.x.smithi135.stdout:May 08 23:08:53 smithi135 ceph-c804a50a-0d8f-11ef-bc97-c7b262605968-mgr-x[42691]:
2024-05-08T23:08:53.846+0000 7fd1ed630200 -1 mgr[py] Module telegraf has missing NOTIFY_TYPES member
2024-05-08T23:08:54.604 INFO:journalctl@ceph.mgr.x.smithi135.stdout:May 08 23:08:54 smithi135 ceph-c804a50a-0d8f-11ef-bc97-c7b262605968-mgr-x[42691]:
2024-05-08T23:08:54.216+0000 7fd1ed630200 -1 mgr[py] Module influx has missing NOTIFY_TYPES member
2024-05-08T23:08:54.889 INFO:journalctl@ceph.mgr.x.smithi135.stdout:May 08 23:08:54 smithi135 ceph-c804a50a-0d8f-11ef-bc97-c7b262605968-mgr-x[42691]:
2024-05-08T23:08:54.604+0000 7fd1ed630200 -1 mgr[py] Module pg_autoscaler has missing NOTIFY_TYPES member
2024-05-08T23:08:54.889 INFO:journalctl@ceph.mgr.x.smithi135.stdout:May 08 23:08:54 smithi135 ceph-c804a50a-0d8f-11ef-bc97-c7b262605968-mgr-x[42691]:
2024-05-08T23:08:54.798+0000 7fd1ed630200 -1 mgr[py] Module rgw has missing NOTIFY_TYPES member
2024-05-08T23:08:54.889 INFO:journalctl@ceph.mgr.x.smithi135.stdout:May 08 23:08:54 smithi135 ceph-c804a50a-0d8f-11ef-bc97-c7b262605968-mgr-x[42691]:
2024-05-08T23:08:54.890+0000 7fd1ed630200 -1 mgr[py] Module balancer has missing NOTIFY_TYPES member
2024-05-08T23:08:55.953 INFO:journalctl@ceph.mgr.x.smithi135.stdout:May 08 23:08:55 smithi135 ceph-c804a50a-0d8f-11ef-bc97-c7b262605968-mgr-x[42691]:
2024-05-08T23:08:55.647+0000 7fd1ed630200 -1 mgr[py] Module iostat has missing NOTIFY_TYPES member
2024-05-08T23:08:55.953 INFO:journalctl@ceph.mgr.x.smithi135.stdout:May 08 23:08:55 smithi135 ceph-c804a50a-0d8f-11ef-bc97-c7b262605968-mgr-x[42691]:
2024-05-08T23:08:55.744+0000 7fd1ed630200 -1 mgr[py] Module snap_schedule has missing NOTIFY_TYPES member
2024-05-08T23:08:55.953 INFO:journalctl@ceph.mgr.x.smithi135.stdout:May 08 23:08:55 smithi135 ceph-c804a50a-0d8f-11ef-bc97-c7b262605968-mgr-x[42691]:
2024-05-08T23:08:55.892+0000 7fd1ed630200 -1 mgr[py] Module telemetry has missing NOTIFY_TYPES member
2024-05-08T23:08:56.896 INFO:journalctl@ceph.mgr.x.smithi135.stdout:May 08 23:08:56 smithi135 ceph-c804a50a-0d8f-11ef-bc97-c7b262605968-mgr-x[42691]:
2024-05-08T23:08:56.519+0000 7fd1ed630200 -1 mgr[py] Module rook has missing NOTIFY_TYPES member
2024-05-08T23:08:56.896 INFO:journalctl@ceph.mgr.x.smithi135.stdout:May 08 23:08:56 smithi135 ceph-c804a50a-0d8f-11ef-bc97-c7b262605968-mgr-x[42691]:
2024-05-08T23:08:56.701+0000 7fd1ed630200 -1 mgr[py] Module selftest has missing NOTIFY_TYPES member
2024-05-08T23:08:57.203 INFO:journalctl@ceph.mgr.x.smithi135.stdout:May 08 23:08:56 smithi135 ceph-c804a50a-0d8f-11ef-bc97-c7b262605968-mgr-x[42691]:
2024-05-08T23:08:56.897+0000 7fd1ed630200 -1 mgr[py] Module devicehealth has missing NOTIFY_TYPES member
2024-05-08T23:08:58.114 INFO:journalctl@ceph.mgr.x.smithi135.stdout:May 08 23:08:57 smithi135 ceph-c804a50a-0d8f-11ef-bc97-c7b262605968-mgr-x[42691]:
2024-05-08T23:08:57.832+0000 7fd1ed630200 -1 mgr[py] Module volumes has missing NOTIFY_TYPES member
2024-05-08T23:08:58.393 INFO:journalctl@ceph.mgr.x.smithi135.stdout:May 08 23:08:58 smithi135 ceph-c804a50a-0d8f-11ef-bc97-c7b262605968-mgr-x[42691]:
2024-05-08T23:08:58.115+0000 7fd1ed630200 -1 mgr[py] Module test_orchestrator has missing NOTIFY_TYPES member
2024-05-08T23:08:58.393 INFO:journalctl@ceph.mgr.x.smithi135.stdout:May 08 23:08:58 smithi135 ceph-c804a50a-0d8f-11ef-bc97-c7b262605968-mgr-x[42691]:
2024-05-08T23:08:58.203+0000 7fd1ed630200 -1 mgr[py] Module osd_support has missing NOTIFY_TYPES member
2024-05-08T23:08:58.703 INFO:journalctl@ceph.mgr.x.smithi135.stdout:May 08 23:08:58 smithi135 ceph-c804a50a-0d8f-11ef-bc97-c7b262605968-mgr-x[42691]:
2024-05-08T23:08:58.393+0000 7fd1ed630200 -1 mgr[py] Module crash has missing NOTIFY_TYPES member
2024-05-08T23:08:58.703 INFO:journalctl@ceph.mon.a.smithi135.stdout:May 08 23:08:58 smithi135 ceph-mon[42440]: Active manager daemon x restarted
2024-05-08T23:08:58.703 INFO:journalctl@ceph.mon.a.smithi135.stdout:May 08 23:08:58 smithi135 ceph-mon[42440]: Activating manager daemon x
2024-05-08T23:08:58.703 INFO:journalctl@ceph.mon.a.smithi135.stdout:May 08 23:08:58 smithi135 ceph-mon[42440]: osdmap e2: 0 total, 0 up, 0 in
2024-05-08T23:08:58.703 INFO:journalctl@ceph.mon.a.smithi135.stdout:May 08 23:08:58 smithi135 ceph-mon[42440]: mgrmap e6: x(active, starting, since 0.00557329s)
2024-05-08T23:08:58.704 INFO:journalctl@ceph.mon.a.smithi135.stdout:May 08 23:08:58 smithi135 ceph-mon[42440]: from='mgr.14120 172.21.15.135:0/2202727110' entity='mgr.x' cmd=[{"prefix": "mon metadata", "id": "a"}]: dispatch
2024-05-08T23:08:58.704 INFO:journalctl@ceph.mon.a.smithi135.stdout:May 08 23:08:58 smithi135 ceph-mon[42440]: from='mgr.14120 172.21.15.135:0/2202727110' entity='mgr.x' cmd=[{"prefix": "mgr metadata", "who": "x", "id": "x"}]: dispatch
2024-05-08T23:08:58.704 INFO:journalctl@ceph.mon.a.smithi135.stdout:May 08 23:08:58 smithi135 ceph-mon[42440]: from='mgr.14120 172.21.15.135:0/2202727110' entity='mgr.x' cmd=[{"prefix": "mds metadata"}]: dispatch
2024-05-08T23:08:58.704 INFO:journalctl@ceph.mon.a.smithi135.stdout:May 08 23:08:58 smithi135 ceph-mon[42440]: from='mgr.14120 172.21.15.135:0/2202727110' entity='mgr.x' cmd=[{"prefix": "osd metadata"}]: dispatch
2024-05-08T23:08:58.704 INFO:journalctl@ceph.mon.a.smithi135.stdout:May 08 23:08:58 smithi135 ceph-mon[42440]: from='mgr.14120 172.21.15.135:0/2202727110' entity='mgr.x' cmd=[{"prefix": "mon metadata"}]: dispatch
2024-05-08T23:08:58.704 INFO:journalctl@ceph.mon.a.smithi135.stdout:May 08 23:08:58 smithi135 ceph-mon[42440]: Manager daemon x is now available
2024-05-08T23:08:58.704 INFO:journalctl@ceph.mon.a.smithi135.stdout:May 08 23:08:58 smithi135 ceph-mon[42440]: from='mgr.14120 172.21.15.135:0/2202727110' entity='mgr.x'
2024-05-08T23:08:58.704 INFO:journalctl@ceph.mon.a.smithi135.stdout:May 08 23:08:58 smithi135 ceph-mon[42440]: from='mgr.14120 172.21.15.135:0/2202727110' entity='mgr.x'
2024-05-08T23:08:58.704 INFO:journalctl@ceph.mon.a.smithi135.stdout:May 08 23:08:58 smithi135 ceph-mon[42440]: from='mgr.14120 172.21.15.135:0/2202727110' entity='mgr.x' cmd=[{"prefix": "config dump", "format": "json"}]: dispatch
2024-05-08T23:08:59.703 INFO:journalctl@ceph.mon.a.smithi135.stdout:May 08 23:08:59 smithi135 ceph-mon[42440]: Found migration_current of "None". Setting to last migration.
2024-05-08T23:08:59.703 INFO:journalctl@ceph.mon.a.smithi135.stdout:May 08 23:08:59 smithi135 ceph-mon[42440]: from='mgr.14120 172.21.15.135:0/2202727110' entity='mgr.x' cmd=[{"prefix": "config dump", "format": "json"}]: dispatch
2024-05-08T23:08:59.703 INFO:journalctl@ceph.mon.a.smithi135.stdout:May 08 23:08:59 smithi135 ceph-mon[42440]: from='mgr.14120 172.21.15.135:0/2202727110' entity='mgr.x' cmd=[{"prefix":"config rm","who":"mgr","name":"mgr/rbd_support/x/mirror_snapshot_schedule"}]: dispatch
2024-05-08T23:08:59.703 INFO:journalctl@ceph.mon.a.smithi135.stdout:May 08 23:08:59 smithi135 ceph-mon[42440]: from='mgr.14120 172.21.15.135:0/2202727110' entity='mgr.x' cmd=[{"prefix":"config rm","who":"mgr","name":"mgr/rbd_support/x/trash_purge_schedule"}]: dispatch
2024-05-08T23:08:59.703 INFO:journalctl@ceph.mon.a.smithi135.stdout:May 08 23:08:59 smithi135 ceph-mon[42440]: from='mgr.14120 172.21.15.135:0/2202727110' entity='mgr.x'
2024-05-08T23:08:59.703 INFO:journalctl@ceph.mon.a.smithi135.stdout:May 08 23:08:59 smithi135 ceph-mon[42440]: from='mgr.14120 172.21.15.135:0/2202727110' entity='mgr.x'
2024-05-08T23:08:59.704 INFO:journalctl@ceph.mon.a.smithi135.stdout:May 08 23:08:59 smithi135 ceph-mon[42440]: mgrmap e7: x(active, since 1.00641s)
2024-05-08T23:08:59.704 INFO:journalctl@ceph.mon.a.smithi135.stdout:May 08 23:08:59 smithi135 ceph-mon[42440]: from='mgr.14120 172.21.15.135:0/2202727110' entity='mgr.x' cmd=[{"prefix": "config dump", "format": "json"}]: dispatch
2024-05-08T23:09:00.953 INFO:journalctl@ceph.mon.a.smithi135.stdout:May 08 23:09:00 smithi135 ceph-mon[42440]: [08/May/2024:23:08:59] ENGINE Bus STARTING
2024-05-08T23:09:00.954 INFO:journalctl@ceph.mon.a.smithi135.stdout:May 08 23:09:00 smithi135 ceph-mon[42440]: [08/May/2024:23:08:59] ENGINE Serving on http://172.21.15.135:8765
2024-05-08T23:09:00.954 INFO:journalctl@ceph.mon.a.smithi135.stdout:May 08 23:09:00 smithi135 ceph-mon[42440]: [08/May/2024:23:08:59] ENGINE Serving on https://172.21.15.135:7150
2024-05-08T23:09:00.954 INFO:journalctl@ceph.mon.a.smithi135.stdout:May 08 23:09:00 smithi135 ceph-mon[42440]: [08/May/2024:23:08:59] ENGINE Bus STARTED
2024-05-08T23:09:00.954 INFO:journalctl@ceph.mon.a.smithi135.stdout:May 08 23:09:00 smithi135 ceph-mon[42440]: from='client.14124 -' entity='client.admin' cmd=[{"prefix": "get_command_descriptions"}]: dispatch
2024-05-08T23:09:00.954 INFO:journalctl@ceph.mon.a.smithi135.stdout:May 08 23:09:00 smithi135 ceph-mon[42440]: from='client.14124 -' entity='client.admin' cmd=[{"prefix": "mgr_status"}]: dispatch
2024-05-08T23:09:01.520 INFO:teuthology.orchestra.run.smithi135.stdout:/usr/bin/ceph: stdout {
2024-05-08T23:09:01.521 INFO:teuthology.orchestra.run.smithi135.stdout:/usr/bin/ceph: stdout "mgrmap_epoch": 7,
2024-05-08T23:09:01.521 INFO:teuthology.orchestra.run.smithi135.stdout:/usr/bin/ceph: stdout "initialized": true
2024-05-08T23:09:01.521 INFO:teuthology.orchestra.run.smithi135.stdout:/usr/bin/ceph: stdout }
2024-05-08T23:09:01.521 INFO:teuthology.orchestra.run.smithi135.stdout:/usr/bin/ceph: stderr
2024-05-08T23:08:53.322+0000 7fd227420700 1 Processor -- start
2024-05-08T23:09:01.521 INFO:teuthology.orchestra.run.smithi135.stdout:/usr/bin/ceph: stderr
2024-05-08T23:08:53.322+0000 7fd227420700 1 -- start start
2024-05-08T23:09:01.521 INFO:teuthology.orchestra.run.smithi135.stdout:/usr/bin/ceph: stderr
2024-05-08T23:08:53.322+0000 7fd227420700 1 --2- >> [v2:172.21.15.135:3300/0,v1:172.21.15.135:6789/0] conn(0x7fd2201071e0 0x7fd2201095d0 unknown :-1 s=NONE pgs=0 cs=0 l=0 rev1=0 crypto rx=0 tx=0 comp rx=0 tx=0).connect
2024-05-08T23:09:01.521 INFO:teuthology.orchestra.run.smithi135.stdout:/usr/bin/ceph: stderr
2024-05-08T23:08:53.322+0000 7fd227420700 1 -- --> [v2:172.21.15.135:3300/0,v1:172.21.15.135:6789/0] -- mon_getmap magic: 0 v1 -- 0x7fd220079e90 con 0x7fd2201071e0
2024-05-08T23:09:01.521 INFO:teuthology.orchestra.run.smithi135.stdout:/usr/bin/ceph: stderr
2024-05-08T23:08:53.322+0000 7fd2251bc700 1 --2- >> [v2:172.21.15.135:3300/0,v1:172.21.15.135:6789/0] conn(0x7fd2201071e0 0x7fd2201095d0 unknown :-1 s=BANNER_CONNECTING pgs=0 cs=0 l=0 rev1=0 crypto rx=0 tx=0 comp rx=0 tx=0)._handle_peer_banner_payload supported=3 required=0
2024-05-08T23:09:01.522 INFO:teuthology.orchestra.run.smithi135.stdout:/usr/bin/ceph: stderr
2024-05-08T23:08:53.322+0000 7fd2251bc700 1 --2- >> [v2:172.21.15.135:3300/0,v1:172.21.15.135:6789/0] conn(0x7fd2201071e0 0x7fd2201095d0 unknown :-1 s=HELLO_CONNECTING pgs=0 cs=0 l=0 rev1=1 crypto rx=0 tx=0 comp rx=0 tx=0).handle_hello peer v2:172.21.15.135:3300/0 says I am v2:172.21.15.135:60232/0 (socket says 172.21.15.135:60232)
2024-05-08T23:09:01.522 INFO:teuthology.orchestra.run.smithi135.stdout:/usr/bin/ceph: stderr
2024-05-08T23:08:53.322+0000 7fd2251bc700 1 -- 172.21.15.135:0/3129284456 learned_addr learned my addr 172.21.15.135:0/3129284456 (peer_addr_for_me v2:172.21.15.135:0/0)
2024-05-08T23:09:01.522 INFO:teuthology.orchestra.run.smithi135.stdout:/usr/bin/ceph: stderr
2024-05-08T23:08:53.323+0000 7fd2251bc700 1 -- 172.21.15.135:0/3129284456 --> [v2:172.21.15.135:3300/0,v1:172.21.15.135:6789/0] -- mon_subscribe({config=0+,monmap=0+}) v3 -- 0x7fd220109b10 con 0x7fd2201071e0
2024-05-08T23:09:01.522 INFO:teuthology.orchestra.run.smithi135.stdout:/usr/bin/ceph: stderr
2024-05-08T23:08:53.323+0000 7fd2251bc700 1 --2- 172.21.15.135:0/3129284456 >> [v2:172.21.15.135:3300/0,v1:172.21.15.135:6789/0] conn(0x7fd2201071e0 0x7fd2201095d0 secure :-1 s=READY pgs=28 cs=0 l=1 rev1=1 crypto rx=0x7fd21c0098a0 tx=0x7fd21c009bb0 comp rx=0 tx=0).ready entity=mon.0 client_cookie=fb7a4f83c80f5c3f server_cookie=0 in_seq=0 out_seq=0
2024-05-08T23:09:01.522 INFO:teuthology.orchestra.run.smithi135.stdout:/usr/bin/ceph: stderr
2024-05-08T23:08:53.323+0000 7fd217fff700 1 -- 172.21.15.135:0/3129284456 <== mon.0 v2:172.21.15.135:3300/0 1 ==== mon_map magic: 0 v1 ==== 205+0+0 (secure 0 0 0) 0x7fd21c004160 con 0x7fd2201071e0
2024-05-08T23:09:01.522 INFO:teuthology.orchestra.run.smithi135.stdout:/usr/bin/ceph: stderr
2024-05-08T23:08:53.323+0000 7fd217fff700 1 -- 172.21.15.135:0/3129284456 <== mon.0 v2:172.21.15.135:3300/0 2 ==== config(26 keys) v1 ==== 1074+0+0 (secure 0 0 0) 0x7fd21c0042c0 con 0x7fd2201071e0
2024-05-08T23:09:01.522 INFO:teuthology.orchestra.run.smithi135.stdout:/usr/bin/ceph: stderr
2024-05-08T23:08:53.323+0000 7fd217fff700 1 -- 172.21.15.135:0/3129284456 <== mon.0 v2:172.21.15.135:3300/0 3 ==== mon_map magic: 0 v1 ==== 205+0+0 (secure 0 0 0) 0x7fd21c011a00 con 0x7fd2201071e0
2024-05-08T23:09:01.522 INFO:teuthology.orchestra.run.smithi135.stdout:/usr/bin/ceph: stderr
2024-05-08T23:08:53.324+0000 7fd227420700 1 -- 172.21.15.135:0/3129284456 >> [v2:172.21.15.135:3300/0,v1:172.21.15.135:6789/0] conn(0x7fd2201071e0 msgr2=0x7fd2201095d0 secure :-1 s=STATE_CONNECTION_ESTABLISHED l=1).mark_down
2024-05-08T23:09:01.522 INFO:teuthology.orchestra.run.smithi135.stdout:/usr/bin/ceph: stderr
2024-05-08T23:08:53.324+0000 7fd227420700 1 --2- 172.21.15.135:0/3129284456 >> [v2:172.21.15.135:3300/0,v1:172.21.15.135:6789/0] conn(0x7fd2201071e0 0x7fd2201095d0 secure :-1 s=READY pgs=28 cs=0 l=1 rev1=1 crypto rx=0x7fd21c0098a0 tx=0x7fd21c009bb0 comp rx=0 tx=0).stop
2024-05-08T23:09:01.522 INFO:teuthology.orchestra.run.smithi135.stdout:/usr/bin/ceph: stderr
2024-05-08T23:08:53.324+0000 7fd227420700 1 -- 172.21.15.135:0/3129284456 shutdown_connections
2024-05-08T23:09:01.522 INFO:teuthology.orchestra.run.smithi135.stdout:/usr/bin/ceph: stderr
2024-05-08T23:08:53.324+0000 7fd227420700 1 --2- 172.21.15.135:0/3129284456 >> [v2:172.21.15.135:3300/0,v1:172.21.15.135:6789/0] conn(0x7fd2201071e0 0x7fd2201095d0 unknown :-1 s=CLOSED pgs=28 cs=0 l=1 rev1=1 crypto rx=0 tx=0 comp rx=0 tx=0).stop
2024-05-08T23:09:01.522 INFO:teuthology.orchestra.run.smithi135.stdout:/usr/bin/ceph: stderr
2024-05-08T23:08:53.324+0000 7fd227420700 1 -- 172.21.15.135:0/3129284456 >> 172.21.15.135:0/3129284456 conn(0x7fd220100bd0 msgr2=0x7fd220103010 unknown :-1 s=STATE_NONE l=0).mark_down
2024-05-08T23:09:01.523 INFO:teuthology.orchestra.run.smithi135.stdout:/usr/bin/ceph: stderr
2024-05-08T23:08:53.324+0000 7fd227420700 1 -- 172.21.15.135:0/3129284456 shutdown_connections
2024-05-08T23:09:01.523 INFO:teuthology.orchestra.run.smithi135.stdout:/usr/bin/ceph: stderr
2024-05-08T23:08:53.324+0000 7fd227420700 1 -- 172.21.15.135:0/3129284456 wait complete.
2024-05-08T23:09:01.523 INFO:teuthology.orchestra.run.smithi135.stdout:/usr/bin/ceph: stderr
2024-05-08T23:08:53.324+0000 7fd227420700 1 Processor -- start
2024-05-08T23:09:01.523 INFO:teuthology.orchestra.run.smithi135.stdout:/usr/bin/ceph: stderr
2024-05-08T23:08:53.324+0000 7fd227420700 1 -- start start
2024-05-08T23:09:01.523 INFO:teuthology.orchestra.run.smithi135.stdout:/usr/bin/ceph: stderr
2024-05-08T23:08:53.325+0000 7fd227420700 1 --2- >> [v2:172.21.15.135:3300/0,v1:172.21.15.135:6789/0] conn(0x7fd2201071e0 0x7fd22019a4b0 unknown :-1 s=NONE pgs=0 cs=0 l=1 rev1=0 crypto rx=0 tx=0 comp rx=0 tx=0).connect
2024-05-08T23:09:01.523 INFO:teuthology.orchestra.run.smithi135.stdout:/usr/bin/ceph: stderr
2024-05-08T23:08:53.325+0000 7fd227420700 1 -- --> [v2:172.21.15.135:3300/0,v1:172.21.15.135:6789/0] -- mon_getmap magic: 0 v1 -- 0x7fd22019a9f0 con 0x7fd2201071e0
2024-05-08T23:09:01.523 INFO:teuthology.orchestra.run.smithi135.stdout:/usr/bin/ceph: stderr
2024-05-08T23:08:53.325+0000 7fd2251bc700 1 --2- >> [v2:172.21.15.135:3300/0,v1:172.21.15.135:6789/0] conn(0x7fd2201071e0 0x7fd22019a4b0 unknown :-1 s=BANNER_CONNECTING pgs=0 cs=0 l=1 rev1=0 crypto rx=0 tx=0 comp rx=0 tx=0)._handle_peer_banner_payload supported=3 required=0
2024-05-08T23:09:01.523 INFO:teuthology.orchestra.run.smithi135.stdout:/usr/bin/ceph: stderr
2024-05-08T23:08:53.325+0000 7fd2251bc700 1 --2- >> [v2:172.21.15.135:3300/0,v1:172.21.15.135:6789/0] conn(0x7fd2201071e0 0x7fd22019a4b0 unknown :-1 s=HELLO_CONNECTING pgs=0 cs=0 l=1 rev1=1 crypto rx=0 tx=0 comp rx=0 tx=0).handle_hello peer v2:172.21.15.135:3300/0 says I am v2:172.21.15.135:60248/0 (socket says 172.21.15.135:60248)
2024-05-08T23:09:01.523 INFO:teuthology.orchestra.run.smithi135.stdout:/usr/bin/ceph: stderr
2024-05-08T23:08:53.325+0000 7fd2251bc700 1 -- 172.21.15.135:0/653115788 learned_addr learned my addr 172.21.15.135:0/653115788 (peer_addr_for_me v2:172.21.15.135:0/0)
2024-05-08T23:09:01.523 INFO:teuthology.orchestra.run.smithi135.stdout:/usr/bin/ceph: stderr
2024-05-08T23:08:53.325+0000 7fd2251bc700 1 -- 172.21.15.135:0/653115788 --> [v2:172.21.15.135:3300/0,v1:172.21.15.135:6789/0] -- mon_subscribe({config=0+,monmap=0+}) v3 -- 0x7fd21c009550 con 0x7fd2201071e0
2024-05-08T23:09:01.523 INFO:teuthology.orchestra.run.smithi135.stdout:/usr/bin/ceph: stderr
2024-05-08T23:08:53.325+0000 7fd2251bc700 1 --2- 172.21.15.135:0/653115788 >> [v2:172.21.15.135:3300/0,v1:172.21.15.135:6789/0] conn(0x7fd2201071e0 0x7fd22019a4b0 secure :-1 s=READY pgs=29 cs=0 l=1 rev1=1 crypto rx=0x7fd21c009130 tx=0x7fd21c011ad0 comp rx=0 tx=0).ready entity=mon.0 client_cookie=0 server_cookie=0 in_seq=0 out_seq=0
2024-05-08T23:09:01.524 INFO:teuthology.orchestra.run.smithi135.stdout:/usr/bin/ceph: stderr
2024-05-08T23:08:53.325+0000 7fd2167fc700 1 -- 172.21.15.135:0/653115788 <== mon.0 v2:172.21.15.135:3300/0 1 ==== mon_map magic: 0 v1 ==== 205+0+0 (secure 0 0 0) 0x7fd21c003b70 con 0x7fd2201071e0
2024-05-08T23:09:01.524 INFO:teuthology.orchestra.run.smithi135.stdout:/usr/bin/ceph: stderr
2024-05-08T23:08:53.325+0000 7fd227420700 1 -- 172.21.15.135:0/653115788 --> [v2:172.21.15.135:3300/0,v1:172.21.15.135:6789/0] -- mon_subscribe({mgrmap=0+}) v3 -- 0x7fd22019abf0 con 0x7fd2201071e0
2024-05-08T23:09:01.524 INFO:teuthology.orchestra.run.smithi135.stdout:/usr/bin/ceph: stderr
2024-05-08T23:08:53.325+0000 7fd2167fc700 1 -- 172.21.15.135:0/653115788 <== mon.0 v2:172.21.15.135:3300/0 2 ==== config(26 keys) v1 ==== 1074+0+0 (secure 0 0 0) 0x7fd21c003cd0 con 0x7fd2201071e0
2024-05-08T23:09:01.524 INFO:teuthology.orchestra.run.smithi135.stdout:/usr/bin/ceph: stderr
2024-05-08T23:08:53.325+0000 7fd2167fc700 1 -- 172.21.15.135:0/653115788 <== mon.0 v2:172.21.15.135:3300/0 3 ==== mon_map magic: 0 v1 ==== 205+0+0 (secure 0 0 0) 0x7fd21c0197d0 con 0x7fd2201071e0
2024-05-08T23:09:01.524 INFO:teuthology.orchestra.run.smithi135.stdout:/usr/bin/ceph: stderr
2024-05-08T23:08:53.325+0000 7fd227420700 1 -- 172.21.15.135:0/653115788 --> [v2:172.21.15.135:3300/0,v1:172.21.15.135:6789/0] -- mon_subscribe({osdmap=0}) v3 -- 0x7fd22019b090 con 0x7fd2201071e0
2024-05-08T23:09:01.524 INFO:teuthology.orchestra.run.smithi135.stdout:/usr/bin/ceph: stderr
2024-05-08T23:08:53.327+0000 7fd2167fc700 1 -- 172.21.15.135:0/653115788 <== mon.0 v2:172.21.15.135:3300/0 4 ==== mgrmap(e 5) v1 ==== 45541+0+0 (secure 0 0 0) 0x7fd21c01abb0 con 0x7fd2201071e0
2024-05-08T23:09:01.524 INFO:teuthology.orchestra.run.smithi135.stdout:/usr/bin/ceph: stderr
2024-05-08T23:08:53.327+0000 7fd2167fc700 1 --2- 172.21.15.135:0/653115788 >> [v2:172.21.15.135:6800/104127578,v1:172.21.15.135:6801/104127578] conn(0x7fd20c038750 0x7fd20c03ac10 unknown :-1 s=NONE pgs=0 cs=0 l=1 rev1=0 crypto rx=0 tx=0 comp rx=0 tx=0).connect
2024-05-08T23:09:01.524 INFO:teuthology.orchestra.run.smithi135.stdout:/usr/bin/ceph: stderr
2024-05-08T23:08:53.327+0000 7fd2167fc700 1 -- 172.21.15.135:0/653115788 --> [v2:172.21.15.135:6800/104127578,v1:172.21.15.135:6801/104127578] -- command(tid 0: {"prefix": "get_command_descriptions"}) v1 -- 0x7fd20c03b320 con 0x7fd20c038750
2024-05-08T23:09:01.524 INFO:teuthology.orchestra.run.smithi135.stdout:/usr/bin/ceph: stderr
2024-05-08T23:08:53.327+0000 7fd2167fc700 1 -- 172.21.15.135:0/653115788 <== mon.0 v2:172.21.15.135:3300/0 5 ==== osd_map(1..1 src has 1..1) v4 ==== 725+0+0 (secure 0 0 0) 0x7fd21c04c910 con 0x7fd2201071e0
2024-05-08T23:09:01.524 INFO:teuthology.orchestra.run.smithi135.stdout:/usr/bin/ceph: stderr
2024-05-08T23:08:53.327+0000 7fd2249bb700 1 -- 172.21.15.135:0/653115788 >> [v2:172.21.15.135:6800/104127578,v1:172.21.15.135:6801/104127578] conn(0x7fd20c038750 msgr2=0x7fd20c03ac10 unknown :-1 s=STATE_CONNECTING_RE l=1).process reconnect failed to v2:172.21.15.135:6800/104127578
2024-05-08T23:09:01.524 INFO:teuthology.orchestra.run.smithi135.stdout:/usr/bin/ceph: stderr
2024-05-08T23:08:53.327+0000 7fd2249bb700 1 --2- 172.21.15.135:0/653115788 >> [v2:172.21.15.135:6800/104127578,v1:172.21.15.135:6801/104127578] conn(0x7fd20c038750 0x7fd20c03ac10 unknown :-1 s=START_CONNECT pgs=0 cs=0 l=1 rev1=0 crypto rx=0 tx=0 comp rx=0 tx=0)._fault waiting 0.200000
2024-05-08T23:09:01.525 INFO:teuthology.orchestra.run.smithi135.stdout:/usr/bin/ceph: stderr
2024-05-08T23:08:53.528+0000 7fd2249bb700 1 -- 172.21.15.135:0/653115788 >> [v2:172.21.15.135:6800/104127578,v1:172.21.15.135:6801/104127578] conn(0x7fd20c038750 msgr2=0x7fd20c03ac10 unknown :-1 s=STATE_CONNECTING_RE l=1).process reconnect failed to v2:172.21.15.135:6800/104127578
2024-05-08T23:09:01.525 INFO:teuthology.orchestra.run.smithi135.stdout:/usr/bin/ceph: stderr
2024-05-08T23:08:53.528+0000 7fd2249bb700 1 --2- 172.21.15.135:0/653115788 >> [v2:172.21.15.135:6800/104127578,v1:172.21.15.135:6801/104127578] conn(0x7fd20c038750 0x7fd20c03ac10 unknown :-1 s=START_CONNECT pgs=0 cs=0 l=1 rev1=0 crypto rx=0 tx=0 comp rx=0 tx=0)._fault waiting 0.400000
2024-05-08T23:09:01.525 INFO:teuthology.orchestra.run.smithi135.stdout:/usr/bin/ceph: stderr
2024-05-08T23:08:53.929+0000 7fd2249bb700 1 -- 172.21.15.135:0/653115788 >> [v2:172.21.15.135:6800/104127578,v1:172.21.15.135:6801/104127578] conn(0x7fd20c038750 msgr2=0x7fd20c03ac10 unknown :-1 s=STATE_CONNECTING_RE l=1).process reconnect failed to v2:172.21.15.135:6800/104127578
2024-05-08T23:09:01.525 INFO:teuthology.orchestra.run.smithi135.stdout:/usr/bin/ceph: stderr
2024-05-08T23:08:53.929+0000 7fd2249bb700 1 --2- 172.21.15.135:0/653115788 >> [v2:172.21.15.135:6800/104127578,v1:172.21.15.135:6801/104127578] conn(0x7fd20c038750 0x7fd20c03ac10 unknown :-1 s=START_CONNECT pgs=0 cs=0 l=1 rev1=0 crypto rx=0 tx=0 comp rx=0 tx=0)._fault waiting 0.800000
2024-05-08T23:09:01.525 INFO:teuthology.orchestra.run.smithi135.stdout:/usr/bin/ceph: stderr
2024-05-08T23:08:54.730+0000 7fd2249bb700 1 -- 172.21.15.135:0/653115788 >> [v2:172.21.15.135:6800/104127578,v1:172.21.15.135:6801/104127578] conn(0x7fd20c038750 msgr2=0x7fd20c03ac10 unknown :-1 s=STATE_CONNECTING_RE l=1).process reconnect failed to v2:172.21.15.135:6800/104127578
2024-05-08T23:09:01.525 INFO:teuthology.orchestra.run.smithi135.stdout:/usr/bin/ceph: stderr
2024-05-08T23:08:54.730+0000 7fd2249bb700 1 --2- 172.21.15.135:0/653115788 >> [v2:172.21.15.135:6800/104127578,v1:172.21.15.135:6801/104127578] conn(0x7fd20c038750 0x7fd20c03ac10 unknown :-1 s=START_CONNECT pgs=0 cs=0 l=1 rev1=0 crypto rx=0 tx=0 comp rx=0 tx=0)._fault waiting 1.600000
2024-05-08T23:09:01.525 INFO:teuthology.orchestra.run.smithi135.stdout:/usr/bin/ceph: stderr
2024-05-08T23:08:56.331+0000 7fd2249bb700 1 -- 172.21.15.135:0/653115788 >> [v2:172.21.15.135:6800/104127578,v1:172.21.15.135:6801/104127578] conn(0x7fd20c038750 msgr2=0x7fd20c03ac10 unknown :-1 s=STATE_CONNECTING_RE l=1).process reconnect failed to v2:172.21.15.135:6800/104127578
2024-05-08T23:09:01.525 INFO:teuthology.orchestra.run.smithi135.stdout:/usr/bin/ceph: stderr
2024-05-08T23:08:56.331+0000 7fd2249bb700 1 --2- 172.21.15.135:0/653115788 >> [v2:172.21.15.135:6800/104127578,v1:172.21.15.135:6801/104127578] conn(0x7fd20c038750 0x7fd20c03ac10 unknown :-1 s=START_CONNECT pgs=0 cs=0 l=1 rev1=0 crypto rx=0 tx=0 comp rx=0 tx=0)._fault waiting 3.200000
2024-05-08T23:09:01.525 INFO:teuthology.orchestra.run.smithi135.stdout:/usr/bin/ceph: stderr
2024-05-08T23:08:58.411+0000 7fd2167fc700 1 -- 172.21.15.135:0/653115788 <== mon.0 v2:172.21.15.135:3300/0 6 ==== mgrmap(e 6) v1 ==== 45308+0+0 (secure 0 0 0) 0x7fd21c019a10 con 0x7fd2201071e0
2024-05-08T23:09:01.525 INFO:teuthology.orchestra.run.smithi135.stdout:/usr/bin/ceph: stderr
2024-05-08T23:08:58.412+0000 7fd2167fc700 1 -- 172.21.15.135:0/653115788 >> [v2:172.21.15.135:6800/104127578,v1:172.21.15.135:6801/104127578] conn(0x7fd20c038750 msgr2=0x7fd20c03ac10 unknown :-1 s=STATE_CONNECTING l=1).mark_down
2024-05-08T23:09:01.526 INFO:teuthology.orchestra.run.smithi135.stdout:/usr/bin/ceph: stderr
2024-05-08T23:08:58.412+0000 7fd2167fc700 1 --2- 172.21.15.135:0/653115788 >> [v2:172.21.15.135:6800/104127578,v1:172.21.15.135:6801/104127578] conn(0x7fd20c038750 0x7fd20c03ac10 unknown :-1 s=START_CONNECT pgs=0 cs=0 l=1 rev1=0 crypto rx=0 tx=0 comp rx=0 tx=0).stop
2024-05-08T23:09:01.526 INFO:teuthology.orchestra.run.smithi135.stdout:/usr/bin/ceph: stderr
2024-05-08T23:08:59.411+0000 7fd2167fc700 1 -- 172.21.15.135:0/653115788 <== mon.0 v2:172.21.15.135:3300/0 7 ==== mgrmap(e 7) v1 ==== 45435+0+0 (secure 0 0 0) 0x7fd21c019d90 con 0x7fd2201071e0
2024-05-08T23:09:01.526 INFO:teuthology.orchestra.run.smithi135.stdout:/usr/bin/ceph: stderr
2024-05-08T23:08:59.411+0000 7fd2167fc700 1 --2- 172.21.15.135:0/653115788 >> [v2:172.21.15.135:6800/3165594440,v1:172.21.15.135:6801/3165594440] conn(0x7fd20c03bfe0 0x7fd20c03e3d0 unknown :-1 s=NONE pgs=0 cs=0 l=1 rev1=0 crypto rx=0 tx=0 comp rx=0 tx=0).connect
2024-05-08T23:09:01.526 INFO:teuthology.orchestra.run.smithi135.stdout:/usr/bin/ceph: stderr
2024-05-08T23:08:59.411+0000 7fd2167fc700 1 -- 172.21.15.135:0/653115788 --> [v2:172.21.15.135:6800/3165594440,v1:172.21.15.135:6801/3165594440] -- command(tid 0: {"prefix": "get_command_descriptions"}) v1 -- 0x7fd20c03b320 con 0x7fd20c03bfe0
2024-05-08T23:09:01.526 INFO:teuthology.orchestra.run.smithi135.stdout:/usr/bin/ceph: stderr
2024-05-08T23:08:59.411+0000 7fd2249bb700 1 --2- 172.21.15.135:0/653115788 >> [v2:172.21.15.135:6800/3165594440,v1:172.21.15.135:6801/3165594440] conn(0x7fd20c03bfe0 0x7fd20c03e3d0 unknown :-1 s=BANNER_CONNECTING pgs=0 cs=0 l=1 rev1=0 crypto rx=0 tx=0 comp rx=0 tx=0)._handle_peer_banner_payload supported=3 required=0
2024-05-08T23:09:01.526 INFO:teuthology.orchestra.run.smithi135.stdout:/usr/bin/ceph: stderr
2024-05-08T23:08:59.412+0000 7fd2249bb700 1 --2- 172.21.15.135:0/653115788 >> [v2:172.21.15.135:6800/3165594440,v1:172.21.15.135:6801/3165594440] conn(0x7fd20c03bfe0 0x7fd20c03e3d0 secure :-1 s=READY pgs=1 cs=0 l=1 rev1=1 crypto rx=0x7fd210003a10 tx=0x7fd2100092b0 comp rx=0 tx=0).ready entity=mgr.14120 client_cookie=0 server_cookie=0 in_seq=0 out_seq=0
2024-05-08T23:09:01.526 INFO:teuthology.orchestra.run.smithi135.stdout:/usr/bin/ceph: stderr
2024-05-08T23:08:59.413+0000 7fd2167fc700 1 -- 172.21.15.135:0/653115788 <== mgr.14120 v2:172.21.15.135:6800/3165594440 1 ==== command_reply(tid 0: 0 ) v1 ==== 8+0+7774 (secure 0 0 0) 0x7fd20c03b320 con 0x7fd20c03bfe0
2024-05-08T23:09:01.526 INFO:teuthology.orchestra.run.smithi135.stdout:/usr/bin/ceph: stderr
2024-05-08T23:08:59.419+0000 7fd227420700 1 -- 172.21.15.135:0/653115788 --> [v2:172.21.15.135:6800/3165594440,v1:172.21.15.135:6801/3165594440] -- command(tid 1: {"prefix": "mgr_status"}) v1 -- 0x7fd22019b220 con 0x7fd20c03bfe0
2024-05-08T23:09:01.526 INFO:teuthology.orchestra.run.smithi135.stdout:/usr/bin/ceph: stderr
2024-05-08T23:08:59.420+0000 7fd2167fc700 1 -- 172.21.15.135:0/653115788 <== mgr.14120 v2:172.21.15.135:6800/3165594440 2 ==== command_reply(tid 1: 0 ) v1 ==== 8+0+51 (secure 0 0 0) 0x7fd21000a050 con 0x7fd20c03bfe0
2024-05-08T23:09:01.526 INFO:teuthology.orchestra.run.smithi135.stdout:/usr/bin/ceph: stderr
2024-05-08T23:08:59.420+0000 7fd227420700 1 -- 172.21.15.135:0/653115788 >> [v2:172.21.15.135:6800/3165594440,v1:172.21.15.135:6801/3165594440] conn(0x7fd20c03bfe0 msgr2=0x7fd20c03e3d0 secure :-1 s=STATE_CONNECTION_ESTABLISHED l=1).mark_down
2024-05-08T23:09:01.527 INFO:teuthology.orchestra.run.smithi135.stdout:/usr/bin/ceph: stderr
2024-05-08T23:08:59.420+0000 7fd227420700 1 --2- 172.21.15.135:0/653115788 >> [v2:172.21.15.135:6800/3165594440,v1:172.21.15.135:6801/3165594440] conn(0x7fd20c03bfe0 0x7fd20c03e3d0 secure :-1 s=READY pgs=1 cs=0 l=1 rev1=1 crypto rx=0x7fd210003a10 tx=0x7fd2100092b0 comp rx=0 tx=0).stop
2024-05-08T23:09:01.527 INFO:teuthology.orchestra.run.smithi135.stdout:/usr/bin/ceph: stderr
2024-05-08T23:08:59.420+0000 7fd227420700 1 -- 172.21.15.135:0/653115788 >> [v2:172.21.15.135:3300/0,v1:172.21.15.135:6789/0] conn(0x7fd2201071e0 msgr2=0x7fd22019a4b0 secure :-1 s=STATE_CONNECTION_ESTABLISHED l=1).mark_down
2024-05-08T23:09:01.527 INFO:teuthology.orchestra.run.smithi135.stdout:/usr/bin/ceph: stderr
2024-05-08T23:08:59.420+0000 7fd227420700 1 --2- 172.21.15.135:0/653115788 >> [v2:172.21.15.135:3300/0,v1:172.21.15.135:6789/0] conn(0x7fd2201071e0 0x7fd22019a4b0 secure :-1 s=READY pgs=29 cs=0 l=1 rev1=1 crypto rx=0x7fd21c009130 tx=0x7fd21c011ad0 comp rx=0 tx=0).stop
2024-05-08T23:09:01.527 INFO:teuthology.orchestra.run.smithi135.stdout:/usr/bin/ceph: stderr
2024-05-08T23:08:59.420+0000 7fd227420700 1 -- 172.21.15.135:0/653115788 shutdown_connections
2024-05-08T23:09:01.527 INFO:teuthology.orchestra.run.smithi135.stdout:/usr/bin/ceph: stderr
2024-05-08T23:08:59.420+0000 7fd227420700 1 --2- 172.21.15.135:0/653115788 >> [v2:172.21.15.135:6800/3165594440,v1:172.21.15.135:6801/3165594440] conn(0x7fd20c03bfe0 0x7fd20c03e3d0 unknown :-1 s=CLOSED pgs=1 cs=0 l=1 rev1=1 crypto rx=0 tx=0 comp rx=0 tx=0).stop
2024-05-08T23:09:01.527 INFO:teuthology.orchestra.run.smithi135.stdout:/usr/bin/ceph: stderr
2024-05-08T23:08:59.420+0000 7fd227420700 1 --2- 172.21.15.135:0/653115788 >> [v2:172.21.15.135:3300/0,v1:172.21.15.135:6789/0] conn(0x7fd2201071e0 0x7fd22019a4b0 unknown :-1 s=CLOSED pgs=29 cs=0 l=1 rev1=1 crypto rx=0 tx=0 comp rx=0 tx=0).stop
2024-05-08T23:09:01.527 INFO:teuthology.orchestra.run.smithi135.stdout:/usr/bin/ceph: stderr
2024-05-08T23:08:59.420+0000 7fd227420700 1 --2- 172.21.15.135:0/653115788 >> [v2:172.21.15.135:6800/104127578,v1:172.21.15.135:6801/104127578] conn(0x7fd20c038750 0x7fd20c03ac10 unknown :-1 s=CLOSED pgs=0 cs=0 l=1 rev1=0 crypto rx=0 tx=0 comp rx=0 tx=0).stop
2024-05-08T23:09:01.527 INFO:teuthology.orchestra.run.smithi135.stdout:/usr/bin/ceph: stderr
2024-05-08T23:08:59.420+0000 7fd227420700 1 -- 172.21.15.135:0/653115788 >> 172.21.15.135:0/653115788 conn(0x7fd220100bd0 msgr2=0x7fd220101800 unknown :-1 s=STATE_NONE l=0).mark_down
2024-05-08T23:09:01.527 INFO:teuthology.orchestra.run.smithi135.stdout:/usr/bin/ceph: stderr
2024-05-08T23:08:59.420+0000 7fd227420700 1 -- 172.21.15.135:0/653115788 shutdown_connections
2024-05-08T23:09:01.527 INFO:teuthology.orchestra.run.smithi135.stdout:/usr/bin/ceph: stderr
2024-05-08T23:08:59.420+0000 7fd227420700 1 -- 172.21.15.135:0/653115788 wait complete.
2024-05-08T23:09:01.527 INFO:teuthology.orchestra.run.smithi135.stdout:mgr epoch 5 is available
2024-05-08T23:09:01.528 INFO:teuthology.orchestra.run.smithi135.stdout:Setting orchestrator backend to cephadm...
2024-05-08T23:09:01.953 INFO:journalctl@ceph.mon.a.smithi135.stdout:May 08 23:09:01 smithi135 ceph-mon[42440]: mgrmap e8: x(active, since 2s)
2024-05-08T23:09:02.426 INFO:teuthology.orchestra.run.smithi135.stdout:/usr/bin/ceph: stderr
2024-05-08T23:09:01.837+0000 7fa343642700 1 Processor -- start
2024-05-08T23:09:02.426 INFO:teuthology.orchestra.run.smithi135.stdout:/usr/bin/ceph: stderr
2024-05-08T23:09:01.838+0000 7fa343642700 1 -- start start
2024-05-08T23:09:02.426 INFO:teuthology.orchestra.run.smithi135.stdout:/usr/bin/ceph: stderr
2024-05-08T23:09:01.838+0000 7fa343642700 1 --2- >> [v2:172.21.15.135:3300/0,v1:172.21.15.135:6789/0] conn(0x7fa33c105620 0x7fa33c105a40 unknown :-1 s=NONE pgs=0 cs=0 l=0 rev1=0 crypto rx=0 tx=0 comp rx=0 tx=0).connect
2024-05-08T23:09:02.426 INFO:teuthology.orchestra.run.smithi135.stdout:/usr/bin/ceph: stderr
2024-05-08T23:09:01.838+0000 7fa343642700 1 -- --> [v2:172.21.15.135:3300/0,v1:172.21.15.135:6789/0] -- mon_getmap magic: 0 v1 -- 0x7fa33c106010 con 0x7fa33c105620
2024-05-08T23:09:02.426 INFO:teuthology.orchestra.run.smithi135.stdout:/usr/bin/ceph: stderr
2024-05-08T23:09:01.838+0000 7fa3413de700 1 --2- >> [v2:172.21.15.135:3300/0,v1:172.21.15.135:6789/0] conn(0x7fa33c105620 0x7fa33c105a40 unknown :-1 s=BANNER_CONNECTING pgs=0 cs=0 l=0 rev1=0 crypto rx=0 tx=0 comp rx=0 tx=0)._handle_peer_banner_payload supported=3 required=0
2024-05-08T23:09:02.426 INFO:teuthology.orchestra.run.smithi135.stdout:/usr/bin/ceph: stderr
2024-05-08T23:09:01.838+0000 7fa3413de700 1 --2- >> [v2:172.21.15.135:3300/0,v1:172.21.15.135:6789/0] conn(0x7fa33c105620 0x7fa33c105a40 unknown :-1 s=HELLO_CONNECTING pgs=0 cs=0 l=0 rev1=1 crypto rx=0 tx=0 comp rx=0 tx=0).handle_hello peer v2:172.21.15.135:3300/0 says I am v2:172.21.15.135:48686/0 (socket says 172.21.15.135:48686)
2024-05-08T23:09:02.426 INFO:teuthology.orchestra.run.smithi135.stdout:/usr/bin/ceph: stderr
2024-05-08T23:09:01.838+0000 7fa3413de700 1 -- 172.21.15.135:0/3444636931 learned_addr learned my addr 172.21.15.135:0/3444636931 (peer_addr_for_me v2:172.21.15.135:0/0)
2024-05-08T23:09:02.426 INFO:teuthology.orchestra.run.smithi135.stdout:/usr/bin/ceph: stderr
2024-05-08T23:09:01.838+0000 7fa3413de700 1 -- 172.21.15.135:0/3444636931 --> [v2:172.21.15.135:3300/0,v1:172.21.15.135:6789/0] -- mon_subscribe({config=0+,monmap=0+}) v3 -- 0x7fa33c106820 con 0x7fa33c105620
2024-05-08T23:09:02.426 INFO:teuthology.orchestra.run.smithi135.stdout:/usr/bin/ceph: stderr
2024-05-08T23:09:01.838+0000 7fa3413de700 1 --2- 172.21.15.135:0/3444636931 >> [v2:172.21.15.135:3300/0,v1:172.21.15.135:6789/0] conn(0x7fa33c105620 0x7fa33c105a40 secure :-1 s=READY pgs=37 cs=0 l=1 rev1=1 crypto rx=0x7fa32c0098a0 tx=0x7fa32c009bb0 comp rx=0 tx=0).ready entity=mon.0 client_cookie=7edad5602673d9c3 server_cookie=0 in_seq=0 out_seq=0
2024-05-08T23:09:02.427 INFO:teuthology.orchestra.run.smithi135.stdout:/usr/bin/ceph: stderr
2024-05-08T23:09:01.838+0000 7fa333fff700 1 -- 172.21.15.135:0/3444636931 <== mon.0 v2:172.21.15.135:3300/0 1 ==== mon_map magic: 0 v1 ==== 205+0+0 (secure 0 0 0) 0x7fa32c004160 con 0x7fa33c105620
2024-05-08T23:09:02.427 INFO:teuthology.orchestra.run.smithi135.stdout:/usr/bin/ceph: stderr
2024-05-08T23:09:01.839+0000 7fa333fff700 1 -- 172.21.15.135:0/3444636931 <== mon.0 v2:172.21.15.135:3300/0 2 ==== config(26 keys) v1 ==== 1074+0+0 (secure 0 0 0) 0x7fa32c0042c0 con 0x7fa33c105620
2024-05-08T23:09:02.427 INFO:teuthology.orchestra.run.smithi135.stdout:/usr/bin/ceph: stderr
2024-05-08T23:09:01.839+0000 7fa333fff700 1 -- 172.21.15.135:0/3444636931 <== mon.0 v2:172.21.15.135:3300/0 3 ==== mon_map magic: 0 v1 ==== 205+0+0 (secure 0 0 0) 0x7fa32c011a00 con 0x7fa33c105620
2024-05-08T23:09:02.427 INFO:teuthology.orchestra.run.smithi135.stdout:/usr/bin/ceph: stderr
2024-05-08T23:09:01.839+0000 7fa343642700 1 -- 172.21.15.135:0/3444636931 >> [v2:172.21.15.135:3300/0,v1:172.21.15.135:6789/0] conn(0x7fa33c105620 msgr2=0x7fa33c105a40 secure :-1 s=STATE_CONNECTION_ESTABLISHED l=1).mark_down
2024-05-08T23:09:02.427 INFO:teuthology.orchestra.run.smithi135.stdout:/usr/bin/ceph: stderr
2024-05-08T23:09:01.839+0000 7fa343642700 1 --2- 172.21.15.135:0/3444636931 >> [v2:172.21.15.135:3300/0,v1:172.21.15.135:6789/0] conn(0x7fa33c105620 0x7fa33c105a40 secure :-1 s=READY pgs=37 cs=0 l=1 rev1=1 crypto rx=0x7fa32c0098a0 tx=0x7fa32c009bb0 comp rx=0 tx=0).stop
2024-05-08T23:09:02.427 INFO:teuthology.orchestra.run.smithi135.stdout:/usr/bin/ceph: stderr
2024-05-08T23:09:01.839+0000 7fa343642700 1 -- 172.21.15.135:0/3444636931 shutdown_connections
2024-05-08T23:09:02.427 INFO:teuthology.orchestra.run.smithi135.stdout:/usr/bin/ceph: stderr
2024-05-08T23:09:01.839+0000 7fa343642700 1 --2- 172.21.15.135:0/3444636931 >> [v2:172.21.15.135:3300/0,v1:172.21.15.135:6789/0] conn(0x7fa33c105620 0x7fa33c105a40 unknown :-1 s=CLOSED pgs=37 cs=0 l=1 rev1=1 crypto rx=0 tx=0 comp rx=0 tx=0).stop
2024-05-08T23:09:02.427 INFO:teuthology.orchestra.run.smithi135.stdout:/usr/bin/ceph: stderr
2024-05-08T23:09:01.839+0000 7fa343642700 1 -- 172.21.15.135:0/3444636931 >> 172.21.15.135:0/3444636931 conn(0x7fa33c100bc0 msgr2=0x7fa33c103000 unknown :-1 s=STATE_NONE l=0).mark_down
2024-05-08T23:09:02.427 INFO:teuthology.orchestra.run.smithi135.stdout:/usr/bin/ceph: stderr
2024-05-08T23:09:01.839+0000 7fa343642700 1 -- 172.21.15.135:0/3444636931 shutdown_connections
2024-05-08T23:09:02.427 INFO:teuthology.orchestra.run.smithi135.stdout:/usr/bin/ceph: stderr
2024-05-08T23:09:01.839+0000 7fa343642700 1 -- 172.21.15.135:0/3444636931 wait complete.
2024-05-08T23:09:02.427 INFO:teuthology.orchestra.run.smithi135.stdout:/usr/bin/ceph: stderr
2024-05-08T23:09:01.840+0000 7fa343642700 1 Processor -- start
2024-05-08T23:09:02.427 INFO:teuthology.orchestra.run.smithi135.stdout:/usr/bin/ceph: stderr
2024-05-08T23:09:01.840+0000 7fa343642700 1 -- start start
2024-05-08T23:09:02.428 INFO:teuthology.orchestra.run.smithi135.stdout:/usr/bin/ceph: stderr
