2024-05-08T23:12:46.392 INFO:teuthology.orchestra.run.smithi016.stdout:/usr/bin/ceph: stderr
2024-05-08T23:12:46.038+0000 7fdfb401c700 1 -- 172.21.15.16:0/355877847 shutdown_connections
2024-05-08T23:12:46.392 INFO:teuthology.orchestra.run.smithi016.stdout:/usr/bin/ceph: stderr
2024-05-08T23:12:46.038+0000 7fdfb401c700 1 -- 172.21.15.16:0/355877847 wait complete.
2024-05-08T23:12:46.392 INFO:teuthology.orchestra.run.smithi016.stdout:Fetching dashboard port number...
2024-05-08T23:12:46.863 INFO:journalctl@ceph.mon.a.smithi016.stdout:May 08 23:12:46 smithi016 ceph-mon[42541]: from='client.14166 -' entity='client.admin' cmd=[{"prefix": "dashboard ac-user-create", "username": "admin", "rolename": "administrator", "force_password": true, "pwd_update_required": true, "target": ["mon-mgr", ""]}]: dispatch
2024-05-08T23:12:46.863 INFO:journalctl@ceph.mon.a.smithi016.stdout:May 08 23:12:46 smithi016 ceph-mon[42541]: from='mgr.14152 172.21.15.16:0/3709363584' entity='mgr.x'
2024-05-08T23:12:47.319 INFO:teuthology.orchestra.run.smithi016.stdout:/usr/bin/ceph: stdout 8443
2024-05-08T23:12:47.319 INFO:teuthology.orchestra.run.smithi016.stdout:/usr/bin/ceph: stderr
2024-05-08T23:12:46.754+0000 7fd12ffe3700 1 Processor -- start
2024-05-08T23:12:47.319 INFO:teuthology.orchestra.run.smithi016.stdout:/usr/bin/ceph: stderr
2024-05-08T23:12:46.754+0000 7fd12ffe3700 1 -- start start
2024-05-08T23:12:47.319 INFO:teuthology.orchestra.run.smithi016.stdout:/usr/bin/ceph: stderr
2024-05-08T23:12:46.754+0000 7fd12ffe3700 1 --2- >> [v2:172.21.15.16:3300/0,v1:172.21.15.16:6789/0] conn(0x7fd128104d70 0x7fd128105190 unknown :-1 s=NONE pgs=0 cs=0 l=0 rev1=0 crypto rx=0 tx=0 comp rx=0 tx=0).connect
2024-05-08T23:12:47.319 INFO:teuthology.orchestra.run.smithi016.stdout:/usr/bin/ceph: stderr
2024-05-08T23:12:46.754+0000 7fd12ffe3700 1 -- --> [v2:172.21.15.16:3300/0,v1:172.21.15.16:6789/0] -- mon_getmap magic: 0 v1 -- 0x7fd128079e90 con 0x7fd128104d70
2024-05-08T23:12:47.319 INFO:teuthology.orchestra.run.smithi016.stdout:/usr/bin/ceph: stderr
2024-05-08T23:12:46.755+0000 7fd12dd7f700 1 --2- >> [v2:172.21.15.16:3300/0,v1:172.21.15.16:6789/0] conn(0x7fd128104d70 0x7fd128105190 unknown :-1 s=BANNER_CONNECTING pgs=0 cs=0 l=0 rev1=0 crypto rx=0 tx=0 comp rx=0 tx=0)._handle_peer_banner_payload supported=3 required=0
2024-05-08T23:12:47.319 INFO:teuthology.orchestra.run.smithi016.stdout:/usr/bin/ceph: stderr
2024-05-08T23:12:46.755+0000 7fd12dd7f700 1 --2- >> [v2:172.21.15.16:3300/0,v1:172.21.15.16:6789/0] conn(0x7fd128104d70 0x7fd128105190 unknown :-1 s=HELLO_CONNECTING pgs=0 cs=0 l=0 rev1=1 crypto rx=0 tx=0 comp rx=0 tx=0).handle_hello peer v2:172.21.15.16:3300/0 says I am v2:172.21.15.16:45976/0 (socket says 172.21.15.16:45976)
2024-05-08T23:12:47.319 INFO:teuthology.orchestra.run.smithi016.stdout:/usr/bin/ceph: stderr
2024-05-08T23:12:46.755+0000 7fd12dd7f700 1 -- 172.21.15.16:0/4293453174 learned_addr learned my addr 172.21.15.16:0/4293453174 (peer_addr_for_me v2:172.21.15.16:0/0)
2024-05-08T23:12:47.319 INFO:teuthology.orchestra.run.smithi016.stdout:/usr/bin/ceph: stderr
2024-05-08T23:12:46.755+0000 7fd12dd7f700 1 -- 172.21.15.16:0/4293453174 --> [v2:172.21.15.16:3300/0,v1:172.21.15.16:6789/0] -- mon_subscribe({config=0+,monmap=0+}) v3 -- 0x7fd1281056d0 con 0x7fd128104d70
2024-05-08T23:12:47.320 INFO:teuthology.orchestra.run.smithi016.stdout:/usr/bin/ceph: stderr
2024-05-08T23:12:46.755+0000 7fd12dd7f700 1 --2- 172.21.15.16:0/4293453174 >> [v2:172.21.15.16:3300/0,v1:172.21.15.16:6789/0] conn(0x7fd128104d70 0x7fd128105190 secure :-1 s=READY pgs=74 cs=0 l=1 rev1=1 crypto rx=0x7fd11c0098a0 tx=0x7fd11c009bb0 comp rx=0 tx=0).ready entity=mon.0 client_cookie=831f4f346c96d312 server_cookie=0 in_seq=0 out_seq=0
2024-05-08T23:12:47.320 INFO:teuthology.orchestra.run.smithi016.stdout:/usr/bin/ceph: stderr
2024-05-08T23:12:46.755+0000 7fd12cd7d700 1 -- 172.21.15.16:0/4293453174 <== mon.0 v2:172.21.15.16:3300/0 1 ==== mon_map magic: 0 v1 ==== 205+0+0 (secure 0 0 0) 0x7fd11c004160 con 0x7fd128104d70
2024-05-08T23:12:47.320 INFO:teuthology.orchestra.run.smithi016.stdout:/usr/bin/ceph: stderr
2024-05-08T23:12:46.755+0000 7fd12cd7d700 1 -- 172.21.15.16:0/4293453174 <== mon.0 v2:172.21.15.16:3300/0 2 ==== config(25 keys) v1 ==== 1067+0+0 (secure 0 0 0) 0x7fd11c0042c0 con 0x7fd128104d70
2024-05-08T23:12:47.320 INFO:teuthology.orchestra.run.smithi016.stdout:/usr/bin/ceph: stderr
2024-05-08T23:12:46.755+0000 7fd12cd7d700 1 -- 172.21.15.16:0/4293453174 <== mon.0 v2:172.21.15.16:3300/0 3 ==== mon_map magic: 0 v1 ==== 205+0+0 (secure 0 0 0) 0x7fd11c0118e0 con 0x7fd128104d70
2024-05-08T23:12:47.320 INFO:teuthology.orchestra.run.smithi016.stdout:/usr/bin/ceph: stderr
2024-05-08T23:12:46.756+0000 7fd12ffe3700 1 -- 172.21.15.16:0/4293453174 >> [v2:172.21.15.16:3300/0,v1:172.21.15.16:6789/0] conn(0x7fd128104d70 msgr2=0x7fd128105190 secure :-1 s=STATE_CONNECTION_ESTABLISHED l=1).mark_down
2024-05-08T23:12:47.320 INFO:teuthology.orchestra.run.smithi016.stdout:/usr/bin/ceph: stderr
2024-05-08T23:12:46.756+0000 7fd12ffe3700 1 --2- 172.21.15.16:0/4293453174 >> [v2:172.21.15.16:3300/0,v1:172.21.15.16:6789/0] conn(0x7fd128104d70 0x7fd128105190 secure :-1 s=READY pgs=74 cs=0 l=1 rev1=1 crypto rx=0x7fd11c0098a0 tx=0x7fd11c009bb0 comp rx=0 tx=0).stop
2024-05-08T23:12:47.320 INFO:teuthology.orchestra.run.smithi016.stdout:/usr/bin/ceph: stderr
2024-05-08T23:12:46.756+0000 7fd12ffe3700 1 -- 172.21.15.16:0/4293453174 shutdown_connections
2024-05-08T23:12:47.320 INFO:teuthology.orchestra.run.smithi016.stdout:/usr/bin/ceph: stderr
2024-05-08T23:12:46.756+0000 7fd12ffe3700 1 --2- 172.21.15.16:0/4293453174 >> [v2:172.21.15.16:3300/0,v1:172.21.15.16:6789/0] conn(0x7fd128104d70 0x7fd128105190 unknown :-1 s=CLOSED pgs=74 cs=0 l=1 rev1=1 crypto rx=0 tx=0 comp rx=0 tx=0).stop
2024-05-08T23:12:47.320 INFO:teuthology.orchestra.run.smithi016.stdout:/usr/bin/ceph: stderr
2024-05-08T23:12:46.756+0000 7fd12ffe3700 1 -- 172.21.15.16:0/4293453174 >> 172.21.15.16:0/4293453174 conn(0x7fd128100970 msgr2=0x7fd128102db0 unknown :-1 s=STATE_NONE l=0).mark_down
2024-05-08T23:12:47.320 INFO:teuthology.orchestra.run.smithi016.stdout:/usr/bin/ceph: stderr
2024-05-08T23:12:46.756+0000 7fd12ffe3700 1 -- 172.21.15.16:0/4293453174 shutdown_connections
2024-05-08T23:12:47.320 INFO:teuthology.orchestra.run.smithi016.stdout:/usr/bin/ceph: stderr
2024-05-08T23:12:46.756+0000 7fd12ffe3700 1 -- 172.21.15.16:0/4293453174 wait complete.
2024-05-08T23:12:47.320 INFO:teuthology.orchestra.run.smithi016.stdout:/usr/bin/ceph: stderr
2024-05-08T23:12:46.757+0000 7fd12ffe3700 1 Processor -- start
2024-05-08T23:12:47.320 INFO:teuthology.orchestra.run.smithi016.stdout:/usr/bin/ceph: stderr
2024-05-08T23:12:46.757+0000 7fd12ffe3700 1 -- start start
2024-05-08T23:12:47.320 INFO:teuthology.orchestra.run.smithi016.stdout:/usr/bin/ceph: stderr
2024-05-08T23:12:46.757+0000 7fd12ffe3700 1 --2- >> [v2:172.21.15.16:3300/0,v1:172.21.15.16:6789/0] conn(0x7fd128104d70 0x7fd12819c460 unknown :-1 s=NONE pgs=0 cs=0 l=1 rev1=0 crypto rx=0 tx=0 comp rx=0 tx=0).connect
2024-05-08T23:12:47.320 INFO:teuthology.orchestra.run.smithi016.stdout:/usr/bin/ceph: stderr
2024-05-08T23:12:46.757+0000 7fd12ffe3700 1 -- --> [v2:172.21.15.16:3300/0,v1:172.21.15.16:6789/0] -- mon_getmap magic: 0 v1 -- 0x7fd12819c9a0 con 0x7fd128104d70
2024-05-08T23:12:47.321 INFO:teuthology.orchestra.run.smithi016.stdout:/usr/bin/ceph: stderr
2024-05-08T23:12:46.757+0000 7fd12dd7f700 1 --2- >> [v2:172.21.15.16:3300/0,v1:172.21.15.16:6789/0] conn(0x7fd128104d70 0x7fd12819c460 unknown :-1 s=BANNER_CONNECTING pgs=0 cs=0 l=1 rev1=0 crypto rx=0 tx=0 comp rx=0 tx=0)._handle_peer_banner_payload supported=3 required=0
2024-05-08T23:12:47.321 INFO:teuthology.orchestra.run.smithi016.stdout:/usr/bin/ceph: stderr
2024-05-08T23:12:46.757+0000 7fd12dd7f700 1 --2- >> [v2:172.21.15.16:3300/0,v1:172.21.15.16:6789/0] conn(0x7fd128104d70 0x7fd12819c460 unknown :-1 s=HELLO_CONNECTING pgs=0 cs=0 l=1 rev1=1 crypto rx=0 tx=0 comp rx=0 tx=0).handle_hello peer v2:172.21.15.16:3300/0 says I am v2:172.21.15.16:45992/0 (socket says 172.21.15.16:45992)
2024-05-08T23:12:47.321 INFO:teuthology.orchestra.run.smithi016.stdout:/usr/bin/ceph: stderr
2024-05-08T23:12:46.757+0000 7fd12dd7f700 1 -- 172.21.15.16:0/728900063 learned_addr learned my addr 172.21.15.16:0/728900063 (peer_addr_for_me v2:172.21.15.16:0/0)
2024-05-08T23:12:47.321 INFO:teuthology.orchestra.run.smithi016.stdout:/usr/bin/ceph: stderr
2024-05-08T23:12:46.757+0000 7fd12dd7f700 1 -- 172.21.15.16:0/728900063 --> [v2:172.21.15.16:3300/0,v1:172.21.15.16:6789/0] -- mon_subscribe({config=0+,monmap=0+}) v3 -- 0x7fd11c009550 con 0x7fd128104d70
2024-05-08T23:12:47.321 INFO:teuthology.orchestra.run.smithi016.stdout:/usr/bin/ceph: stderr
2024-05-08T23:12:46.758+0000 7fd12dd7f700 1 --2- 172.21.15.16:0/728900063 >> [v2:172.21.15.16:3300/0,v1:172.21.15.16:6789/0] conn(0x7fd128104d70 0x7fd12819c460 secure :-1 s=READY pgs=75 cs=0 l=1 rev1=1 crypto rx=0x7fd11c003f70 tx=0x7fd11c0119a0 comp rx=0 tx=0).ready entity=mon.0 client_cookie=0 server_cookie=0 in_seq=0 out_seq=0
2024-05-08T23:12:47.321 INFO:teuthology.orchestra.run.smithi016.stdout:/usr/bin/ceph: stderr
2024-05-08T23:12:46.758+0000 7fd11affd700 1 -- 172.21.15.16:0/728900063 <== mon.0 v2:172.21.15.16:3300/0 1 ==== mon_map magic: 0 v1 ==== 205+0+0 (secure 0 0 0) 0x7fd11c0036a0 con 0x7fd128104d70
2024-05-08T23:12:47.321 INFO:teuthology.orchestra.run.smithi016.stdout:/usr/bin/ceph: stderr
2024-05-08T23:12:46.758+0000 7fd11affd700 1 -- 172.21.15.16:0/728900063 <== mon.0 v2:172.21.15.16:3300/0 2 ==== config(25 keys) v1 ==== 1067+0+0 (secure 0 0 0) 0x7fd11c01b440 con 0x7fd128104d70
2024-05-08T23:12:47.321 INFO:teuthology.orchestra.run.smithi016.stdout:/usr/bin/ceph: stderr
2024-05-08T23:12:46.758+0000 7fd12ffe3700 1 -- 172.21.15.16:0/728900063 --> [v2:172.21.15.16:3300/0,v1:172.21.15.16:6789/0] -- mon_subscribe({mgrmap=0+}) v3 -- 0x7fd12819cba0 con 0x7fd128104d70
2024-05-08T23:12:47.321 INFO:teuthology.orchestra.run.smithi016.stdout:/usr/bin/ceph: stderr
2024-05-08T23:12:46.758+0000 7fd11affd700 1 -- 172.21.15.16:0/728900063 <== mon.0 v2:172.21.15.16:3300/0 3 ==== mon_map magic: 0 v1 ==== 205+0+0 (secure 0 0 0) 0x7fd11c023400 con 0x7fd128104d70
2024-05-08T23:12:47.321 INFO:teuthology.orchestra.run.smithi016.stdout:/usr/bin/ceph: stderr
2024-05-08T23:12:46.758+0000 7fd12ffe3700 1 -- 172.21.15.16:0/728900063 --> [v2:172.21.15.16:3300/0,v1:172.21.15.16:6789/0] -- mon_subscribe({osdmap=0}) v3 -- 0x7fd12819d6b0 con 0x7fd128104d70
2024-05-08T23:12:47.321 INFO:teuthology.orchestra.run.smithi016.stdout:/usr/bin/ceph: stderr
2024-05-08T23:12:46.759+0000 7fd11affd700 1 -- 172.21.15.16:0/728900063 <== mon.0 v2:172.21.15.16:3300/0 4 ==== mgrmap(e 12) v1 ==== 45554+0+0 (secure 0 0 0) 0x7fd11c023630 con 0x7fd128104d70
2024-05-08T23:12:47.321 INFO:teuthology.orchestra.run.smithi016.stdout:/usr/bin/ceph: stderr
2024-05-08T23:12:46.759+0000 7fd11affd700 1 --2- 172.21.15.16:0/728900063 >> [v2:172.21.15.16:6800/781396085,v1:172.21.15.16:6801/781396085] conn(0x7fd1140387a0 0x7fd11403ac60 unknown :-1 s=NONE pgs=0 cs=0 l=1 rev1=0 crypto rx=0 tx=0 comp rx=0 tx=0).connect
2024-05-08T23:12:47.321 INFO:teuthology.orchestra.run.smithi016.stdout:/usr/bin/ceph: stderr
2024-05-08T23:12:46.759+0000 7fd11affd700 1 -- 172.21.15.16:0/728900063 <== mon.0 v2:172.21.15.16:3300/0 5 ==== osd_map(3..3 src has 1..3) v4 ==== 1155+0+0 (secure 0 0 0) 0x7fd11c0039d0 con 0x7fd128104d70
2024-05-08T23:12:47.321 INFO:teuthology.orchestra.run.smithi016.stdout:/usr/bin/ceph: stderr
2024-05-08T23:12:46.759+0000 7fd12d57e700 1 --2- 172.21.15.16:0/728900063 >> [v2:172.21.15.16:6800/781396085,v1:172.21.15.16:6801/781396085] conn(0x7fd1140387a0 0x7fd11403ac60 unknown :-1 s=BANNER_CONNECTING pgs=0 cs=0 l=1 rev1=0 crypto rx=0 tx=0 comp rx=0 tx=0)._handle_peer_banner_payload supported=3 required=0
2024-05-08T23:12:47.322 INFO:teuthology.orchestra.run.smithi016.stdout:/usr/bin/ceph: stderr
2024-05-08T23:12:46.759+0000 7fd12ffe3700 1 -- 172.21.15.16:0/728900063 --> [v2:172.21.15.16:3300/0,v1:172.21.15.16:6789/0] -- mon_command({"prefix": "get_command_descriptions"} v 0) v1 -- 0x7fd10c005320 con 0x7fd128104d70
2024-05-08T23:12:47.322 INFO:teuthology.orchestra.run.smithi016.stdout:/usr/bin/ceph: stderr
2024-05-08T23:12:46.760+0000 7fd12d57e700 1 --2- 172.21.15.16:0/728900063 >> [v2:172.21.15.16:6800/781396085,v1:172.21.15.16:6801/781396085] conn(0x7fd1140387a0 0x7fd11403ac60 secure :-1 s=READY pgs=9 cs=0 l=1 rev1=1 crypto rx=0x7fd124006fd0 tx=0x7fd124006e40 comp rx=0 tx=0).ready entity=mgr.14152 client_cookie=0 server_cookie=0 in_seq=0 out_seq=0
2024-05-08T23:12:47.322 INFO:teuthology.orchestra.run.smithi016.stdout:/usr/bin/ceph: stderr
2024-05-08T23:12:46.764+0000 7fd11affd700 1 -- 172.21.15.16:0/728900063 <== mon.0 v2:172.21.15.16:3300/0 6 ==== mon_command_ack([{"prefix": "get_command_descriptions"}]=0 v0) v1 ==== 72+0+183622 (secure 0 0 0) 0x7fd11c023930 con 0x7fd128104d70
2024-05-08T23:12:47.322 INFO:teuthology.orchestra.run.smithi016.stdout:/usr/bin/ceph: stderr
2024-05-08T23:12:46.976+0000 7fd12ffe3700 1 -- 172.21.15.16:0/728900063 --> [v2:172.21.15.16:3300/0,v1:172.21.15.16:6789/0] -- mon_command({"prefix": "config get", "who": "mgr", "key": "mgr/dashboard/ssl_server_port"} v 0) v1 -- 0x7fd10c005b50 con 0x7fd128104d70
2024-05-08T23:12:47.322 INFO:teuthology.orchestra.run.smithi016.stdout:/usr/bin/ceph: stderr
2024-05-08T23:12:46.976+0000 7fd11affd700 1 -- 172.21.15.16:0/728900063 <== mon.0 v2:172.21.15.16:3300/0 7 ==== mon_command_ack([{"prefix": "config get", "who": "mgr", "key": "mgr/dashboard/ssl_server_port"}]=0 v8) v1 ==== 112+0+5 (secure 0 0 0) 0x7fd11c04a020 con 0x7fd128104d70
2024-05-08T23:12:47.322 INFO:teuthology.orchestra.run.smithi016.stdout:/usr/bin/ceph: stderr
2024-05-08T23:12:46.978+0000 7fd12ffe3700 1 -- 172.21.15.16:0/728900063 >> [v2:172.21.15.16:6800/781396085,v1:172.21.15.16:6801/781396085] conn(0x7fd1140387a0 msgr2=0x7fd11403ac60 secure :-1 s=STATE_CONNECTION_ESTABLISHED l=1).mark_down
2024-05-08T23:12:47.322 INFO:teuthology.orchestra.run.smithi016.stdout:/usr/bin/ceph: stderr
2024-05-08T23:12:46.978+0000 7fd12ffe3700 1 --2- 172.21.15.16:0/728900063 >> [v2:172.21.15.16:6800/781396085,v1:172.21.15.16:6801/781396085] conn(0x7fd1140387a0 0x7fd11403ac60 secure :-1 s=READY pgs=9 cs=0 l=1 rev1=1 crypto rx=0x7fd124006fd0 tx=0x7fd124006e40 comp rx=0 tx=0).stop
2024-05-08T23:12:47.322 INFO:teuthology.orchestra.run.smithi016.stdout:/usr/bin/ceph: stderr
2024-05-08T23:12:46.978+0000 7fd12ffe3700 1 -- 172.21.15.16:0/728900063 >> [v2:172.21.15.16:3300/0,v1:172.21.15.16:6789/0] conn(0x7fd128104d70 msgr2=0x7fd12819c460 secure :-1 s=STATE_CONNECTION_ESTABLISHED l=1).mark_down
2024-05-08T23:12:47.322 INFO:teuthology.orchestra.run.smithi016.stdout:/usr/bin/ceph: stderr
2024-05-08T23:12:46.978+0000 7fd12ffe3700 1 --2- 172.21.15.16:0/728900063 >> [v2:172.21.15.16:3300/0,v1:172.21.15.16:6789/0] conn(0x7fd128104d70 0x7fd12819c460 secure :-1 s=READY pgs=75 cs=0 l=1 rev1=1 crypto rx=0x7fd11c003f70 tx=0x7fd11c0119a0 comp rx=0 tx=0).stop
2024-05-08T23:12:47.322 INFO:teuthology.orchestra.run.smithi016.stdout:/usr/bin/ceph: stderr
2024-05-08T23:12:46.978+0000 7fd12ffe3700 1 -- 172.21.15.16:0/728900063 shutdown_connections
2024-05-08T23:12:47.322 INFO:teuthology.orchestra.run.smithi016.stdout:/usr/bin/ceph: stderr
2024-05-08T23:12:46.978+0000 7fd12ffe3700 1 --2- 172.21.15.16:0/728900063 >> [v2:172.21.15.16:6800/781396085,v1:172.21.15.16:6801/781396085] conn(0x7fd1140387a0 0x7fd11403ac60 unknown :-1 s=CLOSED pgs=9 cs=0 l=1 rev1=1 crypto rx=0 tx=0 comp rx=0 tx=0).stop
2024-05-08T23:12:47.322 INFO:teuthology.orchestra.run.smithi016.stdout:/usr/bin/ceph: stderr
2024-05-08T23:12:46.978+0000 7fd12ffe3700 1 --2- 172.21.15.16:0/728900063 >> [v2:172.21.15.16:3300/0,v1:172.21.15.16:6789/0] conn(0x7fd128104d70 0x7fd12819c460 unknown :-1 s=CLOSED pgs=75 cs=0 l=1 rev1=1 crypto rx=0 tx=0 comp rx=0 tx=0).stop
2024-05-08T23:12:47.322 INFO:teuthology.orchestra.run.smithi016.stdout:/usr/bin/ceph: stderr
2024-05-08T23:12:46.978+0000 7fd12ffe3700 1 -- 172.21.15.16:0/728900063 >> 172.21.15.16:0/728900063 conn(0x7fd128100970 msgr2=0x7fd128193190 unknown :-1 s=STATE_NONE l=0).mark_down
2024-05-08T23:12:47.322 INFO:teuthology.orchestra.run.smithi016.stdout:/usr/bin/ceph: stderr
2024-05-08T23:12:46.979+0000 7fd12ffe3700 1 -- 172.21.15.16:0/728900063 shutdown_connections
2024-05-08T23:12:47.323 INFO:teuthology.orchestra.run.smithi016.stdout:/usr/bin/ceph: stderr
2024-05-08T23:12:46.979+0000 7fd12ffe3700 1 -- 172.21.15.16:0/728900063 wait complete.
2024-05-08T23:12:47.330 INFO:teuthology.orchestra.run.smithi016.stdout:Non-zero exit code 1 from systemctl is-enabled firewalld.service
2024-05-08T23:12:47.330 INFO:teuthology.orchestra.run.smithi016.stdout:systemctl: stdout disabled
2024-05-08T23:12:47.339 INFO:teuthology.orchestra.run.smithi016.stdout:Non-zero exit code 3 from systemctl is-active firewalld.service
2024-05-08T23:12:47.340 INFO:teuthology.orchestra.run.smithi016.stdout:systemctl: stdout inactive
2024-05-08T23:12:47.340 INFO:teuthology.orchestra.run.smithi016.stdout:firewalld.service is not enabled
2024-05-08T23:12:47.340 INFO:teuthology.orchestra.run.smithi016.stdout:Not possible to open ports <[8443]>. firewalld.service is not available
2024-05-08T23:12:47.342 INFO:teuthology.orchestra.run.smithi016.stdout:Ceph Dashboard is now available at:
2024-05-08T23:12:47.342 INFO:teuthology.orchestra.run.smithi016.stdout:
2024-05-08T23:12:47.342 INFO:teuthology.orchestra.run.smithi016.stdout: URL: https://smithi016:8443/
2024-05-08T23:12:47.342 INFO:teuthology.orchestra.run.smithi016.stdout: User: admin
2024-05-08T23:12:47.342 INFO:teuthology.orchestra.run.smithi016.stdout: Password: h0i0f17pr9
2024-05-08T23:12:47.342 INFO:teuthology.orchestra.run.smithi016.stdout:
2024-05-08T23:12:47.342 INFO:teuthology.orchestra.run.smithi016.stdout:Saving cluster configuration to /var/lib/ceph/378de17a-0d90-11ef-bc97-c7b262605968/config directory
2024-05-08T23:12:47.343 INFO:teuthology.orchestra.run.smithi016.stdout:Enabling autotune for osd_memory_target
2024-05-08T23:12:47.961 INFO:journalctl@ceph.mon.a.smithi016.stdout:May 08 23:12:47 smithi016 ceph-mon[42541]: from='client.? 172.21.15.16:0/728900063' entity='client.admin' cmd=[{"prefix": "config get", "who": "mgr", "key": "mgr/dashboard/ssl_server_port"}]: dispatch
2024-05-08T23:12:48.276 INFO:teuthology.orchestra.run.smithi016.stdout:/usr/bin/ceph: stderr
2024-05-08T23:12:47.711+0000 7f884577a700 1 Processor -- start
2024-05-08T23:12:48.277 INFO:teuthology.orchestra.run.smithi016.stdout:/usr/bin/ceph: stderr
2024-05-08T23:12:47.711+0000 7f884577a700 1 -- start start
2024-05-08T23:12:48.277 INFO:teuthology.orchestra.run.smithi016.stdout:/usr/bin/ceph: stderr
2024-05-08T23:12:47.711+0000 7f884577a700 1 --2- >> [v2:172.21.15.16:3300/0,v1:172.21.15.16:6789/0] conn(0x7f884007bee0 0x7f884007a340 unknown :-1 s=NONE pgs=0 cs=0 l=0 rev1=0 crypto rx=0 tx=0 comp rx=0 tx=0).connect
2024-05-08T23:12:48.277 INFO:teuthology.orchestra.run.smithi016.stdout:/usr/bin/ceph: stderr
2024-05-08T23:12:47.711+0000 7f884577a700 1 -- --> [v2:172.21.15.16:3300/0,v1:172.21.15.16:6789/0] -- mon_getmap magic: 0 v1 -- 0x7f884007a910 con 0x7f884007bee0
2024-05-08T23:12:48.277 INFO:teuthology.orchestra.run.smithi016.stdout:/usr/bin/ceph: stderr
2024-05-08T23:12:47.712+0000 7f883effd700 1 --2- >> [v2:172.21.15.16:3300/0,v1:172.21.15.16:6789/0] conn(0x7f884007bee0 0x7f884007a340 unknown :-1 s=BANNER_CONNECTING pgs=0 cs=0 l=0 rev1=0 crypto rx=0 tx=0 comp rx=0 tx=0)._handle_peer_banner_payload supported=3 required=0
2024-05-08T23:12:48.277 INFO:teuthology.orchestra.run.smithi016.stdout:/usr/bin/ceph: stderr
2024-05-08T23:12:47.712+0000 7f883effd700 1 --2- >> [v2:172.21.15.16:3300/0,v1:172.21.15.16:6789/0] conn(0x7f884007bee0 0x7f884007a340 unknown :-1 s=HELLO_CONNECTING pgs=0 cs=0 l=0 rev1=1 crypto rx=0 tx=0 comp rx=0 tx=0).handle_hello peer v2:172.21.15.16:3300/0 says I am v2:172.21.15.16:45998/0 (socket says 172.21.15.16:45998)
2024-05-08T23:12:48.277 INFO:teuthology.orchestra.run.smithi016.stdout:/usr/bin/ceph: stderr
2024-05-08T23:12:47.712+0000 7f883effd700 1 -- 172.21.15.16:0/1687664435 learned_addr learned my addr 172.21.15.16:0/1687664435 (peer_addr_for_me v2:172.21.15.16:0/0)
2024-05-08T23:12:48.277 INFO:teuthology.orchestra.run.smithi016.stdout:/usr/bin/ceph: stderr
2024-05-08T23:12:47.712+0000 7f883effd700 1 -- 172.21.15.16:0/1687664435 --> [v2:172.21.15.16:3300/0,v1:172.21.15.16:6789/0] -- mon_subscribe({config=0+,monmap=0+}) v3 -- 0x7f884007aa50 con 0x7f884007bee0
2024-05-08T23:12:48.277 INFO:teuthology.orchestra.run.smithi016.stdout:/usr/bin/ceph: stderr
2024-05-08T23:12:47.712+0000 7f883effd700 1 --2- 172.21.15.16:0/1687664435 >> [v2:172.21.15.16:3300/0,v1:172.21.15.16:6789/0] conn(0x7f884007bee0 0x7f884007a340 secure :-1 s=READY pgs=76 cs=0 l=1 rev1=1 crypto rx=0x7f88300098a0 tx=0x7f8830009bb0 comp rx=0 tx=0).ready entity=mon.0 client_cookie=31fdf233e659559c server_cookie=0 in_seq=0 out_seq=0
2024-05-08T23:12:48.277 INFO:teuthology.orchestra.run.smithi016.stdout:/usr/bin/ceph: stderr
2024-05-08T23:12:47.712+0000 7f883dffb700 1 -- 172.21.15.16:0/1687664435 <== mon.0 v2:172.21.15.16:3300/0 1 ==== mon_map magic: 0 v1 ==== 205+0+0 (secure 0 0 0) 0x7f8830004160 con 0x7f884007bee0
2024-05-08T23:12:48.277 INFO:teuthology.orchestra.run.smithi016.stdout:/usr/bin/ceph: stderr
2024-05-08T23:12:47.712+0000 7f883dffb700 1 -- 172.21.15.16:0/1687664435 <== mon.0 v2:172.21.15.16:3300/0 2 ==== config(25 keys) v1 ==== 1067+0+0 (secure 0 0 0) 0x7f88300042c0 con 0x7f884007bee0
2024-05-08T23:12:48.277 INFO:teuthology.orchestra.run.smithi016.stdout:/usr/bin/ceph: stderr
2024-05-08T23:12:47.712+0000 7f883dffb700 1 -- 172.21.15.16:0/1687664435 <== mon.0 v2:172.21.15.16:3300/0 3 ==== mon_map magic: 0 v1 ==== 205+0+0 (secure 0 0 0) 0x7f88300118e0 con 0x7f884007bee0
2024-05-08T23:12:48.278 INFO:teuthology.orchestra.run.smithi016.stdout:/usr/bin/ceph: stderr
2024-05-08T23:12:47.713+0000 7f884577a700 1 -- 172.21.15.16:0/1687664435 >> [v2:172.21.15.16:3300/0,v1:172.21.15.16:6789/0] conn(0x7f884007bee0 msgr2=0x7f884007a340 secure :-1 s=STATE_CONNECTION_ESTABLISHED l=1).mark_down
2024-05-08T23:12:48.278 INFO:teuthology.orchestra.run.smithi016.stdout:/usr/bin/ceph: stderr
2024-05-08T23:12:47.713+0000 7f884577a700 1 --2- 172.21.15.16:0/1687664435 >> [v2:172.21.15.16:3300/0,v1:172.21.15.16:6789/0] conn(0x7f884007bee0 0x7f884007a340 secure :-1 s=READY pgs=76 cs=0 l=1 rev1=1 crypto rx=0x7f88300098a0 tx=0x7f8830009bb0 comp rx=0 tx=0).stop
2024-05-08T23:12:48.278 INFO:teuthology.orchestra.run.smithi016.stdout:/usr/bin/ceph: stderr
2024-05-08T23:12:47.713+0000 7f884577a700 1 -- 172.21.15.16:0/1687664435 shutdown_connections
2024-05-08T23:12:48.278 INFO:teuthology.orchestra.run.smithi016.stdout:/usr/bin/ceph: stderr
2024-05-08T23:12:47.713+0000 7f884577a700 1 --2- 172.21.15.16:0/1687664435 >> [v2:172.21.15.16:3300/0,v1:172.21.15.16:6789/0] conn(0x7f884007bee0 0x7f884007a340 unknown :-1 s=CLOSED pgs=76 cs=0 l=1 rev1=1 crypto rx=0 tx=0 comp rx=0 tx=0).stop
2024-05-08T23:12:48.278 INFO:teuthology.orchestra.run.smithi016.stdout:/usr/bin/ceph: stderr
2024-05-08T23:12:47.713+0000 7f884577a700 1 -- 172.21.15.16:0/1687664435 >> 172.21.15.16:0/1687664435 conn(0x7f8840101a20 msgr2=0x7f8840103e80 unknown :-1 s=STATE_NONE l=0).mark_down
2024-05-08T23:12:48.278 INFO:teuthology.orchestra.run.smithi016.stdout:/usr/bin/ceph: stderr
2024-05-08T23:12:47.713+0000 7f884577a700 1 -- 172.21.15.16:0/1687664435 shutdown_connections
2024-05-08T23:12:48.278 INFO:teuthology.orchestra.run.smithi016.stdout:/usr/bin/ceph: stderr
2024-05-08T23:12:47.713+0000 7f884577a700 1 -- 172.21.15.16:0/1687664435 wait complete.
2024-05-08T23:12:48.278 INFO:teuthology.orchestra.run.smithi016.stdout:/usr/bin/ceph: stderr
2024-05-08T23:12:47.714+0000 7f884577a700 1 Processor -- start
2024-05-08T23:12:48.278 INFO:teuthology.orchestra.run.smithi016.stdout:/usr/bin/ceph: stderr
2024-05-08T23:12:47.714+0000 7f884577a700 1 -- start start
2024-05-08T23:12:48.278 INFO:teuthology.orchestra.run.smithi016.stdout:/usr/bin/ceph: stderr
2024-05-08T23:12:47.714+0000 7f884577a700 1 --2- >> [v2:172.21.15.16:3300/0,v1:172.21.15.16:6789/0] conn(0x7f884007bee0 0x7f884019c420 unknown :-1 s=NONE pgs=0 cs=0 l=1 rev1=0 crypto rx=0 tx=0 comp rx=0 tx=0).connect
2024-05-08T23:12:48.278 INFO:teuthology.orchestra.run.smithi016.stdout:/usr/bin/ceph: stderr
2024-05-08T23:12:47.714+0000 7f884577a700 1 -- --> [v2:172.21.15.16:3300/0,v1:172.21.15.16:6789/0] -- mon_getmap magic: 0 v1 -- 0x7f884019c960 con 0x7f884007bee0
2024-05-08T23:12:48.278 INFO:teuthology.orchestra.run.smithi016.stdout:/usr/bin/ceph: stderr
2024-05-08T23:12:47.714+0000 7f883effd700 1 --2- >> [v2:172.21.15.16:3300/0,v1:172.21.15.16:6789/0] conn(0x7f884007bee0 0x7f884019c420 unknown :-1 s=BANNER_CONNECTING pgs=0 cs=0 l=1 rev1=0 crypto rx=0 tx=0 comp rx=0 tx=0)._handle_peer_banner_payload supported=3 required=0
2024-05-08T23:12:48.278 INFO:teuthology.orchestra.run.smithi016.stdout:/usr/bin/ceph: stderr
2024-05-08T23:12:47.714+0000 7f883effd700 1 --2- >> [v2:172.21.15.16:3300/0,v1:172.21.15.16:6789/0] conn(0x7f884007bee0 0x7f884019c420 unknown :-1 s=HELLO_CONNECTING pgs=0 cs=0 l=1 rev1=1 crypto rx=0 tx=0 comp rx=0 tx=0).handle_hello peer v2:172.21.15.16:3300/0 says I am v2:172.21.15.16:46014/0 (socket says 172.21.15.16:46014)
2024-05-08T23:12:48.279 INFO:teuthology.orchestra.run.smithi016.stdout:/usr/bin/ceph: stderr
2024-05-08T23:12:47.714+0000 7f883effd700 1 -- 172.21.15.16:0/2976513389 learned_addr learned my addr 172.21.15.16:0/2976513389 (peer_addr_for_me v2:172.21.15.16:0/0)
2024-05-08T23:12:48.279 INFO:teuthology.orchestra.run.smithi016.stdout:/usr/bin/ceph: stderr
2024-05-08T23:12:47.715+0000 7f883effd700 1 -- 172.21.15.16:0/2976513389 --> [v2:172.21.15.16:3300/0,v1:172.21.15.16:6789/0] -- mon_subscribe({config=0+,monmap=0+}) v3 -- 0x7f8830009550 con 0x7f884007bee0
2024-05-08T23:12:48.279 INFO:teuthology.orchestra.run.smithi016.stdout:/usr/bin/ceph: stderr
2024-05-08T23:12:47.715+0000 7f883effd700 1 --2- 172.21.15.16:0/2976513389 >> [v2:172.21.15.16:3300/0,v1:172.21.15.16:6789/0] conn(0x7f884007bee0 0x7f884019c420 secure :-1 s=READY pgs=77 cs=0 l=1 rev1=1 crypto rx=0x7f8830006af0 tx=0x7f8830011ed0 comp rx=0 tx=0).ready entity=mon.0 client_cookie=0 server_cookie=0 in_seq=0 out_seq=0
2024-05-08T23:12:48.279 INFO:teuthology.orchestra.run.smithi016.stdout:/usr/bin/ceph: stderr
2024-05-08T23:12:47.715+0000 7f8827fff700 1 -- 172.21.15.16:0/2976513389 <== mon.0 v2:172.21.15.16:3300/0 1 ==== mon_map magic: 0 v1 ==== 205+0+0 (secure 0 0 0) 0x7f88300037d0 con 0x7f884007bee0
2024-05-08T23:12:48.279 INFO:teuthology.orchestra.run.smithi016.stdout:/usr/bin/ceph: stderr
2024-05-08T23:12:47.715+0000 7f8827fff700 1 -- 172.21.15.16:0/2976513389 <== mon.0 v2:172.21.15.16:3300/0 2 ==== config(25 keys) v1 ==== 1067+0+0 (secure 0 0 0) 0x7f883001b440 con 0x7f884007bee0
2024-05-08T23:12:48.279 INFO:teuthology.orchestra.run.smithi016.stdout:/usr/bin/ceph: stderr
2024-05-08T23:12:47.715+0000 7f884577a700 1 -- 172.21.15.16:0/2976513389 --> [v2:172.21.15.16:3300/0,v1:172.21.15.16:6789/0] -- mon_subscribe({mgrmap=0+}) v3 -- 0x7f884019cb60 con 0x7f884007bee0
2024-05-08T23:12:48.279 INFO:teuthology.orchestra.run.smithi016.stdout:/usr/bin/ceph: stderr
2024-05-08T23:12:47.715+0000 7f8827fff700 1 -- 172.21.15.16:0/2976513389 <== mon.0 v2:172.21.15.16:3300/0 3 ==== mon_map magic: 0 v1 ==== 205+0+0 (secure 0 0 0) 0x7f8830023400 con 0x7f884007bee0
2024-05-08T23:12:48.279 INFO:teuthology.orchestra.run.smithi016.stdout:/usr/bin/ceph: stderr
2024-05-08T23:12:47.715+0000 7f884577a700 1 -- 172.21.15.16:0/2976513389 --> [v2:172.21.15.16:3300/0,v1:172.21.15.16:6789/0] -- mon_subscribe({osdmap=0}) v3 -- 0x7f884019d6c0 con 0x7f884007bee0
2024-05-08T23:12:48.279 INFO:teuthology.orchestra.run.smithi016.stdout:/usr/bin/ceph: stderr
2024-05-08T23:12:47.716+0000 7f8827fff700 1 -- 172.21.15.16:0/2976513389 <== mon.0 v2:172.21.15.16:3300/0 4 ==== mgrmap(e 12) v1 ==== 45554+0+0 (secure 0 0 0) 0x7f88300236c0 con 0x7f884007bee0
2024-05-08T23:12:48.279 INFO:teuthology.orchestra.run.smithi016.stdout:/usr/bin/ceph: stderr
2024-05-08T23:12:47.716+0000 7f8827fff700 1 --2- 172.21.15.16:0/2976513389 >> [v2:172.21.15.16:6800/781396085,v1:172.21.15.16:6801/781396085] conn(0x7f8828038700 0x7f882803abc0 unknown :-1 s=NONE pgs=0 cs=0 l=1 rev1=0 crypto rx=0 tx=0 comp rx=0 tx=0).connect
2024-05-08T23:12:48.279 INFO:teuthology.orchestra.run.smithi016.stdout:/usr/bin/ceph: stderr
2024-05-08T23:12:47.716+0000 7f8827fff700 1 -- 172.21.15.16:0/2976513389 <== mon.0 v2:172.21.15.16:3300/0 5 ==== osd_map(3..3 src has 1..3) v4 ==== 1155+0+0 (secure 0 0 0) 0x7f883001b5b0 con 0x7f884007bee0
2024-05-08T23:12:48.279 INFO:teuthology.orchestra.run.smithi016.stdout:/usr/bin/ceph: stderr
2024-05-08T23:12:47.716+0000 7f884577a700 1 -- 172.21.15.16:0/2976513389 --> [v2:172.21.15.16:3300/0,v1:172.21.15.16:6789/0] -- mon_command({"prefix": "get_command_descriptions"} v 0) v1 -- 0x7f8840105730 con 0x7f884007bee0
2024-05-08T23:12:48.279 INFO:teuthology.orchestra.run.smithi016.stdout:/usr/bin/ceph: stderr
2024-05-08T23:12:47.716+0000 7f883e7fc700 1 --2- 172.21.15.16:0/2976513389 >> [v2:172.21.15.16:6800/781396085,v1:172.21.15.16:6801/781396085] conn(0x7f8828038700 0x7f882803abc0 unknown :-1 s=BANNER_CONNECTING pgs=0 cs=0 l=1 rev1=0 crypto rx=0 tx=0 comp rx=0 tx=0)._handle_peer_banner_payload supported=3 required=0
2024-05-08T23:12:48.279 INFO:teuthology.orchestra.run.smithi016.stdout:/usr/bin/ceph: stderr
2024-05-08T23:12:47.717+0000 7f883e7fc700 1 --2- 172.21.15.16:0/2976513389 >> [v2:172.21.15.16:6800/781396085,v1:172.21.15.16:6801/781396085] conn(0x7f8828038700 0x7f882803abc0 secure :-1 s=READY pgs=10 cs=0 l=1 rev1=1 crypto rx=0x7f8834006fd0 tx=0x7f8834006e40 comp rx=0 tx=0).ready entity=mgr.14152 client_cookie=0 server_cookie=0 in_seq=0 out_seq=0
2024-05-08T23:12:48.280 INFO:teuthology.orchestra.run.smithi016.stdout:/usr/bin/ceph: stderr
2024-05-08T23:12:47.722+0000 7f8827fff700 1 -- 172.21.15.16:0/2976513389 <== mon.0 v2:172.21.15.16:3300/0 6 ==== mon_command_ack([{"prefix": "get_command_descriptions"}]=0 v0) v1 ==== 72+0+183622 (secure 0 0 0) 0x7f88300239c0 con 0x7f884007bee0
2024-05-08T23:12:48.280 INFO:teuthology.orchestra.run.smithi016.stdout:/usr/bin/ceph: stderr
2024-05-08T23:12:47.935+0000 7f884577a700 1 -- 172.21.15.16:0/2976513389 --> [v2:172.21.15.16:3300/0,v1:172.21.15.16:6789/0] -- mon_command([{prefix=config set, name=osd_memory_target_autotune}] v 0) v1 -- 0x7f884019d900 con 0x7f884007bee0
2024-05-08T23:12:48.280 INFO:teuthology.orchestra.run.smithi016.stdout:/usr/bin/ceph: stderr
2024-05-08T23:12:47.935+0000 7f8827fff700 1 -- 172.21.15.16:0/2976513389 <== mon.0 v2:172.21.15.16:3300/0 7 ==== mon_command_ack([{prefix=config set, name=osd_memory_target_autotune}]=0 v8)=0 v8) v1 ==== 127+0+0 (secure 0 0 0) 0x7f883004a020 con 0x7f884007bee0
2024-05-08T23:12:48.280 INFO:teuthology.orchestra.run.smithi016.stdout:/usr/bin/ceph: stderr
2024-05-08T23:12:47.938+0000 7f884577a700 1 -- 172.21.15.16:0/2976513389 >> [v2:172.21.15.16:6800/781396085,v1:172.21.15.16:6801/781396085] conn(0x7f8828038700 msgr2=0x7f882803abc0 secure :-1 s=STATE_CONNECTION_ESTABLISHED l=1).mark_down
2024-05-08T23:12:48.280 INFO:teuthology.orchestra.run.smithi016.stdout:/usr/bin/ceph: stderr
2024-05-08T23:12:47.938+0000 7f884577a700 1 --2- 172.21.15.16:0/2976513389 >> [v2:172.21.15.16:6800/781396085,v1:172.21.15.16:6801/781396085] conn(0x7f8828038700 0x7f882803abc0 secure :-1 s=READY pgs=10 cs=0 l=1 rev1=1 crypto rx=0x7f8834006fd0 tx=0x7f8834006e40 comp rx=0 tx=0).stop
2024-05-08T23:12:48.280 INFO:teuthology.orchestra.run.smithi016.stdout:/usr/bin/ceph: stderr
2024-05-08T23:12:47.938+0000 7f884577a700 1 -- 172.21.15.16:0/2976513389 >> [v2:172.21.15.16:3300/0,v1:172.21.15.16:6789/0] conn(0x7f884007bee0 msgr2=0x7f884019c420 secure :-1 s=STATE_CONNECTION_ESTABLISHED l=1).mark_down
2024-05-08T23:12:48.280 INFO:teuthology.orchestra.run.smithi016.stdout:/usr/bin/ceph: stderr
2024-05-08T23:12:47.938+0000 7f884577a700 1 --2- 172.21.15.16:0/2976513389 >> [v2:172.21.15.16:3300/0,v1:172.21.15.16:6789/0] conn(0x7f884007bee0 0x7f884019c420 secure :-1 s=READY pgs=77 cs=0 l=1 rev1=1 crypto rx=0x7f8830006af0 tx=0x7f8830011ed0 comp rx=0 tx=0).stop
2024-05-08T23:12:48.280 INFO:teuthology.orchestra.run.smithi016.stdout:/usr/bin/ceph: stderr
2024-05-08T23:12:47.938+0000 7f884577a700 1 -- 172.21.15.16:0/2976513389 shutdown_connections
2024-05-08T23:12:48.280 INFO:teuthology.orchestra.run.smithi016.stdout:/usr/bin/ceph: stderr
2024-05-08T23:12:47.938+0000 7f884577a700 1 --2- 172.21.15.16:0/2976513389 >> [v2:172.21.15.16:6800/781396085,v1:172.21.15.16:6801/781396085] conn(0x7f8828038700 0x7f882803abc0 unknown :-1 s=CLOSED pgs=10 cs=0 l=1 rev1=1 crypto rx=0 tx=0 comp rx=0 tx=0).stop
2024-05-08T23:12:48.280 INFO:teuthology.orchestra.run.smithi016.stdout:/usr/bin/ceph: stderr
2024-05-08T23:12:47.938+0000 7f884577a700 1 --2- 172.21.15.16:0/2976513389 >> [v2:172.21.15.16:3300/0,v1:172.21.15.16:6789/0] conn(0x7f884007bee0 0x7f884019c420 unknown :-1 s=CLOSED pgs=77 cs=0 l=1 rev1=1 crypto rx=0 tx=0 comp rx=0 tx=0).stop
2024-05-08T23:12:48.280 INFO:teuthology.orchestra.run.smithi016.stdout:/usr/bin/ceph: stderr
2024-05-08T23:12:47.938+0000 7f884577a700 1 -- 172.21.15.16:0/2976513389 >> 172.21.15.16:0/2976513389 conn(0x7f8840101a20 msgr2=0x7f88401025a0 unknown :-1 s=STATE_NONE l=0).mark_down
2024-05-08T23:12:48.280 INFO:teuthology.orchestra.run.smithi016.stdout:/usr/bin/ceph: stderr
2024-05-08T23:12:47.938+0000 7f884577a700 1 -- 172.21.15.16:0/2976513389 shutdown_connections
2024-05-08T23:12:48.280 INFO:teuthology.orchestra.run.smithi016.stdout:/usr/bin/ceph: stderr
2024-05-08T23:12:47.938+0000 7f884577a700 1 -- 172.21.15.16:0/2976513389 wait complete.
2024-05-08T23:12:49.326 INFO:teuthology.orchestra.run.smithi016.stdout:/usr/bin/ceph: stderr
2024-05-08T23:12:48.632+0000 7f918de81700 1 Processor -- start
2024-05-08T23:12:49.327 INFO:teuthology.orchestra.run.smithi016.stdout:/usr/bin/ceph: stderr
2024-05-08T23:12:48.632+0000 7f918de81700 1 -- start start
2024-05-08T23:12:49.327 INFO:teuthology.orchestra.run.smithi016.stdout:/usr/bin/ceph: stderr
2024-05-08T23:12:48.632+0000 7f918de81700 1 --2- >> [v2:172.21.15.16:3300/0,v1:172.21.15.16:6789/0] conn(0x7f9188104da0 0x7f91881051c0 unknown :-1 s=NONE pgs=0 cs=0 l=0 rev1=0 crypto rx=0 tx=0 comp rx=0 tx=0).connect
2024-05-08T23:12:49.327 INFO:teuthology.orchestra.run.smithi016.stdout:/usr/bin/ceph: stderr
2024-05-08T23:12:48.632+0000 7f918de81700 1 -- --> [v2:172.21.15.16:3300/0,v1:172.21.15.16:6789/0] -- mon_getmap magic: 0 v1 -- 0x7f9188079e50 con 0x7f9188104da0
2024-05-08T23:12:49.327 INFO:teuthology.orchestra.run.smithi016.stdout:/usr/bin/ceph: stderr
2024-05-08T23:12:48.633+0000 7f91877fe700 1 --2- >> [v2:172.21.15.16:3300/0,v1:172.21.15.16:6789/0] conn(0x7f9188104da0 0x7f91881051c0 unknown :-1 s=BANNER_CONNECTING pgs=0 cs=0 l=0 rev1=0 crypto rx=0 tx=0 comp rx=0 tx=0)._handle_peer_banner_payload supported=3 required=0
2024-05-08T23:12:49.327 INFO:teuthology.orchestra.run.smithi016.stdout:/usr/bin/ceph: stderr
2024-05-08T23:12:48.633+0000 7f91877fe700 1 --2- >> [v2:172.21.15.16:3300/0,v1:172.21.15.16:6789/0] conn(0x7f9188104da0 0x7f91881051c0 unknown :-1 s=HELLO_CONNECTING pgs=0 cs=0 l=0 rev1=1 crypto rx=0 tx=0 comp rx=0 tx=0).handle_hello peer v2:172.21.15.16:3300/0 says I am v2:172.21.15.16:46020/0 (socket says 172.21.15.16:46020)
2024-05-08T23:12:49.327 INFO:teuthology.orchestra.run.smithi016.stdout:/usr/bin/ceph: stderr
2024-05-08T23:12:48.633+0000 7f91877fe700 1 -- 172.21.15.16:0/3161767991 learned_addr learned my addr 172.21.15.16:0/3161767991 (peer_addr_for_me v2:172.21.15.16:0/0)
2024-05-08T23:12:49.327 INFO:teuthology.orchestra.run.smithi016.stdout:/usr/bin/ceph: stderr
2024-05-08T23:12:48.633+0000 7f91877fe700 1 -- 172.21.15.16:0/3161767991 --> [v2:172.21.15.16:3300/0,v1:172.21.15.16:6789/0] -- mon_subscribe({config=0+,monmap=0+}) v3 -- 0x7f9188105700 con 0x7f9188104da0
2024-05-08T23:12:49.327 INFO:teuthology.orchestra.run.smithi016.stdout:/usr/bin/ceph: stderr
2024-05-08T23:12:48.633+0000 7f91877fe700 1 --2- 172.21.15.16:0/3161767991 >> [v2:172.21.15.16:3300/0,v1:172.21.15.16:6789/0] conn(0x7f9188104da0 0x7f91881051c0 secure :-1 s=READY pgs=78 cs=0 l=1 rev1=1 crypto rx=0x7f91780098a0 tx=0x7f9178009bb0 comp rx=0 tx=0).ready entity=mon.0 client_cookie=651457c120cad0b7 server_cookie=0 in_seq=0 out_seq=0
2024-05-08T23:12:49.327 INFO:teuthology.orchestra.run.smithi016.stdout:/usr/bin/ceph: stderr
2024-05-08T23:12:48.633+0000 7f91867fc700 1 -- 172.21.15.16:0/3161767991 <== mon.0 v2:172.21.15.16:3300/0 1 ==== mon_map magic: 0 v1 ==== 205+0+0 (secure 0 0 0) 0x7f9178004160 con 0x7f9188104da0
2024-05-08T23:12:49.327 INFO:teuthology.orchestra.run.smithi016.stdout:/usr/bin/ceph: stderr
2024-05-08T23:12:48.633+0000 7f91867fc700 1 -- 172.21.15.16:0/3161767991 <== mon.0 v2:172.21.15.16:3300/0 2 ==== config(25 keys) v1 ==== 1067+0+0 (secure 0 0 0) 0x7f91780042c0 con 0x7f9188104da0
2024-05-08T23:12:49.327 INFO:teuthology.orchestra.run.smithi016.stdout:/usr/bin/ceph: stderr
2024-05-08T23:12:48.633+0000 7f91867fc700 1 -- 172.21.15.16:0/3161767991 <== mon.0 v2:172.21.15.16:3300/0 3 ==== mon_map magic: 0 v1 ==== 205+0+0 (secure 0 0 0) 0x7f91780118e0 con 0x7f9188104da0
2024-05-08T23:12:49.327 INFO:teuthology.orchestra.run.smithi016.stdout:/usr/bin/ceph: stderr
2024-05-08T23:12:48.634+0000 7f918de81700 1 -- 172.21.15.16:0/3161767991 >> [v2:172.21.15.16:3300/0,v1:172.21.15.16:6789/0] conn(0x7f9188104da0 msgr2=0x7f91881051c0 secure :-1 s=STATE_CONNECTION_ESTABLISHED l=1).mark_down
2024-05-08T23:12:49.328 INFO:teuthology.orchestra.run.smithi016.stdout:/usr/bin/ceph: stderr
2024-05-08T23:12:48.634+0000 7f918de81700 1 --2- 172.21.15.16:0/3161767991 >> [v2:172.21.15.16:3300/0,v1:172.21.15.16:6789/0] conn(0x7f9188104da0 0x7f91881051c0 secure :-1 s=READY pgs=78 cs=0 l=1 rev1=1 crypto rx=0x7f91780098a0 tx=0x7f9178009bb0 comp rx=0 tx=0).stop
2024-05-08T23:12:49.328 INFO:teuthology.orchestra.run.smithi016.stdout:/usr/bin/ceph: stderr
2024-05-08T23:12:48.634+0000 7f918de81700 1 -- 172.21.15.16:0/3161767991 shutdown_connections
2024-05-08T23:12:49.328 INFO:teuthology.orchestra.run.smithi016.stdout:/usr/bin/ceph: stderr
2024-05-08T23:12:48.634+0000 7f918de81700 1 --2- 172.21.15.16:0/3161767991 >> [v2:172.21.15.16:3300/0,v1:172.21.15.16:6789/0] conn(0x7f9188104da0 0x7f91881051c0 unknown :-1 s=CLOSED pgs=78 cs=0 l=1 rev1=1 crypto rx=0 tx=0 comp rx=0 tx=0).stop
2024-05-08T23:12:49.328 INFO:teuthology.orchestra.run.smithi016.stdout:/usr/bin/ceph: stderr
2024-05-08T23:12:48.634+0000 7f918de81700 1 -- 172.21.15.16:0/3161767991 >> 172.21.15.16:0/3161767991 conn(0x7f9188100960 msgr2=0x7f9188102da0 unknown :-1 s=STATE_NONE l=0).mark_down
2024-05-08T23:12:49.328 INFO:teuthology.orchestra.run.smithi016.stdout:/usr/bin/ceph: stderr
2024-05-08T23:12:48.634+0000 7f918de81700 1 -- 172.21.15.16:0/3161767991 shutdown_connections
2024-05-08T23:12:49.328 INFO:teuthology.orchestra.run.smithi016.stdout:/usr/bin/ceph: stderr
2024-05-08T23:12:48.634+0000 7f918de81700 1 -- 172.21.15.16:0/3161767991 wait complete.
2024-05-08T23:12:49.328 INFO:teuthology.orchestra.run.smithi016.stdout:/usr/bin/ceph: stderr
2024-05-08T23:12:48.635+0000 7f918de81700 1 Processor -- start
2024-05-08T23:12:49.328 INFO:teuthology.orchestra.run.smithi016.stdout:/usr/bin/ceph: stderr
2024-05-08T23:12:48.635+0000 7f918de81700 1 -- start start
2024-05-08T23:12:49.328 INFO:teuthology.orchestra.run.smithi016.stdout:/usr/bin/ceph: stderr
2024-05-08T23:12:48.635+0000 7f918de81700 1 --2- >> [v2:172.21.15.16:3300/0,v1:172.21.15.16:6789/0] conn(0x7f9188104da0 0x7f918819c4a0 unknown :-1 s=NONE pgs=0 cs=0 l=1 rev1=0 crypto rx=0 tx=0 comp rx=0 tx=0).connect
2024-05-08T23:12:49.328 INFO:teuthology.orchestra.run.smithi016.stdout:/usr/bin/ceph: stderr
2024-05-08T23:12:48.635+0000 7f918de81700 1 -- --> [v2:172.21.15.16:3300/0,v1:172.21.15.16:6789/0] -- mon_getmap magic: 0 v1 -- 0x7f918819c9e0 con 0x7f9188104da0
2024-05-08T23:12:49.328 INFO:teuthology.orchestra.run.smithi016.stdout:/usr/bin/ceph: stderr
2024-05-08T23:12:48.635+0000 7f91877fe700 1 --2- >> [v2:172.21.15.16:3300/0,v1:172.21.15.16:6789/0] conn(0x7f9188104da0 0x7f918819c4a0 unknown :-1 s=BANNER_CONNECTING pgs=0 cs=0 l=1 rev1=0 crypto rx=0 tx=0 comp rx=0 tx=0)._handle_peer_banner_payload supported=3 required=0
2024-05-08T23:12:49.328 INFO:teuthology.orchestra.run.smithi016.stdout:/usr/bin/ceph: stderr
2024-05-08T23:12:48.635+0000 7f91877fe700 1 --2- >> [v2:172.21.15.16:3300/0,v1:172.21.15.16:6789/0] conn(0x7f9188104da0 0x7f918819c4a0 unknown :-1 s=HELLO_CONNECTING pgs=0 cs=0 l=1 rev1=1 crypto rx=0 tx=0 comp rx=0 tx=0).handle_hello peer v2:172.21.15.16:3300/0 says I am v2:172.21.15.16:46034/0 (socket says 172.21.15.16:46034)
2024-05-08T23:12:49.328 INFO:teuthology.orchestra.run.smithi016.stdout:/usr/bin/ceph: stderr
2024-05-08T23:12:48.635+0000 7f91877fe700 1 -- 172.21.15.16:0/1026999809 learned_addr learned my addr 172.21.15.16:0/1026999809 (peer_addr_for_me v2:172.21.15.16:0/0)
2024-05-08T23:12:49.329 INFO:teuthology.orchestra.run.smithi016.stdout:/usr/bin/ceph: stderr
2024-05-08T23:12:48.636+0000 7f91877fe700 1 -- 172.21.15.16:0/1026999809 --> [v2:172.21.15.16:3300/0,v1:172.21.15.16:6789/0] -- mon_subscribe({config=0+,monmap=0+}) v3 -- 0x7f9178009550 con 0x7f9188104da0
2024-05-08T23:12:49.329 INFO:teuthology.orchestra.run.smithi016.stdout:/usr/bin/ceph: stderr
2024-05-08T23:12:48.636+0000 7f91877fe700 1 --2- 172.21.15.16:0/1026999809 >> [v2:172.21.15.16:3300/0,v1:172.21.15.16:6789/0] conn(0x7f9188104da0 0x7f918819c4a0 secure :-1 s=READY pgs=79 cs=0 l=1 rev1=1 crypto rx=0x7f91780046e0 tx=0x7f91780119a0 comp rx=0 tx=0).ready entity=mon.0 client_cookie=0 server_cookie=0 in_seq=0 out_seq=0
2024-05-08T23:12:49.329 INFO:teuthology.orchestra.run.smithi016.stdout:/usr/bin/ceph: stderr
2024-05-08T23:12:48.636+0000 7f9184ff9700 1 -- 172.21.15.16:0/1026999809 <== mon.0 v2:172.21.15.16:3300/0 1 ==== mon_map magic: 0 v1 ==== 205+0+0 (secure 0 0 0) 0x7f91780037d0 con 0x7f9188104da0
2024-05-08T23:12:49.329 INFO:teuthology.orchestra.run.smithi016.stdout:/usr/bin/ceph: stderr
2024-05-08T23:12:48.636+0000 7f918de81700 1 -- 172.21.15.16:0/1026999809 --> [v2:172.21.15.16:3300/0,v1:172.21.15.16:6789/0] -- mon_subscribe({mgrmap=0+}) v3 -- 0x7f918819cbe0 con 0x7f9188104da0
2024-05-08T23:12:49.329 INFO:teuthology.orchestra.run.smithi016.stdout:/usr/bin/ceph: stderr
2024-05-08T23:12:48.636+0000 7f9184ff9700 1 -- 172.21.15.16:0/1026999809 <== mon.0 v2:172.21.15.16:3300/0 2 ==== config(25 keys) v1 ==== 1067+0+0 (secure 0 0 0) 0x7f917801b440 con 0x7f9188104da0
2024-05-08T23:12:49.329 INFO:teuthology.orchestra.run.smithi016.stdout:/usr/bin/ceph: stderr
2024-05-08T23:12:48.636+0000 7f9184ff9700 1 -- 172.21.15.16:0/1026999809 <== mon.0 v2:172.21.15.16:3300/0 3 ==== mon_map magic: 0 v1 ==== 205+0+0 (secure 0 0 0) 0x7f9178023400 con 0x7f9188104da0
2024-05-08T23:12:49.329 INFO:teuthology.orchestra.run.smithi016.stdout:/usr/bin/ceph: stderr
2024-05-08T23:12:48.636+0000 7f918de81700 1 -- 172.21.15.16:0/1026999809 --> [v2:172.21.15.16:3300/0,v1:172.21.15.16:6789/0] -- mon_subscribe({osdmap=0}) v3 -- 0x7f918819d740 con 0x7f9188104da0
2024-05-08T23:12:49.329 INFO:teuthology.orchestra.run.smithi016.stdout:/usr/bin/ceph: stderr
2024-05-08T23:12:48.637+0000 7f9184ff9700 1 -- 172.21.15.16:0/1026999809 <== mon.0 v2:172.21.15.16:3300/0 4 ==== mgrmap(e 13) v1 ==== 45597+0+0 (secure 0 0 0) 0x7f9178023680 con 0x7f9188104da0
2024-05-08T23:12:49.329 INFO:teuthology.orchestra.run.smithi016.stdout:/usr/bin/ceph: stderr
2024-05-08T23:12:48.637+0000 7f9184ff9700 1 --2- 172.21.15.16:0/1026999809 >> [v2:172.21.15.16:6800/781396085,v1:172.21.15.16:6801/781396085] conn(0x7f91740387f0 0x7f917403acb0 unknown :-1 s=NONE pgs=0 cs=0 l=1 rev1=0 crypto rx=0 tx=0 comp rx=0 tx=0).connect
2024-05-08T23:12:49.329 INFO:teuthology.orchestra.run.smithi016.stdout:/usr/bin/ceph: stderr
2024-05-08T23:12:48.637+0000 7f9184ff9700 1 -- 172.21.15.16:0/1026999809 <== mon.0 v2:172.21.15.16:3300/0 5 ==== osd_map(3..3 src has 1..3) v4 ==== 1155+0+0 (secure 0 0 0) 0x7f917804c8b0 con 0x7f9188104da0
2024-05-08T23:12:49.329 INFO:teuthology.orchestra.run.smithi016.stdout:/usr/bin/ceph: stderr
2024-05-08T23:12:48.637+0000 7f918de81700 1 -- 172.21.15.16:0/1026999809 --> [v2:172.21.15.16:3300/0,v1:172.21.15.16:6789/0] -- mon_command({"prefix": "get_command_descriptions"} v 0) v1 -- 0x7f9188104650 con 0x7f9188104da0
2024-05-08T23:12:49.329 INFO:teuthology.orchestra.run.smithi016.stdout:/usr/bin/ceph: stderr
2024-05-08T23:12:48.637+0000 7f9186ffd700 1 --2- 172.21.15.16:0/1026999809 >> [v2:172.21.15.16:6800/781396085,v1:172.21.15.16:6801/781396085] conn(0x7f91740387f0 0x7f917403acb0 unknown :-1 s=BANNER_CONNECTING pgs=0 cs=0 l=1 rev1=0 crypto rx=0 tx=0 comp rx=0 tx=0)._handle_peer_banner_payload supported=3 required=0
2024-05-08T23:12:49.329 INFO:teuthology.orchestra.run.smithi016.stdout:/usr/bin/ceph: stderr
2024-05-08T23:12:48.638+0000 7f9186ffd700 1 --2- 172.21.15.16:0/1026999809 >> [v2:172.21.15.16:6800/781396085,v1:172.21.15.16:6801/781396085] conn(0x7f91740387f0 0x7f917403acb0 secure :-1 s=READY pgs=11 cs=0 l=1 rev1=1 crypto rx=0x7f9170006fd0 tx=0x7f9170006e40 comp rx=0 tx=0).ready entity=mgr.14152 client_cookie=0 server_cookie=0 in_seq=0 out_seq=0
2024-05-08T23:12:49.329 INFO:teuthology.orchestra.run.smithi016.stdout:/usr/bin/ceph: stderr
2024-05-08T23:12:48.642+0000 7f9184ff9700 1 -- 172.21.15.16:0/1026999809 <== mon.0 v2:172.21.15.16:3300/0 6 ==== mon_command_ack([{"prefix": "get_command_descriptions"}]=0 v0) v1 ==== 72+0+183622 (secure 0 0 0) 0x7f917802bb80 con 0x7f9188104da0
2024-05-08T23:12:49.330 INFO:teuthology.orchestra.run.smithi016.stdout:/usr/bin/ceph: stderr
2024-05-08T23:12:48.973+0000 7f918de81700 1 -- 172.21.15.16:0/1026999809 --> [v2:172.21.15.16:3300/0,v1:172.21.15.16:6789/0] -- mon_command([{prefix=config-key set, key=mgr/dashboard/cluster/status}] v 0) v1 -- 0x7f9188066f40 con 0x7f9188104da0
2024-05-08T23:12:49.330 INFO:teuthology.orchestra.run.smithi016.stdout:/usr/bin/ceph: stderr
2024-05-08T23:12:48.975+0000 7f9184ff9700 1 -- 172.21.15.16:0/1026999809 <== mon.0 v2:172.21.15.16:3300/0 7 ==== mon_command_ack([{prefix=config-key set, key=mgr/dashboard/cluster/status}]=0 set mgr/dashboard/cluster/status v28)=0 set mgr/dashboard/cluster/status v28) v1 ==== 153+0+0 (secure 0 0 0) 0x7f917802b7c0 con 0x7f9188104da0
2024-05-08T23:12:49.330 INFO:teuthology.orchestra.run.smithi016.stdout:/usr/bin/ceph: stderr
2024-05-08T23:12:48.978+0000 7f918de81700 1 -- 172.21.15.16:0/1026999809 >> [v2:172.21.15.16:6800/781396085,v1:172.21.15.16:6801/781396085] conn(0x7f91740387f0 msgr2=0x7f917403acb0 secure :-1 s=STATE_CONNECTION_ESTABLISHED l=1).mark_down
2024-05-08T23:12:49.330 INFO:teuthology.orchestra.run.smithi016.stdout:/usr/bin/ceph: stderr
2024-05-08T23:12:48.978+0000 7f918de81700 1 --2- 172.21.15.16:0/1026999809 >> [v2:172.21.15.16:6800/781396085,v1:172.21.15.16:6801/781396085] conn(0x7f91740387f0 0x7f917403acb0 secure :-1 s=READY pgs=11 cs=0 l=1 rev1=1 crypto rx=0x7f9170006fd0 tx=0x7f9170006e40 comp rx=0 tx=0).stop
2024-05-08T23:12:49.330 INFO:teuthology.orchestra.run.smithi016.stdout:/usr/bin/ceph: stderr
2024-05-08T23:12:48.978+0000 7f918de81700 1 -- 172.21.15.16:0/1026999809 >> [v2:172.21.15.16:3300/0,v1:172.21.15.16:6789/0] conn(0x7f9188104da0 msgr2=0x7f918819c4a0 secure :-1 s=STATE_CONNECTION_ESTABLISHED l=1).mark_down
2024-05-08T23:12:49.330 INFO:teuthology.orchestra.run.smithi016.stdout:/usr/bin/ceph: stderr
2024-05-08T23:12:48.978+0000 7f918de81700 1 --2- 172.21.15.16:0/1026999809 >> [v2:172.21.15.16:3300/0,v1:172.21.15.16:6789/0] conn(0x7f9188104da0 0x7f918819c4a0 secure :-1 s=READY pgs=79 cs=0 l=1 rev1=1 crypto rx=0x7f91780046e0 tx=0x7f91780119a0 comp rx=0 tx=0).stop
2024-05-08T23:12:49.330 INFO:teuthology.orchestra.run.smithi016.stdout:/usr/bin/ceph: stderr
2024-05-08T23:12:48.978+0000 7f918de81700 1 -- 172.21.15.16:0/1026999809 shutdown_connections
2024-05-08T23:12:49.330 INFO:teuthology.orchestra.run.smithi016.stdout:/usr/bin/ceph: stderr
2024-05-08T23:12:48.978+0000 7f918de81700 1 --2- 172.21.15.16:0/1026999809 >> [v2:172.21.15.16:6800/781396085,v1:172.21.15.16:6801/781396085] conn(0x7f91740387f0 0x7f917403acb0 unknown :-1 s=CLOSED pgs=11 cs=0 l=1 rev1=1 crypto rx=0 tx=0 comp rx=0 tx=0).stop
2024-05-08T23:12:49.330 INFO:teuthology.orchestra.run.smithi016.stdout:/usr/bin/ceph: stderr
2024-05-08T23:12:48.978+0000 7f918de81700 1 --2- 172.21.15.16:0/1026999809 >> [v2:172.21.15.16:3300/0,v1:172.21.15.16:6789/0] conn(0x7f9188104da0 0x7f918819c4a0 unknown :-1 s=CLOSED pgs=79 cs=0 l=1 rev1=1 crypto rx=0 tx=0 comp rx=0 tx=0).stop
2024-05-08T23:12:49.330 INFO:teuthology.orchestra.run.smithi016.stdout:/usr/bin/ceph: stderr
2024-05-08T23:12:48.978+0000 7f918de81700 1 -- 172.21.15.16:0/1026999809 >> 172.21.15.16:0/1026999809 conn(0x7f9188100960 msgr2=0x7f9188193160 unknown :-1 s=STATE_NONE l=0).mark_down
2024-05-08T23:12:49.330 INFO:teuthology.orchestra.run.smithi016.stdout:/usr/bin/ceph: stderr
2024-05-08T23:12:48.978+0000 7f918de81700 1 -- 172.21.15.16:0/1026999809 shutdown_connections
2024-05-08T23:12:49.330 INFO:teuthology.orchestra.run.smithi016.stdout:/usr/bin/ceph: stderr
2024-05-08T23:12:48.978+0000 7f918de81700 1 -- 172.21.15.16:0/1026999809 wait complete.
2024-05-08T23:12:49.330 INFO:teuthology.orchestra.run.smithi016.stdout:/usr/bin/ceph: stderr set mgr/dashboard/cluster/status
2024-05-08T23:12:49.330 INFO:teuthology.orchestra.run.smithi016.stdout:You can access the Ceph CLI as following in case of multi-cluster or non-default config:
2024-05-08T23:12:49.331 INFO:teuthology.orchestra.run.smithi016.stdout:
2024-05-08T23:12:49.331 INFO:teuthology.orchestra.run.smithi016.stdout: sudo /home/ubuntu/cephtest/cephadm shell --fsid 378de17a-0d90-11ef-bc97-c7b262605968 -c /etc/ceph/ceph.conf -k /etc/ceph/ceph.client.admin.keyring
