2024-05-08T23:12:22.797 INFO:teuthology.orchestra.run.smithi016.stdout:/usr/bin/ceph: stderr
2024-05-08T23:12:20.369+0000 7fb1c442d700 1 -- 172.21.15.16:0/1067487395 shutdown_connections
2024-05-08T23:12:22.797 INFO:teuthology.orchestra.run.smithi016.stdout:/usr/bin/ceph: stderr
2024-05-08T23:12:20.369+0000 7fb1c442d700 1 --2- 172.21.15.16:0/1067487395 >> [v2:172.21.15.16:6800/1569877251,v1:172.21.15.16:6801/1569877251] conn(0x7fb1a803bfe0 0x7fb1a803e3d0 unknown :-1 s=CLOSED pgs=1 cs=0 l=1 rev1=1 crypto rx=0 tx=0 comp rx=0 tx=0).stop
2024-05-08T23:12:22.797 INFO:teuthology.orchestra.run.smithi016.stdout:/usr/bin/ceph: stderr
2024-05-08T23:12:20.369+0000 7fb1c442d700 1 --2- 172.21.15.16:0/1067487395 >> [v2:172.21.15.16:3300/0,v1:172.21.15.16:6789/0] conn(0x7fb1bc106f50 0x7fb1bc106910 unknown :-1 s=CLOSED pgs=29 cs=0 l=1 rev1=1 crypto rx=0 tx=0 comp rx=0 tx=0).stop
2024-05-08T23:12:22.797 INFO:teuthology.orchestra.run.smithi016.stdout:/usr/bin/ceph: stderr
2024-05-08T23:12:20.369+0000 7fb1c442d700 1 --2- 172.21.15.16:0/1067487395 >> [v2:172.21.15.16:6800/3684081056,v1:172.21.15.16:6801/3684081056] conn(0x7fb1a8038750 0x7fb1a803ac10 unknown :-1 s=CLOSED pgs=0 cs=0 l=1 rev1=0 crypto rx=0 tx=0 comp rx=0 tx=0).stop
2024-05-08T23:12:22.797 INFO:teuthology.orchestra.run.smithi016.stdout:/usr/bin/ceph: stderr
2024-05-08T23:12:20.369+0000 7fb1c442d700 1 -- 172.21.15.16:0/1067487395 >> 172.21.15.16:0/1067487395 conn(0x7fb1bc100920 msgr2=0x7fb1bc101440 unknown :-1 s=STATE_NONE l=0).mark_down
2024-05-08T23:12:22.797 INFO:teuthology.orchestra.run.smithi016.stdout:/usr/bin/ceph: stderr
2024-05-08T23:12:20.369+0000 7fb1c442d700 1 -- 172.21.15.16:0/1067487395 shutdown_connections
2024-05-08T23:12:22.797 INFO:teuthology.orchestra.run.smithi016.stdout:/usr/bin/ceph: stderr
2024-05-08T23:12:20.369+0000 7fb1c442d700 1 -- 172.21.15.16:0/1067487395 wait complete.
2024-05-08T23:12:22.798 INFO:teuthology.orchestra.run.smithi016.stdout:mgr epoch 5 is available
2024-05-08T23:12:22.798 INFO:teuthology.orchestra.run.smithi016.stdout:Setting orchestrator backend to cephadm...
2024-05-08T23:12:23.763 INFO:teuthology.orchestra.run.smithi016.stdout:/usr/bin/ceph: stderr
2024-05-08T23:12:23.157+0000 7f2aa1eaa700 1 Processor -- start
2024-05-08T23:12:23.763 INFO:teuthology.orchestra.run.smithi016.stdout:/usr/bin/ceph: stderr
2024-05-08T23:12:23.157+0000 7f2aa1eaa700 1 -- start start
2024-05-08T23:12:23.764 INFO:teuthology.orchestra.run.smithi016.stdout:/usr/bin/ceph: stderr
2024-05-08T23:12:23.157+0000 7f2aa1eaa700 1 --2- >> [v2:172.21.15.16:3300/0,v1:172.21.15.16:6789/0] conn(0x7f2a9c106f70 0x7f2a9c109360 unknown :-1 s=NONE pgs=0 cs=0 l=0 rev1=0 crypto rx=0 tx=0 comp rx=0 tx=0).connect
2024-05-08T23:12:23.764 INFO:teuthology.orchestra.run.smithi016.stdout:/usr/bin/ceph: stderr
2024-05-08T23:12:23.157+0000 7f2aa1eaa700 1 -- --> [v2:172.21.15.16:3300/0,v1:172.21.15.16:6789/0] -- mon_getmap magic: 0 v1 -- 0x7f2a9c079e90 con 0x7f2a9c106f70
2024-05-08T23:12:23.764 INFO:teuthology.orchestra.run.smithi016.stdout:/usr/bin/ceph: stderr
2024-05-08T23:12:23.157+0000 7f2a9b7fe700 1 --2- >> [v2:172.21.15.16:3300/0,v1:172.21.15.16:6789/0] conn(0x7f2a9c106f70 0x7f2a9c109360 unknown :-1 s=BANNER_CONNECTING pgs=0 cs=0 l=0 rev1=0 crypto rx=0 tx=0 comp rx=0 tx=0)._handle_peer_banner_payload supported=3 required=0
2024-05-08T23:12:23.764 INFO:teuthology.orchestra.run.smithi016.stdout:/usr/bin/ceph: stderr
2024-05-08T23:12:23.158+0000 7f2a9b7fe700 1 --2- >> [v2:172.21.15.16:3300/0,v1:172.21.15.16:6789/0] conn(0x7f2a9c106f70 0x7f2a9c109360 unknown :-1 s=HELLO_CONNECTING pgs=0 cs=0 l=0 rev1=1 crypto rx=0 tx=0 comp rx=0 tx=0).handle_hello peer v2:172.21.15.16:3300/0 says I am v2:172.21.15.16:35350/0 (socket says 172.21.15.16:35350)
2024-05-08T23:12:23.764 INFO:teuthology.orchestra.run.smithi016.stdout:/usr/bin/ceph: stderr
2024-05-08T23:12:23.158+0000 7f2a9b7fe700 1 -- 172.21.15.16:0/1330559636 learned_addr learned my addr 172.21.15.16:0/1330559636 (peer_addr_for_me v2:172.21.15.16:0/0)
2024-05-08T23:12:23.764 INFO:teuthology.orchestra.run.smithi016.stdout:/usr/bin/ceph: stderr
2024-05-08T23:12:23.158+0000 7f2a9b7fe700 1 -- 172.21.15.16:0/1330559636 --> [v2:172.21.15.16:3300/0,v1:172.21.15.16:6789/0] -- mon_subscribe({config=0+,monmap=0+}) v3 -- 0x7f2a9c1098a0 con 0x7f2a9c106f70
2024-05-08T23:12:23.764 INFO:teuthology.orchestra.run.smithi016.stdout:/usr/bin/ceph: stderr
2024-05-08T23:12:23.158+0000 7f2a9b7fe700 1 --2- 172.21.15.16:0/1330559636 >> [v2:172.21.15.16:3300/0,v1:172.21.15.16:6789/0] conn(0x7f2a9c106f70 0x7f2a9c109360 secure :-1 s=READY pgs=37 cs=0 l=1 rev1=1 crypto rx=0x7f2a8c0098a0 tx=0x7f2a8c009bb0 comp rx=0 tx=0).ready entity=mon.0 client_cookie=4592118b5b348123 server_cookie=0 in_seq=0 out_seq=0
2024-05-08T23:12:23.764 INFO:teuthology.orchestra.run.smithi016.stdout:/usr/bin/ceph: stderr
2024-05-08T23:12:23.158+0000 7f2a9a7fc700 1 -- 172.21.15.16:0/1330559636 <== mon.0 v2:172.21.15.16:3300/0 1 ==== mon_map magic: 0 v1 ==== 205+0+0 (secure 0 0 0) 0x7f2a8c004160 con 0x7f2a9c106f70
2024-05-08T23:12:23.764 INFO:teuthology.orchestra.run.smithi016.stdout:/usr/bin/ceph: stderr
2024-05-08T23:12:23.158+0000 7f2a9a7fc700 1 -- 172.21.15.16:0/1330559636 <== mon.0 v2:172.21.15.16:3300/0 2 ==== config(25 keys) v1 ==== 1036+0+0 (secure 0 0 0) 0x7f2a8c0042c0 con 0x7f2a9c106f70
2024-05-08T23:12:23.764 INFO:teuthology.orchestra.run.smithi016.stdout:/usr/bin/ceph: stderr
2024-05-08T23:12:23.158+0000 7f2a9a7fc700 1 -- 172.21.15.16:0/1330559636 <== mon.0 v2:172.21.15.16:3300/0 3 ==== mon_map magic: 0 v1 ==== 205+0+0 (secure 0 0 0) 0x7f2a8c011940 con 0x7f2a9c106f70
2024-05-08T23:12:23.764 INFO:teuthology.orchestra.run.smithi016.stdout:/usr/bin/ceph: stderr
2024-05-08T23:12:23.159+0000 7f2aa1eaa700 1 -- 172.21.15.16:0/1330559636 >> [v2:172.21.15.16:3300/0,v1:172.21.15.16:6789/0] conn(0x7f2a9c106f70 msgr2=0x7f2a9c109360 secure :-1 s=STATE_CONNECTION_ESTABLISHED l=1).mark_down
2024-05-08T23:12:23.764 INFO:teuthology.orchestra.run.smithi016.stdout:/usr/bin/ceph: stderr
2024-05-08T23:12:23.159+0000 7f2aa1eaa700 1 --2- 172.21.15.16:0/1330559636 >> [v2:172.21.15.16:3300/0,v1:172.21.15.16:6789/0] conn(0x7f2a9c106f70 0x7f2a9c109360 secure :-1 s=READY pgs=37 cs=0 l=1 rev1=1 crypto rx=0x7f2a8c0098a0 tx=0x7f2a8c009bb0 comp rx=0 tx=0).stop
2024-05-08T23:12:23.764 INFO:teuthology.orchestra.run.smithi016.stdout:/usr/bin/ceph: stderr
2024-05-08T23:12:23.159+0000 7f2aa1eaa700 1 -- 172.21.15.16:0/1330559636 shutdown_connections
2024-05-08T23:12:23.765 INFO:teuthology.orchestra.run.smithi016.stdout:/usr/bin/ceph: stderr
2024-05-08T23:12:23.159+0000 7f2aa1eaa700 1 --2- 172.21.15.16:0/1330559636 >> [v2:172.21.15.16:3300/0,v1:172.21.15.16:6789/0] conn(0x7f2a9c106f70 0x7f2a9c109360 unknown :-1 s=CLOSED pgs=37 cs=0 l=1 rev1=1 crypto rx=0 tx=0 comp rx=0 tx=0).stop
2024-05-08T23:12:23.765 INFO:teuthology.orchestra.run.smithi016.stdout:/usr/bin/ceph: stderr
2024-05-08T23:12:23.159+0000 7f2aa1eaa700 1 -- 172.21.15.16:0/1330559636 >> 172.21.15.16:0/1330559636 conn(0x7f2a9c100960 msgr2=0x7f2a9c102da0 unknown :-1 s=STATE_NONE l=0).mark_down
2024-05-08T23:12:23.765 INFO:teuthology.orchestra.run.smithi016.stdout:/usr/bin/ceph: stderr
2024-05-08T23:12:23.159+0000 7f2aa1eaa700 1 -- 172.21.15.16:0/1330559636 shutdown_connections
2024-05-08T23:12:23.765 INFO:teuthology.orchestra.run.smithi016.stdout:/usr/bin/ceph: stderr
2024-05-08T23:12:23.159+0000 7f2aa1eaa700 1 -- 172.21.15.16:0/1330559636 wait complete.
2024-05-08T23:12:23.765 INFO:teuthology.orchestra.run.smithi016.stdout:/usr/bin/ceph: stderr
2024-05-08T23:12:23.159+0000 7f2aa1eaa700 1 Processor -- start
2024-05-08T23:12:23.765 INFO:teuthology.orchestra.run.smithi016.stdout:/usr/bin/ceph: stderr
2024-05-08T23:12:23.160+0000 7f2aa1eaa700 1 -- start start
2024-05-08T23:12:23.765 INFO:teuthology.orchestra.run.smithi016.stdout:/usr/bin/ceph: stderr
2024-05-08T23:12:23.160+0000 7f2aa1eaa700 1 --2- >> [v2:172.21.15.16:3300/0,v1:172.21.15.16:6789/0] conn(0x7f2a9c106f70 0x7f2a9c19c400 unknown :-1 s=NONE pgs=0 cs=0 l=1 rev1=0 crypto rx=0 tx=0 comp rx=0 tx=0).connect
2024-05-08T23:12:23.765 INFO:teuthology.orchestra.run.smithi016.stdout:/usr/bin/ceph: stderr
2024-05-08T23:12:23.160+0000 7f2aa1eaa700 1 -- --> [v2:172.21.15.16:3300/0,v1:172.21.15.16:6789/0] -- mon_getmap magic: 0 v1 -- 0x7f2a9c19c940 con 0x7f2a9c106f70
2024-05-08T23:12:23.765 INFO:teuthology.orchestra.run.smithi016.stdout:/usr/bin/ceph: stderr
2024-05-08T23:12:23.160+0000 7f2a9b7fe700 1 --2- >> [v2:172.21.15.16:3300/0,v1:172.21.15.16:6789/0] conn(0x7f2a9c106f70 0x7f2a9c19c400 unknown :-1 s=BANNER_CONNECTING pgs=0 cs=0 l=1 rev1=0 crypto rx=0 tx=0 comp rx=0 tx=0)._handle_peer_banner_payload supported=3 required=0
2024-05-08T23:12:23.765 INFO:teuthology.orchestra.run.smithi016.stdout:/usr/bin/ceph: stderr
2024-05-08T23:12:23.160+0000 7f2a9b7fe700 1 --2- >> [v2:172.21.15.16:3300/0,v1:172.21.15.16:6789/0] conn(0x7f2a9c106f70 0x7f2a9c19c400 unknown :-1 s=HELLO_CONNECTING pgs=0 cs=0 l=1 rev1=1 crypto rx=0 tx=0 comp rx=0 tx=0).handle_hello peer v2:172.21.15.16:3300/0 says I am v2:172.21.15.16:35352/0 (socket says 172.21.15.16:35352)
2024-05-08T23:12:23.765 INFO:teuthology.orchestra.run.smithi016.stdout:/usr/bin/ceph: stderr
2024-05-08T23:12:23.160+0000 7f2a9b7fe700 1 -- 172.21.15.16:0/4087591058 learned_addr learned my addr 172.21.15.16:0/4087591058 (peer_addr_for_me v2:172.21.15.16:0/0)
2024-05-08T23:12:23.765 INFO:teuthology.orchestra.run.smithi016.stdout:/usr/bin/ceph: stderr
2024-05-08T23:12:23.160+0000 7f2a9b7fe700 1 -- 172.21.15.16:0/4087591058 --> [v2:172.21.15.16:3300/0,v1:172.21.15.16:6789/0] -- mon_subscribe({config=0+,monmap=0+}) v3 -- 0x7f2a8c009550 con 0x7f2a9c106f70
2024-05-08T23:12:23.765 INFO:teuthology.orchestra.run.smithi016.stdout:/usr/bin/ceph: stderr
2024-05-08T23:12:23.160+0000 7f2a9b7fe700 1 --2- 172.21.15.16:0/4087591058 >> [v2:172.21.15.16:3300/0,v1:172.21.15.16:6789/0] conn(0x7f2a9c106f70 0x7f2a9c19c400 secure :-1 s=READY pgs=38 cs=0 l=1 rev1=1 crypto rx=0x7f2a8c003f20 tx=0x7f2a8c011f00 comp rx=0 tx=0).ready entity=mon.0 client_cookie=0 server_cookie=0 in_seq=0 out_seq=0
2024-05-08T23:12:23.765 INFO:teuthology.orchestra.run.smithi016.stdout:/usr/bin/ceph: stderr
2024-05-08T23:12:23.161+0000 7f2a98ff9700 1 -- 172.21.15.16:0/4087591058 <== mon.0 v2:172.21.15.16:3300/0 1 ==== mon_map magic: 0 v1 ==== 205+0+0 (secure 0 0 0) 0x7f2a8c0037d0 con 0x7f2a9c106f70
2024-05-08T23:12:23.766 INFO:teuthology.orchestra.run.smithi016.stdout:/usr/bin/ceph: stderr
2024-05-08T23:12:23.161+0000 7f2a98ff9700 1 -- 172.21.15.16:0/4087591058 <== mon.0 v2:172.21.15.16:3300/0 2 ==== config(25 keys) v1 ==== 1036+0+0 (secure 0 0 0) 0x7f2a8c01b440 con 0x7f2a9c106f70
2024-05-08T23:12:23.766 INFO:teuthology.orchestra.run.smithi016.stdout:/usr/bin/ceph: stderr
2024-05-08T23:12:23.161+0000 7f2aa1eaa700 1 -- 172.21.15.16:0/4087591058 --> [v2:172.21.15.16:3300/0,v1:172.21.15.16:6789/0] -- mon_subscribe({mgrmap=0+}) v3 -- 0x7f2a9c19cb40 con 0x7f2a9c106f70
2024-05-08T23:12:23.766 INFO:teuthology.orchestra.run.smithi016.stdout:/usr/bin/ceph: stderr
2024-05-08T23:12:23.161+0000 7f2a98ff9700 1 -- 172.21.15.16:0/4087591058 <== mon.0 v2:172.21.15.16:3300/0 3 ==== mon_map magic: 0 v1 ==== 205+0+0 (secure 0 0 0) 0x7f2a8c023590 con 0x7f2a9c106f70
2024-05-08T23:12:23.766 INFO:teuthology.orchestra.run.smithi016.stdout:/usr/bin/ceph: stderr
2024-05-08T23:12:23.161+0000 7f2aa1eaa700 1 -- 172.21.15.16:0/4087591058 --> [v2:172.21.15.16:3300/0,v1:172.21.15.16:6789/0] -- mon_subscribe({osdmap=0}) v3 -- 0x7f2a9c19d6a0 con 0x7f2a9c106f70
2024-05-08T23:12:23.766 INFO:teuthology.orchestra.run.smithi016.stdout:/usr/bin/ceph: stderr
2024-05-08T23:12:23.162+0000 7f2a98ff9700 1 -- 172.21.15.16:0/4087591058 <== mon.0 v2:172.21.15.16:3300/0 4 ==== mgrmap(e 8) v1 ==== 45541+0+0 (secure 0 0 0) 0x7f2a8c023850 con 0x7f2a9c106f70
2024-05-08T23:12:23.766 INFO:teuthology.orchestra.run.smithi016.stdout:/usr/bin/ceph: stderr
2024-05-08T23:12:23.162+0000 7f2aa1eaa700 1 -- 172.21.15.16:0/4087591058 --> [v2:172.21.15.16:3300/0,v1:172.21.15.16:6789/0] -- mon_command({"prefix": "get_command_descriptions"} v 0) v1 -- 0x7f2a9c104650 con 0x7f2a9c106f70
2024-05-08T23:12:23.766 INFO:teuthology.orchestra.run.smithi016.stdout:/usr/bin/ceph: stderr
2024-05-08T23:12:23.162+0000 7f2a98ff9700 1 --2- 172.21.15.16:0/4087591058 >> [v2:172.21.15.16:6800/1569877251,v1:172.21.15.16:6801/1569877251] conn(0x7f2a88038700 0x7f2a8803abc0 unknown :-1 s=NONE pgs=0 cs=0 l=1 rev1=0 crypto rx=0 tx=0 comp rx=0 tx=0).connect
2024-05-08T23:12:23.766 INFO:teuthology.orchestra.run.smithi016.stdout:/usr/bin/ceph: stderr
2024-05-08T23:12:23.162+0000 7f2a98ff9700 1 -- 172.21.15.16:0/4087591058 <== mon.0 v2:172.21.15.16:3300/0 5 ==== osd_map(2..2 src has 1..2) v4 ==== 940+0+0 (secure 0 0 0) 0x7f2a8c04c770 con 0x7f2a9c106f70
2024-05-08T23:12:23.766 INFO:teuthology.orchestra.run.smithi016.stdout:/usr/bin/ceph: stderr
2024-05-08T23:12:23.162+0000 7f2a9affd700 1 --2- 172.21.15.16:0/4087591058 >> [v2:172.21.15.16:6800/1569877251,v1:172.21.15.16:6801/1569877251] conn(0x7f2a88038700 0x7f2a8803abc0 unknown :-1 s=BANNER_CONNECTING pgs=0 cs=0 l=1 rev1=0 crypto rx=0 tx=0 comp rx=0 tx=0)._handle_peer_banner_payload supported=3 required=0
2024-05-08T23:12:23.766 INFO:teuthology.orchestra.run.smithi016.stdout:/usr/bin/ceph: stderr
2024-05-08T23:12:23.162+0000 7f2a9affd700 1 --2- 172.21.15.16:0/4087591058 >> [v2:172.21.15.16:6800/1569877251,v1:172.21.15.16:6801/1569877251] conn(0x7f2a88038700 0x7f2a8803abc0 secure :-1 s=READY pgs=7 cs=0 l=1 rev1=1 crypto rx=0x7f2a84006fd0 tx=0x7f2a84006e40 comp rx=0 tx=0).ready entity=mgr.14120 client_cookie=0 server_cookie=0 in_seq=0 out_seq=0
2024-05-08T23:12:23.766 INFO:teuthology.orchestra.run.smithi016.stdout:/usr/bin/ceph: stderr
2024-05-08T23:12:23.167+0000 7f2a98ff9700 1 -- 172.21.15.16:0/4087591058 <== mon.0 v2:172.21.15.16:3300/0 6 ==== mon_command_ack([{"prefix": "get_command_descriptions"}]=0 v0) v1 ==== 72+0+183622 (secure 0 0 0) 0x7f2a8c023b00 con 0x7f2a9c106f70
2024-05-08T23:12:23.766 INFO:teuthology.orchestra.run.smithi016.stdout:/usr/bin/ceph: stderr
2024-05-08T23:12:23.398+0000 7f2aa1eaa700 1 -- 172.21.15.16:0/4087591058 --> [v2:172.21.15.16:6800/1569877251,v1:172.21.15.16:6801/1569877251] -- mgr_command(tid 0: {"prefix": "orch set backend", "module_name": "cephadm", "target": ["mon-mgr", ""]}) v1 -- 0x7f2a9c101aa0 con 0x7f2a88038700
2024-05-08T23:12:23.766 INFO:teuthology.orchestra.run.smithi016.stdout:/usr/bin/ceph: stderr
2024-05-08T23:12:23.407+0000 7f2a98ff9700 1 -- 172.21.15.16:0/4087591058 <== mgr.14120 v2:172.21.15.16:6800/1569877251 1 ==== mgr_command_reply(tid 0: 0 ) v1 ==== 8+0+0 (secure 0 0 0) 0x7f2a9c101aa0 con 0x7f2a88038700
2024-05-08T23:12:23.767 INFO:teuthology.orchestra.run.smithi016.stdout:/usr/bin/ceph: stderr
2024-05-08T23:12:23.409+0000 7f2aa1eaa700 1 -- 172.21.15.16:0/4087591058 >> [v2:172.21.15.16:6800/1569877251,v1:172.21.15.16:6801/1569877251] conn(0x7f2a88038700 msgr2=0x7f2a8803abc0 secure :-1 s=STATE_CONNECTION_ESTABLISHED l=1).mark_down
2024-05-08T23:12:23.767 INFO:teuthology.orchestra.run.smithi016.stdout:/usr/bin/ceph: stderr
2024-05-08T23:12:23.409+0000 7f2aa1eaa700 1 --2- 172.21.15.16:0/4087591058 >> [v2:172.21.15.16:6800/1569877251,v1:172.21.15.16:6801/1569877251] conn(0x7f2a88038700 0x7f2a8803abc0 secure :-1 s=READY pgs=7 cs=0 l=1 rev1=1 crypto rx=0x7f2a84006fd0 tx=0x7f2a84006e40 comp rx=0 tx=0).stop
2024-05-08T23:12:23.767 INFO:teuthology.orchestra.run.smithi016.stdout:/usr/bin/ceph: stderr
2024-05-08T23:12:23.409+0000 7f2aa1eaa700 1 -- 172.21.15.16:0/4087591058 >> [v2:172.21.15.16:3300/0,v1:172.21.15.16:6789/0] conn(0x7f2a9c106f70 msgr2=0x7f2a9c19c400 secure :-1 s=STATE_CONNECTION_ESTABLISHED l=1).mark_down
2024-05-08T23:12:23.767 INFO:teuthology.orchestra.run.smithi016.stdout:/usr/bin/ceph: stderr
2024-05-08T23:12:23.409+0000 7f2aa1eaa700 1 --2- 172.21.15.16:0/4087591058 >> [v2:172.21.15.16:3300/0,v1:172.21.15.16:6789/0] conn(0x7f2a9c106f70 0x7f2a9c19c400 secure :-1 s=READY pgs=38 cs=0 l=1 rev1=1 crypto rx=0x7f2a8c003f20 tx=0x7f2a8c011f00 comp rx=0 tx=0).stop
2024-05-08T23:12:23.767 INFO:teuthology.orchestra.run.smithi016.stdout:/usr/bin/ceph: stderr
2024-05-08T23:12:23.409+0000 7f2aa1eaa700 1 -- 172.21.15.16:0/4087591058 shutdown_connections
2024-05-08T23:12:23.767 INFO:teuthology.orchestra.run.smithi016.stdout:/usr/bin/ceph: stderr
2024-05-08T23:12:23.409+0000 7f2aa1eaa700 1 --2- 172.21.15.16:0/4087591058 >> [v2:172.21.15.16:6800/1569877251,v1:172.21.15.16:6801/1569877251] conn(0x7f2a88038700 0x7f2a8803abc0 unknown :-1 s=CLOSED pgs=7 cs=0 l=1 rev1=1 crypto rx=0 tx=0 comp rx=0 tx=0).stop
2024-05-08T23:12:23.767 INFO:teuthology.orchestra.run.smithi016.stdout:/usr/bin/ceph: stderr
2024-05-08T23:12:23.409+0000 7f2aa1eaa700 1 --2- 172.21.15.16:0/4087591058 >> [v2:172.21.15.16:3300/0,v1:172.21.15.16:6789/0] conn(0x7f2a9c106f70 0x7f2a9c19c400 unknown :-1 s=CLOSED pgs=38 cs=0 l=1 rev1=1 crypto rx=0 tx=0 comp rx=0 tx=0).stop
2024-05-08T23:12:23.767 INFO:teuthology.orchestra.run.smithi016.stdout:/usr/bin/ceph: stderr
2024-05-08T23:12:23.409+0000 7f2aa1eaa700 1 -- 172.21.15.16:0/4087591058 >> 172.21.15.16:0/4087591058 conn(0x7f2a9c100960 msgr2=0x7f2a9c101390 unknown :-1 s=STATE_NONE l=0).mark_down
2024-05-08T23:12:23.767 INFO:teuthology.orchestra.run.smithi016.stdout:/usr/bin/ceph: stderr
2024-05-08T23:12:23.410+0000 7f2aa1eaa700 1 -- 172.21.15.16:0/4087591058 shutdown_connections
2024-05-08T23:12:23.767 INFO:teuthology.orchestra.run.smithi016.stdout:/usr/bin/ceph: stderr
2024-05-08T23:12:23.410+0000 7f2aa1eaa700 1 -- 172.21.15.16:0/4087591058 wait complete.
2024-05-08T23:12:24.669 INFO:journalctl@ceph.mon.a.smithi016.stdout:May 08 23:12:24 smithi016 ceph-mon[42541]: from='client.14132 -' entity='client.admin' cmd=[{"prefix": "orch set backend", "module_name": "cephadm", "target": ["mon-mgr", ""]}]: dispatch
2024-05-08T23:12:24.669 INFO:journalctl@ceph.mon.a.smithi016.stdout:May 08 23:12:24 smithi016 ceph-mon[42541]: from='mgr.14120 172.21.15.16:0/1661830402' entity='mgr.x'
2024-05-08T23:12:24.669 INFO:journalctl@ceph.mon.a.smithi016.stdout:May 08 23:12:24 smithi016 ceph-mon[42541]: from='mgr.14120 172.21.15.16:0/1661830402' entity='mgr.x' cmd=[{"prefix": "config dump", "format": "json"}]: dispatch
2024-05-08T23:12:24.755 INFO:teuthology.orchestra.run.smithi016.stdout:/usr/bin/ceph: stdout value unchanged
2024-05-08T23:12:24.755 INFO:teuthology.orchestra.run.smithi016.stdout:/usr/bin/ceph: stderr
2024-05-08T23:12:24.181+0000 7f97c60bb700 1 Processor -- start
2024-05-08T23:12:24.755 INFO:teuthology.orchestra.run.smithi016.stdout:/usr/bin/ceph: stderr
2024-05-08T23:12:24.181+0000 7f97c60bb700 1 -- start start
2024-05-08T23:12:24.755 INFO:teuthology.orchestra.run.smithi016.stdout:/usr/bin/ceph: stderr
2024-05-08T23:12:24.182+0000 7f97c60bb700 1 --2- >> [v2:172.21.15.16:3300/0,v1:172.21.15.16:6789/0] conn(0x7f97c0105360 0x7f97c0105780 unknown :-1 s=NONE pgs=0 cs=0 l=0 rev1=0 crypto rx=0 tx=0 comp rx=0 tx=0).connect
2024-05-08T23:12:24.755 INFO:teuthology.orchestra.run.smithi016.stdout:/usr/bin/ceph: stderr
2024-05-08T23:12:24.182+0000 7f97c60bb700 1 -- --> [v2:172.21.15.16:3300/0,v1:172.21.15.16:6789/0] -- mon_getmap magic: 0 v1 -- 0x7f97c0105d50 con 0x7f97c0105360
2024-05-08T23:12:24.756 INFO:teuthology.orchestra.run.smithi016.stdout:/usr/bin/ceph: stderr
2024-05-08T23:12:24.182+0000 7f97bf7fe700 1 --2- >> [v2:172.21.15.16:3300/0,v1:172.21.15.16:6789/0] conn(0x7f97c0105360 0x7f97c0105780 unknown :-1 s=BANNER_CONNECTING pgs=0 cs=0 l=0 rev1=0 crypto rx=0 tx=0 comp rx=0 tx=0)._handle_peer_banner_payload supported=3 required=0
2024-05-08T23:12:24.756 INFO:teuthology.orchestra.run.smithi016.stdout:/usr/bin/ceph: stderr
2024-05-08T23:12:24.182+0000 7f97bf7fe700 1 --2- >> [v2:172.21.15.16:3300/0,v1:172.21.15.16:6789/0] conn(0x7f97c0105360 0x7f97c0105780 unknown :-1 s=HELLO_CONNECTING pgs=0 cs=0 l=0 rev1=1 crypto rx=0 tx=0 comp rx=0 tx=0).handle_hello peer v2:172.21.15.16:3300/0 says I am v2:172.21.15.16:35362/0 (socket says 172.21.15.16:35362)
2024-05-08T23:12:24.756 INFO:teuthology.orchestra.run.smithi016.stdout:/usr/bin/ceph: stderr
2024-05-08T23:12:24.182+0000 7f97bf7fe700 1 -- 172.21.15.16:0/658541939 learned_addr learned my addr 172.21.15.16:0/658541939 (peer_addr_for_me v2:172.21.15.16:0/0)
2024-05-08T23:12:24.756 INFO:teuthology.orchestra.run.smithi016.stdout:/usr/bin/ceph: stderr
2024-05-08T23:12:24.182+0000 7f97bf7fe700 1 -- 172.21.15.16:0/658541939 --> [v2:172.21.15.16:3300/0,v1:172.21.15.16:6789/0] -- mon_subscribe({config=0+,monmap=0+}) v3 -- 0x7f97c0106560 con 0x7f97c0105360
2024-05-08T23:12:24.756 INFO:teuthology.orchestra.run.smithi016.stdout:/usr/bin/ceph: stderr
2024-05-08T23:12:24.182+0000 7f97bf7fe700 1 --2- 172.21.15.16:0/658541939 >> [v2:172.21.15.16:3300/0,v1:172.21.15.16:6789/0] conn(0x7f97c0105360 0x7f97c0105780 secure :-1 s=READY pgs=39 cs=0 l=1 rev1=1 crypto rx=0x7f97a80098a0 tx=0x7f97a8009bb0 comp rx=0 tx=0).ready entity=mon.0 client_cookie=1709f0c03f12726e server_cookie=0 in_seq=0 out_seq=0
2024-05-08T23:12:24.756 INFO:teuthology.orchestra.run.smithi016.stdout:/usr/bin/ceph: stderr
2024-05-08T23:12:24.183+0000 7f97be7fc700 1 -- 172.21.15.16:0/658541939 <== mon.0 v2:172.21.15.16:3300/0 1 ==== mon_map magic: 0 v1 ==== 205+0+0 (secure 0 0 0) 0x7f97a8004160 con 0x7f97c0105360
2024-05-08T23:12:24.756 INFO:teuthology.orchestra.run.smithi016.stdout:/usr/bin/ceph: stderr
2024-05-08T23:12:24.183+0000 7f97be7fc700 1 -- 172.21.15.16:0/658541939 <== mon.0 v2:172.21.15.16:3300/0 2 ==== config(25 keys) v1 ==== 1036+0+0 (secure 0 0 0) 0x7f97a80042c0 con 0x7f97c0105360
2024-05-08T23:12:24.756 INFO:teuthology.orchestra.run.smithi016.stdout:/usr/bin/ceph: stderr
2024-05-08T23:12:24.183+0000 7f97be7fc700 1 -- 172.21.15.16:0/658541939 <== mon.0 v2:172.21.15.16:3300/0 3 ==== mon_map magic: 0 v1 ==== 205+0+0 (secure 0 0 0) 0x7f97a8011940 con 0x7f97c0105360
2024-05-08T23:12:24.756 INFO:teuthology.orchestra.run.smithi016.stdout:/usr/bin/ceph: stderr
2024-05-08T23:12:24.183+0000 7f97c60bb700 1 -- 172.21.15.16:0/658541939 >> [v2:172.21.15.16:3300/0,v1:172.21.15.16:6789/0] conn(0x7f97c0105360 msgr2=0x7f97c0105780 secure :-1 s=STATE_CONNECTION_ESTABLISHED l=1).mark_down
2024-05-08T23:12:24.756 INFO:teuthology.orchestra.run.smithi016.stdout:/usr/bin/ceph: stderr
2024-05-08T23:12:24.183+0000 7f97c60bb700 1 --2- 172.21.15.16:0/658541939 >> [v2:172.21.15.16:3300/0,v1:172.21.15.16:6789/0] conn(0x7f97c0105360 0x7f97c0105780 secure :-1 s=READY pgs=39 cs=0 l=1 rev1=1 crypto rx=0x7f97a80098a0 tx=0x7f97a8009bb0 comp rx=0 tx=0).stop
2024-05-08T23:12:24.756 INFO:teuthology.orchestra.run.smithi016.stdout:/usr/bin/ceph: stderr
2024-05-08T23:12:24.183+0000 7f97c60bb700 1 -- 172.21.15.16:0/658541939 shutdown_connections
2024-05-08T23:12:24.756 INFO:teuthology.orchestra.run.smithi016.stdout:/usr/bin/ceph: stderr
2024-05-08T23:12:24.183+0000 7f97c60bb700 1 --2- 172.21.15.16:0/658541939 >> [v2:172.21.15.16:3300/0,v1:172.21.15.16:6789/0] conn(0x7f97c0105360 0x7f97c0105780 unknown :-1 s=CLOSED pgs=39 cs=0 l=1 rev1=1 crypto rx=0 tx=0 comp rx=0 tx=0).stop
2024-05-08T23:12:24.756 INFO:teuthology.orchestra.run.smithi016.stdout:/usr/bin/ceph: stderr
2024-05-08T23:12:24.183+0000 7f97c60bb700 1 -- 172.21.15.16:0/658541939 >> 172.21.15.16:0/658541939 conn(0x7f97c0100920 msgr2=0x7f97c0102d40 unknown :-1 s=STATE_NONE l=0).mark_down
2024-05-08T23:12:24.756 INFO:teuthology.orchestra.run.smithi016.stdout:/usr/bin/ceph: stderr
2024-05-08T23:12:24.183+0000 7f97c60bb700 1 -- 172.21.15.16:0/658541939 shutdown_connections
2024-05-08T23:12:24.757 INFO:teuthology.orchestra.run.smithi016.stdout:/usr/bin/ceph: stderr
2024-05-08T23:12:24.183+0000 7f97c60bb700 1 -- 172.21.15.16:0/658541939 wait complete.
2024-05-08T23:12:24.757 INFO:teuthology.orchestra.run.smithi016.stdout:/usr/bin/ceph: stderr
2024-05-08T23:12:24.184+0000 7f97c60bb700 1 Processor -- start
2024-05-08T23:12:24.757 INFO:teuthology.orchestra.run.smithi016.stdout:/usr/bin/ceph: stderr
2024-05-08T23:12:24.184+0000 7f97c60bb700 1 -- start start
2024-05-08T23:12:24.757 INFO:teuthology.orchestra.run.smithi016.stdout:/usr/bin/ceph: stderr
2024-05-08T23:12:24.184+0000 7f97c60bb700 1 --2- >> [v2:172.21.15.16:3300/0,v1:172.21.15.16:6789/0] conn(0x7f97c0105360 0x7f97c019ce50 unknown :-1 s=NONE pgs=0 cs=0 l=1 rev1=0 crypto rx=0 tx=0 comp rx=0 tx=0).connect
2024-05-08T23:12:24.757 INFO:teuthology.orchestra.run.smithi016.stdout:/usr/bin/ceph: stderr
2024-05-08T23:12:24.184+0000 7f97c60bb700 1 -- --> [v2:172.21.15.16:3300/0,v1:172.21.15.16:6789/0] -- mon_getmap magic: 0 v1 -- 0x7f97c0079c60 con 0x7f97c0105360
2024-05-08T23:12:24.757 INFO:teuthology.orchestra.run.smithi016.stdout:/usr/bin/ceph: stderr
2024-05-08T23:12:24.185+0000 7f97bf7fe700 1 --2- >> [v2:172.21.15.16:3300/0,v1:172.21.15.16:6789/0] conn(0x7f97c0105360 0x7f97c019ce50 unknown :-1 s=BANNER_CONNECTING pgs=0 cs=0 l=1 rev1=0 crypto rx=0 tx=0 comp rx=0 tx=0)._handle_peer_banner_payload supported=3 required=0
2024-05-08T23:12:24.757 INFO:teuthology.orchestra.run.smithi016.stdout:/usr/bin/ceph: stderr
2024-05-08T23:12:24.185+0000 7f97bf7fe700 1 --2- >> [v2:172.21.15.16:3300/0,v1:172.21.15.16:6789/0] conn(0x7f97c0105360 0x7f97c019ce50 unknown :-1 s=HELLO_CONNECTING pgs=0 cs=0 l=1 rev1=1 crypto rx=0 tx=0 comp rx=0 tx=0).handle_hello peer v2:172.21.15.16:3300/0 says I am v2:172.21.15.16:35376/0 (socket says 172.21.15.16:35376)
2024-05-08T23:12:24.757 INFO:teuthology.orchestra.run.smithi016.stdout:/usr/bin/ceph: stderr
2024-05-08T23:12:24.185+0000 7f97bf7fe700 1 -- 172.21.15.16:0/3190787628 learned_addr learned my addr 172.21.15.16:0/3190787628 (peer_addr_for_me v2:172.21.15.16:0/0)
2024-05-08T23:12:24.757 INFO:teuthology.orchestra.run.smithi016.stdout:/usr/bin/ceph: stderr
2024-05-08T23:12:24.185+0000 7f97bf7fe700 1 -- 172.21.15.16:0/3190787628 --> [v2:172.21.15.16:3300/0,v1:172.21.15.16:6789/0] -- mon_subscribe({config=0+,monmap=0+}) v3 -- 0x7f97a8009550 con 0x7f97c0105360
2024-05-08T23:12:24.757 INFO:teuthology.orchestra.run.smithi016.stdout:/usr/bin/ceph: stderr
2024-05-08T23:12:24.185+0000 7f97bf7fe700 1 --2- 172.21.15.16:0/3190787628 >> [v2:172.21.15.16:3300/0,v1:172.21.15.16:6789/0] conn(0x7f97c0105360 0x7f97c019ce50 secure :-1 s=READY pgs=40 cs=0 l=1 rev1=1 crypto rx=0x7f97a8003f20 tx=0x7f97a8011f00 comp rx=0 tx=0).ready entity=mon.0 client_cookie=0 server_cookie=0 in_seq=0 out_seq=0
2024-05-08T23:12:24.757 INFO:teuthology.orchestra.run.smithi016.stdout:/usr/bin/ceph: stderr
2024-05-08T23:12:24.185+0000 7f97bcff9700 1 -- 172.21.15.16:0/3190787628 <== mon.0 v2:172.21.15.16:3300/0 1 ==== mon_map magic: 0 v1 ==== 205+0+0 (secure 0 0 0) 0x7f97a80036a0 con 0x7f97c0105360
2024-05-08T23:12:24.757 INFO:teuthology.orchestra.run.smithi016.stdout:/usr/bin/ceph: stderr
2024-05-08T23:12:24.185+0000 7f97bcff9700 1 -- 172.21.15.16:0/3190787628 <== mon.0 v2:172.21.15.16:3300/0 2 ==== config(25 keys) v1 ==== 1036+0+0 (secure 0 0 0) 0x7f97a8003c70 con 0x7f97c0105360
2024-05-08T23:12:24.757 INFO:teuthology.orchestra.run.smithi016.stdout:/usr/bin/ceph: stderr
2024-05-08T23:12:24.185+0000 7f97c60bb700 1 -- 172.21.15.16:0/3190787628 --> [v2:172.21.15.16:3300/0,v1:172.21.15.16:6789/0] -- mon_subscribe({mgrmap=0+}) v3 -- 0x7f97c0079e60 con 0x7f97c0105360
2024-05-08T23:12:24.757 INFO:teuthology.orchestra.run.smithi016.stdout:/usr/bin/ceph: stderr
2024-05-08T23:12:24.185+0000 7f97bcff9700 1 -- 172.21.15.16:0/3190787628 <== mon.0 v2:172.21.15.16:3300/0 3 ==== mon_map magic: 0 v1 ==== 205+0+0 (secure 0 0 0) 0x7f97a801be80 con 0x7f97c0105360
2024-05-08T23:12:24.758 INFO:teuthology.orchestra.run.smithi016.stdout:/usr/bin/ceph: stderr
2024-05-08T23:12:24.185+0000 7f97c60bb700 1 -- 172.21.15.16:0/3190787628 --> [v2:172.21.15.16:3300/0,v1:172.21.15.16:6789/0] -- mon_subscribe({osdmap=0}) v3 -- 0x7f97c019d560 con 0x7f97c0105360
2024-05-08T23:12:24.758 INFO:teuthology.orchestra.run.smithi016.stdout:/usr/bin/ceph: stderr
2024-05-08T23:12:24.186+0000 7f97bcff9700 1 -- 172.21.15.16:0/3190787628 <== mon.0 v2:172.21.15.16:3300/0 4 ==== mgrmap(e 8) v1 ==== 45541+0+0 (secure 0 0 0) 0x7f97a80234e0 con 0x7f97c0105360
2024-05-08T23:12:24.758 INFO:teuthology.orchestra.run.smithi016.stdout:/usr/bin/ceph: stderr
2024-05-08T23:12:24.186+0000 7f97bcff9700 1 --2- 172.21.15.16:0/3190787628 >> [v2:172.21.15.16:6800/1569877251,v1:172.21.15.16:6801/1569877251] conn(0x7f97ac038750 0x7f97ac03ac10 unknown :-1 s=NONE pgs=0 cs=0 l=1 rev1=0 crypto rx=0 tx=0 comp rx=0 tx=0).connect
2024-05-08T23:12:24.758 INFO:teuthology.orchestra.run.smithi016.stdout:/usr/bin/ceph: stderr
2024-05-08T23:12:24.186+0000 7f97bcff9700 1 -- 172.21.15.16:0/3190787628 <== mon.0 v2:172.21.15.16:3300/0 5 ==== osd_map(2..2 src has 1..2) v4 ==== 940+0+0 (secure 0 0 0) 0x7f97a804c7b0 con 0x7f97c0105360
2024-05-08T23:12:24.758 INFO:teuthology.orchestra.run.smithi016.stdout:/usr/bin/ceph: stderr
2024-05-08T23:12:24.186+0000 7f97beffd700 1 --2- 172.21.15.16:0/3190787628 >> [v2:172.21.15.16:6800/1569877251,v1:172.21.15.16:6801/1569877251] conn(0x7f97ac038750 0x7f97ac03ac10 unknown :-1 s=BANNER_CONNECTING pgs=0 cs=0 l=1 rev1=0 crypto rx=0 tx=0 comp rx=0 tx=0)._handle_peer_banner_payload supported=3 required=0
2024-05-08T23:12:24.758 INFO:teuthology.orchestra.run.smithi016.stdout:/usr/bin/ceph: stderr
2024-05-08T23:12:24.186+0000 7f97c60bb700 1 -- 172.21.15.16:0/3190787628 --> [v2:172.21.15.16:3300/0,v1:172.21.15.16:6789/0] -- mon_command({"prefix": "get_command_descriptions"} v 0) v1 -- 0x7f97c01045f0 con 0x7f97c0105360
2024-05-08T23:12:24.758 INFO:teuthology.orchestra.run.smithi016.stdout:/usr/bin/ceph: stderr
2024-05-08T23:12:24.187+0000 7f97beffd700 1 --2- 172.21.15.16:0/3190787628 >> [v2:172.21.15.16:6800/1569877251,v1:172.21.15.16:6801/1569877251] conn(0x7f97ac038750 0x7f97ac03ac10 secure :-1 s=READY pgs=8 cs=0 l=1 rev1=1 crypto rx=0x7f97b0006fd0 tx=0x7f97b0006e40 comp rx=0 tx=0).ready entity=mgr.14120 client_cookie=0 server_cookie=0 in_seq=0 out_seq=0
2024-05-08T23:12:24.758 INFO:teuthology.orchestra.run.smithi016.stdout:/usr/bin/ceph: stderr
2024-05-08T23:12:24.192+0000 7f97bcff9700 1 -- 172.21.15.16:0/3190787628 <== mon.0 v2:172.21.15.16:3300/0 6 ==== mon_command_ack([{"prefix": "get_command_descriptions"}]=0 v0) v1 ==== 72+0+183622 (secure 0 0 0) 0x7f97a8023cb0 con 0x7f97c0105360
2024-05-08T23:12:24.758 INFO:teuthology.orchestra.run.smithi016.stdout:/usr/bin/ceph: stderr
2024-05-08T23:12:24.406+0000 7f97c60bb700 1 -- 172.21.15.16:0/3190787628 --> [v2:172.21.15.16:6800/1569877251,v1:172.21.15.16:6801/1569877251] -- mgr_command(tid 0: {"prefix": "cephadm set-user", "user": "root", "target": ["mon-mgr", ""]}) v1 -- 0x7f97c0101b90 con 0x7f97ac038750
2024-05-08T23:12:24.758 INFO:teuthology.orchestra.run.smithi016.stdout:/usr/bin/ceph: stderr
2024-05-08T23:12:24.406+0000 7f97bcff9700 1 -- 172.21.15.16:0/3190787628 <== mgr.14120 v2:172.21.15.16:6800/1569877251 1 ==== mgr_command_reply(tid 0: 0 ) v1 ==== 8+0+16 (secure 0 0 0) 0x7f97c0101b90 con 0x7f97ac038750
2024-05-08T23:12:24.758 INFO:teuthology.orchestra.run.smithi016.stdout:/usr/bin/ceph: stderr
2024-05-08T23:12:24.408+0000 7f97c60bb700 1 -- 172.21.15.16:0/3190787628 >> [v2:172.21.15.16:6800/1569877251,v1:172.21.15.16:6801/1569877251] conn(0x7f97ac038750 msgr2=0x7f97ac03ac10 secure :-1 s=STATE_CONNECTION_ESTABLISHED l=1).mark_down
2024-05-08T23:12:24.758 INFO:teuthology.orchestra.run.smithi016.stdout:/usr/bin/ceph: stderr
2024-05-08T23:12:24.408+0000 7f97c60bb700 1 --2- 172.21.15.16:0/3190787628 >> [v2:172.21.15.16:6800/1569877251,v1:172.21.15.16:6801/1569877251] conn(0x7f97ac038750 0x7f97ac03ac10 secure :-1 s=READY pgs=8 cs=0 l=1 rev1=1 crypto rx=0x7f97b0006fd0 tx=0x7f97b0006e40 comp rx=0 tx=0).stop
2024-05-08T23:12:24.758 INFO:teuthology.orchestra.run.smithi016.stdout:/usr/bin/ceph: stderr
2024-05-08T23:12:24.408+0000 7f97c60bb700 1 -- 172.21.15.16:0/3190787628 >> [v2:172.21.15.16:3300/0,v1:172.21.15.16:6789/0] conn(0x7f97c0105360 msgr2=0x7f97c019ce50 secure :-1 s=STATE_CONNECTION_ESTABLISHED l=1).mark_down
2024-05-08T23:12:24.759 INFO:teuthology.orchestra.run.smithi016.stdout:/usr/bin/ceph: stderr
2024-05-08T23:12:24.408+0000 7f97c60bb700 1 --2- 172.21.15.16:0/3190787628 >> [v2:172.21.15.16:3300/0,v1:172.21.15.16:6789/0] conn(0x7f97c0105360 0x7f97c019ce50 secure :-1 s=READY pgs=40 cs=0 l=1 rev1=1 crypto rx=0x7f97a8003f20 tx=0x7f97a8011f00 comp rx=0 tx=0).stop
2024-05-08T23:12:24.759 INFO:teuthology.orchestra.run.smithi016.stdout:/usr/bin/ceph: stderr
2024-05-08T23:12:24.409+0000 7f97c60bb700 1 -- 172.21.15.16:0/3190787628 shutdown_connections
2024-05-08T23:12:24.759 INFO:teuthology.orchestra.run.smithi016.stdout:/usr/bin/ceph: stderr
2024-05-08T23:12:24.409+0000 7f97c60bb700 1 --2- 172.21.15.16:0/3190787628 >> [v2:172.21.15.16:6800/1569877251,v1:172.21.15.16:6801/1569877251] conn(0x7f97ac038750 0x7f97ac03ac10 unknown :-1 s=CLOSED pgs=8 cs=0 l=1 rev1=1 crypto rx=0 tx=0 comp rx=0 tx=0).stop
2024-05-08T23:12:24.759 INFO:teuthology.orchestra.run.smithi016.stdout:/usr/bin/ceph: stderr
2024-05-08T23:12:24.409+0000 7f97c60bb700 1 --2- 172.21.15.16:0/3190787628 >> [v2:172.21.15.16:3300/0,v1:172.21.15.16:6789/0] conn(0x7f97c0105360 0x7f97c019ce50 unknown :-1 s=CLOSED pgs=40 cs=0 l=1 rev1=1 crypto rx=0 tx=0 comp rx=0 tx=0).stop
2024-05-08T23:12:24.759 INFO:teuthology.orchestra.run.smithi016.stdout:/usr/bin/ceph: stderr
2024-05-08T23:12:24.409+0000 7f97c60bb700 1 -- 172.21.15.16:0/3190787628 >> 172.21.15.16:0/3190787628 conn(0x7f97c0100920 msgr2=0x7f97c0101480 unknown :-1 s=STATE_NONE l=0).mark_down
2024-05-08T23:12:24.759 INFO:teuthology.orchestra.run.smithi016.stdout:/usr/bin/ceph: stderr
2024-05-08T23:12:24.409+0000 7f97c60bb700 1 -- 172.21.15.16:0/3190787628 shutdown_connections
2024-05-08T23:12:24.759 INFO:teuthology.orchestra.run.smithi016.stdout:/usr/bin/ceph: stderr
2024-05-08T23:12:24.409+0000 7f97c60bb700 1 -- 172.21.15.16:0/3190787628 wait complete.
2024-05-08T23:12:24.759 INFO:teuthology.orchestra.run.smithi016.stdout:Generating ssh key...
2024-05-08T23:12:25.739 INFO:journalctl@ceph.mon.a.smithi016.stdout:May 08 23:12:25 smithi016 ceph-mon[42541]: from='client.14134 -' entity='client.admin' cmd=[{"prefix": "cephadm set-user", "user": "root", "target": ["mon-mgr", ""]}]: dispatch
2024-05-08T23:12:25.740 INFO:journalctl@ceph.mgr.x.smithi016.stdout:May 08 23:12:25 smithi016 ceph-378de17a-0d90-11ef-bc97-c7b262605968-mgr-x[42792]: Generating public/private rsa key pair.
2024-05-08T23:12:25.740 INFO:journalctl@ceph.mgr.x.smithi016.stdout:May 08 23:12:25 smithi016 ceph-378de17a-0d90-11ef-bc97-c7b262605968-mgr-x[42792]: Your identification has been saved in /tmp/tmpgy5u4up0/key.
2024-05-08T23:12:25.740 INFO:journalctl@ceph.mgr.x.smithi016.stdout:May 08 23:12:25 smithi016 ceph-378de17a-0d90-11ef-bc97-c7b262605968-mgr-x[42792]: Your public key has been saved in /tmp/tmpgy5u4up0/key.pub.
2024-05-08T23:12:25.740 INFO:journalctl@ceph.mgr.x.smithi016.stdout:May 08 23:12:25 smithi016 ceph-378de17a-0d90-11ef-bc97-c7b262605968-mgr-x[42792]: The key fingerprint is:
2024-05-08T23:12:25.740 INFO:journalctl@ceph.mgr.x.smithi016.stdout:May 08 23:12:25 smithi016 ceph-378de17a-0d90-11ef-bc97-c7b262605968-mgr-x[42792]: SHA256:mhoRQfmj+KZtZtQKjeGvRphueU4rYPGv9t3hph00RAs ceph-378de17a-0d90-11ef-bc97-c7b262605968
2024-05-08T23:12:25.740 INFO:journalctl@ceph.mgr.x.smithi016.stdout:May 08 23:12:25 smithi016 ceph-378de17a-0d90-11ef-bc97-c7b262605968-mgr-x[42792]: The key's randomart image is:
2024-05-08T23:12:25.740 INFO:journalctl@ceph.mgr.x.smithi016.stdout:May 08 23:12:25 smithi016 ceph-378de17a-0d90-11ef-bc97-c7b262605968-mgr-x[42792]: +---[RSA 3072]----+
2024-05-08T23:12:25.740 INFO:journalctl@ceph.mgr.x.smithi016.stdout:May 08 23:12:25 smithi016 ceph-378de17a-0d90-11ef-bc97-c7b262605968-mgr-x[42792]: | .o. E . |
2024-05-08T23:12:25.740 INFO:journalctl@ceph.mgr.x.smithi016.stdout:May 08 23:12:25 smithi016 ceph-378de17a-0d90-11ef-bc97-c7b262605968-mgr-x[42792]: | .. o . |
2024-05-08T23:12:25.740 INFO:journalctl@ceph.mgr.x.smithi016.stdout:May 08 23:12:25 smithi016 ceph-378de17a-0d90-11ef-bc97-c7b262605968-mgr-x[42792]: | .. o |
2024-05-08T23:12:25.740 INFO:journalctl@ceph.mgr.x.smithi016.stdout:May 08 23:12:25 smithi016 ceph-378de17a-0d90-11ef-bc97-c7b262605968-mgr-x[42792]: | .. .o . |
2024-05-08T23:12:25.740 INFO:journalctl@ceph.mgr.x.smithi016.stdout:May 08 23:12:25 smithi016 ceph-378de17a-0d90-11ef-bc97-c7b262605968-mgr-x[42792]: | +o=.o .So |
2024-05-08T23:12:25.740 INFO:journalctl@ceph.mgr.x.smithi016.stdout:May 08 23:12:25 smithi016 ceph-378de17a-0d90-11ef-bc97-c7b262605968-mgr-x[42792]: |+.*.+..o. . |
2024-05-08T23:12:25.741 INFO:journalctl@ceph.mgr.x.smithi016.stdout:May 08 23:12:25 smithi016 ceph-378de17a-0d90-11ef-bc97-c7b262605968-mgr-x[42792]: |+..*o.o o |
2024-05-08T23:12:25.741 INFO:journalctl@ceph.mgr.x.smithi016.stdout:May 08 23:12:25 smithi016 ceph-378de17a-0d90-11ef-bc97-c7b262605968-mgr-x[42792]: | =o+X+. +.o |
2024-05-08T23:12:25.741 INFO:journalctl@ceph.mgr.x.smithi016.stdout:May 08 23:12:25 smithi016 ceph-378de17a-0d90-11ef-bc97-c7b262605968-mgr-x[42792]: |..B@=. oo+ |
2024-05-08T23:12:25.741 INFO:journalctl@ceph.mgr.x.smithi016.stdout:May 08 23:12:25 smithi016 ceph-378de17a-0d90-11ef-bc97-c7b262605968-mgr-x[42792]: +----[SHA256]-----+
2024-05-08T23:12:25.931 INFO:teuthology.orchestra.run.smithi016.stdout:/usr/bin/ceph: stderr
2024-05-08T23:12:25.111+0000 7f0a3b26a700 1 Processor -- start
2024-05-08T23:12:25.931 INFO:teuthology.orchestra.run.smithi016.stdout:/usr/bin/ceph: stderr
2024-05-08T23:12:25.111+0000 7f0a3b26a700 1 -- start start
2024-05-08T23:12:25.931 INFO:teuthology.orchestra.run.smithi016.stdout:/usr/bin/ceph: stderr
2024-05-08T23:12:25.111+0000 7f0a3b26a700 1 --2- >> [v2:172.21.15.16:3300/0,v1:172.21.15.16:6789/0] conn(0x7f0a34106fb0 0x7f0a341093a0 unknown :-1 s=NONE pgs=0 cs=0 l=0 rev1=0 crypto rx=0 tx=0 comp rx=0 tx=0).connect
2024-05-08T23:12:25.931 INFO:teuthology.orchestra.run.smithi016.stdout:/usr/bin/ceph: stderr
2024-05-08T23:12:25.111+0000 7f0a3b26a700 1 -- --> [v2:172.21.15.16:3300/0,v1:172.21.15.16:6789/0] -- mon_getmap magic: 0 v1 -- 0x7f0a34079df0 con 0x7f0a34106fb0
2024-05-08T23:12:25.931 INFO:teuthology.orchestra.run.smithi016.stdout:/usr/bin/ceph: stderr
2024-05-08T23:12:25.111+0000 7f0a39006700 1 --2- >> [v2:172.21.15.16:3300/0,v1:172.21.15.16:6789/0] conn(0x7f0a34106fb0 0x7f0a341093a0 unknown :-1 s=BANNER_CONNECTING pgs=0 cs=0 l=0 rev1=0 crypto rx=0 tx=0 comp rx=0 tx=0)._handle_peer_banner_payload supported=3 required=0
2024-05-08T23:12:25.931 INFO:teuthology.orchestra.run.smithi016.stdout:/usr/bin/ceph: stderr
2024-05-08T23:12:25.111+0000 7f0a39006700 1 --2- >> [v2:172.21.15.16:3300/0,v1:172.21.15.16:6789/0] conn(0x7f0a34106fb0 0x7f0a341093a0 unknown :-1 s=HELLO_CONNECTING pgs=0 cs=0 l=0 rev1=1 crypto rx=0 tx=0 comp rx=0 tx=0).handle_hello peer v2:172.21.15.16:3300/0 says I am v2:172.21.15.16:35382/0 (socket says 172.21.15.16:35382)
2024-05-08T23:12:25.931 INFO:teuthology.orchestra.run.smithi016.stdout:/usr/bin/ceph: stderr
2024-05-08T23:12:25.111+0000 7f0a39006700 1 -- 172.21.15.16:0/93705061 learned_addr learned my addr 172.21.15.16:0/93705061 (peer_addr_for_me v2:172.21.15.16:0/0)
2024-05-08T23:12:25.932 INFO:teuthology.orchestra.run.smithi016.stdout:/usr/bin/ceph: stderr
2024-05-08T23:12:25.112+0000 7f0a39006700 1 -- 172.21.15.16:0/93705061 --> [v2:172.21.15.16:3300/0,v1:172.21.15.16:6789/0] -- mon_subscribe({config=0+,monmap=0+}) v3 -- 0x7f0a34079f30 con 0x7f0a34106fb0
2024-05-08T23:12:25.932 INFO:teuthology.orchestra.run.smithi016.stdout:/usr/bin/ceph: stderr
2024-05-08T23:12:25.112+0000 7f0a39006700 1 --2- 172.21.15.16:0/93705061 >> [v2:172.21.15.16:3300/0,v1:172.21.15.16:6789/0] conn(0x7f0a34106fb0 0x7f0a341093a0 secure :-1 s=READY pgs=41 cs=0 l=1 rev1=1 crypto rx=0x7f0a300098a0 tx=0x7f0a30009bb0 comp rx=0 tx=0).ready entity=mon.0 client_cookie=c8a55ddb1ed7909b server_cookie=0 in_seq=0 out_seq=0
2024-05-08T23:12:25.932 INFO:teuthology.orchestra.run.smithi016.stdout:/usr/bin/ceph: stderr
2024-05-08T23:12:25.112+0000 7f0a2bfff700 1 -- 172.21.15.16:0/93705061 <== mon.0 v2:172.21.15.16:3300/0 1 ==== mon_map magic: 0 v1 ==== 205+0+0 (secure 0 0 0) 0x7f0a30004160 con 0x7f0a34106fb0
2024-05-08T23:12:25.932 INFO:teuthology.orchestra.run.smithi016.stdout:/usr/bin/ceph: stderr
2024-05-08T23:12:25.112+0000 7f0a2bfff700 1 -- 172.21.15.16:0/93705061 <== mon.0 v2:172.21.15.16:3300/0 2 ==== config(25 keys) v1 ==== 1036+0+0 (secure 0 0 0) 0x7f0a300042c0 con 0x7f0a34106fb0
2024-05-08T23:12:25.932 INFO:teuthology.orchestra.run.smithi016.stdout:/usr/bin/ceph: stderr
2024-05-08T23:12:25.112+0000 7f0a2bfff700 1 -- 172.21.15.16:0/93705061 <== mon.0 v2:172.21.15.16:3300/0 3 ==== mon_map magic: 0 v1 ==== 205+0+0 (secure 0 0 0) 0x7f0a30011940 con 0x7f0a34106fb0
2024-05-08T23:12:25.932 INFO:teuthology.orchestra.run.smithi016.stdout:/usr/bin/ceph: stderr
2024-05-08T23:12:25.112+0000 7f0a3b26a700 1 -- 172.21.15.16:0/93705061 >> [v2:172.21.15.16:3300/0,v1:172.21.15.16:6789/0] conn(0x7f0a34106fb0 msgr2=0x7f0a341093a0 secure :-1 s=STATE_CONNECTION_ESTABLISHED l=1).mark_down
2024-05-08T23:12:25.932 INFO:teuthology.orchestra.run.smithi016.stdout:/usr/bin/ceph: stderr
2024-05-08T23:12:25.112+0000 7f0a3b26a700 1 --2- 172.21.15.16:0/93705061 >> [v2:172.21.15.16:3300/0,v1:172.21.15.16:6789/0] conn(0x7f0a34106fb0 0x7f0a341093a0 secure :-1 s=READY pgs=41 cs=0 l=1 rev1=1 crypto rx=0x7f0a300098a0 tx=0x7f0a30009bb0 comp rx=0 tx=0).stop
2024-05-08T23:12:25.932 INFO:teuthology.orchestra.run.smithi016.stdout:/usr/bin/ceph: stderr
2024-05-08T23:12:25.113+0000 7f0a3b26a700 1 -- 172.21.15.16:0/93705061 shutdown_connections
2024-05-08T23:12:25.932 INFO:teuthology.orchestra.run.smithi016.stdout:/usr/bin/ceph: stderr
2024-05-08T23:12:25.113+0000 7f0a3b26a700 1 --2- 172.21.15.16:0/93705061 >> [v2:172.21.15.16:3300/0,v1:172.21.15.16:6789/0] conn(0x7f0a34106fb0 0x7f0a341093a0 unknown :-1 s=CLOSED pgs=41 cs=0 l=1 rev1=1 crypto rx=0 tx=0 comp rx=0 tx=0).stop
2024-05-08T23:12:25.932 INFO:teuthology.orchestra.run.smithi016.stdout:/usr/bin/ceph: stderr
2024-05-08T23:12:25.113+0000 7f0a3b26a700 1 -- 172.21.15.16:0/93705061 >> 172.21.15.16:0/93705061 conn(0x7f0a34100920 msgr2=0x7f0a34102d40 unknown :-1 s=STATE_NONE l=0).mark_down
2024-05-08T23:12:25.932 INFO:teuthology.orchestra.run.smithi016.stdout:/usr/bin/ceph: stderr
2024-05-08T23:12:25.113+0000 7f0a3b26a700 1 -- 172.21.15.16:0/93705061 shutdown_connections
2024-05-08T23:12:25.932 INFO:teuthology.orchestra.run.smithi016.stdout:/usr/bin/ceph: stderr
2024-05-08T23:12:25.113+0000 7f0a3b26a700 1 -- 172.21.15.16:0/93705061 wait complete.
2024-05-08T23:12:25.933 INFO:teuthology.orchestra.run.smithi016.stdout:/usr/bin/ceph: stderr
2024-05-08T23:12:25.113+0000 7f0a3b26a700 1 Processor -- start
2024-05-08T23:12:25.933 INFO:teuthology.orchestra.run.smithi016.stdout:/usr/bin/ceph: stderr
2024-05-08T23:12:25.113+0000 7f0a3b26a700 1 -- start start
2024-05-08T23:12:25.933 INFO:teuthology.orchestra.run.smithi016.stdout:/usr/bin/ceph: stderr
2024-05-08T23:12:25.114+0000 7f0a3b26a700 1 --2- >> [v2:172.21.15.16:3300/0,v1:172.21.15.16:6789/0] conn(0x7f0a34106fb0 0x7f0a34106970 unknown :-1 s=NONE pgs=0 cs=0 l=1 rev1=0 crypto rx=0 tx=0 comp rx=0 tx=0).connect
2024-05-08T23:12:25.933 INFO:teuthology.orchestra.run.smithi016.stdout:/usr/bin/ceph: stderr
2024-05-08T23:12:25.114+0000 7f0a3b26a700 1 -- --> [v2:172.21.15.16:3300/0,v1:172.21.15.16:6789/0] -- mon_getmap magic: 0 v1 -- 0x7f0a34104f60 con 0x7f0a34106fb0
2024-05-08T23:12:25.933 INFO:teuthology.orchestra.run.smithi016.stdout:/usr/bin/ceph: stderr
2024-05-08T23:12:25.114+0000 7f0a39006700 1 --2- >> [v2:172.21.15.16:3300/0,v1:172.21.15.16:6789/0] conn(0x7f0a34106fb0 0x7f0a34106970 unknown :-1 s=BANNER_CONNECTING pgs=0 cs=0 l=1 rev1=0 crypto rx=0 tx=0 comp rx=0 tx=0)._handle_peer_banner_payload supported=3 required=0
2024-05-08T23:12:25.933 INFO:teuthology.orchestra.run.smithi016.stdout:/usr/bin/ceph: stderr
2024-05-08T23:12:25.114+0000 7f0a39006700 1 --2- >> [v2:172.21.15.16:3300/0,v1:172.21.15.16:6789/0] conn(0x7f0a34106fb0 0x7f0a34106970 unknown :-1 s=HELLO_CONNECTING pgs=0 cs=0 l=1 rev1=1 crypto rx=0 tx=0 comp rx=0 tx=0).handle_hello peer v2:172.21.15.16:3300/0 says I am v2:172.21.15.16:35398/0 (socket says 172.21.15.16:35398)
2024-05-08T23:12:25.933 INFO:teuthology.orchestra.run.smithi016.stdout:/usr/bin/ceph: stderr
2024-05-08T23:12:25.114+0000 7f0a39006700 1 -- 172.21.15.16:0/3038634228 learned_addr learned my addr 172.21.15.16:0/3038634228 (peer_addr_for_me v2:172.21.15.16:0/0)
2024-05-08T23:12:25.933 INFO:teuthology.orchestra.run.smithi016.stdout:/usr/bin/ceph: stderr
2024-05-08T23:12:25.114+0000 7f0a39006700 1 -- 172.21.15.16:0/3038634228 --> [v2:172.21.15.16:3300/0,v1:172.21.15.16:6789/0] -- mon_subscribe({config=0+,monmap=0+}) v3 -- 0x7f0a30009550 con 0x7f0a34106fb0
2024-05-08T23:12:25.933 INFO:teuthology.orchestra.run.smithi016.stdout:/usr/bin/ceph: stderr
2024-05-08T23:12:25.114+0000 7f0a39006700 1 --2- 172.21.15.16:0/3038634228 >> [v2:172.21.15.16:3300/0,v1:172.21.15.16:6789/0] conn(0x7f0a34106fb0 0x7f0a34106970 secure :-1 s=READY pgs=42 cs=0 l=1 rev1=1 crypto rx=0x7f0a30003f20 tx=0x7f0a30011f00 comp rx=0 tx=0).ready entity=mon.0 client_cookie=0 server_cookie=0 in_seq=0 out_seq=0
2024-05-08T23:12:25.933 INFO:teuthology.orchestra.run.smithi016.stdout:/usr/bin/ceph: stderr
2024-05-08T23:12:25.114+0000 7f0a2a7fc700 1 -- 172.21.15.16:0/3038634228 <== mon.0 v2:172.21.15.16:3300/0 1 ==== mon_map magic: 0 v1 ==== 205+0+0 (secure 0 0 0) 0x7f0a300037d0 con 0x7f0a34106fb0
2024-05-08T23:12:25.933 INFO:teuthology.orchestra.run.smithi016.stdout:/usr/bin/ceph: stderr
2024-05-08T23:12:25.114+0000 7f0a2a7fc700 1 -- 172.21.15.16:0/3038634228 <== mon.0 v2:172.21.15.16:3300/0 2 ==== config(25 keys) v1 ==== 1036+0+0 (secure 0 0 0) 0x7f0a3001b440 con 0x7f0a34106fb0
2024-05-08T23:12:25.934 INFO:teuthology.orchestra.run.smithi016.stdout:/usr/bin/ceph: stderr
2024-05-08T23:12:25.114+0000 7f0a2a7fc700 1 -- 172.21.15.16:0/3038634228 <== mon.0 v2:172.21.15.16:3300/0 3 ==== mon_map magic: 0 v1 ==== 205+0+0 (secure 0 0 0) 0x7f0a30023590 con 0x7f0a34106fb0
2024-05-08T23:12:25.934 INFO:teuthology.orchestra.run.smithi016.stdout:/usr/bin/ceph: stderr
2024-05-08T23:12:25.114+0000 7f0a3b26a700 1 -- 172.21.15.16:0/3038634228 --> [v2:172.21.15.16:3300/0,v1:172.21.15.16:6789/0] -- mon_subscribe({mgrmap=0+}) v3 -- 0x7f0a34105160 con 0x7f0a34106fb0
2024-05-08T23:12:25.934 INFO:teuthology.orchestra.run.smithi016.stdout:/usr/bin/ceph: stderr
2024-05-08T23:12:25.114+0000 7f0a3b26a700 1 -- 172.21.15.16:0/3038634228 --> [v2:172.21.15.16:3300/0,v1:172.21.15.16:6789/0] -- mon_subscribe({osdmap=0}) v3 -- 0x7f0a34105600 con 0x7f0a34106fb0
2024-05-08T23:12:25.934 INFO:teuthology.orchestra.run.smithi016.stdout:/usr/bin/ceph: stderr
2024-05-08T23:12:25.115+0000 7f0a2a7fc700 1 -- 172.21.15.16:0/3038634228 <== mon.0 v2:172.21.15.16:3300/0 4 ==== mgrmap(e 8) v1 ==== 45541+0+0 (secure 0 0 0) 0x7f0a3001b5b0 con 0x7f0a34106fb0
2024-05-08T23:12:25.934 INFO:teuthology.orchestra.run.smithi016.stdout:/usr/bin/ceph: stderr
2024-05-08T23:12:25.116+0000 7f0a2a7fc700 1 --2- 172.21.15.16:0/3038634228 >> [v2:172.21.15.16:6800/1569877251,v1:172.21.15.16:6801/1569877251] conn(0x7f0a20038700 0x7f0a2003abc0 unknown :-1 s=NONE pgs=0 cs=0 l=1 rev1=0 crypto rx=0 tx=0 comp rx=0 tx=0).connect
2024-05-08T23:12:25.934 INFO:teuthology.orchestra.run.smithi016.stdout:/usr/bin/ceph: stderr
2024-05-08T23:12:25.115+0000 7f0a3b26a700 1 -- 172.21.15.16:0/3038634228 --> [v2:172.21.15.16:3300/0,v1:172.21.15.16:6789/0] -- mon_command({"prefix": "get_command_descriptions"} v 0) v1 -- 0x7f0a34066f40 con 0x7f0a34106fb0
2024-05-08T23:12:25.934 INFO:teuthology.orchestra.run.smithi016.stdout:/usr/bin/ceph: stderr
2024-05-08T23:12:25.116+0000 7f0a2a7fc700 1 -- 172.21.15.16:0/3038634228 <== mon.0 v2:172.21.15.16:3300/0 5 ==== osd_map(2..2 src has 1..2) v4 ==== 940+0+0 (secure 0 0 0) 0x7f0a3004c620 con 0x7f0a34106fb0
2024-05-08T23:12:25.934 INFO:teuthology.orchestra.run.smithi016.stdout:/usr/bin/ceph: stderr
2024-05-08T23:12:25.116+0000 7f0a38805700 1 --2- 172.21.15.16:0/3038634228 >> [v2:172.21.15.16:6800/1569877251,v1:172.21.15.16:6801/1569877251] conn(0x7f0a20038700 0x7f0a2003abc0 unknown :-1 s=BANNER_CONNECTING pgs=0 cs=0 l=1 rev1=0 crypto rx=0 tx=0 comp rx=0 tx=0)._handle_peer_banner_payload supported=3 required=0
2024-05-08T23:12:25.934 INFO:teuthology.orchestra.run.smithi016.stdout:/usr/bin/ceph: stderr
2024-05-08T23:12:25.116+0000 7f0a38805700 1 --2- 172.21.15.16:0/3038634228 >> [v2:172.21.15.16:6800/1569877251,v1:172.21.15.16:6801/1569877251] conn(0x7f0a20038700 0x7f0a2003abc0 secure :-1 s=READY pgs=9 cs=0 l=1 rev1=1 crypto rx=0x7f0a24006fd0 tx=0x7f0a24006e40 comp rx=0 tx=0).ready entity=mgr.14120 client_cookie=0 server_cookie=0 in_seq=0 out_seq=0
2024-05-08T23:12:25.934 INFO:teuthology.orchestra.run.smithi016.stdout:/usr/bin/ceph: stderr
2024-05-08T23:12:25.121+0000 7f0a2a7fc700 1 -- 172.21.15.16:0/3038634228 <== mon.0 v2:172.21.15.16:3300/0 6 ==== mon_command_ack([{"prefix": "get_command_descriptions"}]=0 v0) v1 ==== 72+0+183622 (secure 0 0 0) 0x7f0a3001bb00 con 0x7f0a34106fb0
2024-05-08T23:12:25.934 INFO:teuthology.orchestra.run.smithi016.stdout:/usr/bin/ceph: stderr
2024-05-08T23:12:25.334+0000 7f0a3b26a700 1 -- 172.21.15.16:0/3038634228 --> [v2:172.21.15.16:6800/1569877251,v1:172.21.15.16:6801/1569877251] -- mgr_command(tid 0: {"prefix": "cephadm generate-key", "target": ["mon-mgr", ""]}) v1 -- 0x7f0a341059c0 con 0x7f0a20038700
2024-05-08T23:12:25.935 INFO:teuthology.orchestra.run.smithi016.stdout:/usr/bin/ceph: stderr
2024-05-08T23:12:25.578+0000 7f0a2a7fc700 1 -- 172.21.15.16:0/3038634228 <== mgr.14120 v2:172.21.15.16:6800/1569877251 1 ==== mgr_command_reply(tid 0: 0 ) v1 ==== 8+0+0 (secure 0 0 0) 0x7f0a341059c0 con 0x7f0a20038700
2024-05-08T23:12:25.935 INFO:teuthology.orchestra.run.smithi016.stdout:/usr/bin/ceph: stderr
