2024-05-08T23:39:38.069 INFO:teuthology.orchestra.run.smithi012.stdout:/usr/bin/ceph: stderr
2024-05-08T23:39:37.459+0000 7fdf78f09700 1 -- 172.21.15.12:0/3515491203 >> 172.21.15.12:0/3515491203 conn(0x7fdf74100c60 msgr2=0x7fdf741030c0 unknown :-1 s=STATE_NONE l=0).mark_down
2024-05-08T23:39:38.069 INFO:teuthology.orchestra.run.smithi012.stdout:/usr/bin/ceph: stderr
2024-05-08T23:39:37.459+0000 7fdf78f09700 1 -- 172.21.15.12:0/3515491203 shutdown_connections
2024-05-08T23:39:38.069 INFO:teuthology.orchestra.run.smithi012.stdout:/usr/bin/ceph: stderr
2024-05-08T23:39:37.459+0000 7fdf78f09700 1 -- 172.21.15.12:0/3515491203 wait complete.
2024-05-08T23:39:38.069 INFO:teuthology.orchestra.run.smithi012.stdout:/usr/bin/ceph: stderr
2024-05-08T23:39:37.460+0000 7fdf78f09700 1 Processor -- start
2024-05-08T23:39:38.069 INFO:teuthology.orchestra.run.smithi012.stdout:/usr/bin/ceph: stderr
2024-05-08T23:39:37.460+0000 7fdf78f09700 1 -- start start
2024-05-08T23:39:38.069 INFO:teuthology.orchestra.run.smithi012.stdout:/usr/bin/ceph: stderr
2024-05-08T23:39:37.460+0000 7fdf78f09700 1 --2- >> [v2:172.21.15.12:3300/0,v1:172.21.15.12:6789/0] conn(0x7fdf741056e0 0x7fdf741906f0 unknown :-1 s=NONE pgs=0 cs=0 l=1 rev1=0 crypto rx=0 tx=0 comp rx=0 tx=0).connect
2024-05-08T23:39:38.069 INFO:teuthology.orchestra.run.smithi012.stdout:/usr/bin/ceph: stderr
2024-05-08T23:39:37.460+0000 7fdf78f09700 1 -- --> [v2:172.21.15.12:3300/0,v1:172.21.15.12:6789/0] -- mon_getmap magic: 0 v1 -- 0x7fdf74190c30 con 0x7fdf741056e0
2024-05-08T23:39:38.069 INFO:teuthology.orchestra.run.smithi012.stdout:/usr/bin/ceph: stderr
2024-05-08T23:39:37.460+0000 7fdf7259c700 1 --2- >> [v2:172.21.15.12:3300/0,v1:172.21.15.12:6789/0] conn(0x7fdf741056e0 0x7fdf741906f0 unknown :-1 s=BANNER_CONNECTING pgs=0 cs=0 l=1 rev1=0 crypto rx=0 tx=0 comp rx=0 tx=0)._handle_peer_banner_payload supported=3 required=0
2024-05-08T23:39:38.069 INFO:teuthology.orchestra.run.smithi012.stdout:/usr/bin/ceph: stderr
2024-05-08T23:39:37.460+0000 7fdf7259c700 1 --2- >> [v2:172.21.15.12:3300/0,v1:172.21.15.12:6789/0] conn(0x7fdf741056e0 0x7fdf741906f0 unknown :-1 s=HELLO_CONNECTING pgs=0 cs=0 l=1 rev1=1 crypto rx=0 tx=0 comp rx=0 tx=0).handle_hello peer v2:172.21.15.12:3300/0 says I am v2:172.21.15.12:59668/0 (socket says 172.21.15.12:59668)
2024-05-08T23:39:38.069 INFO:teuthology.orchestra.run.smithi012.stdout:/usr/bin/ceph: stderr
2024-05-08T23:39:37.460+0000 7fdf7259c700 1 -- 172.21.15.12:0/3972423831 learned_addr learned my addr 172.21.15.12:0/3972423831 (peer_addr_for_me v2:172.21.15.12:0/0)
2024-05-08T23:39:38.069 INFO:teuthology.orchestra.run.smithi012.stdout:/usr/bin/ceph: stderr
2024-05-08T23:39:37.460+0000 7fdf7259c700 1 -- 172.21.15.12:0/3972423831 --> [v2:172.21.15.12:3300/0,v1:172.21.15.12:6789/0] -- mon_subscribe({config=0+,monmap=0+}) v3 -- 0x7fdf64009550 con 0x7fdf741056e0
2024-05-08T23:39:38.070 INFO:teuthology.orchestra.run.smithi012.stdout:/usr/bin/ceph: stderr
2024-05-08T23:39:37.460+0000 7fdf7259c700 1 --2- 172.21.15.12:0/3972423831 >> [v2:172.21.15.12:3300/0,v1:172.21.15.12:6789/0] conn(0x7fdf741056e0 0x7fdf741906f0 secure :-1 s=READY pgs=44 cs=0 l=1 rev1=1 crypto rx=0x7fdf64009130 tx=0x7fdf64011ad0 comp rx=0 tx=0).ready entity=mon.0 client_cookie=0 server_cookie=0 in_seq=0 out_seq=0
2024-05-08T23:39:38.070 INFO:teuthology.orchestra.run.smithi012.stdout:/usr/bin/ceph: stderr
2024-05-08T23:39:37.461+0000 7fdf637fe700 1 -- 172.21.15.12:0/3972423831 <== mon.0 v2:172.21.15.12:3300/0 1 ==== mon_map magic: 0 v1 ==== 205+0+0 (secure 0 0 0) 0x7fdf640038b0 con 0x7fdf741056e0
2024-05-08T23:39:38.070 INFO:teuthology.orchestra.run.smithi012.stdout:/usr/bin/ceph: stderr
2024-05-08T23:39:37.461+0000 7fdf637fe700 1 -- 172.21.15.12:0/3972423831 <== mon.0 v2:172.21.15.12:3300/0 2 ==== config(26 keys) v1 ==== 1074+0+0 (secure 0 0 0) 0x7fdf64003a10 con 0x7fdf741056e0
2024-05-08T23:39:38.070 INFO:teuthology.orchestra.run.smithi012.stdout:/usr/bin/ceph: stderr
2024-05-08T23:39:37.461+0000 7fdf637fe700 1 -- 172.21.15.12:0/3972423831 <== mon.0 v2:172.21.15.12:3300/0 3 ==== mon_map magic: 0 v1 ==== 205+0+0 (secure 0 0 0) 0x7fdf64019550 con 0x7fdf741056e0
2024-05-08T23:39:38.070 INFO:teuthology.orchestra.run.smithi012.stdout:/usr/bin/ceph: stderr
2024-05-08T23:39:37.461+0000 7fdf78f09700 1 -- 172.21.15.12:0/3972423831 --> [v2:172.21.15.12:3300/0,v1:172.21.15.12:6789/0] -- mon_subscribe({mgrmap=0+}) v3 -- 0x7fdf7418eec0 con 0x7fdf741056e0
2024-05-08T23:39:38.070 INFO:teuthology.orchestra.run.smithi012.stdout:/usr/bin/ceph: stderr
2024-05-08T23:39:37.461+0000 7fdf78f09700 1 -- 172.21.15.12:0/3972423831 --> [v2:172.21.15.12:3300/0,v1:172.21.15.12:6789/0] -- mon_subscribe({osdmap=0}) v3 -- 0x7fdf7418f360 con 0x7fdf741056e0
2024-05-08T23:39:38.070 INFO:teuthology.orchestra.run.smithi012.stdout:/usr/bin/ceph: stderr
2024-05-08T23:39:37.462+0000 7fdf637fe700 1 -- 172.21.15.12:0/3972423831 <== mon.0 v2:172.21.15.12:3300/0 4 ==== mgrmap(e 8) v1 ==== 45541+0+0 (secure 0 0 0) 0x7fdf6401a430 con 0x7fdf741056e0
2024-05-08T23:39:38.070 INFO:teuthology.orchestra.run.smithi012.stdout:/usr/bin/ceph: stderr
2024-05-08T23:39:37.462+0000 7fdf637fe700 1 --2- 172.21.15.12:0/3972423831 >> [v2:172.21.15.12:6800/31089560,v1:172.21.15.12:6801/31089560] conn(0x7fdf5c038690 0x7fdf5c03ab50 unknown :-1 s=NONE pgs=0 cs=0 l=1 rev1=0 crypto rx=0 tx=0 comp rx=0 tx=0).connect
2024-05-08T23:39:38.070 INFO:teuthology.orchestra.run.smithi012.stdout:/usr/bin/ceph: stderr
2024-05-08T23:39:37.462+0000 7fdf78f09700 1 -- 172.21.15.12:0/3972423831 --> [v2:172.21.15.12:3300/0,v1:172.21.15.12:6789/0] -- mon_command({"prefix": "get_command_descriptions"} v 0) v1 -- 0x7fdf7418fd70 con 0x7fdf741056e0
2024-05-08T23:39:38.070 INFO:teuthology.orchestra.run.smithi012.stdout:/usr/bin/ceph: stderr
2024-05-08T23:39:37.462+0000 7fdf637fe700 1 -- 172.21.15.12:0/3972423831 <== mon.0 v2:172.21.15.12:3300/0 5 ==== osd_map(2..2 src has 1..2) v4 ==== 940+0+0 (secure 0 0 0) 0x7fdf6404c7a0 con 0x7fdf741056e0
2024-05-08T23:39:38.070 INFO:teuthology.orchestra.run.smithi012.stdout:/usr/bin/ceph: stderr
2024-05-08T23:39:37.462+0000 7fdf71d9b700 1 --2- 172.21.15.12:0/3972423831 >> [v2:172.21.15.12:6800/31089560,v1:172.21.15.12:6801/31089560] conn(0x7fdf5c038690 0x7fdf5c03ab50 unknown :-1 s=BANNER_CONNECTING pgs=0 cs=0 l=1 rev1=0 crypto rx=0 tx=0 comp rx=0 tx=0)._handle_peer_banner_payload supported=3 required=0
2024-05-08T23:39:38.070 INFO:teuthology.orchestra.run.smithi012.stdout:/usr/bin/ceph: stderr
2024-05-08T23:39:37.462+0000 7fdf71d9b700 1 --2- 172.21.15.12:0/3972423831 >> [v2:172.21.15.12:6800/31089560,v1:172.21.15.12:6801/31089560] conn(0x7fdf5c038690 0x7fdf5c03ab50 secure :-1 s=READY pgs=10 cs=0 l=1 rev1=1 crypto rx=0x7fdf68006fd0 tx=0x7fdf68006e40 comp rx=0 tx=0).ready entity=mgr.14120 client_cookie=0 server_cookie=0 in_seq=0 out_seq=0
2024-05-08T23:39:38.070 INFO:teuthology.orchestra.run.smithi012.stdout:/usr/bin/ceph: stderr
2024-05-08T23:39:37.467+0000 7fdf637fe700 1 -- 172.21.15.12:0/3972423831 <== mon.0 v2:172.21.15.12:3300/0 6 ==== mon_command_ack([{"prefix": "get_command_descriptions"}]=0 v0) v1 ==== 72+0+183622 (secure 0 0 0) 0x7fdf640239e0 con 0x7fdf741056e0
2024-05-08T23:39:38.071 INFO:teuthology.orchestra.run.smithi012.stdout:/usr/bin/ceph: stderr
2024-05-08T23:39:37.679+0000 7fdf78f09700 1 -- 172.21.15.12:0/3972423831 --> [v2:172.21.15.12:6800/31089560,v1:172.21.15.12:6801/31089560] -- mgr_command(tid 0: {"prefix": "cephadm get-pub-key", "target": ["mon-mgr", ""]}) v1 -- 0x7fdf74194250 con 0x7fdf5c038690
2024-05-08T23:39:38.071 INFO:teuthology.orchestra.run.smithi012.stdout:/usr/bin/ceph: stderr
2024-05-08T23:39:37.680+0000 7fdf637fe700 1 -- 172.21.15.12:0/3972423831 <== mgr.14120 v2:172.21.15.12:6800/31089560 1 ==== mgr_command_reply(tid 0: 0 ) v1 ==== 8+0+595 (secure 0 0 0) 0x7fdf74194250 con 0x7fdf5c038690
2024-05-08T23:39:38.071 INFO:teuthology.orchestra.run.smithi012.stdout:/usr/bin/ceph: stderr
2024-05-08T23:39:37.682+0000 7fdf78f09700 1 -- 172.21.15.12:0/3972423831 >> [v2:172.21.15.12:6800/31089560,v1:172.21.15.12:6801/31089560] conn(0x7fdf5c038690 msgr2=0x7fdf5c03ab50 secure :-1 s=STATE_CONNECTION_ESTABLISHED l=1).mark_down
2024-05-08T23:39:38.071 INFO:teuthology.orchestra.run.smithi012.stdout:/usr/bin/ceph: stderr
2024-05-08T23:39:37.682+0000 7fdf78f09700 1 --2- 172.21.15.12:0/3972423831 >> [v2:172.21.15.12:6800/31089560,v1:172.21.15.12:6801/31089560] conn(0x7fdf5c038690 0x7fdf5c03ab50 secure :-1 s=READY pgs=10 cs=0 l=1 rev1=1 crypto rx=0x7fdf68006fd0 tx=0x7fdf68006e40 comp rx=0 tx=0).stop
2024-05-08T23:39:38.071 INFO:teuthology.orchestra.run.smithi012.stdout:/usr/bin/ceph: stderr
2024-05-08T23:39:37.682+0000 7fdf78f09700 1 -- 172.21.15.12:0/3972423831 >> [v2:172.21.15.12:3300/0,v1:172.21.15.12:6789/0] conn(0x7fdf741056e0 msgr2=0x7fdf741906f0 secure :-1 s=STATE_CONNECTION_ESTABLISHED l=1).mark_down
2024-05-08T23:39:38.071 INFO:teuthology.orchestra.run.smithi012.stdout:/usr/bin/ceph: stderr
2024-05-08T23:39:37.682+0000 7fdf78f09700 1 --2- 172.21.15.12:0/3972423831 >> [v2:172.21.15.12:3300/0,v1:172.21.15.12:6789/0] conn(0x7fdf741056e0 0x7fdf741906f0 secure :-1 s=READY pgs=44 cs=0 l=1 rev1=1 crypto rx=0x7fdf64009130 tx=0x7fdf64011ad0 comp rx=0 tx=0).stop
2024-05-08T23:39:38.071 INFO:teuthology.orchestra.run.smithi012.stdout:/usr/bin/ceph: stderr
2024-05-08T23:39:37.682+0000 7fdf78f09700 1 -- 172.21.15.12:0/3972423831 shutdown_connections
2024-05-08T23:39:38.071 INFO:teuthology.orchestra.run.smithi012.stdout:/usr/bin/ceph: stderr
2024-05-08T23:39:37.682+0000 7fdf78f09700 1 --2- 172.21.15.12:0/3972423831 >> [v2:172.21.15.12:6800/31089560,v1:172.21.15.12:6801/31089560] conn(0x7fdf5c038690 0x7fdf5c03ab50 unknown :-1 s=CLOSED pgs=10 cs=0 l=1 rev1=1 crypto rx=0 tx=0 comp rx=0 tx=0).stop
2024-05-08T23:39:38.071 INFO:teuthology.orchestra.run.smithi012.stdout:/usr/bin/ceph: stderr
2024-05-08T23:39:37.682+0000 7fdf78f09700 1 --2- 172.21.15.12:0/3972423831 >> [v2:172.21.15.12:3300/0,v1:172.21.15.12:6789/0] conn(0x7fdf741056e0 0x7fdf741906f0 unknown :-1 s=CLOSED pgs=44 cs=0 l=1 rev1=1 crypto rx=0 tx=0 comp rx=0 tx=0).stop
2024-05-08T23:39:38.071 INFO:teuthology.orchestra.run.smithi012.stdout:/usr/bin/ceph: stderr
2024-05-08T23:39:37.682+0000 7fdf78f09700 1 -- 172.21.15.12:0/3972423831 >> 172.21.15.12:0/3972423831 conn(0x7fdf74100c60 msgr2=0x7fdf74101c70 unknown :-1 s=STATE_NONE l=0).mark_down
2024-05-08T23:39:38.071 INFO:teuthology.orchestra.run.smithi012.stdout:/usr/bin/ceph: stderr
2024-05-08T23:39:37.682+0000 7fdf78f09700 1 -- 172.21.15.12:0/3972423831 shutdown_connections
2024-05-08T23:39:38.071 INFO:teuthology.orchestra.run.smithi012.stdout:/usr/bin/ceph: stderr
2024-05-08T23:39:37.682+0000 7fdf78f09700 1 -- 172.21.15.12:0/3972423831 wait complete.
2024-05-08T23:39:38.071 INFO:teuthology.orchestra.run.smithi012.stdout:Wrote public SSH key to /home/ubuntu/cephtest/ceph.pub
2024-05-08T23:39:38.071 INFO:teuthology.orchestra.run.smithi012.stdout:Adding key to root@localhost authorized_keys...
2024-05-08T23:39:38.072 INFO:teuthology.orchestra.run.smithi012.stdout:Adding host smithi012...
2024-05-08T23:39:38.945 INFO:journalctl@ceph.mon.a.smithi012.stdout:May 08 23:39:38 smithi012 ceph-mon[42503]: from='client.14138 -' entity='client.admin' cmd=[{"prefix": "cephadm get-pub-key", "target": ["mon-mgr", ""]}]: dispatch
2024-05-08T23:39:39.916 INFO:journalctl@ceph.mon.a.smithi012.stdout:May 08 23:39:39 smithi012 ceph-mon[42503]: from='client.14140 -' entity='client.admin' cmd=[{"prefix": "orch host add", "hostname": "smithi012", "addr": "172.21.15.12", "target": ["mon-mgr", ""]}]: dispatch
2024-05-08T23:39:40.916 INFO:journalctl@ceph.mon.a.smithi012.stdout:May 08 23:39:40 smithi012 ceph-mon[42503]: Deploying cephadm binary to smithi012
2024-05-08T23:39:41.317 INFO:teuthology.orchestra.run.smithi012.stdout:/usr/bin/ceph: stdout Added host 'smithi012' with addr '172.21.15.12'
2024-05-08T23:39:41.317 INFO:teuthology.orchestra.run.smithi012.stdout:/usr/bin/ceph: stderr
2024-05-08T23:39:38.427+0000 7effe2f54700 1 Processor -- start
2024-05-08T23:39:41.317 INFO:teuthology.orchestra.run.smithi012.stdout:/usr/bin/ceph: stderr
2024-05-08T23:39:38.427+0000 7effe2f54700 1 -- start start
2024-05-08T23:39:41.317 INFO:teuthology.orchestra.run.smithi012.stdout:/usr/bin/ceph: stderr
2024-05-08T23:39:38.427+0000 7effe2f54700 1 --2- >> [v2:172.21.15.12:3300/0,v1:172.21.15.12:6789/0] conn(0x7effdc105680 0x7effdc105aa0 unknown :-1 s=NONE pgs=0 cs=0 l=0 rev1=0 crypto rx=0 tx=0 comp rx=0 tx=0).connect
2024-05-08T23:39:41.317 INFO:teuthology.orchestra.run.smithi012.stdout:/usr/bin/ceph: stderr
2024-05-08T23:39:38.427+0000 7effe2f54700 1 -- --> [v2:172.21.15.12:3300/0,v1:172.21.15.12:6789/0] -- mon_getmap magic: 0 v1 -- 0x7effdc106070 con 0x7effdc105680
2024-05-08T23:39:41.317 INFO:teuthology.orchestra.run.smithi012.stdout:/usr/bin/ceph: stderr
2024-05-08T23:39:38.427+0000 7effe0cf0700 1 --2- >> [v2:172.21.15.12:3300/0,v1:172.21.15.12:6789/0] conn(0x7effdc105680 0x7effdc105aa0 unknown :-1 s=BANNER_CONNECTING pgs=0 cs=0 l=0 rev1=0 crypto rx=0 tx=0 comp rx=0 tx=0)._handle_peer_banner_payload supported=3 required=0
2024-05-08T23:39:41.317 INFO:teuthology.orchestra.run.smithi012.stdout:/usr/bin/ceph: stderr
2024-05-08T23:39:38.427+0000 7effe0cf0700 1 --2- >> [v2:172.21.15.12:3300/0,v1:172.21.15.12:6789/0] conn(0x7effdc105680 0x7effdc105aa0 unknown :-1 s=HELLO_CONNECTING pgs=0 cs=0 l=0 rev1=1 crypto rx=0 tx=0 comp rx=0 tx=0).handle_hello peer v2:172.21.15.12:3300/0 says I am v2:172.21.15.12:33666/0 (socket says 172.21.15.12:33666)
2024-05-08T23:39:41.317 INFO:teuthology.orchestra.run.smithi012.stdout:/usr/bin/ceph: stderr
2024-05-08T23:39:38.427+0000 7effe0cf0700 1 -- 172.21.15.12:0/2875536168 learned_addr learned my addr 172.21.15.12:0/2875536168 (peer_addr_for_me v2:172.21.15.12:0/0)
2024-05-08T23:39:41.317 INFO:teuthology.orchestra.run.smithi012.stdout:/usr/bin/ceph: stderr
2024-05-08T23:39:38.428+0000 7effe0cf0700 1 -- 172.21.15.12:0/2875536168 --> [v2:172.21.15.12:3300/0,v1:172.21.15.12:6789/0] -- mon_subscribe({config=0+,monmap=0+}) v3 -- 0x7effdc106880 con 0x7effdc105680
2024-05-08T23:39:41.317 INFO:teuthology.orchestra.run.smithi012.stdout:/usr/bin/ceph: stderr
2024-05-08T23:39:38.428+0000 7effe0cf0700 1 --2- 172.21.15.12:0/2875536168 >> [v2:172.21.15.12:3300/0,v1:172.21.15.12:6789/0] conn(0x7effdc105680 0x7effdc105aa0 secure :-1 s=READY pgs=45 cs=0 l=1 rev1=1 crypto rx=0x7effd80098a0 tx=0x7effd8009bb0 comp rx=0 tx=0).ready entity=mon.0 client_cookie=e9ab74f3c86c2ab5 server_cookie=0 in_seq=0 out_seq=0
2024-05-08T23:39:41.317 INFO:teuthology.orchestra.run.smithi012.stdout:/usr/bin/ceph: stderr
2024-05-08T23:39:38.428+0000 7effd37fe700 1 -- 172.21.15.12:0/2875536168 <== mon.0 v2:172.21.15.12:3300/0 1 ==== mon_map magic: 0 v1 ==== 205+0+0 (secure 0 0 0) 0x7effd8004160 con 0x7effdc105680
2024-05-08T23:39:41.318 INFO:teuthology.orchestra.run.smithi012.stdout:/usr/bin/ceph: stderr
2024-05-08T23:39:38.428+0000 7effd37fe700 1 -- 172.21.15.12:0/2875536168 <== mon.0 v2:172.21.15.12:3300/0 2 ==== config(26 keys) v1 ==== 1074+0+0 (secure 0 0 0) 0x7effd80042c0 con 0x7effdc105680
2024-05-08T23:39:41.318 INFO:teuthology.orchestra.run.smithi012.stdout:/usr/bin/ceph: stderr
2024-05-08T23:39:38.428+0000 7effd37fe700 1 -- 172.21.15.12:0/2875536168 <== mon.0 v2:172.21.15.12:3300/0 3 ==== mon_map magic: 0 v1 ==== 205+0+0 (secure 0 0 0) 0x7effd8011a00 con 0x7effdc105680
2024-05-08T23:39:41.318 INFO:teuthology.orchestra.run.smithi012.stdout:/usr/bin/ceph: stderr
2024-05-08T23:39:38.429+0000 7effe2f54700 1 -- 172.21.15.12:0/2875536168 >> [v2:172.21.15.12:3300/0,v1:172.21.15.12:6789/0] conn(0x7effdc105680 msgr2=0x7effdc105aa0 secure :-1 s=STATE_CONNECTION_ESTABLISHED l=1).mark_down
2024-05-08T23:39:41.318 INFO:teuthology.orchestra.run.smithi012.stdout:/usr/bin/ceph: stderr
2024-05-08T23:39:38.429+0000 7effe2f54700 1 --2- 172.21.15.12:0/2875536168 >> [v2:172.21.15.12:3300/0,v1:172.21.15.12:6789/0] conn(0x7effdc105680 0x7effdc105aa0 secure :-1 s=READY pgs=45 cs=0 l=1 rev1=1 crypto rx=0x7effd80098a0 tx=0x7effd8009bb0 comp rx=0 tx=0).stop
2024-05-08T23:39:41.318 INFO:teuthology.orchestra.run.smithi012.stdout:/usr/bin/ceph: stderr
2024-05-08T23:39:38.429+0000 7effe2f54700 1 -- 172.21.15.12:0/2875536168 shutdown_connections
2024-05-08T23:39:41.318 INFO:teuthology.orchestra.run.smithi012.stdout:/usr/bin/ceph: stderr
2024-05-08T23:39:38.429+0000 7effe2f54700 1 --2- 172.21.15.12:0/2875536168 >> [v2:172.21.15.12:3300/0,v1:172.21.15.12:6789/0] conn(0x7effdc105680 0x7effdc105aa0 unknown :-1 s=CLOSED pgs=45 cs=0 l=1 rev1=1 crypto rx=0 tx=0 comp rx=0 tx=0).stop
2024-05-08T23:39:41.318 INFO:teuthology.orchestra.run.smithi012.stdout:/usr/bin/ceph: stderr
2024-05-08T23:39:38.429+0000 7effe2f54700 1 -- 172.21.15.12:0/2875536168 >> 172.21.15.12:0/2875536168 conn(0x7effdc100cc0 msgr2=0x7effdc1030e0 unknown :-1 s=STATE_NONE l=0).mark_down
2024-05-08T23:39:41.318 INFO:teuthology.orchestra.run.smithi012.stdout:/usr/bin/ceph: stderr
2024-05-08T23:39:38.429+0000 7effe2f54700 1 -- 172.21.15.12:0/2875536168 shutdown_connections
2024-05-08T23:39:41.318 INFO:teuthology.orchestra.run.smithi012.stdout:/usr/bin/ceph: stderr
2024-05-08T23:39:38.429+0000 7effe2f54700 1 -- 172.21.15.12:0/2875536168 wait complete.
2024-05-08T23:39:41.318 INFO:teuthology.orchestra.run.smithi012.stdout:/usr/bin/ceph: stderr
2024-05-08T23:39:38.429+0000 7effe2f54700 1 Processor -- start
2024-05-08T23:39:41.318 INFO:teuthology.orchestra.run.smithi012.stdout:/usr/bin/ceph: stderr
2024-05-08T23:39:38.429+0000 7effe2f54700 1 -- start start
2024-05-08T23:39:41.318 INFO:teuthology.orchestra.run.smithi012.stdout:/usr/bin/ceph: stderr
2024-05-08T23:39:38.430+0000 7effe2f54700 1 --2- >> [v2:172.21.15.12:3300/0,v1:172.21.15.12:6789/0] conn(0x7effdc105680 0x7effdc1906e0 unknown :-1 s=NONE pgs=0 cs=0 l=1 rev1=0 crypto rx=0 tx=0 comp rx=0 tx=0).connect
2024-05-08T23:39:41.318 INFO:teuthology.orchestra.run.smithi012.stdout:/usr/bin/ceph: stderr
2024-05-08T23:39:38.430+0000 7effe2f54700 1 -- --> [v2:172.21.15.12:3300/0,v1:172.21.15.12:6789/0] -- mon_getmap magic: 0 v1 -- 0x7effdc190c20 con 0x7effdc105680
2024-05-08T23:39:41.319 INFO:teuthology.orchestra.run.smithi012.stdout:/usr/bin/ceph: stderr
2024-05-08T23:39:38.430+0000 7effe0cf0700 1 --2- >> [v2:172.21.15.12:3300/0,v1:172.21.15.12:6789/0] conn(0x7effdc105680 0x7effdc1906e0 unknown :-1 s=BANNER_CONNECTING pgs=0 cs=0 l=1 rev1=0 crypto rx=0 tx=0 comp rx=0 tx=0)._handle_peer_banner_payload supported=3 required=0
2024-05-08T23:39:41.319 INFO:teuthology.orchestra.run.smithi012.stdout:/usr/bin/ceph: stderr
2024-05-08T23:39:38.430+0000 7effe0cf0700 1 --2- >> [v2:172.21.15.12:3300/0,v1:172.21.15.12:6789/0] conn(0x7effdc105680 0x7effdc1906e0 unknown :-1 s=HELLO_CONNECTING pgs=0 cs=0 l=1 rev1=1 crypto rx=0 tx=0 comp rx=0 tx=0).handle_hello peer v2:172.21.15.12:3300/0 says I am v2:172.21.15.12:33674/0 (socket says 172.21.15.12:33674)
2024-05-08T23:39:41.319 INFO:teuthology.orchestra.run.smithi012.stdout:/usr/bin/ceph: stderr
2024-05-08T23:39:38.430+0000 7effe0cf0700 1 -- 172.21.15.12:0/844933134 learned_addr learned my addr 172.21.15.12:0/844933134 (peer_addr_for_me v2:172.21.15.12:0/0)
2024-05-08T23:39:41.319 INFO:teuthology.orchestra.run.smithi012.stdout:/usr/bin/ceph: stderr
2024-05-08T23:39:38.430+0000 7effe0cf0700 1 -- 172.21.15.12:0/844933134 --> [v2:172.21.15.12:3300/0,v1:172.21.15.12:6789/0] -- mon_subscribe({config=0+,monmap=0+}) v3 -- 0x7effd8009550 con 0x7effdc105680
2024-05-08T23:39:41.319 INFO:teuthology.orchestra.run.smithi012.stdout:/usr/bin/ceph: stderr
2024-05-08T23:39:38.430+0000 7effe0cf0700 1 --2- 172.21.15.12:0/844933134 >> [v2:172.21.15.12:3300/0,v1:172.21.15.12:6789/0] conn(0x7effdc105680 0x7effdc1906e0 secure :-1 s=READY pgs=46 cs=0 l=1 rev1=1 crypto rx=0x7effd8009130 tx=0x7effd8011ad0 comp rx=0 tx=0).ready entity=mon.0 client_cookie=0 server_cookie=0 in_seq=0 out_seq=0
2024-05-08T23:39:41.319 INFO:teuthology.orchestra.run.smithi012.stdout:/usr/bin/ceph: stderr
2024-05-08T23:39:38.430+0000 7effd1ffb700 1 -- 172.21.15.12:0/844933134 <== mon.0 v2:172.21.15.12:3300/0 1 ==== mon_map magic: 0 v1 ==== 205+0+0 (secure 0 0 0) 0x7effd8003ab0 con 0x7effdc105680
2024-05-08T23:39:41.319 INFO:teuthology.orchestra.run.smithi012.stdout:/usr/bin/ceph: stderr
2024-05-08T23:39:38.430+0000 7effd1ffb700 1 -- 172.21.15.12:0/844933134 <== mon.0 v2:172.21.15.12:3300/0 2 ==== config(26 keys) v1 ==== 1074+0+0 (secure 0 0 0) 0x7effd8003c10 con 0x7effdc105680
2024-05-08T23:39:41.319 INFO:teuthology.orchestra.run.smithi012.stdout:/usr/bin/ceph: stderr
2024-05-08T23:39:38.430+0000 7effe2f54700 1 -- 172.21.15.12:0/844933134 --> [v2:172.21.15.12:3300/0,v1:172.21.15.12:6789/0] -- mon_subscribe({mgrmap=0+}) v3 -- 0x7effdc18ee60 con 0x7effdc105680
2024-05-08T23:39:41.319 INFO:teuthology.orchestra.run.smithi012.stdout:/usr/bin/ceph: stderr
2024-05-08T23:39:38.430+0000 7effd1ffb700 1 -- 172.21.15.12:0/844933134 <== mon.0 v2:172.21.15.12:3300/0 3 ==== mon_map magic: 0 v1 ==== 205+0+0 (secure 0 0 0) 0x7effd80247d0 con 0x7effdc105680
2024-05-08T23:39:41.319 INFO:teuthology.orchestra.run.smithi012.stdout:/usr/bin/ceph: stderr
2024-05-08T23:39:38.431+0000 7effe2f54700 1 -- 172.21.15.12:0/844933134 --> [v2:172.21.15.12:3300/0,v1:172.21.15.12:6789/0] -- mon_subscribe({osdmap=0}) v3 -- 0x7effdc18f300 con 0x7effdc105680
2024-05-08T23:39:41.319 INFO:teuthology.orchestra.run.smithi012.stdout:/usr/bin/ceph: stderr
2024-05-08T23:39:38.431+0000 7effd1ffb700 1 -- 172.21.15.12:0/844933134 <== mon.0 v2:172.21.15.12:3300/0 4 ==== mgrmap(e 8) v1 ==== 45541+0+0 (secure 0 0 0) 0x7effd802d3f0 con 0x7effdc105680
2024-05-08T23:39:41.319 INFO:teuthology.orchestra.run.smithi012.stdout:/usr/bin/ceph: stderr
2024-05-08T23:39:38.432+0000 7effd1ffb700 1 --2- 172.21.15.12:0/844933134 >> [v2:172.21.15.12:6800/31089560,v1:172.21.15.12:6801/31089560] conn(0x7effc4038750 0x7effc403ac10 unknown :-1 s=NONE pgs=0 cs=0 l=1 rev1=0 crypto rx=0 tx=0 comp rx=0 tx=0).connect
2024-05-08T23:39:41.319 INFO:teuthology.orchestra.run.smithi012.stdout:/usr/bin/ceph: stderr
2024-05-08T23:39:38.432+0000 7effd1ffb700 1 -- 172.21.15.12:0/844933134 <== mon.0 v2:172.21.15.12:3300/0 5 ==== osd_map(2..2 src has 1..2) v4 ==== 940+0+0 (secure 0 0 0) 0x7effd804c7d0 con 0x7effdc105680
2024-05-08T23:39:41.319 INFO:teuthology.orchestra.run.smithi012.stdout:/usr/bin/ceph: stderr
2024-05-08T23:39:38.432+0000 7effd3fff700 1 --2- 172.21.15.12:0/844933134 >> [v2:172.21.15.12:6800/31089560,v1:172.21.15.12:6801/31089560] conn(0x7effc4038750 0x7effc403ac10 unknown :-1 s=BANNER_CONNECTING pgs=0 cs=0 l=1 rev1=0 crypto rx=0 tx=0 comp rx=0 tx=0)._handle_peer_banner_payload supported=3 required=0
2024-05-08T23:39:41.320 INFO:teuthology.orchestra.run.smithi012.stdout:/usr/bin/ceph: stderr
2024-05-08T23:39:38.432+0000 7effe2f54700 1 -- 172.21.15.12:0/844933134 --> [v2:172.21.15.12:3300/0,v1:172.21.15.12:6789/0] -- mon_command({"prefix": "get_command_descriptions"} v 0) v1 -- 0x7effdc18fd10 con 0x7effdc105680
2024-05-08T23:39:41.320 INFO:teuthology.orchestra.run.smithi012.stdout:/usr/bin/ceph: stderr
2024-05-08T23:39:38.432+0000 7effd3fff700 1 --2- 172.21.15.12:0/844933134 >> [v2:172.21.15.12:6800/31089560,v1:172.21.15.12:6801/31089560] conn(0x7effc4038750 0x7effc403ac10 secure :-1 s=READY pgs=11 cs=0 l=1 rev1=1 crypto rx=0x7effcc006fd0 tx=0x7effcc006e40 comp rx=0 tx=0).ready entity=mgr.14120 client_cookie=0 server_cookie=0 in_seq=0 out_seq=0
2024-05-08T23:39:41.320 INFO:teuthology.orchestra.run.smithi012.stdout:/usr/bin/ceph: stderr
2024-05-08T23:39:38.437+0000 7effd1ffb700 1 -- 172.21.15.12:0/844933134 <== mon.0 v2:172.21.15.12:3300/0 6 ==== mon_command_ack([{"prefix": "get_command_descriptions"}]=0 v0) v1 ==== 72+0+183622 (secure 0 0 0) 0x7effd802d6f0 con 0x7effdc105680
2024-05-08T23:39:41.320 INFO:teuthology.orchestra.run.smithi012.stdout:/usr/bin/ceph: stderr
2024-05-08T23:39:38.653+0000 7effe2f54700 1 -- 172.21.15.12:0/844933134 --> [v2:172.21.15.12:6800/31089560,v1:172.21.15.12:6801/31089560] -- mgr_command(tid 0: {"prefix": "orch host add", "hostname": "smithi012", "addr": "172.21.15.12", "target": ["mon-mgr", ""]}) v1 -- 0x7effdc1941b0 con 0x7effc4038750
2024-05-08T23:39:41.320 INFO:teuthology.orchestra.run.smithi012.stdout:/usr/bin/ceph: stderr
2024-05-08T23:39:41.012+0000 7effd1ffb700 1 -- 172.21.15.12:0/844933134 <== mgr.14120 v2:172.21.15.12:6800/31089560 1 ==== mgr_command_reply(tid 0: 0 ) v1 ==== 8+0+48 (secure 0 0 0) 0x7effdc1941b0 con 0x7effc4038750
2024-05-08T23:39:41.320 INFO:teuthology.orchestra.run.smithi012.stdout:/usr/bin/ceph: stderr
2024-05-08T23:39:41.015+0000 7effe2f54700 1 -- 172.21.15.12:0/844933134 >> [v2:172.21.15.12:6800/31089560,v1:172.21.15.12:6801/31089560] conn(0x7effc4038750 msgr2=0x7effc403ac10 secure :-1 s=STATE_CONNECTION_ESTABLISHED l=1).mark_down
2024-05-08T23:39:41.320 INFO:teuthology.orchestra.run.smithi012.stdout:/usr/bin/ceph: stderr
2024-05-08T23:39:41.015+0000 7effe2f54700 1 --2- 172.21.15.12:0/844933134 >> [v2:172.21.15.12:6800/31089560,v1:172.21.15.12:6801/31089560] conn(0x7effc4038750 0x7effc403ac10 secure :-1 s=READY pgs=11 cs=0 l=1 rev1=1 crypto rx=0x7effcc006fd0 tx=0x7effcc006e40 comp rx=0 tx=0).stop
2024-05-08T23:39:41.320 INFO:teuthology.orchestra.run.smithi012.stdout:/usr/bin/ceph: stderr
2024-05-08T23:39:41.015+0000 7effe2f54700 1 -- 172.21.15.12:0/844933134 >> [v2:172.21.15.12:3300/0,v1:172.21.15.12:6789/0] conn(0x7effdc105680 msgr2=0x7effdc1906e0 secure :-1 s=STATE_CONNECTION_ESTABLISHED l=1).mark_down
2024-05-08T23:39:41.320 INFO:teuthology.orchestra.run.smithi012.stdout:/usr/bin/ceph: stderr
2024-05-08T23:39:41.015+0000 7effe2f54700 1 --2- 172.21.15.12:0/844933134 >> [v2:172.21.15.12:3300/0,v1:172.21.15.12:6789/0] conn(0x7effdc105680 0x7effdc1906e0 secure :-1 s=READY pgs=46 cs=0 l=1 rev1=1 crypto rx=0x7effd8009130 tx=0x7effd8011ad0 comp rx=0 tx=0).stop
2024-05-08T23:39:41.320 INFO:teuthology.orchestra.run.smithi012.stdout:/usr/bin/ceph: stderr
2024-05-08T23:39:41.015+0000 7effe2f54700 1 -- 172.21.15.12:0/844933134 shutdown_connections
2024-05-08T23:39:41.320 INFO:teuthology.orchestra.run.smithi012.stdout:/usr/bin/ceph: stderr
2024-05-08T23:39:41.015+0000 7effe2f54700 1 --2- 172.21.15.12:0/844933134 >> [v2:172.21.15.12:6800/31089560,v1:172.21.15.12:6801/31089560] conn(0x7effc4038750 0x7effc403ac10 unknown :-1 s=CLOSED pgs=11 cs=0 l=1 rev1=1 crypto rx=0 tx=0 comp rx=0 tx=0).stop
2024-05-08T23:39:41.320 INFO:teuthology.orchestra.run.smithi012.stdout:/usr/bin/ceph: stderr
2024-05-08T23:39:41.015+0000 7effe2f54700 1 --2- 172.21.15.12:0/844933134 >> [v2:172.21.15.12:3300/0,v1:172.21.15.12:6789/0] conn(0x7effdc105680 0x7effdc1906e0 unknown :-1 s=CLOSED pgs=46 cs=0 l=1 rev1=1 crypto rx=0 tx=0 comp rx=0 tx=0).stop
2024-05-08T23:39:41.320 INFO:teuthology.orchestra.run.smithi012.stdout:/usr/bin/ceph: stderr
2024-05-08T23:39:41.015+0000 7effe2f54700 1 -- 172.21.15.12:0/844933134 >> 172.21.15.12:0/844933134 conn(0x7effdc100cc0 msgr2=0x7effdc101c10 unknown :-1 s=STATE_NONE l=0).mark_down
2024-05-08T23:39:41.320 INFO:teuthology.orchestra.run.smithi012.stdout:/usr/bin/ceph: stderr
2024-05-08T23:39:41.015+0000 7effe2f54700 1 -- 172.21.15.12:0/844933134 shutdown_connections
2024-05-08T23:39:41.321 INFO:teuthology.orchestra.run.smithi012.stdout:/usr/bin/ceph: stderr
2024-05-08T23:39:41.015+0000 7effe2f54700 1 -- 172.21.15.12:0/844933134 wait complete.
2024-05-08T23:39:41.321 INFO:teuthology.orchestra.run.smithi012.stdout:Deploying unmanaged mon service...
2024-05-08T23:39:42.114 INFO:journalctl@ceph.mon.a.smithi012.stdout:May 08 23:39:42 smithi012 ceph-mon[42503]: from='mgr.14120 172.21.15.12:0/3326786642' entity='mgr.x'
2024-05-08T23:39:42.114 INFO:journalctl@ceph.mon.a.smithi012.stdout:May 08 23:39:42 smithi012 ceph-mon[42503]: Added host smithi012
2024-05-08T23:39:42.114 INFO:journalctl@ceph.mon.a.smithi012.stdout:May 08 23:39:42 smithi012 ceph-mon[42503]: from='mgr.14120 172.21.15.12:0/3326786642' entity='mgr.x' cmd=[{"prefix": "config dump", "format": "json"}]: dispatch
2024-05-08T23:39:42.114 INFO:journalctl@ceph.mon.a.smithi012.stdout:May 08 23:39:42 smithi012 ceph-mon[42503]: from='mgr.14120 172.21.15.12:0/3326786642' entity='mgr.x'
2024-05-08T23:39:42.451 INFO:teuthology.orchestra.run.smithi012.stdout:/usr/bin/ceph: stdout Scheduled mon update...
2024-05-08T23:39:42.451 INFO:teuthology.orchestra.run.smithi012.stdout:/usr/bin/ceph: stderr
2024-05-08T23:39:41.681+0000 7fdd61ca7700 1 Processor -- start
2024-05-08T23:39:42.451 INFO:teuthology.orchestra.run.smithi012.stdout:/usr/bin/ceph: stderr
2024-05-08T23:39:41.681+0000 7fdd61ca7700 1 -- start start
2024-05-08T23:39:42.452 INFO:teuthology.orchestra.run.smithi012.stdout:/usr/bin/ceph: stderr
2024-05-08T23:39:41.681+0000 7fdd61ca7700 1 --2- >> [v2:172.21.15.12:3300/0,v1:172.21.15.12:6789/0] conn(0x7fdd5c107e50 0x7fdd5c108270 unknown :-1 s=NONE pgs=0 cs=0 l=0 rev1=0 crypto rx=0 tx=0 comp rx=0 tx=0).connect
2024-05-08T23:39:42.452 INFO:teuthology.orchestra.run.smithi012.stdout:/usr/bin/ceph: stderr
2024-05-08T23:39:41.681+0000 7fdd61ca7700 1 -- --> [v2:172.21.15.12:3300/0,v1:172.21.15.12:6789/0] -- mon_getmap magic: 0 v1 -- 0x7fdd5c108840 con 0x7fdd5c107e50
2024-05-08T23:39:42.452 INFO:teuthology.orchestra.run.smithi012.stdout:/usr/bin/ceph: stderr
2024-05-08T23:39:41.682+0000 7fdd5b7fe700 1 --2- >> [v2:172.21.15.12:3300/0,v1:172.21.15.12:6789/0] conn(0x7fdd5c107e50 0x7fdd5c108270 unknown :-1 s=BANNER_CONNECTING pgs=0 cs=0 l=0 rev1=0 crypto rx=0 tx=0 comp rx=0 tx=0)._handle_peer_banner_payload supported=3 required=0
2024-05-08T23:39:42.452 INFO:teuthology.orchestra.run.smithi012.stdout:/usr/bin/ceph: stderr
2024-05-08T23:39:41.682+0000 7fdd5b7fe700 1 --2- >> [v2:172.21.15.12:3300/0,v1:172.21.15.12:6789/0] conn(0x7fdd5c107e50 0x7fdd5c108270 unknown :-1 s=HELLO_CONNECTING pgs=0 cs=0 l=0 rev1=1 crypto rx=0 tx=0 comp rx=0 tx=0).handle_hello peer v2:172.21.15.12:3300/0 says I am v2:172.21.15.12:33688/0 (socket says 172.21.15.12:33688)
2024-05-08T23:39:42.452 INFO:teuthology.orchestra.run.smithi012.stdout:/usr/bin/ceph: stderr
2024-05-08T23:39:41.682+0000 7fdd5b7fe700 1 -- 172.21.15.12:0/1592034597 learned_addr learned my addr 172.21.15.12:0/1592034597 (peer_addr_for_me v2:172.21.15.12:0/0)
2024-05-08T23:39:42.452 INFO:teuthology.orchestra.run.smithi012.stdout:/usr/bin/ceph: stderr
2024-05-08T23:39:41.682+0000 7fdd5b7fe700 1 -- 172.21.15.12:0/1592034597 --> [v2:172.21.15.12:3300/0,v1:172.21.15.12:6789/0] -- mon_subscribe({config=0+,monmap=0+}) v3 -- 0x7fdd5c1063e0 con 0x7fdd5c107e50
2024-05-08T23:39:42.452 INFO:teuthology.orchestra.run.smithi012.stdout:/usr/bin/ceph: stderr
2024-05-08T23:39:41.682+0000 7fdd5b7fe700 1 --2- 172.21.15.12:0/1592034597 >> [v2:172.21.15.12:3300/0,v1:172.21.15.12:6789/0] conn(0x7fdd5c107e50 0x7fdd5c108270 secure :-1 s=READY pgs=47 cs=0 l=1 rev1=1 crypto rx=0x7fdd4c0098a0 tx=0x7fdd4c009bb0 comp rx=0 tx=0).ready entity=mon.0 client_cookie=9729284bc186f091 server_cookie=0 in_seq=0 out_seq=0
2024-05-08T23:39:42.452 INFO:teuthology.orchestra.run.smithi012.stdout:/usr/bin/ceph: stderr
2024-05-08T23:39:41.682+0000 7fdd5a7fc700 1 -- 172.21.15.12:0/1592034597 <== mon.0 v2:172.21.15.12:3300/0 1 ==== mon_map magic: 0 v1 ==== 205+0+0 (secure 0 0 0) 0x7fdd4c004160 con 0x7fdd5c107e50
2024-05-08T23:39:42.452 INFO:teuthology.orchestra.run.smithi012.stdout:/usr/bin/ceph: stderr
2024-05-08T23:39:41.683+0000 7fdd5a7fc700 1 -- 172.21.15.12:0/1592034597 <== mon.0 v2:172.21.15.12:3300/0 2 ==== config(26 keys) v1 ==== 1074+0+0 (secure 0 0 0) 0x7fdd4c0042c0 con 0x7fdd5c107e50
2024-05-08T23:39:42.452 INFO:teuthology.orchestra.run.smithi012.stdout:/usr/bin/ceph: stderr
2024-05-08T23:39:41.683+0000 7fdd5a7fc700 1 -- 172.21.15.12:0/1592034597 <== mon.0 v2:172.21.15.12:3300/0 3 ==== mon_map magic: 0 v1 ==== 205+0+0 (secure 0 0 0) 0x7fdd4c011a00 con 0x7fdd5c107e50
2024-05-08T23:39:42.452 INFO:teuthology.orchestra.run.smithi012.stdout:/usr/bin/ceph: stderr
2024-05-08T23:39:41.683+0000 7fdd61ca7700 1 -- 172.21.15.12:0/1592034597 >> [v2:172.21.15.12:3300/0,v1:172.21.15.12:6789/0] conn(0x7fdd5c107e50 msgr2=0x7fdd5c108270 secure :-1 s=STATE_CONNECTION_ESTABLISHED l=1).mark_down
2024-05-08T23:39:42.452 INFO:teuthology.orchestra.run.smithi012.stdout:/usr/bin/ceph: stderr
2024-05-08T23:39:41.683+0000 7fdd61ca7700 1 --2- 172.21.15.12:0/1592034597 >> [v2:172.21.15.12:3300/0,v1:172.21.15.12:6789/0] conn(0x7fdd5c107e50 0x7fdd5c108270 secure :-1 s=READY pgs=47 cs=0 l=1 rev1=1 crypto rx=0x7fdd4c0098a0 tx=0x7fdd4c009bb0 comp rx=0 tx=0).stop
2024-05-08T23:39:42.453 INFO:teuthology.orchestra.run.smithi012.stdout:/usr/bin/ceph: stderr
2024-05-08T23:39:41.683+0000 7fdd61ca7700 1 -- 172.21.15.12:0/1592034597 shutdown_connections
2024-05-08T23:39:42.453 INFO:teuthology.orchestra.run.smithi012.stdout:/usr/bin/ceph: stderr
2024-05-08T23:39:41.683+0000 7fdd61ca7700 1 --2- 172.21.15.12:0/1592034597 >> [v2:172.21.15.12:3300/0,v1:172.21.15.12:6789/0] conn(0x7fdd5c107e50 0x7fdd5c108270 unknown :-1 s=CLOSED pgs=47 cs=0 l=1 rev1=1 crypto rx=0 tx=0 comp rx=0 tx=0).stop
2024-05-08T23:39:42.453 INFO:teuthology.orchestra.run.smithi012.stdout:/usr/bin/ceph: stderr
2024-05-08T23:39:41.683+0000 7fdd61ca7700 1 -- 172.21.15.12:0/1592034597 >> 172.21.15.12:0/1592034597 conn(0x7fdd5c101d40 msgr2=0x7fdd5c1041a0 unknown :-1 s=STATE_NONE l=0).mark_down
2024-05-08T23:39:42.453 INFO:teuthology.orchestra.run.smithi012.stdout:/usr/bin/ceph: stderr
2024-05-08T23:39:41.683+0000 7fdd61ca7700 1 -- 172.21.15.12:0/1592034597 shutdown_connections
2024-05-08T23:39:42.453 INFO:teuthology.orchestra.run.smithi012.stdout:/usr/bin/ceph: stderr
2024-05-08T23:39:41.683+0000 7fdd61ca7700 1 -- 172.21.15.12:0/1592034597 wait complete.
2024-05-08T23:39:42.453 INFO:teuthology.orchestra.run.smithi012.stdout:/usr/bin/ceph: stderr
2024-05-08T23:39:41.684+0000 7fdd61ca7700 1 Processor -- start
2024-05-08T23:39:42.453 INFO:teuthology.orchestra.run.smithi012.stdout:/usr/bin/ceph: stderr
2024-05-08T23:39:41.684+0000 7fdd61ca7700 1 -- start start
2024-05-08T23:39:42.453 INFO:teuthology.orchestra.run.smithi012.stdout:/usr/bin/ceph: stderr
2024-05-08T23:39:41.685+0000 7fdd61ca7700 1 --2- >> [v2:172.21.15.12:3300/0,v1:172.21.15.12:6789/0] conn(0x7fdd5c107e50 0x7fdd5c19a610 unknown :-1 s=NONE pgs=0 cs=0 l=1 rev1=0 crypto rx=0 tx=0 comp rx=0 tx=0).connect
2024-05-08T23:39:42.453 INFO:teuthology.orchestra.run.smithi012.stdout:/usr/bin/ceph: stderr
2024-05-08T23:39:41.685+0000 7fdd61ca7700 1 -- --> [v2:172.21.15.12:3300/0,v1:172.21.15.12:6789/0] -- mon_getmap magic: 0 v1 -- 0x7fdd5c19ab50 con 0x7fdd5c107e50
2024-05-08T23:39:42.453 INFO:teuthology.orchestra.run.smithi012.stdout:/usr/bin/ceph: stderr
2024-05-08T23:39:41.685+0000 7fdd5b7fe700 1 --2- >> [v2:172.21.15.12:3300/0,v1:172.21.15.12:6789/0] conn(0x7fdd5c107e50 0x7fdd5c19a610 unknown :-1 s=BANNER_CONNECTING pgs=0 cs=0 l=1 rev1=0 crypto rx=0 tx=0 comp rx=0 tx=0)._handle_peer_banner_payload supported=3 required=0
2024-05-08T23:39:42.453 INFO:teuthology.orchestra.run.smithi012.stdout:/usr/bin/ceph: stderr
2024-05-08T23:39:41.685+0000 7fdd5b7fe700 1 --2- >> [v2:172.21.15.12:3300/0,v1:172.21.15.12:6789/0] conn(0x7fdd5c107e50 0x7fdd5c19a610 unknown :-1 s=HELLO_CONNECTING pgs=0 cs=0 l=1 rev1=1 crypto rx=0 tx=0 comp rx=0 tx=0).handle_hello peer v2:172.21.15.12:3300/0 says I am v2:172.21.15.12:33702/0 (socket says 172.21.15.12:33702)
2024-05-08T23:39:42.453 INFO:teuthology.orchestra.run.smithi012.stdout:/usr/bin/ceph: stderr
2024-05-08T23:39:41.685+0000 7fdd5b7fe700 1 -- 172.21.15.12:0/1957823750 learned_addr learned my addr 172.21.15.12:0/1957823750 (peer_addr_for_me v2:172.21.15.12:0/0)
2024-05-08T23:39:42.453 INFO:teuthology.orchestra.run.smithi012.stdout:/usr/bin/ceph: stderr
2024-05-08T23:39:41.685+0000 7fdd5b7fe700 1 -- 172.21.15.12:0/1957823750 --> [v2:172.21.15.12:3300/0,v1:172.21.15.12:6789/0] -- mon_subscribe({config=0+,monmap=0+}) v3 -- 0x7fdd4c009550 con 0x7fdd5c107e50
2024-05-08T23:39:42.454 INFO:teuthology.orchestra.run.smithi012.stdout:/usr/bin/ceph: stderr
2024-05-08T23:39:41.685+0000 7fdd5b7fe700 1 --2- 172.21.15.12:0/1957823750 >> [v2:172.21.15.12:3300/0,v1:172.21.15.12:6789/0] conn(0x7fdd5c107e50 0x7fdd5c19a610 secure :-1 s=READY pgs=48 cs=0 l=1 rev1=1 crypto rx=0x7fdd4c009fb0 tx=0x7fdd4c011ad0 comp rx=0 tx=0).ready entity=mon.0 client_cookie=0 server_cookie=0 in_seq=0 out_seq=0
2024-05-08T23:39:42.454 INFO:teuthology.orchestra.run.smithi012.stdout:/usr/bin/ceph: stderr
2024-05-08T23:39:41.686+0000 7fdd58ff9700 1 -- 172.21.15.12:0/1957823750 <== mon.0 v2:172.21.15.12:3300/0 1 ==== mon_map magic: 0 v1 ==== 205+0+0 (secure 0 0 0) 0x7fdd4c003a40 con 0x7fdd5c107e50
2024-05-08T23:39:42.454 INFO:teuthology.orchestra.run.smithi012.stdout:/usr/bin/ceph: stderr
2024-05-08T23:39:41.686+0000 7fdd58ff9700 1 -- 172.21.15.12:0/1957823750 <== mon.0 v2:172.21.15.12:3300/0 2 ==== config(26 keys) v1 ==== 1074+0+0 (secure 0 0 0) 0x7fdd4c003ba0 con 0x7fdd5c107e50
2024-05-08T23:39:42.454 INFO:teuthology.orchestra.run.smithi012.stdout:/usr/bin/ceph: stderr
2024-05-08T23:39:41.686+0000 7fdd58ff9700 1 -- 172.21.15.12:0/1957823750 <== mon.0 v2:172.21.15.12:3300/0 3 ==== mon_map magic: 0 v1 ==== 205+0+0 (secure 0 0 0) 0x7fdd4c01a750 con 0x7fdd5c107e50
2024-05-08T23:39:42.454 INFO:teuthology.orchestra.run.smithi012.stdout:/usr/bin/ceph: stderr
2024-05-08T23:39:41.686+0000 7fdd61ca7700 1 -- 172.21.15.12:0/1957823750 --> [v2:172.21.15.12:3300/0,v1:172.21.15.12:6789/0] -- mon_subscribe({mgrmap=0+}) v3 -- 0x7fdd5c19ad50 con 0x7fdd5c107e50
2024-05-08T23:39:42.454 INFO:teuthology.orchestra.run.smithi012.stdout:/usr/bin/ceph: stderr
2024-05-08T23:39:41.686+0000 7fdd61ca7700 1 -- 172.21.15.12:0/1957823750 --> [v2:172.21.15.12:3300/0,v1:172.21.15.12:6789/0] -- mon_subscribe({osdmap=0}) v3 -- 0x7fdd5c19b1f0 con 0x7fdd5c107e50
2024-05-08T23:39:42.454 INFO:teuthology.orchestra.run.smithi012.stdout:/usr/bin/ceph: stderr
2024-05-08T23:39:41.688+0000 7fdd61ca7700 1 -- 172.21.15.12:0/1957823750 --> [v2:172.21.15.12:3300/0,v1:172.21.15.12:6789/0] -- mon_command({"prefix": "get_command_descriptions"} v 0) v1 -- 0x7fdd5c0625d0 con 0x7fdd5c107e50
2024-05-08T23:39:42.454 INFO:teuthology.orchestra.run.smithi012.stdout:/usr/bin/ceph: stderr
2024-05-08T23:39:41.688+0000 7fdd58ff9700 1 -- 172.21.15.12:0/1957823750 <== mon.0 v2:172.21.15.12:3300/0 4 ==== mgrmap(e 8) v1 ==== 45541+0+0 (secure 0 0 0) 0x7fdd4c024b60 con 0x7fdd5c107e50
2024-05-08T23:39:42.454 INFO:teuthology.orchestra.run.smithi012.stdout:/usr/bin/ceph: stderr
2024-05-08T23:39:41.689+0000 7fdd58ff9700 1 --2- 172.21.15.12:0/1957823750 >> [v2:172.21.15.12:6800/31089560,v1:172.21.15.12:6801/31089560] conn(0x7fdd48038700 0x7fdd4803abc0 unknown :-1 s=NONE pgs=0 cs=0 l=1 rev1=0 crypto rx=0 tx=0 comp rx=0 tx=0).connect
2024-05-08T23:39:42.454 INFO:teuthology.orchestra.run.smithi012.stdout:/usr/bin/ceph: stderr
2024-05-08T23:39:41.689+0000 7fdd58ff9700 1 -- 172.21.15.12:0/1957823750 <== mon.0 v2:172.21.15.12:3300/0 5 ==== osd_map(2..2 src has 1..2) v4 ==== 940+0+0 (secure 0 0 0) 0x7fdd4c04cb70 con 0x7fdd5c107e50
2024-05-08T23:39:42.454 INFO:teuthology.orchestra.run.smithi012.stdout:/usr/bin/ceph: stderr
2024-05-08T23:39:41.689+0000 7fdd5affd700 1 --2- 172.21.15.12:0/1957823750 >> [v2:172.21.15.12:6800/31089560,v1:172.21.15.12:6801/31089560] conn(0x7fdd48038700 0x7fdd4803abc0 unknown :-1 s=BANNER_CONNECTING pgs=0 cs=0 l=1 rev1=0 crypto rx=0 tx=0 comp rx=0 tx=0)._handle_peer_banner_payload supported=3 required=0
2024-05-08T23:39:42.454 INFO:teuthology.orchestra.run.smithi012.stdout:/usr/bin/ceph: stderr
2024-05-08T23:39:41.689+0000 7fdd5affd700 1 --2- 172.21.15.12:0/1957823750 >> [v2:172.21.15.12:6800/31089560,v1:172.21.15.12:6801/31089560] conn(0x7fdd48038700 0x7fdd4803abc0 secure :-1 s=READY pgs=12 cs=0 l=1 rev1=1 crypto rx=0x7fdd44006fd0 tx=0x7fdd44006e40 comp rx=0 tx=0).ready entity=mgr.14120 client_cookie=0 server_cookie=0 in_seq=0 out_seq=0
2024-05-08T23:39:42.454 INFO:teuthology.orchestra.run.smithi012.stdout:/usr/bin/ceph: stderr
2024-05-08T23:39:41.694+0000 7fdd58ff9700 1 -- 172.21.15.12:0/1957823750 <== mon.0 v2:172.21.15.12:3300/0 6 ==== mon_command_ack([{"prefix": "get_command_descriptions"}]=0 v0) v1 ==== 72+0+183622 (secure 0 0 0) 0x7fdd4c02c7a0 con 0x7fdd5c107e50
2024-05-08T23:39:42.455 INFO:teuthology.orchestra.run.smithi012.stdout:/usr/bin/ceph: stderr
2024-05-08T23:39:41.925+0000 7fdd61ca7700 1 -- 172.21.15.12:0/1957823750 --> [v2:172.21.15.12:6800/31089560,v1:172.21.15.12:6801/31089560] -- mgr_command(tid 0: {"prefix": "orch apply", "service_type": "mon", "unmanaged": true, "target": ["mon-mgr", ""]}) v1 -- 0x7fdd5c10ab70 con 0x7fdd48038700
2024-05-08T23:39:42.455 INFO:teuthology.orchestra.run.smithi012.stdout:/usr/bin/ceph: stderr
2024-05-08T23:39:41.930+0000 7fdd58ff9700 1 -- 172.21.15.12:0/1957823750 <== mgr.14120 v2:172.21.15.12:6800/31089560 1 ==== mgr_command_reply(tid 0: 0 ) v1 ==== 8+0+24 (secure 0 0 0) 0x7fdd5c10ab70 con 0x7fdd48038700
2024-05-08T23:39:42.455 INFO:teuthology.orchestra.run.smithi012.stdout:/usr/bin/ceph: stderr
2024-05-08T23:39:41.932+0000 7fdd61ca7700 1 -- 172.21.15.12:0/1957823750 >> [v2:172.21.15.12:6800/31089560,v1:172.21.15.12:6801/31089560] conn(0x7fdd48038700 msgr2=0x7fdd4803abc0 secure :-1 s=STATE_CONNECTION_ESTABLISHED l=1).mark_down
2024-05-08T23:39:42.455 INFO:teuthology.orchestra.run.smithi012.stdout:/usr/bin/ceph: stderr
2024-05-08T23:39:41.932+0000 7fdd61ca7700 1 --2- 172.21.15.12:0/1957823750 >> [v2:172.21.15.12:6800/31089560,v1:172.21.15.12:6801/31089560] conn(0x7fdd48038700 0x7fdd4803abc0 secure :-1 s=READY pgs=12 cs=0 l=1 rev1=1 crypto rx=0x7fdd44006fd0 tx=0x7fdd44006e40 comp rx=0 tx=0).stop
2024-05-08T23:39:42.455 INFO:teuthology.orchestra.run.smithi012.stdout:/usr/bin/ceph: stderr
2024-05-08T23:39:41.932+0000 7fdd61ca7700 1 -- 172.21.15.12:0/1957823750 >> [v2:172.21.15.12:3300/0,v1:172.21.15.12:6789/0] conn(0x7fdd5c107e50 msgr2=0x7fdd5c19a610 secure :-1 s=STATE_CONNECTION_ESTABLISHED l=1).mark_down
2024-05-08T23:39:42.455 INFO:teuthology.orchestra.run.smithi012.stdout:/usr/bin/ceph: stderr
2024-05-08T23:39:41.932+0000 7fdd61ca7700 1 --2- 172.21.15.12:0/1957823750 >> [v2:172.21.15.12:3300/0,v1:172.21.15.12:6789/0] conn(0x7fdd5c107e50 0x7fdd5c19a610 secure :-1 s=READY pgs=48 cs=0 l=1 rev1=1 crypto rx=0x7fdd4c009fb0 tx=0x7fdd4c011ad0 comp rx=0 tx=0).stop
2024-05-08T23:39:42.455 INFO:teuthology.orchestra.run.smithi012.stdout:/usr/bin/ceph: stderr
2024-05-08T23:39:41.932+0000 7fdd61ca7700 1 -- 172.21.15.12:0/1957823750 shutdown_connections
2024-05-08T23:39:42.455 INFO:teuthology.orchestra.run.smithi012.stdout:/usr/bin/ceph: stderr
2024-05-08T23:39:41.932+0000 7fdd61ca7700 1 --2- 172.21.15.12:0/1957823750 >> [v2:172.21.15.12:6800/31089560,v1:172.21.15.12:6801/31089560] conn(0x7fdd48038700 0x7fdd4803abc0 unknown :-1 s=CLOSED pgs=12 cs=0 l=1 rev1=1 crypto rx=0 tx=0 comp rx=0 tx=0).stop
2024-05-08T23:39:42.455 INFO:teuthology.orchestra.run.smithi012.stdout:/usr/bin/ceph: stderr
2024-05-08T23:39:41.932+0000 7fdd61ca7700 1 --2- 172.21.15.12:0/1957823750 >> [v2:172.21.15.12:3300/0,v1:172.21.15.12:6789/0] conn(0x7fdd5c107e50 0x7fdd5c19a610 unknown :-1 s=CLOSED pgs=48 cs=0 l=1 rev1=1 crypto rx=0 tx=0 comp rx=0 tx=0).stop
2024-05-08T23:39:42.455 INFO:teuthology.orchestra.run.smithi012.stdout:/usr/bin/ceph: stderr
2024-05-08T23:39:41.932+0000 7fdd61ca7700 1 -- 172.21.15.12:0/1957823750 >> 172.21.15.12:0/1957823750 conn(0x7fdd5c101d40 msgr2=0x7fdd5c102930 unknown :-1 s=STATE_NONE l=0).mark_down
2024-05-08T23:39:42.455 INFO:teuthology.orchestra.run.smithi012.stdout:/usr/bin/ceph: stderr
2024-05-08T23:39:41.933+0000 7fdd61ca7700 1 -- 172.21.15.12:0/1957823750 shutdown_connections
2024-05-08T23:39:42.455 INFO:teuthology.orchestra.run.smithi012.stdout:/usr/bin/ceph: stderr
2024-05-08T23:39:41.933+0000 7fdd61ca7700 1 -- 172.21.15.12:0/1957823750 wait complete.
2024-05-08T23:39:42.455 INFO:teuthology.orchestra.run.smithi012.stdout:Deploying unmanaged mgr service...
2024-05-08T23:39:43.381 INFO:journalctl@ceph.mon.a.smithi012.stdout:May 08 23:39:43 smithi012 ceph-mon[42503]: from='client.14142 -' entity='client.admin' cmd=[{"prefix": "orch apply", "service_type": "mon", "unmanaged": true, "target": ["mon-mgr", ""]}]: dispatch
2024-05-08T23:39:43.381 INFO:journalctl@ceph.mon.a.smithi012.stdout:May 08 23:39:43 smithi012 ceph-mon[42503]: Saving service mon spec with placement count:5
2024-05-08T23:39:43.381 INFO:journalctl@ceph.mon.a.smithi012.stdout:May 08 23:39:43 smithi012 ceph-mon[42503]: from='mgr.14120 172.21.15.12:0/3326786642' entity='mgr.x'
2024-05-08T23:39:43.381 INFO:journalctl@ceph.mon.a.smithi012.stdout:May 08 23:39:43 smithi012 ceph-mon[42503]: from='mgr.14120 172.21.15.12:0/3326786642' entity='mgr.x'
2024-05-08T23:39:43.381 INFO:journalctl@ceph.mon.a.smithi012.stdout:May 08 23:39:43 smithi012 ceph-mon[42503]: from='mgr.14120 172.21.15.12:0/3326786642' entity='mgr.x'
2024-05-08T23:39:43.684 INFO:teuthology.orchestra.run.smithi012.stdout:/usr/bin/ceph: stdout Scheduled mgr update...
2024-05-08T23:39:43.685 INFO:teuthology.orchestra.run.smithi012.stdout:/usr/bin/ceph: stderr
2024-05-08T23:39:42.828+0000 7fb6b855f700 1 Processor -- start
2024-05-08T23:39:43.685 INFO:teuthology.orchestra.run.smithi012.stdout:/usr/bin/ceph: stderr
2024-05-08T23:39:42.828+0000 7fb6b855f700 1 -- start start
2024-05-08T23:39:43.685 INFO:teuthology.orchestra.run.smithi012.stdout:/usr/bin/ceph: stderr
2024-05-08T23:39:42.829+0000 7fb6b855f700 1 --2- >> [v2:172.21.15.12:3300/0,v1:172.21.15.12:6789/0] conn(0x7fb6b01056f0 0x7fb6b0105b10 unknown :-1 s=NONE pgs=0 cs=0 l=0 rev1=0 crypto rx=0 tx=0 comp rx=0 tx=0).connect
2024-05-08T23:39:43.685 INFO:teuthology.orchestra.run.smithi012.stdout:/usr/bin/ceph: stderr
2024-05-08T23:39:42.829+0000 7fb6b855f700 1 -- --> [v2:172.21.15.12:3300/0,v1:172.21.15.12:6789/0] -- mon_getmap magic: 0 v1 -- 0x7fb6b01060e0 con 0x7fb6b01056f0
2024-05-08T23:39:43.685 INFO:teuthology.orchestra.run.smithi012.stdout:/usr/bin/ceph: stderr
2024-05-08T23:39:42.829+0000 7fb6b62fb700 1 --2- >> [v2:172.21.15.12:3300/0,v1:172.21.15.12:6789/0] conn(0x7fb6b01056f0 0x7fb6b0105b10 unknown :-1 s=BANNER_CONNECTING pgs=0 cs=0 l=0 rev1=0 crypto rx=0 tx=0 comp rx=0 tx=0)._handle_peer_banner_payload supported=3 required=0
2024-05-08T23:39:43.685 INFO:teuthology.orchestra.run.smithi012.stdout:/usr/bin/ceph: stderr
2024-05-08T23:39:42.829+0000 7fb6b62fb700 1 --2- >> [v2:172.21.15.12:3300/0,v1:172.21.15.12:6789/0] conn(0x7fb6b01056f0 0x7fb6b0105b10 unknown :-1 s=HELLO_CONNECTING pgs=0 cs=0 l=0 rev1=1 crypto rx=0 tx=0 comp rx=0 tx=0).handle_hello peer v2:172.21.15.12:3300/0 says I am v2:172.21.15.12:33714/0 (socket says 172.21.15.12:33714)
2024-05-08T23:39:43.685 INFO:teuthology.orchestra.run.smithi012.stdout:/usr/bin/ceph: stderr
2024-05-08T23:39:42.829+0000 7fb6b62fb700 1 -- 172.21.15.12:0/1100163133 learned_addr learned my addr 172.21.15.12:0/1100163133 (peer_addr_for_me v2:172.21.15.12:0/0)
2024-05-08T23:39:43.685 INFO:teuthology.orchestra.run.smithi012.stdout:/usr/bin/ceph: stderr
2024-05-08T23:39:42.829+0000 7fb6b62fb700 1 -- 172.21.15.12:0/1100163133 --> [v2:172.21.15.12:3300/0,v1:172.21.15.12:6789/0] -- mon_subscribe({config=0+,monmap=0+}) v3 -- 0x7fb6b01068f0 con 0x7fb6b01056f0
2024-05-08T23:39:43.685 INFO:teuthology.orchestra.run.smithi012.stdout:/usr/bin/ceph: stderr
2024-05-08T23:39:42.829+0000 7fb6b62fb700 1 --2- 172.21.15.12:0/1100163133 >> [v2:172.21.15.12:3300/0,v1:172.21.15.12:6789/0] conn(0x7fb6b01056f0 0x7fb6b0105b10 secure :-1 s=READY pgs=49 cs=0 l=1 rev1=1 crypto rx=0x7fb6ac00bb40 tx=0x7fb6ac00be50 comp rx=0 tx=0).ready entity=mon.0 client_cookie=cae82a0ef4a535f5 server_cookie=0 in_seq=0 out_seq=0
2024-05-08T23:39:43.685 INFO:teuthology.orchestra.run.smithi012.stdout:/usr/bin/ceph: stderr
2024-05-08T23:39:42.829+0000 7fb6b52f9700 1 -- 172.21.15.12:0/1100163133 <== mon.0 v2:172.21.15.12:3300/0 1 ==== mon_map magic: 0 v1 ==== 205+0+0 (secure 0 0 0) 0x7fb6ac00dbe0 con 0x7fb6b01056f0
2024-05-08T23:39:43.686 INFO:teuthology.orchestra.run.smithi012.stdout:/usr/bin/ceph: stderr
2024-05-08T23:39:42.830+0000 7fb6b52f9700 1 -- 172.21.15.12:0/1100163133 <== mon.0 v2:172.21.15.12:3300/0 2 ==== config(26 keys) v1 ==== 1105+0+0 (secure 0 0 0) 0x7fb6ac0044f0 con 0x7fb6b01056f0
2024-05-08T23:39:43.686 INFO:teuthology.orchestra.run.smithi012.stdout:/usr/bin/ceph: stderr
2024-05-08T23:39:42.830+0000 7fb6b52f9700 1 -- 172.21.15.12:0/1100163133 <== mon.0 v2:172.21.15.12:3300/0 3 ==== mon_map magic: 0 v1 ==== 205+0+0 (secure 0 0 0) 0x7fb6ac003e60 con 0x7fb6b01056f0
2024-05-08T23:39:43.686 INFO:teuthology.orchestra.run.smithi012.stdout:/usr/bin/ceph: stderr
2024-05-08T23:39:42.830+0000 7fb6b855f700 1 -- 172.21.15.12:0/1100163133 >> [v2:172.21.15.12:3300/0,v1:172.21.15.12:6789/0] conn(0x7fb6b01056f0 msgr2=0x7fb6b0105b10 secure :-1 s=STATE_CONNECTION_ESTABLISHED l=1).mark_down
2024-05-08T23:39:43.686 INFO:teuthology.orchestra.run.smithi012.stdout:/usr/bin/ceph: stderr
2024-05-08T23:39:42.830+0000 7fb6b855f700 1 --2- 172.21.15.12:0/1100163133 >> [v2:172.21.15.12:3300/0,v1:172.21.15.12:6789/0] conn(0x7fb6b01056f0 0x7fb6b0105b10 secure :-1 s=READY pgs=49 cs=0 l=1 rev1=1 crypto rx=0x7fb6ac00bb40 tx=0x7fb6ac00be50 comp rx=0 tx=0).stop
2024-05-08T23:39:43.686 INFO:teuthology.orchestra.run.smithi012.stdout:/usr/bin/ceph: stderr
2024-05-08T23:39:42.830+0000 7fb6b855f700 1 -- 172.21.15.12:0/1100163133 shutdown_connections
2024-05-08T23:39:43.686 INFO:teuthology.orchestra.run.smithi012.stdout:/usr/bin/ceph: stderr
2024-05-08T23:39:42.830+0000 7fb6b855f700 1 --2- 172.21.15.12:0/1100163133 >> [v2:172.21.15.12:3300/0,v1:172.21.15.12:6789/0] conn(0x7fb6b01056f0 0x7fb6b0105b10 unknown :-1 s=CLOSED pgs=49 cs=0 l=1 rev1=1 crypto rx=0 tx=0 comp rx=0 tx=0).stop
2024-05-08T23:39:43.686 INFO:teuthology.orchestra.run.smithi012.stdout:/usr/bin/ceph: stderr
2024-05-08T23:39:42.830+0000 7fb6b855f700 1 -- 172.21.15.12:0/1100163133 >> 172.21.15.12:0/1100163133 conn(0x7fb6b0100c90 msgr2=0x7fb6b01030d0 unknown :-1 s=STATE_NONE l=0).mark_down
2024-05-08T23:39:43.686 INFO:teuthology.orchestra.run.smithi012.stdout:/usr/bin/ceph: stderr
