2024-05-08T23:58:30.311+0000 7f1edb7fe700 1 -- 172.21.15.26:0/1322941938 --> [v2:172.21.15.26:3300/0,v1:172.21.15.26:6789/0] -- mon_subscribe({config=0+,monmap=0+}) v3 -- 0x7f1edc100260 con 0x7f1edc071c60
2024-05-08T23:58:30.672 INFO:teuthology.orchestra.run.smithi026.stderr:/usr/bin/ceph:
2024-05-08T23:58:30.311+0000 7f1edb7fe700 1 --2- 172.21.15.26:0/1322941938 >> [v2:172.21.15.26:3300/0,v1:172.21.15.26:6789/0] conn(0x7f1edc071c60 0x7f1edc0ffc30 secure :-1 s=READY pgs=43 cs=0 l=1 rev1=1 rx=0x7f1ed0009730 tx=0x7f1ed00090f0).ready entity=mon.0 client_cookie=2f86683a043082d0 server_cookie=0 in_seq=0 out_seq=0
2024-05-08T23:58:30.672 INFO:teuthology.orchestra.run.smithi026.stderr:/usr/bin/ceph:
2024-05-08T23:58:30.312+0000 7f1eda7fc700 1 -- 172.21.15.26:0/1322941938 <== mon.0 v2:172.21.15.26:3300/0 1 ==== mon_map magic: 0 v1 ==== 229+0+0 (secure 0 0 0) 0x7f1ed000b6e0 con 0x7f1edc071c60
2024-05-08T23:58:30.672 INFO:teuthology.orchestra.run.smithi026.stderr:/usr/bin/ceph:
2024-05-08T23:58:30.312+0000 7f1eda7fc700 1 -- 172.21.15.26:0/1322941938 <== mon.0 v2:172.21.15.26:3300/0 2 ==== config(25 keys) v1 ==== 982+0+0 (secure 0 0 0) 0x7f1ed000bc90 con 0x7f1edc071c60
2024-05-08T23:58:30.672 INFO:teuthology.orchestra.run.smithi026.stderr:/usr/bin/ceph:
2024-05-08T23:58:30.312+0000 7f1eda7fc700 1 -- 172.21.15.26:0/1322941938 <== mon.0 v2:172.21.15.26:3300/0 3 ==== mon_map magic: 0 v1 ==== 229+0+0 (secure 0 0 0) 0x7f1ed0011c70 con 0x7f1edc071c60
2024-05-08T23:58:30.672 INFO:teuthology.orchestra.run.smithi026.stderr:/usr/bin/ceph:
2024-05-08T23:58:30.312+0000 7f1ee1efa700 1 -- 172.21.15.26:0/1322941938 >> [v2:172.21.15.26:3300/0,v1:172.21.15.26:6789/0] conn(0x7f1edc071c60 msgr2=0x7f1edc0ffc30 secure :-1 s=STATE_CONNECTION_ESTABLISHED l=1).mark_down
2024-05-08T23:58:30.672 INFO:teuthology.orchestra.run.smithi026.stderr:/usr/bin/ceph:
2024-05-08T23:58:30.312+0000 7f1ee1efa700 1 --2- 172.21.15.26:0/1322941938 >> [v2:172.21.15.26:3300/0,v1:172.21.15.26:6789/0] conn(0x7f1edc071c60 0x7f1edc0ffc30 secure :-1 s=READY pgs=43 cs=0 l=1 rev1=1 rx=0x7f1ed0009730 tx=0x7f1ed00090f0).stop
2024-05-08T23:58:30.672 INFO:teuthology.orchestra.run.smithi026.stderr:/usr/bin/ceph:
2024-05-08T23:58:30.312+0000 7f1ee1efa700 1 -- 172.21.15.26:0/1322941938 shutdown_connections
2024-05-08T23:58:30.672 INFO:teuthology.orchestra.run.smithi026.stderr:/usr/bin/ceph:
2024-05-08T23:58:30.312+0000 7f1ee1efa700 1 --2- 172.21.15.26:0/1322941938 >> [v2:172.21.15.26:3300/0,v1:172.21.15.26:6789/0] conn(0x7f1edc071c60 0x7f1edc0ffc30 unknown :-1 s=CLOSED pgs=43 cs=0 l=1 rev1=1 rx=0 tx=0).stop
2024-05-08T23:58:30.672 INFO:teuthology.orchestra.run.smithi026.stderr:/usr/bin/ceph:
2024-05-08T23:58:30.312+0000 7f1ee1efa700 1 -- 172.21.15.26:0/1322941938 >> 172.21.15.26:0/1322941938 conn(0x7f1edc0f76f0 msgr2=0x7f1edc0f9b10 unknown :-1 s=STATE_NONE l=0).mark_down
2024-05-08T23:58:30.672 INFO:teuthology.orchestra.run.smithi026.stderr:/usr/bin/ceph:
2024-05-08T23:58:30.312+0000 7f1ee1efa700 1 -- 172.21.15.26:0/1322941938 shutdown_connections
2024-05-08T23:58:30.672 INFO:teuthology.orchestra.run.smithi026.stderr:/usr/bin/ceph:
2024-05-08T23:58:30.312+0000 7f1ee1efa700 1 -- 172.21.15.26:0/1322941938 wait complete.
2024-05-08T23:58:30.672 INFO:teuthology.orchestra.run.smithi026.stderr:/usr/bin/ceph:
2024-05-08T23:58:30.313+0000 7f1ee1efa700 1 Processor -- start
2024-05-08T23:58:30.672 INFO:teuthology.orchestra.run.smithi026.stderr:/usr/bin/ceph:
2024-05-08T23:58:30.313+0000 7f1ee1efa700 1 -- start start
2024-05-08T23:58:30.672 INFO:teuthology.orchestra.run.smithi026.stderr:/usr/bin/ceph:
2024-05-08T23:58:30.314+0000 7f1ee1efa700 1 --2- >> [v2:172.21.15.26:3300/0,v1:172.21.15.26:6789/0] conn(0x7f1edc071c60 0x7f1edc0fd6b0 unknown :-1 s=NONE pgs=0 cs=0 l=1 rev1=0 rx=0 tx=0).connect
2024-05-08T23:58:30.672 INFO:teuthology.orchestra.run.smithi026.stderr:/usr/bin/ceph:
2024-05-08T23:58:30.314+0000 7f1ee1efa700 1 -- --> [v2:172.21.15.26:3300/0,v1:172.21.15.26:6789/0] -- mon_getmap magic: 0 v1 -- 0x7f1edc0fbb30 con 0x7f1edc071c60
2024-05-08T23:58:30.673 INFO:teuthology.orchestra.run.smithi026.stderr:/usr/bin/ceph:
2024-05-08T23:58:30.314+0000 7f1edb7fe700 1 --2- >> [v2:172.21.15.26:3300/0,v1:172.21.15.26:6789/0] conn(0x7f1edc071c60 0x7f1edc0fd6b0 unknown :-1 s=BANNER_CONNECTING pgs=0 cs=0 l=1 rev1=0 rx=0 tx=0)._handle_peer_banner_payload supported=1 required=0
2024-05-08T23:58:30.673 INFO:teuthology.orchestra.run.smithi026.stderr:/usr/bin/ceph:
2024-05-08T23:58:30.314+0000 7f1edb7fe700 1 --2- >> [v2:172.21.15.26:3300/0,v1:172.21.15.26:6789/0] conn(0x7f1edc071c60 0x7f1edc0fd6b0 unknown :-1 s=HELLO_CONNECTING pgs=0 cs=0 l=1 rev1=1 rx=0 tx=0).handle_hello peer v2:172.21.15.26:3300/0 says I am v2:172.21.15.26:35774/0 (socket says 172.21.15.26:35774)
2024-05-08T23:58:30.673 INFO:teuthology.orchestra.run.smithi026.stderr:/usr/bin/ceph:
2024-05-08T23:58:30.314+0000 7f1edb7fe700 1 -- 172.21.15.26:0/3858171337 learned_addr learned my addr 172.21.15.26:0/3858171337 (peer_addr_for_me v2:172.21.15.26:0/0)
2024-05-08T23:58:30.673 INFO:teuthology.orchestra.run.smithi026.stderr:/usr/bin/ceph:
2024-05-08T23:58:30.314+0000 7f1edb7fe700 1 -- 172.21.15.26:0/3858171337 --> [v2:172.21.15.26:3300/0,v1:172.21.15.26:6789/0] -- mon_subscribe({config=0+,monmap=0+}) v3 -- 0x7f1ed0009370 con 0x7f1edc071c60
2024-05-08T23:58:30.673 INFO:teuthology.orchestra.run.smithi026.stderr:/usr/bin/ceph:
2024-05-08T23:58:30.314+0000 7f1edb7fe700 1 --2- 172.21.15.26:0/3858171337 >> [v2:172.21.15.26:3300/0,v1:172.21.15.26:6789/0] conn(0x7f1edc071c60 0x7f1edc0fd6b0 secure :-1 s=READY pgs=44 cs=0 l=1 rev1=1 rx=0x7f1ed0000c00 tx=0x7f1ed00090f0).ready entity=mon.0 client_cookie=0 server_cookie=0 in_seq=0 out_seq=0
2024-05-08T23:58:30.673 INFO:teuthology.orchestra.run.smithi026.stderr:/usr/bin/ceph:
2024-05-08T23:58:30.314+0000 7f1ed8ff9700 1 -- 172.21.15.26:0/3858171337 <== mon.0 v2:172.21.15.26:3300/0 1 ==== mon_map magic: 0 v1 ==== 229+0+0 (secure 0 0 0) 0x7f1ed001a610 con 0x7f1edc071c60
2024-05-08T23:58:30.673 INFO:teuthology.orchestra.run.smithi026.stderr:/usr/bin/ceph:
2024-05-08T23:58:30.314+0000 7f1ed8ff9700 1 -- 172.21.15.26:0/3858171337 <== mon.0 v2:172.21.15.26:3300/0 2 ==== config(25 keys) v1 ==== 982+0+0 (secure 0 0 0) 0x7f1ed001abc0 con 0x7f1edc071c60
2024-05-08T23:58:30.673 INFO:teuthology.orchestra.run.smithi026.stderr:/usr/bin/ceph:
2024-05-08T23:58:30.314+0000 7f1ee1efa700 1 -- 172.21.15.26:0/3858171337 --> [v2:172.21.15.26:3300/0,v1:172.21.15.26:6789/0] -- mon_subscribe({mgrmap=0+}) v3 -- 0x7f1edc0fbcd0 con 0x7f1edc071c60
2024-05-08T23:58:30.673 INFO:teuthology.orchestra.run.smithi026.stderr:/usr/bin/ceph:
2024-05-08T23:58:30.314+0000 7f1ed8ff9700 1 -- 172.21.15.26:0/3858171337 <== mon.0 v2:172.21.15.26:3300/0 3 ==== mon_map magic: 0 v1 ==== 229+0+0 (secure 0 0 0) 0x7f1ed0022a20 con 0x7f1edc071c60
2024-05-08T23:58:30.674 INFO:teuthology.orchestra.run.smithi026.stderr:/usr/bin/ceph:
2024-05-08T23:58:30.314+0000 7f1ee1efa700 1 -- 172.21.15.26:0/3858171337 --> [v2:172.21.15.26:3300/0,v1:172.21.15.26:6789/0] -- mon_subscribe({osdmap=0}) v3 -- 0x7f1edc0fc0e0 con 0x7f1edc071c60
2024-05-08T23:58:30.674 INFO:teuthology.orchestra.run.smithi026.stderr:/usr/bin/ceph:
2024-05-08T23:58:30.315+0000 7f1ed8ff9700 1 -- 172.21.15.26:0/3858171337 <== mon.0 v2:172.21.15.26:3300/0 4 ==== mgrmap(e 8) v1 ==== 38632+0+0 (secure 0 0 0) 0x7f1ed0022c90 con 0x7f1edc071c60
2024-05-08T23:58:30.674 INFO:teuthology.orchestra.run.smithi026.stderr:/usr/bin/ceph:
2024-05-08T23:58:30.315+0000 7f1ed8ff9700 1 --2- 172.21.15.26:0/3858171337 >> [v2:172.21.15.26:6800/3965746041,v1:172.21.15.26:6801/3965746041] conn(0x7f1ec4032660 0x7f1ec4034b20 unknown :-1 s=NONE pgs=0 cs=0 l=1 rev1=0 rx=0 tx=0).connect
2024-05-08T23:58:30.674 INFO:teuthology.orchestra.run.smithi026.stderr:/usr/bin/ceph:
2024-05-08T23:58:30.315+0000 7f1ee1efa700 1 -- 172.21.15.26:0/3858171337 --> [v2:172.21.15.26:3300/0,v1:172.21.15.26:6789/0] -- mon_command({"prefix": "get_command_descriptions"} v 0) v1 -- 0x7f1edc046ce0 con 0x7f1edc071c60
2024-05-08T23:58:30.674 INFO:teuthology.orchestra.run.smithi026.stderr:/usr/bin/ceph:
2024-05-08T23:58:30.315+0000 7f1ed8ff9700 1 -- 172.21.15.26:0/3858171337 <== mon.0 v2:172.21.15.26:3300/0 5 ==== osd_map(2..2 src has 1..2) v4 ==== 893+0+0 (secure 0 0 0) 0x7f1ed0044e20 con 0x7f1edc071c60
2024-05-08T23:58:30.674 INFO:teuthology.orchestra.run.smithi026.stderr:/usr/bin/ceph:
2024-05-08T23:58:30.315+0000 7f1edaffd700 1 --2- 172.21.15.26:0/3858171337 >> [v2:172.21.15.26:6800/3965746041,v1:172.21.15.26:6801/3965746041] conn(0x7f1ec4032660 0x7f1ec4034b20 unknown :-1 s=BANNER_CONNECTING pgs=0 cs=0 l=1 rev1=0 rx=0 tx=0)._handle_peer_banner_payload supported=1 required=0
2024-05-08T23:58:30.674 INFO:teuthology.orchestra.run.smithi026.stderr:/usr/bin/ceph:
2024-05-08T23:58:30.316+0000 7f1edaffd700 1 --2- 172.21.15.26:0/3858171337 >> [v2:172.21.15.26:6800/3965746041,v1:172.21.15.26:6801/3965746041] conn(0x7f1ec4032660 0x7f1ec4034b20 secure :-1 s=READY pgs=12 cs=0 l=1 rev1=1 rx=0x7f1ecc009780 tx=0x7f1ecc006cc0).ready entity=mgr.14116 client_cookie=0 server_cookie=0 in_seq=0 out_seq=0
2024-05-08T23:58:30.674 INFO:teuthology.orchestra.run.smithi026.stderr:/usr/bin/ceph:
2024-05-08T23:58:30.320+0000 7f1ed8ff9700 1 -- 172.21.15.26:0/3858171337 <== mon.0 v2:172.21.15.26:3300/0 6 ==== mon_command_ack([{"prefix": "get_command_descriptions"}]=0 v0) v1 ==== 72+0+163658 (secure 0 0 0) 0x7f1ed0018d80 con 0x7f1edc071c60
2024-05-08T23:58:30.674 INFO:teuthology.orchestra.run.smithi026.stderr:/usr/bin/ceph:
2024-05-08T23:58:30.500+0000 7f1ee1efa700 1 -- 172.21.15.26:0/3858171337 --> [v2:172.21.15.26:6800/3965746041,v1:172.21.15.26:6801/3965746041] -- mgr_command(tid 0: {"prefix": "orch apply", "service_type": "mgr", "target": ["mon-mgr", ""]}) v1 -- 0x7f1edc105cd0 con 0x7f1ec4032660
2024-05-08T23:58:30.674 INFO:teuthology.orchestra.run.smithi026.stderr:/usr/bin/ceph:
2024-05-08T23:58:30.504+0000 7f1ed8ff9700 1 -- 172.21.15.26:0/3858171337 <== mgr.14116 v2:172.21.15.26:6800/3965746041 1 ==== mgr_command_reply(tid 0: 0 ) v1 ==== 8+0+24 (secure 0 0 0) 0x7f1edc105cd0 con 0x7f1ec4032660
2024-05-08T23:58:30.674 INFO:teuthology.orchestra.run.smithi026.stderr:/usr/bin/ceph:
2024-05-08T23:58:30.505+0000 7f1ee1efa700 1 -- 172.21.15.26:0/3858171337 >> [v2:172.21.15.26:6800/3965746041,v1:172.21.15.26:6801/3965746041] conn(0x7f1ec4032660 msgr2=0x7f1ec4034b20 secure :-1 s=STATE_CONNECTION_ESTABLISHED l=1).mark_down
2024-05-08T23:58:30.674 INFO:teuthology.orchestra.run.smithi026.stderr:/usr/bin/ceph:
2024-05-08T23:58:30.505+0000 7f1ee1efa700 1 --2- 172.21.15.26:0/3858171337 >> [v2:172.21.15.26:6800/3965746041,v1:172.21.15.26:6801/3965746041] conn(0x7f1ec4032660 0x7f1ec4034b20 secure :-1 s=READY pgs=12 cs=0 l=1 rev1=1 rx=0x7f1ecc009780 tx=0x7f1ecc006cc0).stop
2024-05-08T23:58:30.674 INFO:teuthology.orchestra.run.smithi026.stderr:/usr/bin/ceph:
2024-05-08T23:58:30.505+0000 7f1ee1efa700 1 -- 172.21.15.26:0/3858171337 >> [v2:172.21.15.26:3300/0,v1:172.21.15.26:6789/0] conn(0x7f1edc071c60 msgr2=0x7f1edc0fd6b0 secure :-1 s=STATE_CONNECTION_ESTABLISHED l=1).mark_down
2024-05-08T23:58:30.674 INFO:teuthology.orchestra.run.smithi026.stderr:/usr/bin/ceph:
2024-05-08T23:58:30.505+0000 7f1ee1efa700 1 --2- 172.21.15.26:0/3858171337 >> [v2:172.21.15.26:3300/0,v1:172.21.15.26:6789/0] conn(0x7f1edc071c60 0x7f1edc0fd6b0 secure :-1 s=READY pgs=44 cs=0 l=1 rev1=1 rx=0x7f1ed0000c00 tx=0x7f1ed00090f0).stop
2024-05-08T23:58:30.675 INFO:teuthology.orchestra.run.smithi026.stderr:/usr/bin/ceph:
2024-05-08T23:58:30.505+0000 7f1ee1efa700 1 -- 172.21.15.26:0/3858171337 shutdown_connections
2024-05-08T23:58:30.675 INFO:teuthology.orchestra.run.smithi026.stderr:/usr/bin/ceph:
2024-05-08T23:58:30.505+0000 7f1ee1efa700 1 --2- 172.21.15.26:0/3858171337 >> [v2:172.21.15.26:6800/3965746041,v1:172.21.15.26:6801/3965746041] conn(0x7f1ec4032660 0x7f1ec4034b20 unknown :-1 s=CLOSED pgs=12 cs=0 l=1 rev1=1 rx=0 tx=0).stop
2024-05-08T23:58:30.675 INFO:teuthology.orchestra.run.smithi026.stderr:/usr/bin/ceph:
2024-05-08T23:58:30.505+0000 7f1ee1efa700 1 --2- 172.21.15.26:0/3858171337 >> [v2:172.21.15.26:3300/0,v1:172.21.15.26:6789/0] conn(0x7f1edc071c60 0x7f1edc0fd6b0 unknown :-1 s=CLOSED pgs=44 cs=0 l=1 rev1=1 rx=0 tx=0).stop
2024-05-08T23:58:30.675 INFO:teuthology.orchestra.run.smithi026.stderr:/usr/bin/ceph:
2024-05-08T23:58:30.505+0000 7f1ee1efa700 1 -- 172.21.15.26:0/3858171337 >> 172.21.15.26:0/3858171337 conn(0x7f1edc0f76f0 msgr2=0x7f1edc0f9130 unknown :-1 s=STATE_NONE l=0).mark_down
2024-05-08T23:58:30.675 INFO:teuthology.orchestra.run.smithi026.stderr:/usr/bin/ceph:
2024-05-08T23:58:30.505+0000 7f1ee1efa700 1 -- 172.21.15.26:0/3858171337 shutdown_connections
2024-05-08T23:58:30.675 INFO:teuthology.orchestra.run.smithi026.stderr:/usr/bin/ceph:
2024-05-08T23:58:30.506+0000 7f1ee1efa700 1 -- 172.21.15.26:0/3858171337 wait complete.
2024-05-08T23:58:30.675 INFO:teuthology.orchestra.run.smithi026.stderr:/usr/bin/ceph: Scheduled mgr update...
2024-05-08T23:58:31.319 INFO:teuthology.orchestra.run.smithi026.stderr:Deploying crash service with default placement...
2024-05-08T23:58:31.579 INFO:journalctl@ceph.mon.smithi026.smithi026.stdout:May 08 23:58:31 smithi026 ceph-aa42787e-0d96-11ef-bc97-c7b262605968-mon-smithi026[40044]: audit
2024-05-08T23:58:30.501129+0000 mgr.smithi026.brymfp (mgr.14116) 13 : audit [DBG] from='client.14138 -' entity='client.admin' cmd=[{"prefix": "orch apply", "service_type": "mgr", "target": ["mon-mgr", ""]}]: dispatch
2024-05-08T23:58:31.579 INFO:journalctl@ceph.mon.smithi026.smithi026.stdout:May 08 23:58:31 smithi026 ceph-aa42787e-0d96-11ef-bc97-c7b262605968-mon-smithi026[40044]: cephadm
2024-05-08T23:58:30.501928+0000 mgr.smithi026.brymfp (mgr.14116) 14 : cephadm [INF] Saving service mgr spec with placement count:2
2024-05-08T23:58:31.579 INFO:journalctl@ceph.mon.smithi026.smithi026.stdout:May 08 23:58:31 smithi026 ceph-aa42787e-0d96-11ef-bc97-c7b262605968-mon-smithi026[40044]: audit
2024-05-08T23:58:30.504123+0000 mon.smithi026 (mon.0) 56 : audit [INF] from='mgr.14116 172.21.15.26:0/3330714957' entity='mgr.smithi026.brymfp'
2024-05-08T23:58:31.579 INFO:journalctl@ceph.mon.smithi026.smithi026.stdout:May 08 23:58:31 smithi026 ceph-aa42787e-0d96-11ef-bc97-c7b262605968-mon-smithi026[40044]: audit
2024-05-08T23:58:30.544954+0000 mon.smithi026 (mon.0) 57 : audit [INF] from='mgr.14116 172.21.15.26:0/3330714957' entity='mgr.smithi026.brymfp'
2024-05-08T23:58:31.579 INFO:journalctl@ceph.mon.smithi026.smithi026.stdout:May 08 23:58:31 smithi026 ceph-aa42787e-0d96-11ef-bc97-c7b262605968-mon-smithi026[40044]: audit
2024-05-08T23:58:30.922352+0000 mon.smithi026 (mon.0) 58 : audit [INF] from='mgr.14116 172.21.15.26:0/3330714957' entity='mgr.smithi026.brymfp'
2024-05-08T23:58:31.841 INFO:teuthology.orchestra.run.smithi026.stderr:/usr/bin/ceph:
2024-05-08T23:58:31.826+0000 7f215832e700 1 Processor -- start
2024-05-08T23:58:31.841 INFO:teuthology.orchestra.run.smithi026.stderr:/usr/bin/ceph:
2024-05-08T23:58:31.826+0000 7f215832e700 1 -- start start
2024-05-08T23:58:31.841 INFO:teuthology.orchestra.run.smithi026.stderr:/usr/bin/ceph:
2024-05-08T23:58:31.826+0000 7f215832e700 1 --2- >> [v2:172.21.15.26:3300/0,v1:172.21.15.26:6789/0] conn(0x7f2150071c20 0x7f21500ffc70 unknown :-1 s=NONE pgs=0 cs=0 l=0 rev1=0 rx=0 tx=0).connect
2024-05-08T23:58:31.841 INFO:teuthology.orchestra.run.smithi026.stderr:/usr/bin/ceph:
2024-05-08T23:58:31.826+0000 7f215832e700 1 -- --> [v2:172.21.15.26:3300/0,v1:172.21.15.26:6789/0] -- mon_getmap magic: 0 v1 -- 0x7f2150100160 con 0x7f2150071c20
2024-05-08T23:58:31.841 INFO:teuthology.orchestra.run.smithi026.stderr:/usr/bin/ceph:
2024-05-08T23:58:31.827+0000 7f21560ca700 1 --2- >> [v2:172.21.15.26:3300/0,v1:172.21.15.26:6789/0] conn(0x7f2150071c20 0x7f21500ffc70 unknown :-1 s=BANNER_CONNECTING pgs=0 cs=0 l=0 rev1=0 rx=0 tx=0)._handle_peer_banner_payload supported=1 required=0
2024-05-08T23:58:31.841 INFO:teuthology.orchestra.run.smithi026.stderr:/usr/bin/ceph:
2024-05-08T23:58:31.827+0000 7f21560ca700 1 --2- >> [v2:172.21.15.26:3300/0,v1:172.21.15.26:6789/0] conn(0x7f2150071c20 0x7f21500ffc70 unknown :-1 s=HELLO_CONNECTING pgs=0 cs=0 l=0 rev1=1 rx=0 tx=0).handle_hello peer v2:172.21.15.26:3300/0 says I am v2:172.21.15.26:36034/0 (socket says 172.21.15.26:36034)
2024-05-08T23:58:31.841 INFO:teuthology.orchestra.run.smithi026.stderr:/usr/bin/ceph:
2024-05-08T23:58:31.827+0000 7f21560ca700 1 -- 172.21.15.26:0/3017683166 learned_addr learned my addr 172.21.15.26:0/3017683166 (peer_addr_for_me v2:172.21.15.26:0/0)
2024-05-08T23:58:31.842 INFO:teuthology.orchestra.run.smithi026.stderr:/usr/bin/ceph:
2024-05-08T23:58:31.827+0000 7f21560ca700 1 -- 172.21.15.26:0/3017683166 --> [v2:172.21.15.26:3300/0,v1:172.21.15.26:6789/0] -- mon_subscribe({config=0+,monmap=0+}) v3 -- 0x7f21501002a0 con 0x7f2150071c20
2024-05-08T23:58:31.842 INFO:teuthology.orchestra.run.smithi026.stderr:/usr/bin/ceph:
2024-05-08T23:58:31.827+0000 7f21560ca700 1 --2- 172.21.15.26:0/3017683166 >> [v2:172.21.15.26:3300/0,v1:172.21.15.26:6789/0] conn(0x7f2150071c20 0x7f21500ffc70 secure :-1 s=READY pgs=45 cs=0 l=1 rev1=1 rx=0x7f214c009730 tx=0x7f214c0090f0).ready entity=mon.0 client_cookie=fd6bfd2403c46e7d server_cookie=0 in_seq=0 out_seq=0
2024-05-08T23:58:31.842 INFO:teuthology.orchestra.run.smithi026.stderr:/usr/bin/ceph:
2024-05-08T23:58:31.827+0000 7f21550c8700 1 -- 172.21.15.26:0/3017683166 <== mon.0 v2:172.21.15.26:3300/0 1 ==== mon_map magic: 0 v1 ==== 229+0+0 (secure 0 0 0) 0x7f214c00b770 con 0x7f2150071c20
2024-05-08T23:58:31.842 INFO:teuthology.orchestra.run.smithi026.stderr:/usr/bin/ceph:
2024-05-08T23:58:31.827+0000 7f21550c8700 1 -- 172.21.15.26:0/3017683166 <== mon.0 v2:172.21.15.26:3300/0 2 ==== config(25 keys) v1 ==== 1046+0+0 (secure 0 0 0) 0x7f214c00bd60 con 0x7f2150071c20
2024-05-08T23:58:31.842 INFO:teuthology.orchestra.run.smithi026.stderr:/usr/bin/ceph:
2024-05-08T23:58:31.827+0000 7f21550c8700 1 -- 172.21.15.26:0/3017683166 <== mon.0 v2:172.21.15.26:3300/0 3 ==== mon_map magic: 0 v1 ==== 229+0+0 (secure 0 0 0) 0x7f214c011d90 con 0x7f2150071c20
2024-05-08T23:58:31.842 INFO:teuthology.orchestra.run.smithi026.stderr:/usr/bin/ceph:
2024-05-08T23:58:31.828+0000 7f215832e700 1 -- 172.21.15.26:0/3017683166 >> [v2:172.21.15.26:3300/0,v1:172.21.15.26:6789/0] conn(0x7f2150071c20 msgr2=0x7f21500ffc70 secure :-1 s=STATE_CONNECTION_ESTABLISHED l=1).mark_down
2024-05-08T23:58:31.842 INFO:teuthology.orchestra.run.smithi026.stderr:/usr/bin/ceph:
2024-05-08T23:58:31.828+0000 7f215832e700 1 --2- 172.21.15.26:0/3017683166 >> [v2:172.21.15.26:3300/0,v1:172.21.15.26:6789/0] conn(0x7f2150071c20 0x7f21500ffc70 secure :-1 s=READY pgs=45 cs=0 l=1 rev1=1 rx=0x7f214c009730 tx=0x7f214c0090f0).stop
2024-05-08T23:58:31.842 INFO:teuthology.orchestra.run.smithi026.stderr:/usr/bin/ceph:
2024-05-08T23:58:31.828+0000 7f215832e700 1 -- 172.21.15.26:0/3017683166 shutdown_connections
2024-05-08T23:58:31.842 INFO:teuthology.orchestra.run.smithi026.stderr:/usr/bin/ceph:
2024-05-08T23:58:31.828+0000 7f215832e700 1 --2- 172.21.15.26:0/3017683166 >> [v2:172.21.15.26:3300/0,v1:172.21.15.26:6789/0] conn(0x7f2150071c20 0x7f21500ffc70 unknown :-1 s=CLOSED pgs=45 cs=0 l=1 rev1=1 rx=0 tx=0).stop
2024-05-08T23:58:31.842 INFO:teuthology.orchestra.run.smithi026.stderr:/usr/bin/ceph:
2024-05-08T23:58:31.828+0000 7f215832e700 1 -- 172.21.15.26:0/3017683166 >> 172.21.15.26:0/3017683166 conn(0x7f21500f76f0 msgr2=0x7f21500f9b10 unknown :-1 s=STATE_NONE l=0).mark_down
2024-05-08T23:58:31.842 INFO:teuthology.orchestra.run.smithi026.stderr:/usr/bin/ceph:
2024-05-08T23:58:31.828+0000 7f215832e700 1 -- 172.21.15.26:0/3017683166 shutdown_connections
2024-05-08T23:58:31.842 INFO:teuthology.orchestra.run.smithi026.stderr:/usr/bin/ceph:
2024-05-08T23:58:31.828+0000 7f215832e700 1 -- 172.21.15.26:0/3017683166 wait complete.
2024-05-08T23:58:31.843 INFO:teuthology.orchestra.run.smithi026.stderr:/usr/bin/ceph:
2024-05-08T23:58:31.828+0000 7f215832e700 1 Processor -- start
2024-05-08T23:58:31.843 INFO:teuthology.orchestra.run.smithi026.stderr:/usr/bin/ceph:
2024-05-08T23:58:31.828+0000 7f215832e700 1 -- start start
2024-05-08T23:58:31.843 INFO:teuthology.orchestra.run.smithi026.stderr:/usr/bin/ceph:
2024-05-08T23:58:31.829+0000 7f215832e700 1 --2- >> [v2:172.21.15.26:3300/0,v1:172.21.15.26:6789/0] conn(0x7f2150071c20 0x7f215010bed0 unknown :-1 s=NONE pgs=0 cs=0 l=1 rev1=0 rx=0 tx=0).connect
2024-05-08T23:58:31.843 INFO:teuthology.orchestra.run.smithi026.stderr:/usr/bin/ceph:
2024-05-08T23:58:31.829+0000 7f215832e700 1 -- --> [v2:172.21.15.26:3300/0,v1:172.21.15.26:6789/0] -- mon_getmap magic: 0 v1 -- 0x7f215010c3c0 con 0x7f2150071c20
2024-05-08T23:58:31.843 INFO:teuthology.orchestra.run.smithi026.stderr:/usr/bin/ceph:
2024-05-08T23:58:31.829+0000 7f21560ca700 1 --2- >> [v2:172.21.15.26:3300/0,v1:172.21.15.26:6789/0] conn(0x7f2150071c20 0x7f215010bed0 unknown :-1 s=BANNER_CONNECTING pgs=0 cs=0 l=1 rev1=0 rx=0 tx=0)._handle_peer_banner_payload supported=1 required=0
2024-05-08T23:58:31.843 INFO:teuthology.orchestra.run.smithi026.stderr:/usr/bin/ceph:
2024-05-08T23:58:31.829+0000 7f21560ca700 1 --2- >> [v2:172.21.15.26:3300/0,v1:172.21.15.26:6789/0] conn(0x7f2150071c20 0x7f215010bed0 unknown :-1 s=HELLO_CONNECTING pgs=0 cs=0 l=1 rev1=1 rx=0 tx=0).handle_hello peer v2:172.21.15.26:3300/0 says I am v2:172.21.15.26:36044/0 (socket says 172.21.15.26:36044)
2024-05-08T23:58:31.843 INFO:teuthology.orchestra.run.smithi026.stderr:/usr/bin/ceph:
2024-05-08T23:58:31.829+0000 7f21560ca700 1 -- 172.21.15.26:0/3422827179 learned_addr learned my addr 172.21.15.26:0/3422827179 (peer_addr_for_me v2:172.21.15.26:0/0)
2024-05-08T23:58:31.843 INFO:teuthology.orchestra.run.smithi026.stderr:/usr/bin/ceph:
2024-05-08T23:58:31.829+0000 7f21560ca700 1 -- 172.21.15.26:0/3422827179 --> [v2:172.21.15.26:3300/0,v1:172.21.15.26:6789/0] -- mon_subscribe({config=0+,monmap=0+}) v3 -- 0x7f214c009370 con 0x7f2150071c20
2024-05-08T23:58:31.843 INFO:teuthology.orchestra.run.smithi026.stderr:/usr/bin/ceph:
2024-05-08T23:58:31.829+0000 7f21560ca700 1 --2- 172.21.15.26:0/3422827179 >> [v2:172.21.15.26:3300/0,v1:172.21.15.26:6789/0] conn(0x7f2150071c20 0x7f215010bed0 secure :-1 s=READY pgs=46 cs=0 l=1 rev1=1 rx=0x7f214c009f00 tx=0x7f214c0090f0).ready entity=mon.0 client_cookie=0 server_cookie=0 in_seq=0 out_seq=0
2024-05-08T23:58:31.843 INFO:teuthology.orchestra.run.smithi026.stderr:/usr/bin/ceph:
2024-05-08T23:58:31.829+0000 7f21477fe700 1 -- 172.21.15.26:0/3422827179 <== mon.0 v2:172.21.15.26:3300/0 1 ==== mon_map magic: 0 v1 ==== 229+0+0 (secure 0 0 0) 0x7f214c011bb0 con 0x7f2150071c20
2024-05-08T23:58:31.843 INFO:teuthology.orchestra.run.smithi026.stderr:/usr/bin/ceph:
2024-05-08T23:58:31.829+0000 7f21477fe700 1 -- 172.21.15.26:0/3422827179 <== mon.0 v2:172.21.15.26:3300/0 2 ==== config(25 keys) v1 ==== 1046+0+0 (secure 0 0 0) 0x7f214c00bbc0 con 0x7f2150071c20
2024-05-08T23:58:31.843 INFO:teuthology.orchestra.run.smithi026.stderr:/usr/bin/ceph:
2024-05-08T23:58:31.829+0000 7f21477fe700 1 -- 172.21.15.26:0/3422827179 <== mon.0 v2:172.21.15.26:3300/0 3 ==== mon_map magic: 0 v1 ==== 229+0+0 (secure 0 0 0) 0x7f214c01ab20 con 0x7f2150071c20
2024-05-08T23:58:31.843 INFO:teuthology.orchestra.run.smithi026.stderr:/usr/bin/ceph:
2024-05-08T23:58:31.829+0000 7f215832e700 1 -- 172.21.15.26:0/3422827179 --> [v2:172.21.15.26:3300/0,v1:172.21.15.26:6789/0] -- mon_subscribe({mgrmap=0+}) v3 -- 0x7f215010c5c0 con 0x7f2150071c20
2024-05-08T23:58:31.843 INFO:teuthology.orchestra.run.smithi026.stderr:/usr/bin/ceph:
2024-05-08T23:58:31.829+0000 7f215832e700 1 -- 172.21.15.26:0/3422827179 --> [v2:172.21.15.26:3300/0,v1:172.21.15.26:6789/0] -- mon_subscribe({osdmap=0}) v3 -- 0x7f215010c9d0 con 0x7f2150071c20
2024-05-08T23:58:31.844 INFO:teuthology.orchestra.run.smithi026.stderr:/usr/bin/ceph:
2024-05-08T23:58:31.830+0000 7f215832e700 1 -- 172.21.15.26:0/3422827179 --> [v2:172.21.15.26:3300/0,v1:172.21.15.26:6789/0] -- mon_command({"prefix": "get_command_descriptions"} v 0) v1 -- 0x7f2150046ce0 con 0x7f2150071c20
2024-05-08T23:58:31.844 INFO:teuthology.orchestra.run.smithi026.stderr:/usr/bin/ceph:
2024-05-08T23:58:31.831+0000 7f21477fe700 1 -- 172.21.15.26:0/3422827179 <== mon.0 v2:172.21.15.26:3300/0 4 ==== mgrmap(e 8) v1 ==== 38632+0+0 (secure 0 0 0) 0x7f214c0108b0 con 0x7f2150071c20
2024-05-08T23:58:31.844 INFO:teuthology.orchestra.run.smithi026.stderr:/usr/bin/ceph:
2024-05-08T23:58:31.831+0000 7f21477fe700 1 --2- 172.21.15.26:0/3422827179 >> [v2:172.21.15.26:6800/3965746041,v1:172.21.15.26:6801/3965746041] conn(0x7f213c032630 0x7f213c034af0 unknown :-1 s=NONE pgs=0 cs=0 l=1 rev1=0 rx=0 tx=0).connect
2024-05-08T23:58:31.844 INFO:teuthology.orchestra.run.smithi026.stderr:/usr/bin/ceph:
2024-05-08T23:58:31.831+0000 7f21477fe700 1 -- 172.21.15.26:0/3422827179 <== mon.0 v2:172.21.15.26:3300/0 5 ==== osd_map(2..2 src has 1..2) v4 ==== 893+0+0 (secure 0 0 0) 0x7f214c045260 con 0x7f2150071c20
2024-05-08T23:58:31.844 INFO:teuthology.orchestra.run.smithi026.stderr:/usr/bin/ceph:
2024-05-08T23:58:31.831+0000 7f21558c9700 1 --2- 172.21.15.26:0/3422827179 >> [v2:172.21.15.26:6800/3965746041,v1:172.21.15.26:6801/3965746041] conn(0x7f213c032630 0x7f213c034af0 unknown :-1 s=BANNER_CONNECTING pgs=0 cs=0 l=1 rev1=0 rx=0 tx=0)._handle_peer_banner_payload supported=1 required=0
2024-05-08T23:58:31.844 INFO:teuthology.orchestra.run.smithi026.stderr:/usr/bin/ceph:
2024-05-08T23:58:31.831+0000 7f21558c9700 1 --2- 172.21.15.26:0/3422827179 >> [v2:172.21.15.26:6800/3965746041,v1:172.21.15.26:6801/3965746041] conn(0x7f213c032630 0x7f213c034af0 secure :-1 s=READY pgs=13 cs=0 l=1 rev1=1 rx=0x7f2140009780 tx=0x7f2140006cc0).ready entity=mgr.14116 client_cookie=0 server_cookie=0 in_seq=0 out_seq=0
2024-05-08T23:58:31.844 INFO:teuthology.orchestra.run.smithi026.stderr:/usr/bin/ceph:
2024-05-08T23:58:31.835+0000 7f21477fe700 1 -- 172.21.15.26:0/3422827179 <== mon.0 v2:172.21.15.26:3300/0 6 ==== mon_command_ack([{"prefix": "get_command_descriptions"}]=0 v0) v1 ==== 72+0+163658 (secure 0 0 0) 0x7f214c02b920 con 0x7f2150071c20
2024-05-08T23:58:32.018 INFO:teuthology.orchestra.run.smithi026.stderr:/usr/bin/ceph:
2024-05-08T23:58:32.024+0000 7f215832e700 1 -- 172.21.15.26:0/3422827179 --> [v2:172.21.15.26:6800/3965746041,v1:172.21.15.26:6801/3965746041] -- mgr_command(tid 0: {"prefix": "orch apply", "service_type": "crash", "target": ["mon-mgr", ""]}) v1 -- 0x7f215010d170 con 0x7f213c032630
2024-05-08T23:58:32.022 INFO:teuthology.orchestra.run.smithi026.stderr:/usr/bin/ceph:
2024-05-08T23:58:32.028+0000 7f21477fe700 1 -- 172.21.15.26:0/3422827179 <== mgr.14116 v2:172.21.15.26:6800/3965746041 1 ==== mgr_command_reply(tid 0: 0 ) v1 ==== 8+0+26 (secure 0 0 0) 0x7f215010d170 con 0x7f213c032630
2024-05-08T23:58:32.022 INFO:teuthology.orchestra.run.smithi026.stderr:/usr/bin/ceph: Scheduled crash update...
2024-05-08T23:58:32.025 INFO:teuthology.orchestra.run.smithi026.stderr:/usr/bin/ceph:
2024-05-08T23:58:32.030+0000 7f215832e700 1 -- 172.21.15.26:0/3422827179 >> [v2:172.21.15.26:6800/3965746041,v1:172.21.15.26:6801/3965746041] conn(0x7f213c032630 msgr2=0x7f213c034af0 secure :-1 s=STATE_CONNECTION_ESTABLISHED l=1).mark_down
2024-05-08T23:58:32.025 INFO:teuthology.orchestra.run.smithi026.stderr:/usr/bin/ceph:
2024-05-08T23:58:32.030+0000 7f215832e700 1 --2- 172.21.15.26:0/3422827179 >> [v2:172.21.15.26:6800/3965746041,v1:172.21.15.26:6801/3965746041] conn(0x7f213c032630 0x7f213c034af0 secure :-1 s=READY pgs=13 cs=0 l=1 rev1=1 rx=0x7f2140009780 tx=0x7f2140006cc0).stop
2024-05-08T23:58:32.025 INFO:teuthology.orchestra.run.smithi026.stderr:/usr/bin/ceph:
2024-05-08T23:58:32.030+0000 7f215832e700 1 -- 172.21.15.26:0/3422827179 >> [v2:172.21.15.26:3300/0,v1:172.21.15.26:6789/0] conn(0x7f2150071c20 msgr2=0x7f215010bed0 secure :-1 s=STATE_CONNECTION_ESTABLISHED l=1).mark_down
2024-05-08T23:58:32.025 INFO:teuthology.orchestra.run.smithi026.stderr:/usr/bin/ceph:
2024-05-08T23:58:32.030+0000 7f215832e700 1 --2- 172.21.15.26:0/3422827179 >> [v2:172.21.15.26:3300/0,v1:172.21.15.26:6789/0] conn(0x7f2150071c20 0x7f215010bed0 secure :-1 s=READY pgs=46 cs=0 l=1 rev1=1 rx=0x7f214c009f00 tx=0x7f214c0090f0).stop
2024-05-08T23:58:32.025 INFO:teuthology.orchestra.run.smithi026.stderr:/usr/bin/ceph:
2024-05-08T23:58:32.030+0000 7f215832e700 1 -- 172.21.15.26:0/3422827179 shutdown_connections
2024-05-08T23:58:32.025 INFO:teuthology.orchestra.run.smithi026.stderr:/usr/bin/ceph:
2024-05-08T23:58:32.030+0000 7f215832e700 1 --2- 172.21.15.26:0/3422827179 >> [v2:172.21.15.26:6800/3965746041,v1:172.21.15.26:6801/3965746041] conn(0x7f213c032630 0x7f213c034af0 unknown :-1 s=CLOSED pgs=13 cs=0 l=1 rev1=1 rx=0 tx=0).stop
2024-05-08T23:58:32.025 INFO:teuthology.orchestra.run.smithi026.stderr:/usr/bin/ceph:
2024-05-08T23:58:32.030+0000 7f215832e700 1 --2- 172.21.15.26:0/3422827179 >> [v2:172.21.15.26:3300/0,v1:172.21.15.26:6789/0] conn(0x7f2150071c20 0x7f215010bed0 unknown :-1 s=CLOSED pgs=46 cs=0 l=1 rev1=1 rx=0 tx=0).stop
2024-05-08T23:58:32.025 INFO:teuthology.orchestra.run.smithi026.stderr:/usr/bin/ceph:
2024-05-08T23:58:32.030+0000 7f215832e700 1 -- 172.21.15.26:0/3422827179 >> 172.21.15.26:0/3422827179 conn(0x7f21500f76f0 msgr2=0x7f21500f91b0 unknown :-1 s=STATE_NONE l=0).mark_down
2024-05-08T23:58:32.026 INFO:teuthology.orchestra.run.smithi026.stderr:/usr/bin/ceph:
2024-05-08T23:58:32.030+0000 7f215832e700 1 -- 172.21.15.26:0/3422827179 shutdown_connections
2024-05-08T23:58:32.026 INFO:teuthology.orchestra.run.smithi026.stderr:/usr/bin/ceph:
2024-05-08T23:58:32.030+0000 7f215832e700 1 -- 172.21.15.26:0/3422827179 wait complete.
2024-05-08T23:58:32.794 INFO:teuthology.orchestra.run.smithi026.stderr:Deploying prometheus service with default placement...
2024-05-08T23:58:33.060 INFO:journalctl@ceph.mon.smithi026.smithi026.stdout:May 08 23:58:33 smithi026 ceph-aa42787e-0d96-11ef-bc97-c7b262605968-mon-smithi026[40044]: audit
2024-05-08T23:58:32.025939+0000 mgr.smithi026.brymfp (mgr.14116) 15 : audit [DBG] from='client.14140 -' entity='client.admin' cmd=[{"prefix": "orch apply", "service_type": "crash", "target": ["mon-mgr", ""]}]: dispatch
2024-05-08T23:58:33.061 INFO:journalctl@ceph.mon.smithi026.smithi026.stdout:May 08 23:58:33 smithi026 ceph-aa42787e-0d96-11ef-bc97-c7b262605968-mon-smithi026[40044]: cephadm
2024-05-08T23:58:32.026886+0000 mgr.smithi026.brymfp (mgr.14116) 16 : cephadm [INF] Saving service crash spec with placement *
2024-05-08T23:58:33.061 INFO:journalctl@ceph.mon.smithi026.smithi026.stdout:May 08 23:58:33 smithi026 ceph-aa42787e-0d96-11ef-bc97-c7b262605968-mon-smithi026[40044]: audit
2024-05-08T23:58:32.028990+0000 mon.smithi026 (mon.0) 59 : audit [INF] from='mgr.14116 172.21.15.26:0/3330714957' entity='mgr.smithi026.brymfp'
2024-05-08T23:58:33.347 INFO:teuthology.orchestra.run.smithi026.stderr:/usr/bin/ceph:
2024-05-08T23:58:33.352+0000 7ff15d64d700 1 Processor -- start
2024-05-08T23:58:33.353 INFO:teuthology.orchestra.run.smithi026.stderr:/usr/bin/ceph:
2024-05-08T23:58:33.352+0000 7ff15d64d700 1 -- start start
2024-05-08T23:58:33.353 INFO:teuthology.orchestra.run.smithi026.stderr:/usr/bin/ceph:
2024-05-08T23:58:33.352+0000 7ff15d64d700 1 --2- >> [v2:172.21.15.26:3300/0,v1:172.21.15.26:6789/0] conn(0x7ff158071c00 0x7ff1580ffc90 unknown :-1 s=NONE pgs=0 cs=0 l=0 rev1=0 rx=0 tx=0).connect
2024-05-08T23:58:33.353 INFO:teuthology.orchestra.run.smithi026.stderr:/usr/bin/ceph:
2024-05-08T23:58:33.352+0000 7ff15d64d700 1 -- --> [v2:172.21.15.26:3300/0,v1:172.21.15.26:6789/0] -- mon_getmap magic: 0 v1 -- 0x7ff158100180 con 0x7ff158071c00
2024-05-08T23:58:33.353 INFO:teuthology.orchestra.run.smithi026.stderr:/usr/bin/ceph:
2024-05-08T23:58:33.353+0000 7ff156ffd700 1 --2- >> [v2:172.21.15.26:3300/0,v1:172.21.15.26:6789/0] conn(0x7ff158071c00 0x7ff1580ffc90 unknown :-1 s=BANNER_CONNECTING pgs=0 cs=0 l=0 rev1=0 rx=0 tx=0)._handle_peer_banner_payload supported=1 required=0
2024-05-08T23:58:33.353 INFO:teuthology.orchestra.run.smithi026.stderr:/usr/bin/ceph:
2024-05-08T23:58:33.353+0000 7ff156ffd700 1 --2- >> [v2:172.21.15.26:3300/0,v1:172.21.15.26:6789/0] conn(0x7ff158071c00 0x7ff1580ffc90 unknown :-1 s=HELLO_CONNECTING pgs=0 cs=0 l=0 rev1=1 rx=0 tx=0).handle_hello peer v2:172.21.15.26:3300/0 says I am v2:172.21.15.26:36056/0 (socket says 172.21.15.26:36056)
2024-05-08T23:58:33.353 INFO:teuthology.orchestra.run.smithi026.stderr:/usr/bin/ceph:
2024-05-08T23:58:33.353+0000 7ff156ffd700 1 -- 172.21.15.26:0/3579811863 learned_addr learned my addr 172.21.15.26:0/3579811863 (peer_addr_for_me v2:172.21.15.26:0/0)
2024-05-08T23:58:33.353 INFO:teuthology.orchestra.run.smithi026.stderr:/usr/bin/ceph:
2024-05-08T23:58:33.353+0000 7ff156ffd700 1 -- 172.21.15.26:0/3579811863 --> [v2:172.21.15.26:3300/0,v1:172.21.15.26:6789/0] -- mon_subscribe({config=0+,monmap=0+}) v3 -- 0x7ff1581002c0 con 0x7ff158071c00
2024-05-08T23:58:33.353 INFO:teuthology.orchestra.run.smithi026.stderr:/usr/bin/ceph:
2024-05-08T23:58:33.353+0000 7ff156ffd700 1 --2- 172.21.15.26:0/3579811863 >> [v2:172.21.15.26:3300/0,v1:172.21.15.26:6789/0] conn(0x7ff158071c00 0x7ff1580ffc90 secure :-1 s=READY pgs=47 cs=0 l=1 rev1=1 rx=0x7ff14c009730 tx=0x7ff14c0090f0).ready entity=mon.0 client_cookie=729ae4ec63ecefaa server_cookie=0 in_seq=0 out_seq=0
2024-05-08T23:58:33.353 INFO:teuthology.orchestra.run.smithi026.stderr:/usr/bin/ceph:
2024-05-08T23:58:33.353+0000 7ff155ffb700 1 -- 172.21.15.26:0/3579811863 <== mon.0 v2:172.21.15.26:3300/0 1 ==== mon_map magic: 0 v1 ==== 229+0+0 (secure 0 0 0) 0x7ff14c00b6e0 con 0x7ff158071c00
2024-05-08T23:58:33.354 INFO:teuthology.orchestra.run.smithi026.stderr:/usr/bin/ceph:
2024-05-08T23:58:33.353+0000 7ff155ffb700 1 -- 172.21.15.26:0/3579811863 <== mon.0 v2:172.21.15.26:3300/0 2 ==== config(25 keys) v1 ==== 1046+0+0 (secure 0 0 0) 0x7ff14c00bcd0 con 0x7ff158071c00
2024-05-08T23:58:33.354 INFO:teuthology.orchestra.run.smithi026.stderr:/usr/bin/ceph:
2024-05-08T23:58:33.353+0000 7ff155ffb700 1 -- 172.21.15.26:0/3579811863 <== mon.0 v2:172.21.15.26:3300/0 3 ==== mon_map magic: 0 v1 ==== 229+0+0 (secure 0 0 0) 0x7ff14c011cb0 con 0x7ff158071c00
2024-05-08T23:58:33.354 INFO:teuthology.orchestra.run.smithi026.stderr:/usr/bin/ceph:
2024-05-08T23:58:33.354+0000 7ff15d64d700 1 -- 172.21.15.26:0/3579811863 >> [v2:172.21.15.26:3300/0,v1:172.21.15.26:6789/0] conn(0x7ff158071c00 msgr2=0x7ff1580ffc90 secure :-1 s=STATE_CONNECTION_ESTABLISHED l=1).mark_down
2024-05-08T23:58:33.354 INFO:teuthology.orchestra.run.smithi026.stderr:/usr/bin/ceph:
2024-05-08T23:58:33.354+0000 7ff15d64d700 1 --2- 172.21.15.26:0/3579811863 >> [v2:172.21.15.26:3300/0,v1:172.21.15.26:6789/0] conn(0x7ff158071c00 0x7ff1580ffc90 secure :-1 s=READY pgs=47 cs=0 l=1 rev1=1 rx=0x7ff14c009730 tx=0x7ff14c0090f0).stop
2024-05-08T23:58:33.354 INFO:teuthology.orchestra.run.smithi026.stderr:/usr/bin/ceph:
2024-05-08T23:58:33.354+0000 7ff15d64d700 1 -- 172.21.15.26:0/3579811863 shutdown_connections
2024-05-08T23:58:33.354 INFO:teuthology.orchestra.run.smithi026.stderr:/usr/bin/ceph:
2024-05-08T23:58:33.354+0000 7ff15d64d700 1 --2- 172.21.15.26:0/3579811863 >> [v2:172.21.15.26:3300/0,v1:172.21.15.26:6789/0] conn(0x7ff158071c00 0x7ff1580ffc90 unknown :-1 s=CLOSED pgs=47 cs=0 l=1 rev1=1 rx=0 tx=0).stop
2024-05-08T23:58:33.354 INFO:teuthology.orchestra.run.smithi026.stderr:/usr/bin/ceph:
2024-05-08T23:58:33.354+0000 7ff15d64d700 1 -- 172.21.15.26:0/3579811863 >> 172.21.15.26:0/3579811863 conn(0x7ff1580f76f0 msgr2=0x7ff1580f9b10 unknown :-1 s=STATE_NONE l=0).mark_down
2024-05-08T23:58:33.354 INFO:teuthology.orchestra.run.smithi026.stderr:/usr/bin/ceph:
2024-05-08T23:58:33.354+0000 7ff15d64d700 1 -- 172.21.15.26:0/3579811863 shutdown_connections
2024-05-08T23:58:33.354 INFO:teuthology.orchestra.run.smithi026.stderr:/usr/bin/ceph:
2024-05-08T23:58:33.354+0000 7ff15d64d700 1 -- 172.21.15.26:0/3579811863 wait complete.
2024-05-08T23:58:33.354 INFO:teuthology.orchestra.run.smithi026.stderr:/usr/bin/ceph:
2024-05-08T23:58:33.355+0000 7ff15d64d700 1 Processor -- start
2024-05-08T23:58:33.354 INFO:teuthology.orchestra.run.smithi026.stderr:/usr/bin/ceph:
2024-05-08T23:58:33.355+0000 7ff15d64d700 1 -- start start
2024-05-08T23:58:33.354 INFO:teuthology.orchestra.run.smithi026.stderr:/usr/bin/ceph:
2024-05-08T23:58:33.355+0000 7ff15d64d700 1 --2- >> [v2:172.21.15.26:3300/0,v1:172.21.15.26:6789/0] conn(0x7ff158071c00 0x7ff15810bec0 unknown :-1 s=NONE pgs=0 cs=0 l=1 rev1=0 rx=0 tx=0).connect
2024-05-08T23:58:33.354 INFO:teuthology.orchestra.run.smithi026.stderr:/usr/bin/ceph:
2024-05-08T23:58:33.355+0000 7ff15d64d700 1 -- --> [v2:172.21.15.26:3300/0,v1:172.21.15.26:6789/0] -- mon_getmap magic: 0 v1 -- 0x7ff15810c3b0 con 0x7ff158071c00
2024-05-08T23:58:33.354 INFO:teuthology.orchestra.run.smithi026.stderr:/usr/bin/ceph:
2024-05-08T23:58:33.355+0000 7ff156ffd700 1 --2- >> [v2:172.21.15.26:3300/0,v1:172.21.15.26:6789/0] conn(0x7ff158071c00 0x7ff15810bec0 unknown :-1 s=BANNER_CONNECTING pgs=0 cs=0 l=1 rev1=0 rx=0 tx=0)._handle_peer_banner_payload supported=1 required=0
2024-05-08T23:58:33.355 INFO:teuthology.orchestra.run.smithi026.stderr:/usr/bin/ceph:
2024-05-08T23:58:33.355+0000 7ff156ffd700 1 --2- >> [v2:172.21.15.26:3300/0,v1:172.21.15.26:6789/0] conn(0x7ff158071c00 0x7ff15810bec0 unknown :-1 s=HELLO_CONNECTING pgs=0 cs=0 l=1 rev1=1 rx=0 tx=0).handle_hello peer v2:172.21.15.26:3300/0 says I am v2:172.21.15.26:36062/0 (socket says 172.21.15.26:36062)
2024-05-08T23:58:33.355 INFO:teuthology.orchestra.run.smithi026.stderr:/usr/bin/ceph:
2024-05-08T23:58:33.355+0000 7ff156ffd700 1 -- 172.21.15.26:0/1253408742 learned_addr learned my addr 172.21.15.26:0/1253408742 (peer_addr_for_me v2:172.21.15.26:0/0)
2024-05-08T23:58:33.355 INFO:teuthology.orchestra.run.smithi026.stderr:/usr/bin/ceph:
2024-05-08T23:58:33.356+0000 7ff156ffd700 1 -- 172.21.15.26:0/1253408742 --> [v2:172.21.15.26:3300/0,v1:172.21.15.26:6789/0] -- mon_subscribe({config=0+,monmap=0+}) v3 -- 0x7ff14c009370 con 0x7ff158071c00
2024-05-08T23:58:33.355 INFO:teuthology.orchestra.run.smithi026.stderr:/usr/bin/ceph:
2024-05-08T23:58:33.356+0000 7ff156ffd700 1 --2- 172.21.15.26:0/1253408742 >> [v2:172.21.15.26:3300/0,v1:172.21.15.26:6789/0] conn(0x7ff158071c00 0x7ff15810bec0 secure :-1 s=READY pgs=48 cs=0 l=1 rev1=1 rx=0x7ff14c000c00 tx=0x7ff14c0090f0).ready entity=mon.0 client_cookie=0 server_cookie=0 in_seq=0 out_seq=0
2024-05-08T23:58:33.355 INFO:teuthology.orchestra.run.smithi026.stderr:/usr/bin/ceph:
2024-05-08T23:58:33.356+0000 7ff13ffff700 1 -- 172.21.15.26:0/1253408742 <== mon.0 v2:172.21.15.26:3300/0 1 ==== mon_map magic: 0 v1 ==== 229+0+0 (secure 0 0 0) 0x7ff14c01a640 con 0x7ff158071c00
2024-05-08T23:58:33.355 INFO:teuthology.orchestra.run.smithi026.stderr:/usr/bin/ceph:
2024-05-08T23:58:33.356+0000 7ff13ffff700 1 -- 172.21.15.26:0/1253408742 <== mon.0 v2:172.21.15.26:3300/0 2 ==== config(25 keys) v1 ==== 1046+0+0 (secure 0 0 0) 0x7ff14c01ac30 con 0x7ff158071c00
2024-05-08T23:58:33.355 INFO:teuthology.orchestra.run.smithi026.stderr:/usr/bin/ceph:
2024-05-08T23:58:33.356+0000 7ff13ffff700 1 -- 172.21.15.26:0/1253408742 <== mon.0 v2:172.21.15.26:3300/0 3 ==== mon_map magic: 0 v1 ==== 229+0+0 (secure 0 0 0) 0x7ff14c0239a0 con 0x7ff158071c00
2024-05-08T23:58:33.355 INFO:teuthology.orchestra.run.smithi026.stderr:/usr/bin/ceph:
2024-05-08T23:58:33.356+0000 7ff15d64d700 1 -- 172.21.15.26:0/1253408742 --> [v2:172.21.15.26:3300/0,v1:172.21.15.26:6789/0] -- mon_subscribe({mgrmap=0+}) v3 -- 0x7ff15810c5b0 con 0x7ff158071c00
2024-05-08T23:58:33.355 INFO:teuthology.orchestra.run.smithi026.stderr:/usr/bin/ceph:
2024-05-08T23:58:33.356+0000 7ff15d64d700 1 -- 172.21.15.26:0/1253408742 --> [v2:172.21.15.26:3300/0,v1:172.21.15.26:6789/0] -- mon_subscribe({osdmap=0}) v3 -- 0x7ff15810c9c0 con 0x7ff158071c00
2024-05-08T23:58:33.355 INFO:teuthology.orchestra.run.smithi026.stderr:/usr/bin/ceph:
2024-05-08T23:58:33.357+0000 7ff13ffff700 1 -- 172.21.15.26:0/1253408742 <== mon.0 v2:172.21.15.26:3300/0 4 ==== mgrmap(e 8) v1 ==== 38632+0+0 (secure 0 0 0) 0x7ff14c023b40 con 0x7ff158071c00
2024-05-08T23:58:33.355 INFO:teuthology.orchestra.run.smithi026.stderr:/usr/bin/ceph:
2024-05-08T23:58:33.357+0000 7ff13ffff700 1 --2- 172.21.15.26:0/1253408742 >> [v2:172.21.15.26:6800/3965746041,v1:172.21.15.26:6801/3965746041] conn(0x7ff140032660 0x7ff140034b20 unknown :-1 s=NONE pgs=0 cs=0 l=1 rev1=0 rx=0 tx=0).connect
2024-05-08T23:58:33.355 INFO:teuthology.orchestra.run.smithi026.stderr:/usr/bin/ceph:
2024-05-08T23:58:33.357+0000 7ff13ffff700 1 -- 172.21.15.26:0/1253408742 <== mon.0 v2:172.21.15.26:3300/0 5 ==== osd_map(2..2 src has 1..2) v4 ==== 893+0+0 (secure 0 0 0) 0x7ff14c044b90 con 0x7ff158071c00
2024-05-08T23:58:33.355 INFO:teuthology.orchestra.run.smithi026.stderr:/usr/bin/ceph:
2024-05-08T23:58:33.357+0000 7ff15d64d700 1 -- 172.21.15.26:0/1253408742 --> [v2:172.21.15.26:3300/0,v1:172.21.15.26:6789/0] -- mon_command({"prefix": "get_command_descriptions"} v 0) v1 -- 0x7ff158046ce0 con 0x7ff158071c00
2024-05-08T23:58:33.355 INFO:teuthology.orchestra.run.smithi026.stderr:/usr/bin/ceph:
2024-05-08T23:58:33.357+0000 7ff1567fc700 1 --2- 172.21.15.26:0/1253408742 >> [v2:172.21.15.26:6800/3965746041,v1:172.21.15.26:6801/3965746041] conn(0x7ff140032660 0x7ff140034b20 unknown :-1 s=BANNER_CONNECTING pgs=0 cs=0 l=1 rev1=0 rx=0 tx=0)._handle_peer_banner_payload supported=1 required=0
2024-05-08T23:58:33.355 INFO:teuthology.orchestra.run.smithi026.stderr:/usr/bin/ceph:
2024-05-08T23:58:33.357+0000 7ff1567fc700 1 --2- 172.21.15.26:0/1253408742 >> [v2:172.21.15.26:6800/3965746041,v1:172.21.15.26:6801/3965746041] conn(0x7ff140032660 0x7ff140034b20 secure :-1 s=READY pgs=14 cs=0 l=1 rev1=1 rx=0x7ff148009780 tx=0x7ff148006cc0).ready entity=mgr.14116 client_cookie=0 server_cookie=0 in_seq=0 out_seq=0
2024-05-08T23:58:33.356 INFO:teuthology.orchestra.run.smithi026.stderr:/usr/bin/ceph:
2024-05-08T23:58:33.362+0000 7ff13ffff700 1 -- 172.21.15.26:0/1253408742 <== mon.0 v2:172.21.15.26:3300/0 6 ==== mon_command_ack([{"prefix": "get_command_descriptions"}]=0 v0) v1 ==== 72+0+163658 (secure 0 0 0) 0x7ff14c01e070 con 0x7ff158071c00
2024-05-08T23:58:33.540 INFO:teuthology.orchestra.run.smithi026.stderr:/usr/bin/ceph:
2024-05-08T23:58:33.546+0000 7ff15d64d700 1 -- 172.21.15.26:0/1253408742 --> [v2:172.21.15.26:6800/3965746041,v1:172.21.15.26:6801/3965746041] -- mgr_command(tid 0: {"prefix": "orch apply", "service_type": "prometheus", "target": ["mon-mgr", ""]}) v1 -- 0x7ff15810de70 con 0x7ff140032660
2024-05-08T23:58:33.543 INFO:teuthology.orchestra.run.smithi026.stderr:/usr/bin/ceph:
2024-05-08T23:58:33.550+0000 7ff13ffff700 1 -- 172.21.15.26:0/1253408742 <== mgr.14116 v2:172.21.15.26:6800/3965746041 1 ==== mgr_command_reply(tid 0: 0 ) v1 ==== 8+0+31 (secure 0 0 0) 0x7ff15810de70 con 0x7ff140032660
2024-05-08T23:58:33.543 INFO:teuthology.orchestra.run.smithi026.stderr:/usr/bin/ceph: Scheduled prometheus update...
2024-05-08T23:58:33.546 INFO:teuthology.orchestra.run.smithi026.stderr:/usr/bin/ceph:
2024-05-08T23:58:33.551+0000 7ff15d64d700 1 -- 172.21.15.26:0/1253408742 >> [v2:172.21.15.26:6800/3965746041,v1:172.21.15.26:6801/3965746041] conn(0x7ff140032660 msgr2=0x7ff140034b20 secure :-1 s=STATE_CONNECTION_ESTABLISHED l=1).mark_down
2024-05-08T23:58:33.546 INFO:teuthology.orchestra.run.smithi026.stderr:/usr/bin/ceph:
2024-05-08T23:58:33.551+0000 7ff15d64d700 1 --2- 172.21.15.26:0/1253408742 >> [v2:172.21.15.26:6800/3965746041,v1:172.21.15.26:6801/3965746041] conn(0x7ff140032660 0x7ff140034b20 secure :-1 s=READY pgs=14 cs=0 l=1 rev1=1 rx=0x7ff148009780 tx=0x7ff148006cc0).stop
2024-05-08T23:58:33.546 INFO:teuthology.orchestra.run.smithi026.stderr:/usr/bin/ceph:
2024-05-08T23:58:33.551+0000 7ff15d64d700 1 -- 172.21.15.26:0/1253408742 >> [v2:172.21.15.26:3300/0,v1:172.21.15.26:6789/0] conn(0x7ff158071c00 msgr2=0x7ff15810bec0 secure :-1 s=STATE_CONNECTION_ESTABLISHED l=1).mark_down
2024-05-08T23:58:33.546 INFO:teuthology.orchestra.run.smithi026.stderr:/usr/bin/ceph:
2024-05-08T23:58:33.551+0000 7ff15d64d700 1 --2- 172.21.15.26:0/1253408742 >> [v2:172.21.15.26:3300/0,v1:172.21.15.26:6789/0] conn(0x7ff158071c00 0x7ff15810bec0 secure :-1 s=READY pgs=48 cs=0 l=1 rev1=1 rx=0x7ff14c000c00 tx=0x7ff14c0090f0).stop
2024-05-08T23:58:33.546 INFO:teuthology.orchestra.run.smithi026.stderr:/usr/bin/ceph:
2024-05-08T23:58:33.551+0000 7ff15d64d700 1 -- 172.21.15.26:0/1253408742 shutdown_connections
2024-05-08T23:58:33.546 INFO:teuthology.orchestra.run.smithi026.stderr:/usr/bin/ceph:
2024-05-08T23:58:33.551+0000 7ff15d64d700 1 --2- 172.21.15.26:0/1253408742 >> [v2:172.21.15.26:6800/3965746041,v1:172.21.15.26:6801/3965746041] conn(0x7ff140032660 0x7ff140034b20 unknown :-1 s=CLOSED pgs=14 cs=0 l=1 rev1=1 rx=0 tx=0).stop
2024-05-08T23:58:33.547 INFO:teuthology.orchestra.run.smithi026.stderr:/usr/bin/ceph:
2024-05-08T23:58:33.551+0000 7ff15d64d700 1 --2- 172.21.15.26:0/1253408742 >> [v2:172.21.15.26:3300/0,v1:172.21.15.26:6789/0] conn(0x7ff158071c00 0x7ff15810bec0 unknown :-1 s=CLOSED pgs=48 cs=0 l=1 rev1=1 rx=0 tx=0).stop
2024-05-08T23:58:33.547 INFO:teuthology.orchestra.run.smithi026.stderr:/usr/bin/ceph:
2024-05-08T23:58:33.551+0000 7ff15d64d700 1 -- 172.21.15.26:0/1253408742 >> 172.21.15.26:0/1253408742 conn(0x7ff1580f76f0 msgr2=0x7ff1580f9150 unknown :-1 s=STATE_NONE l=0).mark_down
2024-05-08T23:58:33.547 INFO:teuthology.orchestra.run.smithi026.stderr:/usr/bin/ceph:
2024-05-08T23:58:33.552+0000 7ff15d64d700 1 -- 172.21.15.26:0/1253408742 shutdown_connections
2024-05-08T23:58:33.547 INFO:teuthology.orchestra.run.smithi026.stderr:/usr/bin/ceph:
2024-05-08T23:58:33.552+0000 7ff15d64d700 1 -- 172.21.15.26:0/1253408742 wait complete.
2024-05-08T23:58:34.894 INFO:journalctl@ceph.mon.smithi026.smithi026.stdout:May 08 23:58:34 smithi026 ceph-aa42787e-0d96-11ef-bc97-c7b262605968-mon-smithi026[40044]: audit
2024-05-08T23:58:33.547056+0000 mgr.smithi026.brymfp (mgr.14116) 17 : audit [DBG] from='client.14142 -' entity='client.admin' cmd=[{"prefix": "orch apply", "service_type": "prometheus", "target": ["mon-mgr", ""]}]: dispatch
2024-05-08T23:58:34.894 INFO:journalctl@ceph.mon.smithi026.smithi026.stdout:May 08 23:58:34 smithi026 ceph-aa42787e-0d96-11ef-bc97-c7b262605968-mon-smithi026[40044]: cephadm
2024-05-08T23:58:33.547868+0000 mgr.smithi026.brymfp (mgr.14116) 18 : cephadm [INF] Saving service prometheus spec with placement count:1
2024-05-08T23:58:34.894 INFO:journalctl@ceph.mon.smithi026.smithi026.stdout:May 08 23:58:34 smithi026 ceph-aa42787e-0d96-11ef-bc97-c7b262605968-mon-smithi026[40044]: audit
2024-05-08T23:58:33.550084+0000 mon.smithi026 (mon.0) 60 : audit [INF] from='mgr.14116 172.21.15.26:0/3330714957' entity='mgr.smithi026.brymfp'
2024-05-08T23:58:35.461 INFO:teuthology.orchestra.run.smithi026.stderr:Deploying grafana service with default placement...
2024-05-08T23:58:36.016 INFO:teuthology.orchestra.run.smithi026.stderr:/usr/bin/ceph:
2024-05-08T23:58:35.970+0000 7fccf5da7700 1 Processor -- start
2024-05-08T23:58:36.016 INFO:teuthology.orchestra.run.smithi026.stderr:/usr/bin/ceph:
2024-05-08T23:58:35.970+0000 7fccf5da7700 1 -- start start
2024-05-08T23:58:36.016 INFO:teuthology.orchestra.run.smithi026.stderr:/usr/bin/ceph:
2024-05-08T23:58:35.970+0000 7fccf5da7700 1 --2- >> [v2:172.21.15.26:3300/0,v1:172.21.15.26:6789/0] conn(0x7fccf0071c20 0x7fccf00ffc70 unknown :-1 s=NONE pgs=0 cs=0 l=0 rev1=0 rx=0 tx=0).connect
2024-05-08T23:58:36.016 INFO:teuthology.orchestra.run.smithi026.stderr:/usr/bin/ceph:
2024-05-08T23:58:35.970+0000 7fccf5da7700 1 -- --> [v2:172.21.15.26:3300/0,v1:172.21.15.26:6789/0] -- mon_getmap magic: 0 v1 -- 0x7fccf0100160 con 0x7fccf0071c20
2024-05-08T23:58:36.016 INFO:teuthology.orchestra.run.smithi026.stderr:/usr/bin/ceph:
2024-05-08T23:58:35.970+0000 7fccef7fe700 1 --2- >> [v2:172.21.15.26:3300/0,v1:172.21.15.26:6789/0] conn(0x7fccf0071c20 0x7fccf00ffc70 unknown :-1 s=BANNER_CONNECTING pgs=0 cs=0 l=0 rev1=0 rx=0 tx=0)._handle_peer_banner_payload supported=1 required=0
2024-05-08T23:58:36.016 INFO:teuthology.orchestra.run.smithi026.stderr:/usr/bin/ceph:
2024-05-08T23:58:35.971+0000 7fccef7fe700 1 --2- >> [v2:172.21.15.26:3300/0,v1:172.21.15.26:6789/0] conn(0x7fccf0071c20 0x7fccf00ffc70 unknown :-1 s=HELLO_CONNECTING pgs=0 cs=0 l=0 rev1=1 rx=0 tx=0).handle_hello peer v2:172.21.15.26:3300/0 says I am v2:172.21.15.26:36078/0 (socket says 172.21.15.26:36078)
2024-05-08T23:58:36.016 INFO:teuthology.orchestra.run.smithi026.stderr:/usr/bin/ceph:
2024-05-08T23:58:35.971+0000 7fccef7fe700 1 -- 172.21.15.26:0/2560626397 learned_addr learned my addr 172.21.15.26:0/2560626397 (peer_addr_for_me v2:172.21.15.26:0/0)
2024-05-08T23:58:36.016 INFO:teuthology.orchestra.run.smithi026.stderr:/usr/bin/ceph:
2024-05-08T23:58:35.971+0000 7fccef7fe700 1 -- 172.21.15.26:0/2560626397 --> [v2:172.21.15.26:3300/0,v1:172.21.15.26:6789/0] -- mon_subscribe({config=0+,monmap=0+}) v3 -- 0x7fccf01002a0 con 0x7fccf0071c20
2024-05-08T23:58:36.016 INFO:teuthology.orchestra.run.smithi026.stderr:/usr/bin/ceph:
2024-05-08T23:58:35.971+0000 7fccef7fe700 1 --2- 172.21.15.26:0/2560626397 >> [v2:172.21.15.26:3300/0,v1:172.21.15.26:6789/0] conn(0x7fccf0071c20 0x7fccf00ffc70 secure :-1 s=READY pgs=49 cs=0 l=1 rev1=1 rx=0x7fcce0009730 tx=0x7fcce00090f0).ready entity=mon.0 client_cookie=724cb24f496bf6f8 server_cookie=0 in_seq=0 out_seq=0
2024-05-08T23:58:36.016 INFO:teuthology.orchestra.run.smithi026.stderr:/usr/bin/ceph:
2024-05-08T23:58:35.971+0000 7fccee7fc700 1 -- 172.21.15.26:0/2560626397 <== mon.0 v2:172.21.15.26:3300/0 1 ==== mon_map magic: 0 v1 ==== 229+0+0 (secure 0 0 0) 0x7fcce000b770 con 0x7fccf0071c20
2024-05-08T23:58:36.016 INFO:teuthology.orchestra.run.smithi026.stderr:/usr/bin/ceph:
2024-05-08T23:58:35.971+0000 7fccee7fc700 1 -- 172.21.15.26:0/2560626397 <== mon.0 v2:172.21.15.26:3300/0 2 ==== config(25 keys) v1 ==== 1046+0+0 (secure 0 0 0) 0x7fcce000bd60 con 0x7fccf0071c20
2024-05-08T23:58:36.017 INFO:teuthology.orchestra.run.smithi026.stderr:/usr/bin/ceph:
