2024-05-08T23:58:41.090+0000 7f60e0772700 1 --2- >> [v2:172.21.15.26:3300/0,v1:172.21.15.26:6789/0] conn(0x7f60d8071bc0 0x7f60d810dfe0 unknown :-1 s=NONE pgs=0 cs=0 l=1 rev1=0 rx=0 tx=0).connect
2024-05-08T23:58:41.087 INFO:teuthology.orchestra.run.smithi026.stderr:/usr/bin/ceph:
2024-05-08T23:58:41.090+0000 7f60e0772700 1 -- --> [v2:172.21.15.26:3300/0,v1:172.21.15.26:6789/0] -- mon_getmap magic: 0 v1 -- 0x7f60d810e4d0 con 0x7f60d8071bc0
2024-05-08T23:58:41.087 INFO:teuthology.orchestra.run.smithi026.stderr:/usr/bin/ceph:
2024-05-08T23:58:41.090+0000 7f60de50e700 1 --2- >> [v2:172.21.15.26:3300/0,v1:172.21.15.26:6789/0] conn(0x7f60d8071bc0 0x7f60d810dfe0 unknown :-1 s=BANNER_CONNECTING pgs=0 cs=0 l=1 rev1=0 rx=0 tx=0)._handle_peer_banner_payload supported=1 required=0
2024-05-08T23:58:41.087 INFO:teuthology.orchestra.run.smithi026.stderr:/usr/bin/ceph:
2024-05-08T23:58:41.090+0000 7f60de50e700 1 --2- >> [v2:172.21.15.26:3300/0,v1:172.21.15.26:6789/0] conn(0x7f60d8071bc0 0x7f60d810dfe0 unknown :-1 s=HELLO_CONNECTING pgs=0 cs=0 l=1 rev1=1 rx=0 tx=0).handle_hello peer v2:172.21.15.26:3300/0 says I am v2:172.21.15.26:36144/0 (socket says 172.21.15.26:36144)
2024-05-08T23:58:41.087 INFO:teuthology.orchestra.run.smithi026.stderr:/usr/bin/ceph:
2024-05-08T23:58:41.090+0000 7f60de50e700 1 -- 172.21.15.26:0/920321794 learned_addr learned my addr 172.21.15.26:0/920321794 (peer_addr_for_me v2:172.21.15.26:0/0)
2024-05-08T23:58:41.087 INFO:teuthology.orchestra.run.smithi026.stderr:/usr/bin/ceph:
2024-05-08T23:58:41.091+0000 7f60de50e700 1 -- 172.21.15.26:0/920321794 --> [v2:172.21.15.26:3300/0,v1:172.21.15.26:6789/0] -- mon_subscribe({config=0+,monmap=0+}) v3 -- 0x7f60d4009370 con 0x7f60d8071bc0
2024-05-08T23:58:41.087 INFO:teuthology.orchestra.run.smithi026.stderr:/usr/bin/ceph:
2024-05-08T23:58:41.091+0000 7f60de50e700 1 --2- 172.21.15.26:0/920321794 >> [v2:172.21.15.26:3300/0,v1:172.21.15.26:6789/0] conn(0x7f60d8071bc0 0x7f60d810dfe0 secure :-1 s=READY pgs=56 cs=0 l=1 rev1=1 rx=0x7f60d4006e30 tx=0x7f60d40090f0).ready entity=mon.0 client_cookie=0 server_cookie=0 in_seq=0 out_seq=0
2024-05-08T23:58:41.088 INFO:teuthology.orchestra.run.smithi026.stderr:/usr/bin/ceph:
2024-05-08T23:58:41.091+0000 7f60cb7fe700 1 -- 172.21.15.26:0/920321794 <== mon.0 v2:172.21.15.26:3300/0 1 ==== mon_map magic: 0 v1 ==== 229+0+0 (secure 0 0 0) 0x7f60d401a590 con 0x7f60d8071bc0
2024-05-08T23:58:41.088 INFO:teuthology.orchestra.run.smithi026.stderr:/usr/bin/ceph:
2024-05-08T23:58:41.091+0000 7f60cb7fe700 1 -- 172.21.15.26:0/920321794 <== mon.0 v2:172.21.15.26:3300/0 2 ==== config(25 keys) v1 ==== 1046+0+0 (secure 0 0 0) 0x7f60d401ab80 con 0x7f60d8071bc0
2024-05-08T23:58:41.088 INFO:teuthology.orchestra.run.smithi026.stderr:/usr/bin/ceph:
2024-05-08T23:58:41.091+0000 7f60cb7fe700 1 -- 172.21.15.26:0/920321794 <== mon.0 v2:172.21.15.26:3300/0 3 ==== mon_map magic: 0 v1 ==== 229+0+0 (secure 0 0 0) 0x7f60d4022b30 con 0x7f60d8071bc0
2024-05-08T23:58:41.088 INFO:teuthology.orchestra.run.smithi026.stderr:/usr/bin/ceph:
2024-05-08T23:58:41.091+0000 7f60e0772700 1 -- 172.21.15.26:0/920321794 --> [v2:172.21.15.26:3300/0,v1:172.21.15.26:6789/0] -- mon_subscribe({mgrmap=0+}) v3 -- 0x7f60d810e6d0 con 0x7f60d8071bc0
2024-05-08T23:58:41.088 INFO:teuthology.orchestra.run.smithi026.stderr:/usr/bin/ceph:
2024-05-08T23:58:41.091+0000 7f60e0772700 1 -- 172.21.15.26:0/920321794 --> [v2:172.21.15.26:3300/0,v1:172.21.15.26:6789/0] -- mon_subscribe({osdmap=0}) v3 -- 0x7f60d810eae0 con 0x7f60d8071bc0
2024-05-08T23:58:41.088 INFO:teuthology.orchestra.run.smithi026.stderr:/usr/bin/ceph:
2024-05-08T23:58:41.092+0000 7f60cb7fe700 1 -- 172.21.15.26:0/920321794 <== mon.0 v2:172.21.15.26:3300/0 4 ==== mgrmap(e 8) v1 ==== 38632+0+0 (secure 0 0 0) 0x7f60d4019390 con 0x7f60d8071bc0
2024-05-08T23:58:41.088 INFO:teuthology.orchestra.run.smithi026.stderr:/usr/bin/ceph:
2024-05-08T23:58:41.092+0000 7f60cb7fe700 1 --2- 172.21.15.26:0/920321794 >> [v2:172.21.15.26:6800/3965746041,v1:172.21.15.26:6801/3965746041] conn(0x7f60c4032660 0x7f60c4034b20 unknown :-1 s=NONE pgs=0 cs=0 l=1 rev1=0 rx=0 tx=0).connect
2024-05-08T23:58:41.088 INFO:teuthology.orchestra.run.smithi026.stderr:/usr/bin/ceph:
2024-05-08T23:58:41.092+0000 7f60cb7fe700 1 -- 172.21.15.26:0/920321794 <== mon.0 v2:172.21.15.26:3300/0 5 ==== osd_map(2..2 src has 1..2) v4 ==== 893+0+0 (secure 0 0 0) 0x7f60d4044d40 con 0x7f60d8071bc0
2024-05-08T23:58:41.088 INFO:teuthology.orchestra.run.smithi026.stderr:/usr/bin/ceph:
2024-05-08T23:58:41.092+0000 7f60ddd0d700 1 --2- 172.21.15.26:0/920321794 >> [v2:172.21.15.26:6800/3965746041,v1:172.21.15.26:6801/3965746041] conn(0x7f60c4032660 0x7f60c4034b20 unknown :-1 s=BANNER_CONNECTING pgs=0 cs=0 l=1 rev1=0 rx=0 tx=0)._handle_peer_banner_payload supported=1 required=0
2024-05-08T23:58:41.088 INFO:teuthology.orchestra.run.smithi026.stderr:/usr/bin/ceph:
2024-05-08T23:58:41.092+0000 7f60e0772700 1 -- 172.21.15.26:0/920321794 --> [v2:172.21.15.26:3300/0,v1:172.21.15.26:6789/0] -- mon_command({"prefix": "get_command_descriptions"} v 0) v1 -- 0x7f60d805a310 con 0x7f60d8071bc0
2024-05-08T23:58:41.088 INFO:teuthology.orchestra.run.smithi026.stderr:/usr/bin/ceph:
2024-05-08T23:58:41.092+0000 7f60ddd0d700 1 --2- 172.21.15.26:0/920321794 >> [v2:172.21.15.26:6800/3965746041,v1:172.21.15.26:6801/3965746041] conn(0x7f60c4032660 0x7f60c4034b20 secure :-1 s=READY pgs=18 cs=0 l=1 rev1=1 rx=0x7f60cc009780 tx=0x7f60cc006cc0).ready entity=mgr.14116 client_cookie=0 server_cookie=0 in_seq=0 out_seq=0
2024-05-08T23:58:41.091 INFO:teuthology.orchestra.run.smithi026.stderr:/usr/bin/ceph:
2024-05-08T23:58:41.097+0000 7f60cb7fe700 1 -- 172.21.15.26:0/920321794 <== mon.0 v2:172.21.15.26:3300/0 6 ==== mon_command_ack([{"prefix": "get_command_descriptions"}]=0 v0) v1 ==== 72+0+163658 (secure 0 0 0) 0x7f60d4019690 con 0x7f60d8071bc0
2024-05-08T23:58:41.144 INFO:journalctl@ceph.mon.smithi026.smithi026.stdout:May 08 23:58:40 smithi026 ceph-aa42787e-0d96-11ef-bc97-c7b262605968-mon-smithi026[40044]: audit
2024-05-08T23:58:39.830484+0000 mgr.smithi026.brymfp (mgr.14116) 24 : audit [DBG] from='client.14148 -' entity='client.admin' cmd=[{"prefix": "orch apply", "service_type": "alertmanager", "target": ["mon-mgr", ""]}]: dispatch
2024-05-08T23:58:41.144 INFO:journalctl@ceph.mon.smithi026.smithi026.stdout:May 08 23:58:40 smithi026 ceph-aa42787e-0d96-11ef-bc97-c7b262605968-mon-smithi026[40044]: cephadm
2024-05-08T23:58:39.831295+0000 mgr.smithi026.brymfp (mgr.14116) 25 : cephadm [INF] Saving service alertmanager spec with placement count:1
2024-05-08T23:58:41.144 INFO:journalctl@ceph.mon.smithi026.smithi026.stdout:May 08 23:58:40 smithi026 ceph-aa42787e-0d96-11ef-bc97-c7b262605968-mon-smithi026[40044]: audit
2024-05-08T23:58:39.833567+0000 mon.smithi026 (mon.0) 64 : audit [INF] from='mgr.14116 172.21.15.26:0/3330714957' entity='mgr.smithi026.brymfp'
2024-05-08T23:58:41.263 INFO:teuthology.orchestra.run.smithi026.stderr:/usr/bin/ceph:
2024-05-08T23:58:41.269+0000 7f60e0772700 1 -- 172.21.15.26:0/920321794 --> [v2:172.21.15.26:3300/0,v1:172.21.15.26:6789/0] -- mon_command([{prefix=config set, name=mgr/cephadm/container_init}] v 0) v1 -- 0x7f60d8107de0 con 0x7f60d8071bc0
2024-05-08T23:58:41.265 INFO:teuthology.orchestra.run.smithi026.stderr:/usr/bin/ceph:
2024-05-08T23:58:41.272+0000 7f60cb7fe700 1 -- 172.21.15.26:0/920321794 <== mon.0 v2:172.21.15.26:3300/0 7 ==== mon_command_ack([{prefix=config set, name=mgr/cephadm/container_init}]=0 v7)=0 v7) v1 ==== 142+0+0 (secure 0 0 0) 0x7f60d4018b10 con 0x7f60d8071bc0
2024-05-08T23:58:41.268 INFO:teuthology.orchestra.run.smithi026.stderr:/usr/bin/ceph:
2024-05-08T23:58:41.273+0000 7f60e0772700 1 -- 172.21.15.26:0/920321794 >> [v2:172.21.15.26:6800/3965746041,v1:172.21.15.26:6801/3965746041] conn(0x7f60c4032660 msgr2=0x7f60c4034b20 secure :-1 s=STATE_CONNECTION_ESTABLISHED l=1).mark_down
2024-05-08T23:58:41.268 INFO:teuthology.orchestra.run.smithi026.stderr:/usr/bin/ceph:
2024-05-08T23:58:41.273+0000 7f60e0772700 1 --2- 172.21.15.26:0/920321794 >> [v2:172.21.15.26:6800/3965746041,v1:172.21.15.26:6801/3965746041] conn(0x7f60c4032660 0x7f60c4034b20 secure :-1 s=READY pgs=18 cs=0 l=1 rev1=1 rx=0x7f60cc009780 tx=0x7f60cc006cc0).stop
2024-05-08T23:58:41.268 INFO:teuthology.orchestra.run.smithi026.stderr:/usr/bin/ceph:
2024-05-08T23:58:41.273+0000 7f60e0772700 1 -- 172.21.15.26:0/920321794 >> [v2:172.21.15.26:3300/0,v1:172.21.15.26:6789/0] conn(0x7f60d8071bc0 msgr2=0x7f60d810dfe0 secure :-1 s=STATE_CONNECTION_ESTABLISHED l=1).mark_down
2024-05-08T23:58:41.269 INFO:teuthology.orchestra.run.smithi026.stderr:/usr/bin/ceph:
2024-05-08T23:58:41.274+0000 7f60e0772700 1 --2- 172.21.15.26:0/920321794 >> [v2:172.21.15.26:3300/0,v1:172.21.15.26:6789/0] conn(0x7f60d8071bc0 0x7f60d810dfe0 secure :-1 s=READY pgs=56 cs=0 l=1 rev1=1 rx=0x7f60d4006e30 tx=0x7f60d40090f0).stop
2024-05-08T23:58:41.269 INFO:teuthology.orchestra.run.smithi026.stderr:/usr/bin/ceph:
2024-05-08T23:58:41.274+0000 7f60e0772700 1 -- 172.21.15.26:0/920321794 shutdown_connections
2024-05-08T23:58:41.269 INFO:teuthology.orchestra.run.smithi026.stderr:/usr/bin/ceph:
2024-05-08T23:58:41.274+0000 7f60e0772700 1 --2- 172.21.15.26:0/920321794 >> [v2:172.21.15.26:6800/3965746041,v1:172.21.15.26:6801/3965746041] conn(0x7f60c4032660 0x7f60c4034b20 unknown :-1 s=CLOSED pgs=18 cs=0 l=1 rev1=1 rx=0 tx=0).stop
2024-05-08T23:58:41.269 INFO:teuthology.orchestra.run.smithi026.stderr:/usr/bin/ceph:
2024-05-08T23:58:41.274+0000 7f60e0772700 1 --2- 172.21.15.26:0/920321794 >> [v2:172.21.15.26:3300/0,v1:172.21.15.26:6789/0] conn(0x7f60d8071bc0 0x7f60d810dfe0 unknown :-1 s=CLOSED pgs=56 cs=0 l=1 rev1=1 rx=0 tx=0).stop
2024-05-08T23:58:41.269 INFO:teuthology.orchestra.run.smithi026.stderr:/usr/bin/ceph:
2024-05-08T23:58:41.274+0000 7f60e0772700 1 -- 172.21.15.26:0/920321794 >> 172.21.15.26:0/920321794 conn(0x7f60d80f7750 msgr2=0x7f60d80f9140 unknown :-1 s=STATE_NONE l=0).mark_down
2024-05-08T23:58:41.269 INFO:teuthology.orchestra.run.smithi026.stderr:/usr/bin/ceph:
2024-05-08T23:58:41.274+0000 7f60e0772700 1 -- 172.21.15.26:0/920321794 shutdown_connections
2024-05-08T23:58:41.269 INFO:teuthology.orchestra.run.smithi026.stderr:/usr/bin/ceph:
2024-05-08T23:58:41.274+0000 7f60e0772700 1 -- 172.21.15.26:0/920321794 wait complete.
2024-05-08T23:58:41.893 INFO:journalctl@ceph.mon.smithi026.smithi026.stdout:May 08 23:58:41 smithi026 ceph-aa42787e-0d96-11ef-bc97-c7b262605968-mon-smithi026[40044]: cluster
2024-05-08T23:58:40.412164+0000 mgr.smithi026.brymfp (mgr.14116) 26 : cluster [DBG] pgmap v4: 0 pgs: ; 0 B data, 0 B used, 0 B / 0 B avail
2024-05-08T23:58:41.894 INFO:journalctl@ceph.mon.smithi026.smithi026.stdout:May 08 23:58:41 smithi026 ceph-aa42787e-0d96-11ef-bc97-c7b262605968-mon-smithi026[40044]: audit
2024-05-08T23:58:41.272441+0000 mon.smithi026 (mon.0) 65 : audit [INF] from='client.? 172.21.15.26:0/920321794' entity='client.admin'
2024-05-08T23:58:42.510 INFO:teuthology.orchestra.run.smithi026.stderr:/usr/bin/ceph:
2024-05-08T23:58:42.515+0000 7f2faaad1700 1 Processor -- start
2024-05-08T23:58:42.511 INFO:teuthology.orchestra.run.smithi026.stderr:/usr/bin/ceph:
2024-05-08T23:58:42.515+0000 7f2faaad1700 1 -- start start
2024-05-08T23:58:42.511 INFO:teuthology.orchestra.run.smithi026.stderr:/usr/bin/ceph:
2024-05-08T23:58:42.515+0000 7f2faaad1700 1 --2- >> [v2:172.21.15.26:3300/0,v1:172.21.15.26:6789/0] conn(0x7f2fa4071be0 0x7f2fa41020b0 unknown :-1 s=NONE pgs=0 cs=0 l=0 rev1=0 rx=0 tx=0).connect
2024-05-08T23:58:42.511 INFO:teuthology.orchestra.run.smithi026.stderr:/usr/bin/ceph:
2024-05-08T23:58:42.515+0000 7f2faaad1700 1 -- --> [v2:172.21.15.26:3300/0,v1:172.21.15.26:6789/0] -- mon_getmap magic: 0 v1 -- 0x7f2fa40fdaa0 con 0x7f2fa4071be0
2024-05-08T23:58:42.511 INFO:teuthology.orchestra.run.smithi026.stderr:/usr/bin/ceph:
2024-05-08T23:58:42.515+0000 7f2fa886d700 1 --2- >> [v2:172.21.15.26:3300/0,v1:172.21.15.26:6789/0] conn(0x7f2fa4071be0 0x7f2fa41020b0 unknown :-1 s=BANNER_CONNECTING pgs=0 cs=0 l=0 rev1=0 rx=0 tx=0)._handle_peer_banner_payload supported=1 required=0
2024-05-08T23:58:42.511 INFO:teuthology.orchestra.run.smithi026.stderr:/usr/bin/ceph:
2024-05-08T23:58:42.515+0000 7f2fa886d700 1 --2- >> [v2:172.21.15.26:3300/0,v1:172.21.15.26:6789/0] conn(0x7f2fa4071be0 0x7f2fa41020b0 unknown :-1 s=HELLO_CONNECTING pgs=0 cs=0 l=0 rev1=1 rx=0 tx=0).handle_hello peer v2:172.21.15.26:3300/0 says I am v2:172.21.15.26:55860/0 (socket says 172.21.15.26:55860)
2024-05-08T23:58:42.511 INFO:teuthology.orchestra.run.smithi026.stderr:/usr/bin/ceph:
2024-05-08T23:58:42.515+0000 7f2fa886d700 1 -- 172.21.15.26:0/2623517093 learned_addr learned my addr 172.21.15.26:0/2623517093 (peer_addr_for_me v2:172.21.15.26:0/0)
2024-05-08T23:58:42.511 INFO:teuthology.orchestra.run.smithi026.stderr:/usr/bin/ceph:
2024-05-08T23:58:42.515+0000 7f2fa886d700 1 -- 172.21.15.26:0/2623517093 --> [v2:172.21.15.26:3300/0,v1:172.21.15.26:6789/0] -- mon_subscribe({config=0+,monmap=0+}) v3 -- 0x7f2fa41025a0 con 0x7f2fa4071be0
2024-05-08T23:58:42.511 INFO:teuthology.orchestra.run.smithi026.stderr:/usr/bin/ceph:
2024-05-08T23:58:42.515+0000 7f2fa886d700 1 --2- 172.21.15.26:0/2623517093 >> [v2:172.21.15.26:3300/0,v1:172.21.15.26:6789/0] conn(0x7f2fa4071be0 0x7f2fa41020b0 secure :-1 s=READY pgs=57 cs=0 l=1 rev1=1 rx=0x7f2f98009730 tx=0x7f2f980090f0).ready entity=mon.0 client_cookie=bc1a49a053493808 server_cookie=0 in_seq=0 out_seq=0
2024-05-08T23:58:42.511 INFO:teuthology.orchestra.run.smithi026.stderr:/usr/bin/ceph:
2024-05-08T23:58:42.516+0000 7f2fa37fe700 1 -- 172.21.15.26:0/2623517093 <== mon.0 v2:172.21.15.26:3300/0 1 ==== mon_map magic: 0 v1 ==== 229+0+0 (secure 0 0 0) 0x7f2f9800b6e0 con 0x7f2fa4071be0
2024-05-08T23:58:42.511 INFO:teuthology.orchestra.run.smithi026.stderr:/usr/bin/ceph:
2024-05-08T23:58:42.516+0000 7f2fa37fe700 1 -- 172.21.15.26:0/2623517093 <== mon.0 v2:172.21.15.26:3300/0 2 ==== config(25 keys) v1 ==== 1046+0+0 (secure 0 0 0) 0x7f2f9800bcd0 con 0x7f2fa4071be0
2024-05-08T23:58:42.511 INFO:teuthology.orchestra.run.smithi026.stderr:/usr/bin/ceph:
2024-05-08T23:58:42.516+0000 7f2fa37fe700 1 -- 172.21.15.26:0/2623517093 <== mon.0 v2:172.21.15.26:3300/0 3 ==== mon_map magic: 0 v1 ==== 229+0+0 (secure 0 0 0) 0x7f2f98011cb0 con 0x7f2fa4071be0
2024-05-08T23:58:42.511 INFO:teuthology.orchestra.run.smithi026.stderr:/usr/bin/ceph:
2024-05-08T23:58:42.516+0000 7f2faaad1700 1 -- 172.21.15.26:0/2623517093 >> [v2:172.21.15.26:3300/0,v1:172.21.15.26:6789/0] conn(0x7f2fa4071be0 msgr2=0x7f2fa41020b0 secure :-1 s=STATE_CONNECTION_ESTABLISHED l=1).mark_down
2024-05-08T23:58:42.511 INFO:teuthology.orchestra.run.smithi026.stderr:/usr/bin/ceph:
2024-05-08T23:58:42.516+0000 7f2faaad1700 1 --2- 172.21.15.26:0/2623517093 >> [v2:172.21.15.26:3300/0,v1:172.21.15.26:6789/0] conn(0x7f2fa4071be0 0x7f2fa41020b0 secure :-1 s=READY pgs=57 cs=0 l=1 rev1=1 rx=0x7f2f98009730 tx=0x7f2f980090f0).stop
2024-05-08T23:58:42.512 INFO:teuthology.orchestra.run.smithi026.stderr:/usr/bin/ceph:
2024-05-08T23:58:42.516+0000 7f2faaad1700 1 -- 172.21.15.26:0/2623517093 shutdown_connections
2024-05-08T23:58:42.513 INFO:teuthology.orchestra.run.smithi026.stderr:/usr/bin/ceph:
2024-05-08T23:58:42.516+0000 7f2faaad1700 1 --2- 172.21.15.26:0/2623517093 >> [v2:172.21.15.26:3300/0,v1:172.21.15.26:6789/0] conn(0x7f2fa4071be0 0x7f2fa41020b0 unknown :-1 s=CLOSED pgs=57 cs=0 l=1 rev1=1 rx=0 tx=0).stop
2024-05-08T23:58:42.513 INFO:teuthology.orchestra.run.smithi026.stderr:/usr/bin/ceph:
2024-05-08T23:58:42.516+0000 7f2faaad1700 1 -- 172.21.15.26:0/2623517093 >> 172.21.15.26:0/2623517093 conn(0x7f2fa40f76f0 msgr2=0x7f2fa40f9b10 unknown :-1 s=STATE_NONE l=0).mark_down
2024-05-08T23:58:42.513 INFO:teuthology.orchestra.run.smithi026.stderr:/usr/bin/ceph:
2024-05-08T23:58:42.516+0000 7f2faaad1700 1 -- 172.21.15.26:0/2623517093 shutdown_connections
2024-05-08T23:58:42.513 INFO:teuthology.orchestra.run.smithi026.stderr:/usr/bin/ceph:
2024-05-08T23:58:42.516+0000 7f2faaad1700 1 -- 172.21.15.26:0/2623517093 wait complete.
2024-05-08T23:58:42.513 INFO:teuthology.orchestra.run.smithi026.stderr:/usr/bin/ceph:
2024-05-08T23:58:42.517+0000 7f2faaad1700 1 Processor -- start
2024-05-08T23:58:42.513 INFO:teuthology.orchestra.run.smithi026.stderr:/usr/bin/ceph:
2024-05-08T23:58:42.517+0000 7f2faaad1700 1 -- start start
2024-05-08T23:58:42.513 INFO:teuthology.orchestra.run.smithi026.stderr:/usr/bin/ceph:
2024-05-08T23:58:42.517+0000 7f2faaad1700 1 --2- >> [v2:172.21.15.26:3300/0,v1:172.21.15.26:6789/0] conn(0x7f2fa4071be0 0x7f2fa410e010 unknown :-1 s=NONE pgs=0 cs=0 l=1 rev1=0 rx=0 tx=0).connect
2024-05-08T23:58:42.513 INFO:teuthology.orchestra.run.smithi026.stderr:/usr/bin/ceph:
2024-05-08T23:58:42.517+0000 7f2faaad1700 1 -- --> [v2:172.21.15.26:3300/0,v1:172.21.15.26:6789/0] -- mon_getmap magic: 0 v1 -- 0x7f2fa410e500 con 0x7f2fa4071be0
2024-05-08T23:58:42.513 INFO:teuthology.orchestra.run.smithi026.stderr:/usr/bin/ceph:
2024-05-08T23:58:42.517+0000 7f2fa886d700 1 --2- >> [v2:172.21.15.26:3300/0,v1:172.21.15.26:6789/0] conn(0x7f2fa4071be0 0x7f2fa410e010 unknown :-1 s=BANNER_CONNECTING pgs=0 cs=0 l=1 rev1=0 rx=0 tx=0)._handle_peer_banner_payload supported=1 required=0
2024-05-08T23:58:42.514 INFO:teuthology.orchestra.run.smithi026.stderr:/usr/bin/ceph:
2024-05-08T23:58:42.517+0000 7f2fa886d700 1 --2- >> [v2:172.21.15.26:3300/0,v1:172.21.15.26:6789/0] conn(0x7f2fa4071be0 0x7f2fa410e010 unknown :-1 s=HELLO_CONNECTING pgs=0 cs=0 l=1 rev1=1 rx=0 tx=0).handle_hello peer v2:172.21.15.26:3300/0 says I am v2:172.21.15.26:55862/0 (socket says 172.21.15.26:55862)
2024-05-08T23:58:42.514 INFO:teuthology.orchestra.run.smithi026.stderr:/usr/bin/ceph:
2024-05-08T23:58:42.517+0000 7f2fa886d700 1 -- 172.21.15.26:0/109961249 learned_addr learned my addr 172.21.15.26:0/109961249 (peer_addr_for_me v2:172.21.15.26:0/0)
2024-05-08T23:58:42.514 INFO:teuthology.orchestra.run.smithi026.stderr:/usr/bin/ceph:
2024-05-08T23:58:42.517+0000 7f2fa886d700 1 -- 172.21.15.26:0/109961249 --> [v2:172.21.15.26:3300/0,v1:172.21.15.26:6789/0] -- mon_subscribe({config=0+,monmap=0+}) v3 -- 0x7f2f98009370 con 0x7f2fa4071be0
2024-05-08T23:58:42.514 INFO:teuthology.orchestra.run.smithi026.stderr:/usr/bin/ceph:
2024-05-08T23:58:42.518+0000 7f2fa886d700 1 --2- 172.21.15.26:0/109961249 >> [v2:172.21.15.26:3300/0,v1:172.21.15.26:6789/0] conn(0x7f2fa4071be0 0x7f2fa410e010 secure :-1 s=READY pgs=58 cs=0 l=1 rev1=1 rx=0x7f2f980118b0 tx=0x7f2f980090f0).ready entity=mon.0 client_cookie=0 server_cookie=0 in_seq=0 out_seq=0
2024-05-08T23:58:42.514 INFO:teuthology.orchestra.run.smithi026.stderr:/usr/bin/ceph:
2024-05-08T23:58:42.518+0000 7f2fa1f76700 1 -- 172.21.15.26:0/109961249 <== mon.0 v2:172.21.15.26:3300/0 1 ==== mon_map magic: 0 v1 ==== 229+0+0 (secure 0 0 0) 0x7f2f9800be40 con 0x7f2fa4071be0
2024-05-08T23:58:42.514 INFO:teuthology.orchestra.run.smithi026.stderr:/usr/bin/ceph:
2024-05-08T23:58:42.518+0000 7f2faaad1700 1 -- 172.21.15.26:0/109961249 --> [v2:172.21.15.26:3300/0,v1:172.21.15.26:6789/0] -- mon_subscribe({mgrmap=0+}) v3 -- 0x7f2fa410e700 con 0x7f2fa4071be0
2024-05-08T23:58:42.514 INFO:teuthology.orchestra.run.smithi026.stderr:/usr/bin/ceph:
2024-05-08T23:58:42.518+0000 7f2fa1f76700 1 -- 172.21.15.26:0/109961249 <== mon.0 v2:172.21.15.26:3300/0 2 ==== config(25 keys) v1 ==== 1046+0+0 (secure 0 0 0) 0x7f2f9801aad0 con 0x7f2fa4071be0
2024-05-08T23:58:42.514 INFO:teuthology.orchestra.run.smithi026.stderr:/usr/bin/ceph:
2024-05-08T23:58:42.518+0000 7f2fa1f76700 1 -- 172.21.15.26:0/109961249 <== mon.0 v2:172.21.15.26:3300/0 3 ==== mon_map magic: 0 v1 ==== 229+0+0 (secure 0 0 0) 0x7f2f98023a80 con 0x7f2fa4071be0
2024-05-08T23:58:42.514 INFO:teuthology.orchestra.run.smithi026.stderr:/usr/bin/ceph:
2024-05-08T23:58:42.518+0000 7f2faaad1700 1 -- 172.21.15.26:0/109961249 --> [v2:172.21.15.26:3300/0,v1:172.21.15.26:6789/0] -- mon_subscribe({osdmap=0}) v3 -- 0x7f2fa410eb10 con 0x7f2fa4071be0
2024-05-08T23:58:42.514 INFO:teuthology.orchestra.run.smithi026.stderr:/usr/bin/ceph:
2024-05-08T23:58:42.519+0000 7f2fa1f76700 1 -- 172.21.15.26:0/109961249 <== mon.0 v2:172.21.15.26:3300/0 4 ==== mgrmap(e 8) v1 ==== 38632+0+0 (secure 0 0 0) 0x7f2f98023cc0 con 0x7f2fa4071be0
2024-05-08T23:58:42.514 INFO:teuthology.orchestra.run.smithi026.stderr:/usr/bin/ceph:
2024-05-08T23:58:42.519+0000 7f2fa1f76700 1 --2- 172.21.15.26:0/109961249 >> [v2:172.21.15.26:6800/3965746041,v1:172.21.15.26:6801/3965746041] conn(0x7f2f94032610 0x7f2f94034ad0 unknown :-1 s=NONE pgs=0 cs=0 l=1 rev1=0 rx=0 tx=0).connect
2024-05-08T23:58:42.514 INFO:teuthology.orchestra.run.smithi026.stderr:/usr/bin/ceph:
2024-05-08T23:58:42.519+0000 7f2fa1f76700 1 -- 172.21.15.26:0/109961249 <== mon.0 v2:172.21.15.26:3300/0 5 ==== osd_map(2..2 src has 1..2) v4 ==== 893+0+0 (secure 0 0 0) 0x7f2f98044b10 con 0x7f2fa4071be0
2024-05-08T23:58:42.515 INFO:teuthology.orchestra.run.smithi026.stderr:/usr/bin/ceph:
2024-05-08T23:58:42.519+0000 7f2fa3fff700 1 --2- 172.21.15.26:0/109961249 >> [v2:172.21.15.26:6800/3965746041,v1:172.21.15.26:6801/3965746041] conn(0x7f2f94032610 0x7f2f94034ad0 unknown :-1 s=BANNER_CONNECTING pgs=0 cs=0 l=1 rev1=0 rx=0 tx=0)._handle_peer_banner_payload supported=1 required=0
2024-05-08T23:58:42.515 INFO:teuthology.orchestra.run.smithi026.stderr:/usr/bin/ceph:
2024-05-08T23:58:42.519+0000 7f2faaad1700 1 -- 172.21.15.26:0/109961249 --> [v2:172.21.15.26:3300/0,v1:172.21.15.26:6789/0] -- mon_command({"prefix": "get_command_descriptions"} v 0) v1 -- 0x7f2fa405a310 con 0x7f2fa4071be0
2024-05-08T23:58:42.515 INFO:teuthology.orchestra.run.smithi026.stderr:/usr/bin/ceph:
2024-05-08T23:58:42.520+0000 7f2fa3fff700 1 --2- 172.21.15.26:0/109961249 >> [v2:172.21.15.26:6800/3965746041,v1:172.21.15.26:6801/3965746041] conn(0x7f2f94032610 0x7f2f94034ad0 secure :-1 s=READY pgs=19 cs=0 l=1 rev1=1 rx=0x7f2f90009780 tx=0x7f2f90006cc0).ready entity=mgr.14116 client_cookie=0 server_cookie=0 in_seq=0 out_seq=0
2024-05-08T23:58:42.518 INFO:teuthology.orchestra.run.smithi026.stderr:/usr/bin/ceph:
2024-05-08T23:58:42.524+0000 7f2fa1f76700 1 -- 172.21.15.26:0/109961249 <== mon.0 v2:172.21.15.26:3300/0 6 ==== mon_command_ack([{"prefix": "get_command_descriptions"}]=0 v0) v1 ==== 72+0+163658 (secure 0 0 0) 0x7f2f9801e070 con 0x7f2fa4071be0
2024-05-08T23:58:42.685 INFO:teuthology.orchestra.run.smithi026.stderr:/usr/bin/ceph:
2024-05-08T23:58:42.691+0000 7f2faaad1700 1 -- 172.21.15.26:0/109961249 --> [v2:172.21.15.26:3300/0,v1:172.21.15.26:6789/0] -- mon_command([{prefix=config set, name=mgr/dashboard/ssl_server_port}] v 0) v1 -- 0x7f2fa4046ce0 con 0x7f2fa4071be0
2024-05-08T23:58:42.688 INFO:teuthology.orchestra.run.smithi026.stderr:/usr/bin/ceph:
2024-05-08T23:58:42.694+0000 7f2fa1f76700 1 -- 172.21.15.26:0/109961249 <== mon.0 v2:172.21.15.26:3300/0 7 ==== mon_command_ack([{prefix=config set, name=mgr/dashboard/ssl_server_port}]=0 v8)=0 v8) v1 ==== 130+0+0 (secure 0 0 0) 0x7f2f9801e020 con 0x7f2fa4071be0
2024-05-08T23:58:42.691 INFO:teuthology.orchestra.run.smithi026.stderr:/usr/bin/ceph:
2024-05-08T23:58:42.696+0000 7f2faaad1700 1 -- 172.21.15.26:0/109961249 >> [v2:172.21.15.26:6800/3965746041,v1:172.21.15.26:6801/3965746041] conn(0x7f2f94032610 msgr2=0x7f2f94034ad0 secure :-1 s=STATE_CONNECTION_ESTABLISHED l=1).mark_down
2024-05-08T23:58:42.691 INFO:teuthology.orchestra.run.smithi026.stderr:/usr/bin/ceph:
2024-05-08T23:58:42.696+0000 7f2faaad1700 1 --2- 172.21.15.26:0/109961249 >> [v2:172.21.15.26:6800/3965746041,v1:172.21.15.26:6801/3965746041] conn(0x7f2f94032610 0x7f2f94034ad0 secure :-1 s=READY pgs=19 cs=0 l=1 rev1=1 rx=0x7f2f90009780 tx=0x7f2f90006cc0).stop
2024-05-08T23:58:42.691 INFO:teuthology.orchestra.run.smithi026.stderr:/usr/bin/ceph:
2024-05-08T23:58:42.696+0000 7f2faaad1700 1 -- 172.21.15.26:0/109961249 >> [v2:172.21.15.26:3300/0,v1:172.21.15.26:6789/0] conn(0x7f2fa4071be0 msgr2=0x7f2fa410e010 secure :-1 s=STATE_CONNECTION_ESTABLISHED l=1).mark_down
2024-05-08T23:58:42.691 INFO:teuthology.orchestra.run.smithi026.stderr:/usr/bin/ceph:
2024-05-08T23:58:42.696+0000 7f2faaad1700 1 --2- 172.21.15.26:0/109961249 >> [v2:172.21.15.26:3300/0,v1:172.21.15.26:6789/0] conn(0x7f2fa4071be0 0x7f2fa410e010 secure :-1 s=READY pgs=58 cs=0 l=1 rev1=1 rx=0x7f2f980118b0 tx=0x7f2f980090f0).stop
2024-05-08T23:58:42.691 INFO:teuthology.orchestra.run.smithi026.stderr:/usr/bin/ceph:
2024-05-08T23:58:42.696+0000 7f2faaad1700 1 -- 172.21.15.26:0/109961249 shutdown_connections
2024-05-08T23:58:42.691 INFO:teuthology.orchestra.run.smithi026.stderr:/usr/bin/ceph:
2024-05-08T23:58:42.696+0000 7f2faaad1700 1 --2- 172.21.15.26:0/109961249 >> [v2:172.21.15.26:6800/3965746041,v1:172.21.15.26:6801/3965746041] conn(0x7f2f94032610 0x7f2f94034ad0 unknown :-1 s=CLOSED pgs=19 cs=0 l=1 rev1=1 rx=0 tx=0).stop
2024-05-08T23:58:42.691 INFO:teuthology.orchestra.run.smithi026.stderr:/usr/bin/ceph:
2024-05-08T23:58:42.696+0000 7f2faaad1700 1 --2- 172.21.15.26:0/109961249 >> [v2:172.21.15.26:3300/0,v1:172.21.15.26:6789/0] conn(0x7f2fa4071be0 0x7f2fa410e010 unknown :-1 s=CLOSED pgs=58 cs=0 l=1 rev1=1 rx=0 tx=0).stop
2024-05-08T23:58:42.691 INFO:teuthology.orchestra.run.smithi026.stderr:/usr/bin/ceph:
2024-05-08T23:58:42.696+0000 7f2faaad1700 1 -- 172.21.15.26:0/109961249 >> 172.21.15.26:0/109961249 conn(0x7f2fa40f76f0 msgr2=0x7f2fa40f9120 unknown :-1 s=STATE_NONE l=0).mark_down
2024-05-08T23:58:42.691 INFO:teuthology.orchestra.run.smithi026.stderr:/usr/bin/ceph:
2024-05-08T23:58:42.696+0000 7f2faaad1700 1 -- 172.21.15.26:0/109961249 shutdown_connections
2024-05-08T23:58:42.691 INFO:teuthology.orchestra.run.smithi026.stderr:/usr/bin/ceph:
2024-05-08T23:58:42.696+0000 7f2faaad1700 1 -- 172.21.15.26:0/109961249 wait complete.
2024-05-08T23:58:43.527 INFO:teuthology.orchestra.run.smithi026.stderr:Enabling the dashboard module...
2024-05-08T23:58:43.787 INFO:journalctl@ceph.mon.smithi026.smithi026.stdout:May 08 23:58:43 smithi026 ceph-aa42787e-0d96-11ef-bc97-c7b262605968-mon-smithi026[40044]: cluster
2024-05-08T23:58:42.412515+0000 mgr.smithi026.brymfp (mgr.14116) 27 : cluster [DBG] pgmap v5: 0 pgs: ; 0 B data, 0 B used, 0 B / 0 B avail
2024-05-08T23:58:43.787 INFO:journalctl@ceph.mon.smithi026.smithi026.stdout:May 08 23:58:43 smithi026 ceph-aa42787e-0d96-11ef-bc97-c7b262605968-mon-smithi026[40044]: audit
2024-05-08T23:58:42.694536+0000 mon.smithi026 (mon.0) 66 : audit [INF] from='client.? 172.21.15.26:0/109961249' entity='client.admin'
2024-05-08T23:58:44.029 INFO:teuthology.orchestra.run.smithi026.stderr:/usr/bin/ceph:
2024-05-08T23:58:44.033+0000 7f159ffd8700 1 Processor -- start
2024-05-08T23:58:44.029 INFO:teuthology.orchestra.run.smithi026.stderr:/usr/bin/ceph:
2024-05-08T23:58:44.033+0000 7f159ffd8700 1 -- start start
2024-05-08T23:58:44.029 INFO:teuthology.orchestra.run.smithi026.stderr:/usr/bin/ceph:
2024-05-08T23:58:44.033+0000 7f159ffd8700 1 --2- >> [v2:172.21.15.26:3300/0,v1:172.21.15.26:6789/0] conn(0x7f1598071be0 0x7f15980ffcb0 unknown :-1 s=NONE pgs=0 cs=0 l=0 rev1=0 rx=0 tx=0).connect
2024-05-08T23:58:44.029 INFO:teuthology.orchestra.run.smithi026.stderr:/usr/bin/ceph:
2024-05-08T23:58:44.033+0000 7f159ffd8700 1 -- --> [v2:172.21.15.26:3300/0,v1:172.21.15.26:6789/0] -- mon_getmap magic: 0 v1 -- 0x7f15981001a0 con 0x7f1598071be0
2024-05-08T23:58:44.030 INFO:teuthology.orchestra.run.smithi026.stderr:/usr/bin/ceph:
2024-05-08T23:58:44.033+0000 7f159dd74700 1 --2- >> [v2:172.21.15.26:3300/0,v1:172.21.15.26:6789/0] conn(0x7f1598071be0 0x7f15980ffcb0 unknown :-1 s=BANNER_CONNECTING pgs=0 cs=0 l=0 rev1=0 rx=0 tx=0)._handle_peer_banner_payload supported=1 required=0
2024-05-08T23:58:44.030 INFO:teuthology.orchestra.run.smithi026.stderr:/usr/bin/ceph:
2024-05-08T23:58:44.034+0000 7f159dd74700 1 --2- >> [v2:172.21.15.26:3300/0,v1:172.21.15.26:6789/0] conn(0x7f1598071be0 0x7f15980ffcb0 unknown :-1 s=HELLO_CONNECTING pgs=0 cs=0 l=0 rev1=1 rx=0 tx=0).handle_hello peer v2:172.21.15.26:3300/0 says I am v2:172.21.15.26:55878/0 (socket says 172.21.15.26:55878)
2024-05-08T23:58:44.030 INFO:teuthology.orchestra.run.smithi026.stderr:/usr/bin/ceph:
2024-05-08T23:58:44.034+0000 7f159dd74700 1 -- 172.21.15.26:0/4267234590 learned_addr learned my addr 172.21.15.26:0/4267234590 (peer_addr_for_me v2:172.21.15.26:0/0)
2024-05-08T23:58:44.030 INFO:teuthology.orchestra.run.smithi026.stderr:/usr/bin/ceph:
2024-05-08T23:58:44.034+0000 7f159dd74700 1 -- 172.21.15.26:0/4267234590 --> [v2:172.21.15.26:3300/0,v1:172.21.15.26:6789/0] -- mon_subscribe({config=0+,monmap=0+}) v3 -- 0x7f15981002e0 con 0x7f1598071be0
2024-05-08T23:58:44.030 INFO:teuthology.orchestra.run.smithi026.stderr:/usr/bin/ceph:
2024-05-08T23:58:44.034+0000 7f159dd74700 1 --2- 172.21.15.26:0/4267234590 >> [v2:172.21.15.26:3300/0,v1:172.21.15.26:6789/0] conn(0x7f1598071be0 0x7f15980ffcb0 secure :-1 s=READY pgs=59 cs=0 l=1 rev1=1 rx=0x7f1594009730 tx=0x7f15940090f0).ready entity=mon.0 client_cookie=9262ce82e03fe19 server_cookie=0 in_seq=0 out_seq=0
2024-05-08T23:58:44.030 INFO:teuthology.orchestra.run.smithi026.stderr:/usr/bin/ceph:
2024-05-08T23:58:44.034+0000 7f159cd72700 1 -- 172.21.15.26:0/4267234590 <== mon.0 v2:172.21.15.26:3300/0 1 ==== mon_map magic: 0 v1 ==== 229+0+0 (secure 0 0 0) 0x7f159400b6e0 con 0x7f1598071be0
2024-05-08T23:58:44.030 INFO:teuthology.orchestra.run.smithi026.stderr:/usr/bin/ceph:
2024-05-08T23:58:44.034+0000 7f159cd72700 1 -- 172.21.15.26:0/4267234590 <== mon.0 v2:172.21.15.26:3300/0 2 ==== config(25 keys) v1 ==== 1046+0+0 (secure 0 0 0) 0x7f159400bcd0 con 0x7f1598071be0
2024-05-08T23:58:44.030 INFO:teuthology.orchestra.run.smithi026.stderr:/usr/bin/ceph:
2024-05-08T23:58:44.034+0000 7f159cd72700 1 -- 172.21.15.26:0/4267234590 <== mon.0 v2:172.21.15.26:3300/0 3 ==== mon_map magic: 0 v1 ==== 229+0+0 (secure 0 0 0) 0x7f1594011cb0 con 0x7f1598071be0
2024-05-08T23:58:44.030 INFO:teuthology.orchestra.run.smithi026.stderr:/usr/bin/ceph:
2024-05-08T23:58:44.035+0000 7f159ffd8700 1 -- 172.21.15.26:0/4267234590 >> [v2:172.21.15.26:3300/0,v1:172.21.15.26:6789/0] conn(0x7f1598071be0 msgr2=0x7f15980ffcb0 secure :-1 s=STATE_CONNECTION_ESTABLISHED l=1).mark_down
2024-05-08T23:58:44.030 INFO:teuthology.orchestra.run.smithi026.stderr:/usr/bin/ceph:
2024-05-08T23:58:44.035+0000 7f159ffd8700 1 --2- 172.21.15.26:0/4267234590 >> [v2:172.21.15.26:3300/0,v1:172.21.15.26:6789/0] conn(0x7f1598071be0 0x7f15980ffcb0 secure :-1 s=READY pgs=59 cs=0 l=1 rev1=1 rx=0x7f1594009730 tx=0x7f15940090f0).stop
2024-05-08T23:58:44.030 INFO:teuthology.orchestra.run.smithi026.stderr:/usr/bin/ceph:
2024-05-08T23:58:44.035+0000 7f159ffd8700 1 -- 172.21.15.26:0/4267234590 shutdown_connections
2024-05-08T23:58:44.030 INFO:teuthology.orchestra.run.smithi026.stderr:/usr/bin/ceph:
2024-05-08T23:58:44.035+0000 7f159ffd8700 1 --2- 172.21.15.26:0/4267234590 >> [v2:172.21.15.26:3300/0,v1:172.21.15.26:6789/0] conn(0x7f1598071be0 0x7f15980ffcb0 unknown :-1 s=CLOSED pgs=59 cs=0 l=1 rev1=1 rx=0 tx=0).stop
2024-05-08T23:58:44.031 INFO:teuthology.orchestra.run.smithi026.stderr:/usr/bin/ceph:
2024-05-08T23:58:44.035+0000 7f159ffd8700 1 -- 172.21.15.26:0/4267234590 >> 172.21.15.26:0/4267234590 conn(0x7f15980f76f0 msgr2=0x7f15980f9b10 unknown :-1 s=STATE_NONE l=0).mark_down
2024-05-08T23:58:44.031 INFO:teuthology.orchestra.run.smithi026.stderr:/usr/bin/ceph:
2024-05-08T23:58:44.035+0000 7f159ffd8700 1 -- 172.21.15.26:0/4267234590 shutdown_connections
2024-05-08T23:58:44.031 INFO:teuthology.orchestra.run.smithi026.stderr:/usr/bin/ceph:
2024-05-08T23:58:44.035+0000 7f159ffd8700 1 -- 172.21.15.26:0/4267234590 wait complete.
2024-05-08T23:58:44.032 INFO:teuthology.orchestra.run.smithi026.stderr:/usr/bin/ceph:
2024-05-08T23:58:44.036+0000 7f159ffd8700 1 Processor -- start
2024-05-08T23:58:44.032 INFO:teuthology.orchestra.run.smithi026.stderr:/usr/bin/ceph:
2024-05-08T23:58:44.036+0000 7f159ffd8700 1 -- start start
2024-05-08T23:58:44.032 INFO:teuthology.orchestra.run.smithi026.stderr:/usr/bin/ceph:
2024-05-08T23:58:44.036+0000 7f159ffd8700 1 --2- >> [v2:172.21.15.26:3300/0,v1:172.21.15.26:6789/0] conn(0x7f1598071be0 0x7f15980fd730 unknown :-1 s=NONE pgs=0 cs=0 l=1 rev1=0 rx=0 tx=0).connect
2024-05-08T23:58:44.032 INFO:teuthology.orchestra.run.smithi026.stderr:/usr/bin/ceph:
2024-05-08T23:58:44.036+0000 7f159ffd8700 1 -- --> [v2:172.21.15.26:3300/0,v1:172.21.15.26:6789/0] -- mon_getmap magic: 0 v1 -- 0x7f15980fbbb0 con 0x7f1598071be0
2024-05-08T23:58:44.032 INFO:teuthology.orchestra.run.smithi026.stderr:/usr/bin/ceph:
2024-05-08T23:58:44.036+0000 7f159dd74700 1 --2- >> [v2:172.21.15.26:3300/0,v1:172.21.15.26:6789/0] conn(0x7f1598071be0 0x7f15980fd730 unknown :-1 s=BANNER_CONNECTING pgs=0 cs=0 l=1 rev1=0 rx=0 tx=0)._handle_peer_banner_payload supported=1 required=0
2024-05-08T23:58:44.032 INFO:teuthology.orchestra.run.smithi026.stderr:/usr/bin/ceph:
2024-05-08T23:58:44.036+0000 7f159dd74700 1 --2- >> [v2:172.21.15.26:3300/0,v1:172.21.15.26:6789/0] conn(0x7f1598071be0 0x7f15980fd730 unknown :-1 s=HELLO_CONNECTING pgs=0 cs=0 l=1 rev1=1 rx=0 tx=0).handle_hello peer v2:172.21.15.26:3300/0 says I am v2:172.21.15.26:55884/0 (socket says 172.21.15.26:55884)
2024-05-08T23:58:44.032 INFO:teuthology.orchestra.run.smithi026.stderr:/usr/bin/ceph:
2024-05-08T23:58:44.036+0000 7f159dd74700 1 -- 172.21.15.26:0/3525765902 learned_addr learned my addr 172.21.15.26:0/3525765902 (peer_addr_for_me v2:172.21.15.26:0/0)
2024-05-08T23:58:44.033 INFO:teuthology.orchestra.run.smithi026.stderr:/usr/bin/ceph:
2024-05-08T23:58:44.036+0000 7f159dd74700 1 -- 172.21.15.26:0/3525765902 --> [v2:172.21.15.26:3300/0,v1:172.21.15.26:6789/0] -- mon_subscribe({config=0+,monmap=0+}) v3 -- 0x7f1594009370 con 0x7f1598071be0
2024-05-08T23:58:44.033 INFO:teuthology.orchestra.run.smithi026.stderr:/usr/bin/ceph:
2024-05-08T23:58:44.037+0000 7f159dd74700 1 --2- 172.21.15.26:0/3525765902 >> [v2:172.21.15.26:3300/0,v1:172.21.15.26:6789/0] conn(0x7f1598071be0 0x7f15980fd730 secure :-1 s=READY pgs=60 cs=0 l=1 rev1=1 rx=0x7f15940118b0 tx=0x7f15940090f0).ready entity=mon.0 client_cookie=0 server_cookie=0 in_seq=0 out_seq=0
2024-05-08T23:58:44.033 INFO:teuthology.orchestra.run.smithi026.stderr:/usr/bin/ceph:
2024-05-08T23:58:44.037+0000 7f158effd700 1 -- 172.21.15.26:0/3525765902 <== mon.0 v2:172.21.15.26:3300/0 1 ==== mon_map magic: 0 v1 ==== 229+0+0 (secure 0 0 0) 0x7f159400be40 con 0x7f1598071be0
2024-05-08T23:58:44.033 INFO:teuthology.orchestra.run.smithi026.stderr:/usr/bin/ceph:
2024-05-08T23:58:44.037+0000 7f159ffd8700 1 -- 172.21.15.26:0/3525765902 --> [v2:172.21.15.26:3300/0,v1:172.21.15.26:6789/0] -- mon_subscribe({mgrmap=0+}) v3 -- 0x7f15980fbd50 con 0x7f1598071be0
2024-05-08T23:58:44.033 INFO:teuthology.orchestra.run.smithi026.stderr:/usr/bin/ceph:
2024-05-08T23:58:44.037+0000 7f158effd700 1 -- 172.21.15.26:0/3525765902 <== mon.0 v2:172.21.15.26:3300/0 2 ==== config(25 keys) v1 ==== 1046+0+0 (secure 0 0 0) 0x7f159401aad0 con 0x7f1598071be0
2024-05-08T23:58:44.033 INFO:teuthology.orchestra.run.smithi026.stderr:/usr/bin/ceph:
2024-05-08T23:58:44.037+0000 7f158effd700 1 -- 172.21.15.26:0/3525765902 <== mon.0 v2:172.21.15.26:3300/0 3 ==== mon_map magic: 0 v1 ==== 229+0+0 (secure 0 0 0) 0x7f1594023a80 con 0x7f1598071be0
2024-05-08T23:58:44.033 INFO:teuthology.orchestra.run.smithi026.stderr:/usr/bin/ceph:
2024-05-08T23:58:44.037+0000 7f159ffd8700 1 -- 172.21.15.26:0/3525765902 --> [v2:172.21.15.26:3300/0,v1:172.21.15.26:6789/0] -- mon_subscribe({osdmap=0}) v3 -- 0x7f15980fc160 con 0x7f1598071be0
2024-05-08T23:58:44.033 INFO:teuthology.orchestra.run.smithi026.stderr:/usr/bin/ceph:
2024-05-08T23:58:44.037+0000 7f158effd700 1 -- 172.21.15.26:0/3525765902 <== mon.0 v2:172.21.15.26:3300/0 4 ==== mgrmap(e 8) v1 ==== 38632+0+0 (secure 0 0 0) 0x7f1594023cc0 con 0x7f1598071be0
2024-05-08T23:58:44.033 INFO:teuthology.orchestra.run.smithi026.stderr:/usr/bin/ceph:
2024-05-08T23:58:44.038+0000 7f158effd700 1 --2- 172.21.15.26:0/3525765902 >> [v2:172.21.15.26:6800/3965746041,v1:172.21.15.26:6801/3965746041] conn(0x7f1584032610 0x7f1584034ad0 unknown :-1 s=NONE pgs=0 cs=0 l=1 rev1=0 rx=0 tx=0).connect
2024-05-08T23:58:44.033 INFO:teuthology.orchestra.run.smithi026.stderr:/usr/bin/ceph:
2024-05-08T23:58:44.038+0000 7f158effd700 1 -- 172.21.15.26:0/3525765902 <== mon.0 v2:172.21.15.26:3300/0 5 ==== osd_map(2..2 src has 1..2) v4 ==== 893+0+0 (secure 0 0 0) 0x7f15940449c0 con 0x7f1598071be0
2024-05-08T23:58:44.033 INFO:teuthology.orchestra.run.smithi026.stderr:/usr/bin/ceph:
2024-05-08T23:58:44.038+0000 7f159d573700 1 --2- 172.21.15.26:0/3525765902 >> [v2:172.21.15.26:6800/3965746041,v1:172.21.15.26:6801/3965746041] conn(0x7f1584032610 0x7f1584034ad0 unknown :-1 s=BANNER_CONNECTING pgs=0 cs=0 l=1 rev1=0 rx=0 tx=0)._handle_peer_banner_payload supported=1 required=0
2024-05-08T23:58:44.033 INFO:teuthology.orchestra.run.smithi026.stderr:/usr/bin/ceph:
2024-05-08T23:58:44.038+0000 7f159d573700 1 --2- 172.21.15.26:0/3525765902 >> [v2:172.21.15.26:6800/3965746041,v1:172.21.15.26:6801/3965746041] conn(0x7f1584032610 0x7f1584034ad0 secure :-1 s=READY pgs=20 cs=0 l=1 rev1=1 rx=0x7f1588009780 tx=0x7f1588006cc0).ready entity=mgr.14116 client_cookie=0 server_cookie=0 in_seq=0 out_seq=0
2024-05-08T23:58:44.033 INFO:teuthology.orchestra.run.smithi026.stderr:/usr/bin/ceph:
2024-05-08T23:58:44.038+0000 7f158cff9700 1 -- 172.21.15.26:0/3525765902 --> [v2:172.21.15.26:3300/0,v1:172.21.15.26:6789/0] -- mon_command({"prefix": "get_command_descriptions"} v 0) v1 -- 0x7f1580005120 con 0x7f1598071be0
2024-05-08T23:58:44.037 INFO:teuthology.orchestra.run.smithi026.stderr:/usr/bin/ceph:
2024-05-08T23:58:44.043+0000 7f158effd700 1 -- 172.21.15.26:0/3525765902 <== mon.0 v2:172.21.15.26:3300/0 6 ==== mon_command_ack([{"prefix": "get_command_descriptions"}]=0 v0) v1 ==== 72+0+163658 (secure 0 0 0) 0x7f159401e070 con 0x7f1598071be0
2024-05-08T23:58:44.252 INFO:teuthology.orchestra.run.smithi026.stderr:/usr/bin/ceph:
2024-05-08T23:58:44.258+0000 7f158cff9700 1 -- 172.21.15.26:0/3525765902 --> [v2:172.21.15.26:3300/0,v1:172.21.15.26:6789/0] -- mon_command({"prefix": "mgr module enable", "module": "dashboard"} v 0) v1 -- 0x7f15800057f0 con 0x7f1598071be0
2024-05-08T23:58:44.690 INFO:teuthology.orchestra.run.smithi026.stderr:/usr/bin/ceph:
2024-05-08T23:58:44.696+0000 7f158effd700 1 -- 172.21.15.26:0/3525765902 <== mon.0 v2:172.21.15.26:3300/0 7 ==== mgrmap(e 9) v1 ==== 38645+0+0 (secure 0 0 0) 0x7f1594029d00 con 0x7f1598071be0
2024-05-08T23:58:44.692 INFO:teuthology.orchestra.run.smithi026.stderr:/usr/bin/ceph:
2024-05-08T23:58:44.698+0000 7f158effd700 1 -- 172.21.15.26:0/3525765902 <== mon.0 v2:172.21.15.26:3300/0 8 ==== mon_command_ack([{"prefix": "mgr module enable", "module": "dashboard"}]=0 v9) v1 ==== 88+0+0 (secure 0 0 0) 0x7f1594010a30 con 0x7f1598071be0
2024-05-08T23:58:44.695 INFO:teuthology.orchestra.run.smithi026.stderr:/usr/bin/ceph:
2024-05-08T23:58:44.700+0000 7f158cff9700 1 -- 172.21.15.26:0/3525765902 >> [v2:172.21.15.26:6800/3965746041,v1:172.21.15.26:6801/3965746041] conn(0x7f1584032610 msgr2=0x7f1584034ad0 secure :-1 s=STATE_CONNECTION_ESTABLISHED l=1).mark_down
2024-05-08T23:58:44.695 INFO:teuthology.orchestra.run.smithi026.stderr:/usr/bin/ceph:
2024-05-08T23:58:44.700+0000 7f158cff9700 1 --2- 172.21.15.26:0/3525765902 >> [v2:172.21.15.26:6800/3965746041,v1:172.21.15.26:6801/3965746041] conn(0x7f1584032610 0x7f1584034ad0 secure :-1 s=READY pgs=20 cs=0 l=1 rev1=1 rx=0x7f1588009780 tx=0x7f1588006cc0).stop
2024-05-08T23:58:44.695 INFO:teuthology.orchestra.run.smithi026.stderr:/usr/bin/ceph:
2024-05-08T23:58:44.700+0000 7f158cff9700 1 -- 172.21.15.26:0/3525765902 >> [v2:172.21.15.26:3300/0,v1:172.21.15.26:6789/0] conn(0x7f1598071be0 msgr2=0x7f15980fd730 secure :-1 s=STATE_CONNECTION_ESTABLISHED l=1).mark_down
2024-05-08T23:58:44.695 INFO:teuthology.orchestra.run.smithi026.stderr:/usr/bin/ceph:
2024-05-08T23:58:44.700+0000 7f158cff9700 1 --2- 172.21.15.26:0/3525765902 >> [v2:172.21.15.26:3300/0,v1:172.21.15.26:6789/0] conn(0x7f1598071be0 0x7f15980fd730 secure :-1 s=READY pgs=60 cs=0 l=1 rev1=1 rx=0x7f15940118b0 tx=0x7f15940090f0).stop
2024-05-08T23:58:44.696 INFO:teuthology.orchestra.run.smithi026.stderr:/usr/bin/ceph:
2024-05-08T23:58:44.700+0000 7f158cff9700 1 -- 172.21.15.26:0/3525765902 shutdown_connections
2024-05-08T23:58:44.696 INFO:teuthology.orchestra.run.smithi026.stderr:/usr/bin/ceph:
2024-05-08T23:58:44.700+0000 7f158cff9700 1 --2- 172.21.15.26:0/3525765902 >> [v2:172.21.15.26:6800/3965746041,v1:172.21.15.26:6801/3965746041] conn(0x7f1584032610 0x7f1584034ad0 unknown :-1 s=CLOSED pgs=20 cs=0 l=1 rev1=1 rx=0 tx=0).stop
2024-05-08T23:58:44.696 INFO:teuthology.orchestra.run.smithi026.stderr:/usr/bin/ceph:
2024-05-08T23:58:44.700+0000 7f158cff9700 1 --2- 172.21.15.26:0/3525765902 >> [v2:172.21.15.26:3300/0,v1:172.21.15.26:6789/0] conn(0x7f1598071be0 0x7f15980fd730 unknown :-1 s=CLOSED pgs=60 cs=0 l=1 rev1=1 rx=0 tx=0).stop
2024-05-08T23:58:44.696 INFO:teuthology.orchestra.run.smithi026.stderr:/usr/bin/ceph:
2024-05-08T23:58:44.700+0000 7f158cff9700 1 -- 172.21.15.26:0/3525765902 >> 172.21.15.26:0/3525765902 conn(0x7f15980f76f0 msgr2=0x7f15980f9120 unknown :-1 s=STATE_NONE l=0).mark_down
2024-05-08T23:58:44.696 INFO:teuthology.orchestra.run.smithi026.stderr:/usr/bin/ceph:
2024-05-08T23:58:44.700+0000 7f158cff9700 1 -- 172.21.15.26:0/3525765902 shutdown_connections
2024-05-08T23:58:44.696 INFO:teuthology.orchestra.run.smithi026.stderr:/usr/bin/ceph:
2024-05-08T23:58:44.700+0000 7f158cff9700 1 -- 172.21.15.26:0/3525765902 wait complete.
2024-05-08T23:58:44.941 INFO:journalctl@ceph.mon.smithi026.smithi026.stdout:May 08 23:58:44 smithi026 ceph-aa42787e-0d96-11ef-bc97-c7b262605968-mon-smithi026[40044]: audit
2024-05-08T23:58:44.259378+0000 mon.smithi026 (mon.0) 67 : audit [INF] from='client.? 172.21.15.26:0/3525765902' entity='client.admin' cmd=[{"prefix": "mgr module enable", "module": "dashboard"}]: dispatch
2024-05-08T23:58:45.893 INFO:journalctl@ceph.mon.smithi026.smithi026.stdout:May 08 23:58:45 smithi026 ceph-aa42787e-0d96-11ef-bc97-c7b262605968-mon-smithi026[40044]: audit
2024-05-08T23:58:44.698378+0000 mon.smithi026 (mon.0) 68 : audit [INF] from='client.? 172.21.15.26:0/3525765902' entity='client.admin' cmd='[{"prefix": "mgr module enable", "module": "dashboard"}]': finished
2024-05-08T23:58:45.894 INFO:journalctl@ceph.mon.smithi026.smithi026.stdout:May 08 23:58:45 smithi026 ceph-aa42787e-0d96-11ef-bc97-c7b262605968-mon-smithi026[40044]: cluster
2024-05-08T23:58:44.698472+0000 mon.smithi026 (mon.0) 69 : cluster [DBG] mgrmap e9: smithi026.brymfp(active, since 26s)
2024-05-08T23:58:46.036 INFO:teuthology.orchestra.run.smithi026.stderr:/usr/bin/ceph:
2024-05-08T23:58:46.040+0000 7fb36501f700 1 Processor -- start
2024-05-08T23:58:46.036 INFO:teuthology.orchestra.run.smithi026.stderr:/usr/bin/ceph:
2024-05-08T23:58:46.040+0000 7fb36501f700 1 -- start start
2024-05-08T23:58:46.036 INFO:teuthology.orchestra.run.smithi026.stderr:/usr/bin/ceph:
2024-05-08T23:58:46.041+0000 7fb36501f700 1 --2- >> [v2:172.21.15.26:3300/0,v1:172.21.15.26:6789/0] conn(0x7fb3600fbef0 0x7fb3600fc310 unknown :-1 s=NONE pgs=0 cs=0 l=0 rev1=0 rx=0 tx=0).connect
2024-05-08T23:58:46.036 INFO:teuthology.orchestra.run.smithi026.stderr:/usr/bin/ceph:
2024-05-08T23:58:46.041+0000 7fb36501f700 1 -- --> [v2:172.21.15.26:3300/0,v1:172.21.15.26:6789/0] -- mon_getmap magic: 0 v1 -- 0x7fb3600fc800 con 0x7fb3600fbef0
2024-05-08T23:58:46.036 INFO:teuthology.orchestra.run.smithi026.stderr:/usr/bin/ceph:
2024-05-08T23:58:46.041+0000 7fb35ed9d700 1 --2- >> [v2:172.21.15.26:3300/0,v1:172.21.15.26:6789/0] conn(0x7fb3600fbef0 0x7fb3600fc310 unknown :-1 s=BANNER_CONNECTING pgs=0 cs=0 l=0 rev1=0 rx=0 tx=0)._handle_peer_banner_payload supported=1 required=0
2024-05-08T23:58:46.036 INFO:teuthology.orchestra.run.smithi026.stderr:/usr/bin/ceph:
2024-05-08T23:58:46.041+0000 7fb35ed9d700 1 --2- >> [v2:172.21.15.26:3300/0,v1:172.21.15.26:6789/0] conn(0x7fb3600fbef0 0x7fb3600fc310 unknown :-1 s=HELLO_CONNECTING pgs=0 cs=0 l=0 rev1=1 rx=0 tx=0).handle_hello peer v2:172.21.15.26:3300/0 says I am v2:172.21.15.26:55930/0 (socket says 172.21.15.26:55930)
2024-05-08T23:58:46.036 INFO:teuthology.orchestra.run.smithi026.stderr:/usr/bin/ceph:
2024-05-08T23:58:46.041+0000 7fb35ed9d700 1 -- 172.21.15.26:0/3810298280 learned_addr learned my addr 172.21.15.26:0/3810298280 (peer_addr_for_me v2:172.21.15.26:0/0)
2024-05-08T23:58:46.036 INFO:teuthology.orchestra.run.smithi026.stderr:/usr/bin/ceph:
2024-05-08T23:58:46.041+0000 7fb35ed9d700 1 -- 172.21.15.26:0/3810298280 --> [v2:172.21.15.26:3300/0,v1:172.21.15.26:6789/0] -- mon_subscribe({config=0+,monmap=0+}) v3 -- 0x7fb3600fc940 con 0x7fb3600fbef0
2024-05-08T23:58:46.036 INFO:teuthology.orchestra.run.smithi026.stderr:/usr/bin/ceph:
2024-05-08T23:58:46.041+0000 7fb35ed9d700 1 --2- 172.21.15.26:0/3810298280 >> [v2:172.21.15.26:3300/0,v1:172.21.15.26:6789/0] conn(0x7fb3600fbef0 0x7fb3600fc310 secure :-1 s=READY pgs=63 cs=0 l=1 rev1=1 rx=0x7fb350009730 tx=0x7fb3500090f0).ready entity=mon.0 client_cookie=d394ae853e4c2c9c server_cookie=0 in_seq=0 out_seq=0
2024-05-08T23:58:46.036 INFO:teuthology.orchestra.run.smithi026.stderr:/usr/bin/ceph:
2024-05-08T23:58:46.042+0000 7fb35dd9b700 1 -- 172.21.15.26:0/3810298280 <== mon.0 v2:172.21.15.26:3300/0 1 ==== mon_map magic: 0 v1 ==== 229+0+0 (secure 0 0 0) 0x7fb35000b6e0 con 0x7fb3600fbef0
2024-05-08T23:58:46.037 INFO:teuthology.orchestra.run.smithi026.stderr:/usr/bin/ceph:
2024-05-08T23:58:46.042+0000 7fb35dd9b700 1 -- 172.21.15.26:0/3810298280 <== mon.0 v2:172.21.15.26:3300/0 2 ==== config(25 keys) v1 ==== 1046+0+0 (secure 0 0 0) 0x7fb35000bcd0 con 0x7fb3600fbef0
2024-05-08T23:58:46.037 INFO:teuthology.orchestra.run.smithi026.stderr:/usr/bin/ceph:
2024-05-08T23:58:46.042+0000 7fb35dd9b700 1 -- 172.21.15.26:0/3810298280 <== mon.0 v2:172.21.15.26:3300/0 3 ==== mon_map magic: 0 v1 ==== 229+0+0 (secure 0 0 0) 0x7fb350011cb0 con 0x7fb3600fbef0
2024-05-08T23:58:46.039 INFO:teuthology.orchestra.run.smithi026.stderr:/usr/bin/ceph:
2024-05-08T23:58:46.042+0000 7fb36501f700 1 -- 172.21.15.26:0/3810298280 >> [v2:172.21.15.26:3300/0,v1:172.21.15.26:6789/0] conn(0x7fb3600fbef0 msgr2=0x7fb3600fc310 secure :-1 s=STATE_CONNECTION_ESTABLISHED l=1).mark_down
2024-05-08T23:58:46.040 INFO:teuthology.orchestra.run.smithi026.stderr:/usr/bin/ceph:
2024-05-08T23:58:46.042+0000 7fb36501f700 1 --2- 172.21.15.26:0/3810298280 >> [v2:172.21.15.26:3300/0,v1:172.21.15.26:6789/0] conn(0x7fb3600fbef0 0x7fb3600fc310 secure :-1 s=READY pgs=63 cs=0 l=1 rev1=1 rx=0x7fb350009730 tx=0x7fb3500090f0).stop
2024-05-08T23:58:46.040 INFO:teuthology.orchestra.run.smithi026.stderr:/usr/bin/ceph:
2024-05-08T23:58:46.042+0000 7fb36501f700 1 -- 172.21.15.26:0/3810298280 shutdown_connections
2024-05-08T23:58:46.040 INFO:teuthology.orchestra.run.smithi026.stderr:/usr/bin/ceph:
2024-05-08T23:58:46.042+0000 7fb36501f700 1 --2- 172.21.15.26:0/3810298280 >> [v2:172.21.15.26:3300/0,v1:172.21.15.26:6789/0] conn(0x7fb3600fbef0 0x7fb3600fc310 unknown :-1 s=CLOSED pgs=63 cs=0 l=1 rev1=1 rx=0 tx=0).stop
2024-05-08T23:58:46.040 INFO:teuthology.orchestra.run.smithi026.stderr:/usr/bin/ceph:
2024-05-08T23:58:46.042+0000 7fb36501f700 1 -- 172.21.15.26:0/3810298280 >> 172.21.15.26:0/3810298280 conn(0x7fb3600f76f0 msgr2=0x7fb3600f9b10 unknown :-1 s=STATE_NONE l=0).mark_down
2024-05-08T23:58:46.040 INFO:teuthology.orchestra.run.smithi026.stderr:/usr/bin/ceph:
2024-05-08T23:58:46.042+0000 7fb36501f700 1 -- 172.21.15.26:0/3810298280 shutdown_connections
2024-05-08T23:58:46.040 INFO:teuthology.orchestra.run.smithi026.stderr:/usr/bin/ceph:
2024-05-08T23:58:46.043+0000 7fb36501f700 1 -- 172.21.15.26:0/3810298280 wait complete.
2024-05-08T23:58:46.040 INFO:teuthology.orchestra.run.smithi026.stderr:/usr/bin/ceph:
2024-05-08T23:58:46.043+0000 7fb36501f700 1 Processor -- start
2024-05-08T23:58:46.040 INFO:teuthology.orchestra.run.smithi026.stderr:/usr/bin/ceph:
2024-05-08T23:58:46.043+0000 7fb36501f700 1 -- start start
2024-05-08T23:58:46.040 INFO:teuthology.orchestra.run.smithi026.stderr:/usr/bin/ceph:
2024-05-08T23:58:46.044+0000 7fb36501f700 1 --2- >> [v2:172.21.15.26:3300/0,v1:172.21.15.26:6789/0] conn(0x7fb3600fbef0 0x7fb36010beb0 unknown :-1 s=NONE pgs=0 cs=0 l=1 rev1=0 rx=0 tx=0).connect
2024-05-08T23:58:46.040 INFO:teuthology.orchestra.run.smithi026.stderr:/usr/bin/ceph:
2024-05-08T23:58:46.044+0000 7fb36501f700 1 -- --> [v2:172.21.15.26:3300/0,v1:172.21.15.26:6789/0] -- mon_getmap magic: 0 v1 -- 0x7fb36010c3a0 con 0x7fb3600fbef0
2024-05-08T23:58:46.040 INFO:teuthology.orchestra.run.smithi026.stderr:/usr/bin/ceph:
2024-05-08T23:58:46.044+0000 7fb35ed9d700 1 --2- >> [v2:172.21.15.26:3300/0,v1:172.21.15.26:6789/0] conn(0x7fb3600fbef0 0x7fb36010beb0 unknown :-1 s=BANNER_CONNECTING pgs=0 cs=0 l=1 rev1=0 rx=0 tx=0)._handle_peer_banner_payload supported=1 required=0
2024-05-08T23:58:46.040 INFO:teuthology.orchestra.run.smithi026.stderr:/usr/bin/ceph:
2024-05-08T23:58:46.044+0000 7fb35ed9d700 1 --2- >> [v2:172.21.15.26:3300/0,v1:172.21.15.26:6789/0] conn(0x7fb3600fbef0 0x7fb36010beb0 unknown :-1 s=HELLO_CONNECTING pgs=0 cs=0 l=1 rev1=1 rx=0 tx=0).handle_hello peer v2:172.21.15.26:3300/0 says I am v2:172.21.15.26:55932/0 (socket says 172.21.15.26:55932)
2024-05-08T23:58:46.040 INFO:teuthology.orchestra.run.smithi026.stderr:/usr/bin/ceph:
2024-05-08T23:58:46.044+0000 7fb35ed9d700 1 -- 172.21.15.26:0/2921504352 learned_addr learned my addr 172.21.15.26:0/2921504352 (peer_addr_for_me v2:172.21.15.26:0/0)
2024-05-08T23:58:46.040 INFO:teuthology.orchestra.run.smithi026.stderr:/usr/bin/ceph:
2024-05-08T23:58:46.044+0000 7fb35ed9d700 1 -- 172.21.15.26:0/2921504352 --> [v2:172.21.15.26:3300/0,v1:172.21.15.26:6789/0] -- mon_subscribe({config=0+,monmap=0+}) v3 -- 0x7fb350009370 con 0x7fb3600fbef0
2024-05-08T23:58:46.041 INFO:teuthology.orchestra.run.smithi026.stderr:/usr/bin/ceph:
