2024-05-08T23:56:27.107+0000 7f211bfff700 1 -- 172.21.15.81:0/1273881029 <== mon.0 v2:172.21.15.81:3300/0 3 ==== mon_map magic: 0 v1 ==== 205+0+0 (secure 0 0 0) 0x7f21240247d0 con 0x7f2134106890
2024-05-08T23:56:27.666 INFO:teuthology.orchestra.run.smithi081.stdout:/usr/bin/ceph: stderr
2024-05-08T23:56:27.107+0000 7f2139709700 1 -- 172.21.15.81:0/1273881029 --> [v2:172.21.15.81:3300/0,v1:172.21.15.81:6789/0] -- mon_subscribe({osdmap=0}) v3 -- 0x7f213419b170 con 0x7f2134106890
2024-05-08T23:56:27.666 INFO:teuthology.orchestra.run.smithi081.stdout:/usr/bin/ceph: stderr
2024-05-08T23:56:27.108+0000 7f211bfff700 1 -- 172.21.15.81:0/1273881029 <== mon.0 v2:172.21.15.81:3300/0 4 ==== mgrmap(e 7) v1 ==== 45435+0+0 (secure 0 0 0) 0x7f212402d3f0 con 0x7f2134106890
2024-05-08T23:56:27.666 INFO:teuthology.orchestra.run.smithi081.stdout:/usr/bin/ceph: stderr
2024-05-08T23:56:27.108+0000 7f211bfff700 1 --2- 172.21.15.81:0/1273881029 >> [v2:172.21.15.81:6800/4280496150,v1:172.21.15.81:6801/4280496150] conn(0x7f211c0385d0 0x7f211c03aa90 unknown :-1 s=NONE pgs=0 cs=0 l=1 rev1=0 crypto rx=0 tx=0 comp rx=0 tx=0).connect
2024-05-08T23:56:27.666 INFO:teuthology.orchestra.run.smithi081.stdout:/usr/bin/ceph: stderr
2024-05-08T23:56:27.108+0000 7f2139709700 1 -- 172.21.15.81:0/1273881029 --> [v2:172.21.15.81:3300/0,v1:172.21.15.81:6789/0] -- mon_command({"prefix": "get_command_descriptions"} v 0) v1 -- 0x7f213410ac70 con 0x7f2134106890
2024-05-08T23:56:27.666 INFO:teuthology.orchestra.run.smithi081.stdout:/usr/bin/ceph: stderr
2024-05-08T23:56:27.108+0000 7f211bfff700 1 -- 172.21.15.81:0/1273881029 <== mon.0 v2:172.21.15.81:3300/0 5 ==== osd_map(2..2 src has 1..2) v4 ==== 940+0+0 (secure 0 0 0) 0x7f212404c660 con 0x7f2134106890
2024-05-08T23:56:27.666 INFO:teuthology.orchestra.run.smithi081.stdout:/usr/bin/ceph: stderr
2024-05-08T23:56:27.108+0000 7f21327fc700 1 --2- 172.21.15.81:0/1273881029 >> [v2:172.21.15.81:6800/4280496150,v1:172.21.15.81:6801/4280496150] conn(0x7f211c0385d0 0x7f211c03aa90 unknown :-1 s=BANNER_CONNECTING pgs=0 cs=0 l=1 rev1=0 crypto rx=0 tx=0 comp rx=0 tx=0)._handle_peer_banner_payload supported=3 required=0
2024-05-08T23:56:27.666 INFO:teuthology.orchestra.run.smithi081.stdout:/usr/bin/ceph: stderr
2024-05-08T23:56:27.108+0000 7f21327fc700 1 --2- 172.21.15.81:0/1273881029 >> [v2:172.21.15.81:6800/4280496150,v1:172.21.15.81:6801/4280496150] conn(0x7f211c0385d0 0x7f211c03aa90 secure :-1 s=READY pgs=7 cs=0 l=1 rev1=1 crypto rx=0x7f2128006fd0 tx=0x7f2128006e40 comp rx=0 tx=0).ready entity=mgr.14120 client_cookie=0 server_cookie=0 in_seq=0 out_seq=0
2024-05-08T23:56:27.666 INFO:teuthology.orchestra.run.smithi081.stdout:/usr/bin/ceph: stderr
2024-05-08T23:56:27.113+0000 7f211bfff700 1 -- 172.21.15.81:0/1273881029 <== mon.0 v2:172.21.15.81:3300/0 6 ==== mon_command_ack([{"prefix": "get_command_descriptions"}]=0 v0) v1 ==== 72+0+183622 (secure 0 0 0) 0x7f2124010560 con 0x7f2134106890
2024-05-08T23:56:27.667 INFO:teuthology.orchestra.run.smithi081.stdout:/usr/bin/ceph: stderr
2024-05-08T23:56:27.268+0000 7f211bfff700 1 -- 172.21.15.81:0/1273881029 <== mon.0 v2:172.21.15.81:3300/0 7 ==== mgrmap(e 8) v1 ==== 45541+0+0 (secure 0 0 0) 0x7f2124019460 con 0x7f2134106890
2024-05-08T23:56:27.667 INFO:teuthology.orchestra.run.smithi081.stdout:/usr/bin/ceph: stderr
2024-05-08T23:56:27.321+0000 7f2139709700 1 -- 172.21.15.81:0/1273881029 --> [v2:172.21.15.81:6800/4280496150,v1:172.21.15.81:6801/4280496150] -- mgr_command(tid 0: {"prefix": "orch set backend", "module_name": "cephadm", "target": ["mon-mgr", ""]}) v1 -- 0x7f2134103100 con 0x7f211c0385d0
2024-05-08T23:56:27.667 INFO:teuthology.orchestra.run.smithi081.stdout:/usr/bin/ceph: stderr
2024-05-08T23:56:27.329+0000 7f211bfff700 1 -- 172.21.15.81:0/1273881029 <== mgr.14120 v2:172.21.15.81:6800/4280496150 1 ==== mgr_command_reply(tid 0: 0 ) v1 ==== 8+0+0 (secure 0 0 0) 0x7f2134103100 con 0x7f211c0385d0
2024-05-08T23:56:27.668 INFO:teuthology.orchestra.run.smithi081.stdout:/usr/bin/ceph: stderr
2024-05-08T23:56:27.331+0000 7f2139709700 1 -- 172.21.15.81:0/1273881029 >> [v2:172.21.15.81:6800/4280496150,v1:172.21.15.81:6801/4280496150] conn(0x7f211c0385d0 msgr2=0x7f211c03aa90 secure :-1 s=STATE_CONNECTION_ESTABLISHED l=1).mark_down
2024-05-08T23:56:27.668 INFO:teuthology.orchestra.run.smithi081.stdout:/usr/bin/ceph: stderr
2024-05-08T23:56:27.331+0000 7f2139709700 1 --2- 172.21.15.81:0/1273881029 >> [v2:172.21.15.81:6800/4280496150,v1:172.21.15.81:6801/4280496150] conn(0x7f211c0385d0 0x7f211c03aa90 secure :-1 s=READY pgs=7 cs=0 l=1 rev1=1 crypto rx=0x7f2128006fd0 tx=0x7f2128006e40 comp rx=0 tx=0).stop
2024-05-08T23:56:27.668 INFO:teuthology.orchestra.run.smithi081.stdout:/usr/bin/ceph: stderr
2024-05-08T23:56:27.331+0000 7f2139709700 1 -- 172.21.15.81:0/1273881029 >> [v2:172.21.15.81:3300/0,v1:172.21.15.81:6789/0] conn(0x7f2134106890 msgr2=0x7f213419a590 secure :-1 s=STATE_CONNECTION_ESTABLISHED l=1).mark_down
2024-05-08T23:56:27.668 INFO:teuthology.orchestra.run.smithi081.stdout:/usr/bin/ceph: stderr
2024-05-08T23:56:27.331+0000 7f2139709700 1 --2- 172.21.15.81:0/1273881029 >> [v2:172.21.15.81:3300/0,v1:172.21.15.81:6789/0] conn(0x7f2134106890 0x7f213419a590 secure :-1 s=READY pgs=38 cs=0 l=1 rev1=1 crypto rx=0x7f2124009130 tx=0x7f2124011ad0 comp rx=0 tx=0).stop
2024-05-08T23:56:27.668 INFO:teuthology.orchestra.run.smithi081.stdout:/usr/bin/ceph: stderr
2024-05-08T23:56:27.331+0000 7f2139709700 1 -- 172.21.15.81:0/1273881029 shutdown_connections
2024-05-08T23:56:27.668 INFO:teuthology.orchestra.run.smithi081.stdout:/usr/bin/ceph: stderr
2024-05-08T23:56:27.331+0000 7f2139709700 1 --2- 172.21.15.81:0/1273881029 >> [v2:172.21.15.81:6800/4280496150,v1:172.21.15.81:6801/4280496150] conn(0x7f211c0385d0 0x7f211c03aa90 unknown :-1 s=CLOSED pgs=7 cs=0 l=1 rev1=1 crypto rx=0 tx=0 comp rx=0 tx=0).stop
2024-05-08T23:56:27.668 INFO:teuthology.orchestra.run.smithi081.stdout:/usr/bin/ceph: stderr
2024-05-08T23:56:27.331+0000 7f2139709700 1 --2- 172.21.15.81:0/1273881029 >> [v2:172.21.15.81:3300/0,v1:172.21.15.81:6789/0] conn(0x7f2134106890 0x7f213419a590 unknown :-1 s=CLOSED pgs=38 cs=0 l=1 rev1=1 crypto rx=0 tx=0 comp rx=0 tx=0).stop
2024-05-08T23:56:27.669 INFO:teuthology.orchestra.run.smithi081.stdout:/usr/bin/ceph: stderr
2024-05-08T23:56:27.331+0000 7f2139709700 1 -- 172.21.15.81:0/1273881029 >> 172.21.15.81:0/1273881029 conn(0x7f2134101e90 msgr2=0x7f21341029f0 unknown :-1 s=STATE_NONE l=0).mark_down
2024-05-08T23:56:27.669 INFO:teuthology.orchestra.run.smithi081.stdout:/usr/bin/ceph: stderr
2024-05-08T23:56:27.331+0000 7f2139709700 1 -- 172.21.15.81:0/1273881029 shutdown_connections
2024-05-08T23:56:27.669 INFO:teuthology.orchestra.run.smithi081.stdout:/usr/bin/ceph: stderr
2024-05-08T23:56:27.331+0000 7f2139709700 1 -- 172.21.15.81:0/1273881029 wait complete.
2024-05-08T23:56:28.518 INFO:journalctl@ceph.mon.a.smithi081.stdout:May 08 23:56:28 smithi081 ceph-mon[42474]: mgrmap e8: x(active, since 2s)
2024-05-08T23:56:28.518 INFO:journalctl@ceph.mon.a.smithi081.stdout:May 08 23:56:28 smithi081 ceph-mon[42474]: from='client.14132 -' entity='client.admin' cmd=[{"prefix": "orch set backend", "module_name": "cephadm", "target": ["mon-mgr", ""]}]: dispatch
2024-05-08T23:56:28.519 INFO:journalctl@ceph.mon.a.smithi081.stdout:May 08 23:56:28 smithi081 ceph-mon[42474]: from='mgr.14120 172.21.15.81:0/1542348236' entity='mgr.x'
2024-05-08T23:56:28.519 INFO:journalctl@ceph.mon.a.smithi081.stdout:May 08 23:56:28 smithi081 ceph-mon[42474]: from='mgr.14120 172.21.15.81:0/1542348236' entity='mgr.x' cmd=[{"prefix": "config dump", "format": "json"}]: dispatch
2024-05-08T23:56:28.546 INFO:teuthology.orchestra.run.smithi081.stdout:/usr/bin/ceph: stdout value unchanged
2024-05-08T23:56:28.546 INFO:teuthology.orchestra.run.smithi081.stdout:/usr/bin/ceph: stderr
2024-05-08T23:56:28.011+0000 7f1f7a1e3700 1 Processor -- start
2024-05-08T23:56:28.546 INFO:teuthology.orchestra.run.smithi081.stdout:/usr/bin/ceph: stderr
2024-05-08T23:56:28.011+0000 7f1f7a1e3700 1 -- start start
2024-05-08T23:56:28.546 INFO:teuthology.orchestra.run.smithi081.stdout:/usr/bin/ceph: stderr
2024-05-08T23:56:28.011+0000 7f1f7a1e3700 1 --2- >> [v2:172.21.15.81:3300/0,v1:172.21.15.81:6789/0] conn(0x7f1f74104ea0 0x7f1f741052c0 unknown :-1 s=NONE pgs=0 cs=0 l=0 rev1=0 crypto rx=0 tx=0 comp rx=0 tx=0).connect
2024-05-08T23:56:28.546 INFO:teuthology.orchestra.run.smithi081.stdout:/usr/bin/ceph: stderr
2024-05-08T23:56:28.011+0000 7f1f7a1e3700 1 -- --> [v2:172.21.15.81:3300/0,v1:172.21.15.81:6789/0] -- mon_getmap magic: 0 v1 -- 0x7f1f74105800 con 0x7f1f74104ea0
2024-05-08T23:56:28.546 INFO:teuthology.orchestra.run.smithi081.stdout:/usr/bin/ceph: stderr
2024-05-08T23:56:28.011+0000 7f1f737fe700 1 --2- >> [v2:172.21.15.81:3300/0,v1:172.21.15.81:6789/0] conn(0x7f1f74104ea0 0x7f1f741052c0 unknown :-1 s=BANNER_CONNECTING pgs=0 cs=0 l=0 rev1=0 crypto rx=0 tx=0 comp rx=0 tx=0)._handle_peer_banner_payload supported=3 required=0
2024-05-08T23:56:28.546 INFO:teuthology.orchestra.run.smithi081.stdout:/usr/bin/ceph: stderr
2024-05-08T23:56:28.011+0000 7f1f737fe700 1 --2- >> [v2:172.21.15.81:3300/0,v1:172.21.15.81:6789/0] conn(0x7f1f74104ea0 0x7f1f741052c0 unknown :-1 s=HELLO_CONNECTING pgs=0 cs=0 l=0 rev1=1 crypto rx=0 tx=0 comp rx=0 tx=0).handle_hello peer v2:172.21.15.81:3300/0 says I am v2:172.21.15.81:45876/0 (socket says 172.21.15.81:45876)
2024-05-08T23:56:28.547 INFO:teuthology.orchestra.run.smithi081.stdout:/usr/bin/ceph: stderr
2024-05-08T23:56:28.011+0000 7f1f737fe700 1 -- 172.21.15.81:0/3711049892 learned_addr learned my addr 172.21.15.81:0/3711049892 (peer_addr_for_me v2:172.21.15.81:0/0)
2024-05-08T23:56:28.547 INFO:teuthology.orchestra.run.smithi081.stdout:/usr/bin/ceph: stderr
2024-05-08T23:56:28.011+0000 7f1f737fe700 1 -- 172.21.15.81:0/3711049892 --> [v2:172.21.15.81:3300/0,v1:172.21.15.81:6789/0] -- mon_subscribe({config=0+,monmap=0+}) v3 -- 0x7f1f74105940 con 0x7f1f74104ea0
2024-05-08T23:56:28.547 INFO:teuthology.orchestra.run.smithi081.stdout:/usr/bin/ceph: stderr
2024-05-08T23:56:28.012+0000 7f1f737fe700 1 --2- 172.21.15.81:0/3711049892 >> [v2:172.21.15.81:3300/0,v1:172.21.15.81:6789/0] conn(0x7f1f74104ea0 0x7f1f741052c0 secure :-1 s=READY pgs=39 cs=0 l=1 rev1=1 crypto rx=0x7f1f6400bb40 tx=0x7f1f6400be50 comp rx=0 tx=0).ready entity=mon.0 client_cookie=6f7734f7b891b09f server_cookie=0 in_seq=0 out_seq=0
2024-05-08T23:56:28.547 INFO:teuthology.orchestra.run.smithi081.stdout:/usr/bin/ceph: stderr
2024-05-08T23:56:28.012+0000 7f1f727fc700 1 -- 172.21.15.81:0/3711049892 <== mon.0 v2:172.21.15.81:3300/0 1 ==== mon_map magic: 0 v1 ==== 205+0+0 (secure 0 0 0) 0x7f1f6400dad0 con 0x7f1f74104ea0
2024-05-08T23:56:28.547 INFO:teuthology.orchestra.run.smithi081.stdout:/usr/bin/ceph: stderr
2024-05-08T23:56:28.012+0000 7f1f727fc700 1 -- 172.21.15.81:0/3711049892 <== mon.0 v2:172.21.15.81:3300/0 2 ==== config(26 keys) v1 ==== 1074+0+0 (secure 0 0 0) 0x7f1f640044d0 con 0x7f1f74104ea0
2024-05-08T23:56:28.547 INFO:teuthology.orchestra.run.smithi081.stdout:/usr/bin/ceph: stderr
2024-05-08T23:56:28.012+0000 7f1f727fc700 1 -- 172.21.15.81:0/3711049892 <== mon.0 v2:172.21.15.81:3300/0 3 ==== mon_map magic: 0 v1 ==== 205+0+0 (secure 0 0 0) 0x7f1f64003e40 con 0x7f1f74104ea0
2024-05-08T23:56:28.547 INFO:teuthology.orchestra.run.smithi081.stdout:/usr/bin/ceph: stderr
2024-05-08T23:56:28.012+0000 7f1f7a1e3700 1 -- 172.21.15.81:0/3711049892 >> [v2:172.21.15.81:3300/0,v1:172.21.15.81:6789/0] conn(0x7f1f74104ea0 msgr2=0x7f1f741052c0 secure :-1 s=STATE_CONNECTION_ESTABLISHED l=1).mark_down
2024-05-08T23:56:28.547 INFO:teuthology.orchestra.run.smithi081.stdout:/usr/bin/ceph: stderr
2024-05-08T23:56:28.012+0000 7f1f7a1e3700 1 --2- 172.21.15.81:0/3711049892 >> [v2:172.21.15.81:3300/0,v1:172.21.15.81:6789/0] conn(0x7f1f74104ea0 0x7f1f741052c0 secure :-1 s=READY pgs=39 cs=0 l=1 rev1=1 crypto rx=0x7f1f6400bb40 tx=0x7f1f6400be50 comp rx=0 tx=0).stop
2024-05-08T23:56:28.547 INFO:teuthology.orchestra.run.smithi081.stdout:/usr/bin/ceph: stderr
2024-05-08T23:56:28.012+0000 7f1f7a1e3700 1 -- 172.21.15.81:0/3711049892 shutdown_connections
2024-05-08T23:56:28.547 INFO:teuthology.orchestra.run.smithi081.stdout:/usr/bin/ceph: stderr
2024-05-08T23:56:28.012+0000 7f1f7a1e3700 1 --2- 172.21.15.81:0/3711049892 >> [v2:172.21.15.81:3300/0,v1:172.21.15.81:6789/0] conn(0x7f1f74104ea0 0x7f1f741052c0 unknown :-1 s=CLOSED pgs=39 cs=0 l=1 rev1=1 crypto rx=0 tx=0 comp rx=0 tx=0).stop
2024-05-08T23:56:28.547 INFO:teuthology.orchestra.run.smithi081.stdout:/usr/bin/ceph: stderr
2024-05-08T23:56:28.012+0000 7f1f7a1e3700 1 -- 172.21.15.81:0/3711049892 >> 172.21.15.81:0/3711049892 conn(0x7f1f74100510 msgr2=0x7f1f74102930 unknown :-1 s=STATE_NONE l=0).mark_down
2024-05-08T23:56:28.547 INFO:teuthology.orchestra.run.smithi081.stdout:/usr/bin/ceph: stderr
2024-05-08T23:56:28.012+0000 7f1f7a1e3700 1 -- 172.21.15.81:0/3711049892 shutdown_connections
2024-05-08T23:56:28.547 INFO:teuthology.orchestra.run.smithi081.stdout:/usr/bin/ceph: stderr
2024-05-08T23:56:28.012+0000 7f1f7a1e3700 1 -- 172.21.15.81:0/3711049892 wait complete.
2024-05-08T23:56:28.548 INFO:teuthology.orchestra.run.smithi081.stdout:/usr/bin/ceph: stderr
2024-05-08T23:56:28.013+0000 7f1f7a1e3700 1 Processor -- start
2024-05-08T23:56:28.548 INFO:teuthology.orchestra.run.smithi081.stdout:/usr/bin/ceph: stderr
2024-05-08T23:56:28.013+0000 7f1f7a1e3700 1 -- start start
2024-05-08T23:56:28.548 INFO:teuthology.orchestra.run.smithi081.stdout:/usr/bin/ceph: stderr
2024-05-08T23:56:28.013+0000 7f1f7a1e3700 1 --2- >> [v2:172.21.15.81:3300/0,v1:172.21.15.81:6789/0] conn(0x7f1f74104ea0 0x7f1f7419c760 unknown :-1 s=NONE pgs=0 cs=0 l=1 rev1=0 crypto rx=0 tx=0 comp rx=0 tx=0).connect
2024-05-08T23:56:28.548 INFO:teuthology.orchestra.run.smithi081.stdout:/usr/bin/ceph: stderr
2024-05-08T23:56:28.013+0000 7f1f7a1e3700 1 -- --> [v2:172.21.15.81:3300/0,v1:172.21.15.81:6789/0] -- mon_getmap magic: 0 v1 -- 0x7f1f7419cca0 con 0x7f1f74104ea0
2024-05-08T23:56:28.548 INFO:teuthology.orchestra.run.smithi081.stdout:/usr/bin/ceph: stderr
2024-05-08T23:56:28.013+0000 7f1f737fe700 1 --2- >> [v2:172.21.15.81:3300/0,v1:172.21.15.81:6789/0] conn(0x7f1f74104ea0 0x7f1f7419c760 unknown :-1 s=BANNER_CONNECTING pgs=0 cs=0 l=1 rev1=0 crypto rx=0 tx=0 comp rx=0 tx=0)._handle_peer_banner_payload supported=3 required=0
2024-05-08T23:56:28.548 INFO:teuthology.orchestra.run.smithi081.stdout:/usr/bin/ceph: stderr
2024-05-08T23:56:28.013+0000 7f1f737fe700 1 --2- >> [v2:172.21.15.81:3300/0,v1:172.21.15.81:6789/0] conn(0x7f1f74104ea0 0x7f1f7419c760 unknown :-1 s=HELLO_CONNECTING pgs=0 cs=0 l=1 rev1=1 crypto rx=0 tx=0 comp rx=0 tx=0).handle_hello peer v2:172.21.15.81:3300/0 says I am v2:172.21.15.81:45892/0 (socket says 172.21.15.81:45892)
2024-05-08T23:56:28.548 INFO:teuthology.orchestra.run.smithi081.stdout:/usr/bin/ceph: stderr
2024-05-08T23:56:28.013+0000 7f1f737fe700 1 -- 172.21.15.81:0/2752345364 learned_addr learned my addr 172.21.15.81:0/2752345364 (peer_addr_for_me v2:172.21.15.81:0/0)
2024-05-08T23:56:28.548 INFO:teuthology.orchestra.run.smithi081.stdout:/usr/bin/ceph: stderr
2024-05-08T23:56:28.014+0000 7f1f737fe700 1 -- 172.21.15.81:0/2752345364 --> [v2:172.21.15.81:3300/0,v1:172.21.15.81:6789/0] -- mon_subscribe({config=0+,monmap=0+}) v3 -- 0x7f1f6400b7f0 con 0x7f1f74104ea0
2024-05-08T23:56:28.548 INFO:teuthology.orchestra.run.smithi081.stdout:/usr/bin/ceph: stderr
2024-05-08T23:56:28.014+0000 7f1f737fe700 1 --2- 172.21.15.81:0/2752345364 >> [v2:172.21.15.81:3300/0,v1:172.21.15.81:6789/0] conn(0x7f1f74104ea0 0x7f1f7419c760 secure :-1 s=READY pgs=40 cs=0 l=1 rev1=1 crypto rx=0x7f1f6400bfd0 tx=0x7f1f64003f90 comp rx=0 tx=0).ready entity=mon.0 client_cookie=0 server_cookie=0 in_seq=0 out_seq=0
2024-05-08T23:56:28.548 INFO:teuthology.orchestra.run.smithi081.stdout:/usr/bin/ceph: stderr
2024-05-08T23:56:28.014+0000 7f1f70ff9700 1 -- 172.21.15.81:0/2752345364 <== mon.0 v2:172.21.15.81:3300/0 1 ==== mon_map magic: 0 v1 ==== 205+0+0 (secure 0 0 0) 0x7f1f64023070 con 0x7f1f74104ea0
2024-05-08T23:56:28.548 INFO:teuthology.orchestra.run.smithi081.stdout:/usr/bin/ceph: stderr
2024-05-08T23:56:28.014+0000 7f1f7a1e3700 1 -- 172.21.15.81:0/2752345364 --> [v2:172.21.15.81:3300/0,v1:172.21.15.81:6789/0] -- mon_subscribe({mgrmap=0+}) v3 -- 0x7f1f7419cea0 con 0x7f1f74104ea0
2024-05-08T23:56:28.548 INFO:teuthology.orchestra.run.smithi081.stdout:/usr/bin/ceph: stderr
2024-05-08T23:56:28.014+0000 7f1f70ff9700 1 -- 172.21.15.81:0/2752345364 <== mon.0 v2:172.21.15.81:3300/0 2 ==== config(26 keys) v1 ==== 1074+0+0 (secure 0 0 0) 0x7f1f64017950 con 0x7f1f74104ea0
2024-05-08T23:56:28.548 INFO:teuthology.orchestra.run.smithi081.stdout:/usr/bin/ceph: stderr
2024-05-08T23:56:28.014+0000 7f1f70ff9700 1 -- 172.21.15.81:0/2752345364 <== mon.0 v2:172.21.15.81:3300/0 3 ==== mon_map magic: 0 v1 ==== 205+0+0 (secure 0 0 0) 0x7f1f64009040 con 0x7f1f74104ea0
2024-05-08T23:56:28.548 INFO:teuthology.orchestra.run.smithi081.stdout:/usr/bin/ceph: stderr
2024-05-08T23:56:28.014+0000 7f1f7a1e3700 1 -- 172.21.15.81:0/2752345364 --> [v2:172.21.15.81:3300/0,v1:172.21.15.81:6789/0] -- mon_subscribe({osdmap=0}) v3 -- 0x7f1f7419d340 con 0x7f1f74104ea0
2024-05-08T23:56:28.549 INFO:teuthology.orchestra.run.smithi081.stdout:/usr/bin/ceph: stderr
2024-05-08T23:56:28.015+0000 7f1f7a1e3700 1 -- 172.21.15.81:0/2752345364 --> [v2:172.21.15.81:3300/0,v1:172.21.15.81:6789/0] -- mon_command({"prefix": "get_command_descriptions"} v 0) v1 -- 0x7f1f74192000 con 0x7f1f74104ea0
2024-05-08T23:56:28.549 INFO:teuthology.orchestra.run.smithi081.stdout:/usr/bin/ceph: stderr
2024-05-08T23:56:28.015+0000 7f1f70ff9700 1 -- 172.21.15.81:0/2752345364 <== mon.0 v2:172.21.15.81:3300/0 4 ==== mgrmap(e 8) v1 ==== 45541+0+0 (secure 0 0 0) 0x7f1f64015070 con 0x7f1f74104ea0
2024-05-08T23:56:28.549 INFO:teuthology.orchestra.run.smithi081.stdout:/usr/bin/ceph: stderr
2024-05-08T23:56:28.015+0000 7f1f70ff9700 1 --2- 172.21.15.81:0/2752345364 >> [v2:172.21.15.81:6800/4280496150,v1:172.21.15.81:6801/4280496150] conn(0x7f1f5c0386e0 0x7f1f5c03aba0 unknown :-1 s=NONE pgs=0 cs=0 l=1 rev1=0 crypto rx=0 tx=0 comp rx=0 tx=0).connect
2024-05-08T23:56:28.549 INFO:teuthology.orchestra.run.smithi081.stdout:/usr/bin/ceph: stderr
2024-05-08T23:56:28.015+0000 7f1f70ff9700 1 -- 172.21.15.81:0/2752345364 <== mon.0 v2:172.21.15.81:3300/0 5 ==== osd_map(2..2 src has 1..2) v4 ==== 940+0+0 (secure 0 0 0) 0x7f1f6404bcf0 con 0x7f1f74104ea0
2024-05-08T23:56:28.549 INFO:teuthology.orchestra.run.smithi081.stdout:/usr/bin/ceph: stderr
2024-05-08T23:56:28.016+0000 7f1f72ffd700 1 --2- 172.21.15.81:0/2752345364 >> [v2:172.21.15.81:6800/4280496150,v1:172.21.15.81:6801/4280496150] conn(0x7f1f5c0386e0 0x7f1f5c03aba0 unknown :-1 s=BANNER_CONNECTING pgs=0 cs=0 l=1 rev1=0 crypto rx=0 tx=0 comp rx=0 tx=0)._handle_peer_banner_payload supported=3 required=0
2024-05-08T23:56:28.549 INFO:teuthology.orchestra.run.smithi081.stdout:/usr/bin/ceph: stderr
2024-05-08T23:56:28.016+0000 7f1f72ffd700 1 --2- 172.21.15.81:0/2752345364 >> [v2:172.21.15.81:6800/4280496150,v1:172.21.15.81:6801/4280496150] conn(0x7f1f5c0386e0 0x7f1f5c03aba0 secure :-1 s=READY pgs=8 cs=0 l=1 rev1=1 crypto rx=0x7f1f68006fd0 tx=0x7f1f68006e40 comp rx=0 tx=0).ready entity=mgr.14120 client_cookie=0 server_cookie=0 in_seq=0 out_seq=0
2024-05-08T23:56:28.549 INFO:teuthology.orchestra.run.smithi081.stdout:/usr/bin/ceph: stderr
2024-05-08T23:56:28.020+0000 7f1f70ff9700 1 -- 172.21.15.81:0/2752345364 <== mon.0 v2:172.21.15.81:3300/0 6 ==== mon_command_ack([{"prefix": "get_command_descriptions"}]=0 v0) v1 ==== 72+0+183622 (secure 0 0 0) 0x7f1f64050070 con 0x7f1f74104ea0
2024-05-08T23:56:28.549 INFO:teuthology.orchestra.run.smithi081.stdout:/usr/bin/ceph: stderr
2024-05-08T23:56:28.213+0000 7f1f7a1e3700 1 -- 172.21.15.81:0/2752345364 --> [v2:172.21.15.81:6800/4280496150,v1:172.21.15.81:6801/4280496150] -- mgr_command(tid 0: {"prefix": "cephadm set-user", "user": "root", "target": ["mon-mgr", ""]}) v1 -- 0x7f1f7402d050 con 0x7f1f5c0386e0
2024-05-08T23:56:28.549 INFO:teuthology.orchestra.run.smithi081.stdout:/usr/bin/ceph: stderr
2024-05-08T23:56:28.214+0000 7f1f70ff9700 1 -- 172.21.15.81:0/2752345364 <== mgr.14120 v2:172.21.15.81:6800/4280496150 1 ==== mgr_command_reply(tid 0: 0 ) v1 ==== 8+0+16 (secure 0 0 0) 0x7f1f7402d050 con 0x7f1f5c0386e0
2024-05-08T23:56:28.549 INFO:teuthology.orchestra.run.smithi081.stdout:/usr/bin/ceph: stderr
2024-05-08T23:56:28.216+0000 7f1f7a1e3700 1 -- 172.21.15.81:0/2752345364 >> [v2:172.21.15.81:6800/4280496150,v1:172.21.15.81:6801/4280496150] conn(0x7f1f5c0386e0 msgr2=0x7f1f5c03aba0 secure :-1 s=STATE_CONNECTION_ESTABLISHED l=1).mark_down
2024-05-08T23:56:28.549 INFO:teuthology.orchestra.run.smithi081.stdout:/usr/bin/ceph: stderr
2024-05-08T23:56:28.216+0000 7f1f7a1e3700 1 --2- 172.21.15.81:0/2752345364 >> [v2:172.21.15.81:6800/4280496150,v1:172.21.15.81:6801/4280496150] conn(0x7f1f5c0386e0 0x7f1f5c03aba0 secure :-1 s=READY pgs=8 cs=0 l=1 rev1=1 crypto rx=0x7f1f68006fd0 tx=0x7f1f68006e40 comp rx=0 tx=0).stop
2024-05-08T23:56:28.549 INFO:teuthology.orchestra.run.smithi081.stdout:/usr/bin/ceph: stderr
2024-05-08T23:56:28.216+0000 7f1f7a1e3700 1 -- 172.21.15.81:0/2752345364 >> [v2:172.21.15.81:3300/0,v1:172.21.15.81:6789/0] conn(0x7f1f74104ea0 msgr2=0x7f1f7419c760 secure :-1 s=STATE_CONNECTION_ESTABLISHED l=1).mark_down
2024-05-08T23:56:28.549 INFO:teuthology.orchestra.run.smithi081.stdout:/usr/bin/ceph: stderr
2024-05-08T23:56:28.216+0000 7f1f7a1e3700 1 --2- 172.21.15.81:0/2752345364 >> [v2:172.21.15.81:3300/0,v1:172.21.15.81:6789/0] conn(0x7f1f74104ea0 0x7f1f7419c760 secure :-1 s=READY pgs=40 cs=0 l=1 rev1=1 crypto rx=0x7f1f6400bfd0 tx=0x7f1f64003f90 comp rx=0 tx=0).stop
2024-05-08T23:56:28.549 INFO:teuthology.orchestra.run.smithi081.stdout:/usr/bin/ceph: stderr
2024-05-08T23:56:28.216+0000 7f1f7a1e3700 1 -- 172.21.15.81:0/2752345364 shutdown_connections
2024-05-08T23:56:28.550 INFO:teuthology.orchestra.run.smithi081.stdout:/usr/bin/ceph: stderr
2024-05-08T23:56:28.216+0000 7f1f7a1e3700 1 --2- 172.21.15.81:0/2752345364 >> [v2:172.21.15.81:6800/4280496150,v1:172.21.15.81:6801/4280496150] conn(0x7f1f5c0386e0 0x7f1f5c03aba0 unknown :-1 s=CLOSED pgs=8 cs=0 l=1 rev1=1 crypto rx=0 tx=0 comp rx=0 tx=0).stop
2024-05-08T23:56:28.550 INFO:teuthology.orchestra.run.smithi081.stdout:/usr/bin/ceph: stderr
2024-05-08T23:56:28.216+0000 7f1f7a1e3700 1 --2- 172.21.15.81:0/2752345364 >> [v2:172.21.15.81:3300/0,v1:172.21.15.81:6789/0] conn(0x7f1f74104ea0 0x7f1f7419c760 unknown :-1 s=CLOSED pgs=40 cs=0 l=1 rev1=1 crypto rx=0 tx=0 comp rx=0 tx=0).stop
2024-05-08T23:56:28.550 INFO:teuthology.orchestra.run.smithi081.stdout:/usr/bin/ceph: stderr
2024-05-08T23:56:28.216+0000 7f1f7a1e3700 1 -- 172.21.15.81:0/2752345364 >> 172.21.15.81:0/2752345364 conn(0x7f1f74100510 msgr2=0x7f1f7418f140 unknown :-1 s=STATE_NONE l=0).mark_down
2024-05-08T23:56:28.550 INFO:teuthology.orchestra.run.smithi081.stdout:/usr/bin/ceph: stderr
2024-05-08T23:56:28.216+0000 7f1f7a1e3700 1 -- 172.21.15.81:0/2752345364 shutdown_connections
2024-05-08T23:56:28.550 INFO:teuthology.orchestra.run.smithi081.stdout:/usr/bin/ceph: stderr
2024-05-08T23:56:28.216+0000 7f1f7a1e3700 1 -- 172.21.15.81:0/2752345364 wait complete.
2024-05-08T23:56:28.550 INFO:teuthology.orchestra.run.smithi081.stdout:Generating ssh key...
2024-05-08T23:56:29.518 INFO:journalctl@ceph.mon.a.smithi081.stdout:May 08 23:56:29 smithi081 ceph-mon[42474]: from='client.14134 -' entity='client.admin' cmd=[{"prefix": "cephadm set-user", "user": "root", "target": ["mon-mgr", ""]}]: dispatch
2024-05-08T23:56:29.518 INFO:journalctl@ceph.mon.a.smithi081.stdout:May 08 23:56:29 smithi081 ceph-mon[42474]: from='mgr.14120 172.21.15.81:0/1542348236' entity='mgr.x'
2024-05-08T23:56:29.519 INFO:journalctl@ceph.mon.a.smithi081.stdout:May 08 23:56:29 smithi081 ceph-mon[42474]: from='mgr.14120 172.21.15.81:0/1542348236' entity='mgr.x'
2024-05-08T23:56:29.519 INFO:journalctl@ceph.mgr.x.smithi081.stdout:May 08 23:56:29 smithi081 ceph-6c93ddc4-0d96-11ef-bc97-c7b262605968-mgr-x[42726]: Generating public/private rsa key pair.
2024-05-08T23:56:29.519 INFO:journalctl@ceph.mgr.x.smithi081.stdout:May 08 23:56:29 smithi081 ceph-6c93ddc4-0d96-11ef-bc97-c7b262605968-mgr-x[42726]: Your identification has been saved in /tmp/tmpt1noy0wv/key.
2024-05-08T23:56:29.519 INFO:journalctl@ceph.mgr.x.smithi081.stdout:May 08 23:56:29 smithi081 ceph-6c93ddc4-0d96-11ef-bc97-c7b262605968-mgr-x[42726]: Your public key has been saved in /tmp/tmpt1noy0wv/key.pub.
2024-05-08T23:56:29.519 INFO:journalctl@ceph.mgr.x.smithi081.stdout:May 08 23:56:29 smithi081 ceph-6c93ddc4-0d96-11ef-bc97-c7b262605968-mgr-x[42726]: The key fingerprint is:
2024-05-08T23:56:29.519 INFO:journalctl@ceph.mgr.x.smithi081.stdout:May 08 23:56:29 smithi081 ceph-6c93ddc4-0d96-11ef-bc97-c7b262605968-mgr-x[42726]: SHA256:HH44jo/0CEd12q7242jAOmrYqKsKtZfmo+Dyc06P5H4 ceph-6c93ddc4-0d96-11ef-bc97-c7b262605968
2024-05-08T23:56:29.519 INFO:journalctl@ceph.mgr.x.smithi081.stdout:May 08 23:56:29 smithi081 ceph-6c93ddc4-0d96-11ef-bc97-c7b262605968-mgr-x[42726]: The key's randomart image is:
2024-05-08T23:56:29.519 INFO:journalctl@ceph.mgr.x.smithi081.stdout:May 08 23:56:29 smithi081 ceph-6c93ddc4-0d96-11ef-bc97-c7b262605968-mgr-x[42726]: +---[RSA 3072]----+
2024-05-08T23:56:29.519 INFO:journalctl@ceph.mgr.x.smithi081.stdout:May 08 23:56:29 smithi081 ceph-6c93ddc4-0d96-11ef-bc97-c7b262605968-mgr-x[42726]: | |
2024-05-08T23:56:29.519 INFO:journalctl@ceph.mgr.x.smithi081.stdout:May 08 23:56:29 smithi081 ceph-6c93ddc4-0d96-11ef-bc97-c7b262605968-mgr-x[42726]: | |
2024-05-08T23:56:29.519 INFO:journalctl@ceph.mgr.x.smithi081.stdout:May 08 23:56:29 smithi081 ceph-6c93ddc4-0d96-11ef-bc97-c7b262605968-mgr-x[42726]: | o . |
2024-05-08T23:56:29.519 INFO:journalctl@ceph.mgr.x.smithi081.stdout:May 08 23:56:29 smithi081 ceph-6c93ddc4-0d96-11ef-bc97-c7b262605968-mgr-x[42726]: | + * |
2024-05-08T23:56:29.520 INFO:journalctl@ceph.mgr.x.smithi081.stdout:May 08 23:56:29 smithi081 ceph-6c93ddc4-0d96-11ef-bc97-c7b262605968-mgr-x[42726]: | . .. S o |
2024-05-08T23:56:29.520 INFO:journalctl@ceph.mgr.x.smithi081.stdout:May 08 23:56:29 smithi081 ceph-6c93ddc4-0d96-11ef-bc97-c7b262605968-mgr-x[42726]: | . . ooo + |
2024-05-08T23:56:29.520 INFO:journalctl@ceph.mgr.x.smithi081.stdout:May 08 23:56:29 smithi081 ceph-6c93ddc4-0d96-11ef-bc97-c7b262605968-mgr-x[42726]: |o+. B.+.. . |
2024-05-08T23:56:29.520 INFO:journalctl@ceph.mgr.x.smithi081.stdout:May 08 23:56:29 smithi081 ceph-6c93ddc4-0d96-11ef-bc97-c7b262605968-mgr-x[42726]: |*.+B=*E=oo. |
2024-05-08T23:56:29.520 INFO:journalctl@ceph.mgr.x.smithi081.stdout:May 08 23:56:29 smithi081 ceph-6c93ddc4-0d96-11ef-bc97-c7b262605968-mgr-x[42726]: |X=+B*++o=oo. |
2024-05-08T23:56:29.520 INFO:journalctl@ceph.mgr.x.smithi081.stdout:May 08 23:56:29 smithi081 ceph-6c93ddc4-0d96-11ef-bc97-c7b262605968-mgr-x[42726]: +----[SHA256]-----+
2024-05-08T23:56:29.630 INFO:teuthology.orchestra.run.smithi081.stdout:/usr/bin/ceph: stderr
2024-05-08T23:56:28.884+0000 7f140fcb5700 1 Processor -- start
2024-05-08T23:56:29.630 INFO:teuthology.orchestra.run.smithi081.stdout:/usr/bin/ceph: stderr
2024-05-08T23:56:28.884+0000 7f140fcb5700 1 -- start start
2024-05-08T23:56:29.630 INFO:teuthology.orchestra.run.smithi081.stdout:/usr/bin/ceph: stderr
2024-05-08T23:56:28.884+0000 7f140fcb5700 1 --2- >> [v2:172.21.15.81:3300/0,v1:172.21.15.81:6789/0] conn(0x7f1408106dc0 0x7f14081071e0 unknown :-1 s=NONE pgs=0 cs=0 l=0 rev1=0 crypto rx=0 tx=0 comp rx=0 tx=0).connect
2024-05-08T23:56:29.630 INFO:teuthology.orchestra.run.smithi081.stdout:/usr/bin/ceph: stderr
2024-05-08T23:56:28.884+0000 7f140fcb5700 1 -- --> [v2:172.21.15.81:3300/0,v1:172.21.15.81:6789/0] -- mon_getmap magic: 0 v1 -- 0x7f14081077f0 con 0x7f1408106dc0
2024-05-08T23:56:29.630 INFO:teuthology.orchestra.run.smithi081.stdout:/usr/bin/ceph: stderr
2024-05-08T23:56:28.884+0000 7f140da51700 1 --2- >> [v2:172.21.15.81:3300/0,v1:172.21.15.81:6789/0] conn(0x7f1408106dc0 0x7f14081071e0 unknown :-1 s=BANNER_CONNECTING pgs=0 cs=0 l=0 rev1=0 crypto rx=0 tx=0 comp rx=0 tx=0)._handle_peer_banner_payload supported=3 required=0
2024-05-08T23:56:29.630 INFO:teuthology.orchestra.run.smithi081.stdout:/usr/bin/ceph: stderr
2024-05-08T23:56:28.884+0000 7f140da51700 1 --2- >> [v2:172.21.15.81:3300/0,v1:172.21.15.81:6789/0] conn(0x7f1408106dc0 0x7f14081071e0 unknown :-1 s=HELLO_CONNECTING pgs=0 cs=0 l=0 rev1=1 crypto rx=0 tx=0 comp rx=0 tx=0).handle_hello peer v2:172.21.15.81:3300/0 says I am v2:172.21.15.81:45908/0 (socket says 172.21.15.81:45908)
2024-05-08T23:56:29.630 INFO:teuthology.orchestra.run.smithi081.stdout:/usr/bin/ceph: stderr
2024-05-08T23:56:28.884+0000 7f140da51700 1 -- 172.21.15.81:0/745272671 learned_addr learned my addr 172.21.15.81:0/745272671 (peer_addr_for_me v2:172.21.15.81:0/0)
2024-05-08T23:56:29.630 INFO:teuthology.orchestra.run.smithi081.stdout:/usr/bin/ceph: stderr
2024-05-08T23:56:28.884+0000 7f140da51700 1 -- 172.21.15.81:0/745272671 --> [v2:172.21.15.81:3300/0,v1:172.21.15.81:6789/0] -- mon_subscribe({config=0+,monmap=0+}) v3 -- 0x7f1408107930 con 0x7f1408106dc0
2024-05-08T23:56:29.631 INFO:teuthology.orchestra.run.smithi081.stdout:/usr/bin/ceph: stderr
2024-05-08T23:56:28.885+0000 7f140da51700 1 --2- 172.21.15.81:0/745272671 >> [v2:172.21.15.81:3300/0,v1:172.21.15.81:6789/0] conn(0x7f1408106dc0 0x7f14081071e0 secure :-1 s=READY pgs=41 cs=0 l=1 rev1=1 crypto rx=0x7f14040098a0 tx=0x7f1404009bb0 comp rx=0 tx=0).ready entity=mon.0 client_cookie=6ee1744cebb0bf3d server_cookie=0 in_seq=0 out_seq=0
2024-05-08T23:56:29.631 INFO:teuthology.orchestra.run.smithi081.stdout:/usr/bin/ceph: stderr
2024-05-08T23:56:28.885+0000 7f140ca4f700 1 -- 172.21.15.81:0/745272671 <== mon.0 v2:172.21.15.81:3300/0 1 ==== mon_map magic: 0 v1 ==== 205+0+0 (secure 0 0 0) 0x7f1404004160 con 0x7f1408106dc0
2024-05-08T23:56:29.631 INFO:teuthology.orchestra.run.smithi081.stdout:/usr/bin/ceph: stderr
2024-05-08T23:56:28.885+0000 7f140ca4f700 1 -- 172.21.15.81:0/745272671 <== mon.0 v2:172.21.15.81:3300/0 2 ==== config(26 keys) v1 ==== 1074+0+0 (secure 0 0 0) 0x7f14040042c0 con 0x7f1408106dc0
2024-05-08T23:56:29.631 INFO:teuthology.orchestra.run.smithi081.stdout:/usr/bin/ceph: stderr
2024-05-08T23:56:28.885+0000 7f140ca4f700 1 -- 172.21.15.81:0/745272671 <== mon.0 v2:172.21.15.81:3300/0 3 ==== mon_map magic: 0 v1 ==== 205+0+0 (secure 0 0 0) 0x7f1404011a00 con 0x7f1408106dc0
2024-05-08T23:56:29.631 INFO:teuthology.orchestra.run.smithi081.stdout:/usr/bin/ceph: stderr
2024-05-08T23:56:28.885+0000 7f140fcb5700 1 -- 172.21.15.81:0/745272671 >> [v2:172.21.15.81:3300/0,v1:172.21.15.81:6789/0] conn(0x7f1408106dc0 msgr2=0x7f14081071e0 secure :-1 s=STATE_CONNECTION_ESTABLISHED l=1).mark_down
2024-05-08T23:56:29.631 INFO:teuthology.orchestra.run.smithi081.stdout:/usr/bin/ceph: stderr
2024-05-08T23:56:28.885+0000 7f140fcb5700 1 --2- 172.21.15.81:0/745272671 >> [v2:172.21.15.81:3300/0,v1:172.21.15.81:6789/0] conn(0x7f1408106dc0 0x7f14081071e0 secure :-1 s=READY pgs=41 cs=0 l=1 rev1=1 crypto rx=0x7f14040098a0 tx=0x7f1404009bb0 comp rx=0 tx=0).stop
2024-05-08T23:56:29.631 INFO:teuthology.orchestra.run.smithi081.stdout:/usr/bin/ceph: stderr
2024-05-08T23:56:28.885+0000 7f140fcb5700 1 -- 172.21.15.81:0/745272671 shutdown_connections
2024-05-08T23:56:29.631 INFO:teuthology.orchestra.run.smithi081.stdout:/usr/bin/ceph: stderr
2024-05-08T23:56:28.885+0000 7f140fcb5700 1 --2- 172.21.15.81:0/745272671 >> [v2:172.21.15.81:3300/0,v1:172.21.15.81:6789/0] conn(0x7f1408106dc0 0x7f14081071e0 unknown :-1 s=CLOSED pgs=41 cs=0 l=1 rev1=1 crypto rx=0 tx=0 comp rx=0 tx=0).stop
2024-05-08T23:56:29.631 INFO:teuthology.orchestra.run.smithi081.stdout:/usr/bin/ceph: stderr
2024-05-08T23:56:28.885+0000 7f140fcb5700 1 -- 172.21.15.81:0/745272671 >> 172.21.15.81:0/745272671 conn(0x7f1408100480 msgr2=0x7f14081028a0 unknown :-1 s=STATE_NONE l=0).mark_down
2024-05-08T23:56:29.631 INFO:teuthology.orchestra.run.smithi081.stdout:/usr/bin/ceph: stderr
2024-05-08T23:56:28.885+0000 7f140fcb5700 1 -- 172.21.15.81:0/745272671 shutdown_connections
2024-05-08T23:56:29.631 INFO:teuthology.orchestra.run.smithi081.stdout:/usr/bin/ceph: stderr
2024-05-08T23:56:28.885+0000 7f140fcb5700 1 -- 172.21.15.81:0/745272671 wait complete.
2024-05-08T23:56:29.631 INFO:teuthology.orchestra.run.smithi081.stdout:/usr/bin/ceph: stderr
2024-05-08T23:56:28.886+0000 7f140fcb5700 1 Processor -- start
2024-05-08T23:56:29.631 INFO:teuthology.orchestra.run.smithi081.stdout:/usr/bin/ceph: stderr
2024-05-08T23:56:28.886+0000 7f140fcb5700 1 -- start start
2024-05-08T23:56:29.632 INFO:teuthology.orchestra.run.smithi081.stdout:/usr/bin/ceph: stderr
2024-05-08T23:56:28.886+0000 7f140fcb5700 1 --2- >> [v2:172.21.15.81:3300/0,v1:172.21.15.81:6789/0] conn(0x7f1408106dc0 0x7f14081a0bd0 unknown :-1 s=NONE pgs=0 cs=0 l=1 rev1=0 crypto rx=0 tx=0 comp rx=0 tx=0).connect
2024-05-08T23:56:29.632 INFO:teuthology.orchestra.run.smithi081.stdout:/usr/bin/ceph: stderr
2024-05-08T23:56:28.886+0000 7f140fcb5700 1 -- --> [v2:172.21.15.81:3300/0,v1:172.21.15.81:6789/0] -- mon_getmap magic: 0 v1 -- 0x7f14081a1110 con 0x7f1408106dc0
2024-05-08T23:56:29.632 INFO:teuthology.orchestra.run.smithi081.stdout:/usr/bin/ceph: stderr
2024-05-08T23:56:28.886+0000 7f140da51700 1 --2- >> [v2:172.21.15.81:3300/0,v1:172.21.15.81:6789/0] conn(0x7f1408106dc0 0x7f14081a0bd0 unknown :-1 s=BANNER_CONNECTING pgs=0 cs=0 l=1 rev1=0 crypto rx=0 tx=0 comp rx=0 tx=0)._handle_peer_banner_payload supported=3 required=0
2024-05-08T23:56:29.632 INFO:teuthology.orchestra.run.smithi081.stdout:/usr/bin/ceph: stderr
2024-05-08T23:56:28.886+0000 7f140da51700 1 --2- >> [v2:172.21.15.81:3300/0,v1:172.21.15.81:6789/0] conn(0x7f1408106dc0 0x7f14081a0bd0 unknown :-1 s=HELLO_CONNECTING pgs=0 cs=0 l=1 rev1=1 crypto rx=0 tx=0 comp rx=0 tx=0).handle_hello peer v2:172.21.15.81:3300/0 says I am v2:172.21.15.81:45922/0 (socket says 172.21.15.81:45922)
2024-05-08T23:56:29.632 INFO:teuthology.orchestra.run.smithi081.stdout:/usr/bin/ceph: stderr
2024-05-08T23:56:28.886+0000 7f140da51700 1 -- 172.21.15.81:0/4162902796 learned_addr learned my addr 172.21.15.81:0/4162902796 (peer_addr_for_me v2:172.21.15.81:0/0)
2024-05-08T23:56:29.632 INFO:teuthology.orchestra.run.smithi081.stdout:/usr/bin/ceph: stderr
2024-05-08T23:56:28.887+0000 7f140da51700 1 -- 172.21.15.81:0/4162902796 --> [v2:172.21.15.81:3300/0,v1:172.21.15.81:6789/0] -- mon_subscribe({config=0+,monmap=0+}) v3 -- 0x7f1404009550 con 0x7f1408106dc0
2024-05-08T23:56:29.632 INFO:teuthology.orchestra.run.smithi081.stdout:/usr/bin/ceph: stderr
2024-05-08T23:56:28.887+0000 7f140da51700 1 --2- 172.21.15.81:0/4162902796 >> [v2:172.21.15.81:3300/0,v1:172.21.15.81:6789/0] conn(0x7f1408106dc0 0x7f14081a0bd0 secure :-1 s=READY pgs=42 cs=0 l=1 rev1=1 crypto rx=0x7f1404011a20 tx=0x7f1404011b00 comp rx=0 tx=0).ready entity=mon.0 client_cookie=0 server_cookie=0 in_seq=0 out_seq=0
2024-05-08T23:56:29.632 INFO:teuthology.orchestra.run.smithi081.stdout:/usr/bin/ceph: stderr
2024-05-08T23:56:28.887+0000 7f13feffd700 1 -- 172.21.15.81:0/4162902796 <== mon.0 v2:172.21.15.81:3300/0 1 ==== mon_map magic: 0 v1 ==== 205+0+0 (secure 0 0 0) 0x7f1404003af0 con 0x7f1408106dc0
2024-05-08T23:56:29.632 INFO:teuthology.orchestra.run.smithi081.stdout:/usr/bin/ceph: stderr
2024-05-08T23:56:28.887+0000 7f13feffd700 1 -- 172.21.15.81:0/4162902796 <== mon.0 v2:172.21.15.81:3300/0 2 ==== config(26 keys) v1 ==== 1074+0+0 (secure 0 0 0) 0x7f1404003c50 con 0x7f1408106dc0
2024-05-08T23:56:29.632 INFO:teuthology.orchestra.run.smithi081.stdout:/usr/bin/ceph: stderr
2024-05-08T23:56:28.887+0000 7f140fcb5700 1 -- 172.21.15.81:0/4162902796 --> [v2:172.21.15.81:3300/0,v1:172.21.15.81:6789/0] -- mon_subscribe({mgrmap=0+}) v3 -- 0x7f14081a1310 con 0x7f1408106dc0
2024-05-08T23:56:29.632 INFO:teuthology.orchestra.run.smithi081.stdout:/usr/bin/ceph: stderr
2024-05-08T23:56:28.887+0000 7f13feffd700 1 -- 172.21.15.81:0/4162902796 <== mon.0 v2:172.21.15.81:3300/0 3 ==== mon_map magic: 0 v1 ==== 205+0+0 (secure 0 0 0) 0x7f1404019760 con 0x7f1408106dc0
2024-05-08T23:56:29.632 INFO:teuthology.orchestra.run.smithi081.stdout:/usr/bin/ceph: stderr
2024-05-08T23:56:28.887+0000 7f140fcb5700 1 -- 172.21.15.81:0/4162902796 --> [v2:172.21.15.81:3300/0,v1:172.21.15.81:6789/0] -- mon_subscribe({osdmap=0}) v3 -- 0x7f14081a17b0 con 0x7f1408106dc0
2024-05-08T23:56:29.632 INFO:teuthology.orchestra.run.smithi081.stdout:/usr/bin/ceph: stderr
2024-05-08T23:56:28.888+0000 7f13feffd700 1 -- 172.21.15.81:0/4162902796 <== mon.0 v2:172.21.15.81:3300/0 4 ==== mgrmap(e 8) v1 ==== 45541+0+0 (secure 0 0 0) 0x7f140401a430 con 0x7f1408106dc0
2024-05-08T23:56:29.633 INFO:teuthology.orchestra.run.smithi081.stdout:/usr/bin/ceph: stderr
2024-05-08T23:56:28.888+0000 7f140fcb5700 1 -- 172.21.15.81:0/4162902796 --> [v2:172.21.15.81:3300/0,v1:172.21.15.81:6789/0] -- mon_command({"prefix": "get_command_descriptions"} v 0) v1 -- 0x7f1408105590 con 0x7f1408106dc0
2024-05-08T23:56:29.633 INFO:teuthology.orchestra.run.smithi081.stdout:/usr/bin/ceph: stderr
2024-05-08T23:56:28.888+0000 7f13feffd700 1 --2- 172.21.15.81:0/4162902796 >> [v2:172.21.15.81:6800/4280496150,v1:172.21.15.81:6801/4280496150] conn(0x7f13f4038700 0x7f13f403abc0 unknown :-1 s=NONE pgs=0 cs=0 l=1 rev1=0 crypto rx=0 tx=0 comp rx=0 tx=0).connect
2024-05-08T23:56:29.633 INFO:teuthology.orchestra.run.smithi081.stdout:/usr/bin/ceph: stderr
2024-05-08T23:56:28.888+0000 7f13feffd700 1 -- 172.21.15.81:0/4162902796 <== mon.0 v2:172.21.15.81:3300/0 5 ==== osd_map(2..2 src has 1..2) v4 ==== 940+0+0 (secure 0 0 0) 0x7f140404c950 con 0x7f1408106dc0
2024-05-08T23:56:29.633 INFO:teuthology.orchestra.run.smithi081.stdout:/usr/bin/ceph: stderr
2024-05-08T23:56:28.888+0000 7f140d250700 1 --2- 172.21.15.81:0/4162902796 >> [v2:172.21.15.81:6800/4280496150,v1:172.21.15.81:6801/4280496150] conn(0x7f13f4038700 0x7f13f403abc0 unknown :-1 s=BANNER_CONNECTING pgs=0 cs=0 l=1 rev1=0 crypto rx=0 tx=0 comp rx=0 tx=0)._handle_peer_banner_payload supported=3 required=0
2024-05-08T23:56:29.633 INFO:teuthology.orchestra.run.smithi081.stdout:/usr/bin/ceph: stderr
2024-05-08T23:56:28.888+0000 7f140d250700 1 --2- 172.21.15.81:0/4162902796 >> [v2:172.21.15.81:6800/4280496150,v1:172.21.15.81:6801/4280496150] conn(0x7f13f4038700 0x7f13f403abc0 secure :-1 s=READY pgs=9 cs=0 l=1 rev1=1 crypto rx=0x7f13f8006fd0 tx=0x7f13f8006e40 comp rx=0 tx=0).ready entity=mgr.14120 client_cookie=0 server_cookie=0 in_seq=0 out_seq=0
2024-05-08T23:56:29.633 INFO:teuthology.orchestra.run.smithi081.stdout:/usr/bin/ceph: stderr
2024-05-08T23:56:28.893+0000 7f13feffd700 1 -- 172.21.15.81:0/4162902796 <== mon.0 v2:172.21.15.81:3300/0 6 ==== mon_command_ack([{"prefix": "get_command_descriptions"}]=0 v0) v1 ==== 72+0+183622 (secure 0 0 0) 0x7f140402d9a0 con 0x7f1408106dc0
2024-05-08T23:56:29.633 INFO:teuthology.orchestra.run.smithi081.stdout:/usr/bin/ceph: stderr
2024-05-08T23:56:29.083+0000 7f140fcb5700 1 -- 172.21.15.81:0/4162902796 --> [v2:172.21.15.81:6800/4280496150,v1:172.21.15.81:6801/4280496150] -- mgr_command(tid 0: {"prefix": "cephadm generate-key", "target": ["mon-mgr", ""]}) v1 -- 0x7f140810b6e0 con 0x7f13f4038700
2024-05-08T23:56:29.633 INFO:teuthology.orchestra.run.smithi081.stdout:/usr/bin/ceph: stderr
2024-05-08T23:56:29.236+0000 7f13feffd700 1 -- 172.21.15.81:0/4162902796 <== mgr.14120 v2:172.21.15.81:6800/4280496150 1 ==== mgr_command_reply(tid 0: 0 ) v1 ==== 8+0+0 (secure 0 0 0) 0x7f140810b6e0 con 0x7f13f4038700
2024-05-08T23:56:29.633 INFO:teuthology.orchestra.run.smithi081.stdout:/usr/bin/ceph: stderr
2024-05-08T23:56:29.238+0000 7f140fcb5700 1 -- 172.21.15.81:0/4162902796 >> [v2:172.21.15.81:6800/4280496150,v1:172.21.15.81:6801/4280496150] conn(0x7f13f4038700 msgr2=0x7f13f403abc0 secure :-1 s=STATE_CONNECTION_ESTABLISHED l=1).mark_down
2024-05-08T23:56:29.633 INFO:teuthology.orchestra.run.smithi081.stdout:/usr/bin/ceph: stderr
2024-05-08T23:56:29.238+0000 7f140fcb5700 1 --2- 172.21.15.81:0/4162902796 >> [v2:172.21.15.81:6800/4280496150,v1:172.21.15.81:6801/4280496150] conn(0x7f13f4038700 0x7f13f403abc0 secure :-1 s=READY pgs=9 cs=0 l=1 rev1=1 crypto rx=0x7f13f8006fd0 tx=0x7f13f8006e40 comp rx=0 tx=0).stop
2024-05-08T23:56:29.633 INFO:teuthology.orchestra.run.smithi081.stdout:/usr/bin/ceph: stderr
2024-05-08T23:56:29.238+0000 7f140fcb5700 1 -- 172.21.15.81:0/4162902796 >> [v2:172.21.15.81:3300/0,v1:172.21.15.81:6789/0] conn(0x7f1408106dc0 msgr2=0x7f14081a0bd0 secure :-1 s=STATE_CONNECTION_ESTABLISHED l=1).mark_down
2024-05-08T23:56:29.633 INFO:teuthology.orchestra.run.smithi081.stdout:/usr/bin/ceph: stderr
2024-05-08T23:56:29.238+0000 7f140fcb5700 1 --2- 172.21.15.81:0/4162902796 >> [v2:172.21.15.81:3300/0,v1:172.21.15.81:6789/0] conn(0x7f1408106dc0 0x7f14081a0bd0 secure :-1 s=READY pgs=42 cs=0 l=1 rev1=1 crypto rx=0x7f1404011a20 tx=0x7f1404011b00 comp rx=0 tx=0).stop
2024-05-08T23:56:29.633 INFO:teuthology.orchestra.run.smithi081.stdout:/usr/bin/ceph: stderr
2024-05-08T23:56:29.238+0000 7f140fcb5700 1 -- 172.21.15.81:0/4162902796 shutdown_connections
2024-05-08T23:56:29.633 INFO:teuthology.orchestra.run.smithi081.stdout:/usr/bin/ceph: stderr
2024-05-08T23:56:29.238+0000 7f140fcb5700 1 --2- 172.21.15.81:0/4162902796 >> [v2:172.21.15.81:6800/4280496150,v1:172.21.15.81:6801/4280496150] conn(0x7f13f4038700 0x7f13f403abc0 unknown :-1 s=CLOSED pgs=9 cs=0 l=1 rev1=1 crypto rx=0 tx=0 comp rx=0 tx=0).stop
2024-05-08T23:56:29.634 INFO:teuthology.orchestra.run.smithi081.stdout:/usr/bin/ceph: stderr
2024-05-08T23:56:29.238+0000 7f140fcb5700 1 --2- 172.21.15.81:0/4162902796 >> [v2:172.21.15.81:3300/0,v1:172.21.15.81:6789/0] conn(0x7f1408106dc0 0x7f14081a0bd0 unknown :-1 s=CLOSED pgs=42 cs=0 l=1 rev1=1 crypto rx=0 tx=0 comp rx=0 tx=0).stop
2024-05-08T23:56:29.634 INFO:teuthology.orchestra.run.smithi081.stdout:/usr/bin/ceph: stderr
2024-05-08T23:56:29.238+0000 7f140fcb5700 1 -- 172.21.15.81:0/4162902796 >> 172.21.15.81:0/4162902796 conn(0x7f1408100480 msgr2=0x7f1408109fa0 unknown :-1 s=STATE_NONE l=0).mark_down
2024-05-08T23:56:29.634 INFO:teuthology.orchestra.run.smithi081.stdout:/usr/bin/ceph: stderr
2024-05-08T23:56:29.238+0000 7f140fcb5700 1 -- 172.21.15.81:0/4162902796 shutdown_connections
2024-05-08T23:56:29.634 INFO:teuthology.orchestra.run.smithi081.stdout:/usr/bin/ceph: stderr
2024-05-08T23:56:29.238+0000 7f140fcb5700 1 -- 172.21.15.81:0/4162902796 wait complete.
2024-05-08T23:56:30.510 INFO:journalctl@ceph.mon.a.smithi081.stdout:May 08 23:56:30 smithi081 ceph-mon[42474]: from='client.14136 -' entity='client.admin' cmd=[{"prefix": "cephadm generate-key", "target": ["mon-mgr", ""]}]: dispatch
2024-05-08T23:56:30.511 INFO:journalctl@ceph.mon.a.smithi081.stdout:May 08 23:56:30 smithi081 ceph-mon[42474]: Generating ssh key...
2024-05-08T23:56:30.571 INFO:teuthology.orchestra.run.smithi081.stdout:/usr/bin/ceph: stdout ssh-rsa AAAAB3NzaC1yc2EAAAADAQABAAABgQD8z5nbWWpoZwtwkf5im/CmFGTwhY7fFE05W8RZJNJKhcFx9mFJF2+2iJ65vr521OjqjcmzVKbXF5riDqxwt4l3kQT+EfU9WxjdaCJDqbjHaxsuyb+1Obg8N/kaYvPV5gr7kcwtwFQCoP+l9R212gEhN9FRqYUtzACsd6offZ6RfZ/0EO7gxHj1NsiyAK6l8DpVTNVqHm2+9BZv3IJpoUEe7Cn8pK+AetOj3k+5jYZLCpRSFTchGjE8zIOjeFzjNTJcAmZmce7fF/xyNbeUwYYwJSpEFQQ9BzQI995yN1OPeC9aIJZMXDcCM82K/R/d5Bam4Fkrmt3Iifc3ADm0EFCCSrv/tqUEPmWZi6tk0jMKewaKayqmEfL/bJbeWvPDzjEAxRV2C36qwiJVREi8gOWMrZKG3cvpjyz1Q7QBHGA/7m1tQqSLiOS5wc9pla/uk0UQNSHlbEuP/lrshAlBvxBWQzhhLKtr5GKeZsrNarNGOCwPVJ1eXUZgd9/msCAQq6s= ceph-6c93ddc4-0d96-11ef-bc97-c7b262605968
2024-05-08T23:56:30.571 INFO:teuthology.orchestra.run.smithi081.stdout:/usr/bin/ceph: stderr
2024-05-08T23:56:30.009+0000 7f2342c53700 1 Processor -- start
2024-05-08T23:56:30.571 INFO:teuthology.orchestra.run.smithi081.stdout:/usr/bin/ceph: stderr
2024-05-08T23:56:30.009+0000 7f2342c53700 1 -- start start
2024-05-08T23:56:30.571 INFO:teuthology.orchestra.run.smithi081.stdout:/usr/bin/ceph: stderr
2024-05-08T23:56:30.009+0000 7f2342c53700 1 --2- >> [v2:172.21.15.81:3300/0,v1:172.21.15.81:6789/0] conn(0x7f233c105c40 0x7f233c106060 unknown :-1 s=NONE pgs=0 cs=0 l=0 rev1=0 crypto rx=0 tx=0 comp rx=0 tx=0).connect
2024-05-08T23:56:30.571 INFO:teuthology.orchestra.run.smithi081.stdout:/usr/bin/ceph: stderr
2024-05-08T23:56:30.009+0000 7f2342c53700 1 -- --> [v2:172.21.15.81:3300/0,v1:172.21.15.81:6789/0] -- mon_getmap magic: 0 v1 -- 0x7f233c106630 con 0x7f233c105c40
2024-05-08T23:56:30.571 INFO:teuthology.orchestra.run.smithi081.stdout:/usr/bin/ceph: stderr
2024-05-08T23:56:30.010+0000 7f23409ef700 1 --2- >> [v2:172.21.15.81:3300/0,v1:172.21.15.81:6789/0] conn(0x7f233c105c40 0x7f233c106060 unknown :-1 s=BANNER_CONNECTING pgs=0 cs=0 l=0 rev1=0 crypto rx=0 tx=0 comp rx=0 tx=0)._handle_peer_banner_payload supported=3 required=0
2024-05-08T23:56:30.571 INFO:teuthology.orchestra.run.smithi081.stdout:/usr/bin/ceph: stderr
2024-05-08T23:56:30.010+0000 7f23409ef700 1 --2- >> [v2:172.21.15.81:3300/0,v1:172.21.15.81:6789/0] conn(0x7f233c105c40 0x7f233c106060 unknown :-1 s=HELLO_CONNECTING pgs=0 cs=0 l=0 rev1=1 crypto rx=0 tx=0 comp rx=0 tx=0).handle_hello peer v2:172.21.15.81:3300/0 says I am v2:172.21.15.81:45926/0 (socket says 172.21.15.81:45926)
2024-05-08T23:56:30.571 INFO:teuthology.orchestra.run.smithi081.stdout:/usr/bin/ceph: stderr
2024-05-08T23:56:30.010+0000 7f23409ef700 1 -- 172.21.15.81:0/1079929738 learned_addr learned my addr 172.21.15.81:0/1079929738 (peer_addr_for_me v2:172.21.15.81:0/0)
2024-05-08T23:56:30.571 INFO:teuthology.orchestra.run.smithi081.stdout:/usr/bin/ceph: stderr
2024-05-08T23:56:30.010+0000 7f23409ef700 1 -- 172.21.15.81:0/1079929738 --> [v2:172.21.15.81:3300/0,v1:172.21.15.81:6789/0] -- mon_subscribe({config=0+,monmap=0+}) v3 -- 0x7f233c106960 con 0x7f233c105c40
2024-05-08T23:56:30.571 INFO:teuthology.orchestra.run.smithi081.stdout:/usr/bin/ceph: stderr
2024-05-08T23:56:30.010+0000 7f23409ef700 1 --2- 172.21.15.81:0/1079929738 >> [v2:172.21.15.81:3300/0,v1:172.21.15.81:6789/0] conn(0x7f233c105c40 0x7f233c106060 secure :-1 s=READY pgs=43 cs=0 l=1 rev1=1 crypto rx=0x7f23300098a0 tx=0x7f2330009bb0 comp rx=0 tx=0).ready entity=mon.0 client_cookie=71de9acd5391a4f3 server_cookie=0 in_seq=0 out_seq=0
2024-05-08T23:56:30.571 INFO:teuthology.orchestra.run.smithi081.stdout:/usr/bin/ceph: stderr
2024-05-08T23:56:30.010+0000 7f233b7fe700 1 -- 172.21.15.81:0/1079929738 <== mon.0 v2:172.21.15.81:3300/0 1 ==== mon_map magic: 0 v1 ==== 205+0+0 (secure 0 0 0) 0x7f2330004160 con 0x7f233c105c40
2024-05-08T23:56:30.571 INFO:teuthology.orchestra.run.smithi081.stdout:/usr/bin/ceph: stderr
2024-05-08T23:56:30.010+0000 7f233b7fe700 1 -- 172.21.15.81:0/1079929738 <== mon.0 v2:172.21.15.81:3300/0 2 ==== config(26 keys) v1 ==== 1074+0+0 (secure 0 0 0) 0x7f23300042c0 con 0x7f233c105c40
2024-05-08T23:56:30.572 INFO:teuthology.orchestra.run.smithi081.stdout:/usr/bin/ceph: stderr
2024-05-08T23:56:30.010+0000 7f233b7fe700 1 -- 172.21.15.81:0/1079929738 <== mon.0 v2:172.21.15.81:3300/0 3 ==== mon_map magic: 0 v1 ==== 205+0+0 (secure 0 0 0) 0x7f2330011a00 con 0x7f233c105c40
2024-05-08T23:56:30.572 INFO:teuthology.orchestra.run.smithi081.stdout:/usr/bin/ceph: stderr
2024-05-08T23:56:30.011+0000 7f2342c53700 1 -- 172.21.15.81:0/1079929738 >> [v2:172.21.15.81:3300/0,v1:172.21.15.81:6789/0] conn(0x7f233c105c40 msgr2=0x7f233c106060 secure :-1 s=STATE_CONNECTION_ESTABLISHED l=1).mark_down
2024-05-08T23:56:30.572 INFO:teuthology.orchestra.run.smithi081.stdout:/usr/bin/ceph: stderr
2024-05-08T23:56:30.011+0000 7f2342c53700 1 --2- 172.21.15.81:0/1079929738 >> [v2:172.21.15.81:3300/0,v1:172.21.15.81:6789/0] conn(0x7f233c105c40 0x7f233c106060 secure :-1 s=READY pgs=43 cs=0 l=1 rev1=1 crypto rx=0x7f23300098a0 tx=0x7f2330009bb0 comp rx=0 tx=0).stop
2024-05-08T23:56:30.572 INFO:teuthology.orchestra.run.smithi081.stdout:/usr/bin/ceph: stderr
2024-05-08T23:56:30.011+0000 7f2342c53700 1 -- 172.21.15.81:0/1079929738 shutdown_connections
2024-05-08T23:56:30.572 INFO:teuthology.orchestra.run.smithi081.stdout:/usr/bin/ceph: stderr
2024-05-08T23:56:30.011+0000 7f2342c53700 1 --2- 172.21.15.81:0/1079929738 >> [v2:172.21.15.81:3300/0,v1:172.21.15.81:6789/0] conn(0x7f233c105c40 0x7f233c106060 unknown :-1 s=CLOSED pgs=43 cs=0 l=1 rev1=1 crypto rx=0 tx=0 comp rx=0 tx=0).stop
2024-05-08T23:56:30.572 INFO:teuthology.orchestra.run.smithi081.stdout:/usr/bin/ceph: stderr
2024-05-08T23:56:30.011+0000 7f2342c53700 1 -- 172.21.15.81:0/1079929738 >> 172.21.15.81:0/1079929738 conn(0x7f233c100480 msgr2=0x7f233c1028a0 unknown :-1 s=STATE_NONE l=0).mark_down
2024-05-08T23:56:30.572 INFO:teuthology.orchestra.run.smithi081.stdout:/usr/bin/ceph: stderr
2024-05-08T23:56:30.011+0000 7f2342c53700 1 -- 172.21.15.81:0/1079929738 shutdown_connections
2024-05-08T23:56:30.572 INFO:teuthology.orchestra.run.smithi081.stdout:/usr/bin/ceph: stderr
2024-05-08T23:56:30.011+0000 7f2342c53700 1 -- 172.21.15.81:0/1079929738 wait complete.
2024-05-08T23:56:30.572 INFO:teuthology.orchestra.run.smithi081.stdout:/usr/bin/ceph: stderr
2024-05-08T23:56:30.011+0000 7f2342c53700 1 Processor -- start
2024-05-08T23:56:30.572 INFO:teuthology.orchestra.run.smithi081.stdout:/usr/bin/ceph: stderr
2024-05-08T23:56:30.011+0000 7f2342c53700 1 -- start start
2024-05-08T23:56:30.572 INFO:teuthology.orchestra.run.smithi081.stdout:/usr/bin/ceph: stderr
2024-05-08T23:56:30.012+0000 7f2342c53700 1 --2- >> [v2:172.21.15.81:3300/0,v1:172.21.15.81:6789/0] conn(0x7f233c105c40 0x7f233c19a610 unknown :-1 s=NONE pgs=0 cs=0 l=1 rev1=0 crypto rx=0 tx=0 comp rx=0 tx=0).connect
2024-05-08T23:56:30.572 INFO:teuthology.orchestra.run.smithi081.stdout:/usr/bin/ceph: stderr
2024-05-08T23:56:30.012+0000 7f2342c53700 1 -- --> [v2:172.21.15.81:3300/0,v1:172.21.15.81:6789/0] -- mon_getmap magic: 0 v1 -- 0x7f233c19ab50 con 0x7f233c105c40
2024-05-08T23:56:30.572 INFO:teuthology.orchestra.run.smithi081.stdout:/usr/bin/ceph: stderr
2024-05-08T23:56:30.012+0000 7f23409ef700 1 --2- >> [v2:172.21.15.81:3300/0,v1:172.21.15.81:6789/0] conn(0x7f233c105c40 0x7f233c19a610 unknown :-1 s=BANNER_CONNECTING pgs=0 cs=0 l=1 rev1=0 crypto rx=0 tx=0 comp rx=0 tx=0)._handle_peer_banner_payload supported=3 required=0
