2024-05-08T23:56:30.572 INFO:teuthology.orchestra.run.smithi081.stdout:/usr/bin/ceph: stderr
2024-05-08T23:56:30.012+0000 7f23409ef700 1 --2- >> [v2:172.21.15.81:3300/0,v1:172.21.15.81:6789/0] conn(0x7f233c105c40 0x7f233c19a610 unknown :-1 s=HELLO_CONNECTING pgs=0 cs=0 l=1 rev1=1 crypto rx=0 tx=0 comp rx=0 tx=0).handle_hello peer v2:172.21.15.81:3300/0 says I am v2:172.21.15.81:45942/0 (socket says 172.21.15.81:45942)
2024-05-08T23:56:30.572 INFO:teuthology.orchestra.run.smithi081.stdout:/usr/bin/ceph: stderr
2024-05-08T23:56:30.012+0000 7f23409ef700 1 -- 172.21.15.81:0/157699604 learned_addr learned my addr 172.21.15.81:0/157699604 (peer_addr_for_me v2:172.21.15.81:0/0)
2024-05-08T23:56:30.573 INFO:teuthology.orchestra.run.smithi081.stdout:/usr/bin/ceph: stderr
2024-05-08T23:56:30.012+0000 7f23409ef700 1 -- 172.21.15.81:0/157699604 --> [v2:172.21.15.81:3300/0,v1:172.21.15.81:6789/0] -- mon_subscribe({config=0+,monmap=0+}) v3 -- 0x7f2330009550 con 0x7f233c105c40
2024-05-08T23:56:30.573 INFO:teuthology.orchestra.run.smithi081.stdout:/usr/bin/ceph: stderr
2024-05-08T23:56:30.012+0000 7f23409ef700 1 --2- 172.21.15.81:0/157699604 >> [v2:172.21.15.81:3300/0,v1:172.21.15.81:6789/0] conn(0x7f233c105c40 0x7f233c19a610 secure :-1 s=READY pgs=44 cs=0 l=1 rev1=1 crypto rx=0x7f2330011a20 tx=0x7f2330011b00 comp rx=0 tx=0).ready entity=mon.0 client_cookie=0 server_cookie=0 in_seq=0 out_seq=0
2024-05-08T23:56:30.573 INFO:teuthology.orchestra.run.smithi081.stdout:/usr/bin/ceph: stderr
2024-05-08T23:56:30.012+0000 7f2339ffb700 1 -- 172.21.15.81:0/157699604 <== mon.0 v2:172.21.15.81:3300/0 1 ==== mon_map magic: 0 v1 ==== 205+0+0 (secure 0 0 0) 0x7f2330003af0 con 0x7f233c105c40
2024-05-08T23:56:30.573 INFO:teuthology.orchestra.run.smithi081.stdout:/usr/bin/ceph: stderr
2024-05-08T23:56:30.012+0000 7f2339ffb700 1 -- 172.21.15.81:0/157699604 <== mon.0 v2:172.21.15.81:3300/0 2 ==== config(26 keys) v1 ==== 1074+0+0 (secure 0 0 0) 0x7f2330003c50 con 0x7f233c105c40
2024-05-08T23:56:30.573 INFO:teuthology.orchestra.run.smithi081.stdout:/usr/bin/ceph: stderr
2024-05-08T23:56:30.012+0000 7f2342c53700 1 -- 172.21.15.81:0/157699604 --> [v2:172.21.15.81:3300/0,v1:172.21.15.81:6789/0] -- mon_subscribe({mgrmap=0+}) v3 -- 0x7f233c19ad50 con 0x7f233c105c40
2024-05-08T23:56:30.573 INFO:teuthology.orchestra.run.smithi081.stdout:/usr/bin/ceph: stderr
2024-05-08T23:56:30.012+0000 7f2339ffb700 1 -- 172.21.15.81:0/157699604 <== mon.0 v2:172.21.15.81:3300/0 3 ==== mon_map magic: 0 v1 ==== 205+0+0 (secure 0 0 0) 0x7f2330019760 con 0x7f233c105c40
2024-05-08T23:56:30.573 INFO:teuthology.orchestra.run.smithi081.stdout:/usr/bin/ceph: stderr
2024-05-08T23:56:30.012+0000 7f2342c53700 1 -- 172.21.15.81:0/157699604 --> [v2:172.21.15.81:3300/0,v1:172.21.15.81:6789/0] -- mon_subscribe({osdmap=0}) v3 -- 0x7f233c19b1f0 con 0x7f233c105c40
2024-05-08T23:56:30.573 INFO:teuthology.orchestra.run.smithi081.stdout:/usr/bin/ceph: stderr
2024-05-08T23:56:30.013+0000 7f2339ffb700 1 -- 172.21.15.81:0/157699604 <== mon.0 v2:172.21.15.81:3300/0 4 ==== mgrmap(e 8) v1 ==== 45541+0+0 (secure 0 0 0) 0x7f23300199a0 con 0x7f233c105c40
2024-05-08T23:56:30.573 INFO:teuthology.orchestra.run.smithi081.stdout:/usr/bin/ceph: stderr
2024-05-08T23:56:30.013+0000 7f2342c53700 1 -- 172.21.15.81:0/157699604 --> [v2:172.21.15.81:3300/0,v1:172.21.15.81:6789/0] -- mon_command({"prefix": "get_command_descriptions"} v 0) v1 -- 0x7f233c194710 con 0x7f233c105c40
2024-05-08T23:56:30.573 INFO:teuthology.orchestra.run.smithi081.stdout:/usr/bin/ceph: stderr
2024-05-08T23:56:30.013+0000 7f2339ffb700 1 --2- 172.21.15.81:0/157699604 >> [v2:172.21.15.81:6800/4280496150,v1:172.21.15.81:6801/4280496150] conn(0x7f232c038700 0x7f232c03abc0 unknown :-1 s=NONE pgs=0 cs=0 l=1 rev1=0 crypto rx=0 tx=0 comp rx=0 tx=0).connect
2024-05-08T23:56:30.573 INFO:teuthology.orchestra.run.smithi081.stdout:/usr/bin/ceph: stderr
2024-05-08T23:56:30.013+0000 7f2339ffb700 1 -- 172.21.15.81:0/157699604 <== mon.0 v2:172.21.15.81:3300/0 5 ==== osd_map(2..2 src has 1..2) v4 ==== 940+0+0 (secure 0 0 0) 0x7f233004ca50 con 0x7f233c105c40
2024-05-08T23:56:30.573 INFO:teuthology.orchestra.run.smithi081.stdout:/usr/bin/ceph: stderr
2024-05-08T23:56:30.014+0000 7f233bfff700 1 --2- 172.21.15.81:0/157699604 >> [v2:172.21.15.81:6800/4280496150,v1:172.21.15.81:6801/4280496150] conn(0x7f232c038700 0x7f232c03abc0 unknown :-1 s=BANNER_CONNECTING pgs=0 cs=0 l=1 rev1=0 crypto rx=0 tx=0 comp rx=0 tx=0)._handle_peer_banner_payload supported=3 required=0
2024-05-08T23:56:30.573 INFO:teuthology.orchestra.run.smithi081.stdout:/usr/bin/ceph: stderr
2024-05-08T23:56:30.014+0000 7f233bfff700 1 --2- 172.21.15.81:0/157699604 >> [v2:172.21.15.81:6800/4280496150,v1:172.21.15.81:6801/4280496150] conn(0x7f232c038700 0x7f232c03abc0 secure :-1 s=READY pgs=10 cs=0 l=1 rev1=1 crypto rx=0x7f2328006fd0 tx=0x7f2328006e40 comp rx=0 tx=0).ready entity=mgr.14120 client_cookie=0 server_cookie=0 in_seq=0 out_seq=0
2024-05-08T23:56:30.574 INFO:teuthology.orchestra.run.smithi081.stdout:/usr/bin/ceph: stderr
2024-05-08T23:56:30.018+0000 7f2339ffb700 1 -- 172.21.15.81:0/157699604 <== mon.0 v2:172.21.15.81:3300/0 6 ==== mon_command_ack([{"prefix": "get_command_descriptions"}]=0 v0) v1 ==== 72+0+183622 (secure 0 0 0) 0x7f2330018db0 con 0x7f233c105c40
2024-05-08T23:56:30.574 INFO:teuthology.orchestra.run.smithi081.stdout:/usr/bin/ceph: stderr
2024-05-08T23:56:30.214+0000 7f2342c53700 1 -- 172.21.15.81:0/157699604 --> [v2:172.21.15.81:6800/4280496150,v1:172.21.15.81:6801/4280496150] -- mgr_command(tid 0: {"prefix": "cephadm get-pub-key", "target": ["mon-mgr", ""]}) v1 -- 0x7f233c02cfa0 con 0x7f232c038700
2024-05-08T23:56:30.574 INFO:teuthology.orchestra.run.smithi081.stdout:/usr/bin/ceph: stderr
2024-05-08T23:56:30.215+0000 7f2339ffb700 1 -- 172.21.15.81:0/157699604 <== mgr.14120 v2:172.21.15.81:6800/4280496150 1 ==== mgr_command_reply(tid 0: 0 ) v1 ==== 8+0+595 (secure 0 0 0) 0x7f233c02cfa0 con 0x7f232c038700
2024-05-08T23:56:30.574 INFO:teuthology.orchestra.run.smithi081.stdout:/usr/bin/ceph: stderr
2024-05-08T23:56:30.217+0000 7f2342c53700 1 -- 172.21.15.81:0/157699604 >> [v2:172.21.15.81:6800/4280496150,v1:172.21.15.81:6801/4280496150] conn(0x7f232c038700 msgr2=0x7f232c03abc0 secure :-1 s=STATE_CONNECTION_ESTABLISHED l=1).mark_down
2024-05-08T23:56:30.574 INFO:teuthology.orchestra.run.smithi081.stdout:/usr/bin/ceph: stderr
2024-05-08T23:56:30.217+0000 7f2342c53700 1 --2- 172.21.15.81:0/157699604 >> [v2:172.21.15.81:6800/4280496150,v1:172.21.15.81:6801/4280496150] conn(0x7f232c038700 0x7f232c03abc0 secure :-1 s=READY pgs=10 cs=0 l=1 rev1=1 crypto rx=0x7f2328006fd0 tx=0x7f2328006e40 comp rx=0 tx=0).stop
2024-05-08T23:56:30.574 INFO:teuthology.orchestra.run.smithi081.stdout:/usr/bin/ceph: stderr
2024-05-08T23:56:30.217+0000 7f2342c53700 1 -- 172.21.15.81:0/157699604 >> [v2:172.21.15.81:3300/0,v1:172.21.15.81:6789/0] conn(0x7f233c105c40 msgr2=0x7f233c19a610 secure :-1 s=STATE_CONNECTION_ESTABLISHED l=1).mark_down
2024-05-08T23:56:30.574 INFO:teuthology.orchestra.run.smithi081.stdout:/usr/bin/ceph: stderr
2024-05-08T23:56:30.217+0000 7f2342c53700 1 --2- 172.21.15.81:0/157699604 >> [v2:172.21.15.81:3300/0,v1:172.21.15.81:6789/0] conn(0x7f233c105c40 0x7f233c19a610 secure :-1 s=READY pgs=44 cs=0 l=1 rev1=1 crypto rx=0x7f2330011a20 tx=0x7f2330011b00 comp rx=0 tx=0).stop
2024-05-08T23:56:30.574 INFO:teuthology.orchestra.run.smithi081.stdout:/usr/bin/ceph: stderr
2024-05-08T23:56:30.217+0000 7f2342c53700 1 -- 172.21.15.81:0/157699604 shutdown_connections
2024-05-08T23:56:30.574 INFO:teuthology.orchestra.run.smithi081.stdout:/usr/bin/ceph: stderr
2024-05-08T23:56:30.217+0000 7f2342c53700 1 --2- 172.21.15.81:0/157699604 >> [v2:172.21.15.81:6800/4280496150,v1:172.21.15.81:6801/4280496150] conn(0x7f232c038700 0x7f232c03abc0 unknown :-1 s=CLOSED pgs=10 cs=0 l=1 rev1=1 crypto rx=0 tx=0 comp rx=0 tx=0).stop
2024-05-08T23:56:30.574 INFO:teuthology.orchestra.run.smithi081.stdout:/usr/bin/ceph: stderr
2024-05-08T23:56:30.217+0000 7f2342c53700 1 --2- 172.21.15.81:0/157699604 >> [v2:172.21.15.81:3300/0,v1:172.21.15.81:6789/0] conn(0x7f233c105c40 0x7f233c19a610 unknown :-1 s=CLOSED pgs=44 cs=0 l=1 rev1=1 crypto rx=0 tx=0 comp rx=0 tx=0).stop
2024-05-08T23:56:30.574 INFO:teuthology.orchestra.run.smithi081.stdout:/usr/bin/ceph: stderr
2024-05-08T23:56:30.217+0000 7f2342c53700 1 -- 172.21.15.81:0/157699604 >> 172.21.15.81:0/157699604 conn(0x7f233c100480 msgr2=0x7f233c1013d0 unknown :-1 s=STATE_NONE l=0).mark_down
2024-05-08T23:56:30.574 INFO:teuthology.orchestra.run.smithi081.stdout:/usr/bin/ceph: stderr
2024-05-08T23:56:30.217+0000 7f2342c53700 1 -- 172.21.15.81:0/157699604 shutdown_connections
2024-05-08T23:56:30.574 INFO:teuthology.orchestra.run.smithi081.stdout:/usr/bin/ceph: stderr
2024-05-08T23:56:30.217+0000 7f2342c53700 1 -- 172.21.15.81:0/157699604 wait complete.
2024-05-08T23:56:30.574 INFO:teuthology.orchestra.run.smithi081.stdout:Wrote public SSH key to /home/ubuntu/cephtest/ceph.pub
2024-05-08T23:56:30.574 INFO:teuthology.orchestra.run.smithi081.stdout:Adding key to root@localhost authorized_keys...
2024-05-08T23:56:30.575 INFO:teuthology.orchestra.run.smithi081.stdout:Adding host smithi081...
2024-05-08T23:56:31.370 INFO:journalctl@ceph.mon.a.smithi081.stdout:May 08 23:56:31 smithi081 ceph-mon[42474]: from='client.14138 -' entity='client.admin' cmd=[{"prefix": "cephadm get-pub-key", "target": ["mon-mgr", ""]}]: dispatch
2024-05-08T23:56:32.620 INFO:journalctl@ceph.mon.a.smithi081.stdout:May 08 23:56:32 smithi081 ceph-mon[42474]: from='client.14140 -' entity='client.admin' cmd=[{"prefix": "orch host add", "hostname": "smithi081", "addr": "172.21.15.81", "target": ["mon-mgr", ""]}]: dispatch
2024-05-08T23:56:33.576 INFO:journalctl@ceph.mon.a.smithi081.stdout:May 08 23:56:33 smithi081 ceph-mon[42474]: Deploying cephadm binary to smithi081
2024-05-08T23:56:33.600 INFO:teuthology.orchestra.run.smithi081.stdout:/usr/bin/ceph: stdout Added host 'smithi081' with addr '172.21.15.81'
2024-05-08T23:56:33.601 INFO:teuthology.orchestra.run.smithi081.stdout:/usr/bin/ceph: stderr
2024-05-08T23:56:30.880+0000 7fe5cbf2f700 1 Processor -- start
2024-05-08T23:56:33.601 INFO:teuthology.orchestra.run.smithi081.stdout:/usr/bin/ceph: stderr
2024-05-08T23:56:30.880+0000 7fe5cbf2f700 1 -- start start
2024-05-08T23:56:33.601 INFO:teuthology.orchestra.run.smithi081.stdout:/usr/bin/ceph: stderr
2024-05-08T23:56:30.880+0000 7fe5cbf2f700 1 --2- >> [v2:172.21.15.81:3300/0,v1:172.21.15.81:6789/0] conn(0x7fe5c41050c0 0x7fe5c41054e0 unknown :-1 s=NONE pgs=0 cs=0 l=0 rev1=0 crypto rx=0 tx=0 comp rx=0 tx=0).connect
2024-05-08T23:56:33.601 INFO:teuthology.orchestra.run.smithi081.stdout:/usr/bin/ceph: stderr
2024-05-08T23:56:30.880+0000 7fe5cbf2f700 1 -- --> [v2:172.21.15.81:3300/0,v1:172.21.15.81:6789/0] -- mon_getmap magic: 0 v1 -- 0x7fe5c4079e70 con 0x7fe5c41050c0
2024-05-08T23:56:33.601 INFO:teuthology.orchestra.run.smithi081.stdout:/usr/bin/ceph: stderr
2024-05-08T23:56:30.880+0000 7fe5c9ccb700 1 --2- >> [v2:172.21.15.81:3300/0,v1:172.21.15.81:6789/0] conn(0x7fe5c41050c0 0x7fe5c41054e0 unknown :-1 s=BANNER_CONNECTING pgs=0 cs=0 l=0 rev1=0 crypto rx=0 tx=0 comp rx=0 tx=0)._handle_peer_banner_payload supported=3 required=0
2024-05-08T23:56:33.601 INFO:teuthology.orchestra.run.smithi081.stdout:/usr/bin/ceph: stderr
2024-05-08T23:56:30.880+0000 7fe5c9ccb700 1 --2- >> [v2:172.21.15.81:3300/0,v1:172.21.15.81:6789/0] conn(0x7fe5c41050c0 0x7fe5c41054e0 unknown :-1 s=HELLO_CONNECTING pgs=0 cs=0 l=0 rev1=1 crypto rx=0 tx=0 comp rx=0 tx=0).handle_hello peer v2:172.21.15.81:3300/0 says I am v2:172.21.15.81:45954/0 (socket says 172.21.15.81:45954)
2024-05-08T23:56:33.601 INFO:teuthology.orchestra.run.smithi081.stdout:/usr/bin/ceph: stderr
2024-05-08T23:56:30.881+0000 7fe5c9ccb700 1 -- 172.21.15.81:0/1788273590 learned_addr learned my addr 172.21.15.81:0/1788273590 (peer_addr_for_me v2:172.21.15.81:0/0)
2024-05-08T23:56:33.601 INFO:teuthology.orchestra.run.smithi081.stdout:/usr/bin/ceph: stderr
2024-05-08T23:56:30.881+0000 7fe5c9ccb700 1 -- 172.21.15.81:0/1788273590 --> [v2:172.21.15.81:3300/0,v1:172.21.15.81:6789/0] -- mon_subscribe({config=0+,monmap=0+}) v3 -- 0x7fe5c4105a20 con 0x7fe5c41050c0
2024-05-08T23:56:33.601 INFO:teuthology.orchestra.run.smithi081.stdout:/usr/bin/ceph: stderr
2024-05-08T23:56:30.881+0000 7fe5c9ccb700 1 --2- 172.21.15.81:0/1788273590 >> [v2:172.21.15.81:3300/0,v1:172.21.15.81:6789/0] conn(0x7fe5c41050c0 0x7fe5c41054e0 secure :-1 s=READY pgs=45 cs=0 l=1 rev1=1 crypto rx=0x7fe5b40098a0 tx=0x7fe5b4009bb0 comp rx=0 tx=0).ready entity=mon.0 client_cookie=9a992eba93335b88 server_cookie=0 in_seq=0 out_seq=0
2024-05-08T23:56:33.601 INFO:teuthology.orchestra.run.smithi081.stdout:/usr/bin/ceph: stderr
2024-05-08T23:56:30.881+0000 7fe5c8cc9700 1 -- 172.21.15.81:0/1788273590 <== mon.0 v2:172.21.15.81:3300/0 1 ==== mon_map magic: 0 v1 ==== 205+0+0 (secure 0 0 0) 0x7fe5b4004160 con 0x7fe5c41050c0
2024-05-08T23:56:33.601 INFO:teuthology.orchestra.run.smithi081.stdout:/usr/bin/ceph: stderr
2024-05-08T23:56:30.881+0000 7fe5c8cc9700 1 -- 172.21.15.81:0/1788273590 <== mon.0 v2:172.21.15.81:3300/0 2 ==== config(26 keys) v1 ==== 1074+0+0 (secure 0 0 0) 0x7fe5b40042c0 con 0x7fe5c41050c0
2024-05-08T23:56:33.601 INFO:teuthology.orchestra.run.smithi081.stdout:/usr/bin/ceph: stderr
2024-05-08T23:56:30.881+0000 7fe5c8cc9700 1 -- 172.21.15.81:0/1788273590 <== mon.0 v2:172.21.15.81:3300/0 3 ==== mon_map magic: 0 v1 ==== 205+0+0 (secure 0 0 0) 0x7fe5b4011a00 con 0x7fe5c41050c0
2024-05-08T23:56:33.601 INFO:teuthology.orchestra.run.smithi081.stdout:/usr/bin/ceph: stderr
2024-05-08T23:56:30.882+0000 7fe5cbf2f700 1 -- 172.21.15.81:0/1788273590 >> [v2:172.21.15.81:3300/0,v1:172.21.15.81:6789/0] conn(0x7fe5c41050c0 msgr2=0x7fe5c41054e0 secure :-1 s=STATE_CONNECTION_ESTABLISHED l=1).mark_down
2024-05-08T23:56:33.602 INFO:teuthology.orchestra.run.smithi081.stdout:/usr/bin/ceph: stderr
2024-05-08T23:56:30.882+0000 7fe5cbf2f700 1 --2- 172.21.15.81:0/1788273590 >> [v2:172.21.15.81:3300/0,v1:172.21.15.81:6789/0] conn(0x7fe5c41050c0 0x7fe5c41054e0 secure :-1 s=READY pgs=45 cs=0 l=1 rev1=1 crypto rx=0x7fe5b40098a0 tx=0x7fe5b4009bb0 comp rx=0 tx=0).stop
2024-05-08T23:56:33.602 INFO:teuthology.orchestra.run.smithi081.stdout:/usr/bin/ceph: stderr
2024-05-08T23:56:30.882+0000 7fe5cbf2f700 1 -- 172.21.15.81:0/1788273590 shutdown_connections
2024-05-08T23:56:33.602 INFO:teuthology.orchestra.run.smithi081.stdout:/usr/bin/ceph: stderr
2024-05-08T23:56:30.882+0000 7fe5cbf2f700 1 --2- 172.21.15.81:0/1788273590 >> [v2:172.21.15.81:3300/0,v1:172.21.15.81:6789/0] conn(0x7fe5c41050c0 0x7fe5c41054e0 unknown :-1 s=CLOSED pgs=45 cs=0 l=1 rev1=1 crypto rx=0 tx=0 comp rx=0 tx=0).stop
2024-05-08T23:56:33.602 INFO:teuthology.orchestra.run.smithi081.stdout:/usr/bin/ceph: stderr
2024-05-08T23:56:30.882+0000 7fe5cbf2f700 1 -- 172.21.15.81:0/1788273590 >> 172.21.15.81:0/1788273590 conn(0x7fe5c4100d00 msgr2=0x7fe5c4103120 unknown :-1 s=STATE_NONE l=0).mark_down
2024-05-08T23:56:33.602 INFO:teuthology.orchestra.run.smithi081.stdout:/usr/bin/ceph: stderr
2024-05-08T23:56:30.882+0000 7fe5cbf2f700 1 -- 172.21.15.81:0/1788273590 shutdown_connections
2024-05-08T23:56:33.602 INFO:teuthology.orchestra.run.smithi081.stdout:/usr/bin/ceph: stderr
2024-05-08T23:56:30.882+0000 7fe5cbf2f700 1 -- 172.21.15.81:0/1788273590 wait complete.
2024-05-08T23:56:33.602 INFO:teuthology.orchestra.run.smithi081.stdout:/usr/bin/ceph: stderr
2024-05-08T23:56:30.882+0000 7fe5cbf2f700 1 Processor -- start
2024-05-08T23:56:33.602 INFO:teuthology.orchestra.run.smithi081.stdout:/usr/bin/ceph: stderr
2024-05-08T23:56:30.882+0000 7fe5cbf2f700 1 -- start start
2024-05-08T23:56:33.603 INFO:teuthology.orchestra.run.smithi081.stdout:/usr/bin/ceph: stderr
2024-05-08T23:56:30.882+0000 7fe5cbf2f700 1 --2- >> [v2:172.21.15.81:3300/0,v1:172.21.15.81:6789/0] conn(0x7fe5c41050c0 0x7fe5c419c730 unknown :-1 s=NONE pgs=0 cs=0 l=1 rev1=0 crypto rx=0 tx=0 comp rx=0 tx=0).connect
2024-05-08T23:56:33.603 INFO:teuthology.orchestra.run.smithi081.stdout:/usr/bin/ceph: stderr
2024-05-08T23:56:30.882+0000 7fe5cbf2f700 1 -- --> [v2:172.21.15.81:3300/0,v1:172.21.15.81:6789/0] -- mon_getmap magic: 0 v1 -- 0x7fe5c419cc70 con 0x7fe5c41050c0
2024-05-08T23:56:33.603 INFO:teuthology.orchestra.run.smithi081.stdout:/usr/bin/ceph: stderr
2024-05-08T23:56:30.883+0000 7fe5c9ccb700 1 --2- >> [v2:172.21.15.81:3300/0,v1:172.21.15.81:6789/0] conn(0x7fe5c41050c0 0x7fe5c419c730 unknown :-1 s=BANNER_CONNECTING pgs=0 cs=0 l=1 rev1=0 crypto rx=0 tx=0 comp rx=0 tx=0)._handle_peer_banner_payload supported=3 required=0
2024-05-08T23:56:33.603 INFO:teuthology.orchestra.run.smithi081.stdout:/usr/bin/ceph: stderr
2024-05-08T23:56:30.883+0000 7fe5c9ccb700 1 --2- >> [v2:172.21.15.81:3300/0,v1:172.21.15.81:6789/0] conn(0x7fe5c41050c0 0x7fe5c419c730 unknown :-1 s=HELLO_CONNECTING pgs=0 cs=0 l=1 rev1=1 crypto rx=0 tx=0 comp rx=0 tx=0).handle_hello peer v2:172.21.15.81:3300/0 says I am v2:172.21.15.81:45960/0 (socket says 172.21.15.81:45960)
2024-05-08T23:56:33.603 INFO:teuthology.orchestra.run.smithi081.stdout:/usr/bin/ceph: stderr
2024-05-08T23:56:30.883+0000 7fe5c9ccb700 1 -- 172.21.15.81:0/3888532227 learned_addr learned my addr 172.21.15.81:0/3888532227 (peer_addr_for_me v2:172.21.15.81:0/0)
2024-05-08T23:56:33.603 INFO:teuthology.orchestra.run.smithi081.stdout:/usr/bin/ceph: stderr
2024-05-08T23:56:30.883+0000 7fe5c9ccb700 1 -- 172.21.15.81:0/3888532227 --> [v2:172.21.15.81:3300/0,v1:172.21.15.81:6789/0] -- mon_subscribe({config=0+,monmap=0+}) v3 -- 0x7fe5b4009550 con 0x7fe5c41050c0
2024-05-08T23:56:33.603 INFO:teuthology.orchestra.run.smithi081.stdout:/usr/bin/ceph: stderr
2024-05-08T23:56:30.883+0000 7fe5c9ccb700 1 --2- 172.21.15.81:0/3888532227 >> [v2:172.21.15.81:3300/0,v1:172.21.15.81:6789/0] conn(0x7fe5c41050c0 0x7fe5c419c730 secure :-1 s=READY pgs=46 cs=0 l=1 rev1=1 crypto rx=0x7fe5b4009130 tx=0x7fe5b4011ad0 comp rx=0 tx=0).ready entity=mon.0 client_cookie=0 server_cookie=0 in_seq=0 out_seq=0
2024-05-08T23:56:33.603 INFO:teuthology.orchestra.run.smithi081.stdout:/usr/bin/ceph: stderr
2024-05-08T23:56:30.883+0000 7fe5baffd700 1 -- 172.21.15.81:0/3888532227 <== mon.0 v2:172.21.15.81:3300/0 1 ==== mon_map magic: 0 v1 ==== 205+0+0 (secure 0 0 0) 0x7fe5b4003b70 con 0x7fe5c41050c0
2024-05-08T23:56:33.603 INFO:teuthology.orchestra.run.smithi081.stdout:/usr/bin/ceph: stderr
2024-05-08T23:56:30.883+0000 7fe5cbf2f700 1 -- 172.21.15.81:0/3888532227 --> [v2:172.21.15.81:3300/0,v1:172.21.15.81:6789/0] -- mon_subscribe({mgrmap=0+}) v3 -- 0x7fe5c419ce70 con 0x7fe5c41050c0
2024-05-08T23:56:33.603 INFO:teuthology.orchestra.run.smithi081.stdout:/usr/bin/ceph: stderr
2024-05-08T23:56:30.883+0000 7fe5baffd700 1 -- 172.21.15.81:0/3888532227 <== mon.0 v2:172.21.15.81:3300/0 2 ==== config(26 keys) v1 ==== 1074+0+0 (secure 0 0 0) 0x7fe5b4003cd0 con 0x7fe5c41050c0
2024-05-08T23:56:33.603 INFO:teuthology.orchestra.run.smithi081.stdout:/usr/bin/ceph: stderr
2024-05-08T23:56:30.883+0000 7fe5baffd700 1 -- 172.21.15.81:0/3888532227 <== mon.0 v2:172.21.15.81:3300/0 3 ==== mon_map magic: 0 v1 ==== 205+0+0 (secure 0 0 0) 0x7fe5b40197d0 con 0x7fe5c41050c0
2024-05-08T23:56:33.603 INFO:teuthology.orchestra.run.smithi081.stdout:/usr/bin/ceph: stderr
2024-05-08T23:56:30.883+0000 7fe5cbf2f700 1 -- 172.21.15.81:0/3888532227 --> [v2:172.21.15.81:3300/0,v1:172.21.15.81:6789/0] -- mon_subscribe({osdmap=0}) v3 -- 0x7fe5c419d310 con 0x7fe5c41050c0
2024-05-08T23:56:33.603 INFO:teuthology.orchestra.run.smithi081.stdout:/usr/bin/ceph: stderr
2024-05-08T23:56:30.884+0000 7fe5baffd700 1 -- 172.21.15.81:0/3888532227 <== mon.0 v2:172.21.15.81:3300/0 4 ==== mgrmap(e 8) v1 ==== 45541+0+0 (secure 0 0 0) 0x7fe5b401abb0 con 0x7fe5c41050c0
2024-05-08T23:56:33.603 INFO:teuthology.orchestra.run.smithi081.stdout:/usr/bin/ceph: stderr
2024-05-08T23:56:30.884+0000 7fe5cbf2f700 1 -- 172.21.15.81:0/3888532227 --> [v2:172.21.15.81:3300/0,v1:172.21.15.81:6789/0] -- mon_command({"prefix": "get_command_descriptions"} v 0) v1 -- 0x7fe5c41963e0 con 0x7fe5c41050c0
2024-05-08T23:56:33.604 INFO:teuthology.orchestra.run.smithi081.stdout:/usr/bin/ceph: stderr
2024-05-08T23:56:30.884+0000 7fe5baffd700 1 --2- 172.21.15.81:0/3888532227 >> [v2:172.21.15.81:6800/4280496150,v1:172.21.15.81:6801/4280496150] conn(0x7fe5b0038700 0x7fe5b003abc0 unknown :-1 s=NONE pgs=0 cs=0 l=1 rev1=0 crypto rx=0 tx=0 comp rx=0 tx=0).connect
2024-05-08T23:56:33.604 INFO:teuthology.orchestra.run.smithi081.stdout:/usr/bin/ceph: stderr
2024-05-08T23:56:30.884+0000 7fe5baffd700 1 -- 172.21.15.81:0/3888532227 <== mon.0 v2:172.21.15.81:3300/0 5 ==== osd_map(2..2 src has 1..2) v4 ==== 940+0+0 (secure 0 0 0) 0x7fe5b404c930 con 0x7fe5c41050c0
2024-05-08T23:56:33.604 INFO:teuthology.orchestra.run.smithi081.stdout:/usr/bin/ceph: stderr
2024-05-08T23:56:30.884+0000 7fe5c94ca700 1 --2- 172.21.15.81:0/3888532227 >> [v2:172.21.15.81:6800/4280496150,v1:172.21.15.81:6801/4280496150] conn(0x7fe5b0038700 0x7fe5b003abc0 unknown :-1 s=BANNER_CONNECTING pgs=0 cs=0 l=1 rev1=0 crypto rx=0 tx=0 comp rx=0 tx=0)._handle_peer_banner_payload supported=3 required=0
2024-05-08T23:56:33.604 INFO:teuthology.orchestra.run.smithi081.stdout:/usr/bin/ceph: stderr
2024-05-08T23:56:30.885+0000 7fe5c94ca700 1 --2- 172.21.15.81:0/3888532227 >> [v2:172.21.15.81:6800/4280496150,v1:172.21.15.81:6801/4280496150] conn(0x7fe5b0038700 0x7fe5b003abc0 secure :-1 s=READY pgs=11 cs=0 l=1 rev1=1 crypto rx=0x7fe5c0006fd0 tx=0x7fe5c0006e40 comp rx=0 tx=0).ready entity=mgr.14120 client_cookie=0 server_cookie=0 in_seq=0 out_seq=0
2024-05-08T23:56:33.604 INFO:teuthology.orchestra.run.smithi081.stdout:/usr/bin/ceph: stderr
2024-05-08T23:56:30.889+0000 7fe5baffd700 1 -- 172.21.15.81:0/3888532227 <== mon.0 v2:172.21.15.81:3300/0 6 ==== mon_command_ack([{"prefix": "get_command_descriptions"}]=0 v0) v1 ==== 72+0+183622 (secure 0 0 0) 0x7fe5b401a430 con 0x7fe5c41050c0
2024-05-08T23:56:33.604 INFO:teuthology.orchestra.run.smithi081.stdout:/usr/bin/ceph: stderr
2024-05-08T23:56:31.084+0000 7fe5cbf2f700 1 -- 172.21.15.81:0/3888532227 --> [v2:172.21.15.81:6800/4280496150,v1:172.21.15.81:6801/4280496150] -- mgr_command(tid 0: {"prefix": "orch host add", "hostname": "smithi081", "addr": "172.21.15.81", "target": ["mon-mgr", ""]}) v1 -- 0x7fe5c402d010 con 0x7fe5b0038700
2024-05-08T23:56:33.604 INFO:teuthology.orchestra.run.smithi081.stdout:/usr/bin/ceph: stderr
2024-05-08T23:56:33.297+0000 7fe5baffd700 1 -- 172.21.15.81:0/3888532227 <== mgr.14120 v2:172.21.15.81:6800/4280496150 1 ==== mgr_command_reply(tid 0: 0 ) v1 ==== 8+0+48 (secure 0 0 0) 0x7fe5c402d010 con 0x7fe5b0038700
2024-05-08T23:56:33.604 INFO:teuthology.orchestra.run.smithi081.stdout:/usr/bin/ceph: stderr
2024-05-08T23:56:33.300+0000 7fe5cbf2f700 1 -- 172.21.15.81:0/3888532227 >> [v2:172.21.15.81:6800/4280496150,v1:172.21.15.81:6801/4280496150] conn(0x7fe5b0038700 msgr2=0x7fe5b003abc0 secure :-1 s=STATE_CONNECTION_ESTABLISHED l=1).mark_down
2024-05-08T23:56:33.604 INFO:teuthology.orchestra.run.smithi081.stdout:/usr/bin/ceph: stderr
2024-05-08T23:56:33.300+0000 7fe5cbf2f700 1 --2- 172.21.15.81:0/3888532227 >> [v2:172.21.15.81:6800/4280496150,v1:172.21.15.81:6801/4280496150] conn(0x7fe5b0038700 0x7fe5b003abc0 secure :-1 s=READY pgs=11 cs=0 l=1 rev1=1 crypto rx=0x7fe5c0006fd0 tx=0x7fe5c0006e40 comp rx=0 tx=0).stop
2024-05-08T23:56:33.604 INFO:teuthology.orchestra.run.smithi081.stdout:/usr/bin/ceph: stderr
2024-05-08T23:56:33.300+0000 7fe5cbf2f700 1 -- 172.21.15.81:0/3888532227 >> [v2:172.21.15.81:3300/0,v1:172.21.15.81:6789/0] conn(0x7fe5c41050c0 msgr2=0x7fe5c419c730 secure :-1 s=STATE_CONNECTION_ESTABLISHED l=1).mark_down
2024-05-08T23:56:33.604 INFO:teuthology.orchestra.run.smithi081.stdout:/usr/bin/ceph: stderr
2024-05-08T23:56:33.300+0000 7fe5cbf2f700 1 --2- 172.21.15.81:0/3888532227 >> [v2:172.21.15.81:3300/0,v1:172.21.15.81:6789/0] conn(0x7fe5c41050c0 0x7fe5c419c730 secure :-1 s=READY pgs=46 cs=0 l=1 rev1=1 crypto rx=0x7fe5b4009130 tx=0x7fe5b4011ad0 comp rx=0 tx=0).stop
2024-05-08T23:56:33.604 INFO:teuthology.orchestra.run.smithi081.stdout:/usr/bin/ceph: stderr
2024-05-08T23:56:33.300+0000 7fe5cbf2f700 1 -- 172.21.15.81:0/3888532227 shutdown_connections
2024-05-08T23:56:33.604 INFO:teuthology.orchestra.run.smithi081.stdout:/usr/bin/ceph: stderr
2024-05-08T23:56:33.300+0000 7fe5cbf2f700 1 --2- 172.21.15.81:0/3888532227 >> [v2:172.21.15.81:6800/4280496150,v1:172.21.15.81:6801/4280496150] conn(0x7fe5b0038700 0x7fe5b003abc0 unknown :-1 s=CLOSED pgs=11 cs=0 l=1 rev1=1 crypto rx=0 tx=0 comp rx=0 tx=0).stop
2024-05-08T23:56:33.604 INFO:teuthology.orchestra.run.smithi081.stdout:/usr/bin/ceph: stderr
2024-05-08T23:56:33.300+0000 7fe5cbf2f700 1 --2- 172.21.15.81:0/3888532227 >> [v2:172.21.15.81:3300/0,v1:172.21.15.81:6789/0] conn(0x7fe5c41050c0 0x7fe5c419c730 unknown :-1 s=CLOSED pgs=46 cs=0 l=1 rev1=1 crypto rx=0 tx=0 comp rx=0 tx=0).stop
2024-05-08T23:56:33.604 INFO:teuthology.orchestra.run.smithi081.stdout:/usr/bin/ceph: stderr
2024-05-08T23:56:33.300+0000 7fe5cbf2f700 1 -- 172.21.15.81:0/3888532227 >> 172.21.15.81:0/3888532227 conn(0x7fe5c4100d00 msgr2=0x7fe5c4193520 unknown :-1 s=STATE_NONE l=0).mark_down
2024-05-08T23:56:33.605 INFO:teuthology.orchestra.run.smithi081.stdout:/usr/bin/ceph: stderr
2024-05-08T23:56:33.300+0000 7fe5cbf2f700 1 -- 172.21.15.81:0/3888532227 shutdown_connections
2024-05-08T23:56:33.605 INFO:teuthology.orchestra.run.smithi081.stdout:/usr/bin/ceph: stderr
2024-05-08T23:56:33.300+0000 7fe5cbf2f700 1 -- 172.21.15.81:0/3888532227 wait complete.
2024-05-08T23:56:33.605 INFO:teuthology.orchestra.run.smithi081.stdout:Deploying unmanaged mon service...
2024-05-08T23:56:34.531 INFO:journalctl@ceph.mon.a.smithi081.stdout:May 08 23:56:34 smithi081 ceph-mon[42474]: from='mgr.14120 172.21.15.81:0/1542348236' entity='mgr.x'
2024-05-08T23:56:34.531 INFO:journalctl@ceph.mon.a.smithi081.stdout:May 08 23:56:34 smithi081 ceph-mon[42474]: Added host smithi081
2024-05-08T23:56:34.531 INFO:journalctl@ceph.mon.a.smithi081.stdout:May 08 23:56:34 smithi081 ceph-mon[42474]: from='mgr.14120 172.21.15.81:0/1542348236' entity='mgr.x' cmd=[{"prefix": "config dump", "format": "json"}]: dispatch
2024-05-08T23:56:34.531 INFO:journalctl@ceph.mon.a.smithi081.stdout:May 08 23:56:34 smithi081 ceph-mon[42474]: from='mgr.14120 172.21.15.81:0/1542348236' entity='mgr.x'
2024-05-08T23:56:34.628 INFO:teuthology.orchestra.run.smithi081.stdout:/usr/bin/ceph: stdout Scheduled mon update...
2024-05-08T23:56:34.628 INFO:teuthology.orchestra.run.smithi081.stdout:/usr/bin/ceph: stderr
2024-05-08T23:56:33.991+0000 7fb4c4878700 1 Processor -- start
2024-05-08T23:56:34.628 INFO:teuthology.orchestra.run.smithi081.stdout:/usr/bin/ceph: stderr
2024-05-08T23:56:33.991+0000 7fb4c4878700 1 -- start start
2024-05-08T23:56:34.628 INFO:teuthology.orchestra.run.smithi081.stdout:/usr/bin/ceph: stderr
2024-05-08T23:56:33.991+0000 7fb4c4878700 1 --2- >> [v2:172.21.15.81:3300/0,v1:172.21.15.81:6789/0] conn(0x7fb4c0105720 0x7fb4c0105b40 unknown :-1 s=NONE pgs=0 cs=0 l=0 rev1=0 crypto rx=0 tx=0 comp rx=0 tx=0).connect
2024-05-08T23:56:34.629 INFO:teuthology.orchestra.run.smithi081.stdout:/usr/bin/ceph: stderr
2024-05-08T23:56:33.991+0000 7fb4c4878700 1 -- --> [v2:172.21.15.81:3300/0,v1:172.21.15.81:6789/0] -- mon_getmap magic: 0 v1 -- 0x7fb4c0106110 con 0x7fb4c0105720
2024-05-08T23:56:34.629 INFO:teuthology.orchestra.run.smithi081.stdout:/usr/bin/ceph: stderr
2024-05-08T23:56:33.992+0000 7fb4be59c700 1 --2- >> [v2:172.21.15.81:3300/0,v1:172.21.15.81:6789/0] conn(0x7fb4c0105720 0x7fb4c0105b40 unknown :-1 s=BANNER_CONNECTING pgs=0 cs=0 l=0 rev1=0 crypto rx=0 tx=0 comp rx=0 tx=0)._handle_peer_banner_payload supported=3 required=0
2024-05-08T23:56:34.629 INFO:teuthology.orchestra.run.smithi081.stdout:/usr/bin/ceph: stderr
2024-05-08T23:56:33.992+0000 7fb4be59c700 1 --2- >> [v2:172.21.15.81:3300/0,v1:172.21.15.81:6789/0] conn(0x7fb4c0105720 0x7fb4c0105b40 unknown :-1 s=HELLO_CONNECTING pgs=0 cs=0 l=0 rev1=1 crypto rx=0 tx=0 comp rx=0 tx=0).handle_hello peer v2:172.21.15.81:3300/0 says I am v2:172.21.15.81:45966/0 (socket says 172.21.15.81:45966)
2024-05-08T23:56:34.629 INFO:teuthology.orchestra.run.smithi081.stdout:/usr/bin/ceph: stderr
2024-05-08T23:56:33.992+0000 7fb4be59c700 1 -- 172.21.15.81:0/3898680586 learned_addr learned my addr 172.21.15.81:0/3898680586 (peer_addr_for_me v2:172.21.15.81:0/0)
2024-05-08T23:56:34.629 INFO:teuthology.orchestra.run.smithi081.stdout:/usr/bin/ceph: stderr
2024-05-08T23:56:33.992+0000 7fb4be59c700 1 -- 172.21.15.81:0/3898680586 --> [v2:172.21.15.81:3300/0,v1:172.21.15.81:6789/0] -- mon_subscribe({config=0+,monmap=0+}) v3 -- 0x7fb4c0106920 con 0x7fb4c0105720
2024-05-08T23:56:34.629 INFO:teuthology.orchestra.run.smithi081.stdout:/usr/bin/ceph: stderr
2024-05-08T23:56:33.992+0000 7fb4be59c700 1 --2- 172.21.15.81:0/3898680586 >> [v2:172.21.15.81:3300/0,v1:172.21.15.81:6789/0] conn(0x7fb4c0105720 0x7fb4c0105b40 secure :-1 s=READY pgs=47 cs=0 l=1 rev1=1 crypto rx=0x7fb4b00098a0 tx=0x7fb4b0009bb0 comp rx=0 tx=0).ready entity=mon.0 client_cookie=f5939f23071eb727 server_cookie=0 in_seq=0 out_seq=0
2024-05-08T23:56:34.629 INFO:teuthology.orchestra.run.smithi081.stdout:/usr/bin/ceph: stderr
2024-05-08T23:56:33.992+0000 7fb4bd59a700 1 -- 172.21.15.81:0/3898680586 <== mon.0 v2:172.21.15.81:3300/0 1 ==== mon_map magic: 0 v1 ==== 205+0+0 (secure 0 0 0) 0x7fb4b0004160 con 0x7fb4c0105720
2024-05-08T23:56:34.629 INFO:teuthology.orchestra.run.smithi081.stdout:/usr/bin/ceph: stderr
2024-05-08T23:56:33.992+0000 7fb4bd59a700 1 -- 172.21.15.81:0/3898680586 <== mon.0 v2:172.21.15.81:3300/0 2 ==== config(26 keys) v1 ==== 1074+0+0 (secure 0 0 0) 0x7fb4b00042c0 con 0x7fb4c0105720
2024-05-08T23:56:34.629 INFO:teuthology.orchestra.run.smithi081.stdout:/usr/bin/ceph: stderr
2024-05-08T23:56:33.992+0000 7fb4bd59a700 1 -- 172.21.15.81:0/3898680586 <== mon.0 v2:172.21.15.81:3300/0 3 ==== mon_map magic: 0 v1 ==== 205+0+0 (secure 0 0 0) 0x7fb4b0011a00 con 0x7fb4c0105720
2024-05-08T23:56:34.629 INFO:teuthology.orchestra.run.smithi081.stdout:/usr/bin/ceph: stderr
2024-05-08T23:56:33.993+0000 7fb4c4878700 1 -- 172.21.15.81:0/3898680586 >> [v2:172.21.15.81:3300/0,v1:172.21.15.81:6789/0] conn(0x7fb4c0105720 msgr2=0x7fb4c0105b40 secure :-1 s=STATE_CONNECTION_ESTABLISHED l=1).mark_down
2024-05-08T23:56:34.629 INFO:teuthology.orchestra.run.smithi081.stdout:/usr/bin/ceph: stderr
2024-05-08T23:56:33.993+0000 7fb4c4878700 1 --2- 172.21.15.81:0/3898680586 >> [v2:172.21.15.81:3300/0,v1:172.21.15.81:6789/0] conn(0x7fb4c0105720 0x7fb4c0105b40 secure :-1 s=READY pgs=47 cs=0 l=1 rev1=1 crypto rx=0x7fb4b00098a0 tx=0x7fb4b0009bb0 comp rx=0 tx=0).stop
2024-05-08T23:56:34.629 INFO:teuthology.orchestra.run.smithi081.stdout:/usr/bin/ceph: stderr
2024-05-08T23:56:33.993+0000 7fb4c4878700 1 -- 172.21.15.81:0/3898680586 shutdown_connections
2024-05-08T23:56:34.629 INFO:teuthology.orchestra.run.smithi081.stdout:/usr/bin/ceph: stderr
2024-05-08T23:56:33.993+0000 7fb4c4878700 1 --2- 172.21.15.81:0/3898680586 >> [v2:172.21.15.81:3300/0,v1:172.21.15.81:6789/0] conn(0x7fb4c0105720 0x7fb4c0105b40 unknown :-1 s=CLOSED pgs=47 cs=0 l=1 rev1=1 crypto rx=0 tx=0 comp rx=0 tx=0).stop
2024-05-08T23:56:34.629 INFO:teuthology.orchestra.run.smithi081.stdout:/usr/bin/ceph: stderr
2024-05-08T23:56:33.993+0000 7fb4c4878700 1 -- 172.21.15.81:0/3898680586 >> 172.21.15.81:0/3898680586 conn(0x7fb4c0100ce0 msgr2=0x7fb4c0103100 unknown :-1 s=STATE_NONE l=0).mark_down
2024-05-08T23:56:34.630 INFO:teuthology.orchestra.run.smithi081.stdout:/usr/bin/ceph: stderr
2024-05-08T23:56:33.993+0000 7fb4c4878700 1 -- 172.21.15.81:0/3898680586 shutdown_connections
2024-05-08T23:56:34.630 INFO:teuthology.orchestra.run.smithi081.stdout:/usr/bin/ceph: stderr
2024-05-08T23:56:33.993+0000 7fb4c4878700 1 -- 172.21.15.81:0/3898680586 wait complete.
2024-05-08T23:56:34.630 INFO:teuthology.orchestra.run.smithi081.stdout:/usr/bin/ceph: stderr
2024-05-08T23:56:33.994+0000 7fb4c4878700 1 Processor -- start
2024-05-08T23:56:34.630 INFO:teuthology.orchestra.run.smithi081.stdout:/usr/bin/ceph: stderr
2024-05-08T23:56:33.994+0000 7fb4c4878700 1 -- start start
2024-05-08T23:56:34.630 INFO:teuthology.orchestra.run.smithi081.stdout:/usr/bin/ceph: stderr
2024-05-08T23:56:33.994+0000 7fb4c4878700 1 --2- >> [v2:172.21.15.81:3300/0,v1:172.21.15.81:6789/0] conn(0x7fb4c0105720 0x7fb4c0079a40 unknown :-1 s=NONE pgs=0 cs=0 l=1 rev1=0 crypto rx=0 tx=0 comp rx=0 tx=0).connect
2024-05-08T23:56:34.630 INFO:teuthology.orchestra.run.smithi081.stdout:/usr/bin/ceph: stderr
2024-05-08T23:56:33.994+0000 7fb4c4878700 1 -- --> [v2:172.21.15.81:3300/0,v1:172.21.15.81:6789/0] -- mon_getmap magic: 0 v1 -- 0x7fb4c0079f80 con 0x7fb4c0105720
2024-05-08T23:56:34.630 INFO:teuthology.orchestra.run.smithi081.stdout:/usr/bin/ceph: stderr
2024-05-08T23:56:33.994+0000 7fb4be59c700 1 --2- >> [v2:172.21.15.81:3300/0,v1:172.21.15.81:6789/0] conn(0x7fb4c0105720 0x7fb4c0079a40 unknown :-1 s=BANNER_CONNECTING pgs=0 cs=0 l=1 rev1=0 crypto rx=0 tx=0 comp rx=0 tx=0)._handle_peer_banner_payload supported=3 required=0
2024-05-08T23:56:34.630 INFO:teuthology.orchestra.run.smithi081.stdout:/usr/bin/ceph: stderr
2024-05-08T23:56:33.994+0000 7fb4be59c700 1 --2- >> [v2:172.21.15.81:3300/0,v1:172.21.15.81:6789/0] conn(0x7fb4c0105720 0x7fb4c0079a40 unknown :-1 s=HELLO_CONNECTING pgs=0 cs=0 l=1 rev1=1 crypto rx=0 tx=0 comp rx=0 tx=0).handle_hello peer v2:172.21.15.81:3300/0 says I am v2:172.21.15.81:45980/0 (socket says 172.21.15.81:45980)
2024-05-08T23:56:34.630 INFO:teuthology.orchestra.run.smithi081.stdout:/usr/bin/ceph: stderr
2024-05-08T23:56:33.994+0000 7fb4be59c700 1 -- 172.21.15.81:0/1063514246 learned_addr learned my addr 172.21.15.81:0/1063514246 (peer_addr_for_me v2:172.21.15.81:0/0)
2024-05-08T23:56:34.630 INFO:teuthology.orchestra.run.smithi081.stdout:/usr/bin/ceph: stderr
2024-05-08T23:56:33.995+0000 7fb4be59c700 1 -- 172.21.15.81:0/1063514246 --> [v2:172.21.15.81:3300/0,v1:172.21.15.81:6789/0] -- mon_subscribe({config=0+,monmap=0+}) v3 -- 0x7fb4b0009550 con 0x7fb4c0105720
2024-05-08T23:56:34.630 INFO:teuthology.orchestra.run.smithi081.stdout:/usr/bin/ceph: stderr
2024-05-08T23:56:33.995+0000 7fb4be59c700 1 --2- 172.21.15.81:0/1063514246 >> [v2:172.21.15.81:3300/0,v1:172.21.15.81:6789/0] conn(0x7fb4c0105720 0x7fb4c0079a40 secure :-1 s=READY pgs=48 cs=0 l=1 rev1=1 crypto rx=0x7fb4b0009130 tx=0x7fb4b0011ad0 comp rx=0 tx=0).ready entity=mon.0 client_cookie=0 server_cookie=0 in_seq=0 out_seq=0
2024-05-08T23:56:34.630 INFO:teuthology.orchestra.run.smithi081.stdout:/usr/bin/ceph: stderr
2024-05-08T23:56:33.995+0000 7fb4af7fe700 1 -- 172.21.15.81:0/1063514246 <== mon.0 v2:172.21.15.81:3300/0 1 ==== mon_map magic: 0 v1 ==== 205+0+0 (secure 0 0 0) 0x7fb4b0003ab0 con 0x7fb4c0105720
2024-05-08T23:56:34.630 INFO:teuthology.orchestra.run.smithi081.stdout:/usr/bin/ceph: stderr
2024-05-08T23:56:33.995+0000 7fb4af7fe700 1 -- 172.21.15.81:0/1063514246 <== mon.0 v2:172.21.15.81:3300/0 2 ==== config(26 keys) v1 ==== 1074+0+0 (secure 0 0 0) 0x7fb4b0003c10 con 0x7fb4c0105720
2024-05-08T23:56:34.630 INFO:teuthology.orchestra.run.smithi081.stdout:/usr/bin/ceph: stderr
2024-05-08T23:56:33.995+0000 7fb4af7fe700 1 -- 172.21.15.81:0/1063514246 <== mon.0 v2:172.21.15.81:3300/0 3 ==== mon_map magic: 0 v1 ==== 205+0+0 (secure 0 0 0) 0x7fb4b00247d0 con 0x7fb4c0105720
2024-05-08T23:56:34.631 INFO:teuthology.orchestra.run.smithi081.stdout:/usr/bin/ceph: stderr
2024-05-08T23:56:33.995+0000 7fb4c4878700 1 -- 172.21.15.81:0/1063514246 --> [v2:172.21.15.81:3300/0,v1:172.21.15.81:6789/0] -- mon_subscribe({mgrmap=0+}) v3 -- 0x7fb4c019d2c0 con 0x7fb4c0105720
2024-05-08T23:56:34.631 INFO:teuthology.orchestra.run.smithi081.stdout:/usr/bin/ceph: stderr
2024-05-08T23:56:33.995+0000 7fb4c4878700 1 -- 172.21.15.81:0/1063514246 --> [v2:172.21.15.81:3300/0,v1:172.21.15.81:6789/0] -- mon_subscribe({osdmap=0}) v3 -- 0x7fb4c019d760 con 0x7fb4c0105720
2024-05-08T23:56:34.631 INFO:teuthology.orchestra.run.smithi081.stdout:/usr/bin/ceph: stderr
2024-05-08T23:56:33.996+0000 7fb4af7fe700 1 -- 172.21.15.81:0/1063514246 <== mon.0 v2:172.21.15.81:3300/0 4 ==== mgrmap(e 8) v1 ==== 45541+0+0 (secure 0 0 0) 0x7fb4b002d3f0 con 0x7fb4c0105720
2024-05-08T23:56:34.631 INFO:teuthology.orchestra.run.smithi081.stdout:/usr/bin/ceph: stderr
2024-05-08T23:56:33.996+0000 7fb4c4878700 1 -- 172.21.15.81:0/1063514246 --> [v2:172.21.15.81:3300/0,v1:172.21.15.81:6789/0] -- mon_command({"prefix": "get_command_descriptions"} v 0) v1 -- 0x7fb4c0109b50 con 0x7fb4c0105720
2024-05-08T23:56:34.631 INFO:teuthology.orchestra.run.smithi081.stdout:/usr/bin/ceph: stderr
2024-05-08T23:56:33.996+0000 7fb4af7fe700 1 --2- 172.21.15.81:0/1063514246 >> [v2:172.21.15.81:6800/4280496150,v1:172.21.15.81:6801/4280496150] conn(0x7fb4a8038700 0x7fb4a803abc0 unknown :-1 s=NONE pgs=0 cs=0 l=1 rev1=0 crypto rx=0 tx=0 comp rx=0 tx=0).connect
2024-05-08T23:56:34.631 INFO:teuthology.orchestra.run.smithi081.stdout:/usr/bin/ceph: stderr
2024-05-08T23:56:33.996+0000 7fb4af7fe700 1 -- 172.21.15.81:0/1063514246 <== mon.0 v2:172.21.15.81:3300/0 5 ==== osd_map(2..2 src has 1..2) v4 ==== 940+0+0 (secure 0 0 0) 0x7fb4b004c880 con 0x7fb4c0105720
2024-05-08T23:56:34.631 INFO:teuthology.orchestra.run.smithi081.stdout:/usr/bin/ceph: stderr
2024-05-08T23:56:33.996+0000 7fb4bdd9b700 1 --2- 172.21.15.81:0/1063514246 >> [v2:172.21.15.81:6800/4280496150,v1:172.21.15.81:6801/4280496150] conn(0x7fb4a8038700 0x7fb4a803abc0 unknown :-1 s=BANNER_CONNECTING pgs=0 cs=0 l=1 rev1=0 crypto rx=0 tx=0 comp rx=0 tx=0)._handle_peer_banner_payload supported=3 required=0
2024-05-08T23:56:34.631 INFO:teuthology.orchestra.run.smithi081.stdout:/usr/bin/ceph: stderr
2024-05-08T23:56:33.997+0000 7fb4bdd9b700 1 --2- 172.21.15.81:0/1063514246 >> [v2:172.21.15.81:6800/4280496150,v1:172.21.15.81:6801/4280496150] conn(0x7fb4a8038700 0x7fb4a803abc0 secure :-1 s=READY pgs=12 cs=0 l=1 rev1=1 crypto rx=0x7fb4b4006fd0 tx=0x7fb4b4006e40 comp rx=0 tx=0).ready entity=mgr.14120 client_cookie=0 server_cookie=0 in_seq=0 out_seq=0
2024-05-08T23:56:34.631 INFO:teuthology.orchestra.run.smithi081.stdout:/usr/bin/ceph: stderr
2024-05-08T23:56:34.001+0000 7fb4af7fe700 1 -- 172.21.15.81:0/1063514246 <== mon.0 v2:172.21.15.81:3300/0 6 ==== mon_command_ack([{"prefix": "get_command_descriptions"}]=0 v0) v1 ==== 72+0+183622 (secure 0 0 0) 0x7fb4b0010740 con 0x7fb4c0105720
2024-05-08T23:56:34.631 INFO:teuthology.orchestra.run.smithi081.stdout:/usr/bin/ceph: stderr
2024-05-08T23:56:34.214+0000 7fb4c4878700 1 -- 172.21.15.81:0/1063514246 --> [v2:172.21.15.81:6800/4280496150,v1:172.21.15.81:6801/4280496150] -- mgr_command(tid 0: {"prefix": "orch apply", "service_type": "mon", "unmanaged": true, "target": ["mon-mgr", ""]}) v1 -- 0x7fb4c0101fc0 con 0x7fb4a8038700
2024-05-08T23:56:34.631 INFO:teuthology.orchestra.run.smithi081.stdout:/usr/bin/ceph: stderr
2024-05-08T23:56:34.218+0000 7fb4af7fe700 1 -- 172.21.15.81:0/1063514246 <== mgr.14120 v2:172.21.15.81:6800/4280496150 1 ==== mgr_command_reply(tid 0: 0 ) v1 ==== 8+0+24 (secure 0 0 0) 0x7fb4c0101fc0 con 0x7fb4a8038700
2024-05-08T23:56:34.631 INFO:teuthology.orchestra.run.smithi081.stdout:/usr/bin/ceph: stderr
2024-05-08T23:56:34.222+0000 7fb4c4878700 1 -- 172.21.15.81:0/1063514246 >> [v2:172.21.15.81:6800/4280496150,v1:172.21.15.81:6801/4280496150] conn(0x7fb4a8038700 msgr2=0x7fb4a803abc0 secure :-1 s=STATE_CONNECTION_ESTABLISHED l=1).mark_down
2024-05-08T23:56:34.631 INFO:teuthology.orchestra.run.smithi081.stdout:/usr/bin/ceph: stderr
2024-05-08T23:56:34.222+0000 7fb4c4878700 1 --2- 172.21.15.81:0/1063514246 >> [v2:172.21.15.81:6800/4280496150,v1:172.21.15.81:6801/4280496150] conn(0x7fb4a8038700 0x7fb4a803abc0 secure :-1 s=READY pgs=12 cs=0 l=1 rev1=1 crypto rx=0x7fb4b4006fd0 tx=0x7fb4b4006e40 comp rx=0 tx=0).stop
2024-05-08T23:56:34.631 INFO:teuthology.orchestra.run.smithi081.stdout:/usr/bin/ceph: stderr
2024-05-08T23:56:34.222+0000 7fb4c4878700 1 -- 172.21.15.81:0/1063514246 >> [v2:172.21.15.81:3300/0,v1:172.21.15.81:6789/0] conn(0x7fb4c0105720 msgr2=0x7fb4c0079a40 secure :-1 s=STATE_CONNECTION_ESTABLISHED l=1).mark_down
2024-05-08T23:56:34.632 INFO:teuthology.orchestra.run.smithi081.stdout:/usr/bin/ceph: stderr
2024-05-08T23:56:34.222+0000 7fb4c4878700 1 --2- 172.21.15.81:0/1063514246 >> [v2:172.21.15.81:3300/0,v1:172.21.15.81:6789/0] conn(0x7fb4c0105720 0x7fb4c0079a40 secure :-1 s=READY pgs=48 cs=0 l=1 rev1=1 crypto rx=0x7fb4b0009130 tx=0x7fb4b0011ad0 comp rx=0 tx=0).stop
2024-05-08T23:56:34.632 INFO:teuthology.orchestra.run.smithi081.stdout:/usr/bin/ceph: stderr
2024-05-08T23:56:34.222+0000 7fb4c4878700 1 -- 172.21.15.81:0/1063514246 shutdown_connections
2024-05-08T23:56:34.632 INFO:teuthology.orchestra.run.smithi081.stdout:/usr/bin/ceph: stderr
2024-05-08T23:56:34.222+0000 7fb4c4878700 1 --2- 172.21.15.81:0/1063514246 >> [v2:172.21.15.81:6800/4280496150,v1:172.21.15.81:6801/4280496150] conn(0x7fb4a8038700 0x7fb4a803abc0 unknown :-1 s=CLOSED pgs=12 cs=0 l=1 rev1=1 crypto rx=0 tx=0 comp rx=0 tx=0).stop
2024-05-08T23:56:34.632 INFO:teuthology.orchestra.run.smithi081.stdout:/usr/bin/ceph: stderr
2024-05-08T23:56:34.222+0000 7fb4c4878700 1 --2- 172.21.15.81:0/1063514246 >> [v2:172.21.15.81:3300/0,v1:172.21.15.81:6789/0] conn(0x7fb4c0105720 0x7fb4c0079a40 unknown :-1 s=CLOSED pgs=48 cs=0 l=1 rev1=1 crypto rx=0 tx=0 comp rx=0 tx=0).stop
2024-05-08T23:56:34.632 INFO:teuthology.orchestra.run.smithi081.stdout:/usr/bin/ceph: stderr
2024-05-08T23:56:34.222+0000 7fb4c4878700 1 -- 172.21.15.81:0/1063514246 >> 172.21.15.81:0/1063514246 conn(0x7fb4c0100ce0 msgr2=0x7fb4c01018b0 unknown :-1 s=STATE_NONE l=0).mark_down
2024-05-08T23:56:34.632 INFO:teuthology.orchestra.run.smithi081.stdout:/usr/bin/ceph: stderr
2024-05-08T23:56:34.222+0000 7fb4c4878700 1 -- 172.21.15.81:0/1063514246 shutdown_connections
2024-05-08T23:56:34.632 INFO:teuthology.orchestra.run.smithi081.stdout:/usr/bin/ceph: stderr
2024-05-08T23:56:34.222+0000 7fb4c4878700 1 -- 172.21.15.81:0/1063514246 wait complete.
2024-05-08T23:56:34.632 INFO:teuthology.orchestra.run.smithi081.stdout:Deploying unmanaged mgr service...
2024-05-08T23:56:35.539 INFO:journalctl@ceph.mon.a.smithi081.stdout:May 08 23:56:35 smithi081 ceph-mon[42474]: from='client.14142 -' entity='client.admin' cmd=[{"prefix": "orch apply", "service_type": "mon", "unmanaged": true, "target": ["mon-mgr", ""]}]: dispatch
2024-05-08T23:56:35.539 INFO:journalctl@ceph.mon.a.smithi081.stdout:May 08 23:56:35 smithi081 ceph-mon[42474]: Saving service mon spec with placement count:5
2024-05-08T23:56:35.539 INFO:journalctl@ceph.mon.a.smithi081.stdout:May 08 23:56:35 smithi081 ceph-mon[42474]: from='mgr.14120 172.21.15.81:0/1542348236' entity='mgr.x'
2024-05-08T23:56:35.539 INFO:journalctl@ceph.mon.a.smithi081.stdout:May 08 23:56:35 smithi081 ceph-mon[42474]: from='mgr.14120 172.21.15.81:0/1542348236' entity='mgr.x'
2024-05-08T23:56:35.539 INFO:journalctl@ceph.mon.a.smithi081.stdout:May 08 23:56:35 smithi081 ceph-mon[42474]: from='mgr.14120 172.21.15.81:0/1542348236' entity='mgr.x'
2024-05-08T23:56:35.678 INFO:teuthology.orchestra.run.smithi081.stdout:/usr/bin/ceph: stdout Scheduled mgr update...
2024-05-08T23:56:35.678 INFO:teuthology.orchestra.run.smithi081.stdout:/usr/bin/ceph: stderr
2024-05-08T23:56:34.973+0000 7f0e9aebd700 1 Processor -- start
2024-05-08T23:56:35.678 INFO:teuthology.orchestra.run.smithi081.stdout:/usr/bin/ceph: stderr
2024-05-08T23:56:34.973+0000 7f0e9aebd700 1 -- start start
2024-05-08T23:56:35.678 INFO:teuthology.orchestra.run.smithi081.stdout:/usr/bin/ceph: stderr
2024-05-08T23:56:34.973+0000 7f0e9aebd700 1 --2- >> [v2:172.21.15.81:3300/0,v1:172.21.15.81:6789/0] conn(0x7f0e94105760 0x7f0e94105b80 unknown :-1 s=NONE pgs=0 cs=0 l=0 rev1=0 crypto rx=0 tx=0 comp rx=0 tx=0).connect
2024-05-08T23:56:35.678 INFO:teuthology.orchestra.run.smithi081.stdout:/usr/bin/ceph: stderr
2024-05-08T23:56:34.973+0000 7f0e9aebd700 1 -- --> [v2:172.21.15.81:3300/0,v1:172.21.15.81:6789/0] -- mon_getmap magic: 0 v1 -- 0x7f0e94106150 con 0x7f0e94105760
2024-05-08T23:56:35.679 INFO:teuthology.orchestra.run.smithi081.stdout:/usr/bin/ceph: stderr
2024-05-08T23:56:34.973+0000 7f0e98c59700 1 --2- >> [v2:172.21.15.81:3300/0,v1:172.21.15.81:6789/0] conn(0x7f0e94105760 0x7f0e94105b80 unknown :-1 s=BANNER_CONNECTING pgs=0 cs=0 l=0 rev1=0 crypto rx=0 tx=0 comp rx=0 tx=0)._handle_peer_banner_payload supported=3 required=0
2024-05-08T23:56:35.679 INFO:teuthology.orchestra.run.smithi081.stdout:/usr/bin/ceph: stderr
2024-05-08T23:56:34.974+0000 7f0e98c59700 1 --2- >> [v2:172.21.15.81:3300/0,v1:172.21.15.81:6789/0] conn(0x7f0e94105760 0x7f0e94105b80 unknown :-1 s=HELLO_CONNECTING pgs=0 cs=0 l=0 rev1=1 crypto rx=0 tx=0 comp rx=0 tx=0).handle_hello peer v2:172.21.15.81:3300/0 says I am v2:172.21.15.81:45992/0 (socket says 172.21.15.81:45992)
2024-05-08T23:56:35.679 INFO:teuthology.orchestra.run.smithi081.stdout:/usr/bin/ceph: stderr
2024-05-08T23:56:34.974+0000 7f0e98c59700 1 -- 172.21.15.81:0/975873095 learned_addr learned my addr 172.21.15.81:0/975873095 (peer_addr_for_me v2:172.21.15.81:0/0)
2024-05-08T23:56:35.679 INFO:teuthology.orchestra.run.smithi081.stdout:/usr/bin/ceph: stderr
2024-05-08T23:56:34.974+0000 7f0e98c59700 1 -- 172.21.15.81:0/975873095 --> [v2:172.21.15.81:3300/0,v1:172.21.15.81:6789/0] -- mon_subscribe({config=0+,monmap=0+}) v3 -- 0x7f0e94106960 con 0x7f0e94105760
2024-05-08T23:56:35.679 INFO:teuthology.orchestra.run.smithi081.stdout:/usr/bin/ceph: stderr
2024-05-08T23:56:34.974+0000 7f0e98c59700 1 --2- 172.21.15.81:0/975873095 >> [v2:172.21.15.81:3300/0,v1:172.21.15.81:6789/0] conn(0x7f0e94105760 0x7f0e94105b80 secure :-1 s=READY pgs=49 cs=0 l=1 rev1=1 crypto rx=0x7f0e8800bb40 tx=0x7f0e8800be50 comp rx=0 tx=0).ready entity=mon.0 client_cookie=f1313eaaeb5167f8 server_cookie=0 in_seq=0 out_seq=0
2024-05-08T23:56:35.679 INFO:teuthology.orchestra.run.smithi081.stdout:/usr/bin/ceph: stderr
2024-05-08T23:56:34.974+0000 7f0e937fe700 1 -- 172.21.15.81:0/975873095 <== mon.0 v2:172.21.15.81:3300/0 1 ==== mon_map magic: 0 v1 ==== 205+0+0 (secure 0 0 0) 0x7f0e8800dbe0 con 0x7f0e94105760
2024-05-08T23:56:35.679 INFO:teuthology.orchestra.run.smithi081.stdout:/usr/bin/ceph: stderr
2024-05-08T23:56:34.974+0000 7f0e937fe700 1 -- 172.21.15.81:0/975873095 <== mon.0 v2:172.21.15.81:3300/0 2 ==== config(26 keys) v1 ==== 1105+0+0 (secure 0 0 0) 0x7f0e880044f0 con 0x7f0e94105760
2024-05-08T23:56:35.679 INFO:teuthology.orchestra.run.smithi081.stdout:/usr/bin/ceph: stderr
2024-05-08T23:56:34.974+0000 7f0e937fe700 1 -- 172.21.15.81:0/975873095 <== mon.0 v2:172.21.15.81:3300/0 3 ==== mon_map magic: 0 v1 ==== 205+0+0 (secure 0 0 0) 0x7f0e88003e60 con 0x7f0e94105760
2024-05-08T23:56:35.679 INFO:teuthology.orchestra.run.smithi081.stdout:/usr/bin/ceph: stderr
2024-05-08T23:56:34.975+0000 7f0e9aebd700 1 -- 172.21.15.81:0/975873095 >> [v2:172.21.15.81:3300/0,v1:172.21.15.81:6789/0] conn(0x7f0e94105760 msgr2=0x7f0e94105b80 secure :-1 s=STATE_CONNECTION_ESTABLISHED l=1).mark_down
2024-05-08T23:56:35.679 INFO:teuthology.orchestra.run.smithi081.stdout:/usr/bin/ceph: stderr
2024-05-08T23:56:34.975+0000 7f0e9aebd700 1 --2- 172.21.15.81:0/975873095 >> [v2:172.21.15.81:3300/0,v1:172.21.15.81:6789/0] conn(0x7f0e94105760 0x7f0e94105b80 secure :-1 s=READY pgs=49 cs=0 l=1 rev1=1 crypto rx=0x7f0e8800bb40 tx=0x7f0e8800be50 comp rx=0 tx=0).stop
2024-05-08T23:56:35.679 INFO:teuthology.orchestra.run.smithi081.stdout:/usr/bin/ceph: stderr
2024-05-08T23:56:34.975+0000 7f0e9aebd700 1 -- 172.21.15.81:0/975873095 shutdown_connections
2024-05-08T23:56:35.679 INFO:teuthology.orchestra.run.smithi081.stdout:/usr/bin/ceph: stderr
2024-05-08T23:56:34.975+0000 7f0e9aebd700 1 --2- 172.21.15.81:0/975873095 >> [v2:172.21.15.81:3300/0,v1:172.21.15.81:6789/0] conn(0x7f0e94105760 0x7f0e94105b80 unknown :-1 s=CLOSED pgs=49 cs=0 l=1 rev1=1 crypto rx=0 tx=0 comp rx=0 tx=0).stop
2024-05-08T23:56:35.679 INFO:teuthology.orchestra.run.smithi081.stdout:/usr/bin/ceph: stderr
2024-05-08T23:56:34.975+0000 7f0e9aebd700 1 -- 172.21.15.81:0/975873095 >> 172.21.15.81:0/975873095 conn(0x7f0e94100d40 msgr2=0x7f0e94103160 unknown :-1 s=STATE_NONE l=0).mark_down
2024-05-08T23:56:35.679 INFO:teuthology.orchestra.run.smithi081.stdout:/usr/bin/ceph: stderr
2024-05-08T23:56:34.975+0000 7f0e9aebd700 1 -- 172.21.15.81:0/975873095 shutdown_connections
2024-05-08T23:56:35.680 INFO:teuthology.orchestra.run.smithi081.stdout:/usr/bin/ceph: stderr
2024-05-08T23:56:34.975+0000 7f0e9aebd700 1 -- 172.21.15.81:0/975873095 wait complete.
2024-05-08T23:56:35.680 INFO:teuthology.orchestra.run.smithi081.stdout:/usr/bin/ceph: stderr
2024-05-08T23:56:34.975+0000 7f0e9aebd700 1 Processor -- start
2024-05-08T23:56:35.680 INFO:teuthology.orchestra.run.smithi081.stdout:/usr/bin/ceph: stderr
2024-05-08T23:56:34.975+0000 7f0e9aebd700 1 -- start start
2024-05-08T23:56:35.680 INFO:teuthology.orchestra.run.smithi081.stdout:/usr/bin/ceph: stderr
2024-05-08T23:56:34.976+0000 7f0e9aebd700 1 --2- >> [v2:172.21.15.81:3300/0,v1:172.21.15.81:6789/0] conn(0x7f0e94105760 0x7f0e9419c830 unknown :-1 s=NONE pgs=0 cs=0 l=1 rev1=0 crypto rx=0 tx=0 comp rx=0 tx=0).connect
2024-05-08T23:56:35.680 INFO:teuthology.orchestra.run.smithi081.stdout:/usr/bin/ceph: stderr
2024-05-08T23:56:34.976+0000 7f0e9aebd700 1 -- --> [v2:172.21.15.81:3300/0,v1:172.21.15.81:6789/0] -- mon_getmap magic: 0 v1 -- 0x7f0e9419cd70 con 0x7f0e94105760
2024-05-08T23:56:35.680 INFO:teuthology.orchestra.run.smithi081.stdout:/usr/bin/ceph: stderr
2024-05-08T23:56:34.976+0000 7f0e98c59700 1 --2- >> [v2:172.21.15.81:3300/0,v1:172.21.15.81:6789/0] conn(0x7f0e94105760 0x7f0e9419c830 unknown :-1 s=BANNER_CONNECTING pgs=0 cs=0 l=1 rev1=0 crypto rx=0 tx=0 comp rx=0 tx=0)._handle_peer_banner_payload supported=3 required=0
2024-05-08T23:56:35.680 INFO:teuthology.orchestra.run.smithi081.stdout:/usr/bin/ceph: stderr
