2024-05-08T23:56:34.976+0000 7f0e98c59700 1 --2- >> [v2:172.21.15.81:3300/0,v1:172.21.15.81:6789/0] conn(0x7f0e94105760 0x7f0e9419c830 unknown :-1 s=HELLO_CONNECTING pgs=0 cs=0 l=1 rev1=1 crypto rx=0 tx=0 comp rx=0 tx=0).handle_hello peer v2:172.21.15.81:3300/0 says I am v2:172.21.15.81:45994/0 (socket says 172.21.15.81:45994)
2024-05-08T23:56:35.680 INFO:teuthology.orchestra.run.smithi081.stdout:/usr/bin/ceph: stderr
2024-05-08T23:56:34.976+0000 7f0e98c59700 1 -- 172.21.15.81:0/3989441858 learned_addr learned my addr 172.21.15.81:0/3989441858 (peer_addr_for_me v2:172.21.15.81:0/0)
2024-05-08T23:56:35.680 INFO:teuthology.orchestra.run.smithi081.stdout:/usr/bin/ceph: stderr
2024-05-08T23:56:34.976+0000 7f0e98c59700 1 -- 172.21.15.81:0/3989441858 --> [v2:172.21.15.81:3300/0,v1:172.21.15.81:6789/0] -- mon_subscribe({config=0+,monmap=0+}) v3 -- 0x7f0e8800b7f0 con 0x7f0e94105760
2024-05-08T23:56:35.680 INFO:teuthology.orchestra.run.smithi081.stdout:/usr/bin/ceph: stderr
2024-05-08T23:56:34.976+0000 7f0e98c59700 1 --2- 172.21.15.81:0/3989441858 >> [v2:172.21.15.81:3300/0,v1:172.21.15.81:6789/0] conn(0x7f0e94105760 0x7f0e9419c830 secure :-1 s=READY pgs=50 cs=0 l=1 rev1=1 crypto rx=0x7f0e8800b340 tx=0x7f0e88003fb0 comp rx=0 tx=0).ready entity=mon.0 client_cookie=0 server_cookie=0 in_seq=0 out_seq=0
2024-05-08T23:56:35.680 INFO:teuthology.orchestra.run.smithi081.stdout:/usr/bin/ceph: stderr
2024-05-08T23:56:34.976+0000 7f0e91ffb700 1 -- 172.21.15.81:0/3989441858 <== mon.0 v2:172.21.15.81:3300/0 1 ==== mon_map magic: 0 v1 ==== 205+0+0 (secure 0 0 0) 0x7f0e88010680 con 0x7f0e94105760
2024-05-08T23:56:35.680 INFO:teuthology.orchestra.run.smithi081.stdout:/usr/bin/ceph: stderr
2024-05-08T23:56:34.976+0000 7f0e91ffb700 1 -- 172.21.15.81:0/3989441858 <== mon.0 v2:172.21.15.81:3300/0 2 ==== config(26 keys) v1 ==== 1105+0+0 (secure 0 0 0) 0x7f0e88010ca0 con 0x7f0e94105760
2024-05-08T23:56:35.680 INFO:teuthology.orchestra.run.smithi081.stdout:/usr/bin/ceph: stderr
2024-05-08T23:56:34.976+0000 7f0e9aebd700 1 -- 172.21.15.81:0/3989441858 --> [v2:172.21.15.81:3300/0,v1:172.21.15.81:6789/0] -- mon_subscribe({mgrmap=0+}) v3 -- 0x7f0e9419cf70 con 0x7f0e94105760
2024-05-08T23:56:35.680 INFO:teuthology.orchestra.run.smithi081.stdout:/usr/bin/ceph: stderr
2024-05-08T23:56:34.976+0000 7f0e91ffb700 1 -- 172.21.15.81:0/3989441858 <== mon.0 v2:172.21.15.81:3300/0 3 ==== mon_map magic: 0 v1 ==== 205+0+0 (secure 0 0 0) 0x7f0e88019c00 con 0x7f0e94105760
2024-05-08T23:56:35.680 INFO:teuthology.orchestra.run.smithi081.stdout:/usr/bin/ceph: stderr
2024-05-08T23:56:34.977+0000 7f0e9aebd700 1 -- 172.21.15.81:0/3989441858 --> [v2:172.21.15.81:3300/0,v1:172.21.15.81:6789/0] -- mon_subscribe({osdmap=0}) v3 -- 0x7f0e9419d3b0 con 0x7f0e94105760
2024-05-08T23:56:35.681 INFO:teuthology.orchestra.run.smithi081.stdout:/usr/bin/ceph: stderr
2024-05-08T23:56:34.977+0000 7f0e91ffb700 1 -- 172.21.15.81:0/3989441858 <== mon.0 v2:172.21.15.81:3300/0 4 ==== mgrmap(e 8) v1 ==== 45541+0+0 (secure 0 0 0) 0x7f0e8802a450 con 0x7f0e94105760
2024-05-08T23:56:35.681 INFO:teuthology.orchestra.run.smithi081.stdout:/usr/bin/ceph: stderr
2024-05-08T23:56:34.977+0000 7f0e91ffb700 1 --2- 172.21.15.81:0/3989441858 >> [v2:172.21.15.81:6800/4280496150,v1:172.21.15.81:6801/4280496150] conn(0x7f0e84038700 0x7f0e8403abc0 unknown :-1 s=NONE pgs=0 cs=0 l=1 rev1=0 crypto rx=0 tx=0 comp rx=0 tx=0).connect
2024-05-08T23:56:35.681 INFO:teuthology.orchestra.run.smithi081.stdout:/usr/bin/ceph: stderr
2024-05-08T23:56:34.978+0000 7f0e91ffb700 1 -- 172.21.15.81:0/3989441858 <== mon.0 v2:172.21.15.81:3300/0 5 ==== osd_map(2..2 src has 1..2) v4 ==== 940+0+0 (secure 0 0 0) 0x7f0e8804cb00 con 0x7f0e94105760
2024-05-08T23:56:35.681 INFO:teuthology.orchestra.run.smithi081.stdout:/usr/bin/ceph: stderr
2024-05-08T23:56:34.978+0000 7f0e93fff700 1 --2- 172.21.15.81:0/3989441858 >> [v2:172.21.15.81:6800/4280496150,v1:172.21.15.81:6801/4280496150] conn(0x7f0e84038700 0x7f0e8403abc0 unknown :-1 s=BANNER_CONNECTING pgs=0 cs=0 l=1 rev1=0 crypto rx=0 tx=0 comp rx=0 tx=0)._handle_peer_banner_payload supported=3 required=0
2024-05-08T23:56:35.681 INFO:teuthology.orchestra.run.smithi081.stdout:/usr/bin/ceph: stderr
2024-05-08T23:56:34.978+0000 7f0e9aebd700 1 -- 172.21.15.81:0/3989441858 --> [v2:172.21.15.81:3300/0,v1:172.21.15.81:6789/0] -- mon_command({"prefix": "get_command_descriptions"} v 0) v1 -- 0x7f0e940625d0 con 0x7f0e94105760
2024-05-08T23:56:35.681 INFO:teuthology.orchestra.run.smithi081.stdout:/usr/bin/ceph: stderr
2024-05-08T23:56:34.978+0000 7f0e93fff700 1 --2- 172.21.15.81:0/3989441858 >> [v2:172.21.15.81:6800/4280496150,v1:172.21.15.81:6801/4280496150] conn(0x7f0e84038700 0x7f0e8403abc0 secure :-1 s=READY pgs=13 cs=0 l=1 rev1=1 crypto rx=0x7f0e80006fd0 tx=0x7f0e80006e40 comp rx=0 tx=0).ready entity=mgr.14120 client_cookie=0 server_cookie=0 in_seq=0 out_seq=0
2024-05-08T23:56:35.681 INFO:teuthology.orchestra.run.smithi081.stdout:/usr/bin/ceph: stderr
2024-05-08T23:56:34.983+0000 7f0e91ffb700 1 -- 172.21.15.81:0/3989441858 <== mon.0 v2:172.21.15.81:3300/0 6 ==== mon_command_ack([{"prefix": "get_command_descriptions"}]=0 v0) v1 ==== 72+0+183622 (secure 0 0 0) 0x7f0e8802a700 con 0x7f0e94105760
2024-05-08T23:56:35.681 INFO:teuthology.orchestra.run.smithi081.stdout:/usr/bin/ceph: stderr
2024-05-08T23:56:35.222+0000 7f0e9aebd700 1 -- 172.21.15.81:0/3989441858 --> [v2:172.21.15.81:6800/4280496150,v1:172.21.15.81:6801/4280496150] -- mgr_command(tid 0: {"prefix": "orch apply", "service_type": "mgr", "unmanaged": true, "target": ["mon-mgr", ""]}) v1 -- 0x7f0e940613e0 con 0x7f0e84038700
2024-05-08T23:56:35.681 INFO:teuthology.orchestra.run.smithi081.stdout:/usr/bin/ceph: stderr
2024-05-08T23:56:35.227+0000 7f0e91ffb700 1 -- 172.21.15.81:0/3989441858 <== mgr.14120 v2:172.21.15.81:6800/4280496150 1 ==== mgr_command_reply(tid 0: 0 ) v1 ==== 8+0+24 (secure 0 0 0) 0x7f0e940613e0 con 0x7f0e84038700
2024-05-08T23:56:35.681 INFO:teuthology.orchestra.run.smithi081.stdout:/usr/bin/ceph: stderr
2024-05-08T23:56:35.229+0000 7f0e9aebd700 1 -- 172.21.15.81:0/3989441858 >> [v2:172.21.15.81:6800/4280496150,v1:172.21.15.81:6801/4280496150] conn(0x7f0e84038700 msgr2=0x7f0e8403abc0 secure :-1 s=STATE_CONNECTION_ESTABLISHED l=1).mark_down
2024-05-08T23:56:35.681 INFO:teuthology.orchestra.run.smithi081.stdout:/usr/bin/ceph: stderr
2024-05-08T23:56:35.229+0000 7f0e9aebd700 1 --2- 172.21.15.81:0/3989441858 >> [v2:172.21.15.81:6800/4280496150,v1:172.21.15.81:6801/4280496150] conn(0x7f0e84038700 0x7f0e8403abc0 secure :-1 s=READY pgs=13 cs=0 l=1 rev1=1 crypto rx=0x7f0e80006fd0 tx=0x7f0e80006e40 comp rx=0 tx=0).stop
2024-05-08T23:56:35.681 INFO:teuthology.orchestra.run.smithi081.stdout:/usr/bin/ceph: stderr
2024-05-08T23:56:35.229+0000 7f0e9aebd700 1 -- 172.21.15.81:0/3989441858 >> [v2:172.21.15.81:3300/0,v1:172.21.15.81:6789/0] conn(0x7f0e94105760 msgr2=0x7f0e9419c830 secure :-1 s=STATE_CONNECTION_ESTABLISHED l=1).mark_down
2024-05-08T23:56:35.681 INFO:teuthology.orchestra.run.smithi081.stdout:/usr/bin/ceph: stderr
2024-05-08T23:56:35.229+0000 7f0e9aebd700 1 --2- 172.21.15.81:0/3989441858 >> [v2:172.21.15.81:3300/0,v1:172.21.15.81:6789/0] conn(0x7f0e94105760 0x7f0e9419c830 secure :-1 s=READY pgs=50 cs=0 l=1 rev1=1 crypto rx=0x7f0e8800b340 tx=0x7f0e88003fb0 comp rx=0 tx=0).stop
2024-05-08T23:56:35.681 INFO:teuthology.orchestra.run.smithi081.stdout:/usr/bin/ceph: stderr
2024-05-08T23:56:35.229+0000 7f0e9aebd700 1 -- 172.21.15.81:0/3989441858 shutdown_connections
2024-05-08T23:56:35.682 INFO:teuthology.orchestra.run.smithi081.stdout:/usr/bin/ceph: stderr
2024-05-08T23:56:35.229+0000 7f0e9aebd700 1 --2- 172.21.15.81:0/3989441858 >> [v2:172.21.15.81:6800/4280496150,v1:172.21.15.81:6801/4280496150] conn(0x7f0e84038700 0x7f0e8403abc0 unknown :-1 s=CLOSED pgs=13 cs=0 l=1 rev1=1 crypto rx=0 tx=0 comp rx=0 tx=0).stop
2024-05-08T23:56:35.682 INFO:teuthology.orchestra.run.smithi081.stdout:/usr/bin/ceph: stderr
2024-05-08T23:56:35.229+0000 7f0e9aebd700 1 --2- 172.21.15.81:0/3989441858 >> [v2:172.21.15.81:3300/0,v1:172.21.15.81:6789/0] conn(0x7f0e94105760 0x7f0e9419c830 unknown :-1 s=CLOSED pgs=50 cs=0 l=1 rev1=1 crypto rx=0 tx=0 comp rx=0 tx=0).stop
2024-05-08T23:56:35.682 INFO:teuthology.orchestra.run.smithi081.stdout:/usr/bin/ceph: stderr
2024-05-08T23:56:35.229+0000 7f0e9aebd700 1 -- 172.21.15.81:0/3989441858 >> 172.21.15.81:0/3989441858 conn(0x7f0e94100d40 msgr2=0x7f0e94193050 unknown :-1 s=STATE_NONE l=0).mark_down
2024-05-08T23:56:35.682 INFO:teuthology.orchestra.run.smithi081.stdout:/usr/bin/ceph: stderr
2024-05-08T23:56:35.230+0000 7f0e9aebd700 1 -- 172.21.15.81:0/3989441858 shutdown_connections
2024-05-08T23:56:35.682 INFO:teuthology.orchestra.run.smithi081.stdout:/usr/bin/ceph: stderr
2024-05-08T23:56:35.230+0000 7f0e9aebd700 1 -- 172.21.15.81:0/3989441858 wait complete.
2024-05-08T23:56:36.583 INFO:teuthology.orchestra.run.smithi081.stdout:/usr/bin/ceph: stderr
2024-05-08T23:56:36.051+0000 7f15afeba700 1 Processor -- start
2024-05-08T23:56:36.583 INFO:teuthology.orchestra.run.smithi081.stdout:/usr/bin/ceph: stderr
2024-05-08T23:56:36.051+0000 7f15afeba700 1 -- start start
2024-05-08T23:56:36.583 INFO:teuthology.orchestra.run.smithi081.stdout:/usr/bin/ceph: stderr
2024-05-08T23:56:36.051+0000 7f15afeba700 1 --2- >> [v2:172.21.15.81:3300/0,v1:172.21.15.81:6789/0] conn(0x7f15a8104b30 0x7f15a8104f50 unknown :-1 s=NONE pgs=0 cs=0 l=0 rev1=0 crypto rx=0 tx=0 comp rx=0 tx=0).connect
2024-05-08T23:56:36.583 INFO:teuthology.orchestra.run.smithi081.stdout:/usr/bin/ceph: stderr
2024-05-08T23:56:36.051+0000 7f15afeba700 1 -- --> [v2:172.21.15.81:3300/0,v1:172.21.15.81:6789/0] -- mon_getmap magic: 0 v1 -- 0x7f15a8105520 con 0x7f15a8104b30
2024-05-08T23:56:36.583 INFO:teuthology.orchestra.run.smithi081.stdout:/usr/bin/ceph: stderr
2024-05-08T23:56:36.052+0000 7f15adc56700 1 --2- >> [v2:172.21.15.81:3300/0,v1:172.21.15.81:6789/0] conn(0x7f15a8104b30 0x7f15a8104f50 unknown :-1 s=BANNER_CONNECTING pgs=0 cs=0 l=0 rev1=0 crypto rx=0 tx=0 comp rx=0 tx=0)._handle_peer_banner_payload supported=3 required=0
2024-05-08T23:56:36.583 INFO:teuthology.orchestra.run.smithi081.stdout:/usr/bin/ceph: stderr
2024-05-08T23:56:36.052+0000 7f15adc56700 1 --2- >> [v2:172.21.15.81:3300/0,v1:172.21.15.81:6789/0] conn(0x7f15a8104b30 0x7f15a8104f50 unknown :-1 s=HELLO_CONNECTING pgs=0 cs=0 l=0 rev1=1 crypto rx=0 tx=0 comp rx=0 tx=0).handle_hello peer v2:172.21.15.81:3300/0 says I am v2:172.21.15.81:46000/0 (socket says 172.21.15.81:46000)
2024-05-08T23:56:36.583 INFO:teuthology.orchestra.run.smithi081.stdout:/usr/bin/ceph: stderr
2024-05-08T23:56:36.052+0000 7f15adc56700 1 -- 172.21.15.81:0/2526035081 learned_addr learned my addr 172.21.15.81:0/2526035081 (peer_addr_for_me v2:172.21.15.81:0/0)
2024-05-08T23:56:36.584 INFO:teuthology.orchestra.run.smithi081.stdout:/usr/bin/ceph: stderr
2024-05-08T23:56:36.052+0000 7f15adc56700 1 -- 172.21.15.81:0/2526035081 --> [v2:172.21.15.81:3300/0,v1:172.21.15.81:6789/0] -- mon_subscribe({config=0+,monmap=0+}) v3 -- 0x7f15a8105660 con 0x7f15a8104b30
2024-05-08T23:56:36.584 INFO:teuthology.orchestra.run.smithi081.stdout:/usr/bin/ceph: stderr
2024-05-08T23:56:36.052+0000 7f15adc56700 1 --2- 172.21.15.81:0/2526035081 >> [v2:172.21.15.81:3300/0,v1:172.21.15.81:6789/0] conn(0x7f15a8104b30 0x7f15a8104f50 secure :-1 s=READY pgs=51 cs=0 l=1 rev1=1 crypto rx=0x7f15a40098a0 tx=0x7f15a4009bb0 comp rx=0 tx=0).ready entity=mon.0 client_cookie=fe28b6a74d4059c2 server_cookie=0 in_seq=0 out_seq=0
2024-05-08T23:56:36.584 INFO:teuthology.orchestra.run.smithi081.stdout:/usr/bin/ceph: stderr
2024-05-08T23:56:36.052+0000 7f15acc54700 1 -- 172.21.15.81:0/2526035081 <== mon.0 v2:172.21.15.81:3300/0 1 ==== mon_map magic: 0 v1 ==== 205+0+0 (secure 0 0 0) 0x7f15a4004160 con 0x7f15a8104b30
2024-05-08T23:56:36.584 INFO:teuthology.orchestra.run.smithi081.stdout:/usr/bin/ceph: stderr
2024-05-08T23:56:36.052+0000 7f15acc54700 1 -- 172.21.15.81:0/2526035081 <== mon.0 v2:172.21.15.81:3300/0 2 ==== config(26 keys) v1 ==== 1105+0+0 (secure 0 0 0) 0x7f15a40042c0 con 0x7f15a8104b30
2024-05-08T23:56:36.584 INFO:teuthology.orchestra.run.smithi081.stdout:/usr/bin/ceph: stderr
2024-05-08T23:56:36.052+0000 7f15acc54700 1 -- 172.21.15.81:0/2526035081 <== mon.0 v2:172.21.15.81:3300/0 3 ==== mon_map magic: 0 v1 ==== 205+0+0 (secure 0 0 0) 0x7f15a40119b0 con 0x7f15a8104b30
2024-05-08T23:56:36.584 INFO:teuthology.orchestra.run.smithi081.stdout:/usr/bin/ceph: stderr
2024-05-08T23:56:36.053+0000 7f15afeba700 1 -- 172.21.15.81:0/2526035081 >> [v2:172.21.15.81:3300/0,v1:172.21.15.81:6789/0] conn(0x7f15a8104b30 msgr2=0x7f15a8104f50 secure :-1 s=STATE_CONNECTION_ESTABLISHED l=1).mark_down
2024-05-08T23:56:36.584 INFO:teuthology.orchestra.run.smithi081.stdout:/usr/bin/ceph: stderr
2024-05-08T23:56:36.053+0000 7f15afeba700 1 --2- 172.21.15.81:0/2526035081 >> [v2:172.21.15.81:3300/0,v1:172.21.15.81:6789/0] conn(0x7f15a8104b30 0x7f15a8104f50 secure :-1 s=READY pgs=51 cs=0 l=1 rev1=1 crypto rx=0x7f15a40098a0 tx=0x7f15a4009bb0 comp rx=0 tx=0).stop
2024-05-08T23:56:36.584 INFO:teuthology.orchestra.run.smithi081.stdout:/usr/bin/ceph: stderr
2024-05-08T23:56:36.053+0000 7f15afeba700 1 -- 172.21.15.81:0/2526035081 shutdown_connections
2024-05-08T23:56:36.584 INFO:teuthology.orchestra.run.smithi081.stdout:/usr/bin/ceph: stderr
2024-05-08T23:56:36.053+0000 7f15afeba700 1 --2- 172.21.15.81:0/2526035081 >> [v2:172.21.15.81:3300/0,v1:172.21.15.81:6789/0] conn(0x7f15a8104b30 0x7f15a8104f50 unknown :-1 s=CLOSED pgs=51 cs=0 l=1 rev1=1 crypto rx=0 tx=0 comp rx=0 tx=0).stop
2024-05-08T23:56:36.584 INFO:teuthology.orchestra.run.smithi081.stdout:/usr/bin/ceph: stderr
2024-05-08T23:56:36.053+0000 7f15afeba700 1 -- 172.21.15.81:0/2526035081 >> 172.21.15.81:0/2526035081 conn(0x7f15a8100510 msgr2=0x7f15a8102930 unknown :-1 s=STATE_NONE l=0).mark_down
2024-05-08T23:56:36.584 INFO:teuthology.orchestra.run.smithi081.stdout:/usr/bin/ceph: stderr
2024-05-08T23:56:36.053+0000 7f15afeba700 1 -- 172.21.15.81:0/2526035081 shutdown_connections
2024-05-08T23:56:36.584 INFO:teuthology.orchestra.run.smithi081.stdout:/usr/bin/ceph: stderr
2024-05-08T23:56:36.053+0000 7f15afeba700 1 -- 172.21.15.81:0/2526035081 wait complete.
2024-05-08T23:56:36.584 INFO:teuthology.orchestra.run.smithi081.stdout:/usr/bin/ceph: stderr
2024-05-08T23:56:36.054+0000 7f15afeba700 1 Processor -- start
2024-05-08T23:56:36.585 INFO:teuthology.orchestra.run.smithi081.stdout:/usr/bin/ceph: stderr
2024-05-08T23:56:36.054+0000 7f15afeba700 1 -- start start
2024-05-08T23:56:36.585 INFO:teuthology.orchestra.run.smithi081.stdout:/usr/bin/ceph: stderr
2024-05-08T23:56:36.054+0000 7f15afeba700 1 --2- >> [v2:172.21.15.81:3300/0,v1:172.21.15.81:6789/0] conn(0x7f15a8104b30 0x7f15a8107390 unknown :-1 s=NONE pgs=0 cs=0 l=1 rev1=0 crypto rx=0 tx=0 comp rx=0 tx=0).connect
2024-05-08T23:56:36.585 INFO:teuthology.orchestra.run.smithi081.stdout:/usr/bin/ceph: stderr
2024-05-08T23:56:36.054+0000 7f15afeba700 1 -- --> [v2:172.21.15.81:3300/0,v1:172.21.15.81:6789/0] -- mon_getmap magic: 0 v1 -- 0x7f15a81078d0 con 0x7f15a8104b30
2024-05-08T23:56:36.585 INFO:teuthology.orchestra.run.smithi081.stdout:/usr/bin/ceph: stderr
2024-05-08T23:56:36.054+0000 7f15adc56700 1 --2- >> [v2:172.21.15.81:3300/0,v1:172.21.15.81:6789/0] conn(0x7f15a8104b30 0x7f15a8107390 unknown :-1 s=BANNER_CONNECTING pgs=0 cs=0 l=1 rev1=0 crypto rx=0 tx=0 comp rx=0 tx=0)._handle_peer_banner_payload supported=3 required=0
2024-05-08T23:56:36.585 INFO:teuthology.orchestra.run.smithi081.stdout:/usr/bin/ceph: stderr
2024-05-08T23:56:36.054+0000 7f15adc56700 1 --2- >> [v2:172.21.15.81:3300/0,v1:172.21.15.81:6789/0] conn(0x7f15a8104b30 0x7f15a8107390 unknown :-1 s=HELLO_CONNECTING pgs=0 cs=0 l=1 rev1=1 crypto rx=0 tx=0 comp rx=0 tx=0).handle_hello peer v2:172.21.15.81:3300/0 says I am v2:172.21.15.81:46010/0 (socket says 172.21.15.81:46010)
2024-05-08T23:56:36.585 INFO:teuthology.orchestra.run.smithi081.stdout:/usr/bin/ceph: stderr
2024-05-08T23:56:36.054+0000 7f15adc56700 1 -- 172.21.15.81:0/4125062735 learned_addr learned my addr 172.21.15.81:0/4125062735 (peer_addr_for_me v2:172.21.15.81:0/0)
2024-05-08T23:56:36.585 INFO:teuthology.orchestra.run.smithi081.stdout:/usr/bin/ceph: stderr
2024-05-08T23:56:36.054+0000 7f15adc56700 1 -- 172.21.15.81:0/4125062735 --> [v2:172.21.15.81:3300/0,v1:172.21.15.81:6789/0] -- mon_subscribe({config=0+,monmap=0+}) v3 -- 0x7f15a4009550 con 0x7f15a8104b30
2024-05-08T23:56:36.585 INFO:teuthology.orchestra.run.smithi081.stdout:/usr/bin/ceph: stderr
2024-05-08T23:56:36.055+0000 7f15adc56700 1 --2- 172.21.15.81:0/4125062735 >> [v2:172.21.15.81:3300/0,v1:172.21.15.81:6789/0] conn(0x7f15a8104b30 0x7f15a8107390 secure :-1 s=READY pgs=52 cs=0 l=1 rev1=1 crypto rx=0x7f15a4006af0 tx=0x7f15a4011a10 comp rx=0 tx=0).ready entity=mon.0 client_cookie=0 server_cookie=0 in_seq=0 out_seq=0
2024-05-08T23:56:36.585 INFO:teuthology.orchestra.run.smithi081.stdout:/usr/bin/ceph: stderr
2024-05-08T23:56:36.055+0000 7f159effd700 1 -- 172.21.15.81:0/4125062735 <== mon.0 v2:172.21.15.81:3300/0 1 ==== mon_map magic: 0 v1 ==== 205+0+0 (secure 0 0 0) 0x7f15a4003a40 con 0x7f15a8104b30
2024-05-08T23:56:36.585 INFO:teuthology.orchestra.run.smithi081.stdout:/usr/bin/ceph: stderr
2024-05-08T23:56:36.055+0000 7f15afeba700 1 -- 172.21.15.81:0/4125062735 --> [v2:172.21.15.81:3300/0,v1:172.21.15.81:6789/0] -- mon_subscribe({mgrmap=0+}) v3 -- 0x7f15a8105b60 con 0x7f15a8104b30
2024-05-08T23:56:36.585 INFO:teuthology.orchestra.run.smithi081.stdout:/usr/bin/ceph: stderr
2024-05-08T23:56:36.055+0000 7f159effd700 1 -- 172.21.15.81:0/4125062735 <== mon.0 v2:172.21.15.81:3300/0 2 ==== config(26 keys) v1 ==== 1105+0+0 (secure 0 0 0) 0x7f15a4003ba0 con 0x7f15a8104b30
2024-05-08T23:56:36.585 INFO:teuthology.orchestra.run.smithi081.stdout:/usr/bin/ceph: stderr
2024-05-08T23:56:36.055+0000 7f159effd700 1 -- 172.21.15.81:0/4125062735 <== mon.0 v2:172.21.15.81:3300/0 3 ==== mon_map magic: 0 v1 ==== 205+0+0 (secure 0 0 0) 0x7f15a4019690 con 0x7f15a8104b30
2024-05-08T23:56:36.585 INFO:teuthology.orchestra.run.smithi081.stdout:/usr/bin/ceph: stderr
2024-05-08T23:56:36.055+0000 7f15afeba700 1 -- 172.21.15.81:0/4125062735 --> [v2:172.21.15.81:3300/0,v1:172.21.15.81:6789/0] -- mon_subscribe({osdmap=0}) v3 -- 0x7f15a8106000 con 0x7f15a8104b30
2024-05-08T23:56:36.585 INFO:teuthology.orchestra.run.smithi081.stdout:/usr/bin/ceph: stderr
2024-05-08T23:56:36.056+0000 7f159effd700 1 -- 172.21.15.81:0/4125062735 <== mon.0 v2:172.21.15.81:3300/0 4 ==== mgrmap(e 8) v1 ==== 45541+0+0 (secure 0 0 0) 0x7f15a4019950 con 0x7f15a8104b30
2024-05-08T23:56:36.586 INFO:teuthology.orchestra.run.smithi081.stdout:/usr/bin/ceph: stderr
2024-05-08T23:56:36.056+0000 7f159effd700 1 --2- 172.21.15.81:0/4125062735 >> [v2:172.21.15.81:6800/4280496150,v1:172.21.15.81:6801/4280496150] conn(0x7f15940386b0 0x7f159403ab70 unknown :-1 s=NONE pgs=0 cs=0 l=1 rev1=0 crypto rx=0 tx=0 comp rx=0 tx=0).connect
2024-05-08T23:56:36.586 INFO:teuthology.orchestra.run.smithi081.stdout:/usr/bin/ceph: stderr
2024-05-08T23:56:36.056+0000 7f15afeba700 1 -- 172.21.15.81:0/4125062735 --> [v2:172.21.15.81:3300/0,v1:172.21.15.81:6789/0] -- mon_command({"prefix": "get_command_descriptions"} v 0) v1 -- 0x7f15a8068030 con 0x7f15a8104b30
2024-05-08T23:56:36.586 INFO:teuthology.orchestra.run.smithi081.stdout:/usr/bin/ceph: stderr
2024-05-08T23:56:36.056+0000 7f159effd700 1 -- 172.21.15.81:0/4125062735 <== mon.0 v2:172.21.15.81:3300/0 5 ==== osd_map(2..2 src has 1..2) v4 ==== 940+0+0 (secure 0 0 0) 0x7f15a404c660 con 0x7f15a8104b30
2024-05-08T23:56:36.586 INFO:teuthology.orchestra.run.smithi081.stdout:/usr/bin/ceph: stderr
2024-05-08T23:56:36.056+0000 7f15ad455700 1 --2- 172.21.15.81:0/4125062735 >> [v2:172.21.15.81:6800/4280496150,v1:172.21.15.81:6801/4280496150] conn(0x7f15940386b0 0x7f159403ab70 unknown :-1 s=BANNER_CONNECTING pgs=0 cs=0 l=1 rev1=0 crypto rx=0 tx=0 comp rx=0 tx=0)._handle_peer_banner_payload supported=3 required=0
2024-05-08T23:56:36.586 INFO:teuthology.orchestra.run.smithi081.stdout:/usr/bin/ceph: stderr
2024-05-08T23:56:36.056+0000 7f15ad455700 1 --2- 172.21.15.81:0/4125062735 >> [v2:172.21.15.81:6800/4280496150,v1:172.21.15.81:6801/4280496150] conn(0x7f15940386b0 0x7f159403ab70 secure :-1 s=READY pgs=14 cs=0 l=1 rev1=1 crypto rx=0x7f1598006fd0 tx=0x7f1598006e40 comp rx=0 tx=0).ready entity=mgr.14120 client_cookie=0 server_cookie=0 in_seq=0 out_seq=0
2024-05-08T23:56:36.586 INFO:teuthology.orchestra.run.smithi081.stdout:/usr/bin/ceph: stderr
2024-05-08T23:56:36.061+0000 7f159effd700 1 -- 172.21.15.81:0/4125062735 <== mon.0 v2:172.21.15.81:3300/0 6 ==== mon_command_ack([{"prefix": "get_command_descriptions"}]=0 v0) v1 ==== 72+0+183622 (secure 0 0 0) 0x7f15a4018350 con 0x7f15a8104b30
2024-05-08T23:56:36.586 INFO:teuthology.orchestra.run.smithi081.stdout:/usr/bin/ceph: stderr
2024-05-08T23:56:36.271+0000 7f15afeba700 1 -- 172.21.15.81:0/4125062735 --> [v2:172.21.15.81:3300/0,v1:172.21.15.81:6789/0] -- mon_command([{prefix=config set, name=mgr/cephadm/container_init}] v 0) v1 -- 0x7f15a81064b0 con 0x7f15a8104b30
2024-05-08T23:56:36.586 INFO:teuthology.orchestra.run.smithi081.stdout:/usr/bin/ceph: stderr
2024-05-08T23:56:36.277+0000 7f159effd700 1 -- 172.21.15.81:0/4125062735 <== mon.0 v2:172.21.15.81:3300/0 7 ==== mon_command_ack([{prefix=config set, name=mgr/cephadm/container_init}]=0 v7)=0 v7) v1 ==== 142+0+0 (secure 0 0 0) 0x7f15a4018580 con 0x7f15a8104b30
2024-05-08T23:56:36.586 INFO:teuthology.orchestra.run.smithi081.stdout:/usr/bin/ceph: stderr
2024-05-08T23:56:36.280+0000 7f15afeba700 1 -- 172.21.15.81:0/4125062735 >> [v2:172.21.15.81:6800/4280496150,v1:172.21.15.81:6801/4280496150] conn(0x7f15940386b0 msgr2=0x7f159403ab70 secure :-1 s=STATE_CONNECTION_ESTABLISHED l=1).mark_down
2024-05-08T23:56:36.586 INFO:teuthology.orchestra.run.smithi081.stdout:/usr/bin/ceph: stderr
2024-05-08T23:56:36.280+0000 7f15afeba700 1 --2- 172.21.15.81:0/4125062735 >> [v2:172.21.15.81:6800/4280496150,v1:172.21.15.81:6801/4280496150] conn(0x7f15940386b0 0x7f159403ab70 secure :-1 s=READY pgs=14 cs=0 l=1 rev1=1 crypto rx=0x7f1598006fd0 tx=0x7f1598006e40 comp rx=0 tx=0).stop
2024-05-08T23:56:36.586 INFO:teuthology.orchestra.run.smithi081.stdout:/usr/bin/ceph: stderr
2024-05-08T23:56:36.280+0000 7f15afeba700 1 -- 172.21.15.81:0/4125062735 >> [v2:172.21.15.81:3300/0,v1:172.21.15.81:6789/0] conn(0x7f15a8104b30 msgr2=0x7f15a8107390 secure :-1 s=STATE_CONNECTION_ESTABLISHED l=1).mark_down
2024-05-08T23:56:36.586 INFO:teuthology.orchestra.run.smithi081.stdout:/usr/bin/ceph: stderr
2024-05-08T23:56:36.280+0000 7f15afeba700 1 --2- 172.21.15.81:0/4125062735 >> [v2:172.21.15.81:3300/0,v1:172.21.15.81:6789/0] conn(0x7f15a8104b30 0x7f15a8107390 secure :-1 s=READY pgs=52 cs=0 l=1 rev1=1 crypto rx=0x7f15a4006af0 tx=0x7f15a4011a10 comp rx=0 tx=0).stop
2024-05-08T23:56:36.586 INFO:teuthology.orchestra.run.smithi081.stdout:/usr/bin/ceph: stderr
2024-05-08T23:56:36.280+0000 7f15afeba700 1 -- 172.21.15.81:0/4125062735 shutdown_connections
2024-05-08T23:56:36.586 INFO:teuthology.orchestra.run.smithi081.stdout:/usr/bin/ceph: stderr
2024-05-08T23:56:36.280+0000 7f15afeba700 1 --2- 172.21.15.81:0/4125062735 >> [v2:172.21.15.81:6800/4280496150,v1:172.21.15.81:6801/4280496150] conn(0x7f15940386b0 0x7f159403ab70 unknown :-1 s=CLOSED pgs=14 cs=0 l=1 rev1=1 crypto rx=0 tx=0 comp rx=0 tx=0).stop
2024-05-08T23:56:36.587 INFO:teuthology.orchestra.run.smithi081.stdout:/usr/bin/ceph: stderr
2024-05-08T23:56:36.280+0000 7f15afeba700 1 --2- 172.21.15.81:0/4125062735 >> [v2:172.21.15.81:3300/0,v1:172.21.15.81:6789/0] conn(0x7f15a8104b30 0x7f15a8107390 unknown :-1 s=CLOSED pgs=52 cs=0 l=1 rev1=1 crypto rx=0 tx=0 comp rx=0 tx=0).stop
2024-05-08T23:56:36.587 INFO:teuthology.orchestra.run.smithi081.stdout:/usr/bin/ceph: stderr
2024-05-08T23:56:36.280+0000 7f15afeba700 1 -- 172.21.15.81:0/4125062735 >> 172.21.15.81:0/4125062735 conn(0x7f15a8100510 msgr2=0x7f15a81010c0 unknown :-1 s=STATE_NONE l=0).mark_down
2024-05-08T23:56:36.587 INFO:teuthology.orchestra.run.smithi081.stdout:/usr/bin/ceph: stderr
2024-05-08T23:56:36.280+0000 7f15afeba700 1 -- 172.21.15.81:0/4125062735 shutdown_connections
2024-05-08T23:56:36.587 INFO:teuthology.orchestra.run.smithi081.stdout:/usr/bin/ceph: stderr
2024-05-08T23:56:36.280+0000 7f15afeba700 1 -- 172.21.15.81:0/4125062735 wait complete.
2024-05-08T23:56:36.620 INFO:journalctl@ceph.mon.a.smithi081.stdout:May 08 23:56:36 smithi081 ceph-mon[42474]: from='client.14144 -' entity='client.admin' cmd=[{"prefix": "orch apply", "service_type": "mgr", "unmanaged": true, "target": ["mon-mgr", ""]}]: dispatch
2024-05-08T23:56:36.620 INFO:journalctl@ceph.mon.a.smithi081.stdout:May 08 23:56:36 smithi081 ceph-mon[42474]: Saving service mgr spec with placement count:2
2024-05-08T23:56:36.620 INFO:journalctl@ceph.mon.a.smithi081.stdout:May 08 23:56:36 smithi081 ceph-mon[42474]: from='mgr.14120 172.21.15.81:0/1542348236' entity='mgr.x'
2024-05-08T23:56:36.620 INFO:journalctl@ceph.mon.a.smithi081.stdout:May 08 23:56:36 smithi081 ceph-mon[42474]: from='mgr.14120 172.21.15.81:0/1542348236' entity='mgr.x'
2024-05-08T23:56:36.620 INFO:journalctl@ceph.mon.a.smithi081.stdout:May 08 23:56:36 smithi081 ceph-mon[42474]: from='client.? 172.21.15.81:0/4125062735' entity='client.admin'
2024-05-08T23:56:37.924 INFO:teuthology.orchestra.run.smithi081.stdout:/usr/bin/ceph: stderr
2024-05-08T23:56:37.198+0000 7f841c545700 1 Processor -- start
2024-05-08T23:56:37.924 INFO:teuthology.orchestra.run.smithi081.stdout:/usr/bin/ceph: stderr
2024-05-08T23:56:37.198+0000 7f841c545700 1 -- start start
2024-05-08T23:56:37.925 INFO:teuthology.orchestra.run.smithi081.stdout:/usr/bin/ceph: stderr
2024-05-08T23:56:37.198+0000 7f841c545700 1 --2- >> [v2:172.21.15.81:3300/0,v1:172.21.15.81:6789/0] conn(0x7f8414106890 0x7f8414106cb0 unknown :-1 s=NONE pgs=0 cs=0 l=0 rev1=0 crypto rx=0 tx=0 comp rx=0 tx=0).connect
2024-05-08T23:56:37.925 INFO:teuthology.orchestra.run.smithi081.stdout:/usr/bin/ceph: stderr
2024-05-08T23:56:37.198+0000 7f841c545700 1 -- --> [v2:172.21.15.81:3300/0,v1:172.21.15.81:6789/0] -- mon_getmap magic: 0 v1 -- 0x7f8414107280 con 0x7f8414106890
2024-05-08T23:56:37.925 INFO:teuthology.orchestra.run.smithi081.stdout:/usr/bin/ceph: stderr
2024-05-08T23:56:37.198+0000 7f841a2e1700 1 --2- >> [v2:172.21.15.81:3300/0,v1:172.21.15.81:6789/0] conn(0x7f8414106890 0x7f8414106cb0 unknown :-1 s=BANNER_CONNECTING pgs=0 cs=0 l=0 rev1=0 crypto rx=0 tx=0 comp rx=0 tx=0)._handle_peer_banner_payload supported=3 required=0
2024-05-08T23:56:37.926 INFO:teuthology.orchestra.run.smithi081.stdout:/usr/bin/ceph: stderr
2024-05-08T23:56:37.199+0000 7f841a2e1700 1 --2- >> [v2:172.21.15.81:3300/0,v1:172.21.15.81:6789/0] conn(0x7f8414106890 0x7f8414106cb0 unknown :-1 s=HELLO_CONNECTING pgs=0 cs=0 l=0 rev1=1 crypto rx=0 tx=0 comp rx=0 tx=0).handle_hello peer v2:172.21.15.81:3300/0 says I am v2:172.21.15.81:46012/0 (socket says 172.21.15.81:46012)
2024-05-08T23:56:37.926 INFO:teuthology.orchestra.run.smithi081.stdout:/usr/bin/ceph: stderr
2024-05-08T23:56:37.199+0000 7f841a2e1700 1 -- 172.21.15.81:0/4221583867 learned_addr learned my addr 172.21.15.81:0/4221583867 (peer_addr_for_me v2:172.21.15.81:0/0)
2024-05-08T23:56:37.926 INFO:teuthology.orchestra.run.smithi081.stdout:/usr/bin/ceph: stderr
2024-05-08T23:56:37.199+0000 7f841a2e1700 1 -- 172.21.15.81:0/4221583867 --> [v2:172.21.15.81:3300/0,v1:172.21.15.81:6789/0] -- mon_subscribe({config=0+,monmap=0+}) v3 -- 0x7f8414107a40 con 0x7f8414106890
2024-05-08T23:56:37.926 INFO:teuthology.orchestra.run.smithi081.stdout:/usr/bin/ceph: stderr
2024-05-08T23:56:37.199+0000 7f841a2e1700 1 --2- 172.21.15.81:0/4221583867 >> [v2:172.21.15.81:3300/0,v1:172.21.15.81:6789/0] conn(0x7f8414106890 0x7f8414106cb0 secure :-1 s=READY pgs=53 cs=0 l=1 rev1=1 crypto rx=0x7f84100098a0 tx=0x7f8410009bb0 comp rx=0 tx=0).ready entity=mon.0 client_cookie=485e6021b67a3f03 server_cookie=0 in_seq=0 out_seq=0
2024-05-08T23:56:37.926 INFO:teuthology.orchestra.run.smithi081.stdout:/usr/bin/ceph: stderr
2024-05-08T23:56:37.199+0000 7f84192df700 1 -- 172.21.15.81:0/4221583867 <== mon.0 v2:172.21.15.81:3300/0 1 ==== mon_map magic: 0 v1 ==== 205+0+0 (secure 0 0 0) 0x7f8410004160 con 0x7f8414106890
2024-05-08T23:56:37.926 INFO:teuthology.orchestra.run.smithi081.stdout:/usr/bin/ceph: stderr
2024-05-08T23:56:37.199+0000 7f84192df700 1 -- 172.21.15.81:0/4221583867 <== mon.0 v2:172.21.15.81:3300/0 2 ==== config(26 keys) v1 ==== 1105+0+0 (secure 0 0 0) 0x7f84100042c0 con 0x7f8414106890
2024-05-08T23:56:37.926 INFO:teuthology.orchestra.run.smithi081.stdout:/usr/bin/ceph: stderr
2024-05-08T23:56:37.199+0000 7f84192df700 1 -- 172.21.15.81:0/4221583867 <== mon.0 v2:172.21.15.81:3300/0 3 ==== mon_map magic: 0 v1 ==== 205+0+0 (secure 0 0 0) 0x7f84100119b0 con 0x7f8414106890
2024-05-08T23:56:37.926 INFO:teuthology.orchestra.run.smithi081.stdout:/usr/bin/ceph: stderr
2024-05-08T23:56:37.200+0000 7f841c545700 1 -- 172.21.15.81:0/4221583867 >> [v2:172.21.15.81:3300/0,v1:172.21.15.81:6789/0] conn(0x7f8414106890 msgr2=0x7f8414106cb0 secure :-1 s=STATE_CONNECTION_ESTABLISHED l=1).mark_down
2024-05-08T23:56:37.926 INFO:teuthology.orchestra.run.smithi081.stdout:/usr/bin/ceph: stderr
2024-05-08T23:56:37.200+0000 7f841c545700 1 --2- 172.21.15.81:0/4221583867 >> [v2:172.21.15.81:3300/0,v1:172.21.15.81:6789/0] conn(0x7f8414106890 0x7f8414106cb0 secure :-1 s=READY pgs=53 cs=0 l=1 rev1=1 crypto rx=0x7f84100098a0 tx=0x7f8410009bb0 comp rx=0 tx=0).stop
2024-05-08T23:56:37.926 INFO:teuthology.orchestra.run.smithi081.stdout:/usr/bin/ceph: stderr
2024-05-08T23:56:37.200+0000 7f841c545700 1 -- 172.21.15.81:0/4221583867 shutdown_connections
2024-05-08T23:56:37.926 INFO:teuthology.orchestra.run.smithi081.stdout:/usr/bin/ceph: stderr
2024-05-08T23:56:37.200+0000 7f841c545700 1 --2- 172.21.15.81:0/4221583867 >> [v2:172.21.15.81:3300/0,v1:172.21.15.81:6789/0] conn(0x7f8414106890 0x7f8414106cb0 unknown :-1 s=CLOSED pgs=53 cs=0 l=1 rev1=1 crypto rx=0 tx=0 comp rx=0 tx=0).stop
2024-05-08T23:56:37.927 INFO:teuthology.orchestra.run.smithi081.stdout:/usr/bin/ceph: stderr
2024-05-08T23:56:37.200+0000 7f841c545700 1 -- 172.21.15.81:0/4221583867 >> 172.21.15.81:0/4221583867 conn(0x7f8414101e90 msgr2=0x7f84141042b0 unknown :-1 s=STATE_NONE l=0).mark_down
2024-05-08T23:56:37.927 INFO:teuthology.orchestra.run.smithi081.stdout:/usr/bin/ceph: stderr
2024-05-08T23:56:37.200+0000 7f841c545700 1 -- 172.21.15.81:0/4221583867 shutdown_connections
2024-05-08T23:56:37.927 INFO:teuthology.orchestra.run.smithi081.stdout:/usr/bin/ceph: stderr
2024-05-08T23:56:37.200+0000 7f841c545700 1 -- 172.21.15.81:0/4221583867 wait complete.
2024-05-08T23:56:37.927 INFO:teuthology.orchestra.run.smithi081.stdout:/usr/bin/ceph: stderr
2024-05-08T23:56:37.200+0000 7f841c545700 1 Processor -- start
2024-05-08T23:56:37.927 INFO:teuthology.orchestra.run.smithi081.stdout:/usr/bin/ceph: stderr
2024-05-08T23:56:37.201+0000 7f841c545700 1 -- start start
2024-05-08T23:56:37.927 INFO:teuthology.orchestra.run.smithi081.stdout:/usr/bin/ceph: stderr
2024-05-08T23:56:37.201+0000 7f841c545700 1 --2- >> [v2:172.21.15.81:3300/0,v1:172.21.15.81:6789/0] conn(0x7f8414106890 0x7f841419a5e0 unknown :-1 s=NONE pgs=0 cs=0 l=1 rev1=0 crypto rx=0 tx=0 comp rx=0 tx=0).connect
2024-05-08T23:56:37.927 INFO:teuthology.orchestra.run.smithi081.stdout:/usr/bin/ceph: stderr
2024-05-08T23:56:37.201+0000 7f841c545700 1 -- --> [v2:172.21.15.81:3300/0,v1:172.21.15.81:6789/0] -- mon_getmap magic: 0 v1 -- 0x7f841419ab20 con 0x7f8414106890
2024-05-08T23:56:37.927 INFO:teuthology.orchestra.run.smithi081.stdout:/usr/bin/ceph: stderr
2024-05-08T23:56:37.201+0000 7f841a2e1700 1 --2- >> [v2:172.21.15.81:3300/0,v1:172.21.15.81:6789/0] conn(0x7f8414106890 0x7f841419a5e0 unknown :-1 s=BANNER_CONNECTING pgs=0 cs=0 l=1 rev1=0 crypto rx=0 tx=0 comp rx=0 tx=0)._handle_peer_banner_payload supported=3 required=0
2024-05-08T23:56:37.927 INFO:teuthology.orchestra.run.smithi081.stdout:/usr/bin/ceph: stderr
2024-05-08T23:56:37.201+0000 7f841a2e1700 1 --2- >> [v2:172.21.15.81:3300/0,v1:172.21.15.81:6789/0] conn(0x7f8414106890 0x7f841419a5e0 unknown :-1 s=HELLO_CONNECTING pgs=0 cs=0 l=1 rev1=1 crypto rx=0 tx=0 comp rx=0 tx=0).handle_hello peer v2:172.21.15.81:3300/0 says I am v2:172.21.15.81:46016/0 (socket says 172.21.15.81:46016)
2024-05-08T23:56:37.927 INFO:teuthology.orchestra.run.smithi081.stdout:/usr/bin/ceph: stderr
2024-05-08T23:56:37.201+0000 7f841a2e1700 1 -- 172.21.15.81:0/1998502902 learned_addr learned my addr 172.21.15.81:0/1998502902 (peer_addr_for_me v2:172.21.15.81:0/0)
2024-05-08T23:56:37.927 INFO:teuthology.orchestra.run.smithi081.stdout:/usr/bin/ceph: stderr
2024-05-08T23:56:37.201+0000 7f841a2e1700 1 -- 172.21.15.81:0/1998502902 --> [v2:172.21.15.81:3300/0,v1:172.21.15.81:6789/0] -- mon_subscribe({config=0+,monmap=0+}) v3 -- 0x7f8410009550 con 0x7f8414106890
2024-05-08T23:56:37.927 INFO:teuthology.orchestra.run.smithi081.stdout:/usr/bin/ceph: stderr
2024-05-08T23:56:37.201+0000 7f841a2e1700 1 --2- 172.21.15.81:0/1998502902 >> [v2:172.21.15.81:3300/0,v1:172.21.15.81:6789/0] conn(0x7f8414106890 0x7f841419a5e0 secure :-1 s=READY pgs=54 cs=0 l=1 rev1=1 crypto rx=0x7f8410003e60 tx=0x7f8410011a30 comp rx=0 tx=0).ready entity=mon.0 client_cookie=0 server_cookie=0 in_seq=0 out_seq=0
2024-05-08T23:56:37.927 INFO:teuthology.orchestra.run.smithi081.stdout:/usr/bin/ceph: stderr
2024-05-08T23:56:37.201+0000 7f840b7fe700 1 -- 172.21.15.81:0/1998502902 <== mon.0 v2:172.21.15.81:3300/0 1 ==== mon_map magic: 0 v1 ==== 205+0+0 (secure 0 0 0) 0x7f84100038b0 con 0x7f8414106890
2024-05-08T23:56:37.928 INFO:teuthology.orchestra.run.smithi081.stdout:/usr/bin/ceph: stderr
2024-05-08T23:56:37.201+0000 7f840b7fe700 1 -- 172.21.15.81:0/1998502902 <== mon.0 v2:172.21.15.81:3300/0 2 ==== config(26 keys) v1 ==== 1105+0+0 (secure 0 0 0) 0x7f8410003a10 con 0x7f8414106890
2024-05-08T23:56:37.928 INFO:teuthology.orchestra.run.smithi081.stdout:/usr/bin/ceph: stderr
2024-05-08T23:56:37.201+0000 7f841c545700 1 -- 172.21.15.81:0/1998502902 --> [v2:172.21.15.81:3300/0,v1:172.21.15.81:6789/0] -- mon_subscribe({mgrmap=0+}) v3 -- 0x7f841419ad20 con 0x7f8414106890
2024-05-08T23:56:37.928 INFO:teuthology.orchestra.run.smithi081.stdout:/usr/bin/ceph: stderr
2024-05-08T23:56:37.201+0000 7f840b7fe700 1 -- 172.21.15.81:0/1998502902 <== mon.0 v2:172.21.15.81:3300/0 3 ==== mon_map magic: 0 v1 ==== 205+0+0 (secure 0 0 0) 0x7f8410019530 con 0x7f8414106890
2024-05-08T23:56:37.928 INFO:teuthology.orchestra.run.smithi081.stdout:/usr/bin/ceph: stderr
2024-05-08T23:56:37.202+0000 7f841c545700 1 -- 172.21.15.81:0/1998502902 --> [v2:172.21.15.81:3300/0,v1:172.21.15.81:6789/0] -- mon_subscribe({osdmap=0}) v3 -- 0x7f841419b1c0 con 0x7f8414106890
2024-05-08T23:56:37.928 INFO:teuthology.orchestra.run.smithi081.stdout:/usr/bin/ceph: stderr
2024-05-08T23:56:37.202+0000 7f840b7fe700 1 -- 172.21.15.81:0/1998502902 <== mon.0 v2:172.21.15.81:3300/0 4 ==== mgrmap(e 8) v1 ==== 45541+0+0 (secure 0 0 0) 0x7f84100197a0 con 0x7f8414106890
2024-05-08T23:56:37.928 INFO:teuthology.orchestra.run.smithi081.stdout:/usr/bin/ceph: stderr
2024-05-08T23:56:37.202+0000 7f840b7fe700 1 --2- 172.21.15.81:0/1998502902 >> [v2:172.21.15.81:6800/4280496150,v1:172.21.15.81:6801/4280496150] conn(0x7f8400038700 0x7f840003abc0 unknown :-1 s=NONE pgs=0 cs=0 l=1 rev1=0 crypto rx=0 tx=0 comp rx=0 tx=0).connect
2024-05-08T23:56:37.928 INFO:teuthology.orchestra.run.smithi081.stdout:/usr/bin/ceph: stderr
2024-05-08T23:56:37.202+0000 7f840b7fe700 1 -- 172.21.15.81:0/1998502902 <== mon.0 v2:172.21.15.81:3300/0 5 ==== osd_map(2..2 src has 1..2) v4 ==== 940+0+0 (secure 0 0 0) 0x7f841004c730 con 0x7f8414106890
2024-05-08T23:56:37.928 INFO:teuthology.orchestra.run.smithi081.stdout:/usr/bin/ceph: stderr
2024-05-08T23:56:37.203+0000 7f841c545700 1 -- 172.21.15.81:0/1998502902 --> [v2:172.21.15.81:3300/0,v1:172.21.15.81:6789/0] -- mon_command({"prefix": "get_command_descriptions"} v 0) v1 -- 0x7f841410ac70 con 0x7f8414106890
2024-05-08T23:56:37.928 INFO:teuthology.orchestra.run.smithi081.stdout:/usr/bin/ceph: stderr
2024-05-08T23:56:37.203+0000 7f8419ae0700 1 --2- 172.21.15.81:0/1998502902 >> [v2:172.21.15.81:6800/4280496150,v1:172.21.15.81:6801/4280496150] conn(0x7f8400038700 0x7f840003abc0 unknown :-1 s=BANNER_CONNECTING pgs=0 cs=0 l=1 rev1=0 crypto rx=0 tx=0 comp rx=0 tx=0)._handle_peer_banner_payload supported=3 required=0
2024-05-08T23:56:37.928 INFO:teuthology.orchestra.run.smithi081.stdout:/usr/bin/ceph: stderr
2024-05-08T23:56:37.203+0000 7f8419ae0700 1 --2- 172.21.15.81:0/1998502902 >> [v2:172.21.15.81:6800/4280496150,v1:172.21.15.81:6801/4280496150] conn(0x7f8400038700 0x7f840003abc0 secure :-1 s=READY pgs=15 cs=0 l=1 rev1=1 crypto rx=0x7f8404006fd0 tx=0x7f8404006e40 comp rx=0 tx=0).ready entity=mgr.14120 client_cookie=0 server_cookie=0 in_seq=0 out_seq=0
2024-05-08T23:56:37.928 INFO:teuthology.orchestra.run.smithi081.stdout:/usr/bin/ceph: stderr
2024-05-08T23:56:37.207+0000 7f840b7fe700 1 -- 172.21.15.81:0/1998502902 <== mon.0 v2:172.21.15.81:3300/0 6 ==== mon_command_ack([{"prefix": "get_command_descriptions"}]=0 v0) v1 ==== 72+0+183622 (secure 0 0 0) 0x7f8410019aa0 con 0x7f8414106890
2024-05-08T23:56:37.929 INFO:teuthology.orchestra.run.smithi081.stdout:/usr/bin/ceph: stderr
2024-05-08T23:56:37.418+0000 7f841c545700 1 -- 172.21.15.81:0/1998502902 --> [v2:172.21.15.81:3300/0,v1:172.21.15.81:6789/0] -- mon_command([{prefix=config set, name=mgr/dashboard/ssl_server_port}] v 0) v1 -- 0x7f841410ae80 con 0x7f8414106890
2024-05-08T23:56:37.929 INFO:teuthology.orchestra.run.smithi081.stdout:/usr/bin/ceph: stderr
2024-05-08T23:56:37.421+0000 7f840b7fe700 1 -- 172.21.15.81:0/1998502902 <== mon.0 v2:172.21.15.81:3300/0 7 ==== mon_command_ack([{prefix=config set, name=mgr/dashboard/ssl_server_port}]=0 v8)=0 v8) v1 ==== 130+0+0 (secure 0 0 0) 0x7f8410018b40 con 0x7f8414106890
2024-05-08T23:56:37.929 INFO:teuthology.orchestra.run.smithi081.stdout:/usr/bin/ceph: stderr
2024-05-08T23:56:37.424+0000 7f841c545700 1 -- 172.21.15.81:0/1998502902 >> [v2:172.21.15.81:6800/4280496150,v1:172.21.15.81:6801/4280496150] conn(0x7f8400038700 msgr2=0x7f840003abc0 secure :-1 s=STATE_CONNECTION_ESTABLISHED l=1).mark_down
2024-05-08T23:56:37.929 INFO:teuthology.orchestra.run.smithi081.stdout:/usr/bin/ceph: stderr
2024-05-08T23:56:37.424+0000 7f841c545700 1 --2- 172.21.15.81:0/1998502902 >> [v2:172.21.15.81:6800/4280496150,v1:172.21.15.81:6801/4280496150] conn(0x7f8400038700 0x7f840003abc0 secure :-1 s=READY pgs=15 cs=0 l=1 rev1=1 crypto rx=0x7f8404006fd0 tx=0x7f8404006e40 comp rx=0 tx=0).stop
2024-05-08T23:56:37.929 INFO:teuthology.orchestra.run.smithi081.stdout:/usr/bin/ceph: stderr
2024-05-08T23:56:37.424+0000 7f841c545700 1 -- 172.21.15.81:0/1998502902 >> [v2:172.21.15.81:3300/0,v1:172.21.15.81:6789/0] conn(0x7f8414106890 msgr2=0x7f841419a5e0 secure :-1 s=STATE_CONNECTION_ESTABLISHED l=1).mark_down
2024-05-08T23:56:37.929 INFO:teuthology.orchestra.run.smithi081.stdout:/usr/bin/ceph: stderr
2024-05-08T23:56:37.424+0000 7f841c545700 1 --2- 172.21.15.81:0/1998502902 >> [v2:172.21.15.81:3300/0,v1:172.21.15.81:6789/0] conn(0x7f8414106890 0x7f841419a5e0 secure :-1 s=READY pgs=54 cs=0 l=1 rev1=1 crypto rx=0x7f8410003e60 tx=0x7f8410011a30 comp rx=0 tx=0).stop
2024-05-08T23:56:37.929 INFO:teuthology.orchestra.run.smithi081.stdout:/usr/bin/ceph: stderr
2024-05-08T23:56:37.424+0000 7f841c545700 1 -- 172.21.15.81:0/1998502902 shutdown_connections
2024-05-08T23:56:37.929 INFO:teuthology.orchestra.run.smithi081.stdout:/usr/bin/ceph: stderr
2024-05-08T23:56:37.424+0000 7f841c545700 1 --2- 172.21.15.81:0/1998502902 >> [v2:172.21.15.81:6800/4280496150,v1:172.21.15.81:6801/4280496150] conn(0x7f8400038700 0x7f840003abc0 unknown :-1 s=CLOSED pgs=15 cs=0 l=1 rev1=1 crypto rx=0 tx=0 comp rx=0 tx=0).stop
2024-05-08T23:56:37.929 INFO:teuthology.orchestra.run.smithi081.stdout:/usr/bin/ceph: stderr
2024-05-08T23:56:37.424+0000 7f841c545700 1 --2- 172.21.15.81:0/1998502902 >> [v2:172.21.15.81:3300/0,v1:172.21.15.81:6789/0] conn(0x7f8414106890 0x7f841419a5e0 unknown :-1 s=CLOSED pgs=54 cs=0 l=1 rev1=1 crypto rx=0 tx=0 comp rx=0 tx=0).stop
2024-05-08T23:56:37.929 INFO:teuthology.orchestra.run.smithi081.stdout:/usr/bin/ceph: stderr
2024-05-08T23:56:37.424+0000 7f841c545700 1 -- 172.21.15.81:0/1998502902 >> 172.21.15.81:0/1998502902 conn(0x7f8414101e90 msgr2=0x7f8414102a60 unknown :-1 s=STATE_NONE l=0).mark_down
2024-05-08T23:56:37.929 INFO:teuthology.orchestra.run.smithi081.stdout:/usr/bin/ceph: stderr
2024-05-08T23:56:37.424+0000 7f841c545700 1 -- 172.21.15.81:0/1998502902 shutdown_connections
2024-05-08T23:56:37.930 INFO:teuthology.orchestra.run.smithi081.stdout:/usr/bin/ceph: stderr
2024-05-08T23:56:37.424+0000 7f841c545700 1 -- 172.21.15.81:0/1998502902 wait complete.
2024-05-08T23:56:37.930 INFO:teuthology.orchestra.run.smithi081.stdout:Enabling the dashboard module...
2024-05-08T23:56:38.870 INFO:journalctl@ceph.mon.a.smithi081.stdout:May 08 23:56:38 smithi081 ceph-mon[42474]: from='client.? 172.21.15.81:0/1998502902' entity='client.admin'
2024-05-08T23:56:39.751 INFO:journalctl@ceph.mon.a.smithi081.stdout:May 08 23:56:39 smithi081 ceph-mon[42474]: from='client.? 172.21.15.81:0/3215098632' entity='client.admin' cmd=[{"prefix": "mgr module enable", "module": "dashboard"}]: dispatch
2024-05-08T23:56:39.751 INFO:journalctl@ceph.mgr.x.smithi081.stdout:May 08 23:56:39 smithi081 ceph-6c93ddc4-0d96-11ef-bc97-c7b262605968-mgr-x[42726]: ignoring --setuser ceph since I am not root
2024-05-08T23:56:39.751 INFO:journalctl@ceph.mgr.x.smithi081.stdout:May 08 23:56:39 smithi081 ceph-6c93ddc4-0d96-11ef-bc97-c7b262605968-mgr-x[42726]: ignoring --setgroup ceph since I am not root
2024-05-08T23:56:39.763 INFO:teuthology.orchestra.run.smithi081.stdout:/usr/bin/ceph: stderr
2024-05-08T23:56:38.262+0000 7fadf06a2700 1 Processor -- start
2024-05-08T23:56:39.763 INFO:teuthology.orchestra.run.smithi081.stdout:/usr/bin/ceph: stderr
2024-05-08T23:56:38.262+0000 7fadf06a2700 1 -- start start
2024-05-08T23:56:39.763 INFO:teuthology.orchestra.run.smithi081.stdout:/usr/bin/ceph: stderr
2024-05-08T23:56:38.262+0000 7fadf06a2700 1 --2- >> [v2:172.21.15.81:3300/0,v1:172.21.15.81:6789/0] conn(0x7fade8105700 0x7fade8105b20 unknown :-1 s=NONE pgs=0 cs=0 l=0 rev1=0 crypto rx=0 tx=0 comp rx=0 tx=0).connect
2024-05-08T23:56:39.763 INFO:teuthology.orchestra.run.smithi081.stdout:/usr/bin/ceph: stderr
2024-05-08T23:56:38.262+0000 7fadf06a2700 1 -- --> [v2:172.21.15.81:3300/0,v1:172.21.15.81:6789/0] -- mon_getmap magic: 0 v1 -- 0x7fade81060f0 con 0x7fade8105700
2024-05-08T23:56:39.763 INFO:teuthology.orchestra.run.smithi081.stdout:/usr/bin/ceph: stderr
2024-05-08T23:56:38.262+0000 7fadee43e700 1 --2- >> [v2:172.21.15.81:3300/0,v1:172.21.15.81:6789/0] conn(0x7fade8105700 0x7fade8105b20 unknown :-1 s=BANNER_CONNECTING pgs=0 cs=0 l=0 rev1=0 crypto rx=0 tx=0 comp rx=0 tx=0)._handle_peer_banner_payload supported=3 required=0
2024-05-08T23:56:39.763 INFO:teuthology.orchestra.run.smithi081.stdout:/usr/bin/ceph: stderr
2024-05-08T23:56:38.262+0000 7fadee43e700 1 --2- >> [v2:172.21.15.81:3300/0,v1:172.21.15.81:6789/0] conn(0x7fade8105700 0x7fade8105b20 unknown :-1 s=HELLO_CONNECTING pgs=0 cs=0 l=0 rev1=1 crypto rx=0 tx=0 comp rx=0 tx=0).handle_hello peer v2:172.21.15.81:3300/0 says I am v2:172.21.15.81:53274/0 (socket says 172.21.15.81:53274)
2024-05-08T23:56:39.763 INFO:teuthology.orchestra.run.smithi081.stdout:/usr/bin/ceph: stderr
2024-05-08T23:56:38.262+0000 7fadee43e700 1 -- 172.21.15.81:0/2296803838 learned_addr learned my addr 172.21.15.81:0/2296803838 (peer_addr_for_me v2:172.21.15.81:0/0)
2024-05-08T23:56:39.763 INFO:teuthology.orchestra.run.smithi081.stdout:/usr/bin/ceph: stderr
2024-05-08T23:56:38.263+0000 7fadee43e700 1 -- 172.21.15.81:0/2296803838 --> [v2:172.21.15.81:3300/0,v1:172.21.15.81:6789/0] -- mon_subscribe({config=0+,monmap=0+}) v3 -- 0x7fade8106900 con 0x7fade8105700
2024-05-08T23:56:39.763 INFO:teuthology.orchestra.run.smithi081.stdout:/usr/bin/ceph: stderr
2024-05-08T23:56:38.263+0000 7fadee43e700 1 --2- 172.21.15.81:0/2296803838 >> [v2:172.21.15.81:3300/0,v1:172.21.15.81:6789/0] conn(0x7fade8105700 0x7fade8105b20 secure :-1 s=READY pgs=55 cs=0 l=1 rev1=1 crypto rx=0x7fade40098a0 tx=0x7fade4009bb0 comp rx=0 tx=0).ready entity=mon.0 client_cookie=1ea45a8275d3524e server_cookie=0 in_seq=0 out_seq=0
2024-05-08T23:56:39.763 INFO:teuthology.orchestra.run.smithi081.stdout:/usr/bin/ceph: stderr
2024-05-08T23:56:38.263+0000 7faded43c700 1 -- 172.21.15.81:0/2296803838 <== mon.0 v2:172.21.15.81:3300/0 1 ==== mon_map magic: 0 v1 ==== 205+0+0 (secure 0 0 0) 0x7fade4004160 con 0x7fade8105700
2024-05-08T23:56:39.764 INFO:teuthology.orchestra.run.smithi081.stdout:/usr/bin/ceph: stderr
2024-05-08T23:56:38.263+0000 7faded43c700 1 -- 172.21.15.81:0/2296803838 <== mon.0 v2:172.21.15.81:3300/0 2 ==== config(26 keys) v1 ==== 1105+0+0 (secure 0 0 0) 0x7fade40042c0 con 0x7fade8105700
2024-05-08T23:56:39.764 INFO:teuthology.orchestra.run.smithi081.stdout:/usr/bin/ceph: stderr
2024-05-08T23:56:38.263+0000 7faded43c700 1 -- 172.21.15.81:0/2296803838 <== mon.0 v2:172.21.15.81:3300/0 3 ==== mon_map magic: 0 v1 ==== 205+0+0 (secure 0 0 0) 0x7fade40119b0 con 0x7fade8105700
2024-05-08T23:56:39.764 INFO:teuthology.orchestra.run.smithi081.stdout:/usr/bin/ceph: stderr
2024-05-08T23:56:38.263+0000 7fadf06a2700 1 -- 172.21.15.81:0/2296803838 >> [v2:172.21.15.81:3300/0,v1:172.21.15.81:6789/0] conn(0x7fade8105700 msgr2=0x7fade8105b20 secure :-1 s=STATE_CONNECTION_ESTABLISHED l=1).mark_down
2024-05-08T23:56:39.764 INFO:teuthology.orchestra.run.smithi081.stdout:/usr/bin/ceph: stderr
2024-05-08T23:56:38.263+0000 7fadf06a2700 1 --2- 172.21.15.81:0/2296803838 >> [v2:172.21.15.81:3300/0,v1:172.21.15.81:6789/0] conn(0x7fade8105700 0x7fade8105b20 secure :-1 s=READY pgs=55 cs=0 l=1 rev1=1 crypto rx=0x7fade40098a0 tx=0x7fade4009bb0 comp rx=0 tx=0).stop
2024-05-08T23:56:39.764 INFO:teuthology.orchestra.run.smithi081.stdout:/usr/bin/ceph: stderr
2024-05-08T23:56:38.264+0000 7fadf06a2700 1 -- 172.21.15.81:0/2296803838 shutdown_connections
2024-05-08T23:56:39.764 INFO:teuthology.orchestra.run.smithi081.stdout:/usr/bin/ceph: stderr
2024-05-08T23:56:38.264+0000 7fadf06a2700 1 --2- 172.21.15.81:0/2296803838 >> [v2:172.21.15.81:3300/0,v1:172.21.15.81:6789/0] conn(0x7fade8105700 0x7fade8105b20 unknown :-1 s=CLOSED pgs=55 cs=0 l=1 rev1=1 crypto rx=0 tx=0 comp rx=0 tx=0).stop
2024-05-08T23:56:39.764 INFO:teuthology.orchestra.run.smithi081.stdout:/usr/bin/ceph: stderr
2024-05-08T23:56:38.264+0000 7fadf06a2700 1 -- 172.21.15.81:0/2296803838 >> 172.21.15.81:0/2296803838 conn(0x7fade8100d00 msgr2=0x7fade8103120 unknown :-1 s=STATE_NONE l=0).mark_down
2024-05-08T23:56:39.764 INFO:teuthology.orchestra.run.smithi081.stdout:/usr/bin/ceph: stderr
2024-05-08T23:56:38.264+0000 7fadf06a2700 1 -- 172.21.15.81:0/2296803838 shutdown_connections
2024-05-08T23:56:39.765 INFO:teuthology.orchestra.run.smithi081.stdout:/usr/bin/ceph: stderr
2024-05-08T23:56:38.264+0000 7fadf06a2700 1 -- 172.21.15.81:0/2296803838 wait complete.
2024-05-08T23:56:39.765 INFO:teuthology.orchestra.run.smithi081.stdout:/usr/bin/ceph: stderr
2024-05-08T23:56:38.264+0000 7fadf06a2700 1 Processor -- start
2024-05-08T23:56:39.765 INFO:teuthology.orchestra.run.smithi081.stdout:/usr/bin/ceph: stderr
2024-05-08T23:56:38.264+0000 7fadf06a2700 1 -- start start
2024-05-08T23:56:39.765 INFO:teuthology.orchestra.run.smithi081.stdout:/usr/bin/ceph: stderr
2024-05-08T23:56:38.264+0000 7fadf06a2700 1 --2- >> [v2:172.21.15.81:3300/0,v1:172.21.15.81:6789/0] conn(0x7fade8105700 0x7fade819a5e0 unknown :-1 s=NONE pgs=0 cs=0 l=1 rev1=0 crypto rx=0 tx=0 comp rx=0 tx=0).connect
2024-05-08T23:56:39.765 INFO:teuthology.orchestra.run.smithi081.stdout:/usr/bin/ceph: stderr
2024-05-08T23:56:38.264+0000 7fadf06a2700 1 -- --> [v2:172.21.15.81:3300/0,v1:172.21.15.81:6789/0] -- mon_getmap magic: 0 v1 -- 0x7fade819ab20 con 0x7fade8105700
2024-05-08T23:56:39.765 INFO:teuthology.orchestra.run.smithi081.stdout:/usr/bin/ceph: stderr
2024-05-08T23:56:38.264+0000 7fadee43e700 1 --2- >> [v2:172.21.15.81:3300/0,v1:172.21.15.81:6789/0] conn(0x7fade8105700 0x7fade819a5e0 unknown :-1 s=BANNER_CONNECTING pgs=0 cs=0 l=1 rev1=0 crypto rx=0 tx=0 comp rx=0 tx=0)._handle_peer_banner_payload supported=3 required=0
2024-05-08T23:56:39.765 INFO:teuthology.orchestra.run.smithi081.stdout:/usr/bin/ceph: stderr
2024-05-08T23:56:38.265+0000 7fadee43e700 1 --2- >> [v2:172.21.15.81:3300/0,v1:172.21.15.81:6789/0] conn(0x7fade8105700 0x7fade819a5e0 unknown :-1 s=HELLO_CONNECTING pgs=0 cs=0 l=1 rev1=1 crypto rx=0 tx=0 comp rx=0 tx=0).handle_hello peer v2:172.21.15.81:3300/0 says I am v2:172.21.15.81:53276/0 (socket says 172.21.15.81:53276)
2024-05-08T23:56:39.765 INFO:teuthology.orchestra.run.smithi081.stdout:/usr/bin/ceph: stderr
2024-05-08T23:56:38.265+0000 7fadee43e700 1 -- 172.21.15.81:0/3215098632 learned_addr learned my addr 172.21.15.81:0/3215098632 (peer_addr_for_me v2:172.21.15.81:0/0)
2024-05-08T23:56:39.765 INFO:teuthology.orchestra.run.smithi081.stdout:/usr/bin/ceph: stderr
2024-05-08T23:56:38.265+0000 7fadee43e700 1 -- 172.21.15.81:0/3215098632 --> [v2:172.21.15.81:3300/0,v1:172.21.15.81:6789/0] -- mon_subscribe({config=0+,monmap=0+}) v3 -- 0x7fade4009550 con 0x7fade8105700
2024-05-08T23:56:39.766 INFO:teuthology.orchestra.run.smithi081.stdout:/usr/bin/ceph: stderr
2024-05-08T23:56:38.265+0000 7fadee43e700 1 --2- 172.21.15.81:0/3215098632 >> [v2:172.21.15.81:3300/0,v1:172.21.15.81:6789/0] conn(0x7fade8105700 0x7fade819a5e0 secure :-1 s=READY pgs=56 cs=0 l=1 rev1=1 crypto rx=0x7fade4003e60 tx=0x7fade4011a30 comp rx=0 tx=0).ready entity=mon.0 client_cookie=0 server_cookie=0 in_seq=0 out_seq=0
2024-05-08T23:56:39.766 INFO:teuthology.orchestra.run.smithi081.stdout:/usr/bin/ceph: stderr
2024-05-08T23:56:38.265+0000 7faddf7fe700 1 -- 172.21.15.81:0/3215098632 <== mon.0 v2:172.21.15.81:3300/0 1 ==== mon_map magic: 0 v1 ==== 205+0+0 (secure 0 0 0) 0x7fade4003a60 con 0x7fade8105700
