2024-05-08T23:56:39.766 INFO:teuthology.orchestra.run.smithi081.stdout:/usr/bin/ceph: stderr
2024-05-08T23:56:38.265+0000 7faddf7fe700 1 -- 172.21.15.81:0/3215098632 <== mon.0 v2:172.21.15.81:3300/0 2 ==== config(26 keys) v1 ==== 1105+0+0 (secure 0 0 0) 0x7fade4003bc0 con 0x7fade8105700
2024-05-08T23:56:39.766 INFO:teuthology.orchestra.run.smithi081.stdout:/usr/bin/ceph: stderr
2024-05-08T23:56:38.265+0000 7fadf06a2700 1 -- 172.21.15.81:0/3215098632 --> [v2:172.21.15.81:3300/0,v1:172.21.15.81:6789/0] -- mon_subscribe({mgrmap=0+}) v3 -- 0x7fade819ad20 con 0x7fade8105700
2024-05-08T23:56:39.766 INFO:teuthology.orchestra.run.smithi081.stdout:/usr/bin/ceph: stderr
2024-05-08T23:56:38.265+0000 7faddf7fe700 1 -- 172.21.15.81:0/3215098632 <== mon.0 v2:172.21.15.81:3300/0 3 ==== mon_map magic: 0 v1 ==== 205+0+0 (secure 0 0 0) 0x7fade40196c0 con 0x7fade8105700
2024-05-08T23:56:39.766 INFO:teuthology.orchestra.run.smithi081.stdout:/usr/bin/ceph: stderr
2024-05-08T23:56:38.265+0000 7fadf06a2700 1 -- 172.21.15.81:0/3215098632 --> [v2:172.21.15.81:3300/0,v1:172.21.15.81:6789/0] -- mon_subscribe({osdmap=0}) v3 -- 0x7fade819b1c0 con 0x7fade8105700
2024-05-08T23:56:39.766 INFO:teuthology.orchestra.run.smithi081.stdout:/usr/bin/ceph: stderr
2024-05-08T23:56:38.266+0000 7faddf7fe700 1 -- 172.21.15.81:0/3215098632 <== mon.0 v2:172.21.15.81:3300/0 4 ==== mgrmap(e 8) v1 ==== 45541+0+0 (secure 0 0 0) 0x7fade4019930 con 0x7fade8105700
2024-05-08T23:56:39.766 INFO:teuthology.orchestra.run.smithi081.stdout:/usr/bin/ceph: stderr
2024-05-08T23:56:38.266+0000 7fadf06a2700 1 -- 172.21.15.81:0/3215098632 --> [v2:172.21.15.81:3300/0,v1:172.21.15.81:6789/0] -- mon_command({"prefix": "get_command_descriptions"} v 0) v1 -- 0x7fade81947a0 con 0x7fade8105700
2024-05-08T23:56:39.766 INFO:teuthology.orchestra.run.smithi081.stdout:/usr/bin/ceph: stderr
2024-05-08T23:56:38.266+0000 7faddf7fe700 1 --2- 172.21.15.81:0/3215098632 >> [v2:172.21.15.81:6800/4280496150,v1:172.21.15.81:6801/4280496150] conn(0x7fadd4038730 0x7fadd403abf0 unknown :-1 s=NONE pgs=0 cs=0 l=1 rev1=0 crypto rx=0 tx=0 comp rx=0 tx=0).connect
2024-05-08T23:56:39.766 INFO:teuthology.orchestra.run.smithi081.stdout:/usr/bin/ceph: stderr
2024-05-08T23:56:38.266+0000 7faddf7fe700 1 -- 172.21.15.81:0/3215098632 <== mon.0 v2:172.21.15.81:3300/0 5 ==== osd_map(2..2 src has 1..2) v4 ==== 940+0+0 (secure 0 0 0) 0x7fade404ca30 con 0x7fade8105700
2024-05-08T23:56:39.766 INFO:teuthology.orchestra.run.smithi081.stdout:/usr/bin/ceph: stderr
2024-05-08T23:56:38.266+0000 7fadedc3d700 1 --2- 172.21.15.81:0/3215098632 >> [v2:172.21.15.81:6800/4280496150,v1:172.21.15.81:6801/4280496150] conn(0x7fadd4038730 0x7fadd403abf0 unknown :-1 s=BANNER_CONNECTING pgs=0 cs=0 l=1 rev1=0 crypto rx=0 tx=0 comp rx=0 tx=0)._handle_peer_banner_payload supported=3 required=0
2024-05-08T23:56:39.767 INFO:teuthology.orchestra.run.smithi081.stdout:/usr/bin/ceph: stderr
2024-05-08T23:56:38.267+0000 7fadedc3d700 1 --2- 172.21.15.81:0/3215098632 >> [v2:172.21.15.81:6800/4280496150,v1:172.21.15.81:6801/4280496150] conn(0x7fadd4038730 0x7fadd403abf0 secure :-1 s=READY pgs=16 cs=0 l=1 rev1=1 crypto rx=0x7fadd8006fd0 tx=0x7fadd8006e40 comp rx=0 tx=0).ready entity=mgr.14120 client_cookie=0 server_cookie=0 in_seq=0 out_seq=0
2024-05-08T23:56:39.767 INFO:teuthology.orchestra.run.smithi081.stdout:/usr/bin/ceph: stderr
2024-05-08T23:56:38.271+0000 7faddf7fe700 1 -- 172.21.15.81:0/3215098632 <== mon.0 v2:172.21.15.81:3300/0 6 ==== mon_command_ack([{"prefix": "get_command_descriptions"}]=0 v0) v1 ==== 72+0+183622 (secure 0 0 0) 0x7fade4010560 con 0x7fade8105700
2024-05-08T23:56:39.767 INFO:teuthology.orchestra.run.smithi081.stdout:/usr/bin/ceph: stderr
2024-05-08T23:56:38.525+0000 7fadf06a2700 1 -- 172.21.15.81:0/3215098632 --> [v2:172.21.15.81:3300/0,v1:172.21.15.81:6789/0] -- mon_command({"prefix": "mgr module enable", "module": "dashboard"} v 0) v1 -- 0x7fade8109d00 con 0x7fade8105700
2024-05-08T23:56:39.767 INFO:teuthology.orchestra.run.smithi081.stdout:/usr/bin/ceph: stderr
2024-05-08T23:56:39.428+0000 7faddf7fe700 1 -- 172.21.15.81:0/3215098632 <== mon.0 v2:172.21.15.81:3300/0 7 ==== mgrmap(e 9) v1 ==== 45554+0+0 (secure 0 0 0) 0x7fade404cd50 con 0x7fade8105700
2024-05-08T23:56:39.767 INFO:teuthology.orchestra.run.smithi081.stdout:/usr/bin/ceph: stderr
2024-05-08T23:56:39.429+0000 7faddf7fe700 1 -- 172.21.15.81:0/3215098632 <== mon.0 v2:172.21.15.81:3300/0 8 ==== mon_command_ack([{"prefix": "mgr module enable", "module": "dashboard"}]=0 v9) v1 ==== 88+0+0 (secure 0 0 0) 0x7fade4019be0 con 0x7fade8105700
2024-05-08T23:56:39.767 INFO:teuthology.orchestra.run.smithi081.stdout:/usr/bin/ceph: stderr
2024-05-08T23:56:39.432+0000 7fadf06a2700 1 -- 172.21.15.81:0/3215098632 >> [v2:172.21.15.81:6800/4280496150,v1:172.21.15.81:6801/4280496150] conn(0x7fadd4038730 msgr2=0x7fadd403abf0 secure :-1 s=STATE_CONNECTION_ESTABLISHED l=1).mark_down
2024-05-08T23:56:39.767 INFO:teuthology.orchestra.run.smithi081.stdout:/usr/bin/ceph: stderr
2024-05-08T23:56:39.432+0000 7fadf06a2700 1 --2- 172.21.15.81:0/3215098632 >> [v2:172.21.15.81:6800/4280496150,v1:172.21.15.81:6801/4280496150] conn(0x7fadd4038730 0x7fadd403abf0 secure :-1 s=READY pgs=16 cs=0 l=1 rev1=1 crypto rx=0x7fadd8006fd0 tx=0x7fadd8006e40 comp rx=0 tx=0).stop
2024-05-08T23:56:39.767 INFO:teuthology.orchestra.run.smithi081.stdout:/usr/bin/ceph: stderr
2024-05-08T23:56:39.432+0000 7fadf06a2700 1 -- 172.21.15.81:0/3215098632 >> [v2:172.21.15.81:3300/0,v1:172.21.15.81:6789/0] conn(0x7fade8105700 msgr2=0x7fade819a5e0 secure :-1 s=STATE_CONNECTION_ESTABLISHED l=1).mark_down
2024-05-08T23:56:39.767 INFO:teuthology.orchestra.run.smithi081.stdout:/usr/bin/ceph: stderr
2024-05-08T23:56:39.432+0000 7fadf06a2700 1 --2- 172.21.15.81:0/3215098632 >> [v2:172.21.15.81:3300/0,v1:172.21.15.81:6789/0] conn(0x7fade8105700 0x7fade819a5e0 secure :-1 s=READY pgs=56 cs=0 l=1 rev1=1 crypto rx=0x7fade4003e60 tx=0x7fade4011a30 comp rx=0 tx=0).stop
2024-05-08T23:56:39.767 INFO:teuthology.orchestra.run.smithi081.stdout:/usr/bin/ceph: stderr
2024-05-08T23:56:39.432+0000 7fadf06a2700 1 -- 172.21.15.81:0/3215098632 shutdown_connections
2024-05-08T23:56:39.767 INFO:teuthology.orchestra.run.smithi081.stdout:/usr/bin/ceph: stderr
2024-05-08T23:56:39.432+0000 7fadf06a2700 1 --2- 172.21.15.81:0/3215098632 >> [v2:172.21.15.81:6800/4280496150,v1:172.21.15.81:6801/4280496150] conn(0x7fadd4038730 0x7fadd403abf0 unknown :-1 s=CLOSED pgs=16 cs=0 l=1 rev1=1 crypto rx=0 tx=0 comp rx=0 tx=0).stop
2024-05-08T23:56:39.767 INFO:teuthology.orchestra.run.smithi081.stdout:/usr/bin/ceph: stderr
2024-05-08T23:56:39.432+0000 7fadf06a2700 1 --2- 172.21.15.81:0/3215098632 >> [v2:172.21.15.81:3300/0,v1:172.21.15.81:6789/0] conn(0x7fade8105700 0x7fade819a5e0 unknown :-1 s=CLOSED pgs=56 cs=0 l=1 rev1=1 crypto rx=0 tx=0 comp rx=0 tx=0).stop
2024-05-08T23:56:39.768 INFO:teuthology.orchestra.run.smithi081.stdout:/usr/bin/ceph: stderr
2024-05-08T23:56:39.432+0000 7fadf06a2700 1 -- 172.21.15.81:0/3215098632 >> 172.21.15.81:0/3215098632 conn(0x7fade8100d00 msgr2=0x7fade8101c30 unknown :-1 s=STATE_NONE l=0).mark_down
2024-05-08T23:56:39.768 INFO:teuthology.orchestra.run.smithi081.stdout:/usr/bin/ceph: stderr
2024-05-08T23:56:39.432+0000 7fadf06a2700 1 -- 172.21.15.81:0/3215098632 shutdown_connections
2024-05-08T23:56:39.768 INFO:teuthology.orchestra.run.smithi081.stdout:/usr/bin/ceph: stderr
2024-05-08T23:56:39.432+0000 7fadf06a2700 1 -- 172.21.15.81:0/3215098632 wait complete.
2024-05-08T23:56:40.072 INFO:journalctl@ceph.mgr.x.smithi081.stdout:May 08 23:56:39 smithi081 ceph-6c93ddc4-0d96-11ef-bc97-c7b262605968-mgr-x[42726]:
2024-05-08T23:56:39.890+0000 7fb63639f200 -1 mgr[py] Module prometheus has missing NOTIFY_TYPES member
2024-05-08T23:56:40.072 INFO:journalctl@ceph.mgr.x.smithi081.stdout:May 08 23:56:39 smithi081 ceph-6c93ddc4-0d96-11ef-bc97-c7b262605968-mgr-x[42726]:
2024-05-08T23:56:39.985+0000 7fb63639f200 -1 mgr[py] Module alerts has missing NOTIFY_TYPES member
2024-05-08T23:56:40.370 INFO:journalctl@ceph.mgr.x.smithi081.stdout:May 08 23:56:40 smithi081 ceph-6c93ddc4-0d96-11ef-bc97-c7b262605968-mgr-x[42726]:
2024-05-08T23:56:40.076+0000 7fb63639f200 -1 mgr[py] Module osd_perf_query has missing NOTIFY_TYPES member
2024-05-08T23:56:40.370 INFO:journalctl@ceph.mgr.x.smithi081.stdout:May 08 23:56:40 smithi081 ceph-6c93ddc4-0d96-11ef-bc97-c7b262605968-mgr-x[42726]:
2024-05-08T23:56:40.165+0000 7fb63639f200 -1 mgr[py] Module progress has missing NOTIFY_TYPES member
2024-05-08T23:56:40.676 INFO:journalctl@ceph.mon.a.smithi081.stdout:May 08 23:56:40 smithi081 ceph-mon[42474]: from='client.? 172.21.15.81:0/3215098632' entity='client.admin' cmd='[{"prefix": "mgr module enable", "module": "dashboard"}]': finished
2024-05-08T23:56:40.676 INFO:journalctl@ceph.mon.a.smithi081.stdout:May 08 23:56:40 smithi081 ceph-mon[42474]: mgrmap e9: x(active, since 14s)
2024-05-08T23:56:40.676 INFO:journalctl@ceph.mon.a.smithi081.stdout:May 08 23:56:40 smithi081 ceph-mon[42474]: from='client.? 172.21.15.81:0/4220151661' entity='client.admin' cmd=[{"prefix": "mgr stat"}]: dispatch
2024-05-08T23:56:40.760 INFO:teuthology.orchestra.run.smithi081.stdout:/usr/bin/ceph: stdout {
2024-05-08T23:56:40.760 INFO:teuthology.orchestra.run.smithi081.stdout:/usr/bin/ceph: stdout "epoch": 9,
2024-05-08T23:56:40.760 INFO:teuthology.orchestra.run.smithi081.stdout:/usr/bin/ceph: stdout "available": true,
2024-05-08T23:56:40.760 INFO:teuthology.orchestra.run.smithi081.stdout:/usr/bin/ceph: stdout "active_name": "x",
2024-05-08T23:56:40.760 INFO:teuthology.orchestra.run.smithi081.stdout:/usr/bin/ceph: stdout "num_standby": 0
2024-05-08T23:56:40.760 INFO:teuthology.orchestra.run.smithi081.stdout:/usr/bin/ceph: stdout }
2024-05-08T23:56:40.761 INFO:teuthology.orchestra.run.smithi081.stdout:/usr/bin/ceph: stderr
2024-05-08T23:56:40.112+0000 7f69e22d3700 1 Processor -- start
2024-05-08T23:56:40.761 INFO:teuthology.orchestra.run.smithi081.stdout:/usr/bin/ceph: stderr
2024-05-08T23:56:40.112+0000 7f69e22d3700 1 -- start start
2024-05-08T23:56:40.761 INFO:teuthology.orchestra.run.smithi081.stdout:/usr/bin/ceph: stderr
2024-05-08T23:56:40.112+0000 7f69e22d3700 1 --2- >> [v2:172.21.15.81:3300/0,v1:172.21.15.81:6789/0] conn(0x7f69dc1072e0 0x7f69dc1096d0 unknown :-1 s=NONE pgs=0 cs=0 l=0 rev1=0 crypto rx=0 tx=0 comp rx=0 tx=0).connect
2024-05-08T23:56:40.761 INFO:teuthology.orchestra.run.smithi081.stdout:/usr/bin/ceph: stderr
2024-05-08T23:56:40.112+0000 7f69e22d3700 1 -- --> [v2:172.21.15.81:3300/0,v1:172.21.15.81:6789/0] -- mon_getmap magic: 0 v1 -- 0x7f69dc079e90 con 0x7f69dc1072e0
2024-05-08T23:56:40.761 INFO:teuthology.orchestra.run.smithi081.stdout:/usr/bin/ceph: stderr
2024-05-08T23:56:40.112+0000 7f69dbfff700 1 --2- >> [v2:172.21.15.81:3300/0,v1:172.21.15.81:6789/0] conn(0x7f69dc1072e0 0x7f69dc1096d0 unknown :-1 s=BANNER_CONNECTING pgs=0 cs=0 l=0 rev1=0 crypto rx=0 tx=0 comp rx=0 tx=0)._handle_peer_banner_payload supported=3 required=0
2024-05-08T23:56:40.761 INFO:teuthology.orchestra.run.smithi081.stdout:/usr/bin/ceph: stderr
2024-05-08T23:56:40.112+0000 7f69dbfff700 1 --2- >> [v2:172.21.15.81:3300/0,v1:172.21.15.81:6789/0] conn(0x7f69dc1072e0 0x7f69dc1096d0 unknown :-1 s=HELLO_CONNECTING pgs=0 cs=0 l=0 rev1=1 crypto rx=0 tx=0 comp rx=0 tx=0).handle_hello peer v2:172.21.15.81:3300/0 says I am v2:172.21.15.81:53296/0 (socket says 172.21.15.81:53296)
2024-05-08T23:56:40.761 INFO:teuthology.orchestra.run.smithi081.stdout:/usr/bin/ceph: stderr
2024-05-08T23:56:40.112+0000 7f69dbfff700 1 -- 172.21.15.81:0/2892456349 learned_addr learned my addr 172.21.15.81:0/2892456349 (peer_addr_for_me v2:172.21.15.81:0/0)
2024-05-08T23:56:40.761 INFO:teuthology.orchestra.run.smithi081.stdout:/usr/bin/ceph: stderr
2024-05-08T23:56:40.113+0000 7f69dbfff700 1 -- 172.21.15.81:0/2892456349 --> [v2:172.21.15.81:3300/0,v1:172.21.15.81:6789/0] -- mon_subscribe({config=0+,monmap=0+}) v3 -- 0x7f69dc109c10 con 0x7f69dc1072e0
2024-05-08T23:56:40.761 INFO:teuthology.orchestra.run.smithi081.stdout:/usr/bin/ceph: stderr
2024-05-08T23:56:40.113+0000 7f69dbfff700 1 --2- 172.21.15.81:0/2892456349 >> [v2:172.21.15.81:3300/0,v1:172.21.15.81:6789/0] conn(0x7f69dc1072e0 0x7f69dc1096d0 secure :-1 s=READY pgs=59 cs=0 l=1 rev1=1 crypto rx=0x7f69cc0098a0 tx=0x7f69cc009bb0 comp rx=0 tx=0).ready entity=mon.0 client_cookie=6959caa066a66834 server_cookie=0 in_seq=0 out_seq=0
2024-05-08T23:56:40.761 INFO:teuthology.orchestra.run.smithi081.stdout:/usr/bin/ceph: stderr
2024-05-08T23:56:40.113+0000 7f69daffd700 1 -- 172.21.15.81:0/2892456349 <== mon.0 v2:172.21.15.81:3300/0 1 ==== mon_map magic: 0 v1 ==== 205+0+0 (secure 0 0 0) 0x7f69cc004160 con 0x7f69dc1072e0
2024-05-08T23:56:40.762 INFO:teuthology.orchestra.run.smithi081.stdout:/usr/bin/ceph: stderr
2024-05-08T23:56:40.113+0000 7f69daffd700 1 -- 172.21.15.81:0/2892456349 <== mon.0 v2:172.21.15.81:3300/0 2 ==== config(26 keys) v1 ==== 1105+0+0 (secure 0 0 0) 0x7f69cc0042c0 con 0x7f69dc1072e0
2024-05-08T23:56:40.762 INFO:teuthology.orchestra.run.smithi081.stdout:/usr/bin/ceph: stderr
2024-05-08T23:56:40.113+0000 7f69daffd700 1 -- 172.21.15.81:0/2892456349 <== mon.0 v2:172.21.15.81:3300/0 3 ==== mon_map magic: 0 v1 ==== 205+0+0 (secure 0 0 0) 0x7f69cc0119b0 con 0x7f69dc1072e0
2024-05-08T23:56:40.762 INFO:teuthology.orchestra.run.smithi081.stdout:/usr/bin/ceph: stderr
2024-05-08T23:56:40.114+0000 7f69e22d3700 1 -- 172.21.15.81:0/2892456349 >> [v2:172.21.15.81:3300/0,v1:172.21.15.81:6789/0] conn(0x7f69dc1072e0 msgr2=0x7f69dc1096d0 secure :-1 s=STATE_CONNECTION_ESTABLISHED l=1).mark_down
2024-05-08T23:56:40.762 INFO:teuthology.orchestra.run.smithi081.stdout:/usr/bin/ceph: stderr
2024-05-08T23:56:40.114+0000 7f69e22d3700 1 --2- 172.21.15.81:0/2892456349 >> [v2:172.21.15.81:3300/0,v1:172.21.15.81:6789/0] conn(0x7f69dc1072e0 0x7f69dc1096d0 secure :-1 s=READY pgs=59 cs=0 l=1 rev1=1 crypto rx=0x7f69cc0098a0 tx=0x7f69cc009bb0 comp rx=0 tx=0).stop
2024-05-08T23:56:40.762 INFO:teuthology.orchestra.run.smithi081.stdout:/usr/bin/ceph: stderr
2024-05-08T23:56:40.114+0000 7f69e22d3700 1 -- 172.21.15.81:0/2892456349 shutdown_connections
2024-05-08T23:56:40.762 INFO:teuthology.orchestra.run.smithi081.stdout:/usr/bin/ceph: stderr
2024-05-08T23:56:40.114+0000 7f69e22d3700 1 --2- 172.21.15.81:0/2892456349 >> [v2:172.21.15.81:3300/0,v1:172.21.15.81:6789/0] conn(0x7f69dc1072e0 0x7f69dc1096d0 unknown :-1 s=CLOSED pgs=59 cs=0 l=1 rev1=1 crypto rx=0 tx=0 comp rx=0 tx=0).stop
2024-05-08T23:56:40.762 INFO:teuthology.orchestra.run.smithi081.stdout:/usr/bin/ceph: stderr
2024-05-08T23:56:40.114+0000 7f69e22d3700 1 -- 172.21.15.81:0/2892456349 >> 172.21.15.81:0/2892456349 conn(0x7f69dc100cf0 msgr2=0x7f69dc103110 unknown :-1 s=STATE_NONE l=0).mark_down
2024-05-08T23:56:40.762 INFO:teuthology.orchestra.run.smithi081.stdout:/usr/bin/ceph: stderr
2024-05-08T23:56:40.114+0000 7f69e22d3700 1 -- 172.21.15.81:0/2892456349 shutdown_connections
2024-05-08T23:56:40.762 INFO:teuthology.orchestra.run.smithi081.stdout:/usr/bin/ceph: stderr
2024-05-08T23:56:40.114+0000 7f69e22d3700 1 -- 172.21.15.81:0/2892456349 wait complete.
2024-05-08T23:56:40.762 INFO:teuthology.orchestra.run.smithi081.stdout:/usr/bin/ceph: stderr
2024-05-08T23:56:40.114+0000 7f69e22d3700 1 Processor -- start
2024-05-08T23:56:40.763 INFO:teuthology.orchestra.run.smithi081.stdout:/usr/bin/ceph: stderr
2024-05-08T23:56:40.114+0000 7f69e22d3700 1 -- start start
2024-05-08T23:56:40.763 INFO:teuthology.orchestra.run.smithi081.stdout:/usr/bin/ceph: stderr
2024-05-08T23:56:40.115+0000 7f69e22d3700 1 --2- >> [v2:172.21.15.81:3300/0,v1:172.21.15.81:6789/0] conn(0x7f69dc1072e0 0x7f69dc19a5b0 unknown :-1 s=NONE pgs=0 cs=0 l=1 rev1=0 crypto rx=0 tx=0 comp rx=0 tx=0).connect
2024-05-08T23:56:40.763 INFO:teuthology.orchestra.run.smithi081.stdout:/usr/bin/ceph: stderr
2024-05-08T23:56:40.115+0000 7f69e22d3700 1 -- --> [v2:172.21.15.81:3300/0,v1:172.21.15.81:6789/0] -- mon_getmap magic: 0 v1 -- 0x7f69dc19aaf0 con 0x7f69dc1072e0
2024-05-08T23:56:40.763 INFO:teuthology.orchestra.run.smithi081.stdout:/usr/bin/ceph: stderr
2024-05-08T23:56:40.115+0000 7f69dbfff700 1 --2- >> [v2:172.21.15.81:3300/0,v1:172.21.15.81:6789/0] conn(0x7f69dc1072e0 0x7f69dc19a5b0 unknown :-1 s=BANNER_CONNECTING pgs=0 cs=0 l=1 rev1=0 crypto rx=0 tx=0 comp rx=0 tx=0)._handle_peer_banner_payload supported=3 required=0
2024-05-08T23:56:40.763 INFO:teuthology.orchestra.run.smithi081.stdout:/usr/bin/ceph: stderr
2024-05-08T23:56:40.115+0000 7f69dbfff700 1 --2- >> [v2:172.21.15.81:3300/0,v1:172.21.15.81:6789/0] conn(0x7f69dc1072e0 0x7f69dc19a5b0 unknown :-1 s=HELLO_CONNECTING pgs=0 cs=0 l=1 rev1=1 crypto rx=0 tx=0 comp rx=0 tx=0).handle_hello peer v2:172.21.15.81:3300/0 says I am v2:172.21.15.81:53308/0 (socket says 172.21.15.81:53308)
2024-05-08T23:56:40.763 INFO:teuthology.orchestra.run.smithi081.stdout:/usr/bin/ceph: stderr
2024-05-08T23:56:40.115+0000 7f69dbfff700 1 -- 172.21.15.81:0/4220151661 learned_addr learned my addr 172.21.15.81:0/4220151661 (peer_addr_for_me v2:172.21.15.81:0/0)
2024-05-08T23:56:40.763 INFO:teuthology.orchestra.run.smithi081.stdout:/usr/bin/ceph: stderr
2024-05-08T23:56:40.115+0000 7f69dbfff700 1 -- 172.21.15.81:0/4220151661 --> [v2:172.21.15.81:3300/0,v1:172.21.15.81:6789/0] -- mon_subscribe({config=0+,monmap=0+}) v3 -- 0x7f69cc009550 con 0x7f69dc1072e0
2024-05-08T23:56:40.763 INFO:teuthology.orchestra.run.smithi081.stdout:/usr/bin/ceph: stderr
2024-05-08T23:56:40.115+0000 7f69dbfff700 1 --2- 172.21.15.81:0/4220151661 >> [v2:172.21.15.81:3300/0,v1:172.21.15.81:6789/0] conn(0x7f69dc1072e0 0x7f69dc19a5b0 secure :-1 s=READY pgs=60 cs=0 l=1 rev1=1 crypto rx=0x7f69cc011980 tx=0x7f69cc011a60 comp rx=0 tx=0).ready entity=mon.0 client_cookie=0 server_cookie=0 in_seq=0 out_seq=0
2024-05-08T23:56:40.763 INFO:teuthology.orchestra.run.smithi081.stdout:/usr/bin/ceph: stderr
2024-05-08T23:56:40.115+0000 7f69d97fa700 1 -- 172.21.15.81:0/4220151661 <== mon.0 v2:172.21.15.81:3300/0 1 ==== mon_map magic: 0 v1 ==== 205+0+0 (secure 0 0 0) 0x7f69cc003af0 con 0x7f69dc1072e0
2024-05-08T23:56:40.763 INFO:teuthology.orchestra.run.smithi081.stdout:/usr/bin/ceph: stderr
2024-05-08T23:56:40.115+0000 7f69d97fa700 1 -- 172.21.15.81:0/4220151661 <== mon.0 v2:172.21.15.81:3300/0 2 ==== config(26 keys) v1 ==== 1105+0+0 (secure 0 0 0) 0x7f69cc003c50 con 0x7f69dc1072e0
2024-05-08T23:56:40.763 INFO:teuthology.orchestra.run.smithi081.stdout:/usr/bin/ceph: stderr
2024-05-08T23:56:40.115+0000 7f69e22d3700 1 -- 172.21.15.81:0/4220151661 --> [v2:172.21.15.81:3300/0,v1:172.21.15.81:6789/0] -- mon_subscribe({mgrmap=0+}) v3 -- 0x7f69dc19acf0 con 0x7f69dc1072e0
2024-05-08T23:56:40.763 INFO:teuthology.orchestra.run.smithi081.stdout:/usr/bin/ceph: stderr
2024-05-08T23:56:40.115+0000 7f69d97fa700 1 -- 172.21.15.81:0/4220151661 <== mon.0 v2:172.21.15.81:3300/0 3 ==== mon_map magic: 0 v1 ==== 205+0+0 (secure 0 0 0) 0x7f69cc019760 con 0x7f69dc1072e0
2024-05-08T23:56:40.764 INFO:teuthology.orchestra.run.smithi081.stdout:/usr/bin/ceph: stderr
2024-05-08T23:56:40.115+0000 7f69e22d3700 1 -- 172.21.15.81:0/4220151661 --> [v2:172.21.15.81:3300/0,v1:172.21.15.81:6789/0] -- mon_subscribe({osdmap=0}) v3 -- 0x7f69dc19b190 con 0x7f69dc1072e0
2024-05-08T23:56:40.764 INFO:teuthology.orchestra.run.smithi081.stdout:/usr/bin/ceph: stderr
2024-05-08T23:56:40.116+0000 7f69d97fa700 1 -- 172.21.15.81:0/4220151661 <== mon.0 v2:172.21.15.81:3300/0 4 ==== mgrmap(e 9) v1 ==== 45554+0+0 (secure 0 0 0) 0x7f69cc019950 con 0x7f69dc1072e0
2024-05-08T23:56:40.764 INFO:teuthology.orchestra.run.smithi081.stdout:/usr/bin/ceph: stderr
2024-05-08T23:56:40.116+0000 7f69d97fa700 1 --2- 172.21.15.81:0/4220151661 >> [v2:172.21.15.81:6800/4280496150,v1:172.21.15.81:6801/4280496150] conn(0x7f69c40387a0 0x7f69c403ac60 unknown :-1 s=NONE pgs=0 cs=0 l=1 rev1=0 crypto rx=0 tx=0 comp rx=0 tx=0).connect
2024-05-08T23:56:40.764 INFO:teuthology.orchestra.run.smithi081.stdout:/usr/bin/ceph: stderr
2024-05-08T23:56:40.116+0000 7f69d97fa700 1 -- 172.21.15.81:0/4220151661 <== mon.0 v2:172.21.15.81:3300/0 5 ==== osd_map(2..2 src has 1..2) v4 ==== 940+0+0 (secure 0 0 0) 0x7f69cc04d8f0 con 0x7f69dc1072e0
2024-05-08T23:56:40.764 INFO:teuthology.orchestra.run.smithi081.stdout:/usr/bin/ceph: stderr
2024-05-08T23:56:40.116+0000 7f69db7fe700 1 -- 172.21.15.81:0/4220151661 >> [v2:172.21.15.81:6800/4280496150,v1:172.21.15.81:6801/4280496150] conn(0x7f69c40387a0 msgr2=0x7f69c403ac60 unknown :-1 s=STATE_CONNECTING_RE l=1).process reconnect failed to v2:172.21.15.81:6800/4280496150
2024-05-08T23:56:40.764 INFO:teuthology.orchestra.run.smithi081.stdout:/usr/bin/ceph: stderr
2024-05-08T23:56:40.116+0000 7f69db7fe700 1 --2- 172.21.15.81:0/4220151661 >> [v2:172.21.15.81:6800/4280496150,v1:172.21.15.81:6801/4280496150] conn(0x7f69c40387a0 0x7f69c403ac60 unknown :-1 s=START_CONNECT pgs=0 cs=0 l=1 rev1=0 crypto rx=0 tx=0 comp rx=0 tx=0)._fault waiting 0.200000
2024-05-08T23:56:40.764 INFO:teuthology.orchestra.run.smithi081.stdout:/usr/bin/ceph: stderr
2024-05-08T23:56:40.117+0000 7f69e22d3700 1 -- 172.21.15.81:0/4220151661 --> [v2:172.21.15.81:3300/0,v1:172.21.15.81:6789/0] -- mon_command({"prefix": "get_command_descriptions"} v 0) v1 -- 0x7f69dc068030 con 0x7f69dc1072e0
2024-05-08T23:56:40.764 INFO:teuthology.orchestra.run.smithi081.stdout:/usr/bin/ceph: stderr
2024-05-08T23:56:40.121+0000 7f69d97fa700 1 -- 172.21.15.81:0/4220151661 <== mon.0 v2:172.21.15.81:3300/0 6 ==== mon_command_ack([{"prefix": "get_command_descriptions"}]=0 v0) v1 ==== 72+0+183622 (secure 0 0 0) 0x7f69cc018db0 con 0x7f69dc1072e0
2024-05-08T23:56:40.764 INFO:teuthology.orchestra.run.smithi081.stdout:/usr/bin/ceph: stderr
2024-05-08T23:56:40.317+0000 7f69db7fe700 1 -- 172.21.15.81:0/4220151661 >> [v2:172.21.15.81:6800/4280496150,v1:172.21.15.81:6801/4280496150] conn(0x7f69c40387a0 msgr2=0x7f69c403ac60 unknown :-1 s=STATE_CONNECTING_RE l=1).process reconnect failed to v2:172.21.15.81:6800/4280496150
2024-05-08T23:56:40.764 INFO:teuthology.orchestra.run.smithi081.stdout:/usr/bin/ceph: stderr
2024-05-08T23:56:40.317+0000 7f69db7fe700 1 --2- 172.21.15.81:0/4220151661 >> [v2:172.21.15.81:6800/4280496150,v1:172.21.15.81:6801/4280496150] conn(0x7f69c40387a0 0x7f69c403ac60 unknown :-1 s=START_CONNECT pgs=0 cs=0 l=1 rev1=0 crypto rx=0 tx=0 comp rx=0 tx=0)._fault waiting 0.400000
2024-05-08T23:56:40.765 INFO:teuthology.orchestra.run.smithi081.stdout:/usr/bin/ceph: stderr
2024-05-08T23:56:40.377+0000 7f69e22d3700 1 -- 172.21.15.81:0/4220151661 --> [v2:172.21.15.81:3300/0,v1:172.21.15.81:6789/0] -- mon_command({"prefix": "mgr stat"} v 0) v1 -- 0x7f69dc19dbb0 con 0x7f69dc1072e0
2024-05-08T23:56:40.765 INFO:teuthology.orchestra.run.smithi081.stdout:/usr/bin/ceph: stderr
2024-05-08T23:56:40.378+0000 7f69d97fa700 1 -- 172.21.15.81:0/4220151661 <== mon.0 v2:172.21.15.81:3300/0 7 ==== mon_command_ack([{"prefix": "mgr stat"}]=0 v9) v1 ==== 56+0+88 (secure 0 0 0) 0x7f69cc018350 con 0x7f69dc1072e0
2024-05-08T23:56:40.765 INFO:teuthology.orchestra.run.smithi081.stdout:/usr/bin/ceph: stderr
2024-05-08T23:56:40.381+0000 7f69e22d3700 1 -- 172.21.15.81:0/4220151661 >> [v2:172.21.15.81:6800/4280496150,v1:172.21.15.81:6801/4280496150] conn(0x7f69c40387a0 msgr2=0x7f69c403ac60 unknown :-1 s=STATE_CONNECTING l=1).mark_down
2024-05-08T23:56:40.765 INFO:teuthology.orchestra.run.smithi081.stdout:/usr/bin/ceph: stderr
2024-05-08T23:56:40.381+0000 7f69e22d3700 1 --2- 172.21.15.81:0/4220151661 >> [v2:172.21.15.81:6800/4280496150,v1:172.21.15.81:6801/4280496150] conn(0x7f69c40387a0 0x7f69c403ac60 unknown :-1 s=START_CONNECT pgs=0 cs=0 l=1 rev1=0 crypto rx=0 tx=0 comp rx=0 tx=0).stop
2024-05-08T23:56:40.765 INFO:teuthology.orchestra.run.smithi081.stdout:/usr/bin/ceph: stderr
2024-05-08T23:56:40.381+0000 7f69e22d3700 1 -- 172.21.15.81:0/4220151661 >> [v2:172.21.15.81:3300/0,v1:172.21.15.81:6789/0] conn(0x7f69dc1072e0 msgr2=0x7f69dc19a5b0 secure :-1 s=STATE_CONNECTION_ESTABLISHED l=1).mark_down
2024-05-08T23:56:40.765 INFO:teuthology.orchestra.run.smithi081.stdout:/usr/bin/ceph: stderr
2024-05-08T23:56:40.381+0000 7f69e22d3700 1 --2- 172.21.15.81:0/4220151661 >> [v2:172.21.15.81:3300/0,v1:172.21.15.81:6789/0] conn(0x7f69dc1072e0 0x7f69dc19a5b0 secure :-1 s=READY pgs=60 cs=0 l=1 rev1=1 crypto rx=0x7f69cc011980 tx=0x7f69cc011a60 comp rx=0 tx=0).stop
2024-05-08T23:56:40.765 INFO:teuthology.orchestra.run.smithi081.stdout:/usr/bin/ceph: stderr
2024-05-08T23:56:40.381+0000 7f69e22d3700 1 -- 172.21.15.81:0/4220151661 shutdown_connections
2024-05-08T23:56:40.765 INFO:teuthology.orchestra.run.smithi081.stdout:/usr/bin/ceph: stderr
2024-05-08T23:56:40.381+0000 7f69e22d3700 1 --2- 172.21.15.81:0/4220151661 >> [v2:172.21.15.81:6800/4280496150,v1:172.21.15.81:6801/4280496150] conn(0x7f69c40387a0 0x7f69c403ac60 unknown :-1 s=CLOSED pgs=0 cs=0 l=1 rev1=0 crypto rx=0 tx=0 comp rx=0 tx=0).stop
2024-05-08T23:56:40.765 INFO:teuthology.orchestra.run.smithi081.stdout:/usr/bin/ceph: stderr
2024-05-08T23:56:40.381+0000 7f69e22d3700 1 --2- 172.21.15.81:0/4220151661 >> [v2:172.21.15.81:3300/0,v1:172.21.15.81:6789/0] conn(0x7f69dc1072e0 0x7f69dc19a5b0 unknown :-1 s=CLOSED pgs=60 cs=0 l=1 rev1=1 crypto rx=0 tx=0 comp rx=0 tx=0).stop
2024-05-08T23:56:40.766 INFO:teuthology.orchestra.run.smithi081.stdout:/usr/bin/ceph: stderr
2024-05-08T23:56:40.381+0000 7f69e22d3700 1 -- 172.21.15.81:0/4220151661 >> 172.21.15.81:0/4220151661 conn(0x7f69dc100cf0 msgr2=0x7f69dc1018b0 unknown :-1 s=STATE_NONE l=0).mark_down
2024-05-08T23:56:40.766 INFO:teuthology.orchestra.run.smithi081.stdout:/usr/bin/ceph: stderr
2024-05-08T23:56:40.381+0000 7f69e22d3700 1 -- 172.21.15.81:0/4220151661 shutdown_connections
2024-05-08T23:56:40.766 INFO:teuthology.orchestra.run.smithi081.stdout:/usr/bin/ceph: stderr
2024-05-08T23:56:40.381+0000 7f69e22d3700 1 -- 172.21.15.81:0/4220151661 wait complete.
2024-05-08T23:56:40.766 INFO:teuthology.orchestra.run.smithi081.stdout:Waiting for the mgr to restart...
2024-05-08T23:56:40.766 INFO:teuthology.orchestra.run.smithi081.stdout:Waiting for mgr epoch 9...
2024-05-08T23:56:41.079 INFO:journalctl@ceph.mgr.x.smithi081.stdout:May 08 23:56:40 smithi081 ceph-6c93ddc4-0d96-11ef-bc97-c7b262605968-mgr-x[42726]:
2024-05-08T23:56:40.815+0000 7fb63639f200 -1 mgr[py] Module orchestrator has missing NOTIFY_TYPES member
2024-05-08T23:56:41.370 INFO:journalctl@ceph.mgr.x.smithi081.stdout:May 08 23:56:41 smithi081 ceph-6c93ddc4-0d96-11ef-bc97-c7b262605968-mgr-x[42726]:
2024-05-08T23:56:41.083+0000 7fb63639f200 -1 mgr[py] Module nfs has missing NOTIFY_TYPES member
2024-05-08T23:56:41.370 INFO:journalctl@ceph.mgr.x.smithi081.stdout:May 08 23:56:41 smithi081 ceph-6c93ddc4-0d96-11ef-bc97-c7b262605968-mgr-x[42726]:
2024-05-08T23:56:41.172+0000 7fb63639f200 -1 mgr[py] Module zabbix has missing NOTIFY_TYPES member
2024-05-08T23:56:41.370 INFO:journalctl@ceph.mgr.x.smithi081.stdout:May 08 23:56:41 smithi081 ceph-6c93ddc4-0d96-11ef-bc97-c7b262605968-mgr-x[42726]:
2024-05-08T23:56:41.283+0000 7fb63639f200 -1 mgr[py] Module rbd_support has missing NOTIFY_TYPES member
2024-05-08T23:56:41.870 INFO:journalctl@ceph.mgr.x.smithi081.stdout:May 08 23:56:41 smithi081 ceph-6c93ddc4-0d96-11ef-bc97-c7b262605968-mgr-x[42726]:
2024-05-08T23:56:41.440+0000 7fb63639f200 -1 mgr[py] Module status has missing NOTIFY_TYPES member
2024-05-08T23:56:41.870 INFO:journalctl@ceph.mgr.x.smithi081.stdout:May 08 23:56:41 smithi081 ceph-6c93ddc4-0d96-11ef-bc97-c7b262605968-mgr-x[42726]:
2024-05-08T23:56:41.567+0000 7fb63639f200 -1 mgr[py] Module diskprediction_local has missing NOTIFY_TYPES member
2024-05-08T23:56:41.870 INFO:journalctl@ceph.mgr.x.smithi081.stdout:May 08 23:56:41 smithi081 ceph-6c93ddc4-0d96-11ef-bc97-c7b262605968-mgr-x[42726]:
2024-05-08T23:56:41.652+0000 7fb63639f200 -1 mgr[py] Module telegraf has missing NOTIFY_TYPES member
2024-05-08T23:56:42.370 INFO:journalctl@ceph.mgr.x.smithi081.stdout:May 08 23:56:42 smithi081 ceph-6c93ddc4-0d96-11ef-bc97-c7b262605968-mgr-x[42726]:
2024-05-08T23:56:42.019+0000 7fb63639f200 -1 mgr[py] Module influx has missing NOTIFY_TYPES member
2024-05-08T23:56:42.692 INFO:journalctl@ceph.mgr.x.smithi081.stdout:May 08 23:56:42 smithi081 ceph-6c93ddc4-0d96-11ef-bc97-c7b262605968-mgr-x[42726]:
2024-05-08T23:56:42.408+0000 7fb63639f200 -1 mgr[py] Module pg_autoscaler has missing NOTIFY_TYPES member
2024-05-08T23:56:42.692 INFO:journalctl@ceph.mgr.x.smithi081.stdout:May 08 23:56:42 smithi081 ceph-6c93ddc4-0d96-11ef-bc97-c7b262605968-mgr-x[42726]:
2024-05-08T23:56:42.604+0000 7fb63639f200 -1 mgr[py] Module rgw has missing NOTIFY_TYPES member
2024-05-08T23:56:43.870 INFO:journalctl@ceph.mgr.x.smithi081.stdout:May 08 23:56:42 smithi081 ceph-6c93ddc4-0d96-11ef-bc97-c7b262605968-mgr-x[42726]:
2024-05-08T23:56:42.697+0000 7fb63639f200 -1 mgr[py] Module balancer has missing NOTIFY_TYPES member
2024-05-08T23:56:43.870 INFO:journalctl@ceph.mgr.x.smithi081.stdout:May 08 23:56:43 smithi081 ceph-6c93ddc4-0d96-11ef-bc97-c7b262605968-mgr-x[42726]:
2024-05-08T23:56:43.455+0000 7fb63639f200 -1 mgr[py] Module iostat has missing NOTIFY_TYPES member
2024-05-08T23:56:43.870 INFO:journalctl@ceph.mgr.x.smithi081.stdout:May 08 23:56:43 smithi081 ceph-6c93ddc4-0d96-11ef-bc97-c7b262605968-mgr-x[42726]:
2024-05-08T23:56:43.553+0000 7fb63639f200 -1 mgr[py] Module snap_schedule has missing NOTIFY_TYPES member
2024-05-08T23:56:43.870 INFO:journalctl@ceph.mgr.x.smithi081.stdout:May 08 23:56:43 smithi081 ceph-6c93ddc4-0d96-11ef-bc97-c7b262605968-mgr-x[42726]:
2024-05-08T23:56:43.702+0000 7fb63639f200 -1 mgr[py] Module telemetry has missing NOTIFY_TYPES member
2024-05-08T23:56:44.620 INFO:journalctl@ceph.mgr.x.smithi081.stdout:May 08 23:56:44 smithi081 ceph-6c93ddc4-0d96-11ef-bc97-c7b262605968-mgr-x[42726]:
2024-05-08T23:56:44.324+0000 7fb63639f200 -1 mgr[py] Module rook has missing NOTIFY_TYPES member
2024-05-08T23:56:44.620 INFO:journalctl@ceph.mgr.x.smithi081.stdout:May 08 23:56:44 smithi081 ceph-6c93ddc4-0d96-11ef-bc97-c7b262605968-mgr-x[42726]:
2024-05-08T23:56:44.508+0000 7fb63639f200 -1 mgr[py] Module selftest has missing NOTIFY_TYPES member
2024-05-08T23:56:45.120 INFO:journalctl@ceph.mgr.x.smithi081.stdout:May 08 23:56:44 smithi081 ceph-6c93ddc4-0d96-11ef-bc97-c7b262605968-mgr-x[42726]:
2024-05-08T23:56:44.705+0000 7fb63639f200 -1 mgr[py] Module devicehealth has missing NOTIFY_TYPES member
2024-05-08T23:56:45.911 INFO:journalctl@ceph.mgr.x.smithi081.stdout:May 08 23:56:45 smithi081 ceph-6c93ddc4-0d96-11ef-bc97-c7b262605968-mgr-x[42726]:
2024-05-08T23:56:45.629+0000 7fb63639f200 -1 mgr[py] Module volumes has missing NOTIFY_TYPES member
2024-05-08T23:56:46.190 INFO:journalctl@ceph.mgr.x.smithi081.stdout:May 08 23:56:45 smithi081 ceph-6c93ddc4-0d96-11ef-bc97-c7b262605968-mgr-x[42726]:
2024-05-08T23:56:45.917+0000 7fb63639f200 -1 mgr[py] Module test_orchestrator has missing NOTIFY_TYPES member
2024-05-08T23:56:46.191 INFO:journalctl@ceph.mgr.x.smithi081.stdout:May 08 23:56:46 smithi081 ceph-6c93ddc4-0d96-11ef-bc97-c7b262605968-mgr-x[42726]:
2024-05-08T23:56:46.005+0000 7fb63639f200 -1 mgr[py] Module osd_support has missing NOTIFY_TYPES member
2024-05-08T23:56:46.620 INFO:journalctl@ceph.mgr.x.smithi081.stdout:May 08 23:56:46 smithi081 ceph-6c93ddc4-0d96-11ef-bc97-c7b262605968-mgr-x[42726]:
2024-05-08T23:56:46.196+0000 7fb63639f200 -1 mgr[py] Module crash has missing NOTIFY_TYPES member
2024-05-08T23:56:46.620 INFO:journalctl@ceph.mon.a.smithi081.stdout:May 08 23:56:46 smithi081 ceph-mon[42474]: Active manager daemon x restarted
2024-05-08T23:56:46.620 INFO:journalctl@ceph.mon.a.smithi081.stdout:May 08 23:56:46 smithi081 ceph-mon[42474]: Activating manager daemon x
2024-05-08T23:56:46.620 INFO:journalctl@ceph.mon.a.smithi081.stdout:May 08 23:56:46 smithi081 ceph-mon[42474]: osdmap e3: 0 total, 0 up, 0 in
2024-05-08T23:56:46.620 INFO:journalctl@ceph.mon.a.smithi081.stdout:May 08 23:56:46 smithi081 ceph-mon[42474]: mgrmap e10: x(active, starting, since 0.00313677s)
2024-05-08T23:56:46.621 INFO:journalctl@ceph.mon.a.smithi081.stdout:May 08 23:56:46 smithi081 ceph-mon[42474]: from='mgr.14152 172.21.15.81:0/951989859' entity='mgr.x' cmd=[{"prefix": "mon metadata", "id": "a"}]: dispatch
2024-05-08T23:56:46.621 INFO:journalctl@ceph.mon.a.smithi081.stdout:May 08 23:56:46 smithi081 ceph-mon[42474]: from='mgr.14152 172.21.15.81:0/951989859' entity='mgr.x' cmd=[{"prefix": "mgr metadata", "who": "x", "id": "x"}]: dispatch
2024-05-08T23:56:46.621 INFO:journalctl@ceph.mon.a.smithi081.stdout:May 08 23:56:46 smithi081 ceph-mon[42474]: from='mgr.14152 172.21.15.81:0/951989859' entity='mgr.x' cmd=[{"prefix": "mds metadata"}]: dispatch
2024-05-08T23:56:46.621 INFO:journalctl@ceph.mon.a.smithi081.stdout:May 08 23:56:46 smithi081 ceph-mon[42474]: from='mgr.14152 172.21.15.81:0/951989859' entity='mgr.x' cmd=[{"prefix": "osd metadata"}]: dispatch
2024-05-08T23:56:46.621 INFO:journalctl@ceph.mon.a.smithi081.stdout:May 08 23:56:46 smithi081 ceph-mon[42474]: from='mgr.14152 172.21.15.81:0/951989859' entity='mgr.x' cmd=[{"prefix": "mon metadata"}]: dispatch
2024-05-08T23:56:46.621 INFO:journalctl@ceph.mon.a.smithi081.stdout:May 08 23:56:46 smithi081 ceph-mon[42474]: Manager daemon x is now available
2024-05-08T23:56:46.621 INFO:journalctl@ceph.mon.a.smithi081.stdout:May 08 23:56:46 smithi081 ceph-mon[42474]: from='mgr.14152 172.21.15.81:0/951989859' entity='mgr.x' cmd=[{"prefix": "config dump", "format": "json"}]: dispatch
2024-05-08T23:56:47.585 INFO:teuthology.orchestra.run.smithi081.stdout:/usr/bin/ceph: stdout {
2024-05-08T23:56:47.585 INFO:teuthology.orchestra.run.smithi081.stdout:/usr/bin/ceph: stdout "mgrmap_epoch": 11,
2024-05-08T23:56:47.585 INFO:teuthology.orchestra.run.smithi081.stdout:/usr/bin/ceph: stdout "initialized": true
2024-05-08T23:56:47.585 INFO:teuthology.orchestra.run.smithi081.stdout:/usr/bin/ceph: stdout }
2024-05-08T23:56:47.585 INFO:teuthology.orchestra.run.smithi081.stdout:/usr/bin/ceph: stderr
2024-05-08T23:56:41.086+0000 7f9efb488700 1 Processor -- start
2024-05-08T23:56:47.585 INFO:teuthology.orchestra.run.smithi081.stdout:/usr/bin/ceph: stderr
2024-05-08T23:56:41.086+0000 7f9efb488700 1 -- start start
2024-05-08T23:56:47.585 INFO:teuthology.orchestra.run.smithi081.stdout:/usr/bin/ceph: stderr
2024-05-08T23:56:41.087+0000 7f9efb488700 1 --2- >> [v2:172.21.15.81:3300/0,v1:172.21.15.81:6789/0] conn(0x7f9ef4105100 0x7f9ef4105520 unknown :-1 s=NONE pgs=0 cs=0 l=0 rev1=0 crypto rx=0 tx=0 comp rx=0 tx=0).connect
2024-05-08T23:56:47.585 INFO:teuthology.orchestra.run.smithi081.stdout:/usr/bin/ceph: stderr
2024-05-08T23:56:41.087+0000 7f9efb488700 1 -- --> [v2:172.21.15.81:3300/0,v1:172.21.15.81:6789/0] -- mon_getmap magic: 0 v1 -- 0x7f9ef4079e70 con 0x7f9ef4105100
2024-05-08T23:56:47.585 INFO:teuthology.orchestra.run.smithi081.stdout:/usr/bin/ceph: stderr
2024-05-08T23:56:41.087+0000 7f9ef9224700 1 --2- >> [v2:172.21.15.81:3300/0,v1:172.21.15.81:6789/0] conn(0x7f9ef4105100 0x7f9ef4105520 unknown :-1 s=BANNER_CONNECTING pgs=0 cs=0 l=0 rev1=0 crypto rx=0 tx=0 comp rx=0 tx=0)._handle_peer_banner_payload supported=3 required=0
2024-05-08T23:56:47.585 INFO:teuthology.orchestra.run.smithi081.stdout:/usr/bin/ceph: stderr
2024-05-08T23:56:41.087+0000 7f9ef9224700 1 --2- >> [v2:172.21.15.81:3300/0,v1:172.21.15.81:6789/0] conn(0x7f9ef4105100 0x7f9ef4105520 unknown :-1 s=HELLO_CONNECTING pgs=0 cs=0 l=0 rev1=1 crypto rx=0 tx=0 comp rx=0 tx=0).handle_hello peer v2:172.21.15.81:3300/0 says I am v2:172.21.15.81:53320/0 (socket says 172.21.15.81:53320)
2024-05-08T23:56:47.585 INFO:teuthology.orchestra.run.smithi081.stdout:/usr/bin/ceph: stderr
2024-05-08T23:56:41.087+0000 7f9ef9224700 1 -- 172.21.15.81:0/4125930356 learned_addr learned my addr 172.21.15.81:0/4125930356 (peer_addr_for_me v2:172.21.15.81:0/0)
2024-05-08T23:56:47.585 INFO:teuthology.orchestra.run.smithi081.stdout:/usr/bin/ceph: stderr
2024-05-08T23:56:41.087+0000 7f9ef9224700 1 -- 172.21.15.81:0/4125930356 --> [v2:172.21.15.81:3300/0,v1:172.21.15.81:6789/0] -- mon_subscribe({config=0+,monmap=0+}) v3 -- 0x7f9ef4105a60 con 0x7f9ef4105100
2024-05-08T23:56:47.586 INFO:teuthology.orchestra.run.smithi081.stdout:/usr/bin/ceph: stderr
2024-05-08T23:56:41.087+0000 7f9ef9224700 1 --2- 172.21.15.81:0/4125930356 >> [v2:172.21.15.81:3300/0,v1:172.21.15.81:6789/0] conn(0x7f9ef4105100 0x7f9ef4105520 secure :-1 s=READY pgs=61 cs=0 l=1 rev1=1 crypto rx=0x7f9ef00098a0 tx=0x7f9ef0009bb0 comp rx=0 tx=0).ready entity=mon.0 client_cookie=98c2d70adc5f326b server_cookie=0 in_seq=0 out_seq=0
2024-05-08T23:56:47.586 INFO:teuthology.orchestra.run.smithi081.stdout:/usr/bin/ceph: stderr
2024-05-08T23:56:41.087+0000 7f9eebfff700 1 -- 172.21.15.81:0/4125930356 <== mon.0 v2:172.21.15.81:3300/0 1 ==== mon_map magic: 0 v1 ==== 205+0+0 (secure 0 0 0) 0x7f9ef0004160 con 0x7f9ef4105100
2024-05-08T23:56:47.586 INFO:teuthology.orchestra.run.smithi081.stdout:/usr/bin/ceph: stderr
2024-05-08T23:56:41.087+0000 7f9eebfff700 1 -- 172.21.15.81:0/4125930356 <== mon.0 v2:172.21.15.81:3300/0 2 ==== config(26 keys) v1 ==== 1105+0+0 (secure 0 0 0) 0x7f9ef00042c0 con 0x7f9ef4105100
2024-05-08T23:56:47.586 INFO:teuthology.orchestra.run.smithi081.stdout:/usr/bin/ceph: stderr
2024-05-08T23:56:41.087+0000 7f9eebfff700 1 -- 172.21.15.81:0/4125930356 <== mon.0 v2:172.21.15.81:3300/0 3 ==== mon_map magic: 0 v1 ==== 205+0+0 (secure 0 0 0) 0x7f9ef00119b0 con 0x7f9ef4105100
2024-05-08T23:56:47.586 INFO:teuthology.orchestra.run.smithi081.stdout:/usr/bin/ceph: stderr
2024-05-08T23:56:41.088+0000 7f9efb488700 1 -- 172.21.15.81:0/4125930356 >> [v2:172.21.15.81:3300/0,v1:172.21.15.81:6789/0] conn(0x7f9ef4105100 msgr2=0x7f9ef4105520 secure :-1 s=STATE_CONNECTION_ESTABLISHED l=1).mark_down
2024-05-08T23:56:47.586 INFO:teuthology.orchestra.run.smithi081.stdout:/usr/bin/ceph: stderr
2024-05-08T23:56:41.088+0000 7f9efb488700 1 --2- 172.21.15.81:0/4125930356 >> [v2:172.21.15.81:3300/0,v1:172.21.15.81:6789/0] conn(0x7f9ef4105100 0x7f9ef4105520 secure :-1 s=READY pgs=61 cs=0 l=1 rev1=1 crypto rx=0x7f9ef00098a0 tx=0x7f9ef0009bb0 comp rx=0 tx=0).stop
2024-05-08T23:56:47.586 INFO:teuthology.orchestra.run.smithi081.stdout:/usr/bin/ceph: stderr
2024-05-08T23:56:41.088+0000 7f9efb488700 1 -- 172.21.15.81:0/4125930356 shutdown_connections
2024-05-08T23:56:47.586 INFO:teuthology.orchestra.run.smithi081.stdout:/usr/bin/ceph: stderr
2024-05-08T23:56:41.088+0000 7f9efb488700 1 --2- 172.21.15.81:0/4125930356 >> [v2:172.21.15.81:3300/0,v1:172.21.15.81:6789/0] conn(0x7f9ef4105100 0x7f9ef4105520 unknown :-1 s=CLOSED pgs=61 cs=0 l=1 rev1=1 crypto rx=0 tx=0 comp rx=0 tx=0).stop
2024-05-08T23:56:47.586 INFO:teuthology.orchestra.run.smithi081.stdout:/usr/bin/ceph: stderr
2024-05-08T23:56:41.088+0000 7f9efb488700 1 -- 172.21.15.81:0/4125930356 >> 172.21.15.81:0/4125930356 conn(0x7f9ef4100d20 msgr2=0x7f9ef4103140 unknown :-1 s=STATE_NONE l=0).mark_down
2024-05-08T23:56:47.586 INFO:teuthology.orchestra.run.smithi081.stdout:/usr/bin/ceph: stderr
2024-05-08T23:56:41.088+0000 7f9efb488700 1 -- 172.21.15.81:0/4125930356 shutdown_connections
2024-05-08T23:56:47.586 INFO:teuthology.orchestra.run.smithi081.stdout:/usr/bin/ceph: stderr
2024-05-08T23:56:41.088+0000 7f9efb488700 1 -- 172.21.15.81:0/4125930356 wait complete.
2024-05-08T23:56:47.586 INFO:teuthology.orchestra.run.smithi081.stdout:/usr/bin/ceph: stderr
2024-05-08T23:56:41.089+0000 7f9efb488700 1 Processor -- start
2024-05-08T23:56:47.586 INFO:teuthology.orchestra.run.smithi081.stdout:/usr/bin/ceph: stderr
2024-05-08T23:56:41.089+0000 7f9efb488700 1 -- start start
2024-05-08T23:56:47.587 INFO:teuthology.orchestra.run.smithi081.stdout:/usr/bin/ceph: stderr
2024-05-08T23:56:41.089+0000 7f9efb488700 1 --2- >> [v2:172.21.15.81:3300/0,v1:172.21.15.81:6789/0] conn(0x7f9ef4105100 0x7f9ef419c760 unknown :-1 s=NONE pgs=0 cs=0 l=1 rev1=0 crypto rx=0 tx=0 comp rx=0 tx=0).connect
2024-05-08T23:56:47.587 INFO:teuthology.orchestra.run.smithi081.stdout:/usr/bin/ceph: stderr
2024-05-08T23:56:41.089+0000 7f9efb488700 1 -- --> [v2:172.21.15.81:3300/0,v1:172.21.15.81:6789/0] -- mon_getmap magic: 0 v1 -- 0x7f9ef419cca0 con 0x7f9ef4105100
2024-05-08T23:56:47.587 INFO:teuthology.orchestra.run.smithi081.stdout:/usr/bin/ceph: stderr
2024-05-08T23:56:41.089+0000 7f9ef9224700 1 --2- >> [v2:172.21.15.81:3300/0,v1:172.21.15.81:6789/0] conn(0x7f9ef4105100 0x7f9ef419c760 unknown :-1 s=BANNER_CONNECTING pgs=0 cs=0 l=1 rev1=0 crypto rx=0 tx=0 comp rx=0 tx=0)._handle_peer_banner_payload supported=3 required=0
2024-05-08T23:56:47.587 INFO:teuthology.orchestra.run.smithi081.stdout:/usr/bin/ceph: stderr
2024-05-08T23:56:41.089+0000 7f9ef9224700 1 --2- >> [v2:172.21.15.81:3300/0,v1:172.21.15.81:6789/0] conn(0x7f9ef4105100 0x7f9ef419c760 unknown :-1 s=HELLO_CONNECTING pgs=0 cs=0 l=1 rev1=1 crypto rx=0 tx=0 comp rx=0 tx=0).handle_hello peer v2:172.21.15.81:3300/0 says I am v2:172.21.15.81:53328/0 (socket says 172.21.15.81:53328)
2024-05-08T23:56:47.587 INFO:teuthology.orchestra.run.smithi081.stdout:/usr/bin/ceph: stderr
2024-05-08T23:56:41.089+0000 7f9ef9224700 1 -- 172.21.15.81:0/2002279997 learned_addr learned my addr 172.21.15.81:0/2002279997 (peer_addr_for_me v2:172.21.15.81:0/0)
2024-05-08T23:56:47.587 INFO:teuthology.orchestra.run.smithi081.stdout:/usr/bin/ceph: stderr
2024-05-08T23:56:41.089+0000 7f9ef9224700 1 -- 172.21.15.81:0/2002279997 --> [v2:172.21.15.81:3300/0,v1:172.21.15.81:6789/0] -- mon_subscribe({config=0+,monmap=0+}) v3 -- 0x7f9ef0009550 con 0x7f9ef4105100
2024-05-08T23:56:47.587 INFO:teuthology.orchestra.run.smithi081.stdout:/usr/bin/ceph: stderr
2024-05-08T23:56:41.089+0000 7f9ef9224700 1 --2- 172.21.15.81:0/2002279997 >> [v2:172.21.15.81:3300/0,v1:172.21.15.81:6789/0] conn(0x7f9ef4105100 0x7f9ef419c760 secure :-1 s=READY pgs=62 cs=0 l=1 rev1=1 crypto rx=0x7f9ef0011670 tx=0x7f9ef0011a30 comp rx=0 tx=0).ready entity=mon.0 client_cookie=0 server_cookie=0 in_seq=0 out_seq=0
2024-05-08T23:56:47.587 INFO:teuthology.orchestra.run.smithi081.stdout:/usr/bin/ceph: stderr
2024-05-08T23:56:41.090+0000 7f9eea7fc700 1 -- 172.21.15.81:0/2002279997 <== mon.0 v2:172.21.15.81:3300/0 1 ==== mon_map magic: 0 v1 ==== 205+0+0 (secure 0 0 0) 0x7f9ef0003b20 con 0x7f9ef4105100
2024-05-08T23:56:47.587 INFO:teuthology.orchestra.run.smithi081.stdout:/usr/bin/ceph: stderr
2024-05-08T23:56:41.090+0000 7f9efb488700 1 -- 172.21.15.81:0/2002279997 --> [v2:172.21.15.81:3300/0,v1:172.21.15.81:6789/0] -- mon_subscribe({mgrmap=0+}) v3 -- 0x7f9ef419cea0 con 0x7f9ef4105100
2024-05-08T23:56:47.587 INFO:teuthology.orchestra.run.smithi081.stdout:/usr/bin/ceph: stderr
2024-05-08T23:56:41.090+0000 7f9eea7fc700 1 -- 172.21.15.81:0/2002279997 <== mon.0 v2:172.21.15.81:3300/0 2 ==== config(26 keys) v1 ==== 1105+0+0 (secure 0 0 0) 0x7f9ef0003c80 con 0x7f9ef4105100
2024-05-08T23:56:47.588 INFO:teuthology.orchestra.run.smithi081.stdout:/usr/bin/ceph: stderr
2024-05-08T23:56:41.090+0000 7f9eea7fc700 1 -- 172.21.15.81:0/2002279997 <== mon.0 v2:172.21.15.81:3300/0 3 ==== mon_map magic: 0 v1 ==== 205+0+0 (secure 0 0 0) 0x7f9ef0019770 con 0x7f9ef4105100
2024-05-08T23:56:47.588 INFO:teuthology.orchestra.run.smithi081.stdout:/usr/bin/ceph: stderr
2024-05-08T23:56:41.090+0000 7f9efb488700 1 -- 172.21.15.81:0/2002279997 --> [v2:172.21.15.81:3300/0,v1:172.21.15.81:6789/0] -- mon_subscribe({osdmap=0}) v3 -- 0x7f9ef419d340 con 0x7f9ef4105100
2024-05-08T23:56:47.588 INFO:teuthology.orchestra.run.smithi081.stdout:/usr/bin/ceph: stderr
2024-05-08T23:56:41.091+0000 7f9eea7fc700 1 -- 172.21.15.81:0/2002279997 <== mon.0 v2:172.21.15.81:3300/0 4 ==== mgrmap(e 9) v1 ==== 45554+0+0 (secure 0 0 0) 0x7f9ef001ab60 con 0x7f9ef4105100
2024-05-08T23:56:47.588 INFO:teuthology.orchestra.run.smithi081.stdout:/usr/bin/ceph: stderr
2024-05-08T23:56:41.091+0000 7f9eea7fc700 1 --2- 172.21.15.81:0/2002279997 >> [v2:172.21.15.81:6800/4280496150,v1:172.21.15.81:6801/4280496150] conn(0x7f9ee0038750 0x7f9ee003ac10 unknown :-1 s=NONE pgs=0 cs=0 l=1 rev1=0 crypto rx=0 tx=0 comp rx=0 tx=0).connect
2024-05-08T23:56:47.588 INFO:teuthology.orchestra.run.smithi081.stdout:/usr/bin/ceph: stderr
2024-05-08T23:56:41.091+0000 7f9eea7fc700 1 -- 172.21.15.81:0/2002279997 --> [v2:172.21.15.81:6800/4280496150,v1:172.21.15.81:6801/4280496150] -- command(tid 0: {"prefix": "get_command_descriptions"}) v1 -- 0x7f9ee003b320 con 0x7f9ee0038750
2024-05-08T23:56:47.588 INFO:teuthology.orchestra.run.smithi081.stdout:/usr/bin/ceph: stderr
2024-05-08T23:56:41.091+0000 7f9eea7fc700 1 -- 172.21.15.81:0/2002279997 <== mon.0 v2:172.21.15.81:3300/0 5 ==== osd_map(2..2 src has 1..2) v4 ==== 940+0+0 (secure 0 0 0) 0x7f9ef004ca10 con 0x7f9ef4105100
2024-05-08T23:56:47.588 INFO:teuthology.orchestra.run.smithi081.stdout:/usr/bin/ceph: stderr
2024-05-08T23:56:41.091+0000 7f9ef8a23700 1 -- 172.21.15.81:0/2002279997 >> [v2:172.21.15.81:6800/4280496150,v1:172.21.15.81:6801/4280496150] conn(0x7f9ee0038750 msgr2=0x7f9ee003ac10 unknown :-1 s=STATE_CONNECTING_RE l=1).process reconnect failed to v2:172.21.15.81:6800/4280496150
2024-05-08T23:56:47.588 INFO:teuthology.orchestra.run.smithi081.stdout:/usr/bin/ceph: stderr
2024-05-08T23:56:41.091+0000 7f9ef8a23700 1 --2- 172.21.15.81:0/2002279997 >> [v2:172.21.15.81:6800/4280496150,v1:172.21.15.81:6801/4280496150] conn(0x7f9ee0038750 0x7f9ee003ac10 unknown :-1 s=START_CONNECT pgs=0 cs=0 l=1 rev1=0 crypto rx=0 tx=0 comp rx=0 tx=0)._fault waiting 0.200000
2024-05-08T23:56:47.588 INFO:teuthology.orchestra.run.smithi081.stdout:/usr/bin/ceph: stderr
2024-05-08T23:56:41.292+0000 7f9ef8a23700 1 -- 172.21.15.81:0/2002279997 >> [v2:172.21.15.81:6800/4280496150,v1:172.21.15.81:6801/4280496150] conn(0x7f9ee0038750 msgr2=0x7f9ee003ac10 unknown :-1 s=STATE_CONNECTING_RE l=1).process reconnect failed to v2:172.21.15.81:6800/4280496150
2024-05-08T23:56:47.588 INFO:teuthology.orchestra.run.smithi081.stdout:/usr/bin/ceph: stderr
2024-05-08T23:56:41.292+0000 7f9ef8a23700 1 --2- 172.21.15.81:0/2002279997 >> [v2:172.21.15.81:6800/4280496150,v1:172.21.15.81:6801/4280496150] conn(0x7f9ee0038750 0x7f9ee003ac10 unknown :-1 s=START_CONNECT pgs=0 cs=0 l=1 rev1=0 crypto rx=0 tx=0 comp rx=0 tx=0)._fault waiting 0.400000
2024-05-08T23:56:47.588 INFO:teuthology.orchestra.run.smithi081.stdout:/usr/bin/ceph: stderr
2024-05-08T23:56:41.693+0000 7f9ef8a23700 1 -- 172.21.15.81:0/2002279997 >> [v2:172.21.15.81:6800/4280496150,v1:172.21.15.81:6801/4280496150] conn(0x7f9ee0038750 msgr2=0x7f9ee003ac10 unknown :-1 s=STATE_CONNECTING_RE l=1).process reconnect failed to v2:172.21.15.81:6800/4280496150
2024-05-08T23:56:47.589 INFO:teuthology.orchestra.run.smithi081.stdout:/usr/bin/ceph: stderr
2024-05-08T23:56:41.693+0000 7f9ef8a23700 1 --2- 172.21.15.81:0/2002279997 >> [v2:172.21.15.81:6800/4280496150,v1:172.21.15.81:6801/4280496150] conn(0x7f9ee0038750 0x7f9ee003ac10 unknown :-1 s=START_CONNECT pgs=0 cs=0 l=1 rev1=0 crypto rx=0 tx=0 comp rx=0 tx=0)._fault waiting 0.800000
2024-05-08T23:56:47.589 INFO:teuthology.orchestra.run.smithi081.stdout:/usr/bin/ceph: stderr
2024-05-08T23:56:42.494+0000 7f9ef8a23700 1 -- 172.21.15.81:0/2002279997 >> [v2:172.21.15.81:6800/4280496150,v1:172.21.15.81:6801/4280496150] conn(0x7f9ee0038750 msgr2=0x7f9ee003ac10 unknown :-1 s=STATE_CONNECTING_RE l=1).process reconnect failed to v2:172.21.15.81:6800/4280496150
2024-05-08T23:56:47.589 INFO:teuthology.orchestra.run.smithi081.stdout:/usr/bin/ceph: stderr
2024-05-08T23:56:42.494+0000 7f9ef8a23700 1 --2- 172.21.15.81:0/2002279997 >> [v2:172.21.15.81:6800/4280496150,v1:172.21.15.81:6801/4280496150] conn(0x7f9ee0038750 0x7f9ee003ac10 unknown :-1 s=START_CONNECT pgs=0 cs=0 l=1 rev1=0 crypto rx=0 tx=0 comp rx=0 tx=0)._fault waiting 1.600000
2024-05-08T23:56:47.589 INFO:teuthology.orchestra.run.smithi081.stdout:/usr/bin/ceph: stderr
2024-05-08T23:56:44.095+0000 7f9ef8a23700 1 -- 172.21.15.81:0/2002279997 >> [v2:172.21.15.81:6800/4280496150,v1:172.21.15.81:6801/4280496150] conn(0x7f9ee0038750 msgr2=0x7f9ee003ac10 unknown :-1 s=STATE_CONNECTING_RE l=1).process reconnect failed to v2:172.21.15.81:6800/4280496150
2024-05-08T23:56:47.589 INFO:teuthology.orchestra.run.smithi081.stdout:/usr/bin/ceph: stderr
2024-05-08T23:56:44.095+0000 7f9ef8a23700 1 --2- 172.21.15.81:0/2002279997 >> [v2:172.21.15.81:6800/4280496150,v1:172.21.15.81:6801/4280496150] conn(0x7f9ee0038750 0x7f9ee003ac10 unknown :-1 s=START_CONNECT pgs=0 cs=0 l=1 rev1=0 crypto rx=0 tx=0 comp rx=0 tx=0)._fault waiting 3.200000
2024-05-08T23:56:47.589 INFO:teuthology.orchestra.run.smithi081.stdout:/usr/bin/ceph: stderr
2024-05-08T23:56:46.211+0000 7f9eea7fc700 1 -- 172.21.15.81:0/2002279997 <== mon.0 v2:172.21.15.81:3300/0 6 ==== mgrmap(e 10) v1 ==== 45321+0+0 (secure 0 0 0) 0x7f9ef0019a30 con 0x7f9ef4105100
2024-05-08T23:56:47.589 INFO:teuthology.orchestra.run.smithi081.stdout:/usr/bin/ceph: stderr
2024-05-08T23:56:46.211+0000 7f9eea7fc700 1 -- 172.21.15.81:0/2002279997 >> [v2:172.21.15.81:6800/4280496150,v1:172.21.15.81:6801/4280496150] conn(0x7f9ee0038750 msgr2=0x7f9ee003ac10 unknown :-1 s=STATE_CONNECTING l=1).mark_down
2024-05-08T23:56:47.589 INFO:teuthology.orchestra.run.smithi081.stdout:/usr/bin/ceph: stderr
2024-05-08T23:56:46.211+0000 7f9eea7fc700 1 --2- 172.21.15.81:0/2002279997 >> [v2:172.21.15.81:6800/4280496150,v1:172.21.15.81:6801/4280496150] conn(0x7f9ee0038750 0x7f9ee003ac10 unknown :-1 s=START_CONNECT pgs=0 cs=0 l=1 rev1=0 crypto rx=0 tx=0 comp rx=0 tx=0).stop
2024-05-08T23:56:47.589 INFO:teuthology.orchestra.run.smithi081.stdout:/usr/bin/ceph: stderr
2024-05-08T23:56:47.214+0000 7f9eea7fc700 1 -- 172.21.15.81:0/2002279997 <== mon.0 v2:172.21.15.81:3300/0 7 ==== mgrmap(e 11) v1 ==== 45448+0+0 (secure 0 0 0) 0x7f9ef004e670 con 0x7f9ef4105100
2024-05-08T23:56:47.589 INFO:teuthology.orchestra.run.smithi081.stdout:/usr/bin/ceph: stderr
2024-05-08T23:56:47.215+0000 7f9eea7fc700 1 --2- 172.21.15.81:0/2002279997 >> [v2:172.21.15.81:6800/1458411552,v1:172.21.15.81:6801/1458411552] conn(0x7f9ee003bff0 0x7f9ee003e3e0 unknown :-1 s=NONE pgs=0 cs=0 l=1 rev1=0 crypto rx=0 tx=0 comp rx=0 tx=0).connect
2024-05-08T23:56:47.589 INFO:teuthology.orchestra.run.smithi081.stdout:/usr/bin/ceph: stderr
