2024-05-09T00:01:03.592 INFO:teuthology.orchestra.run.smithi046.stdout:/usr/bin/ceph: stderr
2024-05-09T00:01:02.714+0000 7fde99abb700 1 --2- >> [v2:172.21.15.46:3300/0,v1:172.21.15.46:6789/0] conn(0x7fde9407f850 0x7fde9407dc80 unknown :-1 s=NONE pgs=0 cs=0 l=0 rev1=0 crypto rx=0 tx=0 comp rx=0 tx=0).connect
2024-05-09T00:01:03.592 INFO:teuthology.orchestra.run.smithi046.stdout:/usr/bin/ceph: stderr
2024-05-09T00:01:02.714+0000 7fde99abb700 1 -- --> [v2:172.21.15.46:3300/0,v1:172.21.15.46:6789/0] -- mon_getmap magic: 0 -- 0x7fde9407e250 con 0x7fde9407f850
2024-05-09T00:01:03.593 INFO:teuthology.orchestra.run.smithi046.stdout:/usr/bin/ceph: stderr
2024-05-09T00:01:02.714+0000 7fde937fe700 1 --2- >> [v2:172.21.15.46:3300/0,v1:172.21.15.46:6789/0] conn(0x7fde9407f850 0x7fde9407dc80 unknown :-1 s=BANNER_CONNECTING pgs=0 cs=0 l=0 rev1=0 crypto rx=0 tx=0 comp rx=0 tx=0)._handle_peer_banner_payload supported=3 required=0
2024-05-09T00:01:03.593 INFO:teuthology.orchestra.run.smithi046.stdout:/usr/bin/ceph: stderr
2024-05-09T00:01:02.714+0000 7fde937fe700 1 --2- >> [v2:172.21.15.46:3300/0,v1:172.21.15.46:6789/0] conn(0x7fde9407f850 0x7fde9407dc80 unknown :-1 s=HELLO_CONNECTING pgs=0 cs=0 l=0 rev1=1 crypto rx=0 tx=0 comp rx=0 tx=0).handle_hello peer v2:172.21.15.46:3300/0 says I am v2:172.21.15.46:50000/0 (socket says 172.21.15.46:50000)
2024-05-09T00:01:03.593 INFO:teuthology.orchestra.run.smithi046.stdout:/usr/bin/ceph: stderr
2024-05-09T00:01:02.714+0000 7fde937fe700 1 -- 172.21.15.46:0/3344227337 learned_addr learned my addr 172.21.15.46:0/3344227337 (peer_addr_for_me v2:172.21.15.46:0/0)
2024-05-09T00:01:03.593 INFO:teuthology.orchestra.run.smithi046.stdout:/usr/bin/ceph: stderr
2024-05-09T00:01:02.714+0000 7fde937fe700 1 -- 172.21.15.46:0/3344227337 --> [v2:172.21.15.46:3300/0,v1:172.21.15.46:6789/0] -- mon_subscribe({config=0+,monmap=0+}) -- 0x7fde9407e3d0 con 0x7fde9407f850
2024-05-09T00:01:03.593 INFO:teuthology.orchestra.run.smithi046.stdout:/usr/bin/ceph: stderr
2024-05-09T00:01:02.715+0000 7fde937fe700 1 --2- 172.21.15.46:0/3344227337 >> [v2:172.21.15.46:3300/0,v1:172.21.15.46:6789/0] conn(0x7fde9407f850 0x7fde9407dc80 secure :-1 s=READY pgs=59 cs=0 l=1 rev1=1 crypto rx=0x7fde840098a0 tx=0x7fde84009bb0 comp rx=0 tx=0).ready entity=mon.0 client_cookie=bf95c2de04050187 server_cookie=0 in_seq=0 out_seq=0
2024-05-09T00:01:03.593 INFO:teuthology.orchestra.run.smithi046.stdout:/usr/bin/ceph: stderr
2024-05-09T00:01:02.715+0000 7fde927fc700 1 -- 172.21.15.46:0/3344227337 <== mon.0 v2:172.21.15.46:3300/0 1 ==== mon_map magic: 0 ==== 205+0+0 (secure 0 0 0) 0x7fde84004160 con 0x7fde9407f850
2024-05-09T00:01:03.593 INFO:teuthology.orchestra.run.smithi046.stdout:/usr/bin/ceph: stderr
2024-05-09T00:01:02.715+0000 7fde927fc700 1 -- 172.21.15.46:0/3344227337 <== mon.0 v2:172.21.15.46:3300/0 2 ==== config(26 keys) ==== 1101+0+0 (secure 0 0 0) 0x7fde84004300 con 0x7fde9407f850
2024-05-09T00:01:03.593 INFO:teuthology.orchestra.run.smithi046.stdout:/usr/bin/ceph: stderr
2024-05-09T00:01:02.715+0000 7fde927fc700 1 -- 172.21.15.46:0/3344227337 <== mon.0 v2:172.21.15.46:3300/0 3 ==== mon_map magic: 0 ==== 205+0+0 (secure 0 0 0) 0x7fde84011a20 con 0x7fde9407f850
2024-05-09T00:01:03.593 INFO:teuthology.orchestra.run.smithi046.stdout:/usr/bin/ceph: stderr
2024-05-09T00:01:02.716+0000 7fde99abb700 1 -- 172.21.15.46:0/3344227337 >> [v2:172.21.15.46:3300/0,v1:172.21.15.46:6789/0] conn(0x7fde9407f850 msgr2=0x7fde9407dc80 secure :-1 s=STATE_CONNECTION_ESTABLISHED l=1).mark_down
2024-05-09T00:01:03.594 INFO:teuthology.orchestra.run.smithi046.stdout:/usr/bin/ceph: stderr
2024-05-09T00:01:02.716+0000 7fde99abb700 1 --2- 172.21.15.46:0/3344227337 >> [v2:172.21.15.46:3300/0,v1:172.21.15.46:6789/0] conn(0x7fde9407f850 0x7fde9407dc80 secure :-1 s=READY pgs=59 cs=0 l=1 rev1=1 crypto rx=0x7fde840098a0 tx=0x7fde84009bb0 comp rx=0 tx=0).stop
2024-05-09T00:01:03.594 INFO:teuthology.orchestra.run.smithi046.stdout:/usr/bin/ceph: stderr
2024-05-09T00:01:02.716+0000 7fde99abb700 1 -- 172.21.15.46:0/3344227337 shutdown_connections
2024-05-09T00:01:03.594 INFO:teuthology.orchestra.run.smithi046.stdout:/usr/bin/ceph: stderr
2024-05-09T00:01:02.716+0000 7fde99abb700 1 --2- 172.21.15.46:0/3344227337 >> [v2:172.21.15.46:3300/0,v1:172.21.15.46:6789/0] conn(0x7fde9407f850 0x7fde9407dc80 unknown :-1 s=CLOSED pgs=59 cs=0 l=1 rev1=1 crypto rx=0 tx=0 comp rx=0 tx=0).stop
2024-05-09T00:01:03.594 INFO:teuthology.orchestra.run.smithi046.stdout:/usr/bin/ceph: stderr
2024-05-09T00:01:02.716+0000 7fde99abb700 1 -- 172.21.15.46:0/3344227337 >> 172.21.15.46:0/3344227337 conn(0x7fde94105160 msgr2=0x7fde941075b0 unknown :-1 s=STATE_NONE l=0).mark_down
2024-05-09T00:01:03.594 INFO:teuthology.orchestra.run.smithi046.stdout:/usr/bin/ceph: stderr
2024-05-09T00:01:02.716+0000 7fde99abb700 1 -- 172.21.15.46:0/3344227337 shutdown_connections
2024-05-09T00:01:03.594 INFO:teuthology.orchestra.run.smithi046.stdout:/usr/bin/ceph: stderr
2024-05-09T00:01:02.716+0000 7fde99abb700 1 -- 172.21.15.46:0/3344227337 wait complete.
2024-05-09T00:01:03.594 INFO:teuthology.orchestra.run.smithi046.stdout:/usr/bin/ceph: stderr
2024-05-09T00:01:02.717+0000 7fde99abb700 1 Processor -- start
2024-05-09T00:01:03.594 INFO:teuthology.orchestra.run.smithi046.stdout:/usr/bin/ceph: stderr
2024-05-09T00:01:02.717+0000 7fde99abb700 1 -- start start
2024-05-09T00:01:03.595 INFO:teuthology.orchestra.run.smithi046.stdout:/usr/bin/ceph: stderr
2024-05-09T00:01:02.717+0000 7fde99abb700 1 --2- >> [v2:172.21.15.46:3300/0,v1:172.21.15.46:6789/0] conn(0x7fde9407f850 0x7fde941a0050 unknown :-1 s=NONE pgs=0 cs=0 l=1 rev1=0 crypto rx=0 tx=0 comp rx=0 tx=0).connect
2024-05-09T00:01:03.595 INFO:teuthology.orchestra.run.smithi046.stdout:/usr/bin/ceph: stderr
2024-05-09T00:01:02.717+0000 7fde99abb700 1 -- --> [v2:172.21.15.46:3300/0,v1:172.21.15.46:6789/0] -- mon_getmap magic: 0 -- 0x7fde941100a0 con 0x7fde9407f850
2024-05-09T00:01:03.595 INFO:teuthology.orchestra.run.smithi046.stdout:/usr/bin/ceph: stderr
2024-05-09T00:01:02.718+0000 7fde937fe700 1 --2- >> [v2:172.21.15.46:3300/0,v1:172.21.15.46:6789/0] conn(0x7fde9407f850 0x7fde941a0050 unknown :-1 s=BANNER_CONNECTING pgs=0 cs=0 l=1 rev1=0 crypto rx=0 tx=0 comp rx=0 tx=0)._handle_peer_banner_payload supported=3 required=0
2024-05-09T00:01:03.595 INFO:teuthology.orchestra.run.smithi046.stdout:/usr/bin/ceph: stderr
2024-05-09T00:01:02.718+0000 7fde937fe700 1 --2- >> [v2:172.21.15.46:3300/0,v1:172.21.15.46:6789/0] conn(0x7fde9407f850 0x7fde941a0050 unknown :-1 s=HELLO_CONNECTING pgs=0 cs=0 l=1 rev1=1 crypto rx=0 tx=0 comp rx=0 tx=0).handle_hello peer v2:172.21.15.46:3300/0 says I am v2:172.21.15.46:50010/0 (socket says 172.21.15.46:50010)
2024-05-09T00:01:03.595 INFO:teuthology.orchestra.run.smithi046.stdout:/usr/bin/ceph: stderr
2024-05-09T00:01:02.718+0000 7fde937fe700 1 -- 172.21.15.46:0/4056271177 learned_addr learned my addr 172.21.15.46:0/4056271177 (peer_addr_for_me v2:172.21.15.46:0/0)
2024-05-09T00:01:03.595 INFO:teuthology.orchestra.run.smithi046.stdout:/usr/bin/ceph: stderr
2024-05-09T00:01:02.718+0000 7fde937fe700 1 -- 172.21.15.46:0/4056271177 --> [v2:172.21.15.46:3300/0,v1:172.21.15.46:6789/0] -- mon_subscribe({config=0+,monmap=0+}) -- 0x7fde941a0590 con 0x7fde9407f850
2024-05-09T00:01:03.595 INFO:teuthology.orchestra.run.smithi046.stdout:/usr/bin/ceph: stderr
2024-05-09T00:01:02.718+0000 7fde937fe700 1 --2- 172.21.15.46:0/4056271177 >> [v2:172.21.15.46:3300/0,v1:172.21.15.46:6789/0] conn(0x7fde9407f850 0x7fde941a0050 secure :-1 s=READY pgs=60 cs=0 l=1 rev1=1 crypto rx=0x7fde84009520 tx=0x7fde84011aa0 comp rx=0 tx=0).ready entity=mon.0 client_cookie=0 server_cookie=0 in_seq=0 out_seq=0
2024-05-09T00:01:03.595 INFO:teuthology.orchestra.run.smithi046.stdout:/usr/bin/ceph: stderr
2024-05-09T00:01:02.718+0000 7fde90ff9700 1 -- 172.21.15.46:0/4056271177 <== mon.0 v2:172.21.15.46:3300/0 1 ==== mon_map magic: 0 ==== 205+0+0 (secure 0 0 0) 0x7fde840039e0 con 0x7fde9407f850
2024-05-09T00:01:03.595 INFO:teuthology.orchestra.run.smithi046.stdout:/usr/bin/ceph: stderr
2024-05-09T00:01:02.718+0000 7fde90ff9700 1 -- 172.21.15.46:0/4056271177 <== mon.0 v2:172.21.15.46:3300/0 2 ==== config(26 keys) ==== 1101+0+0 (secure 0 0 0) 0x7fde8401b8f0 con 0x7fde9407f850
2024-05-09T00:01:03.596 INFO:teuthology.orchestra.run.smithi046.stdout:/usr/bin/ceph: stderr
2024-05-09T00:01:02.718+0000 7fde99abb700 1 -- 172.21.15.46:0/4056271177 --> [v2:172.21.15.46:3300/0,v1:172.21.15.46:6789/0] -- mon_subscribe({mgrmap=0+}) -- 0x7fde941a0820 con 0x7fde9407f850
2024-05-09T00:01:03.596 INFO:teuthology.orchestra.run.smithi046.stdout:/usr/bin/ceph: stderr
2024-05-09T00:01:02.718+0000 7fde90ff9700 1 -- 172.21.15.46:0/4056271177 <== mon.0 v2:172.21.15.46:3300/0 3 ==== mon_map magic: 0 ==== 205+0+0 (secure 0 0 0) 0x7fde840197d0 con 0x7fde9407f850
2024-05-09T00:01:03.596 INFO:teuthology.orchestra.run.smithi046.stdout:/usr/bin/ceph: stderr
2024-05-09T00:01:02.719+0000 7fde99abb700 1 -- 172.21.15.46:0/4056271177 --> [v2:172.21.15.46:3300/0,v1:172.21.15.46:6789/0] -- mon_subscribe({osdmap=0}) -- 0x7fde941a3430 con 0x7fde9407f850
2024-05-09T00:01:03.596 INFO:teuthology.orchestra.run.smithi046.stdout:/usr/bin/ceph: stderr
2024-05-09T00:01:02.719+0000 7fde90ff9700 1 -- 172.21.15.46:0/4056271177 <== mon.0 v2:172.21.15.46:3300/0 4 ==== mgrmap(e 9) ==== 50235+0+0 (secure 0 0 0) 0x7fde84019a90 con 0x7fde9407f850
2024-05-09T00:01:03.596 INFO:teuthology.orchestra.run.smithi046.stdout:/usr/bin/ceph: stderr
2024-05-09T00:01:02.720+0000 7fde90ff9700 1 --2- 172.21.15.46:0/4056271177 >> [v2:172.21.15.46:6800/1620504773,v1:172.21.15.46:6801/1620504773] conn(0x7fde7c03e4c0 0x7fde7c0409d0 unknown :-1 s=NONE pgs=0 cs=0 l=1 rev1=0 crypto rx=0 tx=0 comp rx=0 tx=0).connect
2024-05-09T00:01:03.596 INFO:teuthology.orchestra.run.smithi046.stdout:/usr/bin/ceph: stderr
2024-05-09T00:01:02.720+0000 7fde99abb700 1 -- 172.21.15.46:0/4056271177 --> [v2:172.21.15.46:3300/0,v1:172.21.15.46:6789/0] -- mon_command({"prefix": "get_command_descriptions"} v 0) -- 0x7fde94064e20 con 0x7fde9407f850
2024-05-09T00:01:03.596 INFO:teuthology.orchestra.run.smithi046.stdout:/usr/bin/ceph: stderr
2024-05-09T00:01:02.720+0000 7fde92ffd700 1 -- 172.21.15.46:0/4056271177 >> [v2:172.21.15.46:6800/1620504773,v1:172.21.15.46:6801/1620504773] conn(0x7fde7c03e4c0 msgr2=0x7fde7c0409d0 unknown :-1 s=STATE_CONNECTING_RE l=1).process reconnect failed to v2:172.21.15.46:6800/1620504773
2024-05-09T00:01:03.596 INFO:teuthology.orchestra.run.smithi046.stdout:/usr/bin/ceph: stderr
2024-05-09T00:01:02.720+0000 7fde92ffd700 1 --2- 172.21.15.46:0/4056271177 >> [v2:172.21.15.46:6800/1620504773,v1:172.21.15.46:6801/1620504773] conn(0x7fde7c03e4c0 0x7fde7c0409d0 unknown :-1 s=START_CONNECT pgs=0 cs=0 l=1 rev1=0 crypto rx=0 tx=0 comp rx=0 tx=0)._fault waiting 0.200000
2024-05-09T00:01:03.596 INFO:teuthology.orchestra.run.smithi046.stdout:/usr/bin/ceph: stderr
2024-05-09T00:01:02.720+0000 7fde90ff9700 1 -- 172.21.15.46:0/4056271177 <== mon.0 v2:172.21.15.46:3300/0 5 ==== osd_map(2..2 src has 1..2) ==== 940+0+0 (secure 0 0 0) 0x7fde84054f60 con 0x7fde9407f850
2024-05-09T00:01:03.597 INFO:teuthology.orchestra.run.smithi046.stdout:/usr/bin/ceph: stderr
2024-05-09T00:01:02.729+0000 7fde90ff9700 1 -- 172.21.15.46:0/4056271177 <== mon.0 v2:172.21.15.46:3300/0 6 ==== mon_command_ack([{"prefix": "get_command_descriptions"}]=0 v0) ==== 72+0+191963 (secure 0 0 0) 0x7fde8401f030 con 0x7fde9407f850
2024-05-09T00:01:03.597 INFO:teuthology.orchestra.run.smithi046.stdout:/usr/bin/ceph: stderr
2024-05-09T00:01:02.921+0000 7fde92ffd700 1 -- 172.21.15.46:0/4056271177 >> [v2:172.21.15.46:6800/1620504773,v1:172.21.15.46:6801/1620504773] conn(0x7fde7c03e4c0 msgr2=0x7fde7c0409d0 unknown :-1 s=STATE_CONNECTING_RE l=1).process reconnect failed to v2:172.21.15.46:6800/1620504773
2024-05-09T00:01:03.597 INFO:teuthology.orchestra.run.smithi046.stdout:/usr/bin/ceph: stderr
2024-05-09T00:01:02.921+0000 7fde92ffd700 1 --2- 172.21.15.46:0/4056271177 >> [v2:172.21.15.46:6800/1620504773,v1:172.21.15.46:6801/1620504773] conn(0x7fde7c03e4c0 0x7fde7c0409d0 unknown :-1 s=START_CONNECT pgs=0 cs=0 l=1 rev1=0 crypto rx=0 tx=0 comp rx=0 tx=0)._fault waiting 0.400000
2024-05-09T00:01:03.597 INFO:teuthology.orchestra.run.smithi046.stdout:/usr/bin/ceph: stderr
2024-05-09T00:01:03.047+0000 7fde99abb700 1 -- 172.21.15.46:0/4056271177 --> [v2:172.21.15.46:3300/0,v1:172.21.15.46:6789/0] -- mon_command({"prefix": "mgr stat"} v 0) -- 0x7fde941a3600 con 0x7fde9407f850
2024-05-09T00:01:03.597 INFO:teuthology.orchestra.run.smithi046.stdout:/usr/bin/ceph: stderr
2024-05-09T00:01:03.047+0000 7fde90ff9700 1 -- 172.21.15.46:0/4056271177 <== mon.0 v2:172.21.15.46:3300/0 7 ==== mon_command_ack([{"prefix": "mgr stat"}]=0 v9) ==== 56+0+88 (secure 0 0 0) 0x7fde8400e260 con 0x7fde9407f850
2024-05-09T00:01:03.597 INFO:teuthology.orchestra.run.smithi046.stdout:/usr/bin/ceph: stderr
2024-05-09T00:01:03.050+0000 7fde99abb700 1 -- 172.21.15.46:0/4056271177 >> [v2:172.21.15.46:6800/1620504773,v1:172.21.15.46:6801/1620504773] conn(0x7fde7c03e4c0 msgr2=0x7fde7c0409d0 unknown :-1 s=STATE_CONNECTING l=1).mark_down
2024-05-09T00:01:03.597 INFO:teuthology.orchestra.run.smithi046.stdout:/usr/bin/ceph: stderr
2024-05-09T00:01:03.050+0000 7fde99abb700 1 --2- 172.21.15.46:0/4056271177 >> [v2:172.21.15.46:6800/1620504773,v1:172.21.15.46:6801/1620504773] conn(0x7fde7c03e4c0 0x7fde7c0409d0 unknown :-1 s=START_CONNECT pgs=0 cs=0 l=1 rev1=0 crypto rx=0 tx=0 comp rx=0 tx=0).stop
2024-05-09T00:01:03.597 INFO:teuthology.orchestra.run.smithi046.stdout:/usr/bin/ceph: stderr
2024-05-09T00:01:03.050+0000 7fde99abb700 1 -- 172.21.15.46:0/4056271177 >> [v2:172.21.15.46:3300/0,v1:172.21.15.46:6789/0] conn(0x7fde9407f850 msgr2=0x7fde941a0050 secure :-1 s=STATE_CONNECTION_ESTABLISHED l=1).mark_down
2024-05-09T00:01:03.597 INFO:teuthology.orchestra.run.smithi046.stdout:/usr/bin/ceph: stderr
2024-05-09T00:01:03.050+0000 7fde99abb700 1 --2- 172.21.15.46:0/4056271177 >> [v2:172.21.15.46:3300/0,v1:172.21.15.46:6789/0] conn(0x7fde9407f850 0x7fde941a0050 secure :-1 s=READY pgs=60 cs=0 l=1 rev1=1 crypto rx=0x7fde84009520 tx=0x7fde84011aa0 comp rx=0 tx=0).stop
2024-05-09T00:01:03.598 INFO:teuthology.orchestra.run.smithi046.stdout:/usr/bin/ceph: stderr
2024-05-09T00:01:03.050+0000 7fde99abb700 1 -- 172.21.15.46:0/4056271177 shutdown_connections
2024-05-09T00:01:03.598 INFO:teuthology.orchestra.run.smithi046.stdout:/usr/bin/ceph: stderr
2024-05-09T00:01:03.050+0000 7fde99abb700 1 --2- 172.21.15.46:0/4056271177 >> [v2:172.21.15.46:6800/1620504773,v1:172.21.15.46:6801/1620504773] conn(0x7fde7c03e4c0 0x7fde7c0409d0 unknown :-1 s=CLOSED pgs=0 cs=0 l=1 rev1=0 crypto rx=0 tx=0 comp rx=0 tx=0).stop
2024-05-09T00:01:03.598 INFO:teuthology.orchestra.run.smithi046.stdout:/usr/bin/ceph: stderr
2024-05-09T00:01:03.050+0000 7fde99abb700 1 --2- 172.21.15.46:0/4056271177 >> [v2:172.21.15.46:3300/0,v1:172.21.15.46:6789/0] conn(0x7fde9407f850 0x7fde941a0050 unknown :-1 s=CLOSED pgs=60 cs=0 l=1 rev1=1 crypto rx=0 tx=0 comp rx=0 tx=0).stop
2024-05-09T00:01:03.598 INFO:teuthology.orchestra.run.smithi046.stdout:/usr/bin/ceph: stderr
2024-05-09T00:01:03.050+0000 7fde99abb700 1 -- 172.21.15.46:0/4056271177 >> 172.21.15.46:0/4056271177 conn(0x7fde94105160 msgr2=0x7fde94106b00 unknown :-1 s=STATE_NONE l=0).mark_down
2024-05-09T00:01:03.598 INFO:teuthology.orchestra.run.smithi046.stdout:/usr/bin/ceph: stderr
2024-05-09T00:01:03.050+0000 7fde99abb700 1 -- 172.21.15.46:0/4056271177 shutdown_connections
2024-05-09T00:01:03.598 INFO:teuthology.orchestra.run.smithi046.stdout:/usr/bin/ceph: stderr
2024-05-09T00:01:03.050+0000 7fde99abb700 1 -- 172.21.15.46:0/4056271177 wait complete.
2024-05-09T00:01:03.598 INFO:teuthology.orchestra.run.smithi046.stdout:Waiting for the mgr to restart...
2024-05-09T00:01:03.598 INFO:teuthology.orchestra.run.smithi046.stdout:Waiting for mgr epoch 9...
2024-05-09T00:01:03.709 INFO:journalctl@ceph.mon.a.smithi046.stdout:May 09 00:01:03 smithi046 ceph-mon[30151]: from='client.? 172.21.15.46:0/4056271177' entity='client.admin' cmd=[{"prefix": "mgr stat"}]: dispatch
2024-05-09T00:01:04.024 INFO:journalctl@ceph.mgr.x.smithi046.stdout:May 09 00:01:03 smithi046 ceph-eec67860-0d96-11ef-bc97-c7b262605968-mgr-x[30382]:
2024-05-09T00:01:03.843+0000 7f17ae77a200 -1 mgr[py] Module telegraf has missing NOTIFY_TYPES member
2024-05-09T00:01:04.307 INFO:journalctl@ceph.mgr.x.smithi046.stdout:May 09 00:01:04 smithi046 ceph-eec67860-0d96-11ef-bc97-c7b262605968-mgr-x[30382]:
2024-05-09T00:01:04.033+0000 7f17ae77a200 -1 mgr[py] Module osd_support has missing NOTIFY_TYPES member
2024-05-09T00:01:04.307 INFO:journalctl@ceph.mgr.x.smithi046.stdout:May 09 00:01:04 smithi046 ceph-eec67860-0d96-11ef-bc97-c7b262605968-mgr-x[30382]:
2024-05-09T00:01:04.215+0000 7f17ae77a200 -1 mgr[py] Module iostat has missing NOTIFY_TYPES member
2024-05-09T00:01:04.807 INFO:journalctl@ceph.mgr.x.smithi046.stdout:May 09 00:01:04 smithi046 ceph-eec67860-0d96-11ef-bc97-c7b262605968-mgr-x[30382]:
2024-05-09T00:01:04.526+0000 7f17ae77a200 -1 mgr[py] Module alerts has missing NOTIFY_TYPES member
2024-05-09T00:01:04.807 INFO:journalctl@ceph.mgr.x.smithi046.stdout:May 09 00:01:04 smithi046 ceph-eec67860-0d96-11ef-bc97-c7b262605968-mgr-x[30382]:
2024-05-09T00:01:04.625+0000 7f17ae77a200 -1 mgr[py] Module selftest has missing NOTIFY_TYPES member
2024-05-09T00:01:05.307 INFO:journalctl@ceph.mgr.x.smithi046.stdout:May 09 00:01:04 smithi046 ceph-eec67860-0d96-11ef-bc97-c7b262605968-mgr-x[30382]:
2024-05-09T00:01:04.839+0000 7f17ae77a200 -1 mgr[py] Module pg_autoscaler has missing NOTIFY_TYPES member
2024-05-09T00:01:05.307 INFO:journalctl@ceph.mgr.x.smithi046.stdout:May 09 00:01:05 smithi046 ceph-eec67860-0d96-11ef-bc97-c7b262605968-mgr-x[30382]:
2024-05-09T00:01:05.045+0000 7f17ae77a200 -1 mgr[py] Module test_orchestrator has missing NOTIFY_TYPES member
2024-05-09T00:01:05.806 INFO:journalctl@ceph.mgr.x.smithi046.stdout:May 09 00:01:05 smithi046 ceph-eec67860-0d96-11ef-bc97-c7b262605968-mgr-x[30382]:
2024-05-09T00:01:05.685+0000 7f17ae77a200 -1 mgr[py] Module rook has missing NOTIFY_TYPES member
2024-05-09T00:01:06.306 INFO:journalctl@ceph.mgr.x.smithi046.stdout:May 09 00:01:05 smithi046 ceph-eec67860-0d96-11ef-bc97-c7b262605968-mgr-x[30382]:
2024-05-09T00:01:05.923+0000 7f17ae77a200 -1 mgr[py] Module smb has missing NOTIFY_TYPES member
2024-05-09T00:01:06.806 INFO:journalctl@ceph.mgr.x.smithi046.stdout:May 09 00:01:06 smithi046 ceph-eec67860-0d96-11ef-bc97-c7b262605968-mgr-x[30382]:
2024-05-09T00:01:06.378+0000 7f17ae77a200 -1 mgr[py] Module volumes has missing NOTIFY_TYPES member
2024-05-09T00:01:06.807 INFO:journalctl@ceph.mgr.x.smithi046.stdout:May 09 00:01:06 smithi046 ceph-eec67860-0d96-11ef-bc97-c7b262605968-mgr-x[30382]:
2024-05-09T00:01:06.482+0000 7f17ae77a200 -1 mgr[py] Module crash has missing NOTIFY_TYPES member
2024-05-09T00:01:07.251 INFO:journalctl@ceph.mgr.x.smithi046.stdout:May 09 00:01:06 smithi046 ceph-eec67860-0d96-11ef-bc97-c7b262605968-mgr-x[30382]:
2024-05-09T00:01:06.873+0000 7f17ae77a200 -1 mgr[py] Module rgw has missing NOTIFY_TYPES member
2024-05-09T00:01:07.251 INFO:journalctl@ceph.mgr.x.smithi046.stdout:May 09 00:01:07 smithi046 ceph-eec67860-0d96-11ef-bc97-c7b262605968-mgr-x[30382]:
2024-05-09T00:01:07.256+0000 7f17ae77a200 -1 mgr[py] Module prometheus has missing NOTIFY_TYPES member
2024-05-09T00:01:07.556 INFO:journalctl@ceph.mgr.x.smithi046.stdout:May 09 00:01:07 smithi046 ceph-eec67860-0d96-11ef-bc97-c7b262605968-mgr-x[30382]:
2024-05-09T00:01:07.356+0000 7f17ae77a200 -1 mgr[py] Module devicehealth has missing NOTIFY_TYPES member
2024-05-09T00:01:08.057 INFO:journalctl@ceph.mgr.x.smithi046.stdout:May 09 00:01:07 smithi046 ceph-eec67860-0d96-11ef-bc97-c7b262605968-mgr-x[30382]:
2024-05-09T00:01:07.618+0000 7f17ae77a200 -1 mgr[py] Module telemetry has missing NOTIFY_TYPES member
2024-05-09T00:01:08.057 INFO:journalctl@ceph.mgr.x.smithi046.stdout:May 09 00:01:07 smithi046 ceph-eec67860-0d96-11ef-bc97-c7b262605968-mgr-x[30382]:
2024-05-09T00:01:07.763+0000 7f17ae77a200 -1 mgr[py] Module diskprediction_local has missing NOTIFY_TYPES member
2024-05-09T00:01:08.057 INFO:journalctl@ceph.mgr.x.smithi046.stdout:May 09 00:01:07 smithi046 ceph-eec67860-0d96-11ef-bc97-c7b262605968-mgr-x[30382]:
2024-05-09T00:01:07.867+0000 7f17ae77a200 -1 mgr[py] Module osd_perf_query has missing NOTIFY_TYPES member
2024-05-09T00:01:08.557 INFO:journalctl@ceph.mgr.x.smithi046.stdout:May 09 00:01:08 smithi046 ceph-eec67860-0d96-11ef-bc97-c7b262605968-mgr-x[30382]:
2024-05-09T00:01:08.209+0000 7f17ae77a200 -1 mgr[py] Module rbd_support has missing NOTIFY_TYPES member
2024-05-09T00:01:08.557 INFO:journalctl@ceph.mgr.x.smithi046.stdout:May 09 00:01:08 smithi046 ceph-eec67860-0d96-11ef-bc97-c7b262605968-mgr-x[30382]:
2024-05-09T00:01:08.310+0000 7f17ae77a200 -1 mgr[py] Module zabbix has missing NOTIFY_TYPES member
2024-05-09T00:01:09.236 INFO:journalctl@ceph.mgr.x.smithi046.stdout:May 09 00:01:08 smithi046 ceph-eec67860-0d96-11ef-bc97-c7b262605968-mgr-x[30382]:
2024-05-09T00:01:08.955+0000 7f17ae77a200 -1 mgr[py] Module status has missing NOTIFY_TYPES member
2024-05-09T00:01:09.236 INFO:journalctl@ceph.mgr.x.smithi046.stdout:May 09 00:01:09 smithi046 ceph-eec67860-0d96-11ef-bc97-c7b262605968-mgr-x[30382]:
2024-05-09T00:01:09.188+0000 7f17ae77a200 -1 mgr[py] Module nfs has missing NOTIFY_TYPES member
2024-05-09T00:01:09.544 INFO:journalctl@ceph.mon.a.smithi046.stdout:May 09 00:01:09 smithi046 ceph-mon[30151]: Active manager daemon x restarted
2024-05-09T00:01:09.545 INFO:journalctl@ceph.mon.a.smithi046.stdout:May 09 00:01:09 smithi046 ceph-mon[30151]: Activating manager daemon x
2024-05-09T00:01:09.545 INFO:journalctl@ceph.mon.a.smithi046.stdout:May 09 00:01:09 smithi046 ceph-mon[30151]: osdmap e3: 0 total, 0 up, 0 in
2024-05-09T00:01:09.545 INFO:journalctl@ceph.mon.a.smithi046.stdout:May 09 00:01:09 smithi046 ceph-mon[30151]: mgrmap e10: x(active, starting, since 0.0039525s)
2024-05-09T00:01:09.545 INFO:journalctl@ceph.mon.a.smithi046.stdout:May 09 00:01:09 smithi046 ceph-mon[30151]: from='mgr.14152 172.21.15.46:0/4112106728' entity='mgr.x' cmd=[{"prefix": "mon metadata", "id": "a"}]: dispatch
2024-05-09T00:01:09.545 INFO:journalctl@ceph.mon.a.smithi046.stdout:May 09 00:01:09 smithi046 ceph-mon[30151]: from='mgr.14152 172.21.15.46:0/4112106728' entity='mgr.x' cmd=[{"prefix": "mgr metadata", "who": "x", "id": "x"}]: dispatch
2024-05-09T00:01:09.545 INFO:journalctl@ceph.mon.a.smithi046.stdout:May 09 00:01:09 smithi046 ceph-mon[30151]: from='mgr.14152 172.21.15.46:0/4112106728' entity='mgr.x' cmd=[{"prefix": "mds metadata"}]: dispatch
2024-05-09T00:01:09.545 INFO:journalctl@ceph.mon.a.smithi046.stdout:May 09 00:01:09 smithi046 ceph-mon[30151]: from='mgr.14152 172.21.15.46:0/4112106728' entity='mgr.x' cmd=[{"prefix": "osd metadata"}]: dispatch
2024-05-09T00:01:09.545 INFO:journalctl@ceph.mon.a.smithi046.stdout:May 09 00:01:09 smithi046 ceph-mon[30151]: from='mgr.14152 172.21.15.46:0/4112106728' entity='mgr.x' cmd=[{"prefix": "mon metadata"}]: dispatch
2024-05-09T00:01:09.545 INFO:journalctl@ceph.mon.a.smithi046.stdout:May 09 00:01:09 smithi046 ceph-mon[30151]: Manager daemon x is now available
2024-05-09T00:01:09.545 INFO:journalctl@ceph.mon.a.smithi046.stdout:May 09 00:01:09 smithi046 ceph-mon[30151]: from='mgr.14152 172.21.15.46:0/4112106728' entity='mgr.x' cmd=[{"prefix": "config dump", "format": "json"}]: dispatch
2024-05-09T00:01:10.405 INFO:journalctl@ceph.mon.a.smithi046.stdout:May 09 00:01:10 smithi046 ceph-mon[30151]: from='mgr.14152 172.21.15.46:0/4112106728' entity='mgr.x' cmd=[{"prefix":"config rm","who":"mgr","name":"mgr/rbd_support/x/mirror_snapshot_schedule"}]: dispatch
2024-05-09T00:01:10.406 INFO:journalctl@ceph.mon.a.smithi046.stdout:May 09 00:01:10 smithi046 ceph-mon[30151]: from='mgr.14152 172.21.15.46:0/4112106728' entity='mgr.x' cmd=[{"prefix":"config rm","who":"mgr","name":"mgr/rbd_support/x/trash_purge_schedule"}]: dispatch
2024-05-09T00:01:10.406 INFO:journalctl@ceph.mon.a.smithi046.stdout:May 09 00:01:10 smithi046 ceph-mon[30151]: mgrmap e11: x(active, since 1.00792s)
2024-05-09T00:01:11.032 INFO:teuthology.orchestra.run.smithi046.stdout:/usr/bin/ceph: stdout {
2024-05-09T00:01:11.032 INFO:teuthology.orchestra.run.smithi046.stdout:/usr/bin/ceph: stdout "mgrmap_epoch": 11,
2024-05-09T00:01:11.032 INFO:teuthology.orchestra.run.smithi046.stdout:/usr/bin/ceph: stdout "initialized": true
2024-05-09T00:01:11.032 INFO:teuthology.orchestra.run.smithi046.stdout:/usr/bin/ceph: stdout }
2024-05-09T00:01:11.032 INFO:teuthology.orchestra.run.smithi046.stdout:/usr/bin/ceph: stderr
2024-05-09T00:01:04.060+0000 7f76ceccc700 1 Processor -- start
2024-05-09T00:01:11.032 INFO:teuthology.orchestra.run.smithi046.stdout:/usr/bin/ceph: stderr
2024-05-09T00:01:04.061+0000 7f76ceccc700 1 -- start start
2024-05-09T00:01:11.033 INFO:teuthology.orchestra.run.smithi046.stdout:/usr/bin/ceph: stderr
2024-05-09T00:01:04.061+0000 7f76ceccc700 1 --2- >> [v2:172.21.15.46:3300/0,v1:172.21.15.46:6789/0] conn(0x7f76c8109a40 0x7f76c8109e50 unknown :-1 s=NONE pgs=0 cs=0 l=0 rev1=0 crypto rx=0 tx=0 comp rx=0 tx=0).connect
2024-05-09T00:01:11.033 INFO:teuthology.orchestra.run.smithi046.stdout:/usr/bin/ceph: stderr
2024-05-09T00:01:04.061+0000 7f76ceccc700 1 -- --> [v2:172.21.15.46:3300/0,v1:172.21.15.46:6789/0] -- mon_getmap magic: 0 -- 0x7f76c810a440 con 0x7f76c8109a40
2024-05-09T00:01:11.033 INFO:teuthology.orchestra.run.smithi046.stdout:/usr/bin/ceph: stderr
2024-05-09T00:01:04.061+0000 7f76cca68700 1 --2- >> [v2:172.21.15.46:3300/0,v1:172.21.15.46:6789/0] conn(0x7f76c8109a40 0x7f76c8109e50 unknown :-1 s=BANNER_CONNECTING pgs=0 cs=0 l=0 rev1=0 crypto rx=0 tx=0 comp rx=0 tx=0)._handle_peer_banner_payload supported=3 required=0
2024-05-09T00:01:11.033 INFO:teuthology.orchestra.run.smithi046.stdout:/usr/bin/ceph: stderr
2024-05-09T00:01:04.061+0000 7f76cca68700 1 --2- >> [v2:172.21.15.46:3300/0,v1:172.21.15.46:6789/0] conn(0x7f76c8109a40 0x7f76c8109e50 unknown :-1 s=HELLO_CONNECTING pgs=0 cs=0 l=0 rev1=1 crypto rx=0 tx=0 comp rx=0 tx=0).handle_hello peer v2:172.21.15.46:3300/0 says I am v2:172.21.15.46:50022/0 (socket says 172.21.15.46:50022)
2024-05-09T00:01:11.033 INFO:teuthology.orchestra.run.smithi046.stdout:/usr/bin/ceph: stderr
2024-05-09T00:01:04.061+0000 7f76cca68700 1 -- 172.21.15.46:0/2443732155 learned_addr learned my addr 172.21.15.46:0/2443732155 (peer_addr_for_me v2:172.21.15.46:0/0)
2024-05-09T00:01:11.033 INFO:teuthology.orchestra.run.smithi046.stdout:/usr/bin/ceph: stderr
2024-05-09T00:01:04.061+0000 7f76cca68700 1 -- 172.21.15.46:0/2443732155 --> [v2:172.21.15.46:3300/0,v1:172.21.15.46:6789/0] -- mon_subscribe({config=0+,monmap=0+}) -- 0x7f76c810ac10 con 0x7f76c8109a40
2024-05-09T00:01:11.033 INFO:teuthology.orchestra.run.smithi046.stdout:/usr/bin/ceph: stderr
2024-05-09T00:01:04.062+0000 7f76cca68700 1 --2- 172.21.15.46:0/2443732155 >> [v2:172.21.15.46:3300/0,v1:172.21.15.46:6789/0] conn(0x7f76c8109a40 0x7f76c8109e50 secure :-1 s=READY pgs=61 cs=0 l=1 rev1=1 crypto rx=0x7f76bc0098a0 tx=0x7f76bc009bb0 comp rx=0 tx=0).ready entity=mon.0 client_cookie=69b06ce2d4b915a0 server_cookie=0 in_seq=0 out_seq=0
2024-05-09T00:01:11.033 INFO:teuthology.orchestra.run.smithi046.stdout:/usr/bin/ceph: stderr
2024-05-09T00:01:04.062+0000 7f76c77fe700 1 -- 172.21.15.46:0/2443732155 <== mon.0 v2:172.21.15.46:3300/0 1 ==== mon_map magic: 0 ==== 205+0+0 (secure 0 0 0) 0x7f76bc004160 con 0x7f76c8109a40
2024-05-09T00:01:11.033 INFO:teuthology.orchestra.run.smithi046.stdout:/usr/bin/ceph: stderr
2024-05-09T00:01:04.062+0000 7f76c77fe700 1 -- 172.21.15.46:0/2443732155 <== mon.0 v2:172.21.15.46:3300/0 2 ==== config(26 keys) ==== 1101+0+0 (secure 0 0 0) 0x7f76bc004300 con 0x7f76c8109a40
2024-05-09T00:01:11.033 INFO:teuthology.orchestra.run.smithi046.stdout:/usr/bin/ceph: stderr
2024-05-09T00:01:04.062+0000 7f76c77fe700 1 -- 172.21.15.46:0/2443732155 <== mon.0 v2:172.21.15.46:3300/0 3 ==== mon_map magic: 0 ==== 205+0+0 (secure 0 0 0) 0x7f76bc011a20 con 0x7f76c8109a40
2024-05-09T00:01:11.033 INFO:teuthology.orchestra.run.smithi046.stdout:/usr/bin/ceph: stderr
2024-05-09T00:01:04.063+0000 7f76ceccc700 1 -- 172.21.15.46:0/2443732155 >> [v2:172.21.15.46:3300/0,v1:172.21.15.46:6789/0] conn(0x7f76c8109a40 msgr2=0x7f76c8109e50 secure :-1 s=STATE_CONNECTION_ESTABLISHED l=1).mark_down
2024-05-09T00:01:11.033 INFO:teuthology.orchestra.run.smithi046.stdout:/usr/bin/ceph: stderr
2024-05-09T00:01:04.063+0000 7f76ceccc700 1 --2- 172.21.15.46:0/2443732155 >> [v2:172.21.15.46:3300/0,v1:172.21.15.46:6789/0] conn(0x7f76c8109a40 0x7f76c8109e50 secure :-1 s=READY pgs=61 cs=0 l=1 rev1=1 crypto rx=0x7f76bc0098a0 tx=0x7f76bc009bb0 comp rx=0 tx=0).stop
2024-05-09T00:01:11.033 INFO:teuthology.orchestra.run.smithi046.stdout:/usr/bin/ceph: stderr
2024-05-09T00:01:04.063+0000 7f76ceccc700 1 -- 172.21.15.46:0/2443732155 shutdown_connections
2024-05-09T00:01:11.033 INFO:teuthology.orchestra.run.smithi046.stdout:/usr/bin/ceph: stderr
2024-05-09T00:01:04.063+0000 7f76ceccc700 1 --2- 172.21.15.46:0/2443732155 >> [v2:172.21.15.46:3300/0,v1:172.21.15.46:6789/0] conn(0x7f76c8109a40 0x7f76c8109e50 unknown :-1 s=CLOSED pgs=61 cs=0 l=1 rev1=1 crypto rx=0 tx=0 comp rx=0 tx=0).stop
2024-05-09T00:01:11.034 INFO:teuthology.orchestra.run.smithi046.stdout:/usr/bin/ceph: stderr
2024-05-09T00:01:04.063+0000 7f76ceccc700 1 -- 172.21.15.46:0/2443732155 >> 172.21.15.46:0/2443732155 conn(0x7f76c8105160 msgr2=0x7f76c81075b0 unknown :-1 s=STATE_NONE l=0).mark_down
2024-05-09T00:01:11.034 INFO:teuthology.orchestra.run.smithi046.stdout:/usr/bin/ceph: stderr
2024-05-09T00:01:04.063+0000 7f76ceccc700 1 -- 172.21.15.46:0/2443732155 shutdown_connections
2024-05-09T00:01:11.034 INFO:teuthology.orchestra.run.smithi046.stdout:/usr/bin/ceph: stderr
2024-05-09T00:01:04.063+0000 7f76ceccc700 1 -- 172.21.15.46:0/2443732155 wait complete.
2024-05-09T00:01:11.034 INFO:teuthology.orchestra.run.smithi046.stdout:/usr/bin/ceph: stderr
2024-05-09T00:01:04.064+0000 7f76ceccc700 1 Processor -- start
2024-05-09T00:01:11.034 INFO:teuthology.orchestra.run.smithi046.stdout:/usr/bin/ceph: stderr
2024-05-09T00:01:04.064+0000 7f76ceccc700 1 -- start start
2024-05-09T00:01:11.034 INFO:teuthology.orchestra.run.smithi046.stdout:/usr/bin/ceph: stderr
2024-05-09T00:01:04.064+0000 7f76ceccc700 1 --2- >> [v2:172.21.15.46:3300/0,v1:172.21.15.46:6789/0] conn(0x7f76c8109a40 0x7f76c819dea0 unknown :-1 s=NONE pgs=0 cs=0 l=1 rev1=0 crypto rx=0 tx=0 comp rx=0 tx=0).connect
2024-05-09T00:01:11.034 INFO:teuthology.orchestra.run.smithi046.stdout:/usr/bin/ceph: stderr
2024-05-09T00:01:04.064+0000 7f76ceccc700 1 -- --> [v2:172.21.15.46:3300/0,v1:172.21.15.46:6789/0] -- mon_getmap magic: 0 -- 0x7f76c810dfc0 con 0x7f76c8109a40
2024-05-09T00:01:11.034 INFO:teuthology.orchestra.run.smithi046.stdout:/usr/bin/ceph: stderr
2024-05-09T00:01:04.064+0000 7f76cca68700 1 --2- >> [v2:172.21.15.46:3300/0,v1:172.21.15.46:6789/0] conn(0x7f76c8109a40 0x7f76c819dea0 unknown :-1 s=BANNER_CONNECTING pgs=0 cs=0 l=1 rev1=0 crypto rx=0 tx=0 comp rx=0 tx=0)._handle_peer_banner_payload supported=3 required=0
2024-05-09T00:01:11.034 INFO:teuthology.orchestra.run.smithi046.stdout:/usr/bin/ceph: stderr
2024-05-09T00:01:04.064+0000 7f76cca68700 1 --2- >> [v2:172.21.15.46:3300/0,v1:172.21.15.46:6789/0] conn(0x7f76c8109a40 0x7f76c819dea0 unknown :-1 s=HELLO_CONNECTING pgs=0 cs=0 l=1 rev1=1 crypto rx=0 tx=0 comp rx=0 tx=0).handle_hello peer v2:172.21.15.46:3300/0 says I am v2:172.21.15.46:50030/0 (socket says 172.21.15.46:50030)
2024-05-09T00:01:11.034 INFO:teuthology.orchestra.run.smithi046.stdout:/usr/bin/ceph: stderr
2024-05-09T00:01:04.064+0000 7f76cca68700 1 -- 172.21.15.46:0/1677366529 learned_addr learned my addr 172.21.15.46:0/1677366529 (peer_addr_for_me v2:172.21.15.46:0/0)
2024-05-09T00:01:11.034 INFO:teuthology.orchestra.run.smithi046.stdout:/usr/bin/ceph: stderr
2024-05-09T00:01:04.064+0000 7f76cca68700 1 -- 172.21.15.46:0/1677366529 --> [v2:172.21.15.46:3300/0,v1:172.21.15.46:6789/0] -- mon_subscribe({config=0+,monmap=0+}) -- 0x7f76c819e3e0 con 0x7f76c8109a40
2024-05-09T00:01:11.034 INFO:teuthology.orchestra.run.smithi046.stdout:/usr/bin/ceph: stderr
2024-05-09T00:01:04.065+0000 7f76cca68700 1 --2- 172.21.15.46:0/1677366529 >> [v2:172.21.15.46:3300/0,v1:172.21.15.46:6789/0] conn(0x7f76c8109a40 0x7f76c819dea0 secure :-1 s=READY pgs=62 cs=0 l=1 rev1=1 crypto rx=0x7f76bc011a20 tx=0x7f76bc011b00 comp rx=0 tx=0).ready entity=mon.0 client_cookie=0 server_cookie=0 in_seq=0 out_seq=0
2024-05-09T00:01:11.035 INFO:teuthology.orchestra.run.smithi046.stdout:/usr/bin/ceph: stderr
2024-05-09T00:01:04.065+0000 7f76c5ffb700 1 -- 172.21.15.46:0/1677366529 <== mon.0 v2:172.21.15.46:3300/0 1 ==== mon_map magic: 0 ==== 205+0+0 (secure 0 0 0) 0x7f76bc0039c0 con 0x7f76c8109a40
2024-05-09T00:01:11.035 INFO:teuthology.orchestra.run.smithi046.stdout:/usr/bin/ceph: stderr
2024-05-09T00:01:04.065+0000 7f76c5ffb700 1 -- 172.21.15.46:0/1677366529 <== mon.0 v2:172.21.15.46:3300/0 2 ==== config(26 keys) ==== 1101+0+0 (secure 0 0 0) 0x7f76bc003b60 con 0x7f76c8109a40
2024-05-09T00:01:11.035 INFO:teuthology.orchestra.run.smithi046.stdout:/usr/bin/ceph: stderr
2024-05-09T00:01:04.065+0000 7f76ceccc700 1 -- 172.21.15.46:0/1677366529 --> [v2:172.21.15.46:3300/0,v1:172.21.15.46:6789/0] -- mon_subscribe({mgrmap=0+}) -- 0x7f76c819e670 con 0x7f76c8109a40
2024-05-09T00:01:11.035 INFO:teuthology.orchestra.run.smithi046.stdout:/usr/bin/ceph: stderr
2024-05-09T00:01:04.065+0000 7f76c5ffb700 1 -- 172.21.15.46:0/1677366529 <== mon.0 v2:172.21.15.46:3300/0 3 ==== mon_map magic: 0 ==== 205+0+0 (secure 0 0 0) 0x7f76bc019700 con 0x7f76c8109a40
2024-05-09T00:01:11.035 INFO:teuthology.orchestra.run.smithi046.stdout:/usr/bin/ceph: stderr
2024-05-09T00:01:04.065+0000 7f76ceccc700 1 -- 172.21.15.46:0/1677366529 --> [v2:172.21.15.46:3300/0,v1:172.21.15.46:6789/0] -- mon_subscribe({osdmap=0}) -- 0x7f76c81a1280 con 0x7f76c8109a40
2024-05-09T00:01:11.035 INFO:teuthology.orchestra.run.smithi046.stdout:/usr/bin/ceph: stderr
2024-05-09T00:01:04.066+0000 7f76c5ffb700 1 -- 172.21.15.46:0/1677366529 <== mon.0 v2:172.21.15.46:3300/0 4 ==== mgrmap(e 9) ==== 50235+0+0 (secure 0 0 0) 0x7f76bc0199b0 con 0x7f76c8109a40
2024-05-09T00:01:11.035 INFO:teuthology.orchestra.run.smithi046.stdout:/usr/bin/ceph: stderr
2024-05-09T00:01:04.066+0000 7f76c5ffb700 1 --2- 172.21.15.46:0/1677366529 >> [v2:172.21.15.46:6800/1620504773,v1:172.21.15.46:6801/1620504773] conn(0x7f76b803e4d0 0x7f76b80409e0 unknown :-1 s=NONE pgs=0 cs=0 l=1 rev1=0 crypto rx=0 tx=0 comp rx=0 tx=0).connect
2024-05-09T00:01:11.035 INFO:teuthology.orchestra.run.smithi046.stdout:/usr/bin/ceph: stderr
2024-05-09T00:01:04.066+0000 7f76c5ffb700 1 -- 172.21.15.46:0/1677366529 --> [v2:172.21.15.46:6800/1620504773,v1:172.21.15.46:6801/1620504773] -- command(tid 0: {"prefix": "get_command_descriptions"}) -- 0x7f76b80410f0 con 0x7f76b803e4d0
2024-05-09T00:01:11.035 INFO:teuthology.orchestra.run.smithi046.stdout:/usr/bin/ceph: stderr
2024-05-09T00:01:04.066+0000 7f76c5ffb700 1 -- 172.21.15.46:0/1677366529 <== mon.0 v2:172.21.15.46:3300/0 5 ==== osd_map(2..2 src has 1..2) ==== 940+0+0 (secure 0 0 0) 0x7f76bc0548f0 con 0x7f76c8109a40
2024-05-09T00:01:11.035 INFO:teuthology.orchestra.run.smithi046.stdout:/usr/bin/ceph: stderr
2024-05-09T00:01:04.066+0000 7f76c7fff700 1 -- 172.21.15.46:0/1677366529 >> [v2:172.21.15.46:6800/1620504773,v1:172.21.15.46:6801/1620504773] conn(0x7f76b803e4d0 msgr2=0x7f76b80409e0 unknown :-1 s=STATE_CONNECTING_RE l=1).process reconnect failed to v2:172.21.15.46:6800/1620504773
2024-05-09T00:01:11.035 INFO:teuthology.orchestra.run.smithi046.stdout:/usr/bin/ceph: stderr
2024-05-09T00:01:04.066+0000 7f76c7fff700 1 --2- 172.21.15.46:0/1677366529 >> [v2:172.21.15.46:6800/1620504773,v1:172.21.15.46:6801/1620504773] conn(0x7f76b803e4d0 0x7f76b80409e0 unknown :-1 s=START_CONNECT pgs=0 cs=0 l=1 rev1=0 crypto rx=0 tx=0 comp rx=0 tx=0)._fault waiting 0.200000
2024-05-09T00:01:11.035 INFO:teuthology.orchestra.run.smithi046.stdout:/usr/bin/ceph: stderr
2024-05-09T00:01:04.267+0000 7f76c7fff700 1 -- 172.21.15.46:0/1677366529 >> [v2:172.21.15.46:6800/1620504773,v1:172.21.15.46:6801/1620504773] conn(0x7f76b803e4d0 msgr2=0x7f76b80409e0 unknown :-1 s=STATE_CONNECTING_RE l=1).process reconnect failed to v2:172.21.15.46:6800/1620504773
2024-05-09T00:01:11.035 INFO:teuthology.orchestra.run.smithi046.stdout:/usr/bin/ceph: stderr
2024-05-09T00:01:04.267+0000 7f76c7fff700 1 --2- 172.21.15.46:0/1677366529 >> [v2:172.21.15.46:6800/1620504773,v1:172.21.15.46:6801/1620504773] conn(0x7f76b803e4d0 0x7f76b80409e0 unknown :-1 s=START_CONNECT pgs=0 cs=0 l=1 rev1=0 crypto rx=0 tx=0 comp rx=0 tx=0)._fault waiting 0.400000
2024-05-09T00:01:11.035 INFO:teuthology.orchestra.run.smithi046.stdout:/usr/bin/ceph: stderr
2024-05-09T00:01:04.668+0000 7f76c7fff700 1 -- 172.21.15.46:0/1677366529 >> [v2:172.21.15.46:6800/1620504773,v1:172.21.15.46:6801/1620504773] conn(0x7f76b803e4d0 msgr2=0x7f76b80409e0 unknown :-1 s=STATE_CONNECTING_RE l=1).process reconnect failed to v2:172.21.15.46:6800/1620504773
2024-05-09T00:01:11.036 INFO:teuthology.orchestra.run.smithi046.stdout:/usr/bin/ceph: stderr
2024-05-09T00:01:04.668+0000 7f76c7fff700 1 --2- 172.21.15.46:0/1677366529 >> [v2:172.21.15.46:6800/1620504773,v1:172.21.15.46:6801/1620504773] conn(0x7f76b803e4d0 0x7f76b80409e0 unknown :-1 s=START_CONNECT pgs=0 cs=0 l=1 rev1=0 crypto rx=0 tx=0 comp rx=0 tx=0)._fault waiting 0.800000
2024-05-09T00:01:11.036 INFO:teuthology.orchestra.run.smithi046.stdout:/usr/bin/ceph: stderr
2024-05-09T00:01:05.469+0000 7f76c7fff700 1 -- 172.21.15.46:0/1677366529 >> [v2:172.21.15.46:6800/1620504773,v1:172.21.15.46:6801/1620504773] conn(0x7f76b803e4d0 msgr2=0x7f76b80409e0 unknown :-1 s=STATE_CONNECTING_RE l=1).process reconnect failed to v2:172.21.15.46:6800/1620504773
2024-05-09T00:01:11.036 INFO:teuthology.orchestra.run.smithi046.stdout:/usr/bin/ceph: stderr
2024-05-09T00:01:05.469+0000 7f76c7fff700 1 --2- 172.21.15.46:0/1677366529 >> [v2:172.21.15.46:6800/1620504773,v1:172.21.15.46:6801/1620504773] conn(0x7f76b803e4d0 0x7f76b80409e0 unknown :-1 s=START_CONNECT pgs=0 cs=0 l=1 rev1=0 crypto rx=0 tx=0 comp rx=0 tx=0)._fault waiting 1.600000
2024-05-09T00:01:11.036 INFO:teuthology.orchestra.run.smithi046.stdout:/usr/bin/ceph: stderr
2024-05-09T00:01:07.070+0000 7f76c7fff700 1 -- 172.21.15.46:0/1677366529 >> [v2:172.21.15.46:6800/1620504773,v1:172.21.15.46:6801/1620504773] conn(0x7f76b803e4d0 msgr2=0x7f76b80409e0 unknown :-1 s=STATE_CONNECTING_RE l=1).process reconnect failed to v2:172.21.15.46:6800/1620504773
2024-05-09T00:01:11.036 INFO:teuthology.orchestra.run.smithi046.stdout:/usr/bin/ceph: stderr
2024-05-09T00:01:07.070+0000 7f76c7fff700 1 --2- 172.21.15.46:0/1677366529 >> [v2:172.21.15.46:6800/1620504773,v1:172.21.15.46:6801/1620504773] conn(0x7f76b803e4d0 0x7f76b80409e0 unknown :-1 s=START_CONNECT pgs=0 cs=0 l=1 rev1=0 crypto rx=0 tx=0 comp rx=0 tx=0)._fault waiting 3.200000
2024-05-09T00:01:11.036 INFO:teuthology.orchestra.run.smithi046.stdout:/usr/bin/ceph: stderr
2024-05-09T00:01:09.192+0000 7f76c5ffb700 1 -- 172.21.15.46:0/1677366529 <== mon.0 v2:172.21.15.46:3300/0 6 ==== mgrmap(e 10) ==== 50002+0+0 (secure 0 0 0) 0x7f76bc02d430 con 0x7f76c8109a40
2024-05-09T00:01:11.036 INFO:teuthology.orchestra.run.smithi046.stdout:/usr/bin/ceph: stderr
2024-05-09T00:01:09.192+0000 7f76c5ffb700 1 -- 172.21.15.46:0/1677366529 >> [v2:172.21.15.46:6800/1620504773,v1:172.21.15.46:6801/1620504773] conn(0x7f76b803e4d0 msgr2=0x7f76b80409e0 unknown :-1 s=STATE_CONNECTING l=1).mark_down
2024-05-09T00:01:11.036 INFO:teuthology.orchestra.run.smithi046.stdout:/usr/bin/ceph: stderr
2024-05-09T00:01:09.192+0000 7f76c5ffb700 1 --2- 172.21.15.46:0/1677366529 >> [v2:172.21.15.46:6800/1620504773,v1:172.21.15.46:6801/1620504773] conn(0x7f76b803e4d0 0x7f76b80409e0 unknown :-1 s=START_CONNECT pgs=0 cs=0 l=1 rev1=0 crypto rx=0 tx=0 comp rx=0 tx=0).stop
2024-05-09T00:01:11.036 INFO:teuthology.orchestra.run.smithi046.stdout:/usr/bin/ceph: stderr
2024-05-09T00:01:10.194+0000 7f76c5ffb700 1 -- 172.21.15.46:0/1677366529 <== mon.0 v2:172.21.15.46:3300/0 7 ==== mgrmap(e 11) ==== 50129+0+0 (secure 0 0 0) 0x7f76bc026d70 con 0x7f76c8109a40
2024-05-09T00:01:11.036 INFO:teuthology.orchestra.run.smithi046.stdout:/usr/bin/ceph: stderr
2024-05-09T00:01:10.195+0000 7f76c5ffb700 1 --2- 172.21.15.46:0/1677366529 >> [v2:172.21.15.46:6800/286117730,v1:172.21.15.46:6801/286117730] conn(0x7f76bc02d020 0x7f76b8043fd0 unknown :-1 s=NONE pgs=0 cs=0 l=1 rev1=0 crypto rx=0 tx=0 comp rx=0 tx=0).connect
2024-05-09T00:01:11.036 INFO:teuthology.orchestra.run.smithi046.stdout:/usr/bin/ceph: stderr
2024-05-09T00:01:10.195+0000 7f76c5ffb700 1 -- 172.21.15.46:0/1677366529 --> [v2:172.21.15.46:6800/286117730,v1:172.21.15.46:6801/286117730] -- command(tid 0: {"prefix": "get_command_descriptions"}) -- 0x7f76b80410f0 con 0x7f76bc02d020
2024-05-09T00:01:11.036 INFO:teuthology.orchestra.run.smithi046.stdout:/usr/bin/ceph: stderr
2024-05-09T00:01:10.196+0000 7f76c7fff700 1 --2- 172.21.15.46:0/1677366529 >> [v2:172.21.15.46:6800/286117730,v1:172.21.15.46:6801/286117730] conn(0x7f76bc02d020 0x7f76b8043fd0 unknown :-1 s=BANNER_CONNECTING pgs=0 cs=0 l=1 rev1=0 crypto rx=0 tx=0 comp rx=0 tx=0)._handle_peer_banner_payload supported=3 required=0
2024-05-09T00:01:11.036 INFO:teuthology.orchestra.run.smithi046.stdout:/usr/bin/ceph: stderr
2024-05-09T00:01:10.197+0000 7f76c7fff700 1 --2- 172.21.15.46:0/1677366529 >> [v2:172.21.15.46:6800/286117730,v1:172.21.15.46:6801/286117730] conn(0x7f76bc02d020 0x7f76b8043fd0 secure :-1 s=READY pgs=2 cs=0 l=1 rev1=1 crypto rx=0x7f76b4003a10 tx=0x7f76b4009270 comp rx=0 tx=0).ready entity=mgr.14152 client_cookie=0 server_cookie=0 in_seq=0 out_seq=0
2024-05-09T00:01:11.036 INFO:teuthology.orchestra.run.smithi046.stdout:/usr/bin/ceph: stderr
2024-05-09T00:01:10.198+0000 7f76c5ffb700 1 -- 172.21.15.46:0/1677366529 <== mgr.14152 v2:172.21.15.46:6800/286117730 1 ==== command_reply(tid 0: 0 ) ==== 8+0+9564 (secure 0 0 0) 0x7f76b80410f0 con 0x7f76bc02d020
2024-05-09T00:01:11.037 INFO:teuthology.orchestra.run.smithi046.stdout:/usr/bin/ceph: stderr
2024-05-09T00:01:10.214+0000 7f76ceccc700 1 -- 172.21.15.46:0/1677366529 --> [v2:172.21.15.46:6800/286117730,v1:172.21.15.46:6801/286117730] -- command(tid 1: {"prefix": "mgr_status"}) -- 0x7f76c8064e20 con 0x7f76bc02d020
2024-05-09T00:01:11.037 INFO:teuthology.orchestra.run.smithi046.stdout:/usr/bin/ceph: stderr
2024-05-09T00:01:10.215+0000 7f76c5ffb700 1 -- 172.21.15.46:0/1677366529 <== mgr.14152 v2:172.21.15.46:6800/286117730 2 ==== command_reply(tid 1: 0 ) ==== 8+0+52 (secure 0 0 0) 0x7f76c8064e20 con 0x7f76bc02d020
2024-05-09T00:01:11.037 INFO:teuthology.orchestra.run.smithi046.stdout:/usr/bin/ceph: stderr
2024-05-09T00:01:10.215+0000 7f76ceccc700 1 -- 172.21.15.46:0/1677366529 >> [v2:172.21.15.46:6800/286117730,v1:172.21.15.46:6801/286117730] conn(0x7f76bc02d020 msgr2=0x7f76b8043fd0 secure :-1 s=STATE_CONNECTION_ESTABLISHED l=1).mark_down
2024-05-09T00:01:11.037 INFO:teuthology.orchestra.run.smithi046.stdout:/usr/bin/ceph: stderr
2024-05-09T00:01:10.215+0000 7f76ceccc700 1 --2- 172.21.15.46:0/1677366529 >> [v2:172.21.15.46:6800/286117730,v1:172.21.15.46:6801/286117730] conn(0x7f76bc02d020 0x7f76b8043fd0 secure :-1 s=READY pgs=2 cs=0 l=1 rev1=1 crypto rx=0x7f76b4003a10 tx=0x7f76b4009270 comp rx=0 tx=0).stop
2024-05-09T00:01:11.037 INFO:teuthology.orchestra.run.smithi046.stdout:/usr/bin/ceph: stderr
2024-05-09T00:01:10.215+0000 7f76ceccc700 1 -- 172.21.15.46:0/1677366529 >> [v2:172.21.15.46:3300/0,v1:172.21.15.46:6789/0] conn(0x7f76c8109a40 msgr2=0x7f76c819dea0 secure :-1 s=STATE_CONNECTION_ESTABLISHED l=1).mark_down
2024-05-09T00:01:11.037 INFO:teuthology.orchestra.run.smithi046.stdout:/usr/bin/ceph: stderr
2024-05-09T00:01:10.215+0000 7f76ceccc700 1 --2- 172.21.15.46:0/1677366529 >> [v2:172.21.15.46:3300/0,v1:172.21.15.46:6789/0] conn(0x7f76c8109a40 0x7f76c819dea0 secure :-1 s=READY pgs=62 cs=0 l=1 rev1=1 crypto rx=0x7f76bc011a20 tx=0x7f76bc011b00 comp rx=0 tx=0).stop
2024-05-09T00:01:11.037 INFO:teuthology.orchestra.run.smithi046.stdout:/usr/bin/ceph: stderr
2024-05-09T00:01:10.215+0000 7f76ceccc700 1 -- 172.21.15.46:0/1677366529 shutdown_connections
2024-05-09T00:01:11.037 INFO:teuthology.orchestra.run.smithi046.stdout:/usr/bin/ceph: stderr
2024-05-09T00:01:10.215+0000 7f76ceccc700 1 --2- 172.21.15.46:0/1677366529 >> [v2:172.21.15.46:6800/286117730,v1:172.21.15.46:6801/286117730] conn(0x7f76bc02d020 0x7f76b8043fd0 unknown :-1 s=CLOSED pgs=2 cs=0 l=1 rev1=1 crypto rx=0 tx=0 comp rx=0 tx=0).stop
2024-05-09T00:01:11.037 INFO:teuthology.orchestra.run.smithi046.stdout:/usr/bin/ceph: stderr
2024-05-09T00:01:10.215+0000 7f76ceccc700 1 --2- 172.21.15.46:0/1677366529 >> [v2:172.21.15.46:3300/0,v1:172.21.15.46:6789/0] conn(0x7f76c8109a40 0x7f76c819dea0 unknown :-1 s=CLOSED pgs=62 cs=0 l=1 rev1=1 crypto rx=0 tx=0 comp rx=0 tx=0).stop
2024-05-09T00:01:11.037 INFO:teuthology.orchestra.run.smithi046.stdout:/usr/bin/ceph: stderr
2024-05-09T00:01:10.215+0000 7f76ceccc700 1 --2- 172.21.15.46:0/1677366529 >> [v2:172.21.15.46:6800/1620504773,v1:172.21.15.46:6801/1620504773] conn(0x7f76b803e4d0 0x7f76b80409e0 unknown :-1 s=CLOSED pgs=0 cs=0 l=1 rev1=0 crypto rx=0 tx=0 comp rx=0 tx=0).stop
2024-05-09T00:01:11.037 INFO:teuthology.orchestra.run.smithi046.stdout:/usr/bin/ceph: stderr
2024-05-09T00:01:10.215+0000 7f76ceccc700 1 -- 172.21.15.46:0/1677366529 >> 172.21.15.46:0/1677366529 conn(0x7f76c8105160 msgr2=0x7f76c8106ac0 unknown :-1 s=STATE_NONE l=0).mark_down
2024-05-09T00:01:11.037 INFO:teuthology.orchestra.run.smithi046.stdout:/usr/bin/ceph: stderr
2024-05-09T00:01:10.216+0000 7f76ceccc700 1 -- 172.21.15.46:0/1677366529 shutdown_connections
2024-05-09T00:01:11.037 INFO:teuthology.orchestra.run.smithi046.stdout:/usr/bin/ceph: stderr
2024-05-09T00:01:10.216+0000 7f76ceccc700 1 -- 172.21.15.46:0/1677366529 wait complete.
2024-05-09T00:01:11.037 INFO:teuthology.orchestra.run.smithi046.stdout:mgr epoch 9 is available
2024-05-09T00:01:11.037 INFO:teuthology.orchestra.run.smithi046.stdout:Generating a dashboard self-signed certificate...
2024-05-09T00:01:11.408 INFO:journalctl@ceph.mon.a.smithi046.stdout:May 09 00:01:11 smithi046 ceph-mon[30151]: [09/May/2024:00:01:10] ENGINE Bus STARTING
2024-05-09T00:01:11.408 INFO:journalctl@ceph.mon.a.smithi046.stdout:May 09 00:01:11 smithi046 ceph-mon[30151]: [09/May/2024:00:01:10] ENGINE Serving on https://172.21.15.46:7150
2024-05-09T00:01:11.409 INFO:journalctl@ceph.mon.a.smithi046.stdout:May 09 00:01:11 smithi046 ceph-mon[30151]: [09/May/2024:00:01:10] ENGINE Serving on http://172.21.15.46:8765
2024-05-09T00:01:11.409 INFO:journalctl@ceph.mon.a.smithi046.stdout:May 09 00:01:11 smithi046 ceph-mon[30151]: [09/May/2024:00:01:10] ENGINE Bus STARTED
2024-05-09T00:01:11.409 INFO:journalctl@ceph.mon.a.smithi046.stdout:May 09 00:01:11 smithi046 ceph-mon[30151]: from='mgr.14152 172.21.15.46:0/4112106728' entity='mgr.x'
2024-05-09T00:01:12.475 INFO:teuthology.orchestra.run.smithi046.stdout:/usr/bin/ceph: stdout Self-signed certificate created
2024-05-09T00:01:12.476 INFO:teuthology.orchestra.run.smithi046.stdout:/usr/bin/ceph: stderr
2024-05-09T00:01:11.529+0000 7fb14893e700 1 Processor -- start
2024-05-09T00:01:12.476 INFO:teuthology.orchestra.run.smithi046.stdout:/usr/bin/ceph: stderr
2024-05-09T00:01:11.529+0000 7fb14893e700 1 -- start start
2024-05-09T00:01:12.476 INFO:teuthology.orchestra.run.smithi046.stdout:/usr/bin/ceph: stderr
2024-05-09T00:01:11.529+0000 7fb14893e700 1 --2- >> [v2:172.21.15.46:3300/0,v1:172.21.15.46:6789/0] conn(0x7fb144108970 0x7fb144108d80 unknown :-1 s=NONE pgs=0 cs=0 l=0 rev1=0 crypto rx=0 tx=0 comp rx=0 tx=0).connect
2024-05-09T00:01:12.476 INFO:teuthology.orchestra.run.smithi046.stdout:/usr/bin/ceph: stderr
2024-05-09T00:01:11.529+0000 7fb14893e700 1 -- --> [v2:172.21.15.46:3300/0,v1:172.21.15.46:6789/0] -- mon_getmap magic: 0 -- 0x7fb144109370 con 0x7fb144108970
2024-05-09T00:01:12.476 INFO:teuthology.orchestra.run.smithi046.stdout:/usr/bin/ceph: stderr
2024-05-09T00:01:11.529+0000 7fb14259c700 1 --2- >> [v2:172.21.15.46:3300/0,v1:172.21.15.46:6789/0] conn(0x7fb144108970 0x7fb144108d80 unknown :-1 s=BANNER_CONNECTING pgs=0 cs=0 l=0 rev1=0 crypto rx=0 tx=0 comp rx=0 tx=0)._handle_peer_banner_payload supported=3 required=0
2024-05-09T00:01:12.476 INFO:teuthology.orchestra.run.smithi046.stdout:/usr/bin/ceph: stderr
2024-05-09T00:01:11.530+0000 7fb14259c700 1 --2- >> [v2:172.21.15.46:3300/0,v1:172.21.15.46:6789/0] conn(0x7fb144108970 0x7fb144108d80 unknown :-1 s=HELLO_CONNECTING pgs=0 cs=0 l=0 rev1=1 crypto rx=0 tx=0 comp rx=0 tx=0).handle_hello peer v2:172.21.15.46:3300/0 says I am v2:172.21.15.46:55242/0 (socket says 172.21.15.46:55242)
2024-05-09T00:01:12.477 INFO:teuthology.orchestra.run.smithi046.stdout:/usr/bin/ceph: stderr
2024-05-09T00:01:11.530+0000 7fb14259c700 1 -- 172.21.15.46:0/3658409501 learned_addr learned my addr 172.21.15.46:0/3658409501 (peer_addr_for_me v2:172.21.15.46:0/0)
2024-05-09T00:01:12.477 INFO:teuthology.orchestra.run.smithi046.stdout:/usr/bin/ceph: stderr
2024-05-09T00:01:11.530+0000 7fb14259c700 1 -- 172.21.15.46:0/3658409501 --> [v2:172.21.15.46:3300/0,v1:172.21.15.46:6789/0] -- mon_subscribe({config=0+,monmap=0+}) -- 0x7fb144109b40 con 0x7fb144108970
2024-05-09T00:01:12.477 INFO:teuthology.orchestra.run.smithi046.stdout:/usr/bin/ceph: stderr
2024-05-09T00:01:11.530+0000 7fb14259c700 1 --2- 172.21.15.46:0/3658409501 >> [v2:172.21.15.46:3300/0,v1:172.21.15.46:6789/0] conn(0x7fb144108970 0x7fb144108d80 secure :-1 s=READY pgs=70 cs=0 l=1 rev1=1 crypto rx=0x7fb13400bb40 tx=0x7fb13400be50 comp rx=0 tx=0).ready entity=mon.0 client_cookie=ada069a2466f2e1d server_cookie=0 in_seq=0 out_seq=0
2024-05-09T00:01:12.477 INFO:teuthology.orchestra.run.smithi046.stdout:/usr/bin/ceph: stderr
