2024-05-09T00:28:40.525+0000 7f3395f0d700 1 --2- 172.21.15.98:0/1077918118 >> [v2:172.21.15.98:3300/0,v1:172.21.15.98:6789/0] conn(0x7f339007d700 0x7f339010c780 secure :-1 s=READY pgs=20 cs=0 l=1 rev1=1 crypto rx=0x7f33800098a0 tx=0x7f3380009bb0 comp rx=0 tx=0).stop
2024-05-09T00:28:41.306 INFO:teuthology.orchestra.run.smithi098.stdout:/usr/bin/ceph: stderr
2024-05-09T00:28:40.525+0000 7f3395f0d700 1 -- 172.21.15.98:0/1077918118 shutdown_connections
2024-05-09T00:28:41.307 INFO:teuthology.orchestra.run.smithi098.stdout:/usr/bin/ceph: stderr
2024-05-09T00:28:40.525+0000 7f3395f0d700 1 --2- 172.21.15.98:0/1077918118 >> [v2:172.21.15.98:3300/0,v1:172.21.15.98:6789/0] conn(0x7f339007d700 0x7f339010c780 unknown :-1 s=CLOSED pgs=20 cs=0 l=1 rev1=1 crypto rx=0 tx=0 comp rx=0 tx=0).stop
2024-05-09T00:28:41.307 INFO:teuthology.orchestra.run.smithi098.stdout:/usr/bin/ceph: stderr
2024-05-09T00:28:40.525+0000 7f3395f0d700 1 -- 172.21.15.98:0/1077918118 >> 172.21.15.98:0/1077918118 conn(0x7f3390104170 msgr2=0x7f3390106620 unknown :-1 s=STATE_NONE l=0).mark_down
2024-05-09T00:28:41.307 INFO:teuthology.orchestra.run.smithi098.stdout:/usr/bin/ceph: stderr
2024-05-09T00:28:40.525+0000 7f3395f0d700 1 -- 172.21.15.98:0/1077918118 shutdown_connections
2024-05-09T00:28:41.307 INFO:teuthology.orchestra.run.smithi098.stdout:/usr/bin/ceph: stderr
2024-05-09T00:28:40.525+0000 7f3395f0d700 1 -- 172.21.15.98:0/1077918118 wait complete.
2024-05-09T00:28:41.307 INFO:teuthology.orchestra.run.smithi098.stdout:/usr/bin/ceph: stderr
2024-05-09T00:28:40.526+0000 7f3395f0d700 1 Processor -- start
2024-05-09T00:28:41.307 INFO:teuthology.orchestra.run.smithi098.stdout:/usr/bin/ceph: stderr
2024-05-09T00:28:40.526+0000 7f3395f0d700 1 -- start start
2024-05-09T00:28:41.307 INFO:teuthology.orchestra.run.smithi098.stdout:/usr/bin/ceph: stderr
2024-05-09T00:28:40.526+0000 7f3395f0d700 1 --2- >> [v2:172.21.15.98:3300/0,v1:172.21.15.98:6789/0] conn(0x7f339007d700 0x7f339019dec0 unknown :-1 s=NONE pgs=0 cs=0 l=1 rev1=0 crypto rx=0 tx=0 comp rx=0 tx=0).connect
2024-05-09T00:28:41.307 INFO:teuthology.orchestra.run.smithi098.stdout:/usr/bin/ceph: stderr
2024-05-09T00:28:40.526+0000 7f3395f0d700 1 -- --> [v2:172.21.15.98:3300/0,v1:172.21.15.98:6789/0] -- mon_getmap magic: 0 -- 0x7f339010df00 con 0x7f339007d700
2024-05-09T00:28:41.307 INFO:teuthology.orchestra.run.smithi098.stdout:/usr/bin/ceph: stderr
2024-05-09T00:28:40.526+0000 7f338f7fe700 1 --2- >> [v2:172.21.15.98:3300/0,v1:172.21.15.98:6789/0] conn(0x7f339007d700 0x7f339019dec0 unknown :-1 s=BANNER_CONNECTING pgs=0 cs=0 l=1 rev1=0 crypto rx=0 tx=0 comp rx=0 tx=0)._handle_peer_banner_payload supported=3 required=0
2024-05-09T00:28:41.307 INFO:teuthology.orchestra.run.smithi098.stdout:/usr/bin/ceph: stderr
2024-05-09T00:28:40.526+0000 7f338f7fe700 1 --2- >> [v2:172.21.15.98:3300/0,v1:172.21.15.98:6789/0] conn(0x7f339007d700 0x7f339019dec0 unknown :-1 s=HELLO_CONNECTING pgs=0 cs=0 l=1 rev1=1 crypto rx=0 tx=0 comp rx=0 tx=0).handle_hello peer v2:172.21.15.98:3300/0 says I am v2:172.21.15.98:54514/0 (socket says 172.21.15.98:54514)
2024-05-09T00:28:41.307 INFO:teuthology.orchestra.run.smithi098.stdout:/usr/bin/ceph: stderr
2024-05-09T00:28:40.526+0000 7f338f7fe700 1 -- 172.21.15.98:0/730237214 learned_addr learned my addr 172.21.15.98:0/730237214 (peer_addr_for_me v2:172.21.15.98:0/0)
2024-05-09T00:28:41.307 INFO:teuthology.orchestra.run.smithi098.stdout:/usr/bin/ceph: stderr
2024-05-09T00:28:40.527+0000 7f338f7fe700 1 -- 172.21.15.98:0/730237214 --> [v2:172.21.15.98:3300/0,v1:172.21.15.98:6789/0] -- mon_subscribe({config=0+,monmap=0+}) -- 0x7f339019e400 con 0x7f339007d700
2024-05-09T00:28:41.307 INFO:teuthology.orchestra.run.smithi098.stdout:/usr/bin/ceph: stderr
2024-05-09T00:28:40.527+0000 7f338f7fe700 1 --2- 172.21.15.98:0/730237214 >> [v2:172.21.15.98:3300/0,v1:172.21.15.98:6789/0] conn(0x7f339007d700 0x7f339019dec0 secure :-1 s=READY pgs=21 cs=0 l=1 rev1=1 crypto rx=0x7f33800117b0 tx=0x7f3380011b70 comp rx=0 tx=0).ready entity=mon.0 client_cookie=0 server_cookie=0 in_seq=0 out_seq=0
2024-05-09T00:28:41.307 INFO:teuthology.orchestra.run.smithi098.stdout:/usr/bin/ceph: stderr
2024-05-09T00:28:40.527+0000 7f338d7fa700 1 -- 172.21.15.98:0/730237214 <== mon.0 v2:172.21.15.98:3300/0 1 ==== mon_map magic: 0 ==== 205+0+0 (secure 0 0 0) 0x7f33800039c0 con 0x7f339007d700
2024-05-09T00:28:41.307 INFO:teuthology.orchestra.run.smithi098.stdout:/usr/bin/ceph: stderr
2024-05-09T00:28:40.527+0000 7f3395f0d700 1 -- 172.21.15.98:0/730237214 --> [v2:172.21.15.98:3300/0,v1:172.21.15.98:6789/0] -- mon_subscribe({mgrmap=0+}) -- 0x7f339019e690 con 0x7f339007d700
2024-05-09T00:28:41.308 INFO:teuthology.orchestra.run.smithi098.stdout:/usr/bin/ceph: stderr
2024-05-09T00:28:40.527+0000 7f338d7fa700 1 -- 172.21.15.98:0/730237214 <== mon.0 v2:172.21.15.98:3300/0 2 ==== config(26 keys) ==== 1070+0+0 (secure 0 0 0) 0x7f3380003b60 con 0x7f339007d700
2024-05-09T00:28:41.308 INFO:teuthology.orchestra.run.smithi098.stdout:/usr/bin/ceph: stderr
2024-05-09T00:28:40.527+0000 7f338d7fa700 1 -- 172.21.15.98:0/730237214 <== mon.0 v2:172.21.15.98:3300/0 3 ==== mon_map magic: 0 ==== 205+0+0 (secure 0 0 0) 0x7f33800196a0 con 0x7f339007d700
2024-05-09T00:28:41.308 INFO:teuthology.orchestra.run.smithi098.stdout:/usr/bin/ceph: stderr
2024-05-09T00:28:40.527+0000 7f3395f0d700 1 -- 172.21.15.98:0/730237214 --> [v2:172.21.15.98:3300/0,v1:172.21.15.98:6789/0] -- mon_subscribe({osdmap=0}) -- 0x7f33901a12a0 con 0x7f339007d700
2024-05-09T00:28:41.308 INFO:teuthology.orchestra.run.smithi098.stdout:/usr/bin/ceph: stderr
2024-05-09T00:28:40.528+0000 7f338d7fa700 1 -- 172.21.15.98:0/730237214 <== mon.0 v2:172.21.15.98:3300/0 4 ==== mgrmap(e 4) ==== 50211+0+0 (secure 0 0 0) 0x7f3380019960 con 0x7f339007d700
2024-05-09T00:28:41.308 INFO:teuthology.orchestra.run.smithi098.stdout:/usr/bin/ceph: stderr
2024-05-09T00:28:40.528+0000 7f338d7fa700 1 --2- 172.21.15.98:0/730237214 >> [v2:172.21.15.98:6800/1789538009,v1:172.21.15.98:6801/1789538009] conn(0x7f337c03e4e0 0x7f337c0409f0 unknown :-1 s=NONE pgs=0 cs=0 l=1 rev1=0 crypto rx=0 tx=0 comp rx=0 tx=0).connect
2024-05-09T00:28:41.308 INFO:teuthology.orchestra.run.smithi098.stdout:/usr/bin/ceph: stderr
2024-05-09T00:28:40.528+0000 7f338d7fa700 1 -- 172.21.15.98:0/730237214 <== mon.0 v2:172.21.15.98:3300/0 5 ==== osd_map(1..1 src has 1..1) ==== 725+0+0 (secure 0 0 0) 0x7f338001a610 con 0x7f339007d700
2024-05-09T00:28:41.308 INFO:teuthology.orchestra.run.smithi098.stdout:/usr/bin/ceph: stderr
2024-05-09T00:28:40.528+0000 7f3395f0d700 1 -- 172.21.15.98:0/730237214 --> [v2:172.21.15.98:3300/0,v1:172.21.15.98:6789/0] -- mon_command({"prefix": "get_command_descriptions"} v 0) -- 0x7f3390064e20 con 0x7f339007d700
2024-05-09T00:28:41.308 INFO:teuthology.orchestra.run.smithi098.stdout:/usr/bin/ceph: stderr
2024-05-09T00:28:40.528+0000 7f3387fff700 1 --2- 172.21.15.98:0/730237214 >> [v2:172.21.15.98:6800/1789538009,v1:172.21.15.98:6801/1789538009] conn(0x7f337c03e4e0 0x7f337c0409f0 unknown :-1 s=BANNER_CONNECTING pgs=0 cs=0 l=1 rev1=0 crypto rx=0 tx=0 comp rx=0 tx=0)._handle_peer_banner_payload supported=3 required=0
2024-05-09T00:28:41.308 INFO:teuthology.orchestra.run.smithi098.stdout:/usr/bin/ceph: stderr
2024-05-09T00:28:40.528+0000 7f3387fff700 1 --2- 172.21.15.98:0/730237214 >> [v2:172.21.15.98:6800/1789538009,v1:172.21.15.98:6801/1789538009] conn(0x7f337c03e4e0 0x7f337c0409f0 secure :-1 s=READY pgs=7 cs=0 l=1 rev1=1 crypto rx=0x7f3378006fd0 tx=0x7f3378006e40 comp rx=0 tx=0).ready entity=mgr.14100 client_cookie=0 server_cookie=0 in_seq=0 out_seq=0
2024-05-09T00:28:41.308 INFO:teuthology.orchestra.run.smithi098.stdout:/usr/bin/ceph: stderr
2024-05-09T00:28:40.534+0000 7f338d7fa700 1 -- 172.21.15.98:0/730237214 <== mon.0 v2:172.21.15.98:3300/0 6 ==== mon_command_ack([{"prefix": "get_command_descriptions"}]=0 v0) ==== 72+0+191963 (secure 0 0 0) 0x7f3380017e90 con 0x7f339007d700
2024-05-09T00:28:41.308 INFO:teuthology.orchestra.run.smithi098.stdout:/usr/bin/ceph: stderr
2024-05-09T00:28:40.735+0000 7f3395f0d700 1 -- 172.21.15.98:0/730237214 --> [v2:172.21.15.98:3300/0,v1:172.21.15.98:6789/0] -- mon_command({"prefix": "config assimilate-conf"} v 0) -- 0x7f33901a29c0 con 0x7f339007d700
2024-05-09T00:28:41.308 INFO:teuthology.orchestra.run.smithi098.stdout:/usr/bin/ceph: stderr
2024-05-09T00:28:40.737+0000 7f338d7fa700 1 -- 172.21.15.98:0/730237214 <== mon.0 v2:172.21.15.98:3300/0 7 ==== mon_command_ack([{"prefix": "config assimilate-conf"}]=0 v3) ==== 70+0+409 (secure 0 0 0) 0x7f338001a430 con 0x7f339007d700
2024-05-09T00:28:41.308 INFO:teuthology.orchestra.run.smithi098.stdout:/usr/bin/ceph: stderr
2024-05-09T00:28:40.740+0000 7f3395f0d700 1 -- 172.21.15.98:0/730237214 >> [v2:172.21.15.98:6800/1789538009,v1:172.21.15.98:6801/1789538009] conn(0x7f337c03e4e0 msgr2=0x7f337c0409f0 secure :-1 s=STATE_CONNECTION_ESTABLISHED l=1).mark_down
2024-05-09T00:28:41.309 INFO:teuthology.orchestra.run.smithi098.stdout:/usr/bin/ceph: stderr
2024-05-09T00:28:40.740+0000 7f3395f0d700 1 --2- 172.21.15.98:0/730237214 >> [v2:172.21.15.98:6800/1789538009,v1:172.21.15.98:6801/1789538009] conn(0x7f337c03e4e0 0x7f337c0409f0 secure :-1 s=READY pgs=7 cs=0 l=1 rev1=1 crypto rx=0x7f3378006fd0 tx=0x7f3378006e40 comp rx=0 tx=0).stop
2024-05-09T00:28:41.309 INFO:teuthology.orchestra.run.smithi098.stdout:/usr/bin/ceph: stderr
2024-05-09T00:28:40.740+0000 7f3395f0d700 1 -- 172.21.15.98:0/730237214 >> [v2:172.21.15.98:3300/0,v1:172.21.15.98:6789/0] conn(0x7f339007d700 msgr2=0x7f339019dec0 secure :-1 s=STATE_CONNECTION_ESTABLISHED l=1).mark_down
2024-05-09T00:28:41.309 INFO:teuthology.orchestra.run.smithi098.stdout:/usr/bin/ceph: stderr
2024-05-09T00:28:40.740+0000 7f3395f0d700 1 --2- 172.21.15.98:0/730237214 >> [v2:172.21.15.98:3300/0,v1:172.21.15.98:6789/0] conn(0x7f339007d700 0x7f339019dec0 secure :-1 s=READY pgs=21 cs=0 l=1 rev1=1 crypto rx=0x7f33800117b0 tx=0x7f3380011b70 comp rx=0 tx=0).stop
2024-05-09T00:28:41.309 INFO:teuthology.orchestra.run.smithi098.stdout:/usr/bin/ceph: stderr
2024-05-09T00:28:40.740+0000 7f3395f0d700 1 -- 172.21.15.98:0/730237214 shutdown_connections
2024-05-09T00:28:41.309 INFO:teuthology.orchestra.run.smithi098.stdout:/usr/bin/ceph: stderr
2024-05-09T00:28:40.740+0000 7f3395f0d700 1 --2- 172.21.15.98:0/730237214 >> [v2:172.21.15.98:6800/1789538009,v1:172.21.15.98:6801/1789538009] conn(0x7f337c03e4e0 0x7f337c0409f0 unknown :-1 s=CLOSED pgs=7 cs=0 l=1 rev1=1 crypto rx=0 tx=0 comp rx=0 tx=0).stop
2024-05-09T00:28:41.309 INFO:teuthology.orchestra.run.smithi098.stdout:/usr/bin/ceph: stderr
2024-05-09T00:28:40.740+0000 7f3395f0d700 1 --2- 172.21.15.98:0/730237214 >> [v2:172.21.15.98:3300/0,v1:172.21.15.98:6789/0] conn(0x7f339007d700 0x7f339019dec0 unknown :-1 s=CLOSED pgs=21 cs=0 l=1 rev1=1 crypto rx=0 tx=0 comp rx=0 tx=0).stop
2024-05-09T00:28:41.309 INFO:teuthology.orchestra.run.smithi098.stdout:/usr/bin/ceph: stderr
2024-05-09T00:28:40.740+0000 7f3395f0d700 1 -- 172.21.15.98:0/730237214 >> 172.21.15.98:0/730237214 conn(0x7f3390104170 msgr2=0x7f3390104a10 unknown :-1 s=STATE_NONE l=0).mark_down
2024-05-09T00:28:41.309 INFO:teuthology.orchestra.run.smithi098.stdout:/usr/bin/ceph: stderr
2024-05-09T00:28:40.740+0000 7f3395f0d700 1 -- 172.21.15.98:0/730237214 shutdown_connections
2024-05-09T00:28:41.309 INFO:teuthology.orchestra.run.smithi098.stdout:/usr/bin/ceph: stderr
2024-05-09T00:28:40.740+0000 7f3395f0d700 1 -- 172.21.15.98:0/730237214 wait complete.
2024-05-09T00:28:41.309 INFO:teuthology.orchestra.run.smithi098.stdout:Enabling cephadm module...
2024-05-09T00:28:42.360 INFO:journalctl@ceph.mon.a.smithi098.stdout:May 09 00:28:42 smithi098 ceph-mon[30337]: from='client.? 172.21.15.98:0/384839385' entity='client.admin' cmd=[{"prefix": "mgr module enable", "module": "cephadm"}]: dispatch
2024-05-09T00:28:42.361 INFO:journalctl@ceph.mgr.x.smithi098.stdout:May 09 00:28:42 smithi098 ceph-de7b545e-0d9a-11ef-bc97-c7b262605968-mgr-x[30564]: ignoring --setuser ceph since I am not root
2024-05-09T00:28:42.361 INFO:journalctl@ceph.mgr.x.smithi098.stdout:May 09 00:28:42 smithi098 ceph-de7b545e-0d9a-11ef-bc97-c7b262605968-mgr-x[30564]: ignoring --setgroup ceph since I am not root
2024-05-09T00:28:42.361 INFO:journalctl@ceph.mgr.x.smithi098.stdout:May 09 00:28:42 smithi098 ceph-de7b545e-0d9a-11ef-bc97-c7b262605968-mgr-x[30564]:
2024-05-09T00:28:42.227+0000 7fa8be0e5200 -1 mgr[py] Module balancer has missing NOTIFY_TYPES member
2024-05-09T00:28:42.640 INFO:teuthology.orchestra.run.smithi098.stdout:/usr/bin/ceph: stderr
2024-05-09T00:28:41.709+0000 7fed1009b700 1 Processor -- start
2024-05-09T00:28:42.640 INFO:teuthology.orchestra.run.smithi098.stdout:/usr/bin/ceph: stderr
2024-05-09T00:28:41.709+0000 7fed1009b700 1 -- start start
2024-05-09T00:28:42.640 INFO:teuthology.orchestra.run.smithi098.stdout:/usr/bin/ceph: stderr
2024-05-09T00:28:41.709+0000 7fed1009b700 1 --2- >> [v2:172.21.15.98:3300/0,v1:172.21.15.98:6789/0] conn(0x7fed0807ccb0 0x7fed0810ead0 unknown :-1 s=NONE pgs=0 cs=0 l=0 rev1=0 crypto rx=0 tx=0 comp rx=0 tx=0).connect
2024-05-09T00:28:42.640 INFO:teuthology.orchestra.run.smithi098.stdout:/usr/bin/ceph: stderr
2024-05-09T00:28:41.709+0000 7fed1009b700 1 -- --> [v2:172.21.15.98:3300/0,v1:172.21.15.98:6789/0] -- mon_getmap magic: 0 -- 0x7fed0810f010 con 0x7fed0807ccb0
2024-05-09T00:28:42.640 INFO:teuthology.orchestra.run.smithi098.stdout:/usr/bin/ceph: stderr
2024-05-09T00:28:41.710+0000 7fed0de37700 1 --2- >> [v2:172.21.15.98:3300/0,v1:172.21.15.98:6789/0] conn(0x7fed0807ccb0 0x7fed0810ead0 unknown :-1 s=BANNER_CONNECTING pgs=0 cs=0 l=0 rev1=0 crypto rx=0 tx=0 comp rx=0 tx=0)._handle_peer_banner_payload supported=3 required=0
2024-05-09T00:28:42.640 INFO:teuthology.orchestra.run.smithi098.stdout:/usr/bin/ceph: stderr
2024-05-09T00:28:41.710+0000 7fed0de37700 1 --2- >> [v2:172.21.15.98:3300/0,v1:172.21.15.98:6789/0] conn(0x7fed0807ccb0 0x7fed0810ead0 unknown :-1 s=HELLO_CONNECTING pgs=0 cs=0 l=0 rev1=1 crypto rx=0 tx=0 comp rx=0 tx=0).handle_hello peer v2:172.21.15.98:3300/0 says I am v2:172.21.15.98:54516/0 (socket says 172.21.15.98:54516)
2024-05-09T00:28:42.640 INFO:teuthology.orchestra.run.smithi098.stdout:/usr/bin/ceph: stderr
2024-05-09T00:28:41.710+0000 7fed0de37700 1 -- 172.21.15.98:0/2745752370 learned_addr learned my addr 172.21.15.98:0/2745752370 (peer_addr_for_me v2:172.21.15.98:0/0)
2024-05-09T00:28:42.640 INFO:teuthology.orchestra.run.smithi098.stdout:/usr/bin/ceph: stderr
2024-05-09T00:28:41.710+0000 7fed0de37700 1 -- 172.21.15.98:0/2745752370 --> [v2:172.21.15.98:3300/0,v1:172.21.15.98:6789/0] -- mon_subscribe({config=0+,monmap=0+}) -- 0x7fed0810f190 con 0x7fed0807ccb0
2024-05-09T00:28:42.640 INFO:teuthology.orchestra.run.smithi098.stdout:/usr/bin/ceph: stderr
2024-05-09T00:28:41.710+0000 7fed0de37700 1 --2- 172.21.15.98:0/2745752370 >> [v2:172.21.15.98:3300/0,v1:172.21.15.98:6789/0] conn(0x7fed0807ccb0 0x7fed0810ead0 secure :-1 s=READY pgs=22 cs=0 l=1 rev1=1 crypto rx=0x7fed04009e80 tx=0x7fed0400b330 comp rx=0 tx=0).ready entity=mon.0 client_cookie=a542e54e80b02ae6 server_cookie=0 in_seq=0 out_seq=0
2024-05-09T00:28:42.640 INFO:teuthology.orchestra.run.smithi098.stdout:/usr/bin/ceph: stderr
2024-05-09T00:28:41.710+0000 7fed0ce35700 1 -- 172.21.15.98:0/2745752370 <== mon.0 v2:172.21.15.98:3300/0 1 ==== mon_map magic: 0 ==== 205+0+0 (secure 0 0 0) 0x7fed04017070 con 0x7fed0807ccb0
2024-05-09T00:28:42.641 INFO:teuthology.orchestra.run.smithi098.stdout:/usr/bin/ceph: stderr
2024-05-09T00:28:41.710+0000 7fed0ce35700 1 -- 172.21.15.98:0/2745752370 <== mon.0 v2:172.21.15.98:3300/0 2 ==== config(26 keys) ==== 1070+0+0 (secure 0 0 0) 0x7fed0400b8c0 con 0x7fed0807ccb0
2024-05-09T00:28:42.641 INFO:teuthology.orchestra.run.smithi098.stdout:/usr/bin/ceph: stderr
2024-05-09T00:28:41.710+0000 7fed0ce35700 1 -- 172.21.15.98:0/2745752370 <== mon.0 v2:172.21.15.98:3300/0 3 ==== mon_map magic: 0 ==== 205+0+0 (secure 0 0 0) 0x7fed04004490 con 0x7fed0807ccb0
2024-05-09T00:28:42.641 INFO:teuthology.orchestra.run.smithi098.stdout:/usr/bin/ceph: stderr
2024-05-09T00:28:41.711+0000 7fed1009b700 1 -- 172.21.15.98:0/2745752370 >> [v2:172.21.15.98:3300/0,v1:172.21.15.98:6789/0] conn(0x7fed0807ccb0 msgr2=0x7fed0810ead0 secure :-1 s=STATE_CONNECTION_ESTABLISHED l=1).mark_down
2024-05-09T00:28:42.641 INFO:teuthology.orchestra.run.smithi098.stdout:/usr/bin/ceph: stderr
2024-05-09T00:28:41.711+0000 7fed1009b700 1 --2- 172.21.15.98:0/2745752370 >> [v2:172.21.15.98:3300/0,v1:172.21.15.98:6789/0] conn(0x7fed0807ccb0 0x7fed0810ead0 secure :-1 s=READY pgs=22 cs=0 l=1 rev1=1 crypto rx=0x7fed04009e80 tx=0x7fed0400b330 comp rx=0 tx=0).stop
2024-05-09T00:28:42.641 INFO:teuthology.orchestra.run.smithi098.stdout:/usr/bin/ceph: stderr
2024-05-09T00:28:41.711+0000 7fed1009b700 1 -- 172.21.15.98:0/2745752370 shutdown_connections
2024-05-09T00:28:42.641 INFO:teuthology.orchestra.run.smithi098.stdout:/usr/bin/ceph: stderr
2024-05-09T00:28:41.711+0000 7fed1009b700 1 --2- 172.21.15.98:0/2745752370 >> [v2:172.21.15.98:3300/0,v1:172.21.15.98:6789/0] conn(0x7fed0807ccb0 0x7fed0810ead0 unknown :-1 s=CLOSED pgs=22 cs=0 l=1 rev1=1 crypto rx=0 tx=0 comp rx=0 tx=0).stop
2024-05-09T00:28:42.641 INFO:teuthology.orchestra.run.smithi098.stdout:/usr/bin/ceph: stderr
2024-05-09T00:28:41.711+0000 7fed1009b700 1 -- 172.21.15.98:0/2745752370 >> 172.21.15.98:0/2745752370 conn(0x7fed08104120 msgr2=0x7fed08106570 unknown :-1 s=STATE_NONE l=0).mark_down
2024-05-09T00:28:42.641 INFO:teuthology.orchestra.run.smithi098.stdout:/usr/bin/ceph: stderr
2024-05-09T00:28:41.711+0000 7fed1009b700 1 -- 172.21.15.98:0/2745752370 shutdown_connections
2024-05-09T00:28:42.641 INFO:teuthology.orchestra.run.smithi098.stdout:/usr/bin/ceph: stderr
2024-05-09T00:28:41.711+0000 7fed1009b700 1 -- 172.21.15.98:0/2745752370 wait complete.
2024-05-09T00:28:42.641 INFO:teuthology.orchestra.run.smithi098.stdout:/usr/bin/ceph: stderr
2024-05-09T00:28:41.712+0000 7fed1009b700 1 Processor -- start
2024-05-09T00:28:42.641 INFO:teuthology.orchestra.run.smithi098.stdout:/usr/bin/ceph: stderr
2024-05-09T00:28:41.712+0000 7fed1009b700 1 -- start start
2024-05-09T00:28:42.641 INFO:teuthology.orchestra.run.smithi098.stdout:/usr/bin/ceph: stderr
2024-05-09T00:28:41.712+0000 7fed1009b700 1 --2- >> [v2:172.21.15.98:3300/0,v1:172.21.15.98:6789/0] conn(0x7fed0807ccb0 0x7fed081a0040 unknown :-1 s=NONE pgs=0 cs=0 l=1 rev1=0 crypto rx=0 tx=0 comp rx=0 tx=0).connect
2024-05-09T00:28:42.641 INFO:teuthology.orchestra.run.smithi098.stdout:/usr/bin/ceph: stderr
2024-05-09T00:28:41.712+0000 7fed1009b700 1 -- --> [v2:172.21.15.98:3300/0,v1:172.21.15.98:6789/0] -- mon_getmap magic: 0 -- 0x7fed081100a0 con 0x7fed0807ccb0
2024-05-09T00:28:42.641 INFO:teuthology.orchestra.run.smithi098.stdout:/usr/bin/ceph: stderr
2024-05-09T00:28:41.712+0000 7fed0de37700 1 --2- >> [v2:172.21.15.98:3300/0,v1:172.21.15.98:6789/0] conn(0x7fed0807ccb0 0x7fed081a0040 unknown :-1 s=BANNER_CONNECTING pgs=0 cs=0 l=1 rev1=0 crypto rx=0 tx=0 comp rx=0 tx=0)._handle_peer_banner_payload supported=3 required=0
2024-05-09T00:28:42.642 INFO:teuthology.orchestra.run.smithi098.stdout:/usr/bin/ceph: stderr
2024-05-09T00:28:41.712+0000 7fed0de37700 1 --2- >> [v2:172.21.15.98:3300/0,v1:172.21.15.98:6789/0] conn(0x7fed0807ccb0 0x7fed081a0040 unknown :-1 s=HELLO_CONNECTING pgs=0 cs=0 l=1 rev1=1 crypto rx=0 tx=0 comp rx=0 tx=0).handle_hello peer v2:172.21.15.98:3300/0 says I am v2:172.21.15.98:54532/0 (socket says 172.21.15.98:54532)
2024-05-09T00:28:42.642 INFO:teuthology.orchestra.run.smithi098.stdout:/usr/bin/ceph: stderr
2024-05-09T00:28:41.712+0000 7fed0de37700 1 -- 172.21.15.98:0/384839385 learned_addr learned my addr 172.21.15.98:0/384839385 (peer_addr_for_me v2:172.21.15.98:0/0)
2024-05-09T00:28:42.642 INFO:teuthology.orchestra.run.smithi098.stdout:/usr/bin/ceph: stderr
2024-05-09T00:28:41.712+0000 7fed0de37700 1 -- 172.21.15.98:0/384839385 --> [v2:172.21.15.98:3300/0,v1:172.21.15.98:6789/0] -- mon_subscribe({config=0+,monmap=0+}) -- 0x7fed081a0580 con 0x7fed0807ccb0
2024-05-09T00:28:42.642 INFO:teuthology.orchestra.run.smithi098.stdout:/usr/bin/ceph: stderr
2024-05-09T00:28:41.712+0000 7fed0de37700 1 --2- 172.21.15.98:0/384839385 >> [v2:172.21.15.98:3300/0,v1:172.21.15.98:6789/0] conn(0x7fed0807ccb0 0x7fed081a0040 secure :-1 s=READY pgs=23 cs=0 l=1 rev1=1 crypto rx=0x7fed04004220 tx=0x7fed0400bd50 comp rx=0 tx=0).ready entity=mon.0 client_cookie=0 server_cookie=0 in_seq=0 out_seq=0
2024-05-09T00:28:42.642 INFO:teuthology.orchestra.run.smithi098.stdout:/usr/bin/ceph: stderr
2024-05-09T00:28:41.713+0000 7fecfeffd700 1 -- 172.21.15.98:0/384839385 <== mon.0 v2:172.21.15.98:3300/0 1 ==== mon_map magic: 0 ==== 205+0+0 (secure 0 0 0) 0x7fed04020020 con 0x7fed0807ccb0
2024-05-09T00:28:42.642 INFO:teuthology.orchestra.run.smithi098.stdout:/usr/bin/ceph: stderr
2024-05-09T00:28:41.713+0000 7fecfeffd700 1 -- 172.21.15.98:0/384839385 <== mon.0 v2:172.21.15.98:3300/0 2 ==== config(26 keys) ==== 1070+0+0 (secure 0 0 0) 0x7fed04012430 con 0x7fed0807ccb0
2024-05-09T00:28:42.642 INFO:teuthology.orchestra.run.smithi098.stdout:/usr/bin/ceph: stderr
2024-05-09T00:28:41.713+0000 7fecfeffd700 1 -- 172.21.15.98:0/384839385 <== mon.0 v2:172.21.15.98:3300/0 3 ==== mon_map magic: 0 ==== 205+0+0 (secure 0 0 0) 0x7fed04017040 con 0x7fed0807ccb0
2024-05-09T00:28:42.642 INFO:teuthology.orchestra.run.smithi098.stdout:/usr/bin/ceph: stderr
2024-05-09T00:28:41.713+0000 7fed1009b700 1 -- 172.21.15.98:0/384839385 --> [v2:172.21.15.98:3300/0,v1:172.21.15.98:6789/0] -- mon_subscribe({mgrmap=0+}) -- 0x7fed081a0810 con 0x7fed0807ccb0
2024-05-09T00:28:42.643 INFO:teuthology.orchestra.run.smithi098.stdout:/usr/bin/ceph: stderr
2024-05-09T00:28:41.713+0000 7fed1009b700 1 -- 172.21.15.98:0/384839385 --> [v2:172.21.15.98:3300/0,v1:172.21.15.98:6789/0] -- mon_subscribe({osdmap=0}) -- 0x7fed081a3420 con 0x7fed0807ccb0
2024-05-09T00:28:42.643 INFO:teuthology.orchestra.run.smithi098.stdout:/usr/bin/ceph: stderr
2024-05-09T00:28:41.714+0000 7fecfeffd700 1 -- 172.21.15.98:0/384839385 <== mon.0 v2:172.21.15.98:3300/0 4 ==== mgrmap(e 4) ==== 50211+0+0 (secure 0 0 0) 0x7fed04023020 con 0x7fed0807ccb0
2024-05-09T00:28:42.643 INFO:teuthology.orchestra.run.smithi098.stdout:/usr/bin/ceph: stderr
2024-05-09T00:28:41.714+0000 7fecfeffd700 1 --2- 172.21.15.98:0/384839385 >> [v2:172.21.15.98:6800/1789538009,v1:172.21.15.98:6801/1789538009] conn(0x7fecf403e490 0x7fecf40409a0 unknown :-1 s=NONE pgs=0 cs=0 l=1 rev1=0 crypto rx=0 tx=0 comp rx=0 tx=0).connect
2024-05-09T00:28:42.643 INFO:teuthology.orchestra.run.smithi098.stdout:/usr/bin/ceph: stderr
2024-05-09T00:28:41.714+0000 7fecfeffd700 1 -- 172.21.15.98:0/384839385 <== mon.0 v2:172.21.15.98:3300/0 5 ==== osd_map(1..1 src has 1..1) ==== 725+0+0 (secure 0 0 0) 0x7fed0400f050 con 0x7fed0807ccb0
2024-05-09T00:28:42.643 INFO:teuthology.orchestra.run.smithi098.stdout:/usr/bin/ceph: stderr
2024-05-09T00:28:41.714+0000 7fed1009b700 1 -- 172.21.15.98:0/384839385 --> [v2:172.21.15.98:3300/0,v1:172.21.15.98:6789/0] -- mon_command({"prefix": "get_command_descriptions"} v 0) -- 0x7fed08064e20 con 0x7fed0807ccb0
2024-05-09T00:28:42.643 INFO:teuthology.orchestra.run.smithi098.stdout:/usr/bin/ceph: stderr
2024-05-09T00:28:41.714+0000 7fed0d636700 1 --2- 172.21.15.98:0/384839385 >> [v2:172.21.15.98:6800/1789538009,v1:172.21.15.98:6801/1789538009] conn(0x7fecf403e490 0x7fecf40409a0 unknown :-1 s=BANNER_CONNECTING pgs=0 cs=0 l=1 rev1=0 crypto rx=0 tx=0 comp rx=0 tx=0)._handle_peer_banner_payload supported=3 required=0
2024-05-09T00:28:42.643 INFO:teuthology.orchestra.run.smithi098.stdout:/usr/bin/ceph: stderr
2024-05-09T00:28:41.714+0000 7fed0d636700 1 --2- 172.21.15.98:0/384839385 >> [v2:172.21.15.98:6800/1789538009,v1:172.21.15.98:6801/1789538009] conn(0x7fecf403e490 0x7fecf40409a0 secure :-1 s=READY pgs=8 cs=0 l=1 rev1=1 crypto rx=0x7fecf8006fd0 tx=0x7fecf8006e40 comp rx=0 tx=0).ready entity=mgr.14100 client_cookie=0 server_cookie=0 in_seq=0 out_seq=0
2024-05-09T00:28:42.643 INFO:teuthology.orchestra.run.smithi098.stdout:/usr/bin/ceph: stderr
2024-05-09T00:28:41.719+0000 7fecfeffd700 1 -- 172.21.15.98:0/384839385 <== mon.0 v2:172.21.15.98:3300/0 6 ==== mon_command_ack([{"prefix": "get_command_descriptions"}]=0 v0) ==== 72+0+191963 (secure 0 0 0) 0x7fed0402a020 con 0x7fed0807ccb0
2024-05-09T00:28:42.643 INFO:teuthology.orchestra.run.smithi098.stdout:/usr/bin/ceph: stderr
2024-05-09T00:28:41.978+0000 7fed1009b700 1 -- 172.21.15.98:0/384839385 --> [v2:172.21.15.98:3300/0,v1:172.21.15.98:6789/0] -- mon_command({"prefix": "mgr module enable", "module": "cephadm"} v 0) -- 0x7fed081a3a40 con 0x7fed0807ccb0
2024-05-09T00:28:42.643 INFO:teuthology.orchestra.run.smithi098.stdout:/usr/bin/ceph: stderr
2024-05-09T00:28:42.029+0000 7fecfeffd700 1 -- 172.21.15.98:0/384839385 <== mon.0 v2:172.21.15.98:3300/0 7 ==== mon_command_ack([{"prefix": "mgr module enable", "module": "cephadm"}]=0 v5) ==== 86+0+0 (secure 0 0 0) 0x7fed0402dd60 con 0x7fed0807ccb0
2024-05-09T00:28:42.644 INFO:teuthology.orchestra.run.smithi098.stdout:/usr/bin/ceph: stderr
2024-05-09T00:28:42.031+0000 7fecfeffd700 1 -- 172.21.15.98:0/384839385 <== mon.0 v2:172.21.15.98:3300/0 8 ==== mgrmap(e 5) ==== 50222+0+0 (secure 0 0 0) 0x7fed04083df0 con 0x7fed0807ccb0
2024-05-09T00:28:42.644 INFO:teuthology.orchestra.run.smithi098.stdout:/usr/bin/ceph: stderr
2024-05-09T00:28:42.032+0000 7fed1009b700 1 -- 172.21.15.98:0/384839385 >> [v2:172.21.15.98:6800/1789538009,v1:172.21.15.98:6801/1789538009] conn(0x7fecf403e490 msgr2=0x7fecf40409a0 secure :-1 s=STATE_CONNECTION_ESTABLISHED l=1).mark_down
2024-05-09T00:28:42.644 INFO:teuthology.orchestra.run.smithi098.stdout:/usr/bin/ceph: stderr
2024-05-09T00:28:42.032+0000 7fed1009b700 1 --2- 172.21.15.98:0/384839385 >> [v2:172.21.15.98:6800/1789538009,v1:172.21.15.98:6801/1789538009] conn(0x7fecf403e490 0x7fecf40409a0 secure :-1 s=READY pgs=8 cs=0 l=1 rev1=1 crypto rx=0x7fecf8006fd0 tx=0x7fecf8006e40 comp rx=0 tx=0).stop
2024-05-09T00:28:42.644 INFO:teuthology.orchestra.run.smithi098.stdout:/usr/bin/ceph: stderr
2024-05-09T00:28:42.032+0000 7fed1009b700 1 -- 172.21.15.98:0/384839385 >> [v2:172.21.15.98:3300/0,v1:172.21.15.98:6789/0] conn(0x7fed0807ccb0 msgr2=0x7fed081a0040 secure :-1 s=STATE_CONNECTION_ESTABLISHED l=1).mark_down
2024-05-09T00:28:42.644 INFO:teuthology.orchestra.run.smithi098.stdout:/usr/bin/ceph: stderr
2024-05-09T00:28:42.032+0000 7fed1009b700 1 --2- 172.21.15.98:0/384839385 >> [v2:172.21.15.98:3300/0,v1:172.21.15.98:6789/0] conn(0x7fed0807ccb0 0x7fed081a0040 secure :-1 s=READY pgs=23 cs=0 l=1 rev1=1 crypto rx=0x7fed04004220 tx=0x7fed0400bd50 comp rx=0 tx=0).stop
2024-05-09T00:28:42.644 INFO:teuthology.orchestra.run.smithi098.stdout:/usr/bin/ceph: stderr
2024-05-09T00:28:42.032+0000 7fed1009b700 1 -- 172.21.15.98:0/384839385 shutdown_connections
2024-05-09T00:28:42.644 INFO:teuthology.orchestra.run.smithi098.stdout:/usr/bin/ceph: stderr
2024-05-09T00:28:42.032+0000 7fed1009b700 1 --2- 172.21.15.98:0/384839385 >> [v2:172.21.15.98:6800/1789538009,v1:172.21.15.98:6801/1789538009] conn(0x7fecf403e490 0x7fecf40409a0 unknown :-1 s=CLOSED pgs=8 cs=0 l=1 rev1=1 crypto rx=0 tx=0 comp rx=0 tx=0).stop
2024-05-09T00:28:42.644 INFO:teuthology.orchestra.run.smithi098.stdout:/usr/bin/ceph: stderr
2024-05-09T00:28:42.032+0000 7fed1009b700 1 --2- 172.21.15.98:0/384839385 >> [v2:172.21.15.98:3300/0,v1:172.21.15.98:6789/0] conn(0x7fed0807ccb0 0x7fed081a0040 unknown :-1 s=CLOSED pgs=23 cs=0 l=1 rev1=1 crypto rx=0 tx=0 comp rx=0 tx=0).stop
2024-05-09T00:28:42.644 INFO:teuthology.orchestra.run.smithi098.stdout:/usr/bin/ceph: stderr
2024-05-09T00:28:42.032+0000 7fed1009b700 1 -- 172.21.15.98:0/384839385 >> 172.21.15.98:0/384839385 conn(0x7fed08104120 msgr2=0x7fed081059f0 unknown :-1 s=STATE_NONE l=0).mark_down
2024-05-09T00:28:42.644 INFO:teuthology.orchestra.run.smithi098.stdout:/usr/bin/ceph: stderr
2024-05-09T00:28:42.032+0000 7fed1009b700 1 -- 172.21.15.98:0/384839385 shutdown_connections
2024-05-09T00:28:42.644 INFO:teuthology.orchestra.run.smithi098.stdout:/usr/bin/ceph: stderr
2024-05-09T00:28:42.032+0000 7fed1009b700 1 -- 172.21.15.98:0/384839385 wait complete.
2024-05-09T00:28:42.767 INFO:journalctl@ceph.mgr.x.smithi098.stdout:May 09 00:28:42 smithi098 ceph-de7b545e-0d9a-11ef-bc97-c7b262605968-mgr-x[30564]:
2024-05-09T00:28:42.417+0000 7fa8be0e5200 -1 mgr[py] Module orchestrator has missing NOTIFY_TYPES member
2024-05-09T00:28:42.767 INFO:journalctl@ceph.mgr.x.smithi098.stdout:May 09 00:28:42 smithi098 ceph-de7b545e-0d9a-11ef-bc97-c7b262605968-mgr-x[30564]:
2024-05-09T00:28:42.522+0000 7fa8be0e5200 -1 mgr[py] Module snap_schedule has missing NOTIFY_TYPES member
2024-05-09T00:28:43.035 INFO:journalctl@ceph.mgr.x.smithi098.stdout:May 09 00:28:42 smithi098 ceph-de7b545e-0d9a-11ef-bc97-c7b262605968-mgr-x[30564]:
2024-05-09T00:28:42.843+0000 7fa8be0e5200 -1 mgr[py] Module progress has missing NOTIFY_TYPES member
2024-05-09T00:28:43.035 INFO:journalctl@ceph.mgr.x.smithi098.stdout:May 09 00:28:42 smithi098 ceph-de7b545e-0d9a-11ef-bc97-c7b262605968-mgr-x[30564]:
2024-05-09T00:28:42.934+0000 7fa8be0e5200 -1 mgr[py] Module influx has missing NOTIFY_TYPES member
2024-05-09T00:28:43.294 INFO:journalctl@ceph.mon.a.smithi098.stdout:May 09 00:28:43 smithi098 ceph-mon[30337]: from='client.? 172.21.15.98:0/384839385' entity='client.admin' cmd='[{"prefix": "mgr module enable", "module": "cephadm"}]': finished
2024-05-09T00:28:43.295 INFO:journalctl@ceph.mon.a.smithi098.stdout:May 09 00:28:43 smithi098 ceph-mon[30337]: mgrmap e5: x(active, since 6s)
2024-05-09T00:28:44.000 INFO:teuthology.orchestra.run.smithi098.stdout:/usr/bin/ceph: stdout {
2024-05-09T00:28:44.000 INFO:teuthology.orchestra.run.smithi098.stdout:/usr/bin/ceph: stdout "epoch": 5,
2024-05-09T00:28:44.000 INFO:teuthology.orchestra.run.smithi098.stdout:/usr/bin/ceph: stdout "available": true,
2024-05-09T00:28:44.001 INFO:teuthology.orchestra.run.smithi098.stdout:/usr/bin/ceph: stdout "active_name": "x",
2024-05-09T00:28:44.001 INFO:teuthology.orchestra.run.smithi098.stdout:/usr/bin/ceph: stdout "num_standby": 0
2024-05-09T00:28:44.001 INFO:teuthology.orchestra.run.smithi098.stdout:/usr/bin/ceph: stdout }
2024-05-09T00:28:44.001 INFO:teuthology.orchestra.run.smithi098.stdout:/usr/bin/ceph: stderr
2024-05-09T00:28:43.087+0000 7ff755482700 1 Processor -- start
2024-05-09T00:28:44.001 INFO:teuthology.orchestra.run.smithi098.stdout:/usr/bin/ceph: stderr
2024-05-09T00:28:43.087+0000 7ff755482700 1 -- start start
2024-05-09T00:28:44.001 INFO:teuthology.orchestra.run.smithi098.stdout:/usr/bin/ceph: stderr
2024-05-09T00:28:43.087+0000 7ff755482700 1 --2- >> [v2:172.21.15.98:3300/0,v1:172.21.15.98:6789/0] conn(0x7ff75007ccd0 0x7ff75010c6b0 unknown :-1 s=NONE pgs=0 cs=0 l=0 rev1=0 crypto rx=0 tx=0 comp rx=0 tx=0).connect
2024-05-09T00:28:44.001 INFO:teuthology.orchestra.run.smithi098.stdout:/usr/bin/ceph: stderr
2024-05-09T00:28:43.087+0000 7ff755482700 1 -- --> [v2:172.21.15.98:3300/0,v1:172.21.15.98:6789/0] -- mon_getmap magic: 0 -- 0x7ff75010cca0 con 0x7ff75007ccd0
2024-05-09T00:28:44.001 INFO:teuthology.orchestra.run.smithi098.stdout:/usr/bin/ceph: stderr
2024-05-09T00:28:43.088+0000 7ff74effd700 1 --2- >> [v2:172.21.15.98:3300/0,v1:172.21.15.98:6789/0] conn(0x7ff75007ccd0 0x7ff75010c6b0 unknown :-1 s=BANNER_CONNECTING pgs=0 cs=0 l=0 rev1=0 crypto rx=0 tx=0 comp rx=0 tx=0)._handle_peer_banner_payload supported=3 required=0
2024-05-09T00:28:44.001 INFO:teuthology.orchestra.run.smithi098.stdout:/usr/bin/ceph: stderr
2024-05-09T00:28:43.088+0000 7ff74effd700 1 --2- >> [v2:172.21.15.98:3300/0,v1:172.21.15.98:6789/0] conn(0x7ff75007ccd0 0x7ff75010c6b0 unknown :-1 s=HELLO_CONNECTING pgs=0 cs=0 l=0 rev1=1 crypto rx=0 tx=0 comp rx=0 tx=0).handle_hello peer v2:172.21.15.98:3300/0 says I am v2:172.21.15.98:54574/0 (socket says 172.21.15.98:54574)
2024-05-09T00:28:44.001 INFO:teuthology.orchestra.run.smithi098.stdout:/usr/bin/ceph: stderr
2024-05-09T00:28:43.088+0000 7ff74effd700 1 -- 172.21.15.98:0/3191437470 learned_addr learned my addr 172.21.15.98:0/3191437470 (peer_addr_for_me v2:172.21.15.98:0/0)
2024-05-09T00:28:44.001 INFO:teuthology.orchestra.run.smithi098.stdout:/usr/bin/ceph: stderr
2024-05-09T00:28:43.088+0000 7ff74effd700 1 -- 172.21.15.98:0/3191437470 --> [v2:172.21.15.98:3300/0,v1:172.21.15.98:6789/0] -- mon_subscribe({config=0+,monmap=0+}) -- 0x7ff75010ce20 con 0x7ff75007ccd0
2024-05-09T00:28:44.001 INFO:teuthology.orchestra.run.smithi098.stdout:/usr/bin/ceph: stderr
2024-05-09T00:28:43.088+0000 7ff74effd700 1 --2- 172.21.15.98:0/3191437470 >> [v2:172.21.15.98:3300/0,v1:172.21.15.98:6789/0] conn(0x7ff75007ccd0 0x7ff75010c6b0 secure :-1 s=READY pgs=26 cs=0 l=1 rev1=1 crypto rx=0x7ff7440098a0 tx=0x7ff744009bb0 comp rx=0 tx=0).ready entity=mon.0 client_cookie=ff6545ada5f20668 server_cookie=0 in_seq=0 out_seq=0
2024-05-09T00:28:44.001 INFO:teuthology.orchestra.run.smithi098.stdout:/usr/bin/ceph: stderr
2024-05-09T00:28:43.088+0000 7ff74dffb700 1 -- 172.21.15.98:0/3191437470 <== mon.0 v2:172.21.15.98:3300/0 1 ==== mon_map magic: 0 ==== 205+0+0 (secure 0 0 0) 0x7ff744004160 con 0x7ff75007ccd0
2024-05-09T00:28:44.002 INFO:teuthology.orchestra.run.smithi098.stdout:/usr/bin/ceph: stderr
2024-05-09T00:28:43.088+0000 7ff74dffb700 1 -- 172.21.15.98:0/3191437470 <== mon.0 v2:172.21.15.98:3300/0 2 ==== config(26 keys) ==== 1070+0+0 (secure 0 0 0) 0x7ff744004300 con 0x7ff75007ccd0
2024-05-09T00:28:44.002 INFO:teuthology.orchestra.run.smithi098.stdout:/usr/bin/ceph: stderr
2024-05-09T00:28:43.088+0000 7ff74dffb700 1 -- 172.21.15.98:0/3191437470 <== mon.0 v2:172.21.15.98:3300/0 3 ==== mon_map magic: 0 ==== 205+0+0 (secure 0 0 0) 0x7ff744011af0 con 0x7ff75007ccd0
2024-05-09T00:28:44.002 INFO:teuthology.orchestra.run.smithi098.stdout:/usr/bin/ceph: stderr
2024-05-09T00:28:43.089+0000 7ff755482700 1 -- 172.21.15.98:0/3191437470 >> [v2:172.21.15.98:3300/0,v1:172.21.15.98:6789/0] conn(0x7ff75007ccd0 msgr2=0x7ff75010c6b0 secure :-1 s=STATE_CONNECTION_ESTABLISHED l=1).mark_down
2024-05-09T00:28:44.002 INFO:teuthology.orchestra.run.smithi098.stdout:/usr/bin/ceph: stderr
2024-05-09T00:28:43.089+0000 7ff755482700 1 --2- 172.21.15.98:0/3191437470 >> [v2:172.21.15.98:3300/0,v1:172.21.15.98:6789/0] conn(0x7ff75007ccd0 0x7ff75010c6b0 secure :-1 s=READY pgs=26 cs=0 l=1 rev1=1 crypto rx=0x7ff7440098a0 tx=0x7ff744009bb0 comp rx=0 tx=0).stop
2024-05-09T00:28:44.002 INFO:teuthology.orchestra.run.smithi098.stdout:/usr/bin/ceph: stderr
2024-05-09T00:28:43.089+0000 7ff755482700 1 -- 172.21.15.98:0/3191437470 shutdown_connections
2024-05-09T00:28:44.002 INFO:teuthology.orchestra.run.smithi098.stdout:/usr/bin/ceph: stderr
2024-05-09T00:28:43.089+0000 7ff755482700 1 --2- 172.21.15.98:0/3191437470 >> [v2:172.21.15.98:3300/0,v1:172.21.15.98:6789/0] conn(0x7ff75007ccd0 0x7ff75010c6b0 unknown :-1 s=CLOSED pgs=26 cs=0 l=1 rev1=1 crypto rx=0 tx=0 comp rx=0 tx=0).stop
2024-05-09T00:28:44.002 INFO:teuthology.orchestra.run.smithi098.stdout:/usr/bin/ceph: stderr
2024-05-09T00:28:43.089+0000 7ff755482700 1 -- 172.21.15.98:0/3191437470 >> 172.21.15.98:0/3191437470 conn(0x7ff750104120 msgr2=0x7ff750106570 unknown :-1 s=STATE_NONE l=0).mark_down
2024-05-09T00:28:44.002 INFO:teuthology.orchestra.run.smithi098.stdout:/usr/bin/ceph: stderr
2024-05-09T00:28:43.089+0000 7ff755482700 1 -- 172.21.15.98:0/3191437470 shutdown_connections
2024-05-09T00:28:44.002 INFO:teuthology.orchestra.run.smithi098.stdout:/usr/bin/ceph: stderr
2024-05-09T00:28:43.089+0000 7ff755482700 1 -- 172.21.15.98:0/3191437470 wait complete.
2024-05-09T00:28:44.002 INFO:teuthology.orchestra.run.smithi098.stdout:/usr/bin/ceph: stderr
2024-05-09T00:28:43.090+0000 7ff755482700 1 Processor -- start
2024-05-09T00:28:44.002 INFO:teuthology.orchestra.run.smithi098.stdout:/usr/bin/ceph: stderr
2024-05-09T00:28:43.090+0000 7ff755482700 1 -- start start
2024-05-09T00:28:44.002 INFO:teuthology.orchestra.run.smithi098.stdout:/usr/bin/ceph: stderr
2024-05-09T00:28:43.090+0000 7ff755482700 1 --2- >> [v2:172.21.15.98:3300/0,v1:172.21.15.98:6789/0] conn(0x7ff75007ccd0 0x7ff750109e20 unknown :-1 s=NONE pgs=0 cs=0 l=1 rev1=0 crypto rx=0 tx=0 comp rx=0 tx=0).connect
2024-05-09T00:28:44.002 INFO:teuthology.orchestra.run.smithi098.stdout:/usr/bin/ceph: stderr
2024-05-09T00:28:43.090+0000 7ff755482700 1 -- --> [v2:172.21.15.98:3300/0,v1:172.21.15.98:6789/0] -- mon_getmap magic: 0 -- 0x7ff75010dea0 con 0x7ff75007ccd0
2024-05-09T00:28:44.003 INFO:teuthology.orchestra.run.smithi098.stdout:/usr/bin/ceph: stderr
2024-05-09T00:28:43.090+0000 7ff74effd700 1 --2- >> [v2:172.21.15.98:3300/0,v1:172.21.15.98:6789/0] conn(0x7ff75007ccd0 0x7ff750109e20 unknown :-1 s=BANNER_CONNECTING pgs=0 cs=0 l=1 rev1=0 crypto rx=0 tx=0 comp rx=0 tx=0)._handle_peer_banner_payload supported=3 required=0
2024-05-09T00:28:44.003 INFO:teuthology.orchestra.run.smithi098.stdout:/usr/bin/ceph: stderr
2024-05-09T00:28:43.091+0000 7ff74effd700 1 --2- >> [v2:172.21.15.98:3300/0,v1:172.21.15.98:6789/0] conn(0x7ff75007ccd0 0x7ff750109e20 unknown :-1 s=HELLO_CONNECTING pgs=0 cs=0 l=1 rev1=1 crypto rx=0 tx=0 comp rx=0 tx=0).handle_hello peer v2:172.21.15.98:3300/0 says I am v2:172.21.15.98:54586/0 (socket says 172.21.15.98:54586)
2024-05-09T00:28:44.003 INFO:teuthology.orchestra.run.smithi098.stdout:/usr/bin/ceph: stderr
2024-05-09T00:28:43.091+0000 7ff74effd700 1 -- 172.21.15.98:0/2436349707 learned_addr learned my addr 172.21.15.98:0/2436349707 (peer_addr_for_me v2:172.21.15.98:0/0)
2024-05-09T00:28:44.003 INFO:teuthology.orchestra.run.smithi098.stdout:/usr/bin/ceph: stderr
2024-05-09T00:28:43.091+0000 7ff74effd700 1 -- 172.21.15.98:0/2436349707 --> [v2:172.21.15.98:3300/0,v1:172.21.15.98:6789/0] -- mon_subscribe({config=0+,monmap=0+}) -- 0x7ff75010a360 con 0x7ff75007ccd0
2024-05-09T00:28:44.003 INFO:teuthology.orchestra.run.smithi098.stdout:/usr/bin/ceph: stderr
2024-05-09T00:28:43.091+0000 7ff74effd700 1 --2- 172.21.15.98:0/2436349707 >> [v2:172.21.15.98:3300/0,v1:172.21.15.98:6789/0] conn(0x7ff75007ccd0 0x7ff750109e20 secure :-1 s=READY pgs=27 cs=0 l=1 rev1=1 crypto rx=0x7ff744009fb0 tx=0x7ff744011890 comp rx=0 tx=0).ready entity=mon.0 client_cookie=0 server_cookie=0 in_seq=0 out_seq=0
2024-05-09T00:28:44.003 INFO:teuthology.orchestra.run.smithi098.stdout:/usr/bin/ceph: stderr
2024-05-09T00:28:43.091+0000 7ff737fff700 1 -- 172.21.15.98:0/2436349707 <== mon.0 v2:172.21.15.98:3300/0 1 ==== mon_map magic: 0 ==== 205+0+0 (secure 0 0 0) 0x7ff744011bc0 con 0x7ff75007ccd0
2024-05-09T00:28:44.003 INFO:teuthology.orchestra.run.smithi098.stdout:/usr/bin/ceph: stderr
2024-05-09T00:28:43.091+0000 7ff737fff700 1 -- 172.21.15.98:0/2436349707 <== mon.0 v2:172.21.15.98:3300/0 2 ==== config(26 keys) ==== 1070+0+0 (secure 0 0 0) 0x7ff744024440 con 0x7ff75007ccd0
2024-05-09T00:28:44.003 INFO:teuthology.orchestra.run.smithi098.stdout:/usr/bin/ceph: stderr
2024-05-09T00:28:43.091+0000 7ff755482700 1 -- 172.21.15.98:0/2436349707 --> [v2:172.21.15.98:3300/0,v1:172.21.15.98:6789/0] -- mon_subscribe({mgrmap=0+}) -- 0x7ff7501085b0 con 0x7ff75007ccd0
2024-05-09T00:28:44.003 INFO:teuthology.orchestra.run.smithi098.stdout:/usr/bin/ceph: stderr
2024-05-09T00:28:43.091+0000 7ff737fff700 1 -- 172.21.15.98:0/2436349707 <== mon.0 v2:172.21.15.98:3300/0 3 ==== mon_map magic: 0 ==== 205+0+0 (secure 0 0 0) 0x7ff74401a5c0 con 0x7ff75007ccd0
2024-05-09T00:28:44.003 INFO:teuthology.orchestra.run.smithi098.stdout:/usr/bin/ceph: stderr
2024-05-09T00:28:43.091+0000 7ff755482700 1 -- 172.21.15.98:0/2436349707 --> [v2:172.21.15.98:3300/0,v1:172.21.15.98:6789/0] -- mon_subscribe({osdmap=0}) -- 0x7ff750108a90 con 0x7ff75007ccd0
2024-05-09T00:28:44.003 INFO:teuthology.orchestra.run.smithi098.stdout:/usr/bin/ceph: stderr
2024-05-09T00:28:43.092+0000 7ff737fff700 1 -- 172.21.15.98:0/2436349707 <== mon.0 v2:172.21.15.98:3300/0 4 ==== mgrmap(e 5) ==== 50222+0+0 (secure 0 0 0) 0x7ff74401a880 con 0x7ff75007ccd0
2024-05-09T00:28:44.003 INFO:teuthology.orchestra.run.smithi098.stdout:/usr/bin/ceph: stderr
2024-05-09T00:28:43.092+0000 7ff737fff700 1 --2- 172.21.15.98:0/2436349707 >> [v2:172.21.15.98:6800/1789538009,v1:172.21.15.98:6801/1789538009] conn(0x7ff73803e4e0 0x7ff7380409f0 unknown :-1 s=NONE pgs=0 cs=0 l=1 rev1=0 crypto rx=0 tx=0 comp rx=0 tx=0).connect
2024-05-09T00:28:44.003 INFO:teuthology.orchestra.run.smithi098.stdout:/usr/bin/ceph: stderr
2024-05-09T00:28:43.092+0000 7ff737fff700 1 -- 172.21.15.98:0/2436349707 <== mon.0 v2:172.21.15.98:3300/0 5 ==== osd_map(1..1 src has 1..1) ==== 725+0+0 (secure 0 0 0) 0x7ff7440547e0 con 0x7ff75007ccd0
2024-05-09T00:28:44.003 INFO:teuthology.orchestra.run.smithi098.stdout:/usr/bin/ceph: stderr
2024-05-09T00:28:43.092+0000 7ff74e7fc700 1 -- 172.21.15.98:0/2436349707 >> [v2:172.21.15.98:6800/1789538009,v1:172.21.15.98:6801/1789538009] conn(0x7ff73803e4e0 msgr2=0x7ff7380409f0 unknown :-1 s=STATE_CONNECTING_RE l=1).process reconnect failed to v2:172.21.15.98:6800/1789538009
2024-05-09T00:28:44.004 INFO:teuthology.orchestra.run.smithi098.stdout:/usr/bin/ceph: stderr
2024-05-09T00:28:43.093+0000 7ff74e7fc700 1 --2- 172.21.15.98:0/2436349707 >> [v2:172.21.15.98:6800/1789538009,v1:172.21.15.98:6801/1789538009] conn(0x7ff73803e4e0 0x7ff7380409f0 unknown :-1 s=START_CONNECT pgs=0 cs=0 l=1 rev1=0 crypto rx=0 tx=0 comp rx=0 tx=0)._fault waiting 0.200000
2024-05-09T00:28:44.004 INFO:teuthology.orchestra.run.smithi098.stdout:/usr/bin/ceph: stderr
2024-05-09T00:28:43.093+0000 7ff755482700 1 -- 172.21.15.98:0/2436349707 --> [v2:172.21.15.98:3300/0,v1:172.21.15.98:6789/0] -- mon_command({"prefix": "get_command_descriptions"} v 0) -- 0x7ff750064e20 con 0x7ff75007ccd0
2024-05-09T00:28:44.004 INFO:teuthology.orchestra.run.smithi098.stdout:/usr/bin/ceph: stderr
2024-05-09T00:28:43.098+0000 7ff737fff700 1 -- 172.21.15.98:0/2436349707 <== mon.0 v2:172.21.15.98:3300/0 6 ==== mon_command_ack([{"prefix": "get_command_descriptions"}]=0 v0) ==== 72+0+191963 (secure 0 0 0) 0x7ff74400b3e0 con 0x7ff75007ccd0
2024-05-09T00:28:44.004 INFO:teuthology.orchestra.run.smithi098.stdout:/usr/bin/ceph: stderr
2024-05-09T00:28:43.294+0000 7ff74e7fc700 1 -- 172.21.15.98:0/2436349707 >> [v2:172.21.15.98:6800/1789538009,v1:172.21.15.98:6801/1789538009] conn(0x7ff73803e4e0 msgr2=0x7ff7380409f0 unknown :-1 s=STATE_CONNECTING_RE l=1).process reconnect failed to v2:172.21.15.98:6800/1789538009
2024-05-09T00:28:44.004 INFO:teuthology.orchestra.run.smithi098.stdout:/usr/bin/ceph: stderr
2024-05-09T00:28:43.294+0000 7ff74e7fc700 1 --2- 172.21.15.98:0/2436349707 >> [v2:172.21.15.98:6800/1789538009,v1:172.21.15.98:6801/1789538009] conn(0x7ff73803e4e0 0x7ff7380409f0 unknown :-1 s=START_CONNECT pgs=0 cs=0 l=1 rev1=0 crypto rx=0 tx=0 comp rx=0 tx=0)._fault waiting 0.400000
2024-05-09T00:28:44.004 INFO:teuthology.orchestra.run.smithi098.stdout:/usr/bin/ceph: stderr
2024-05-09T00:28:43.401+0000 7ff755482700 1 -- 172.21.15.98:0/2436349707 --> [v2:172.21.15.98:3300/0,v1:172.21.15.98:6789/0] -- mon_command({"prefix": "mgr stat"} v 0) -- 0x7ff750109150 con 0x7ff75007ccd0
2024-05-09T00:28:44.004 INFO:teuthology.orchestra.run.smithi098.stdout:/usr/bin/ceph: stderr
2024-05-09T00:28:43.402+0000 7ff737fff700 1 -- 172.21.15.98:0/2436349707 <== mon.0 v2:172.21.15.98:3300/0 7 ==== mon_command_ack([{"prefix": "mgr stat"}]=0 v5) ==== 56+0+88 (secure 0 0 0) 0x7ff744029df0 con 0x7ff75007ccd0
2024-05-09T00:28:44.004 INFO:teuthology.orchestra.run.smithi098.stdout:/usr/bin/ceph: stderr
2024-05-09T00:28:43.404+0000 7ff755482700 1 -- 172.21.15.98:0/2436349707 >> [v2:172.21.15.98:6800/1789538009,v1:172.21.15.98:6801/1789538009] conn(0x7ff73803e4e0 msgr2=0x7ff7380409f0 unknown :-1 s=STATE_CONNECTING l=1).mark_down
2024-05-09T00:28:44.004 INFO:teuthology.orchestra.run.smithi098.stdout:/usr/bin/ceph: stderr
2024-05-09T00:28:43.404+0000 7ff755482700 1 --2- 172.21.15.98:0/2436349707 >> [v2:172.21.15.98:6800/1789538009,v1:172.21.15.98:6801/1789538009] conn(0x7ff73803e4e0 0x7ff7380409f0 unknown :-1 s=START_CONNECT pgs=0 cs=0 l=1 rev1=0 crypto rx=0 tx=0 comp rx=0 tx=0).stop
2024-05-09T00:28:44.004 INFO:teuthology.orchestra.run.smithi098.stdout:/usr/bin/ceph: stderr
2024-05-09T00:28:43.404+0000 7ff755482700 1 -- 172.21.15.98:0/2436349707 >> [v2:172.21.15.98:3300/0,v1:172.21.15.98:6789/0] conn(0x7ff75007ccd0 msgr2=0x7ff750109e20 secure :-1 s=STATE_CONNECTION_ESTABLISHED l=1).mark_down
2024-05-09T00:28:44.004 INFO:teuthology.orchestra.run.smithi098.stdout:/usr/bin/ceph: stderr
2024-05-09T00:28:43.404+0000 7ff755482700 1 --2- 172.21.15.98:0/2436349707 >> [v2:172.21.15.98:3300/0,v1:172.21.15.98:6789/0] conn(0x7ff75007ccd0 0x7ff750109e20 secure :-1 s=READY pgs=27 cs=0 l=1 rev1=1 crypto rx=0x7ff744009fb0 tx=0x7ff744011890 comp rx=0 tx=0).stop
2024-05-09T00:28:44.004 INFO:teuthology.orchestra.run.smithi098.stdout:/usr/bin/ceph: stderr
2024-05-09T00:28:43.404+0000 7ff755482700 1 -- 172.21.15.98:0/2436349707 shutdown_connections
2024-05-09T00:28:44.004 INFO:teuthology.orchestra.run.smithi098.stdout:/usr/bin/ceph: stderr
2024-05-09T00:28:43.404+0000 7ff755482700 1 --2- 172.21.15.98:0/2436349707 >> [v2:172.21.15.98:6800/1789538009,v1:172.21.15.98:6801/1789538009] conn(0x7ff73803e4e0 0x7ff7380409f0 unknown :-1 s=CLOSED pgs=0 cs=0 l=1 rev1=0 crypto rx=0 tx=0 comp rx=0 tx=0).stop
2024-05-09T00:28:44.004 INFO:teuthology.orchestra.run.smithi098.stdout:/usr/bin/ceph: stderr
2024-05-09T00:28:43.404+0000 7ff755482700 1 --2- 172.21.15.98:0/2436349707 >> [v2:172.21.15.98:3300/0,v1:172.21.15.98:6789/0] conn(0x7ff75007ccd0 0x7ff750109e20 unknown :-1 s=CLOSED pgs=27 cs=0 l=1 rev1=1 crypto rx=0 tx=0 comp rx=0 tx=0).stop
2024-05-09T00:28:44.004 INFO:teuthology.orchestra.run.smithi098.stdout:/usr/bin/ceph: stderr
2024-05-09T00:28:43.404+0000 7ff755482700 1 -- 172.21.15.98:0/2436349707 >> 172.21.15.98:0/2436349707 conn(0x7ff750104120 msgr2=0x7ff750105a60 unknown :-1 s=STATE_NONE l=0).mark_down
2024-05-09T00:28:44.005 INFO:teuthology.orchestra.run.smithi098.stdout:/usr/bin/ceph: stderr
2024-05-09T00:28:43.404+0000 7ff755482700 1 -- 172.21.15.98:0/2436349707 shutdown_connections
2024-05-09T00:28:44.005 INFO:teuthology.orchestra.run.smithi098.stdout:/usr/bin/ceph: stderr
2024-05-09T00:28:43.404+0000 7ff755482700 1 -- 172.21.15.98:0/2436349707 wait complete.
2024-05-09T00:28:44.005 INFO:teuthology.orchestra.run.smithi098.stdout:Waiting for the mgr to restart...
2024-05-09T00:28:44.005 INFO:teuthology.orchestra.run.smithi098.stdout:Waiting for mgr epoch 5...
2024-05-09T00:28:44.299 INFO:journalctl@ceph.mon.a.smithi098.stdout:May 09 00:28:44 smithi098 ceph-mon[30337]: from='client.? 172.21.15.98:0/2436349707' entity='client.admin' cmd=[{"prefix": "mgr stat"}]: dispatch
2024-05-09T00:28:44.300 INFO:journalctl@ceph.mgr.x.smithi098.stdout:May 09 00:28:44 smithi098 ceph-de7b545e-0d9a-11ef-bc97-c7b262605968-mgr-x[30564]:
2024-05-09T00:28:44.176+0000 7fa8be0e5200 -1 mgr[py] Module telegraf has missing NOTIFY_TYPES member
2024-05-09T00:28:44.610 INFO:journalctl@ceph.mgr.x.smithi098.stdout:May 09 00:28:44 smithi098 ceph-de7b545e-0d9a-11ef-bc97-c7b262605968-mgr-x[30564]:
2024-05-09T00:28:44.356+0000 7fa8be0e5200 -1 mgr[py] Module osd_support has missing NOTIFY_TYPES member
2024-05-09T00:28:44.611 INFO:journalctl@ceph.mgr.x.smithi098.stdout:May 09 00:28:44 smithi098 ceph-de7b545e-0d9a-11ef-bc97-c7b262605968-mgr-x[30564]:
2024-05-09T00:28:44.530+0000 7fa8be0e5200 -1 mgr[py] Module iostat has missing NOTIFY_TYPES member
2024-05-09T00:28:44.915 INFO:journalctl@ceph.mgr.x.smithi098.stdout:May 09 00:28:44 smithi098 ceph-de7b545e-0d9a-11ef-bc97-c7b262605968-mgr-x[30564]:
2024-05-09T00:28:44.821+0000 7fa8be0e5200 -1 mgr[py] Module alerts has missing NOTIFY_TYPES member
2024-05-09T00:28:44.916 INFO:journalctl@ceph.mgr.x.smithi098.stdout:May 09 00:28:44 smithi098 ceph-de7b545e-0d9a-11ef-bc97-c7b262605968-mgr-x[30564]:
2024-05-09T00:28:44.915+0000 7fa8be0e5200 -1 mgr[py] Module selftest has missing NOTIFY_TYPES member
2024-05-09T00:28:45.312 INFO:journalctl@ceph.mgr.x.smithi098.stdout:May 09 00:28:45 smithi098 ceph-de7b545e-0d9a-11ef-bc97-c7b262605968-mgr-x[30564]:
2024-05-09T00:28:45.116+0000 7fa8be0e5200 -1 mgr[py] Module pg_autoscaler has missing NOTIFY_TYPES member
2024-05-09T00:28:45.611 INFO:journalctl@ceph.mgr.x.smithi098.stdout:May 09 00:28:45 smithi098 ceph-de7b545e-0d9a-11ef-bc97-c7b262605968-mgr-x[30564]:
2024-05-09T00:28:45.311+0000 7fa8be0e5200 -1 mgr[py] Module test_orchestrator has missing NOTIFY_TYPES member
2024-05-09T00:28:46.110 INFO:journalctl@ceph.mgr.x.smithi098.stdout:May 09 00:28:45 smithi098 ceph-de7b545e-0d9a-11ef-bc97-c7b262605968-mgr-x[30564]:
2024-05-09T00:28:45.907+0000 7fa8be0e5200 -1 mgr[py] Module rook has missing NOTIFY_TYPES member
2024-05-09T00:28:46.556 INFO:journalctl@ceph.mgr.x.smithi098.stdout:May 09 00:28:46 smithi098 ceph-de7b545e-0d9a-11ef-bc97-c7b262605968-mgr-x[30564]:
2024-05-09T00:28:46.129+0000 7fa8be0e5200 -1 mgr[py] Module smb has missing NOTIFY_TYPES member
2024-05-09T00:28:46.860 INFO:journalctl@ceph.mgr.x.smithi098.stdout:May 09 00:28:46 smithi098 ceph-de7b545e-0d9a-11ef-bc97-c7b262605968-mgr-x[30564]:
2024-05-09T00:28:46.555+0000 7fa8be0e5200 -1 mgr[py] Module volumes has missing NOTIFY_TYPES member
2024-05-09T00:28:46.860 INFO:journalctl@ceph.mgr.x.smithi098.stdout:May 09 00:28:46 smithi098 ceph-de7b545e-0d9a-11ef-bc97-c7b262605968-mgr-x[30564]:
2024-05-09T00:28:46.651+0000 7fa8be0e5200 -1 mgr[py] Module crash has missing NOTIFY_TYPES member
2024-05-09T00:28:47.360 INFO:journalctl@ceph.mgr.x.smithi098.stdout:May 09 00:28:47 smithi098 ceph-de7b545e-0d9a-11ef-bc97-c7b262605968-mgr-x[30564]:
2024-05-09T00:28:47.022+0000 7fa8be0e5200 -1 mgr[py] Module rgw has missing NOTIFY_TYPES member
2024-05-09T00:28:47.732 INFO:journalctl@ceph.mgr.x.smithi098.stdout:May 09 00:28:47 smithi098 ceph-de7b545e-0d9a-11ef-bc97-c7b262605968-mgr-x[30564]:
2024-05-09T00:28:47.386+0000 7fa8be0e5200 -1 mgr[py] Module prometheus has missing NOTIFY_TYPES member
2024-05-09T00:28:47.733 INFO:journalctl@ceph.mgr.x.smithi098.stdout:May 09 00:28:47 smithi098 ceph-de7b545e-0d9a-11ef-bc97-c7b262605968-mgr-x[30564]:
