2024-05-09T00:36:09.677+0000 7f1d4d434700 1 --2- >> [v2:172.21.15.5:3300/0,v1:172.21.15.5:6789/0] conn(0x7f1d48108990 0x7f1d48108da0 unknown :-1 s=NONE pgs=0 cs=0 l=0 rev1=0 crypto rx=0 tx=0 comp rx=0 tx=0).connect
2024-05-09T00:36:11.124 INFO:teuthology.orchestra.run.smithi005.stdout:/usr/bin/ceph: stderr
2024-05-09T00:36:09.677+0000 7f1d4d434700 1 -- --> [v2:172.21.15.5:3300/0,v1:172.21.15.5:6789/0] -- mon_getmap magic: 0 -- 0x7f1d48109390 con 0x7f1d48108990
2024-05-09T00:36:11.124 INFO:teuthology.orchestra.run.smithi005.stdout:/usr/bin/ceph: stderr
2024-05-09T00:36:09.677+0000 7f1d46ffd700 1 --2- >> [v2:172.21.15.5:3300/0,v1:172.21.15.5:6789/0] conn(0x7f1d48108990 0x7f1d48108da0 unknown :-1 s=BANNER_CONNECTING pgs=0 cs=0 l=0 rev1=0 crypto rx=0 tx=0 comp rx=0 tx=0)._handle_peer_banner_payload supported=3 required=0
2024-05-09T00:36:11.124 INFO:teuthology.orchestra.run.smithi005.stdout:/usr/bin/ceph: stderr
2024-05-09T00:36:09.677+0000 7f1d46ffd700 1 --2- >> [v2:172.21.15.5:3300/0,v1:172.21.15.5:6789/0] conn(0x7f1d48108990 0x7f1d48108da0 unknown :-1 s=HELLO_CONNECTING pgs=0 cs=0 l=0 rev1=1 crypto rx=0 tx=0 comp rx=0 tx=0).handle_hello peer v2:172.21.15.5:3300/0 says I am v2:172.21.15.5:58116/0 (socket says 172.21.15.5:58116)
2024-05-09T00:36:11.124 INFO:teuthology.orchestra.run.smithi005.stdout:/usr/bin/ceph: stderr
2024-05-09T00:36:09.677+0000 7f1d46ffd700 1 -- 172.21.15.5:0/1416660923 learned_addr learned my addr 172.21.15.5:0/1416660923 (peer_addr_for_me v2:172.21.15.5:0/0)
2024-05-09T00:36:11.124 INFO:teuthology.orchestra.run.smithi005.stdout:/usr/bin/ceph: stderr
2024-05-09T00:36:09.677+0000 7f1d46ffd700 1 -- 172.21.15.5:0/1416660923 --> [v2:172.21.15.5:3300/0,v1:172.21.15.5:6789/0] -- mon_subscribe({config=0+,monmap=0+}) -- 0x7f1d48109b60 con 0x7f1d48108990
2024-05-09T00:36:11.124 INFO:teuthology.orchestra.run.smithi005.stdout:/usr/bin/ceph: stderr
2024-05-09T00:36:09.678+0000 7f1d46ffd700 1 --2- 172.21.15.5:0/1416660923 >> [v2:172.21.15.5:3300/0,v1:172.21.15.5:6789/0] conn(0x7f1d48108990 0x7f1d48108da0 secure :-1 s=READY pgs=51 cs=0 l=1 rev1=1 crypto rx=0x7f1d300098a0 tx=0x7f1d30009bb0 comp rx=0 tx=0).ready entity=mon.0 client_cookie=ffdec722f65051b6 server_cookie=0 in_seq=0 out_seq=0
2024-05-09T00:36:11.124 INFO:teuthology.orchestra.run.smithi005.stdout:/usr/bin/ceph: stderr
2024-05-09T00:36:09.678+0000 7f1d45ffb700 1 -- 172.21.15.5:0/1416660923 <== mon.0 v2:172.21.15.5:3300/0 1 ==== mon_map magic: 0 ==== 205+0+0 (secure 0 0 0) 0x7f1d30004160 con 0x7f1d48108990
2024-05-09T00:36:11.124 INFO:teuthology.orchestra.run.smithi005.stdout:/usr/bin/ceph: stderr
2024-05-09T00:36:09.678+0000 7f1d45ffb700 1 -- 172.21.15.5:0/1416660923 <== mon.0 v2:172.21.15.5:3300/0 2 ==== config(26 keys) ==== 1101+0+0 (secure 0 0 0) 0x7f1d30004300 con 0x7f1d48108990
2024-05-09T00:36:11.124 INFO:teuthology.orchestra.run.smithi005.stdout:/usr/bin/ceph: stderr
2024-05-09T00:36:09.678+0000 7f1d45ffb700 1 -- 172.21.15.5:0/1416660923 <== mon.0 v2:172.21.15.5:3300/0 3 ==== mon_map magic: 0 ==== 205+0+0 (secure 0 0 0) 0x7f1d30011a20 con 0x7f1d48108990
2024-05-09T00:36:11.124 INFO:teuthology.orchestra.run.smithi005.stdout:/usr/bin/ceph: stderr
2024-05-09T00:36:09.679+0000 7f1d4d434700 1 -- 172.21.15.5:0/1416660923 >> [v2:172.21.15.5:3300/0,v1:172.21.15.5:6789/0] conn(0x7f1d48108990 msgr2=0x7f1d48108da0 secure :-1 s=STATE_CONNECTION_ESTABLISHED l=1).mark_down
2024-05-09T00:36:11.124 INFO:teuthology.orchestra.run.smithi005.stdout:/usr/bin/ceph: stderr
2024-05-09T00:36:09.679+0000 7f1d4d434700 1 --2- 172.21.15.5:0/1416660923 >> [v2:172.21.15.5:3300/0,v1:172.21.15.5:6789/0] conn(0x7f1d48108990 0x7f1d48108da0 secure :-1 s=READY pgs=51 cs=0 l=1 rev1=1 crypto rx=0x7f1d300098a0 tx=0x7f1d30009bb0 comp rx=0 tx=0).stop
2024-05-09T00:36:11.125 INFO:teuthology.orchestra.run.smithi005.stdout:/usr/bin/ceph: stderr
2024-05-09T00:36:09.679+0000 7f1d4d434700 1 -- 172.21.15.5:0/1416660923 shutdown_connections
2024-05-09T00:36:11.125 INFO:teuthology.orchestra.run.smithi005.stdout:/usr/bin/ceph: stderr
2024-05-09T00:36:09.679+0000 7f1d4d434700 1 --2- 172.21.15.5:0/1416660923 >> [v2:172.21.15.5:3300/0,v1:172.21.15.5:6789/0] conn(0x7f1d48108990 0x7f1d48108da0 unknown :-1 s=CLOSED pgs=51 cs=0 l=1 rev1=1 crypto rx=0 tx=0 comp rx=0 tx=0).stop
2024-05-09T00:36:11.125 INFO:teuthology.orchestra.run.smithi005.stdout:/usr/bin/ceph: stderr
2024-05-09T00:36:09.679+0000 7f1d4d434700 1 -- 172.21.15.5:0/1416660923 >> 172.21.15.5:0/1416660923 conn(0x7f1d48103ff0 msgr2=0x7f1d48106480 unknown :-1 s=STATE_NONE l=0).mark_down
2024-05-09T00:36:11.125 INFO:teuthology.orchestra.run.smithi005.stdout:/usr/bin/ceph: stderr
2024-05-09T00:36:09.679+0000 7f1d4d434700 1 -- 172.21.15.5:0/1416660923 shutdown_connections
2024-05-09T00:36:11.125 INFO:teuthology.orchestra.run.smithi005.stdout:/usr/bin/ceph: stderr
2024-05-09T00:36:09.679+0000 7f1d4d434700 1 -- 172.21.15.5:0/1416660923 wait complete.
2024-05-09T00:36:11.125 INFO:teuthology.orchestra.run.smithi005.stdout:/usr/bin/ceph: stderr
2024-05-09T00:36:09.679+0000 7f1d4d434700 1 Processor -- start
2024-05-09T00:36:11.125 INFO:teuthology.orchestra.run.smithi005.stdout:/usr/bin/ceph: stderr
2024-05-09T00:36:09.680+0000 7f1d4d434700 1 -- start start
2024-05-09T00:36:11.125 INFO:teuthology.orchestra.run.smithi005.stdout:/usr/bin/ceph: stderr
2024-05-09T00:36:09.680+0000 7f1d4d434700 1 --2- >> [v2:172.21.15.5:3300/0,v1:172.21.15.5:6789/0] conn(0x7f1d48108990 0x7f1d4819ce30 unknown :-1 s=NONE pgs=0 cs=0 l=1 rev1=0 crypto rx=0 tx=0 comp rx=0 tx=0).connect
2024-05-09T00:36:11.125 INFO:teuthology.orchestra.run.smithi005.stdout:/usr/bin/ceph: stderr
2024-05-09T00:36:09.680+0000 7f1d4d434700 1 -- --> [v2:172.21.15.5:3300/0,v1:172.21.15.5:6789/0] -- mon_getmap magic: 0 -- 0x7f1d4810cf10 con 0x7f1d48108990
2024-05-09T00:36:11.125 INFO:teuthology.orchestra.run.smithi005.stdout:/usr/bin/ceph: stderr
2024-05-09T00:36:09.680+0000 7f1d46ffd700 1 --2- >> [v2:172.21.15.5:3300/0,v1:172.21.15.5:6789/0] conn(0x7f1d48108990 0x7f1d4819ce30 unknown :-1 s=BANNER_CONNECTING pgs=0 cs=0 l=1 rev1=0 crypto rx=0 tx=0 comp rx=0 tx=0)._handle_peer_banner_payload supported=3 required=0
2024-05-09T00:36:11.125 INFO:teuthology.orchestra.run.smithi005.stdout:/usr/bin/ceph: stderr
2024-05-09T00:36:09.680+0000 7f1d46ffd700 1 --2- >> [v2:172.21.15.5:3300/0,v1:172.21.15.5:6789/0] conn(0x7f1d48108990 0x7f1d4819ce30 unknown :-1 s=HELLO_CONNECTING pgs=0 cs=0 l=1 rev1=1 crypto rx=0 tx=0 comp rx=0 tx=0).handle_hello peer v2:172.21.15.5:3300/0 says I am v2:172.21.15.5:58128/0 (socket says 172.21.15.5:58128)
2024-05-09T00:36:11.125 INFO:teuthology.orchestra.run.smithi005.stdout:/usr/bin/ceph: stderr
2024-05-09T00:36:09.680+0000 7f1d46ffd700 1 -- 172.21.15.5:0/1258540633 learned_addr learned my addr 172.21.15.5:0/1258540633 (peer_addr_for_me v2:172.21.15.5:0/0)
2024-05-09T00:36:11.125 INFO:teuthology.orchestra.run.smithi005.stdout:/usr/bin/ceph: stderr
2024-05-09T00:36:09.680+0000 7f1d46ffd700 1 -- 172.21.15.5:0/1258540633 --> [v2:172.21.15.5:3300/0,v1:172.21.15.5:6789/0] -- mon_subscribe({config=0+,monmap=0+}) -- 0x7f1d4819d370 con 0x7f1d48108990
2024-05-09T00:36:11.125 INFO:teuthology.orchestra.run.smithi005.stdout:/usr/bin/ceph: stderr
2024-05-09T00:36:09.681+0000 7f1d46ffd700 1 --2- 172.21.15.5:0/1258540633 >> [v2:172.21.15.5:3300/0,v1:172.21.15.5:6789/0] conn(0x7f1d48108990 0x7f1d4819ce30 secure :-1 s=READY pgs=52 cs=0 l=1 rev1=1 crypto rx=0x7f1d30011a20 tx=0x7f1d30011b00 comp rx=0 tx=0).ready entity=mon.0 client_cookie=0 server_cookie=0 in_seq=0 out_seq=0
2024-05-09T00:36:11.126 INFO:teuthology.orchestra.run.smithi005.stdout:/usr/bin/ceph: stderr
2024-05-09T00:36:09.681+0000 7f1d3ffff700 1 -- 172.21.15.5:0/1258540633 <== mon.0 v2:172.21.15.5:3300/0 1 ==== mon_map magic: 0 ==== 205+0+0 (secure 0 0 0) 0x7f1d300039c0 con 0x7f1d48108990
2024-05-09T00:36:11.126 INFO:teuthology.orchestra.run.smithi005.stdout:/usr/bin/ceph: stderr
2024-05-09T00:36:09.681+0000 7f1d4d434700 1 -- 172.21.15.5:0/1258540633 --> [v2:172.21.15.5:3300/0,v1:172.21.15.5:6789/0] -- mon_subscribe({mgrmap=0+}) -- 0x7f1d4819d600 con 0x7f1d48108990
2024-05-09T00:36:11.126 INFO:teuthology.orchestra.run.smithi005.stdout:/usr/bin/ceph: stderr
2024-05-09T00:36:09.681+0000 7f1d3ffff700 1 -- 172.21.15.5:0/1258540633 <== mon.0 v2:172.21.15.5:3300/0 2 ==== config(26 keys) ==== 1101+0+0 (secure 0 0 0) 0x7f1d30003b60 con 0x7f1d48108990
2024-05-09T00:36:11.126 INFO:teuthology.orchestra.run.smithi005.stdout:/usr/bin/ceph: stderr
2024-05-09T00:36:09.681+0000 7f1d3ffff700 1 -- 172.21.15.5:0/1258540633 <== mon.0 v2:172.21.15.5:3300/0 3 ==== mon_map magic: 0 ==== 205+0+0 (secure 0 0 0) 0x7f1d30019700 con 0x7f1d48108990
2024-05-09T00:36:11.126 INFO:teuthology.orchestra.run.smithi005.stdout:/usr/bin/ceph: stderr
2024-05-09T00:36:09.681+0000 7f1d4d434700 1 -- 172.21.15.5:0/1258540633 --> [v2:172.21.15.5:3300/0,v1:172.21.15.5:6789/0] -- mon_subscribe({osdmap=0}) -- 0x7f1d481a0210 con 0x7f1d48108990
2024-05-09T00:36:11.126 INFO:teuthology.orchestra.run.smithi005.stdout:/usr/bin/ceph: stderr
2024-05-09T00:36:09.682+0000 7f1d3ffff700 1 -- 172.21.15.5:0/1258540633 <== mon.0 v2:172.21.15.5:3300/0 4 ==== mgrmap(e 8) ==== 50222+0+0 (secure 0 0 0) 0x7f1d30019a00 con 0x7f1d48108990
2024-05-09T00:36:11.126 INFO:teuthology.orchestra.run.smithi005.stdout:/usr/bin/ceph: stderr
2024-05-09T00:36:09.682+0000 7f1d4d434700 1 -- 172.21.15.5:0/1258540633 --> [v2:172.21.15.5:3300/0,v1:172.21.15.5:6789/0] -- mon_command({"prefix": "get_command_descriptions"} v 0) -- 0x7f1d48064e20 con 0x7f1d48108990
2024-05-09T00:36:11.126 INFO:teuthology.orchestra.run.smithi005.stdout:/usr/bin/ceph: stderr
2024-05-09T00:36:09.682+0000 7f1d3ffff700 1 --2- 172.21.15.5:0/1258540633 >> [v2:172.21.15.5:6800/287842266,v1:172.21.15.5:6801/287842266] conn(0x7f1d3403e420 0x7f1d34040930 unknown :-1 s=NONE pgs=0 cs=0 l=1 rev1=0 crypto rx=0 tx=0 comp rx=0 tx=0).connect
2024-05-09T00:36:11.126 INFO:teuthology.orchestra.run.smithi005.stdout:/usr/bin/ceph: stderr
2024-05-09T00:36:09.682+0000 7f1d3ffff700 1 -- 172.21.15.5:0/1258540633 <== mon.0 v2:172.21.15.5:3300/0 5 ==== osd_map(2..2 src has 1..2) ==== 940+0+0 (secure 0 0 0) 0x7f1d30054b90 con 0x7f1d48108990
2024-05-09T00:36:11.126 INFO:teuthology.orchestra.run.smithi005.stdout:/usr/bin/ceph: stderr
2024-05-09T00:36:09.682+0000 7f1d467fc700 1 --2- 172.21.15.5:0/1258540633 >> [v2:172.21.15.5:6800/287842266,v1:172.21.15.5:6801/287842266] conn(0x7f1d3403e420 0x7f1d34040930 unknown :-1 s=BANNER_CONNECTING pgs=0 cs=0 l=1 rev1=0 crypto rx=0 tx=0 comp rx=0 tx=0)._handle_peer_banner_payload supported=3 required=0
2024-05-09T00:36:11.126 INFO:teuthology.orchestra.run.smithi005.stdout:/usr/bin/ceph: stderr
2024-05-09T00:36:09.683+0000 7f1d467fc700 1 --2- 172.21.15.5:0/1258540633 >> [v2:172.21.15.5:6800/287842266,v1:172.21.15.5:6801/287842266] conn(0x7f1d3403e420 0x7f1d34040930 secure :-1 s=READY pgs=14 cs=0 l=1 rev1=1 crypto rx=0x7f1d38006fd0 tx=0x7f1d38006e40 comp rx=0 tx=0).ready entity=mgr.14120 client_cookie=0 server_cookie=0 in_seq=0 out_seq=0
2024-05-09T00:36:11.126 INFO:teuthology.orchestra.run.smithi005.stdout:/usr/bin/ceph: stderr
2024-05-09T00:36:09.688+0000 7f1d3ffff700 1 -- 172.21.15.5:0/1258540633 <== mon.0 v2:172.21.15.5:3300/0 6 ==== mon_command_ack([{"prefix": "get_command_descriptions"}]=0 v0) ==== 72+0+191963 (secure 0 0 0) 0x7f1d30017e90 con 0x7f1d48108990
2024-05-09T00:36:11.127 INFO:teuthology.orchestra.run.smithi005.stdout:/usr/bin/ceph: stderr
2024-05-09T00:36:09.915+0000 7f1d4d434700 1 -- 172.21.15.5:0/1258540633 --> [v2:172.21.15.5:3300/0,v1:172.21.15.5:6789/0] -- mon_command([{prefix=config set, name=mgr/cephadm/container_init}] v 0) -- 0x7f1d481a0830 con 0x7f1d48108990
2024-05-09T00:36:11.127 INFO:teuthology.orchestra.run.smithi005.stdout:/usr/bin/ceph: stderr
2024-05-09T00:36:09.918+0000 7f1d3ffff700 1 -- 172.21.15.5:0/1258540633 <== mon.0 v2:172.21.15.5:3300/0 7 ==== mon_command_ack([{prefix=config set, name=mgr/cephadm/container_init}]=0 v7)=0 v7) ==== 142+0+0 (secure 0 0 0) 0x7f1d30019df0 con 0x7f1d48108990
2024-05-09T00:36:11.127 INFO:teuthology.orchestra.run.smithi005.stdout:/usr/bin/ceph: stderr
2024-05-09T00:36:09.921+0000 7f1d4d434700 1 -- 172.21.15.5:0/1258540633 >> [v2:172.21.15.5:6800/287842266,v1:172.21.15.5:6801/287842266] conn(0x7f1d3403e420 msgr2=0x7f1d34040930 secure :-1 s=STATE_CONNECTION_ESTABLISHED l=1).mark_down
2024-05-09T00:36:11.127 INFO:teuthology.orchestra.run.smithi005.stdout:/usr/bin/ceph: stderr
2024-05-09T00:36:09.921+0000 7f1d4d434700 1 --2- 172.21.15.5:0/1258540633 >> [v2:172.21.15.5:6800/287842266,v1:172.21.15.5:6801/287842266] conn(0x7f1d3403e420 0x7f1d34040930 secure :-1 s=READY pgs=14 cs=0 l=1 rev1=1 crypto rx=0x7f1d38006fd0 tx=0x7f1d38006e40 comp rx=0 tx=0).stop
2024-05-09T00:36:11.127 INFO:teuthology.orchestra.run.smithi005.stdout:/usr/bin/ceph: stderr
2024-05-09T00:36:09.921+0000 7f1d4d434700 1 -- 172.21.15.5:0/1258540633 >> [v2:172.21.15.5:3300/0,v1:172.21.15.5:6789/0] conn(0x7f1d48108990 msgr2=0x7f1d4819ce30 secure :-1 s=STATE_CONNECTION_ESTABLISHED l=1).mark_down
2024-05-09T00:36:11.127 INFO:teuthology.orchestra.run.smithi005.stdout:/usr/bin/ceph: stderr
2024-05-09T00:36:09.921+0000 7f1d4d434700 1 --2- 172.21.15.5:0/1258540633 >> [v2:172.21.15.5:3300/0,v1:172.21.15.5:6789/0] conn(0x7f1d48108990 0x7f1d4819ce30 secure :-1 s=READY pgs=52 cs=0 l=1 rev1=1 crypto rx=0x7f1d30011a20 tx=0x7f1d30011b00 comp rx=0 tx=0).stop
2024-05-09T00:36:11.127 INFO:teuthology.orchestra.run.smithi005.stdout:/usr/bin/ceph: stderr
2024-05-09T00:36:09.921+0000 7f1d4d434700 1 -- 172.21.15.5:0/1258540633 shutdown_connections
2024-05-09T00:36:11.127 INFO:teuthology.orchestra.run.smithi005.stdout:/usr/bin/ceph: stderr
2024-05-09T00:36:09.921+0000 7f1d4d434700 1 --2- 172.21.15.5:0/1258540633 >> [v2:172.21.15.5:6800/287842266,v1:172.21.15.5:6801/287842266] conn(0x7f1d3403e420 0x7f1d34040930 unknown :-1 s=CLOSED pgs=14 cs=0 l=1 rev1=1 crypto rx=0 tx=0 comp rx=0 tx=0).stop
2024-05-09T00:36:11.127 INFO:teuthology.orchestra.run.smithi005.stdout:/usr/bin/ceph: stderr
2024-05-09T00:36:09.921+0000 7f1d4d434700 1 --2- 172.21.15.5:0/1258540633 >> [v2:172.21.15.5:3300/0,v1:172.21.15.5:6789/0] conn(0x7f1d48108990 0x7f1d4819ce30 unknown :-1 s=CLOSED pgs=52 cs=0 l=1 rev1=1 crypto rx=0 tx=0 comp rx=0 tx=0).stop
2024-05-09T00:36:11.127 INFO:teuthology.orchestra.run.smithi005.stdout:/usr/bin/ceph: stderr
2024-05-09T00:36:09.921+0000 7f1d4d434700 1 -- 172.21.15.5:0/1258540633 >> 172.21.15.5:0/1258540633 conn(0x7f1d48103ff0 msgr2=0x7f1d48104900 unknown :-1 s=STATE_NONE l=0).mark_down
2024-05-09T00:36:11.127 INFO:teuthology.orchestra.run.smithi005.stdout:/usr/bin/ceph: stderr
2024-05-09T00:36:09.921+0000 7f1d4d434700 1 -- 172.21.15.5:0/1258540633 shutdown_connections
2024-05-09T00:36:11.127 INFO:teuthology.orchestra.run.smithi005.stdout:/usr/bin/ceph: stderr
2024-05-09T00:36:09.921+0000 7f1d4d434700 1 -- 172.21.15.5:0/1258540633 wait complete.
2024-05-09T00:36:11.247 INFO:journalctl@ceph.mon.a.smithi005.stdout:May 09 00:36:10 smithi005 ceph-mon[30365]: from='client.? 172.21.15.5:0/1258540633' entity='client.admin'
2024-05-09T00:36:12.439 INFO:journalctl@ceph.mon.a.smithi005.stdout:May 09 00:36:12 smithi005 ceph-mon[30365]: from='mgr.14120 172.21.15.5:0/1775107462' entity='mgr.x'
2024-05-09T00:36:12.439 INFO:journalctl@ceph.mon.a.smithi005.stdout:May 09 00:36:12 smithi005 ceph-mon[30365]: from='client.? 172.21.15.5:0/2900865362' entity='client.admin'
2024-05-09T00:36:12.448 INFO:teuthology.orchestra.run.smithi005.stdout:/usr/bin/ceph: stderr
2024-05-09T00:36:11.643+0000 7fc5f62d8700 1 Processor -- start
2024-05-09T00:36:12.448 INFO:teuthology.orchestra.run.smithi005.stdout:/usr/bin/ceph: stderr
2024-05-09T00:36:11.643+0000 7fc5f62d8700 1 -- start start
2024-05-09T00:36:12.448 INFO:teuthology.orchestra.run.smithi005.stdout:/usr/bin/ceph: stderr
2024-05-09T00:36:11.643+0000 7fc5f62d8700 1 --2- >> [v2:172.21.15.5:3300/0,v1:172.21.15.5:6789/0] conn(0x7fc5f0108990 0x7fc5f0108da0 unknown :-1 s=NONE pgs=0 cs=0 l=0 rev1=0 crypto rx=0 tx=0 comp rx=0 tx=0).connect
2024-05-09T00:36:12.448 INFO:teuthology.orchestra.run.smithi005.stdout:/usr/bin/ceph: stderr
2024-05-09T00:36:11.643+0000 7fc5f62d8700 1 -- --> [v2:172.21.15.5:3300/0,v1:172.21.15.5:6789/0] -- mon_getmap magic: 0 -- 0x7fc5f0109390 con 0x7fc5f0108990
2024-05-09T00:36:12.448 INFO:teuthology.orchestra.run.smithi005.stdout:/usr/bin/ceph: stderr
2024-05-09T00:36:11.644+0000 7fc5effff700 1 --2- >> [v2:172.21.15.5:3300/0,v1:172.21.15.5:6789/0] conn(0x7fc5f0108990 0x7fc5f0108da0 unknown :-1 s=BANNER_CONNECTING pgs=0 cs=0 l=0 rev1=0 crypto rx=0 tx=0 comp rx=0 tx=0)._handle_peer_banner_payload supported=3 required=0
2024-05-09T00:36:12.448 INFO:teuthology.orchestra.run.smithi005.stdout:/usr/bin/ceph: stderr
2024-05-09T00:36:11.644+0000 7fc5effff700 1 --2- >> [v2:172.21.15.5:3300/0,v1:172.21.15.5:6789/0] conn(0x7fc5f0108990 0x7fc5f0108da0 unknown :-1 s=HELLO_CONNECTING pgs=0 cs=0 l=0 rev1=1 crypto rx=0 tx=0 comp rx=0 tx=0).handle_hello peer v2:172.21.15.5:3300/0 says I am v2:172.21.15.5:58142/0 (socket says 172.21.15.5:58142)
2024-05-09T00:36:12.448 INFO:teuthology.orchestra.run.smithi005.stdout:/usr/bin/ceph: stderr
2024-05-09T00:36:11.644+0000 7fc5effff700 1 -- 172.21.15.5:0/1852784336 learned_addr learned my addr 172.21.15.5:0/1852784336 (peer_addr_for_me v2:172.21.15.5:0/0)
2024-05-09T00:36:12.448 INFO:teuthology.orchestra.run.smithi005.stdout:/usr/bin/ceph: stderr
2024-05-09T00:36:11.644+0000 7fc5effff700 1 -- 172.21.15.5:0/1852784336 --> [v2:172.21.15.5:3300/0,v1:172.21.15.5:6789/0] -- mon_subscribe({config=0+,monmap=0+}) -- 0x7fc5f0109b60 con 0x7fc5f0108990
2024-05-09T00:36:12.448 INFO:teuthology.orchestra.run.smithi005.stdout:/usr/bin/ceph: stderr
2024-05-09T00:36:11.644+0000 7fc5effff700 1 --2- 172.21.15.5:0/1852784336 >> [v2:172.21.15.5:3300/0,v1:172.21.15.5:6789/0] conn(0x7fc5f0108990 0x7fc5f0108da0 secure :-1 s=READY pgs=53 cs=0 l=1 rev1=1 crypto rx=0x7fc5e00098a0 tx=0x7fc5e0009bb0 comp rx=0 tx=0).ready entity=mon.0 client_cookie=5e3bcbf2d6a7b480 server_cookie=0 in_seq=0 out_seq=0
2024-05-09T00:36:12.449 INFO:teuthology.orchestra.run.smithi005.stdout:/usr/bin/ceph: stderr
2024-05-09T00:36:11.645+0000 7fc5ef7fe700 1 -- 172.21.15.5:0/1852784336 <== mon.0 v2:172.21.15.5:3300/0 1 ==== mon_map magic: 0 ==== 205+0+0 (secure 0 0 0) 0x7fc5e0004160 con 0x7fc5f0108990
2024-05-09T00:36:12.449 INFO:teuthology.orchestra.run.smithi005.stdout:/usr/bin/ceph: stderr
2024-05-09T00:36:11.645+0000 7fc5ef7fe700 1 -- 172.21.15.5:0/1852784336 <== mon.0 v2:172.21.15.5:3300/0 2 ==== config(26 keys) ==== 1101+0+0 (secure 0 0 0) 0x7fc5e0004300 con 0x7fc5f0108990
2024-05-09T00:36:12.449 INFO:teuthology.orchestra.run.smithi005.stdout:/usr/bin/ceph: stderr
2024-05-09T00:36:11.645+0000 7fc5ef7fe700 1 -- 172.21.15.5:0/1852784336 <== mon.0 v2:172.21.15.5:3300/0 3 ==== mon_map magic: 0 ==== 205+0+0 (secure 0 0 0) 0x7fc5e0011a20 con 0x7fc5f0108990
2024-05-09T00:36:12.449 INFO:teuthology.orchestra.run.smithi005.stdout:/usr/bin/ceph: stderr
2024-05-09T00:36:11.645+0000 7fc5f62d8700 1 -- 172.21.15.5:0/1852784336 >> [v2:172.21.15.5:3300/0,v1:172.21.15.5:6789/0] conn(0x7fc5f0108990 msgr2=0x7fc5f0108da0 secure :-1 s=STATE_CONNECTION_ESTABLISHED l=1).mark_down
2024-05-09T00:36:12.449 INFO:teuthology.orchestra.run.smithi005.stdout:/usr/bin/ceph: stderr
2024-05-09T00:36:11.645+0000 7fc5f62d8700 1 --2- 172.21.15.5:0/1852784336 >> [v2:172.21.15.5:3300/0,v1:172.21.15.5:6789/0] conn(0x7fc5f0108990 0x7fc5f0108da0 secure :-1 s=READY pgs=53 cs=0 l=1 rev1=1 crypto rx=0x7fc5e00098a0 tx=0x7fc5e0009bb0 comp rx=0 tx=0).stop
2024-05-09T00:36:12.449 INFO:teuthology.orchestra.run.smithi005.stdout:/usr/bin/ceph: stderr
2024-05-09T00:36:11.645+0000 7fc5f62d8700 1 -- 172.21.15.5:0/1852784336 shutdown_connections
2024-05-09T00:36:12.449 INFO:teuthology.orchestra.run.smithi005.stdout:/usr/bin/ceph: stderr
2024-05-09T00:36:11.645+0000 7fc5f62d8700 1 --2- 172.21.15.5:0/1852784336 >> [v2:172.21.15.5:3300/0,v1:172.21.15.5:6789/0] conn(0x7fc5f0108990 0x7fc5f0108da0 unknown :-1 s=CLOSED pgs=53 cs=0 l=1 rev1=1 crypto rx=0 tx=0 comp rx=0 tx=0).stop
2024-05-09T00:36:12.449 INFO:teuthology.orchestra.run.smithi005.stdout:/usr/bin/ceph: stderr
2024-05-09T00:36:11.645+0000 7fc5f62d8700 1 -- 172.21.15.5:0/1852784336 >> 172.21.15.5:0/1852784336 conn(0x7fc5f0104030 msgr2=0x7fc5f0106480 unknown :-1 s=STATE_NONE l=0).mark_down
2024-05-09T00:36:12.449 INFO:teuthology.orchestra.run.smithi005.stdout:/usr/bin/ceph: stderr
2024-05-09T00:36:11.646+0000 7fc5f62d8700 1 -- 172.21.15.5:0/1852784336 shutdown_connections
2024-05-09T00:36:12.449 INFO:teuthology.orchestra.run.smithi005.stdout:/usr/bin/ceph: stderr
2024-05-09T00:36:11.646+0000 7fc5f62d8700 1 -- 172.21.15.5:0/1852784336 wait complete.
2024-05-09T00:36:12.449 INFO:teuthology.orchestra.run.smithi005.stdout:/usr/bin/ceph: stderr
2024-05-09T00:36:11.646+0000 7fc5f62d8700 1 Processor -- start
2024-05-09T00:36:12.449 INFO:teuthology.orchestra.run.smithi005.stdout:/usr/bin/ceph: stderr
2024-05-09T00:36:11.646+0000 7fc5f62d8700 1 -- start start
2024-05-09T00:36:12.449 INFO:teuthology.orchestra.run.smithi005.stdout:/usr/bin/ceph: stderr
2024-05-09T00:36:11.646+0000 7fc5f62d8700 1 --2- >> [v2:172.21.15.5:3300/0,v1:172.21.15.5:6789/0] conn(0x7fc5f0108990 0x7fc5f019dec0 unknown :-1 s=NONE pgs=0 cs=0 l=1 rev1=0 crypto rx=0 tx=0 comp rx=0 tx=0).connect
2024-05-09T00:36:12.450 INFO:teuthology.orchestra.run.smithi005.stdout:/usr/bin/ceph: stderr
2024-05-09T00:36:11.647+0000 7fc5f62d8700 1 -- --> [v2:172.21.15.5:3300/0,v1:172.21.15.5:6789/0] -- mon_getmap magic: 0 -- 0x7fc5f010cf10 con 0x7fc5f0108990
2024-05-09T00:36:12.450 INFO:teuthology.orchestra.run.smithi005.stdout:/usr/bin/ceph: stderr
2024-05-09T00:36:11.647+0000 7fc5effff700 1 --2- >> [v2:172.21.15.5:3300/0,v1:172.21.15.5:6789/0] conn(0x7fc5f0108990 0x7fc5f019dec0 unknown :-1 s=BANNER_CONNECTING pgs=0 cs=0 l=1 rev1=0 crypto rx=0 tx=0 comp rx=0 tx=0)._handle_peer_banner_payload supported=3 required=0
2024-05-09T00:36:12.450 INFO:teuthology.orchestra.run.smithi005.stdout:/usr/bin/ceph: stderr
2024-05-09T00:36:11.647+0000 7fc5effff700 1 --2- >> [v2:172.21.15.5:3300/0,v1:172.21.15.5:6789/0] conn(0x7fc5f0108990 0x7fc5f019dec0 unknown :-1 s=HELLO_CONNECTING pgs=0 cs=0 l=1 rev1=1 crypto rx=0 tx=0 comp rx=0 tx=0).handle_hello peer v2:172.21.15.5:3300/0 says I am v2:172.21.15.5:58152/0 (socket says 172.21.15.5:58152)
2024-05-09T00:36:12.450 INFO:teuthology.orchestra.run.smithi005.stdout:/usr/bin/ceph: stderr
2024-05-09T00:36:11.647+0000 7fc5effff700 1 -- 172.21.15.5:0/2900865362 learned_addr learned my addr 172.21.15.5:0/2900865362 (peer_addr_for_me v2:172.21.15.5:0/0)
2024-05-09T00:36:12.450 INFO:teuthology.orchestra.run.smithi005.stdout:/usr/bin/ceph: stderr
2024-05-09T00:36:11.647+0000 7fc5effff700 1 -- 172.21.15.5:0/2900865362 --> [v2:172.21.15.5:3300/0,v1:172.21.15.5:6789/0] -- mon_subscribe({config=0+,monmap=0+}) -- 0x7fc5f019e400 con 0x7fc5f0108990
2024-05-09T00:36:12.450 INFO:teuthology.orchestra.run.smithi005.stdout:/usr/bin/ceph: stderr
2024-05-09T00:36:11.647+0000 7fc5effff700 1 --2- 172.21.15.5:0/2900865362 >> [v2:172.21.15.5:3300/0,v1:172.21.15.5:6789/0] conn(0x7fc5f0108990 0x7fc5f019dec0 secure :-1 s=READY pgs=54 cs=0 l=1 rev1=1 crypto rx=0x7fc5e0011a20 tx=0x7fc5e0011b00 comp rx=0 tx=0).ready entity=mon.0 client_cookie=0 server_cookie=0 in_seq=0 out_seq=0
2024-05-09T00:36:12.451 INFO:teuthology.orchestra.run.smithi005.stdout:/usr/bin/ceph: stderr
2024-05-09T00:36:11.647+0000 7fc5edffb700 1 -- 172.21.15.5:0/2900865362 <== mon.0 v2:172.21.15.5:3300/0 1 ==== mon_map magic: 0 ==== 205+0+0 (secure 0 0 0) 0x7fc5e00039c0 con 0x7fc5f0108990
2024-05-09T00:36:12.451 INFO:teuthology.orchestra.run.smithi005.stdout:/usr/bin/ceph: stderr
2024-05-09T00:36:11.647+0000 7fc5edffb700 1 -- 172.21.15.5:0/2900865362 <== mon.0 v2:172.21.15.5:3300/0 2 ==== config(26 keys) ==== 1101+0+0 (secure 0 0 0) 0x7fc5e0003b60 con 0x7fc5f0108990
2024-05-09T00:36:12.451 INFO:teuthology.orchestra.run.smithi005.stdout:/usr/bin/ceph: stderr
2024-05-09T00:36:11.647+0000 7fc5f62d8700 1 -- 172.21.15.5:0/2900865362 --> [v2:172.21.15.5:3300/0,v1:172.21.15.5:6789/0] -- mon_subscribe({mgrmap=0+}) -- 0x7fc5f019e690 con 0x7fc5f0108990
2024-05-09T00:36:12.451 INFO:teuthology.orchestra.run.smithi005.stdout:/usr/bin/ceph: stderr
2024-05-09T00:36:11.647+0000 7fc5edffb700 1 -- 172.21.15.5:0/2900865362 <== mon.0 v2:172.21.15.5:3300/0 3 ==== mon_map magic: 0 ==== 205+0+0 (secure 0 0 0) 0x7fc5e0019700 con 0x7fc5f0108990
2024-05-09T00:36:12.451 INFO:teuthology.orchestra.run.smithi005.stdout:/usr/bin/ceph: stderr
2024-05-09T00:36:11.647+0000 7fc5f62d8700 1 -- 172.21.15.5:0/2900865362 --> [v2:172.21.15.5:3300/0,v1:172.21.15.5:6789/0] -- mon_subscribe({osdmap=0}) -- 0x7fc5f01a12a0 con 0x7fc5f0108990
2024-05-09T00:36:12.451 INFO:teuthology.orchestra.run.smithi005.stdout:/usr/bin/ceph: stderr
2024-05-09T00:36:11.648+0000 7fc5f62d8700 1 -- 172.21.15.5:0/2900865362 --> [v2:172.21.15.5:3300/0,v1:172.21.15.5:6789/0] -- mon_command({"prefix": "get_command_descriptions"} v 0) -- 0x7fc5f0064e20 con 0x7fc5f0108990
2024-05-09T00:36:12.451 INFO:teuthology.orchestra.run.smithi005.stdout:/usr/bin/ceph: stderr
2024-05-09T00:36:11.648+0000 7fc5edffb700 1 -- 172.21.15.5:0/2900865362 <== mon.0 v2:172.21.15.5:3300/0 4 ==== mgrmap(e 8) ==== 50222+0+0 (secure 0 0 0) 0x7fc5e00199b0 con 0x7fc5f0108990
2024-05-09T00:36:12.452 INFO:teuthology.orchestra.run.smithi005.stdout:/usr/bin/ceph: stderr
2024-05-09T00:36:11.649+0000 7fc5edffb700 1 --2- 172.21.15.5:0/2900865362 >> [v2:172.21.15.5:6800/287842266,v1:172.21.15.5:6801/287842266] conn(0x7fc5dc03e470 0x7fc5dc040980 unknown :-1 s=NONE pgs=0 cs=0 l=1 rev1=0 crypto rx=0 tx=0 comp rx=0 tx=0).connect
2024-05-09T00:36:12.452 INFO:teuthology.orchestra.run.smithi005.stdout:/usr/bin/ceph: stderr
2024-05-09T00:36:11.649+0000 7fc5edffb700 1 -- 172.21.15.5:0/2900865362 <== mon.0 v2:172.21.15.5:3300/0 5 ==== osd_map(2..2 src has 1..2) ==== 940+0+0 (secure 0 0 0) 0x7fc5e0053b50 con 0x7fc5f0108990
2024-05-09T00:36:12.452 INFO:teuthology.orchestra.run.smithi005.stdout:/usr/bin/ceph: stderr
2024-05-09T00:36:11.649+0000 7fc5e7fff700 1 --2- 172.21.15.5:0/2900865362 >> [v2:172.21.15.5:6800/287842266,v1:172.21.15.5:6801/287842266] conn(0x7fc5dc03e470 0x7fc5dc040980 unknown :-1 s=BANNER_CONNECTING pgs=0 cs=0 l=1 rev1=0 crypto rx=0 tx=0 comp rx=0 tx=0)._handle_peer_banner_payload supported=3 required=0
2024-05-09T00:36:12.452 INFO:teuthology.orchestra.run.smithi005.stdout:/usr/bin/ceph: stderr
2024-05-09T00:36:11.649+0000 7fc5e7fff700 1 --2- 172.21.15.5:0/2900865362 >> [v2:172.21.15.5:6800/287842266,v1:172.21.15.5:6801/287842266] conn(0x7fc5dc03e470 0x7fc5dc040980 secure :-1 s=READY pgs=15 cs=0 l=1 rev1=1 crypto rx=0x7fc5d8006fd0 tx=0x7fc5d8006e40 comp rx=0 tx=0).ready entity=mgr.14120 client_cookie=0 server_cookie=0 in_seq=0 out_seq=0
2024-05-09T00:36:12.452 INFO:teuthology.orchestra.run.smithi005.stdout:/usr/bin/ceph: stderr
2024-05-09T00:36:11.654+0000 7fc5edffb700 1 -- 172.21.15.5:0/2900865362 <== mon.0 v2:172.21.15.5:3300/0 6 ==== mon_command_ack([{"prefix": "get_command_descriptions"}]=0 v0) ==== 72+0+191963 (secure 0 0 0) 0x7fc5e000b3e0 con 0x7fc5f0108990
2024-05-09T00:36:12.452 INFO:teuthology.orchestra.run.smithi005.stdout:/usr/bin/ceph: stderr
2024-05-09T00:36:11.867+0000 7fc5f62d8700 1 -- 172.21.15.5:0/2900865362 --> [v2:172.21.15.5:3300/0,v1:172.21.15.5:6789/0] -- mon_command([{prefix=config set, name=mgr/dashboard/ssl_server_port}] v 0) -- 0x7fc5f002e8d0 con 0x7fc5f0108990
2024-05-09T00:36:12.452 INFO:teuthology.orchestra.run.smithi005.stdout:/usr/bin/ceph: stderr
2024-05-09T00:36:11.870+0000 7fc5edffb700 1 -- 172.21.15.5:0/2900865362 <== mon.0 v2:172.21.15.5:3300/0 7 ==== mon_command_ack([{prefix=config set, name=mgr/dashboard/ssl_server_port}]=0 v8)=0 v8) ==== 130+0+0 (secure 0 0 0) 0x7fc5e0019df0 con 0x7fc5f0108990
2024-05-09T00:36:12.452 INFO:teuthology.orchestra.run.smithi005.stdout:/usr/bin/ceph: stderr
2024-05-09T00:36:11.873+0000 7fc5f62d8700 1 -- 172.21.15.5:0/2900865362 >> [v2:172.21.15.5:6800/287842266,v1:172.21.15.5:6801/287842266] conn(0x7fc5dc03e470 msgr2=0x7fc5dc040980 secure :-1 s=STATE_CONNECTION_ESTABLISHED l=1).mark_down
2024-05-09T00:36:12.452 INFO:teuthology.orchestra.run.smithi005.stdout:/usr/bin/ceph: stderr
2024-05-09T00:36:11.873+0000 7fc5f62d8700 1 --2- 172.21.15.5:0/2900865362 >> [v2:172.21.15.5:6800/287842266,v1:172.21.15.5:6801/287842266] conn(0x7fc5dc03e470 0x7fc5dc040980 secure :-1 s=READY pgs=15 cs=0 l=1 rev1=1 crypto rx=0x7fc5d8006fd0 tx=0x7fc5d8006e40 comp rx=0 tx=0).stop
2024-05-09T00:36:12.453 INFO:teuthology.orchestra.run.smithi005.stdout:/usr/bin/ceph: stderr
2024-05-09T00:36:11.873+0000 7fc5f62d8700 1 -- 172.21.15.5:0/2900865362 >> [v2:172.21.15.5:3300/0,v1:172.21.15.5:6789/0] conn(0x7fc5f0108990 msgr2=0x7fc5f019dec0 secure :-1 s=STATE_CONNECTION_ESTABLISHED l=1).mark_down
2024-05-09T00:36:12.453 INFO:teuthology.orchestra.run.smithi005.stdout:/usr/bin/ceph: stderr
2024-05-09T00:36:11.873+0000 7fc5f62d8700 1 --2- 172.21.15.5:0/2900865362 >> [v2:172.21.15.5:3300/0,v1:172.21.15.5:6789/0] conn(0x7fc5f0108990 0x7fc5f019dec0 secure :-1 s=READY pgs=54 cs=0 l=1 rev1=1 crypto rx=0x7fc5e0011a20 tx=0x7fc5e0011b00 comp rx=0 tx=0).stop
2024-05-09T00:36:12.453 INFO:teuthology.orchestra.run.smithi005.stdout:/usr/bin/ceph: stderr
2024-05-09T00:36:11.873+0000 7fc5f62d8700 1 -- 172.21.15.5:0/2900865362 shutdown_connections
2024-05-09T00:36:12.453 INFO:teuthology.orchestra.run.smithi005.stdout:/usr/bin/ceph: stderr
2024-05-09T00:36:11.873+0000 7fc5f62d8700 1 --2- 172.21.15.5:0/2900865362 >> [v2:172.21.15.5:6800/287842266,v1:172.21.15.5:6801/287842266] conn(0x7fc5dc03e470 0x7fc5dc040980 unknown :-1 s=CLOSED pgs=15 cs=0 l=1 rev1=1 crypto rx=0 tx=0 comp rx=0 tx=0).stop
2024-05-09T00:36:12.453 INFO:teuthology.orchestra.run.smithi005.stdout:/usr/bin/ceph: stderr
2024-05-09T00:36:11.873+0000 7fc5f62d8700 1 --2- 172.21.15.5:0/2900865362 >> [v2:172.21.15.5:3300/0,v1:172.21.15.5:6789/0] conn(0x7fc5f0108990 0x7fc5f019dec0 unknown :-1 s=CLOSED pgs=54 cs=0 l=1 rev1=1 crypto rx=0 tx=0 comp rx=0 tx=0).stop
2024-05-09T00:36:12.453 INFO:teuthology.orchestra.run.smithi005.stdout:/usr/bin/ceph: stderr
2024-05-09T00:36:11.873+0000 7fc5f62d8700 1 -- 172.21.15.5:0/2900865362 >> 172.21.15.5:0/2900865362 conn(0x7fc5f0104030 msgr2=0x7fc5f0194450 unknown :-1 s=STATE_NONE l=0).mark_down
2024-05-09T00:36:12.453 INFO:teuthology.orchestra.run.smithi005.stdout:/usr/bin/ceph: stderr
2024-05-09T00:36:11.873+0000 7fc5f62d8700 1 -- 172.21.15.5:0/2900865362 shutdown_connections
2024-05-09T00:36:12.453 INFO:teuthology.orchestra.run.smithi005.stdout:/usr/bin/ceph: stderr
2024-05-09T00:36:11.873+0000 7fc5f62d8700 1 -- 172.21.15.5:0/2900865362 wait complete.
2024-05-09T00:36:12.453 INFO:teuthology.orchestra.run.smithi005.stdout:Enabling the dashboard module...
2024-05-09T00:36:13.791 INFO:journalctl@ceph.mon.a.smithi005.stdout:May 09 00:36:13 smithi005 ceph-mon[30365]: from='mgr.14120 172.21.15.5:0/1775107462' entity='mgr.x'
2024-05-09T00:36:13.791 INFO:journalctl@ceph.mon.a.smithi005.stdout:May 09 00:36:13 smithi005 ceph-mon[30365]: from='client.? 172.21.15.5:0/3350431218' entity='client.admin' cmd=[{"prefix": "mgr module enable", "module": "dashboard"}]: dispatch
2024-05-09T00:36:14.478 INFO:journalctl@ceph.mgr.x.smithi005.stdout:May 09 00:36:14 smithi005 ceph-d85814c6-0d9b-11ef-bc97-c7b262605968-mgr-x[30599]: ignoring --setuser ceph since I am not root
2024-05-09T00:36:14.478 INFO:journalctl@ceph.mgr.x.smithi005.stdout:May 09 00:36:14 smithi005 ceph-d85814c6-0d9b-11ef-bc97-c7b262605968-mgr-x[30599]: ignoring --setgroup ceph since I am not root
2024-05-09T00:36:14.478 INFO:journalctl@ceph.mgr.x.smithi005.stdout:May 09 00:36:14 smithi005 ceph-d85814c6-0d9b-11ef-bc97-c7b262605968-mgr-x[30599]:
2024-05-09T00:36:14.360+0000 7f76b1c31200 -1 mgr[py] Module balancer has missing NOTIFY_TYPES member
2024-05-09T00:36:14.791 INFO:journalctl@ceph.mon.a.smithi005.stdout:May 09 00:36:14 smithi005 ceph-mon[30365]: pgmap v3: 0 pgs: ; 0 B data, 0 B used, 0 B / 0 B avail
2024-05-09T00:36:14.791 INFO:journalctl@ceph.mon.a.smithi005.stdout:May 09 00:36:14 smithi005 ceph-mon[30365]: from='client.? 172.21.15.5:0/3350431218' entity='client.admin' cmd='[{"prefix": "mgr module enable", "module": "dashboard"}]': finished
2024-05-09T00:36:14.791 INFO:journalctl@ceph.mon.a.smithi005.stdout:May 09 00:36:14 smithi005 ceph-mon[30365]: mgrmap e9: x(active, since 21s)
2024-05-09T00:36:14.792 INFO:journalctl@ceph.mgr.x.smithi005.stdout:May 09 00:36:14 smithi005 ceph-d85814c6-0d9b-11ef-bc97-c7b262605968-mgr-x[30599]:
2024-05-09T00:36:14.558+0000 7f76b1c31200 -1 mgr[py] Module orchestrator has missing NOTIFY_TYPES member
2024-05-09T00:36:14.792 INFO:journalctl@ceph.mgr.x.smithi005.stdout:May 09 00:36:14 smithi005 ceph-d85814c6-0d9b-11ef-bc97-c7b262605968-mgr-x[30599]:
2024-05-09T00:36:14.666+0000 7f76b1c31200 -1 mgr[py] Module snap_schedule has missing NOTIFY_TYPES member
2024-05-09T00:36:14.802 INFO:teuthology.orchestra.run.smithi005.stdout:/usr/bin/ceph: stderr
2024-05-09T00:36:12.925+0000 7f10df671700 1 Processor -- start
2024-05-09T00:36:14.802 INFO:teuthology.orchestra.run.smithi005.stdout:/usr/bin/ceph: stderr
2024-05-09T00:36:12.925+0000 7f10df671700 1 -- start start
2024-05-09T00:36:14.802 INFO:teuthology.orchestra.run.smithi005.stdout:/usr/bin/ceph: stderr
2024-05-09T00:36:12.925+0000 7f10df671700 1 --2- >> [v2:172.21.15.5:3300/0,v1:172.21.15.5:6789/0] conn(0x7f10d8109f00 0x7f10d810a330 unknown :-1 s=NONE pgs=0 cs=0 l=0 rev1=0 crypto rx=0 tx=0 comp rx=0 tx=0).connect
2024-05-09T00:36:14.802 INFO:teuthology.orchestra.run.smithi005.stdout:/usr/bin/ceph: stderr
2024-05-09T00:36:12.925+0000 7f10df671700 1 -- --> [v2:172.21.15.5:3300/0,v1:172.21.15.5:6789/0] -- mon_getmap magic: 0 -- 0x7f10d810a940 con 0x7f10d8109f00
2024-05-09T00:36:14.802 INFO:teuthology.orchestra.run.smithi005.stdout:/usr/bin/ceph: stderr
2024-05-09T00:36:12.926+0000 7f10dd40d700 1 --2- >> [v2:172.21.15.5:3300/0,v1:172.21.15.5:6789/0] conn(0x7f10d8109f00 0x7f10d810a330 unknown :-1 s=BANNER_CONNECTING pgs=0 cs=0 l=0 rev1=0 crypto rx=0 tx=0 comp rx=0 tx=0)._handle_peer_banner_payload supported=3 required=0
2024-05-09T00:36:14.802 INFO:teuthology.orchestra.run.smithi005.stdout:/usr/bin/ceph: stderr
2024-05-09T00:36:12.926+0000 7f10dd40d700 1 --2- >> [v2:172.21.15.5:3300/0,v1:172.21.15.5:6789/0] conn(0x7f10d8109f00 0x7f10d810a330 unknown :-1 s=HELLO_CONNECTING pgs=0 cs=0 l=0 rev1=1 crypto rx=0 tx=0 comp rx=0 tx=0).handle_hello peer v2:172.21.15.5:3300/0 says I am v2:172.21.15.5:58160/0 (socket says 172.21.15.5:58160)
2024-05-09T00:36:14.802 INFO:teuthology.orchestra.run.smithi005.stdout:/usr/bin/ceph: stderr
2024-05-09T00:36:12.926+0000 7f10dd40d700 1 -- 172.21.15.5:0/2325657993 learned_addr learned my addr 172.21.15.5:0/2325657993 (peer_addr_for_me v2:172.21.15.5:0/0)
2024-05-09T00:36:14.802 INFO:teuthology.orchestra.run.smithi005.stdout:/usr/bin/ceph: stderr
2024-05-09T00:36:12.926+0000 7f10dd40d700 1 -- 172.21.15.5:0/2325657993 --> [v2:172.21.15.5:3300/0,v1:172.21.15.5:6789/0] -- mon_subscribe({config=0+,monmap=0+}) -- 0x7f10d8108c10 con 0x7f10d8109f00
2024-05-09T00:36:14.802 INFO:teuthology.orchestra.run.smithi005.stdout:/usr/bin/ceph: stderr
2024-05-09T00:36:12.926+0000 7f10dd40d700 1 --2- 172.21.15.5:0/2325657993 >> [v2:172.21.15.5:3300/0,v1:172.21.15.5:6789/0] conn(0x7f10d8109f00 0x7f10d810a330 secure :-1 s=READY pgs=55 cs=0 l=1 rev1=1 crypto rx=0x7f10cc0098a0 tx=0x7f10cc009bb0 comp rx=0 tx=0).ready entity=mon.0 client_cookie=da0cb9340a76952f server_cookie=0 in_seq=0 out_seq=0
2024-05-09T00:36:14.803 INFO:teuthology.orchestra.run.smithi005.stdout:/usr/bin/ceph: stderr
2024-05-09T00:36:12.927+0000 7f10cbfff700 1 -- 172.21.15.5:0/2325657993 <== mon.0 v2:172.21.15.5:3300/0 1 ==== mon_map magic: 0 ==== 205+0+0 (secure 0 0 0) 0x7f10cc004160 con 0x7f10d8109f00
2024-05-09T00:36:14.803 INFO:teuthology.orchestra.run.smithi005.stdout:/usr/bin/ceph: stderr
2024-05-09T00:36:12.927+0000 7f10cbfff700 1 -- 172.21.15.5:0/2325657993 <== mon.0 v2:172.21.15.5:3300/0 2 ==== config(26 keys) ==== 1101+0+0 (secure 0 0 0) 0x7f10cc004300 con 0x7f10d8109f00
2024-05-09T00:36:14.803 INFO:teuthology.orchestra.run.smithi005.stdout:/usr/bin/ceph: stderr
2024-05-09T00:36:12.927+0000 7f10cbfff700 1 -- 172.21.15.5:0/2325657993 <== mon.0 v2:172.21.15.5:3300/0 3 ==== mon_map magic: 0 ==== 205+0+0 (secure 0 0 0) 0x7f10cc011a20 con 0x7f10d8109f00
2024-05-09T00:36:14.803 INFO:teuthology.orchestra.run.smithi005.stdout:/usr/bin/ceph: stderr
2024-05-09T00:36:12.928+0000 7f10df671700 1 -- 172.21.15.5:0/2325657993 >> [v2:172.21.15.5:3300/0,v1:172.21.15.5:6789/0] conn(0x7f10d8109f00 msgr2=0x7f10d810a330 secure :-1 s=STATE_CONNECTION_ESTABLISHED l=1).mark_down
2024-05-09T00:36:14.803 INFO:teuthology.orchestra.run.smithi005.stdout:/usr/bin/ceph: stderr
2024-05-09T00:36:12.928+0000 7f10df671700 1 --2- 172.21.15.5:0/2325657993 >> [v2:172.21.15.5:3300/0,v1:172.21.15.5:6789/0] conn(0x7f10d8109f00 0x7f10d810a330 secure :-1 s=READY pgs=55 cs=0 l=1 rev1=1 crypto rx=0x7f10cc0098a0 tx=0x7f10cc009bb0 comp rx=0 tx=0).stop
2024-05-09T00:36:14.803 INFO:teuthology.orchestra.run.smithi005.stdout:/usr/bin/ceph: stderr
2024-05-09T00:36:12.928+0000 7f10df671700 1 -- 172.21.15.5:0/2325657993 shutdown_connections
2024-05-09T00:36:14.803 INFO:teuthology.orchestra.run.smithi005.stdout:/usr/bin/ceph: stderr
2024-05-09T00:36:12.928+0000 7f10df671700 1 --2- 172.21.15.5:0/2325657993 >> [v2:172.21.15.5:3300/0,v1:172.21.15.5:6789/0] conn(0x7f10d8109f00 0x7f10d810a330 unknown :-1 s=CLOSED pgs=55 cs=0 l=1 rev1=1 crypto rx=0 tx=0 comp rx=0 tx=0).stop
2024-05-09T00:36:14.803 INFO:teuthology.orchestra.run.smithi005.stdout:/usr/bin/ceph: stderr
2024-05-09T00:36:12.928+0000 7f10df671700 1 -- 172.21.15.5:0/2325657993 >> 172.21.15.5:0/2325657993 conn(0x7f10d81037d0 msgr2=0x7f10d8105c20 unknown :-1 s=STATE_NONE l=0).mark_down
2024-05-09T00:36:14.803 INFO:teuthology.orchestra.run.smithi005.stdout:/usr/bin/ceph: stderr
2024-05-09T00:36:12.928+0000 7f10df671700 1 -- 172.21.15.5:0/2325657993 shutdown_connections
2024-05-09T00:36:14.803 INFO:teuthology.orchestra.run.smithi005.stdout:/usr/bin/ceph: stderr
2024-05-09T00:36:12.928+0000 7f10df671700 1 -- 172.21.15.5:0/2325657993 wait complete.
2024-05-09T00:36:14.803 INFO:teuthology.orchestra.run.smithi005.stdout:/usr/bin/ceph: stderr
2024-05-09T00:36:12.929+0000 7f10df671700 1 Processor -- start
2024-05-09T00:36:14.803 INFO:teuthology.orchestra.run.smithi005.stdout:/usr/bin/ceph: stderr
2024-05-09T00:36:12.929+0000 7f10df671700 1 -- start start
2024-05-09T00:36:14.803 INFO:teuthology.orchestra.run.smithi005.stdout:/usr/bin/ceph: stderr
2024-05-09T00:36:12.929+0000 7f10df671700 1 --2- >> [v2:172.21.15.5:3300/0,v1:172.21.15.5:6789/0] conn(0x7f10d8109f00 0x7f10d819cd90 unknown :-1 s=NONE pgs=0 cs=0 l=1 rev1=0 crypto rx=0 tx=0 comp rx=0 tx=0).connect
2024-05-09T00:36:14.804 INFO:teuthology.orchestra.run.smithi005.stdout:/usr/bin/ceph: stderr
2024-05-09T00:36:12.929+0000 7f10df671700 1 -- --> [v2:172.21.15.5:3300/0,v1:172.21.15.5:6789/0] -- mon_getmap magic: 0 -- 0x7f10d810cfd0 con 0x7f10d8109f00
2024-05-09T00:36:14.804 INFO:teuthology.orchestra.run.smithi005.stdout:/usr/bin/ceph: stderr
2024-05-09T00:36:12.929+0000 7f10dd40d700 1 --2- >> [v2:172.21.15.5:3300/0,v1:172.21.15.5:6789/0] conn(0x7f10d8109f00 0x7f10d819cd90 unknown :-1 s=BANNER_CONNECTING pgs=0 cs=0 l=1 rev1=0 crypto rx=0 tx=0 comp rx=0 tx=0)._handle_peer_banner_payload supported=3 required=0
2024-05-09T00:36:14.804 INFO:teuthology.orchestra.run.smithi005.stdout:/usr/bin/ceph: stderr
2024-05-09T00:36:12.929+0000 7f10dd40d700 1 --2- >> [v2:172.21.15.5:3300/0,v1:172.21.15.5:6789/0] conn(0x7f10d8109f00 0x7f10d819cd90 unknown :-1 s=HELLO_CONNECTING pgs=0 cs=0 l=1 rev1=1 crypto rx=0 tx=0 comp rx=0 tx=0).handle_hello peer v2:172.21.15.5:3300/0 says I am v2:172.21.15.5:58162/0 (socket says 172.21.15.5:58162)
2024-05-09T00:36:14.804 INFO:teuthology.orchestra.run.smithi005.stdout:/usr/bin/ceph: stderr
2024-05-09T00:36:12.929+0000 7f10dd40d700 1 -- 172.21.15.5:0/3350431218 learned_addr learned my addr 172.21.15.5:0/3350431218 (peer_addr_for_me v2:172.21.15.5:0/0)
2024-05-09T00:36:14.804 INFO:teuthology.orchestra.run.smithi005.stdout:/usr/bin/ceph: stderr
2024-05-09T00:36:12.929+0000 7f10dd40d700 1 -- 172.21.15.5:0/3350431218 --> [v2:172.21.15.5:3300/0,v1:172.21.15.5:6789/0] -- mon_subscribe({config=0+,monmap=0+}) -- 0x7f10d819d2d0 con 0x7f10d8109f00
2024-05-09T00:36:14.804 INFO:teuthology.orchestra.run.smithi005.stdout:/usr/bin/ceph: stderr
2024-05-09T00:36:12.929+0000 7f10dd40d700 1 --2- 172.21.15.5:0/3350431218 >> [v2:172.21.15.5:3300/0,v1:172.21.15.5:6789/0] conn(0x7f10d8109f00 0x7f10d819cd90 secure :-1 s=READY pgs=56 cs=0 l=1 rev1=1 crypto rx=0x7f10cc004660 tx=0x7f10cc011aa0 comp rx=0 tx=0).ready entity=mon.0 client_cookie=0 server_cookie=0 in_seq=0 out_seq=0
2024-05-09T00:36:14.804 INFO:teuthology.orchestra.run.smithi005.stdout:/usr/bin/ceph: stderr
2024-05-09T00:36:12.930+0000 7f10ca7fc700 1 -- 172.21.15.5:0/3350431218 <== mon.0 v2:172.21.15.5:3300/0 1 ==== mon_map magic: 0 ==== 205+0+0 (secure 0 0 0) 0x7f10cc003a60 con 0x7f10d8109f00
2024-05-09T00:36:14.804 INFO:teuthology.orchestra.run.smithi005.stdout:/usr/bin/ceph: stderr
2024-05-09T00:36:12.930+0000 7f10ca7fc700 1 -- 172.21.15.5:0/3350431218 <== mon.0 v2:172.21.15.5:3300/0 2 ==== config(26 keys) ==== 1101+0+0 (secure 0 0 0) 0x7f10cc01b8f0 con 0x7f10d8109f00
2024-05-09T00:36:14.804 INFO:teuthology.orchestra.run.smithi005.stdout:/usr/bin/ceph: stderr
2024-05-09T00:36:12.930+0000 7f10df671700 1 -- 172.21.15.5:0/3350431218 --> [v2:172.21.15.5:3300/0,v1:172.21.15.5:6789/0] -- mon_subscribe({mgrmap=0+}) -- 0x7f10d819d560 con 0x7f10d8109f00
2024-05-09T00:36:14.804 INFO:teuthology.orchestra.run.smithi005.stdout:/usr/bin/ceph: stderr
2024-05-09T00:36:12.930+0000 7f10ca7fc700 1 -- 172.21.15.5:0/3350431218 <== mon.0 v2:172.21.15.5:3300/0 3 ==== mon_map magic: 0 ==== 205+0+0 (secure 0 0 0) 0x7f10cc023890 con 0x7f10d8109f00
2024-05-09T00:36:14.804 INFO:teuthology.orchestra.run.smithi005.stdout:/usr/bin/ceph: stderr
2024-05-09T00:36:12.930+0000 7f10df671700 1 -- 172.21.15.5:0/3350431218 --> [v2:172.21.15.5:3300/0,v1:172.21.15.5:6789/0] -- mon_subscribe({osdmap=0}) -- 0x7f10d8107b00 con 0x7f10d8109f00
2024-05-09T00:36:14.804 INFO:teuthology.orchestra.run.smithi005.stdout:/usr/bin/ceph: stderr
2024-05-09T00:36:12.931+0000 7f10df671700 1 -- 172.21.15.5:0/3350431218 --> [v2:172.21.15.5:3300/0,v1:172.21.15.5:6789/0] -- mon_command({"prefix": "get_command_descriptions"} v 0) -- 0x7f10d8064e20 con 0x7f10d8109f00
2024-05-09T00:36:14.804 INFO:teuthology.orchestra.run.smithi005.stdout:/usr/bin/ceph: stderr
2024-05-09T00:36:12.931+0000 7f10ca7fc700 1 -- 172.21.15.5:0/3350431218 <== mon.0 v2:172.21.15.5:3300/0 4 ==== mgrmap(e 8) ==== 50222+0+0 (secure 0 0 0) 0x7f10cc02c3f0 con 0x7f10d8109f00
2024-05-09T00:36:14.804 INFO:teuthology.orchestra.run.smithi005.stdout:/usr/bin/ceph: stderr
2024-05-09T00:36:12.931+0000 7f10ca7fc700 1 --2- 172.21.15.5:0/3350431218 >> [v2:172.21.15.5:6800/287842266,v1:172.21.15.5:6801/287842266] conn(0x7f10c4040630 0x7f10c4042b40 unknown :-1 s=NONE pgs=0 cs=0 l=1 rev1=0 crypto rx=0 tx=0 comp rx=0 tx=0).connect
2024-05-09T00:36:14.805 INFO:teuthology.orchestra.run.smithi005.stdout:/usr/bin/ceph: stderr
2024-05-09T00:36:12.931+0000 7f10ca7fc700 1 -- 172.21.15.5:0/3350431218 <== mon.0 v2:172.21.15.5:3300/0 5 ==== osd_map(2..2 src has 1..2) ==== 940+0+0 (secure 0 0 0) 0x7f10cc053f40 con 0x7f10d8109f00
2024-05-09T00:36:14.805 INFO:teuthology.orchestra.run.smithi005.stdout:/usr/bin/ceph: stderr
2024-05-09T00:36:12.932+0000 7f10dcc0c700 1 --2- 172.21.15.5:0/3350431218 >> [v2:172.21.15.5:6800/287842266,v1:172.21.15.5:6801/287842266] conn(0x7f10c4040630 0x7f10c4042b40 unknown :-1 s=BANNER_CONNECTING pgs=0 cs=0 l=1 rev1=0 crypto rx=0 tx=0 comp rx=0 tx=0)._handle_peer_banner_payload supported=3 required=0
2024-05-09T00:36:14.805 INFO:teuthology.orchestra.run.smithi005.stdout:/usr/bin/ceph: stderr
2024-05-09T00:36:12.932+0000 7f10dcc0c700 1 --2- 172.21.15.5:0/3350431218 >> [v2:172.21.15.5:6800/287842266,v1:172.21.15.5:6801/287842266] conn(0x7f10c4040630 0x7f10c4042b40 secure :-1 s=READY pgs=16 cs=0 l=1 rev1=1 crypto rx=0x7f10d4006fd0 tx=0x7f10d4006e40 comp rx=0 tx=0).ready entity=mgr.14120 client_cookie=0 server_cookie=0 in_seq=0 out_seq=0
2024-05-09T00:36:14.805 INFO:teuthology.orchestra.run.smithi005.stdout:/usr/bin/ceph: stderr
2024-05-09T00:36:12.937+0000 7f10ca7fc700 1 -- 172.21.15.5:0/3350431218 <== mon.0 v2:172.21.15.5:3300/0 6 ==== mon_command_ack([{"prefix": "get_command_descriptions"}]=0 v0) ==== 72+0+191963 (secure 0 0 0) 0x7f10cc01f030 con 0x7f10d8109f00
2024-05-09T00:36:14.805 INFO:teuthology.orchestra.run.smithi005.stdout:/usr/bin/ceph: stderr
2024-05-09T00:36:13.221+0000 7f10df671700 1 -- 172.21.15.5:0/3350431218 --> [v2:172.21.15.5:3300/0,v1:172.21.15.5:6789/0] -- mon_command({"prefix": "mgr module enable", "module": "dashboard"} v 0) -- 0x7f10d8108110 con 0x7f10d8109f00
2024-05-09T00:36:14.805 INFO:teuthology.orchestra.run.smithi005.stdout:/usr/bin/ceph: stderr
2024-05-09T00:36:14.137+0000 7f10ca7fc700 1 -- 172.21.15.5:0/3350431218 <== mon.0 v2:172.21.15.5:3300/0 7 ==== mon_command_ack([{"prefix": "mgr module enable", "module": "dashboard"}]=0 v9) ==== 88+0+0 (secure 0 0 0) 0x7f10cc00f2e0 con 0x7f10d8109f00
2024-05-09T00:36:14.805 INFO:teuthology.orchestra.run.smithi005.stdout:/usr/bin/ceph: stderr
2024-05-09T00:36:14.140+0000 7f10ca7fc700 1 -- 172.21.15.5:0/3350431218 <== mon.0 v2:172.21.15.5:3300/0 8 ==== mgrmap(e 9) ==== 50235+0+0 (secure 0 0 0) 0x7f10cc02c6e0 con 0x7f10d8109f00
2024-05-09T00:36:14.805 INFO:teuthology.orchestra.run.smithi005.stdout:/usr/bin/ceph: stderr
2024-05-09T00:36:14.141+0000 7f10df671700 1 -- 172.21.15.5:0/3350431218 >> [v2:172.21.15.5:6800/287842266,v1:172.21.15.5:6801/287842266] conn(0x7f10c4040630 msgr2=0x7f10c4042b40 secure :-1 s=STATE_CONNECTION_ESTABLISHED l=1).mark_down
2024-05-09T00:36:14.805 INFO:teuthology.orchestra.run.smithi005.stdout:/usr/bin/ceph: stderr
2024-05-09T00:36:14.141+0000 7f10df671700 1 --2- 172.21.15.5:0/3350431218 >> [v2:172.21.15.5:6800/287842266,v1:172.21.15.5:6801/287842266] conn(0x7f10c4040630 0x7f10c4042b40 secure :-1 s=READY pgs=16 cs=0 l=1 rev1=1 crypto rx=0x7f10d4006fd0 tx=0x7f10d4006e40 comp rx=0 tx=0).stop
2024-05-09T00:36:14.805 INFO:teuthology.orchestra.run.smithi005.stdout:/usr/bin/ceph: stderr
2024-05-09T00:36:14.141+0000 7f10df671700 1 -- 172.21.15.5:0/3350431218 >> [v2:172.21.15.5:3300/0,v1:172.21.15.5:6789/0] conn(0x7f10d8109f00 msgr2=0x7f10d819cd90 secure :-1 s=STATE_CONNECTION_ESTABLISHED l=1).mark_down
2024-05-09T00:36:14.805 INFO:teuthology.orchestra.run.smithi005.stdout:/usr/bin/ceph: stderr
2024-05-09T00:36:14.141+0000 7f10df671700 1 --2- 172.21.15.5:0/3350431218 >> [v2:172.21.15.5:3300/0,v1:172.21.15.5:6789/0] conn(0x7f10d8109f00 0x7f10d819cd90 secure :-1 s=READY pgs=56 cs=0 l=1 rev1=1 crypto rx=0x7f10cc004660 tx=0x7f10cc011aa0 comp rx=0 tx=0).stop
2024-05-09T00:36:14.805 INFO:teuthology.orchestra.run.smithi005.stdout:/usr/bin/ceph: stderr
2024-05-09T00:36:14.141+0000 7f10df671700 1 -- 172.21.15.5:0/3350431218 shutdown_connections
2024-05-09T00:36:14.805 INFO:teuthology.orchestra.run.smithi005.stdout:/usr/bin/ceph: stderr
2024-05-09T00:36:14.141+0000 7f10df671700 1 --2- 172.21.15.5:0/3350431218 >> [v2:172.21.15.5:6800/287842266,v1:172.21.15.5:6801/287842266] conn(0x7f10c4040630 0x7f10c4042b40 unknown :-1 s=CLOSED pgs=16 cs=0 l=1 rev1=1 crypto rx=0 tx=0 comp rx=0 tx=0).stop
2024-05-09T00:36:14.805 INFO:teuthology.orchestra.run.smithi005.stdout:/usr/bin/ceph: stderr
2024-05-09T00:36:14.141+0000 7f10df671700 1 --2- 172.21.15.5:0/3350431218 >> [v2:172.21.15.5:3300/0,v1:172.21.15.5:6789/0] conn(0x7f10d8109f00 0x7f10d819cd90 unknown :-1 s=CLOSED pgs=56 cs=0 l=1 rev1=1 crypto rx=0 tx=0 comp rx=0 tx=0).stop
2024-05-09T00:36:14.806 INFO:teuthology.orchestra.run.smithi005.stdout:/usr/bin/ceph: stderr
2024-05-09T00:36:14.141+0000 7f10df671700 1 -- 172.21.15.5:0/3350431218 >> 172.21.15.5:0/3350431218 conn(0x7f10d81037d0 msgr2=0x7f10d8105110 unknown :-1 s=STATE_NONE l=0).mark_down
2024-05-09T00:36:14.806 INFO:teuthology.orchestra.run.smithi005.stdout:/usr/bin/ceph: stderr
2024-05-09T00:36:14.141+0000 7f10df671700 1 -- 172.21.15.5:0/3350431218 shutdown_connections
2024-05-09T00:36:14.806 INFO:teuthology.orchestra.run.smithi005.stdout:/usr/bin/ceph: stderr
2024-05-09T00:36:14.141+0000 7f10df671700 1 -- 172.21.15.5:0/3350431218 wait complete.
2024-05-09T00:36:15.045 INFO:journalctl@ceph.mgr.x.smithi005.stdout:May 09 00:36:14 smithi005 ceph-d85814c6-0d9b-11ef-bc97-c7b262605968-mgr-x[30599]:
2024-05-09T00:36:14.996+0000 7f76b1c31200 -1 mgr[py] Module progress has missing NOTIFY_TYPES member
2024-05-09T00:36:15.451 INFO:journalctl@ceph.mgr.x.smithi005.stdout:May 09 00:36:15 smithi005 ceph-d85814c6-0d9b-11ef-bc97-c7b262605968-mgr-x[30599]:
2024-05-09T00:36:15.091+0000 7f76b1c31200 -1 mgr[py] Module influx has missing NOTIFY_TYPES member
2024-05-09T00:36:15.791 INFO:journalctl@ceph.mon.a.smithi005.stdout:May 09 00:36:15 smithi005 ceph-mon[30365]: from='client.? 172.21.15.5:0/593866812' entity='client.admin' cmd=[{"prefix": "mgr stat"}]: dispatch
2024-05-09T00:36:16.094 INFO:teuthology.orchestra.run.smithi005.stdout:/usr/bin/ceph: stdout {
2024-05-09T00:36:16.101 INFO:teuthology.orchestra.run.smithi005.stdout:/usr/bin/ceph: stdout "epoch": 9,
2024-05-09T00:36:16.101 INFO:teuthology.orchestra.run.smithi005.stdout:/usr/bin/ceph: stdout "available": true,
2024-05-09T00:36:16.101 INFO:teuthology.orchestra.run.smithi005.stdout:/usr/bin/ceph: stdout "active_name": "x",
2024-05-09T00:36:16.102 INFO:teuthology.orchestra.run.smithi005.stdout:/usr/bin/ceph: stdout "num_standby": 0
2024-05-09T00:36:16.102 INFO:teuthology.orchestra.run.smithi005.stdout:/usr/bin/ceph: stdout }
2024-05-09T00:36:16.102 INFO:teuthology.orchestra.run.smithi005.stdout:/usr/bin/ceph: stderr
