2024-05-09T00:36:00.243 INFO:teuthology.orchestra.run.smithi005.stdout:Wrote public SSH key to /home/ubuntu/cephtest/ceph.pub
2024-05-09T00:36:00.243 INFO:teuthology.orchestra.run.smithi005.stdout:Adding key to root@localhost authorized_keys...
2024-05-09T00:36:00.243 INFO:teuthology.orchestra.run.smithi005.stdout:Adding host smithi005...
2024-05-09T00:36:00.925 INFO:journalctl@ceph.mon.a.smithi005.stdout:May 09 00:36:00 smithi005 ceph-mon[30365]: from='client.14138 -' entity='client.admin' cmd=[{"prefix": "cephadm get-pub-key", "target": ["mon-mgr", ""]}]: dispatch
2024-05-09T00:36:01.838 INFO:journalctl@ceph.mon.a.smithi005.stdout:May 09 00:36:01 smithi005 ceph-mon[30365]: from='client.14140 -' entity='client.admin' cmd=[{"prefix": "orch host add", "hostname": "smithi005", "addr": "172.21.15.5", "target": ["mon-mgr", ""]}]: dispatch
2024-05-09T00:36:01.838 INFO:journalctl@ceph.mon.a.smithi005.stdout:May 09 00:36:01 smithi005 ceph-mon[30365]: Deploying cephadm binary to smithi005
2024-05-09T00:36:05.802 INFO:teuthology.orchestra.run.smithi005.stdout:/usr/bin/ceph: stdout Added host 'smithi005' with addr '172.21.15.5'
2024-05-09T00:36:05.802 INFO:teuthology.orchestra.run.smithi005.stdout:/usr/bin/ceph: stderr
2024-05-09T00:36:00.691+0000 7f7394455700 1 Processor -- start
2024-05-09T00:36:05.802 INFO:teuthology.orchestra.run.smithi005.stdout:/usr/bin/ceph: stderr
2024-05-09T00:36:00.691+0000 7f7394455700 1 -- start start
2024-05-09T00:36:05.802 INFO:teuthology.orchestra.run.smithi005.stdout:/usr/bin/ceph: stderr
2024-05-09T00:36:00.691+0000 7f7394455700 1 --2- >> [v2:172.21.15.5:3300/0,v1:172.21.15.5:6789/0] conn(0x7f738c10a570 0x7f738c10c990 unknown :-1 s=NONE pgs=0 cs=0 l=0 rev1=0 crypto rx=0 tx=0 comp rx=0 tx=0).connect
2024-05-09T00:36:05.803 INFO:teuthology.orchestra.run.smithi005.stdout:/usr/bin/ceph: stderr
2024-05-09T00:36:00.691+0000 7f7394455700 1 -- --> [v2:172.21.15.5:3300/0,v1:172.21.15.5:6789/0] -- mon_getmap magic: 0 -- 0x7f738c07d700 con 0x7f738c10a570
2024-05-09T00:36:05.803 INFO:teuthology.orchestra.run.smithi005.stdout:/usr/bin/ceph: stderr
2024-05-09T00:36:00.691+0000 7f73921f1700 1 --2- >> [v2:172.21.15.5:3300/0,v1:172.21.15.5:6789/0] conn(0x7f738c10a570 0x7f738c10c990 unknown :-1 s=BANNER_CONNECTING pgs=0 cs=0 l=0 rev1=0 crypto rx=0 tx=0 comp rx=0 tx=0)._handle_peer_banner_payload supported=3 required=0
2024-05-09T00:36:05.803 INFO:teuthology.orchestra.run.smithi005.stdout:/usr/bin/ceph: stderr
2024-05-09T00:36:00.691+0000 7f73921f1700 1 --2- >> [v2:172.21.15.5:3300/0,v1:172.21.15.5:6789/0] conn(0x7f738c10a570 0x7f738c10c990 unknown :-1 s=HELLO_CONNECTING pgs=0 cs=0 l=0 rev1=1 crypto rx=0 tx=0 comp rx=0 tx=0).handle_hello peer v2:172.21.15.5:3300/0 says I am v2:172.21.15.5:38758/0 (socket says 172.21.15.5:38758)
2024-05-09T00:36:05.803 INFO:teuthology.orchestra.run.smithi005.stdout:/usr/bin/ceph: stderr
2024-05-09T00:36:00.691+0000 7f73921f1700 1 -- 172.21.15.5:0/3660839733 learned_addr learned my addr 172.21.15.5:0/3660839733 (peer_addr_for_me v2:172.21.15.5:0/0)
2024-05-09T00:36:05.803 INFO:teuthology.orchestra.run.smithi005.stdout:/usr/bin/ceph: stderr
2024-05-09T00:36:00.692+0000 7f73921f1700 1 -- 172.21.15.5:0/3660839733 --> [v2:172.21.15.5:3300/0,v1:172.21.15.5:6789/0] -- mon_subscribe({config=0+,monmap=0+}) -- 0x7f738c10ced0 con 0x7f738c10a570
2024-05-09T00:36:05.803 INFO:teuthology.orchestra.run.smithi005.stdout:/usr/bin/ceph: stderr
2024-05-09T00:36:00.692+0000 7f73921f1700 1 --2- 172.21.15.5:0/3660839733 >> [v2:172.21.15.5:3300/0,v1:172.21.15.5:6789/0] conn(0x7f738c10a570 0x7f738c10c990 secure :-1 s=READY pgs=45 cs=0 l=1 rev1=1 crypto rx=0x7f73880098a0 tx=0x7f7388009bb0 comp rx=0 tx=0).ready entity=mon.0 client_cookie=9031a3ac151cb32b server_cookie=0 in_seq=0 out_seq=0
2024-05-09T00:36:05.808 INFO:teuthology.orchestra.run.smithi005.stdout:/usr/bin/ceph: stderr
2024-05-09T00:36:00.692+0000 7f73911ef700 1 -- 172.21.15.5:0/3660839733 <== mon.0 v2:172.21.15.5:3300/0 1 ==== mon_map magic: 0 ==== 205+0+0 (secure 0 0 0) 0x7f7388004160 con 0x7f738c10a570
2024-05-09T00:36:05.808 INFO:teuthology.orchestra.run.smithi005.stdout:/usr/bin/ceph: stderr
2024-05-09T00:36:00.692+0000 7f73911ef700 1 -- 172.21.15.5:0/3660839733 <== mon.0 v2:172.21.15.5:3300/0 2 ==== config(26 keys) ==== 1070+0+0 (secure 0 0 0) 0x7f7388004300 con 0x7f738c10a570
2024-05-09T00:36:05.809 INFO:teuthology.orchestra.run.smithi005.stdout:/usr/bin/ceph: stderr
2024-05-09T00:36:00.692+0000 7f73911ef700 1 -- 172.21.15.5:0/3660839733 <== mon.0 v2:172.21.15.5:3300/0 3 ==== mon_map magic: 0 ==== 205+0+0 (secure 0 0 0) 0x7f7388011af0 con 0x7f738c10a570
2024-05-09T00:36:05.809 INFO:teuthology.orchestra.run.smithi005.stdout:/usr/bin/ceph: stderr
2024-05-09T00:36:00.693+0000 7f7394455700 1 -- 172.21.15.5:0/3660839733 >> [v2:172.21.15.5:3300/0,v1:172.21.15.5:6789/0] conn(0x7f738c10a570 msgr2=0x7f738c10c990 secure :-1 s=STATE_CONNECTION_ESTABLISHED l=1).mark_down
2024-05-09T00:36:05.809 INFO:teuthology.orchestra.run.smithi005.stdout:/usr/bin/ceph: stderr
2024-05-09T00:36:00.693+0000 7f7394455700 1 --2- 172.21.15.5:0/3660839733 >> [v2:172.21.15.5:3300/0,v1:172.21.15.5:6789/0] conn(0x7f738c10a570 0x7f738c10c990 secure :-1 s=READY pgs=45 cs=0 l=1 rev1=1 crypto rx=0x7f73880098a0 tx=0x7f7388009bb0 comp rx=0 tx=0).stop
2024-05-09T00:36:05.809 INFO:teuthology.orchestra.run.smithi005.stdout:/usr/bin/ceph: stderr
2024-05-09T00:36:00.693+0000 7f7394455700 1 -- 172.21.15.5:0/3660839733 shutdown_connections
2024-05-09T00:36:05.809 INFO:teuthology.orchestra.run.smithi005.stdout:/usr/bin/ceph: stderr
2024-05-09T00:36:00.693+0000 7f7394455700 1 --2- 172.21.15.5:0/3660839733 >> [v2:172.21.15.5:3300/0,v1:172.21.15.5:6789/0] conn(0x7f738c10a570 0x7f738c10c990 unknown :-1 s=CLOSED pgs=45 cs=0 l=1 rev1=1 crypto rx=0 tx=0 comp rx=0 tx=0).stop
2024-05-09T00:36:05.809 INFO:teuthology.orchestra.run.smithi005.stdout:/usr/bin/ceph: stderr
2024-05-09T00:36:00.693+0000 7f7394455700 1 -- 172.21.15.5:0/3660839733 >> 172.21.15.5:0/3660839733 conn(0x7f738c103ff0 msgr2=0x7f738c106480 unknown :-1 s=STATE_NONE l=0).mark_down
2024-05-09T00:36:05.809 INFO:teuthology.orchestra.run.smithi005.stdout:/usr/bin/ceph: stderr
2024-05-09T00:36:00.693+0000 7f7394455700 1 -- 172.21.15.5:0/3660839733 shutdown_connections
2024-05-09T00:36:05.809 INFO:teuthology.orchestra.run.smithi005.stdout:/usr/bin/ceph: stderr
2024-05-09T00:36:00.693+0000 7f7394455700 1 -- 172.21.15.5:0/3660839733 wait complete.
2024-05-09T00:36:05.809 INFO:teuthology.orchestra.run.smithi005.stdout:/usr/bin/ceph: stderr
2024-05-09T00:36:00.694+0000 7f7394455700 1 Processor -- start
2024-05-09T00:36:05.809 INFO:teuthology.orchestra.run.smithi005.stdout:/usr/bin/ceph: stderr
2024-05-09T00:36:00.694+0000 7f7394455700 1 -- start start
2024-05-09T00:36:05.809 INFO:teuthology.orchestra.run.smithi005.stdout:/usr/bin/ceph: stderr
2024-05-09T00:36:00.694+0000 7f7394455700 1 --2- >> [v2:172.21.15.5:3300/0,v1:172.21.15.5:6789/0] conn(0x7f738c10a570 0x7f738c109cf0 unknown :-1 s=NONE pgs=0 cs=0 l=1 rev1=0 crypto rx=0 tx=0 comp rx=0 tx=0).connect
2024-05-09T00:36:05.809 INFO:teuthology.orchestra.run.smithi005.stdout:/usr/bin/ceph: stderr
2024-05-09T00:36:00.694+0000 7f7394455700 1 -- --> [v2:172.21.15.5:3300/0,v1:172.21.15.5:6789/0] -- mon_getmap magic: 0 -- 0x7f738c10de90 con 0x7f738c10a570
2024-05-09T00:36:05.809 INFO:teuthology.orchestra.run.smithi005.stdout:/usr/bin/ceph: stderr
2024-05-09T00:36:00.694+0000 7f73921f1700 1 --2- >> [v2:172.21.15.5:3300/0,v1:172.21.15.5:6789/0] conn(0x7f738c10a570 0x7f738c109cf0 unknown :-1 s=BANNER_CONNECTING pgs=0 cs=0 l=1 rev1=0 crypto rx=0 tx=0 comp rx=0 tx=0)._handle_peer_banner_payload supported=3 required=0
2024-05-09T00:36:05.810 INFO:teuthology.orchestra.run.smithi005.stdout:/usr/bin/ceph: stderr
2024-05-09T00:36:00.694+0000 7f73921f1700 1 --2- >> [v2:172.21.15.5:3300/0,v1:172.21.15.5:6789/0] conn(0x7f738c10a570 0x7f738c109cf0 unknown :-1 s=HELLO_CONNECTING pgs=0 cs=0 l=1 rev1=1 crypto rx=0 tx=0 comp rx=0 tx=0).handle_hello peer v2:172.21.15.5:3300/0 says I am v2:172.21.15.5:38768/0 (socket says 172.21.15.5:38768)
2024-05-09T00:36:05.810 INFO:teuthology.orchestra.run.smithi005.stdout:/usr/bin/ceph: stderr
2024-05-09T00:36:00.694+0000 7f73921f1700 1 -- 172.21.15.5:0/4059990812 learned_addr learned my addr 172.21.15.5:0/4059990812 (peer_addr_for_me v2:172.21.15.5:0/0)
2024-05-09T00:36:05.810 INFO:teuthology.orchestra.run.smithi005.stdout:/usr/bin/ceph: stderr
2024-05-09T00:36:00.694+0000 7f73921f1700 1 -- 172.21.15.5:0/4059990812 --> [v2:172.21.15.5:3300/0,v1:172.21.15.5:6789/0] -- mon_subscribe({config=0+,monmap=0+}) -- 0x7f738c10a230 con 0x7f738c10a570
2024-05-09T00:36:05.810 INFO:teuthology.orchestra.run.smithi005.stdout:/usr/bin/ceph: stderr
2024-05-09T00:36:00.695+0000 7f73921f1700 1 --2- 172.21.15.5:0/4059990812 >> [v2:172.21.15.5:3300/0,v1:172.21.15.5:6789/0] conn(0x7f738c10a570 0x7f738c109cf0 secure :-1 s=READY pgs=46 cs=0 l=1 rev1=1 crypto rx=0x7f73880117b0 tx=0x7f7388011b70 comp rx=0 tx=0).ready entity=mon.0 client_cookie=0 server_cookie=0 in_seq=0 out_seq=0
2024-05-09T00:36:05.810 INFO:teuthology.orchestra.run.smithi005.stdout:/usr/bin/ceph: stderr
2024-05-09T00:36:00.695+0000 7f73837fe700 1 -- 172.21.15.5:0/4059990812 <== mon.0 v2:172.21.15.5:3300/0 1 ==== mon_map magic: 0 ==== 205+0+0 (secure 0 0 0) 0x7f73880039c0 con 0x7f738c10a570
2024-05-09T00:36:05.810 INFO:teuthology.orchestra.run.smithi005.stdout:/usr/bin/ceph: stderr
2024-05-09T00:36:00.695+0000 7f73837fe700 1 -- 172.21.15.5:0/4059990812 <== mon.0 v2:172.21.15.5:3300/0 2 ==== config(26 keys) ==== 1070+0+0 (secure 0 0 0) 0x7f7388003b60 con 0x7f738c10a570
2024-05-09T00:36:05.810 INFO:teuthology.orchestra.run.smithi005.stdout:/usr/bin/ceph: stderr
2024-05-09T00:36:00.695+0000 7f7394455700 1 -- 172.21.15.5:0/4059990812 --> [v2:172.21.15.5:3300/0,v1:172.21.15.5:6789/0] -- mon_subscribe({mgrmap=0+}) -- 0x7f738c108480 con 0x7f738c10a570
2024-05-09T00:36:05.810 INFO:teuthology.orchestra.run.smithi005.stdout:/usr/bin/ceph: stderr
2024-05-09T00:36:00.695+0000 7f73837fe700 1 -- 172.21.15.5:0/4059990812 <== mon.0 v2:172.21.15.5:3300/0 3 ==== mon_map magic: 0 ==== 205+0+0 (secure 0 0 0) 0x7f73880196a0 con 0x7f738c10a570
2024-05-09T00:36:05.810 INFO:teuthology.orchestra.run.smithi005.stdout:/usr/bin/ceph: stderr
2024-05-09T00:36:00.695+0000 7f7394455700 1 -- 172.21.15.5:0/4059990812 --> [v2:172.21.15.5:3300/0,v1:172.21.15.5:6789/0] -- mon_subscribe({osdmap=0}) -- 0x7f738c108960 con 0x7f738c10a570
2024-05-09T00:36:05.810 INFO:teuthology.orchestra.run.smithi005.stdout:/usr/bin/ceph: stderr
2024-05-09T00:36:00.696+0000 7f7394455700 1 -- 172.21.15.5:0/4059990812 --> [v2:172.21.15.5:3300/0,v1:172.21.15.5:6789/0] -- mon_command({"prefix": "get_command_descriptions"} v 0) -- 0x7f738c064e20 con 0x7f738c10a570
2024-05-09T00:36:05.810 INFO:teuthology.orchestra.run.smithi005.stdout:/usr/bin/ceph: stderr
2024-05-09T00:36:00.696+0000 7f73837fe700 1 -- 172.21.15.5:0/4059990812 <== mon.0 v2:172.21.15.5:3300/0 4 ==== mgrmap(e 8) ==== 50222+0+0 (secure 0 0 0) 0x7f7388019910 con 0x7f738c10a570
2024-05-09T00:36:05.811 INFO:teuthology.orchestra.run.smithi005.stdout:/usr/bin/ceph: stderr
2024-05-09T00:36:00.696+0000 7f73837fe700 1 --2- 172.21.15.5:0/4059990812 >> [v2:172.21.15.5:6800/287842266,v1:172.21.15.5:6801/287842266] conn(0x7f737803e4c0 0x7f73780409d0 unknown :-1 s=NONE pgs=0 cs=0 l=1 rev1=0 crypto rx=0 tx=0 comp rx=0 tx=0).connect
2024-05-09T00:36:05.811 INFO:teuthology.orchestra.run.smithi005.stdout:/usr/bin/ceph: stderr
2024-05-09T00:36:00.696+0000 7f73837fe700 1 -- 172.21.15.5:0/4059990812 <== mon.0 v2:172.21.15.5:3300/0 5 ==== osd_map(2..2 src has 1..2) ==== 940+0+0 (secure 0 0 0) 0x7f73880538d0 con 0x7f738c10a570
2024-05-09T00:36:05.811 INFO:teuthology.orchestra.run.smithi005.stdout:/usr/bin/ceph: stderr
2024-05-09T00:36:00.696+0000 7f73919f0700 1 --2- 172.21.15.5:0/4059990812 >> [v2:172.21.15.5:6800/287842266,v1:172.21.15.5:6801/287842266] conn(0x7f737803e4c0 0x7f73780409d0 unknown :-1 s=BANNER_CONNECTING pgs=0 cs=0 l=1 rev1=0 crypto rx=0 tx=0 comp rx=0 tx=0)._handle_peer_banner_payload supported=3 required=0
2024-05-09T00:36:05.811 INFO:teuthology.orchestra.run.smithi005.stdout:/usr/bin/ceph: stderr
2024-05-09T00:36:00.697+0000 7f73919f0700 1 --2- 172.21.15.5:0/4059990812 >> [v2:172.21.15.5:6800/287842266,v1:172.21.15.5:6801/287842266] conn(0x7f737803e4c0 0x7f73780409d0 secure :-1 s=READY pgs=11 cs=0 l=1 rev1=1 crypto rx=0x7f737c006fd0 tx=0x7f737c006e40 comp rx=0 tx=0).ready entity=mgr.14120 client_cookie=0 server_cookie=0 in_seq=0 out_seq=0
2024-05-09T00:36:05.811 INFO:teuthology.orchestra.run.smithi005.stdout:/usr/bin/ceph: stderr
2024-05-09T00:36:00.702+0000 7f73837fe700 1 -- 172.21.15.5:0/4059990812 <== mon.0 v2:172.21.15.5:3300/0 6 ==== mon_command_ack([{"prefix": "get_command_descriptions"}]=0 v0) ==== 72+0+191963 (secure 0 0 0) 0x7f738800b3e0 con 0x7f738c10a570
2024-05-09T00:36:05.811 INFO:teuthology.orchestra.run.smithi005.stdout:/usr/bin/ceph: stderr
2024-05-09T00:36:00.923+0000 7f7394455700 1 -- 172.21.15.5:0/4059990812 --> [v2:172.21.15.5:6800/287842266,v1:172.21.15.5:6801/287842266] -- mgr_command(tid 0: {"prefix": "orch host add", "hostname": "smithi005", "addr": "172.21.15.5", "target": ["mon-mgr", ""]}) -- 0x7f738c109110 con 0x7f737803e4c0
2024-05-09T00:36:05.811 INFO:teuthology.orchestra.run.smithi005.stdout:/usr/bin/ceph: stderr
2024-05-09T00:36:05.199+0000 7f73837fe700 1 -- 172.21.15.5:0/4059990812 <== mgr.14120 v2:172.21.15.5:6800/287842266 1 ==== mgr_command_reply(tid 0: 0 ) ==== 8+0+47 (secure 0 0 0) 0x7f738c109110 con 0x7f737803e4c0
2024-05-09T00:36:05.811 INFO:teuthology.orchestra.run.smithi005.stdout:/usr/bin/ceph: stderr
2024-05-09T00:36:05.202+0000 7f7394455700 1 -- 172.21.15.5:0/4059990812 >> [v2:172.21.15.5:6800/287842266,v1:172.21.15.5:6801/287842266] conn(0x7f737803e4c0 msgr2=0x7f73780409d0 secure :-1 s=STATE_CONNECTION_ESTABLISHED l=1).mark_down
2024-05-09T00:36:05.811 INFO:teuthology.orchestra.run.smithi005.stdout:/usr/bin/ceph: stderr
2024-05-09T00:36:05.202+0000 7f7394455700 1 --2- 172.21.15.5:0/4059990812 >> [v2:172.21.15.5:6800/287842266,v1:172.21.15.5:6801/287842266] conn(0x7f737803e4c0 0x7f73780409d0 secure :-1 s=READY pgs=11 cs=0 l=1 rev1=1 crypto rx=0x7f737c006fd0 tx=0x7f737c006e40 comp rx=0 tx=0).stop
2024-05-09T00:36:05.811 INFO:teuthology.orchestra.run.smithi005.stdout:/usr/bin/ceph: stderr
2024-05-09T00:36:05.202+0000 7f7394455700 1 -- 172.21.15.5:0/4059990812 >> [v2:172.21.15.5:3300/0,v1:172.21.15.5:6789/0] conn(0x7f738c10a570 msgr2=0x7f738c109cf0 secure :-1 s=STATE_CONNECTION_ESTABLISHED l=1).mark_down
2024-05-09T00:36:05.811 INFO:teuthology.orchestra.run.smithi005.stdout:/usr/bin/ceph: stderr
2024-05-09T00:36:05.202+0000 7f7394455700 1 --2- 172.21.15.5:0/4059990812 >> [v2:172.21.15.5:3300/0,v1:172.21.15.5:6789/0] conn(0x7f738c10a570 0x7f738c109cf0 secure :-1 s=READY pgs=46 cs=0 l=1 rev1=1 crypto rx=0x7f73880117b0 tx=0x7f7388011b70 comp rx=0 tx=0).stop
2024-05-09T00:36:05.811 INFO:teuthology.orchestra.run.smithi005.stdout:/usr/bin/ceph: stderr
2024-05-09T00:36:05.202+0000 7f7394455700 1 -- 172.21.15.5:0/4059990812 shutdown_connections
2024-05-09T00:36:05.811 INFO:teuthology.orchestra.run.smithi005.stdout:/usr/bin/ceph: stderr
2024-05-09T00:36:05.202+0000 7f7394455700 1 --2- 172.21.15.5:0/4059990812 >> [v2:172.21.15.5:6800/287842266,v1:172.21.15.5:6801/287842266] conn(0x7f737803e4c0 0x7f73780409d0 unknown :-1 s=CLOSED pgs=11 cs=0 l=1 rev1=1 crypto rx=0 tx=0 comp rx=0 tx=0).stop
2024-05-09T00:36:05.812 INFO:teuthology.orchestra.run.smithi005.stdout:/usr/bin/ceph: stderr
2024-05-09T00:36:05.202+0000 7f7394455700 1 --2- 172.21.15.5:0/4059990812 >> [v2:172.21.15.5:3300/0,v1:172.21.15.5:6789/0] conn(0x7f738c10a570 0x7f738c109cf0 unknown :-1 s=CLOSED pgs=46 cs=0 l=1 rev1=1 crypto rx=0 tx=0 comp rx=0 tx=0).stop
2024-05-09T00:36:05.812 INFO:teuthology.orchestra.run.smithi005.stdout:/usr/bin/ceph: stderr
2024-05-09T00:36:05.202+0000 7f7394455700 1 -- 172.21.15.5:0/4059990812 >> 172.21.15.5:0/4059990812 conn(0x7f738c103ff0 msgr2=0x7f738c104a30 unknown :-1 s=STATE_NONE l=0).mark_down
2024-05-09T00:36:05.812 INFO:teuthology.orchestra.run.smithi005.stdout:/usr/bin/ceph: stderr
2024-05-09T00:36:05.202+0000 7f7394455700 1 -- 172.21.15.5:0/4059990812 shutdown_connections
2024-05-09T00:36:05.812 INFO:teuthology.orchestra.run.smithi005.stdout:/usr/bin/ceph: stderr
2024-05-09T00:36:05.202+0000 7f7394455700 1 -- 172.21.15.5:0/4059990812 wait complete.
2024-05-09T00:36:05.812 INFO:teuthology.orchestra.run.smithi005.stdout:Deploying unmanaged mon service...
2024-05-09T00:36:06.541 INFO:journalctl@ceph.mon.a.smithi005.stdout:May 09 00:36:06 smithi005 ceph-mon[30365]: from='mgr.14120 172.21.15.5:0/1775107462' entity='mgr.x'
2024-05-09T00:36:06.541 INFO:journalctl@ceph.mon.a.smithi005.stdout:May 09 00:36:06 smithi005 ceph-mon[30365]: Added host smithi005
2024-05-09T00:36:06.542 INFO:journalctl@ceph.mon.a.smithi005.stdout:May 09 00:36:06 smithi005 ceph-mon[30365]: from='mgr.14120 172.21.15.5:0/1775107462' entity='mgr.x' cmd=[{"prefix": "config dump", "format": "json"}]: dispatch
2024-05-09T00:36:07.694 INFO:journalctl@ceph.mon.a.smithi005.stdout:May 09 00:36:07 smithi005 ceph-mon[30365]: from='client.14142 -' entity='client.admin' cmd=[{"prefix": "orch apply", "service_type": "mon", "unmanaged": true, "target": ["mon-mgr", ""]}]: dispatch
2024-05-09T00:36:07.694 INFO:journalctl@ceph.mon.a.smithi005.stdout:May 09 00:36:07 smithi005 ceph-mon[30365]: Saving service mon spec with placement count:5
2024-05-09T00:36:07.694 INFO:journalctl@ceph.mon.a.smithi005.stdout:May 09 00:36:07 smithi005 ceph-mon[30365]: from='mgr.14120 172.21.15.5:0/1775107462' entity='mgr.x'
2024-05-09T00:36:07.696 INFO:teuthology.orchestra.run.smithi005.stdout:/usr/bin/ceph: stdout Scheduled mon update...
2024-05-09T00:36:07.702 INFO:teuthology.orchestra.run.smithi005.stdout:/usr/bin/ceph: stderr
2024-05-09T00:36:06.301+0000 7f55761e1700 1 Processor -- start
2024-05-09T00:36:07.702 INFO:teuthology.orchestra.run.smithi005.stdout:/usr/bin/ceph: stderr
2024-05-09T00:36:06.301+0000 7f55761e1700 1 -- start start
2024-05-09T00:36:07.702 INFO:teuthology.orchestra.run.smithi005.stdout:/usr/bin/ceph: stderr
2024-05-09T00:36:06.302+0000 7f55761e1700 1 --2- >> [v2:172.21.15.5:3300/0,v1:172.21.15.5:6789/0] conn(0x7f557010a550 0x7f557010c970 unknown :-1 s=NONE pgs=0 cs=0 l=0 rev1=0 crypto rx=0 tx=0 comp rx=0 tx=0).connect
2024-05-09T00:36:07.702 INFO:teuthology.orchestra.run.smithi005.stdout:/usr/bin/ceph: stderr
2024-05-09T00:36:06.302+0000 7f55761e1700 1 -- --> [v2:172.21.15.5:3300/0,v1:172.21.15.5:6789/0] -- mon_getmap magic: 0 -- 0x7f557007ce70 con 0x7f557010a550
2024-05-09T00:36:07.702 INFO:teuthology.orchestra.run.smithi005.stdout:/usr/bin/ceph: stderr
2024-05-09T00:36:06.302+0000 7f556f7fe700 1 --2- >> [v2:172.21.15.5:3300/0,v1:172.21.15.5:6789/0] conn(0x7f557010a550 0x7f557010c970 unknown :-1 s=BANNER_CONNECTING pgs=0 cs=0 l=0 rev1=0 crypto rx=0 tx=0 comp rx=0 tx=0)._handle_peer_banner_payload supported=3 required=0
2024-05-09T00:36:07.702 INFO:teuthology.orchestra.run.smithi005.stdout:/usr/bin/ceph: stderr
2024-05-09T00:36:06.302+0000 7f556f7fe700 1 --2- >> [v2:172.21.15.5:3300/0,v1:172.21.15.5:6789/0] conn(0x7f557010a550 0x7f557010c970 unknown :-1 s=HELLO_CONNECTING pgs=0 cs=0 l=0 rev1=1 crypto rx=0 tx=0 comp rx=0 tx=0).handle_hello peer v2:172.21.15.5:3300/0 says I am v2:172.21.15.5:58086/0 (socket says 172.21.15.5:58086)
2024-05-09T00:36:07.703 INFO:teuthology.orchestra.run.smithi005.stdout:/usr/bin/ceph: stderr
2024-05-09T00:36:06.302+0000 7f556f7fe700 1 -- 172.21.15.5:0/176279566 learned_addr learned my addr 172.21.15.5:0/176279566 (peer_addr_for_me v2:172.21.15.5:0/0)
2024-05-09T00:36:07.703 INFO:teuthology.orchestra.run.smithi005.stdout:/usr/bin/ceph: stderr
2024-05-09T00:36:06.302+0000 7f556f7fe700 1 -- 172.21.15.5:0/176279566 --> [v2:172.21.15.5:3300/0,v1:172.21.15.5:6789/0] -- mon_subscribe({config=0+,monmap=0+}) -- 0x7f557010ceb0 con 0x7f557010a550
2024-05-09T00:36:07.703 INFO:teuthology.orchestra.run.smithi005.stdout:/usr/bin/ceph: stderr
2024-05-09T00:36:06.302+0000 7f556f7fe700 1 --2- 172.21.15.5:0/176279566 >> [v2:172.21.15.5:3300/0,v1:172.21.15.5:6789/0] conn(0x7f557010a550 0x7f557010c970 secure :-1 s=READY pgs=47 cs=0 l=1 rev1=1 crypto rx=0x7f55600098a0 tx=0x7f5560009bb0 comp rx=0 tx=0).ready entity=mon.0 client_cookie=c6deb638f3a333f5 server_cookie=0 in_seq=0 out_seq=0
2024-05-09T00:36:07.703 INFO:teuthology.orchestra.run.smithi005.stdout:/usr/bin/ceph: stderr
2024-05-09T00:36:06.302+0000 7f556effd700 1 -- 172.21.15.5:0/176279566 <== mon.0 v2:172.21.15.5:3300/0 1 ==== mon_map magic: 0 ==== 205+0+0 (secure 0 0 0) 0x7f5560004160 con 0x7f557010a550
2024-05-09T00:36:07.703 INFO:teuthology.orchestra.run.smithi005.stdout:/usr/bin/ceph: stderr
2024-05-09T00:36:06.302+0000 7f556effd700 1 -- 172.21.15.5:0/176279566 <== mon.0 v2:172.21.15.5:3300/0 2 ==== config(26 keys) ==== 1070+0+0 (secure 0 0 0) 0x7f5560004300 con 0x7f557010a550
2024-05-09T00:36:07.703 INFO:teuthology.orchestra.run.smithi005.stdout:/usr/bin/ceph: stderr
2024-05-09T00:36:06.302+0000 7f556effd700 1 -- 172.21.15.5:0/176279566 <== mon.0 v2:172.21.15.5:3300/0 3 ==== mon_map magic: 0 ==== 205+0+0 (secure 0 0 0) 0x7f5560011af0 con 0x7f557010a550
2024-05-09T00:36:07.703 INFO:teuthology.orchestra.run.smithi005.stdout:/usr/bin/ceph: stderr
2024-05-09T00:36:06.303+0000 7f55761e1700 1 -- 172.21.15.5:0/176279566 >> [v2:172.21.15.5:3300/0,v1:172.21.15.5:6789/0] conn(0x7f557010a550 msgr2=0x7f557010c970 secure :-1 s=STATE_CONNECTION_ESTABLISHED l=1).mark_down
2024-05-09T00:36:07.703 INFO:teuthology.orchestra.run.smithi005.stdout:/usr/bin/ceph: stderr
2024-05-09T00:36:06.303+0000 7f55761e1700 1 --2- 172.21.15.5:0/176279566 >> [v2:172.21.15.5:3300/0,v1:172.21.15.5:6789/0] conn(0x7f557010a550 0x7f557010c970 secure :-1 s=READY pgs=47 cs=0 l=1 rev1=1 crypto rx=0x7f55600098a0 tx=0x7f5560009bb0 comp rx=0 tx=0).stop
2024-05-09T00:36:07.703 INFO:teuthology.orchestra.run.smithi005.stdout:/usr/bin/ceph: stderr
2024-05-09T00:36:06.303+0000 7f55761e1700 1 -- 172.21.15.5:0/176279566 shutdown_connections
2024-05-09T00:36:07.703 INFO:teuthology.orchestra.run.smithi005.stdout:/usr/bin/ceph: stderr
2024-05-09T00:36:06.303+0000 7f55761e1700 1 --2- 172.21.15.5:0/176279566 >> [v2:172.21.15.5:3300/0,v1:172.21.15.5:6789/0] conn(0x7f557010a550 0x7f557010c970 unknown :-1 s=CLOSED pgs=47 cs=0 l=1 rev1=1 crypto rx=0 tx=0 comp rx=0 tx=0).stop
2024-05-09T00:36:07.703 INFO:teuthology.orchestra.run.smithi005.stdout:/usr/bin/ceph: stderr
2024-05-09T00:36:06.303+0000 7f55761e1700 1 -- 172.21.15.5:0/176279566 >> 172.21.15.5:0/176279566 conn(0x7f5570104050 msgr2=0x7f55701064a0 unknown :-1 s=STATE_NONE l=0).mark_down
2024-05-09T00:36:07.703 INFO:teuthology.orchestra.run.smithi005.stdout:/usr/bin/ceph: stderr
2024-05-09T00:36:06.303+0000 7f55761e1700 1 -- 172.21.15.5:0/176279566 shutdown_connections
2024-05-09T00:36:07.703 INFO:teuthology.orchestra.run.smithi005.stdout:/usr/bin/ceph: stderr
2024-05-09T00:36:06.303+0000 7f55761e1700 1 -- 172.21.15.5:0/176279566 wait complete.
2024-05-09T00:36:07.703 INFO:teuthology.orchestra.run.smithi005.stdout:/usr/bin/ceph: stderr
2024-05-09T00:36:06.304+0000 7f55761e1700 1 Processor -- start
2024-05-09T00:36:07.704 INFO:teuthology.orchestra.run.smithi005.stdout:/usr/bin/ceph: stderr
2024-05-09T00:36:06.304+0000 7f55761e1700 1 -- start start
2024-05-09T00:36:07.704 INFO:teuthology.orchestra.run.smithi005.stdout:/usr/bin/ceph: stderr
2024-05-09T00:36:06.304+0000 7f55761e1700 1 --2- >> [v2:172.21.15.5:3300/0,v1:172.21.15.5:6789/0] conn(0x7f557010a550 0x7f557019dec0 unknown :-1 s=NONE pgs=0 cs=0 l=1 rev1=0 crypto rx=0 tx=0 comp rx=0 tx=0).connect
2024-05-09T00:36:07.704 INFO:teuthology.orchestra.run.smithi005.stdout:/usr/bin/ceph: stderr
2024-05-09T00:36:06.304+0000 7f55761e1700 1 -- --> [v2:172.21.15.5:3300/0,v1:172.21.15.5:6789/0] -- mon_getmap magic: 0 -- 0x7f557010de70 con 0x7f557010a550
2024-05-09T00:36:07.704 INFO:teuthology.orchestra.run.smithi005.stdout:/usr/bin/ceph: stderr
2024-05-09T00:36:06.304+0000 7f556f7fe700 1 --2- >> [v2:172.21.15.5:3300/0,v1:172.21.15.5:6789/0] conn(0x7f557010a550 0x7f557019dec0 unknown :-1 s=BANNER_CONNECTING pgs=0 cs=0 l=1 rev1=0 crypto rx=0 tx=0 comp rx=0 tx=0)._handle_peer_banner_payload supported=3 required=0
2024-05-09T00:36:07.704 INFO:teuthology.orchestra.run.smithi005.stdout:/usr/bin/ceph: stderr
2024-05-09T00:36:06.304+0000 7f556f7fe700 1 --2- >> [v2:172.21.15.5:3300/0,v1:172.21.15.5:6789/0] conn(0x7f557010a550 0x7f557019dec0 unknown :-1 s=HELLO_CONNECTING pgs=0 cs=0 l=1 rev1=1 crypto rx=0 tx=0 comp rx=0 tx=0).handle_hello peer v2:172.21.15.5:3300/0 says I am v2:172.21.15.5:58090/0 (socket says 172.21.15.5:58090)
2024-05-09T00:36:07.704 INFO:teuthology.orchestra.run.smithi005.stdout:/usr/bin/ceph: stderr
2024-05-09T00:36:06.304+0000 7f556f7fe700 1 -- 172.21.15.5:0/3667424052 learned_addr learned my addr 172.21.15.5:0/3667424052 (peer_addr_for_me v2:172.21.15.5:0/0)
2024-05-09T00:36:07.704 INFO:teuthology.orchestra.run.smithi005.stdout:/usr/bin/ceph: stderr
2024-05-09T00:36:06.305+0000 7f556f7fe700 1 -- 172.21.15.5:0/3667424052 --> [v2:172.21.15.5:3300/0,v1:172.21.15.5:6789/0] -- mon_subscribe({config=0+,monmap=0+}) -- 0x7f557019e400 con 0x7f557010a550
2024-05-09T00:36:07.704 INFO:teuthology.orchestra.run.smithi005.stdout:/usr/bin/ceph: stderr
2024-05-09T00:36:06.305+0000 7f556f7fe700 1 --2- 172.21.15.5:0/3667424052 >> [v2:172.21.15.5:3300/0,v1:172.21.15.5:6789/0] conn(0x7f557010a550 0x7f557019dec0 secure :-1 s=READY pgs=48 cs=0 l=1 rev1=1 crypto rx=0x7f55600117b0 tx=0x7f5560011b70 comp rx=0 tx=0).ready entity=mon.0 client_cookie=0 server_cookie=0 in_seq=0 out_seq=0
2024-05-09T00:36:07.704 INFO:teuthology.orchestra.run.smithi005.stdout:/usr/bin/ceph: stderr
2024-05-09T00:36:06.305+0000 7f556d7fa700 1 -- 172.21.15.5:0/3667424052 <== mon.0 v2:172.21.15.5:3300/0 1 ==== mon_map magic: 0 ==== 205+0+0 (secure 0 0 0) 0x7f55600039c0 con 0x7f557010a550
2024-05-09T00:36:07.704 INFO:teuthology.orchestra.run.smithi005.stdout:/usr/bin/ceph: stderr
2024-05-09T00:36:06.305+0000 7f556d7fa700 1 -- 172.21.15.5:0/3667424052 <== mon.0 v2:172.21.15.5:3300/0 2 ==== config(26 keys) ==== 1070+0+0 (secure 0 0 0) 0x7f5560003b60 con 0x7f557010a550
2024-05-09T00:36:07.704 INFO:teuthology.orchestra.run.smithi005.stdout:/usr/bin/ceph: stderr
2024-05-09T00:36:06.305+0000 7f55761e1700 1 -- 172.21.15.5:0/3667424052 --> [v2:172.21.15.5:3300/0,v1:172.21.15.5:6789/0] -- mon_subscribe({mgrmap=0+}) -- 0x7f557019e690 con 0x7f557010a550
2024-05-09T00:36:07.704 INFO:teuthology.orchestra.run.smithi005.stdout:/usr/bin/ceph: stderr
2024-05-09T00:36:06.305+0000 7f556d7fa700 1 -- 172.21.15.5:0/3667424052 <== mon.0 v2:172.21.15.5:3300/0 3 ==== mon_map magic: 0 ==== 205+0+0 (secure 0 0 0) 0x7f55600196a0 con 0x7f557010a550
2024-05-09T00:36:07.704 INFO:teuthology.orchestra.run.smithi005.stdout:/usr/bin/ceph: stderr
2024-05-09T00:36:06.305+0000 7f55761e1700 1 -- 172.21.15.5:0/3667424052 --> [v2:172.21.15.5:3300/0,v1:172.21.15.5:6789/0] -- mon_subscribe({osdmap=0}) -- 0x7f55701a12a0 con 0x7f557010a550
2024-05-09T00:36:07.705 INFO:teuthology.orchestra.run.smithi005.stdout:/usr/bin/ceph: stderr
2024-05-09T00:36:06.306+0000 7f556d7fa700 1 -- 172.21.15.5:0/3667424052 <== mon.0 v2:172.21.15.5:3300/0 4 ==== mgrmap(e 8) ==== 50222+0+0 (secure 0 0 0) 0x7f5560019910 con 0x7f557010a550
2024-05-09T00:36:07.705 INFO:teuthology.orchestra.run.smithi005.stdout:/usr/bin/ceph: stderr
2024-05-09T00:36:06.306+0000 7f556d7fa700 1 --2- 172.21.15.5:0/3667424052 >> [v2:172.21.15.5:6800/287842266,v1:172.21.15.5:6801/287842266] conn(0x7f555c03e4c0 0x7f555c0409d0 unknown :-1 s=NONE pgs=0 cs=0 l=1 rev1=0 crypto rx=0 tx=0 comp rx=0 tx=0).connect
2024-05-09T00:36:07.705 INFO:teuthology.orchestra.run.smithi005.stdout:/usr/bin/ceph: stderr
2024-05-09T00:36:06.306+0000 7f556d7fa700 1 -- 172.21.15.5:0/3667424052 <== mon.0 v2:172.21.15.5:3300/0 5 ==== osd_map(2..2 src has 1..2) ==== 940+0+0 (secure 0 0 0) 0x7f5560054a10 con 0x7f557010a550
2024-05-09T00:36:07.705 INFO:teuthology.orchestra.run.smithi005.stdout:/usr/bin/ceph: stderr
2024-05-09T00:36:06.306+0000 7f55761e1700 1 -- 172.21.15.5:0/3667424052 --> [v2:172.21.15.5:3300/0,v1:172.21.15.5:6789/0] -- mon_command({"prefix": "get_command_descriptions"} v 0) -- 0x7f5570064e20 con 0x7f557010a550
2024-05-09T00:36:07.705 INFO:teuthology.orchestra.run.smithi005.stdout:/usr/bin/ceph: stderr
2024-05-09T00:36:06.306+0000 7f5566ffd700 1 --2- 172.21.15.5:0/3667424052 >> [v2:172.21.15.5:6800/287842266,v1:172.21.15.5:6801/287842266] conn(0x7f555c03e4c0 0x7f555c0409d0 unknown :-1 s=BANNER_CONNECTING pgs=0 cs=0 l=1 rev1=0 crypto rx=0 tx=0 comp rx=0 tx=0)._handle_peer_banner_payload supported=3 required=0
2024-05-09T00:36:07.705 INFO:teuthology.orchestra.run.smithi005.stdout:/usr/bin/ceph: stderr
2024-05-09T00:36:06.307+0000 7f5566ffd700 1 --2- 172.21.15.5:0/3667424052 >> [v2:172.21.15.5:6800/287842266,v1:172.21.15.5:6801/287842266] conn(0x7f555c03e4c0 0x7f555c0409d0 secure :-1 s=READY pgs=12 cs=0 l=1 rev1=1 crypto rx=0x7f5558006fd0 tx=0x7f5558006e40 comp rx=0 tx=0).ready entity=mgr.14120 client_cookie=0 server_cookie=0 in_seq=0 out_seq=0
2024-05-09T00:36:07.705 INFO:teuthology.orchestra.run.smithi005.stdout:/usr/bin/ceph: stderr
2024-05-09T00:36:06.312+0000 7f556d7fa700 1 -- 172.21.15.5:0/3667424052 <== mon.0 v2:172.21.15.5:3300/0 6 ==== mon_command_ack([{"prefix": "get_command_descriptions"}]=0 v0) ==== 72+0+191963 (secure 0 0 0) 0x7f5560017e90 con 0x7f557010a550
2024-05-09T00:36:07.705 INFO:teuthology.orchestra.run.smithi005.stdout:/usr/bin/ceph: stderr
2024-05-09T00:36:06.549+0000 7f55761e1700 1 -- 172.21.15.5:0/3667424052 --> [v2:172.21.15.5:6800/287842266,v1:172.21.15.5:6801/287842266] -- mgr_command(tid 0: {"prefix": "orch apply", "service_type": "mon", "unmanaged": true, "target": ["mon-mgr", ""]}) -- 0x7f55701061f0 con 0x7f555c03e4c0
2024-05-09T00:36:07.705 INFO:teuthology.orchestra.run.smithi005.stdout:/usr/bin/ceph: stderr
2024-05-09T00:36:06.554+0000 7f556d7fa700 1 -- 172.21.15.5:0/3667424052 <== mgr.14120 v2:172.21.15.5:6800/287842266 1 ==== mgr_command_reply(tid 0: 0 ) ==== 8+0+24 (secure 0 0 0) 0x7f55701061f0 con 0x7f555c03e4c0
2024-05-09T00:36:07.705 INFO:teuthology.orchestra.run.smithi005.stdout:/usr/bin/ceph: stderr
2024-05-09T00:36:06.556+0000 7f55761e1700 1 -- 172.21.15.5:0/3667424052 >> [v2:172.21.15.5:6800/287842266,v1:172.21.15.5:6801/287842266] conn(0x7f555c03e4c0 msgr2=0x7f555c0409d0 secure :-1 s=STATE_CONNECTION_ESTABLISHED l=1).mark_down
2024-05-09T00:36:07.705 INFO:teuthology.orchestra.run.smithi005.stdout:/usr/bin/ceph: stderr
2024-05-09T00:36:06.556+0000 7f55761e1700 1 --2- 172.21.15.5:0/3667424052 >> [v2:172.21.15.5:6800/287842266,v1:172.21.15.5:6801/287842266] conn(0x7f555c03e4c0 0x7f555c0409d0 secure :-1 s=READY pgs=12 cs=0 l=1 rev1=1 crypto rx=0x7f5558006fd0 tx=0x7f5558006e40 comp rx=0 tx=0).stop
2024-05-09T00:36:07.705 INFO:teuthology.orchestra.run.smithi005.stdout:/usr/bin/ceph: stderr
2024-05-09T00:36:06.556+0000 7f55761e1700 1 -- 172.21.15.5:0/3667424052 >> [v2:172.21.15.5:3300/0,v1:172.21.15.5:6789/0] conn(0x7f557010a550 msgr2=0x7f557019dec0 secure :-1 s=STATE_CONNECTION_ESTABLISHED l=1).mark_down
2024-05-09T00:36:07.705 INFO:teuthology.orchestra.run.smithi005.stdout:/usr/bin/ceph: stderr
2024-05-09T00:36:06.556+0000 7f55761e1700 1 --2- 172.21.15.5:0/3667424052 >> [v2:172.21.15.5:3300/0,v1:172.21.15.5:6789/0] conn(0x7f557010a550 0x7f557019dec0 secure :-1 s=READY pgs=48 cs=0 l=1 rev1=1 crypto rx=0x7f55600117b0 tx=0x7f5560011b70 comp rx=0 tx=0).stop
2024-05-09T00:36:07.705 INFO:teuthology.orchestra.run.smithi005.stdout:/usr/bin/ceph: stderr
2024-05-09T00:36:06.557+0000 7f55761e1700 1 -- 172.21.15.5:0/3667424052 shutdown_connections
2024-05-09T00:36:07.705 INFO:teuthology.orchestra.run.smithi005.stdout:/usr/bin/ceph: stderr
2024-05-09T00:36:06.557+0000 7f55761e1700 1 --2- 172.21.15.5:0/3667424052 >> [v2:172.21.15.5:6800/287842266,v1:172.21.15.5:6801/287842266] conn(0x7f555c03e4c0 0x7f555c0409d0 unknown :-1 s=CLOSED pgs=12 cs=0 l=1 rev1=1 crypto rx=0 tx=0 comp rx=0 tx=0).stop
2024-05-09T00:36:07.706 INFO:teuthology.orchestra.run.smithi005.stdout:/usr/bin/ceph: stderr
2024-05-09T00:36:06.557+0000 7f55761e1700 1 --2- 172.21.15.5:0/3667424052 >> [v2:172.21.15.5:3300/0,v1:172.21.15.5:6789/0] conn(0x7f557010a550 0x7f557019dec0 unknown :-1 s=CLOSED pgs=48 cs=0 l=1 rev1=1 crypto rx=0 tx=0 comp rx=0 tx=0).stop
2024-05-09T00:36:07.706 INFO:teuthology.orchestra.run.smithi005.stdout:/usr/bin/ceph: stderr
2024-05-09T00:36:06.557+0000 7f55761e1700 1 -- 172.21.15.5:0/3667424052 >> 172.21.15.5:0/3667424052 conn(0x7f5570104050 msgr2=0x7f5570105a60 unknown :-1 s=STATE_NONE l=0).mark_down
2024-05-09T00:36:07.706 INFO:teuthology.orchestra.run.smithi005.stdout:/usr/bin/ceph: stderr
2024-05-09T00:36:06.557+0000 7f55761e1700 1 -- 172.21.15.5:0/3667424052 shutdown_connections
2024-05-09T00:36:07.706 INFO:teuthology.orchestra.run.smithi005.stdout:/usr/bin/ceph: stderr
2024-05-09T00:36:06.557+0000 7f55761e1700 1 -- 172.21.15.5:0/3667424052 wait complete.
2024-05-09T00:36:07.706 INFO:teuthology.orchestra.run.smithi005.stdout:Deploying unmanaged mgr service...
2024-05-09T00:36:09.220 INFO:teuthology.orchestra.run.smithi005.stdout:/usr/bin/ceph: stdout Scheduled mgr update...
2024-05-09T00:36:09.220 INFO:teuthology.orchestra.run.smithi005.stdout:/usr/bin/ceph: stderr
2024-05-09T00:36:08.110+0000 7fcf4955e700 1 Processor -- start
2024-05-09T00:36:09.220 INFO:teuthology.orchestra.run.smithi005.stdout:/usr/bin/ceph: stderr
2024-05-09T00:36:08.111+0000 7fcf4955e700 1 -- start start
2024-05-09T00:36:09.220 INFO:teuthology.orchestra.run.smithi005.stdout:/usr/bin/ceph: stderr
2024-05-09T00:36:08.111+0000 7fcf4955e700 1 --2- >> [v2:172.21.15.5:3300/0,v1:172.21.15.5:6789/0] conn(0x7fcf4410a580 0x7fcf4410c9a0 unknown :-1 s=NONE pgs=0 cs=0 l=0 rev1=0 crypto rx=0 tx=0 comp rx=0 tx=0).connect
2024-05-09T00:36:09.220 INFO:teuthology.orchestra.run.smithi005.stdout:/usr/bin/ceph: stderr
2024-05-09T00:36:08.111+0000 7fcf4955e700 1 -- --> [v2:172.21.15.5:3300/0,v1:172.21.15.5:6789/0] -- mon_getmap magic: 0 -- 0x7fcf4407d6a0 con 0x7fcf4410a580
2024-05-09T00:36:09.220 INFO:teuthology.orchestra.run.smithi005.stdout:/usr/bin/ceph: stderr
2024-05-09T00:36:08.111+0000 7fcf42ffd700 1 --2- >> [v2:172.21.15.5:3300/0,v1:172.21.15.5:6789/0] conn(0x7fcf4410a580 0x7fcf4410c9a0 unknown :-1 s=BANNER_CONNECTING pgs=0 cs=0 l=0 rev1=0 crypto rx=0 tx=0 comp rx=0 tx=0)._handle_peer_banner_payload supported=3 required=0
2024-05-09T00:36:09.220 INFO:teuthology.orchestra.run.smithi005.stdout:/usr/bin/ceph: stderr
2024-05-09T00:36:08.111+0000 7fcf42ffd700 1 --2- >> [v2:172.21.15.5:3300/0,v1:172.21.15.5:6789/0] conn(0x7fcf4410a580 0x7fcf4410c9a0 unknown :-1 s=HELLO_CONNECTING pgs=0 cs=0 l=0 rev1=1 crypto rx=0 tx=0 comp rx=0 tx=0).handle_hello peer v2:172.21.15.5:3300/0 says I am v2:172.21.15.5:58104/0 (socket says 172.21.15.5:58104)
2024-05-09T00:36:09.220 INFO:teuthology.orchestra.run.smithi005.stdout:/usr/bin/ceph: stderr
2024-05-09T00:36:08.111+0000 7fcf42ffd700 1 -- 172.21.15.5:0/3520172456 learned_addr learned my addr 172.21.15.5:0/3520172456 (peer_addr_for_me v2:172.21.15.5:0/0)
2024-05-09T00:36:09.220 INFO:teuthology.orchestra.run.smithi005.stdout:/usr/bin/ceph: stderr
2024-05-09T00:36:08.111+0000 7fcf42ffd700 1 -- 172.21.15.5:0/3520172456 --> [v2:172.21.15.5:3300/0,v1:172.21.15.5:6789/0] -- mon_subscribe({config=0+,monmap=0+}) -- 0x7fcf4410cee0 con 0x7fcf4410a580
2024-05-09T00:36:09.220 INFO:teuthology.orchestra.run.smithi005.stdout:/usr/bin/ceph: stderr
2024-05-09T00:36:08.112+0000 7fcf42ffd700 1 --2- 172.21.15.5:0/3520172456 >> [v2:172.21.15.5:3300/0,v1:172.21.15.5:6789/0] conn(0x7fcf4410a580 0x7fcf4410c9a0 secure :-1 s=READY pgs=49 cs=0 l=1 rev1=1 crypto rx=0x7fcf340098a0 tx=0x7fcf34009bb0 comp rx=0 tx=0).ready entity=mon.0 client_cookie=7d6f5943bcdf6291 server_cookie=0 in_seq=0 out_seq=0
2024-05-09T00:36:09.221 INFO:teuthology.orchestra.run.smithi005.stdout:/usr/bin/ceph: stderr
2024-05-09T00:36:08.112+0000 7fcf41ffb700 1 -- 172.21.15.5:0/3520172456 <== mon.0 v2:172.21.15.5:3300/0 1 ==== mon_map magic: 0 ==== 205+0+0 (secure 0 0 0) 0x7fcf34004160 con 0x7fcf4410a580
2024-05-09T00:36:09.221 INFO:teuthology.orchestra.run.smithi005.stdout:/usr/bin/ceph: stderr
2024-05-09T00:36:08.112+0000 7fcf41ffb700 1 -- 172.21.15.5:0/3520172456 <== mon.0 v2:172.21.15.5:3300/0 2 ==== config(26 keys) ==== 1070+0+0 (secure 0 0 0) 0x7fcf34004300 con 0x7fcf4410a580
2024-05-09T00:36:09.221 INFO:teuthology.orchestra.run.smithi005.stdout:/usr/bin/ceph: stderr
2024-05-09T00:36:08.112+0000 7fcf41ffb700 1 -- 172.21.15.5:0/3520172456 <== mon.0 v2:172.21.15.5:3300/0 3 ==== mon_map magic: 0 ==== 205+0+0 (secure 0 0 0) 0x7fcf34011af0 con 0x7fcf4410a580
2024-05-09T00:36:09.221 INFO:teuthology.orchestra.run.smithi005.stdout:/usr/bin/ceph: stderr
2024-05-09T00:36:08.112+0000 7fcf4955e700 1 -- 172.21.15.5:0/3520172456 >> [v2:172.21.15.5:3300/0,v1:172.21.15.5:6789/0] conn(0x7fcf4410a580 msgr2=0x7fcf4410c9a0 secure :-1 s=STATE_CONNECTION_ESTABLISHED l=1).mark_down
2024-05-09T00:36:09.221 INFO:teuthology.orchestra.run.smithi005.stdout:/usr/bin/ceph: stderr
2024-05-09T00:36:08.112+0000 7fcf4955e700 1 --2- 172.21.15.5:0/3520172456 >> [v2:172.21.15.5:3300/0,v1:172.21.15.5:6789/0] conn(0x7fcf4410a580 0x7fcf4410c9a0 secure :-1 s=READY pgs=49 cs=0 l=1 rev1=1 crypto rx=0x7fcf340098a0 tx=0x7fcf34009bb0 comp rx=0 tx=0).stop
2024-05-09T00:36:09.221 INFO:teuthology.orchestra.run.smithi005.stdout:/usr/bin/ceph: stderr
2024-05-09T00:36:08.113+0000 7fcf4955e700 1 -- 172.21.15.5:0/3520172456 shutdown_connections
2024-05-09T00:36:09.221 INFO:teuthology.orchestra.run.smithi005.stdout:/usr/bin/ceph: stderr
2024-05-09T00:36:08.113+0000 7fcf4955e700 1 --2- 172.21.15.5:0/3520172456 >> [v2:172.21.15.5:3300/0,v1:172.21.15.5:6789/0] conn(0x7fcf4410a580 0x7fcf4410c9a0 unknown :-1 s=CLOSED pgs=49 cs=0 l=1 rev1=1 crypto rx=0 tx=0 comp rx=0 tx=0).stop
2024-05-09T00:36:09.221 INFO:teuthology.orchestra.run.smithi005.stdout:/usr/bin/ceph: stderr
2024-05-09T00:36:08.113+0000 7fcf4955e700 1 -- 172.21.15.5:0/3520172456 >> 172.21.15.5:0/3520172456 conn(0x7fcf44104000 msgr2=0x7fcf44106450 unknown :-1 s=STATE_NONE l=0).mark_down
2024-05-09T00:36:09.221 INFO:teuthology.orchestra.run.smithi005.stdout:/usr/bin/ceph: stderr
2024-05-09T00:36:08.113+0000 7fcf4955e700 1 -- 172.21.15.5:0/3520172456 shutdown_connections
2024-05-09T00:36:09.221 INFO:teuthology.orchestra.run.smithi005.stdout:/usr/bin/ceph: stderr
2024-05-09T00:36:08.113+0000 7fcf4955e700 1 -- 172.21.15.5:0/3520172456 wait complete.
2024-05-09T00:36:09.221 INFO:teuthology.orchestra.run.smithi005.stdout:/usr/bin/ceph: stderr
2024-05-09T00:36:08.113+0000 7fcf4955e700 1 Processor -- start
2024-05-09T00:36:09.221 INFO:teuthology.orchestra.run.smithi005.stdout:/usr/bin/ceph: stderr
2024-05-09T00:36:08.114+0000 7fcf4955e700 1 -- start start
2024-05-09T00:36:09.221 INFO:teuthology.orchestra.run.smithi005.stdout:/usr/bin/ceph: stderr
2024-05-09T00:36:08.114+0000 7fcf4955e700 1 --2- >> [v2:172.21.15.5:3300/0,v1:172.21.15.5:6789/0] conn(0x7fcf4410a580 0x7fcf44109d00 unknown :-1 s=NONE pgs=0 cs=0 l=1 rev1=0 crypto rx=0 tx=0 comp rx=0 tx=0).connect
2024-05-09T00:36:09.221 INFO:teuthology.orchestra.run.smithi005.stdout:/usr/bin/ceph: stderr
2024-05-09T00:36:08.114+0000 7fcf4955e700 1 -- --> [v2:172.21.15.5:3300/0,v1:172.21.15.5:6789/0] -- mon_getmap magic: 0 -- 0x7fcf4410de40 con 0x7fcf4410a580
2024-05-09T00:36:09.221 INFO:teuthology.orchestra.run.smithi005.stdout:/usr/bin/ceph: stderr
2024-05-09T00:36:08.114+0000 7fcf42ffd700 1 --2- >> [v2:172.21.15.5:3300/0,v1:172.21.15.5:6789/0] conn(0x7fcf4410a580 0x7fcf44109d00 unknown :-1 s=BANNER_CONNECTING pgs=0 cs=0 l=1 rev1=0 crypto rx=0 tx=0 comp rx=0 tx=0)._handle_peer_banner_payload supported=3 required=0
2024-05-09T00:36:09.222 INFO:teuthology.orchestra.run.smithi005.stdout:/usr/bin/ceph: stderr
2024-05-09T00:36:08.114+0000 7fcf42ffd700 1 --2- >> [v2:172.21.15.5:3300/0,v1:172.21.15.5:6789/0] conn(0x7fcf4410a580 0x7fcf44109d00 unknown :-1 s=HELLO_CONNECTING pgs=0 cs=0 l=1 rev1=1 crypto rx=0 tx=0 comp rx=0 tx=0).handle_hello peer v2:172.21.15.5:3300/0 says I am v2:172.21.15.5:58108/0 (socket says 172.21.15.5:58108)
2024-05-09T00:36:09.222 INFO:teuthology.orchestra.run.smithi005.stdout:/usr/bin/ceph: stderr
2024-05-09T00:36:08.114+0000 7fcf42ffd700 1 -- 172.21.15.5:0/3239960496 learned_addr learned my addr 172.21.15.5:0/3239960496 (peer_addr_for_me v2:172.21.15.5:0/0)
2024-05-09T00:36:09.222 INFO:teuthology.orchestra.run.smithi005.stdout:/usr/bin/ceph: stderr
2024-05-09T00:36:08.114+0000 7fcf42ffd700 1 -- 172.21.15.5:0/3239960496 --> [v2:172.21.15.5:3300/0,v1:172.21.15.5:6789/0] -- mon_subscribe({config=0+,monmap=0+}) -- 0x7fcf4410a240 con 0x7fcf4410a580
2024-05-09T00:36:09.222 INFO:teuthology.orchestra.run.smithi005.stdout:/usr/bin/ceph: stderr
2024-05-09T00:36:08.114+0000 7fcf42ffd700 1 --2- 172.21.15.5:0/3239960496 >> [v2:172.21.15.5:3300/0,v1:172.21.15.5:6789/0] conn(0x7fcf4410a580 0x7fcf44109d00 secure :-1 s=READY pgs=50 cs=0 l=1 rev1=1 crypto rx=0x7fcf340117b0 tx=0x7fcf34011b70 comp rx=0 tx=0).ready entity=mon.0 client_cookie=0 server_cookie=0 in_seq=0 out_seq=0
2024-05-09T00:36:09.222 INFO:teuthology.orchestra.run.smithi005.stdout:/usr/bin/ceph: stderr
2024-05-09T00:36:08.115+0000 7fcf2bfff700 1 -- 172.21.15.5:0/3239960496 <== mon.0 v2:172.21.15.5:3300/0 1 ==== mon_map magic: 0 ==== 205+0+0 (secure 0 0 0) 0x7fcf340039c0 con 0x7fcf4410a580
2024-05-09T00:36:09.222 INFO:teuthology.orchestra.run.smithi005.stdout:/usr/bin/ceph: stderr
2024-05-09T00:36:08.115+0000 7fcf2bfff700 1 -- 172.21.15.5:0/3239960496 <== mon.0 v2:172.21.15.5:3300/0 2 ==== config(26 keys) ==== 1070+0+0 (secure 0 0 0) 0x7fcf34003b60 con 0x7fcf4410a580
2024-05-09T00:36:09.222 INFO:teuthology.orchestra.run.smithi005.stdout:/usr/bin/ceph: stderr
2024-05-09T00:36:08.115+0000 7fcf2bfff700 1 -- 172.21.15.5:0/3239960496 <== mon.0 v2:172.21.15.5:3300/0 3 ==== mon_map magic: 0 ==== 205+0+0 (secure 0 0 0) 0x7fcf340196a0 con 0x7fcf4410a580
2024-05-09T00:36:09.222 INFO:teuthology.orchestra.run.smithi005.stdout:/usr/bin/ceph: stderr
2024-05-09T00:36:08.115+0000 7fcf4955e700 1 -- 172.21.15.5:0/3239960496 --> [v2:172.21.15.5:3300/0,v1:172.21.15.5:6789/0] -- mon_subscribe({mgrmap=0+}) -- 0x7fcf44108490 con 0x7fcf4410a580
2024-05-09T00:36:09.222 INFO:teuthology.orchestra.run.smithi005.stdout:/usr/bin/ceph: stderr
2024-05-09T00:36:08.115+0000 7fcf4955e700 1 -- 172.21.15.5:0/3239960496 --> [v2:172.21.15.5:3300/0,v1:172.21.15.5:6789/0] -- mon_subscribe({osdmap=0}) -- 0x7fcf44108970 con 0x7fcf4410a580
2024-05-09T00:36:09.222 INFO:teuthology.orchestra.run.smithi005.stdout:/usr/bin/ceph: stderr
2024-05-09T00:36:08.116+0000 7fcf4955e700 1 -- 172.21.15.5:0/3239960496 --> [v2:172.21.15.5:3300/0,v1:172.21.15.5:6789/0] -- mon_command({"prefix": "get_command_descriptions"} v 0) -- 0x7fcf44064e20 con 0x7fcf4410a580
2024-05-09T00:36:09.222 INFO:teuthology.orchestra.run.smithi005.stdout:/usr/bin/ceph: stderr
2024-05-09T00:36:08.116+0000 7fcf2bfff700 1 -- 172.21.15.5:0/3239960496 <== mon.0 v2:172.21.15.5:3300/0 4 ==== mgrmap(e 8) ==== 50222+0+0 (secure 0 0 0) 0x7fcf34019840 con 0x7fcf4410a580
2024-05-09T00:36:09.222 INFO:teuthology.orchestra.run.smithi005.stdout:/usr/bin/ceph: stderr
2024-05-09T00:36:08.116+0000 7fcf2bfff700 1 --2- 172.21.15.5:0/3239960496 >> [v2:172.21.15.5:6800/287842266,v1:172.21.15.5:6801/287842266] conn(0x7fcf2c03e4c0 0x7fcf2c0409d0 unknown :-1 s=NONE pgs=0 cs=0 l=1 rev1=0 crypto rx=0 tx=0 comp rx=0 tx=0).connect
2024-05-09T00:36:09.222 INFO:teuthology.orchestra.run.smithi005.stdout:/usr/bin/ceph: stderr
2024-05-09T00:36:08.116+0000 7fcf2bfff700 1 -- 172.21.15.5:0/3239960496 <== mon.0 v2:172.21.15.5:3300/0 5 ==== osd_map(2..2 src has 1..2) ==== 940+0+0 (secure 0 0 0) 0x7fcf34053b70 con 0x7fcf4410a580
2024-05-09T00:36:09.223 INFO:teuthology.orchestra.run.smithi005.stdout:/usr/bin/ceph: stderr
2024-05-09T00:36:08.116+0000 7fcf427fc700 1 --2- 172.21.15.5:0/3239960496 >> [v2:172.21.15.5:6800/287842266,v1:172.21.15.5:6801/287842266] conn(0x7fcf2c03e4c0 0x7fcf2c0409d0 unknown :-1 s=BANNER_CONNECTING pgs=0 cs=0 l=1 rev1=0 crypto rx=0 tx=0 comp rx=0 tx=0)._handle_peer_banner_payload supported=3 required=0
2024-05-09T00:36:09.223 INFO:teuthology.orchestra.run.smithi005.stdout:/usr/bin/ceph: stderr
2024-05-09T00:36:08.117+0000 7fcf427fc700 1 --2- 172.21.15.5:0/3239960496 >> [v2:172.21.15.5:6800/287842266,v1:172.21.15.5:6801/287842266] conn(0x7fcf2c03e4c0 0x7fcf2c0409d0 secure :-1 s=READY pgs=13 cs=0 l=1 rev1=1 crypto rx=0x7fcf38006fd0 tx=0x7fcf38006e40 comp rx=0 tx=0).ready entity=mgr.14120 client_cookie=0 server_cookie=0 in_seq=0 out_seq=0
2024-05-09T00:36:09.223 INFO:teuthology.orchestra.run.smithi005.stdout:/usr/bin/ceph: stderr
2024-05-09T00:36:08.121+0000 7fcf2bfff700 1 -- 172.21.15.5:0/3239960496 <== mon.0 v2:172.21.15.5:3300/0 6 ==== mon_command_ack([{"prefix": "get_command_descriptions"}]=0 v0) ==== 72+0+191963 (secure 0 0 0) 0x7fcf34017e90 con 0x7fcf4410a580
2024-05-09T00:36:09.223 INFO:teuthology.orchestra.run.smithi005.stdout:/usr/bin/ceph: stderr
2024-05-09T00:36:08.358+0000 7fcf4955e700 1 -- 172.21.15.5:0/3239960496 --> [v2:172.21.15.5:6800/287842266,v1:172.21.15.5:6801/287842266] -- mgr_command(tid 0: {"prefix": "orch apply", "service_type": "mgr", "unmanaged": true, "target": ["mon-mgr", ""]}) -- 0x7fcf44109110 con 0x7fcf2c03e4c0
2024-05-09T00:36:09.223 INFO:teuthology.orchestra.run.smithi005.stdout:/usr/bin/ceph: stderr
2024-05-09T00:36:08.362+0000 7fcf2bfff700 1 -- 172.21.15.5:0/3239960496 <== mgr.14120 v2:172.21.15.5:6800/287842266 1 ==== mgr_command_reply(tid 0: 0 ) ==== 8+0+24 (secure 0 0 0) 0x7fcf44109110 con 0x7fcf2c03e4c0
2024-05-09T00:36:09.223 INFO:teuthology.orchestra.run.smithi005.stdout:/usr/bin/ceph: stderr
2024-05-09T00:36:08.365+0000 7fcf4955e700 1 -- 172.21.15.5:0/3239960496 >> [v2:172.21.15.5:6800/287842266,v1:172.21.15.5:6801/287842266] conn(0x7fcf2c03e4c0 msgr2=0x7fcf2c0409d0 secure :-1 s=STATE_CONNECTION_ESTABLISHED l=1).mark_down
2024-05-09T00:36:09.223 INFO:teuthology.orchestra.run.smithi005.stdout:/usr/bin/ceph: stderr
2024-05-09T00:36:08.365+0000 7fcf4955e700 1 --2- 172.21.15.5:0/3239960496 >> [v2:172.21.15.5:6800/287842266,v1:172.21.15.5:6801/287842266] conn(0x7fcf2c03e4c0 0x7fcf2c0409d0 secure :-1 s=READY pgs=13 cs=0 l=1 rev1=1 crypto rx=0x7fcf38006fd0 tx=0x7fcf38006e40 comp rx=0 tx=0).stop
2024-05-09T00:36:09.223 INFO:teuthology.orchestra.run.smithi005.stdout:/usr/bin/ceph: stderr
2024-05-09T00:36:08.365+0000 7fcf4955e700 1 -- 172.21.15.5:0/3239960496 >> [v2:172.21.15.5:3300/0,v1:172.21.15.5:6789/0] conn(0x7fcf4410a580 msgr2=0x7fcf44109d00 secure :-1 s=STATE_CONNECTION_ESTABLISHED l=1).mark_down
2024-05-09T00:36:09.223 INFO:teuthology.orchestra.run.smithi005.stdout:/usr/bin/ceph: stderr
2024-05-09T00:36:08.365+0000 7fcf4955e700 1 --2- 172.21.15.5:0/3239960496 >> [v2:172.21.15.5:3300/0,v1:172.21.15.5:6789/0] conn(0x7fcf4410a580 0x7fcf44109d00 secure :-1 s=READY pgs=50 cs=0 l=1 rev1=1 crypto rx=0x7fcf340117b0 tx=0x7fcf34011b70 comp rx=0 tx=0).stop
2024-05-09T00:36:09.223 INFO:teuthology.orchestra.run.smithi005.stdout:/usr/bin/ceph: stderr
2024-05-09T00:36:08.365+0000 7fcf4955e700 1 -- 172.21.15.5:0/3239960496 shutdown_connections
2024-05-09T00:36:09.223 INFO:teuthology.orchestra.run.smithi005.stdout:/usr/bin/ceph: stderr
2024-05-09T00:36:08.365+0000 7fcf4955e700 1 --2- 172.21.15.5:0/3239960496 >> [v2:172.21.15.5:6800/287842266,v1:172.21.15.5:6801/287842266] conn(0x7fcf2c03e4c0 0x7fcf2c0409d0 unknown :-1 s=CLOSED pgs=13 cs=0 l=1 rev1=1 crypto rx=0 tx=0 comp rx=0 tx=0).stop
2024-05-09T00:36:09.223 INFO:teuthology.orchestra.run.smithi005.stdout:/usr/bin/ceph: stderr
2024-05-09T00:36:08.365+0000 7fcf4955e700 1 --2- 172.21.15.5:0/3239960496 >> [v2:172.21.15.5:3300/0,v1:172.21.15.5:6789/0] conn(0x7fcf4410a580 0x7fcf44109d00 unknown :-1 s=CLOSED pgs=50 cs=0 l=1 rev1=1 crypto rx=0 tx=0 comp rx=0 tx=0).stop
2024-05-09T00:36:09.224 INFO:teuthology.orchestra.run.smithi005.stdout:/usr/bin/ceph: stderr
2024-05-09T00:36:08.365+0000 7fcf4955e700 1 -- 172.21.15.5:0/3239960496 >> 172.21.15.5:0/3239960496 conn(0x7fcf44104000 msgr2=0x7fcf441059d0 unknown :-1 s=STATE_NONE l=0).mark_down
2024-05-09T00:36:09.224 INFO:teuthology.orchestra.run.smithi005.stdout:/usr/bin/ceph: stderr
2024-05-09T00:36:08.365+0000 7fcf4955e700 1 -- 172.21.15.5:0/3239960496 shutdown_connections
2024-05-09T00:36:09.224 INFO:teuthology.orchestra.run.smithi005.stdout:/usr/bin/ceph: stderr
2024-05-09T00:36:08.365+0000 7fcf4955e700 1 -- 172.21.15.5:0/3239960496 wait complete.
2024-05-09T00:36:09.464 INFO:journalctl@ceph.mon.a.smithi005.stdout:May 09 00:36:09 smithi005 ceph-mon[30365]: from='client.14144 -' entity='client.admin' cmd=[{"prefix": "orch apply", "service_type": "mgr", "unmanaged": true, "target": ["mon-mgr", ""]}]: dispatch
2024-05-09T00:36:09.464 INFO:journalctl@ceph.mon.a.smithi005.stdout:May 09 00:36:09 smithi005 ceph-mon[30365]: Saving service mgr spec with placement count:2
2024-05-09T00:36:09.464 INFO:journalctl@ceph.mon.a.smithi005.stdout:May 09 00:36:09 smithi005 ceph-mon[30365]: from='mgr.14120 172.21.15.5:0/1775107462' entity='mgr.x'
2024-05-09T00:36:09.464 INFO:journalctl@ceph.mon.a.smithi005.stdout:May 09 00:36:09 smithi005 ceph-mon[30365]: from='mgr.14120 172.21.15.5:0/1775107462' entity='mgr.x'
2024-05-09T00:36:09.464 INFO:journalctl@ceph.mon.a.smithi005.stdout:May 09 00:36:09 smithi005 ceph-mon[30365]: from='mgr.14120 172.21.15.5:0/1775107462' entity='mgr.x'
2024-05-09T00:36:11.123 INFO:teuthology.orchestra.run.smithi005.stdout:/usr/bin/ceph: stderr
2024-05-09T00:36:09.676+0000 7f1d4d434700 1 Processor -- start
2024-05-09T00:36:11.124 INFO:teuthology.orchestra.run.smithi005.stdout:/usr/bin/ceph: stderr
2024-05-09T00:36:09.677+0000 7f1d4d434700 1 -- start start
2024-05-09T00:36:11.124 INFO:teuthology.orchestra.run.smithi005.stdout:/usr/bin/ceph: stderr
