2024-05-09T00:39:39.651+0000 7ff00affd700 1 -- 172.21.15.19:0/770069585 <== mon.0 v2:172.21.15.19:3300/0 2 ==== config(28 keys) ==== 1170+0+0 (secure 0 0 0) 0x7feffc004300 con 0x7ff00c07cc60
2024-05-09T00:39:40.601 INFO:teuthology.orchestra.run.smithi019.stdout:/usr/bin/ceph: stderr
2024-05-09T00:39:39.651+0000 7ff00affd700 1 -- 172.21.15.19:0/770069585 <== mon.0 v2:172.21.15.19:3300/0 3 ==== mon_map magic: 0 ==== 205+0+0 (secure 0 0 0) 0x7feffc011c20 con 0x7ff00c07cc60
2024-05-09T00:39:40.601 INFO:teuthology.orchestra.run.smithi019.stdout:/usr/bin/ceph: stderr
2024-05-09T00:39:39.652+0000 7ff0126d6700 1 -- 172.21.15.19:0/770069585 >> [v2:172.21.15.19:3300/0,v1:172.21.15.19:6789/0] conn(0x7ff00c07cc60 msgr2=0x7ff00c10cb60 secure :-1 s=STATE_CONNECTION_ESTABLISHED l=1).mark_down
2024-05-09T00:39:40.601 INFO:teuthology.orchestra.run.smithi019.stdout:/usr/bin/ceph: stderr
2024-05-09T00:39:39.652+0000 7ff0126d6700 1 --2- 172.21.15.19:0/770069585 >> [v2:172.21.15.19:3300/0,v1:172.21.15.19:6789/0] conn(0x7ff00c07cc60 0x7ff00c10cb60 secure :-1 s=READY pgs=59 cs=0 l=1 rev1=1 crypto rx=0x7feffc0098a0 tx=0x7feffc009bb0 comp rx=0 tx=0).stop
2024-05-09T00:39:40.601 INFO:teuthology.orchestra.run.smithi019.stdout:/usr/bin/ceph: stderr
2024-05-09T00:39:39.652+0000 7ff0126d6700 1 -- 172.21.15.19:0/770069585 shutdown_connections
2024-05-09T00:39:40.601 INFO:teuthology.orchestra.run.smithi019.stdout:/usr/bin/ceph: stderr
2024-05-09T00:39:39.652+0000 7ff0126d6700 1 --2- 172.21.15.19:0/770069585 >> [v2:172.21.15.19:3300/0,v1:172.21.15.19:6789/0] conn(0x7ff00c07cc60 0x7ff00c10cb60 unknown :-1 s=CLOSED pgs=59 cs=0 l=1 rev1=1 crypto rx=0 tx=0 comp rx=0 tx=0).stop
2024-05-09T00:39:40.601 INFO:teuthology.orchestra.run.smithi019.stdout:/usr/bin/ceph: stderr
2024-05-09T00:39:39.652+0000 7ff0126d6700 1 -- 172.21.15.19:0/770069585 >> 172.21.15.19:0/770069585 conn(0x7ff00c1045f0 msgr2=0x7ff00c106a40 unknown :-1 s=STATE_NONE l=0).mark_down
2024-05-09T00:39:40.601 INFO:teuthology.orchestra.run.smithi019.stdout:/usr/bin/ceph: stderr
2024-05-09T00:39:39.652+0000 7ff0126d6700 1 -- 172.21.15.19:0/770069585 shutdown_connections
2024-05-09T00:39:40.601 INFO:teuthology.orchestra.run.smithi019.stdout:/usr/bin/ceph: stderr
2024-05-09T00:39:39.652+0000 7ff0126d6700 1 -- 172.21.15.19:0/770069585 wait complete.
2024-05-09T00:39:40.602 INFO:teuthology.orchestra.run.smithi019.stdout:/usr/bin/ceph: stderr
2024-05-09T00:39:39.652+0000 7ff0126d6700 1 Processor -- start
2024-05-09T00:39:40.602 INFO:teuthology.orchestra.run.smithi019.stdout:/usr/bin/ceph: stderr
2024-05-09T00:39:39.653+0000 7ff0126d6700 1 -- start start
2024-05-09T00:39:40.602 INFO:teuthology.orchestra.run.smithi019.stdout:/usr/bin/ceph: stderr
2024-05-09T00:39:39.653+0000 7ff0126d6700 1 --2- >> [v2:172.21.15.19:3300/0,v1:172.21.15.19:6789/0] conn(0x7ff00c07cc60 0x7ff00c19e470 unknown :-1 s=NONE pgs=0 cs=0 l=1 rev1=0 crypto rx=0 tx=0 comp rx=0 tx=0).connect
2024-05-09T00:39:40.602 INFO:teuthology.orchestra.run.smithi019.stdout:/usr/bin/ceph: stderr
2024-05-09T00:39:39.653+0000 7ff0126d6700 1 -- --> [v2:172.21.15.19:3300/0,v1:172.21.15.19:6789/0] -- mon_getmap magic: 0 -- 0x7ff00c10e430 con 0x7ff00c07cc60
2024-05-09T00:39:40.602 INFO:teuthology.orchestra.run.smithi019.stdout:/usr/bin/ceph: stderr
2024-05-09T00:39:39.653+0000 7ff00bfff700 1 --2- >> [v2:172.21.15.19:3300/0,v1:172.21.15.19:6789/0] conn(0x7ff00c07cc60 0x7ff00c19e470 unknown :-1 s=BANNER_CONNECTING pgs=0 cs=0 l=1 rev1=0 crypto rx=0 tx=0 comp rx=0 tx=0)._handle_peer_banner_payload supported=3 required=0
2024-05-09T00:39:40.602 INFO:teuthology.orchestra.run.smithi019.stdout:/usr/bin/ceph: stderr
2024-05-09T00:39:39.653+0000 7ff00bfff700 1 --2- >> [v2:172.21.15.19:3300/0,v1:172.21.15.19:6789/0] conn(0x7ff00c07cc60 0x7ff00c19e470 unknown :-1 s=HELLO_CONNECTING pgs=0 cs=0 l=1 rev1=1 crypto rx=0 tx=0 comp rx=0 tx=0).handle_hello peer v2:172.21.15.19:3300/0 says I am v2:172.21.15.19:48144/0 (socket says 172.21.15.19:48144)
2024-05-09T00:39:40.602 INFO:teuthology.orchestra.run.smithi019.stdout:/usr/bin/ceph: stderr
2024-05-09T00:39:39.653+0000 7ff00bfff700 1 -- 172.21.15.19:0/3621119066 learned_addr learned my addr 172.21.15.19:0/3621119066 (peer_addr_for_me v2:172.21.15.19:0/0)
2024-05-09T00:39:40.602 INFO:teuthology.orchestra.run.smithi019.stdout:/usr/bin/ceph: stderr
2024-05-09T00:39:39.653+0000 7ff00bfff700 1 -- 172.21.15.19:0/3621119066 --> [v2:172.21.15.19:3300/0,v1:172.21.15.19:6789/0] -- mon_subscribe({config=0+,monmap=0+}) -- 0x7ff00c19e9b0 con 0x7ff00c07cc60
2024-05-09T00:39:40.602 INFO:teuthology.orchestra.run.smithi019.stdout:/usr/bin/ceph: stderr
2024-05-09T00:39:39.654+0000 7ff00bfff700 1 --2- 172.21.15.19:0/3621119066 >> [v2:172.21.15.19:3300/0,v1:172.21.15.19:6789/0] conn(0x7ff00c07cc60 0x7ff00c19e470 secure :-1 s=READY pgs=60 cs=0 l=1 rev1=1 crypto rx=0x7feffc009fb0 tx=0x7feffc004280 comp rx=0 tx=0).ready entity=mon.0 client_cookie=0 server_cookie=0 in_seq=0 out_seq=0
2024-05-09T00:39:40.602 INFO:teuthology.orchestra.run.smithi019.stdout:/usr/bin/ceph: stderr
2024-05-09T00:39:39.654+0000 7ff0097fa700 1 -- 172.21.15.19:0/3621119066 <== mon.0 v2:172.21.15.19:3300/0 1 ==== mon_map magic: 0 ==== 205+0+0 (secure 0 0 0) 0x7feffc0036a0 con 0x7ff00c07cc60
2024-05-09T00:39:40.602 INFO:teuthology.orchestra.run.smithi019.stdout:/usr/bin/ceph: stderr
2024-05-09T00:39:39.654+0000 7ff0126d6700 1 -- 172.21.15.19:0/3621119066 --> [v2:172.21.15.19:3300/0,v1:172.21.15.19:6789/0] -- mon_subscribe({mgrmap=0+}) -- 0x7ff00c19ec40 con 0x7ff00c07cc60
2024-05-09T00:39:40.602 INFO:teuthology.orchestra.run.smithi019.stdout:/usr/bin/ceph: stderr
2024-05-09T00:39:39.654+0000 7ff0097fa700 1 -- 172.21.15.19:0/3621119066 <== mon.0 v2:172.21.15.19:3300/0 2 ==== config(28 keys) ==== 1170+0+0 (secure 0 0 0) 0x7feffc003d40 con 0x7ff00c07cc60
2024-05-09T00:39:40.602 INFO:teuthology.orchestra.run.smithi019.stdout:/usr/bin/ceph: stderr
2024-05-09T00:39:39.654+0000 7ff0097fa700 1 -- 172.21.15.19:0/3621119066 <== mon.0 v2:172.21.15.19:3300/0 3 ==== mon_map magic: 0 ==== 205+0+0 (secure 0 0 0) 0x7feffc0193c0 con 0x7ff00c07cc60
2024-05-09T00:39:40.603 INFO:teuthology.orchestra.run.smithi019.stdout:/usr/bin/ceph: stderr
2024-05-09T00:39:39.654+0000 7ff0126d6700 1 -- 172.21.15.19:0/3621119066 --> [v2:172.21.15.19:3300/0,v1:172.21.15.19:6789/0] -- mon_subscribe({osdmap=0}) -- 0x7ff00c1a1850 con 0x7ff00c07cc60
2024-05-09T00:39:40.603 INFO:teuthology.orchestra.run.smithi019.stdout:/usr/bin/ceph: stderr
2024-05-09T00:39:39.655+0000 7ff0126d6700 1 -- 172.21.15.19:0/3621119066 --> [v2:172.21.15.19:3300/0,v1:172.21.15.19:6789/0] -- mon_command({"prefix": "get_command_descriptions"} v 0) -- 0x7ff00c064e20 con 0x7ff00c07cc60
2024-05-09T00:39:40.603 INFO:teuthology.orchestra.run.smithi019.stdout:/usr/bin/ceph: stderr
2024-05-09T00:39:39.655+0000 7ff0097fa700 1 -- 172.21.15.19:0/3621119066 <== mon.0 v2:172.21.15.19:3300/0 4 ==== mgrmap(e 9) ==== 50235+0+0 (secure 0 0 0) 0x7feffc019670 con 0x7ff00c07cc60
2024-05-09T00:39:40.603 INFO:teuthology.orchestra.run.smithi019.stdout:/usr/bin/ceph: stderr
2024-05-09T00:39:39.655+0000 7ff0097fa700 1 --2- 172.21.15.19:0/3621119066 >> [v2:172.21.15.19:6800/1654780460,v1:172.21.15.19:6801/1654780460] conn(0x7feff403e4d0 0x7feff40409e0 unknown :-1 s=NONE pgs=0 cs=0 l=1 rev1=0 crypto rx=0 tx=0 comp rx=0 tx=0).connect
2024-05-09T00:39:40.603 INFO:teuthology.orchestra.run.smithi019.stdout:/usr/bin/ceph: stderr
2024-05-09T00:39:39.655+0000 7ff00b7fe700 1 -- 172.21.15.19:0/3621119066 >> [v2:172.21.15.19:6800/1654780460,v1:172.21.15.19:6801/1654780460] conn(0x7feff403e4d0 msgr2=0x7feff40409e0 unknown :-1 s=STATE_CONNECTING_RE l=1).process reconnect failed to v2:172.21.15.19:6800/1654780460
2024-05-09T00:39:40.603 INFO:teuthology.orchestra.run.smithi019.stdout:/usr/bin/ceph: stderr
2024-05-09T00:39:39.656+0000 7ff0097fa700 1 -- 172.21.15.19:0/3621119066 <== mon.0 v2:172.21.15.19:3300/0 5 ==== osd_map(2..2 src has 1..2) ==== 940+0+0 (secure 0 0 0) 0x7feffc053890 con 0x7ff00c07cc60
2024-05-09T00:39:40.603 INFO:teuthology.orchestra.run.smithi019.stdout:/usr/bin/ceph: stderr
2024-05-09T00:39:39.656+0000 7ff00b7fe700 1 --2- 172.21.15.19:0/3621119066 >> [v2:172.21.15.19:6800/1654780460,v1:172.21.15.19:6801/1654780460] conn(0x7feff403e4d0 0x7feff40409e0 unknown :-1 s=START_CONNECT pgs=0 cs=0 l=1 rev1=0 crypto rx=0 tx=0 comp rx=0 tx=0)._fault waiting 0.200000
2024-05-09T00:39:40.603 INFO:teuthology.orchestra.run.smithi019.stdout:/usr/bin/ceph: stderr
2024-05-09T00:39:39.661+0000 7ff0097fa700 1 -- 172.21.15.19:0/3621119066 <== mon.0 v2:172.21.15.19:3300/0 6 ==== mon_command_ack([{"prefix": "get_command_descriptions"}]=0 v0) ==== 72+0+191963 (secure 0 0 0) 0x7feffc00fda0 con 0x7ff00c07cc60
2024-05-09T00:39:40.603 INFO:teuthology.orchestra.run.smithi019.stdout:/usr/bin/ceph: stderr
2024-05-09T00:39:39.857+0000 7ff00b7fe700 1 -- 172.21.15.19:0/3621119066 >> [v2:172.21.15.19:6800/1654780460,v1:172.21.15.19:6801/1654780460] conn(0x7feff403e4d0 msgr2=0x7feff40409e0 unknown :-1 s=STATE_CONNECTING_RE l=1).process reconnect failed to v2:172.21.15.19:6800/1654780460
2024-05-09T00:39:40.603 INFO:teuthology.orchestra.run.smithi019.stdout:/usr/bin/ceph: stderr
2024-05-09T00:39:39.857+0000 7ff00b7fe700 1 --2- 172.21.15.19:0/3621119066 >> [v2:172.21.15.19:6800/1654780460,v1:172.21.15.19:6801/1654780460] conn(0x7feff403e4d0 0x7feff40409e0 unknown :-1 s=START_CONNECT pgs=0 cs=0 l=1 rev1=0 crypto rx=0 tx=0 comp rx=0 tx=0)._fault waiting 0.400000
2024-05-09T00:39:40.603 INFO:teuthology.orchestra.run.smithi019.stdout:/usr/bin/ceph: stderr
2024-05-09T00:39:39.937+0000 7ff0126d6700 1 -- 172.21.15.19:0/3621119066 --> [v2:172.21.15.19:3300/0,v1:172.21.15.19:6789/0] -- mon_command({"prefix": "mgr stat"} v 0) -- 0x7ff00c1a1a20 con 0x7ff00c07cc60
2024-05-09T00:39:40.603 INFO:teuthology.orchestra.run.smithi019.stdout:/usr/bin/ceph: stderr
2024-05-09T00:39:39.937+0000 7ff0097fa700 1 -- 172.21.15.19:0/3621119066 <== mon.0 v2:172.21.15.19:3300/0 7 ==== mon_command_ack([{"prefix": "mgr stat"}]=0 v9) ==== 56+0+88 (secure 0 0 0) 0x7feffc01a430 con 0x7ff00c07cc60
2024-05-09T00:39:40.603 INFO:teuthology.orchestra.run.smithi019.stdout:/usr/bin/ceph: stderr
2024-05-09T00:39:39.940+0000 7ff0126d6700 1 -- 172.21.15.19:0/3621119066 >> [v2:172.21.15.19:6800/1654780460,v1:172.21.15.19:6801/1654780460] conn(0x7feff403e4d0 msgr2=0x7feff40409e0 unknown :-1 s=STATE_CONNECTING l=1).mark_down
2024-05-09T00:39:40.603 INFO:teuthology.orchestra.run.smithi019.stdout:/usr/bin/ceph: stderr
2024-05-09T00:39:39.940+0000 7ff0126d6700 1 --2- 172.21.15.19:0/3621119066 >> [v2:172.21.15.19:6800/1654780460,v1:172.21.15.19:6801/1654780460] conn(0x7feff403e4d0 0x7feff40409e0 unknown :-1 s=START_CONNECT pgs=0 cs=0 l=1 rev1=0 crypto rx=0 tx=0 comp rx=0 tx=0).stop
2024-05-09T00:39:40.604 INFO:teuthology.orchestra.run.smithi019.stdout:/usr/bin/ceph: stderr
2024-05-09T00:39:39.940+0000 7ff0126d6700 1 -- 172.21.15.19:0/3621119066 >> [v2:172.21.15.19:3300/0,v1:172.21.15.19:6789/0] conn(0x7ff00c07cc60 msgr2=0x7ff00c19e470 secure :-1 s=STATE_CONNECTION_ESTABLISHED l=1).mark_down
2024-05-09T00:39:40.604 INFO:teuthology.orchestra.run.smithi019.stdout:/usr/bin/ceph: stderr
2024-05-09T00:39:39.940+0000 7ff0126d6700 1 --2- 172.21.15.19:0/3621119066 >> [v2:172.21.15.19:3300/0,v1:172.21.15.19:6789/0] conn(0x7ff00c07cc60 0x7ff00c19e470 secure :-1 s=READY pgs=60 cs=0 l=1 rev1=1 crypto rx=0x7feffc009fb0 tx=0x7feffc004280 comp rx=0 tx=0).stop
2024-05-09T00:39:40.604 INFO:teuthology.orchestra.run.smithi019.stdout:/usr/bin/ceph: stderr
2024-05-09T00:39:39.940+0000 7ff0126d6700 1 -- 172.21.15.19:0/3621119066 shutdown_connections
2024-05-09T00:39:40.604 INFO:teuthology.orchestra.run.smithi019.stdout:/usr/bin/ceph: stderr
2024-05-09T00:39:39.940+0000 7ff0126d6700 1 --2- 172.21.15.19:0/3621119066 >> [v2:172.21.15.19:6800/1654780460,v1:172.21.15.19:6801/1654780460] conn(0x7feff403e4d0 0x7feff40409e0 unknown :-1 s=CLOSED pgs=0 cs=0 l=1 rev1=0 crypto rx=0 tx=0 comp rx=0 tx=0).stop
2024-05-09T00:39:40.604 INFO:teuthology.orchestra.run.smithi019.stdout:/usr/bin/ceph: stderr
2024-05-09T00:39:39.940+0000 7ff0126d6700 1 --2- 172.21.15.19:0/3621119066 >> [v2:172.21.15.19:3300/0,v1:172.21.15.19:6789/0] conn(0x7ff00c07cc60 0x7ff00c19e470 unknown :-1 s=CLOSED pgs=60 cs=0 l=1 rev1=1 crypto rx=0 tx=0 comp rx=0 tx=0).stop
2024-05-09T00:39:40.604 INFO:teuthology.orchestra.run.smithi019.stdout:/usr/bin/ceph: stderr
2024-05-09T00:39:39.940+0000 7ff0126d6700 1 -- 172.21.15.19:0/3621119066 >> 172.21.15.19:0/3621119066 conn(0x7ff00c1045f0 msgr2=0x7ff00c105fc0 unknown :-1 s=STATE_NONE l=0).mark_down
2024-05-09T00:39:40.604 INFO:teuthology.orchestra.run.smithi019.stdout:/usr/bin/ceph: stderr
2024-05-09T00:39:39.940+0000 7ff0126d6700 1 -- 172.21.15.19:0/3621119066 shutdown_connections
2024-05-09T00:39:40.604 INFO:teuthology.orchestra.run.smithi019.stdout:/usr/bin/ceph: stderr
2024-05-09T00:39:39.940+0000 7ff0126d6700 1 -- 172.21.15.19:0/3621119066 wait complete.
2024-05-09T00:39:40.604 INFO:teuthology.orchestra.run.smithi019.stdout:Waiting for the mgr to restart...
2024-05-09T00:39:40.604 INFO:teuthology.orchestra.run.smithi019.stdout:Waiting for mgr epoch 9...
2024-05-09T00:39:40.927 INFO:journalctl@ceph.mgr.x.smithi019.stdout:May 09 00:39:40 smithi019 ceph-56dfc1ae-0d9c-11ef-bc97-c7b262605968-mgr-x[30374]:
2024-05-09T00:39:40.828+0000 7f0d5c751200 -1 mgr[py] Module telegraf has missing NOTIFY_TYPES member
2024-05-09T00:39:41.201 INFO:journalctl@ceph.mgr.x.smithi019.stdout:May 09 00:39:41 smithi019 ceph-56dfc1ae-0d9c-11ef-bc97-c7b262605968-mgr-x[30374]:
2024-05-09T00:39:41.018+0000 7f0d5c751200 -1 mgr[py] Module osd_support has missing NOTIFY_TYPES member
2024-05-09T00:39:41.201 INFO:journalctl@ceph.mgr.x.smithi019.stdout:May 09 00:39:41 smithi019 ceph-56dfc1ae-0d9c-11ef-bc97-c7b262605968-mgr-x[30374]:
2024-05-09T00:39:41.199+0000 7f0d5c751200 -1 mgr[py] Module iostat has missing NOTIFY_TYPES member
2024-05-09T00:39:41.821 INFO:journalctl@ceph.mgr.x.smithi019.stdout:May 09 00:39:41 smithi019 ceph-56dfc1ae-0d9c-11ef-bc97-c7b262605968-mgr-x[30374]:
2024-05-09T00:39:41.507+0000 7f0d5c751200 -1 mgr[py] Module alerts has missing NOTIFY_TYPES member
2024-05-09T00:39:41.821 INFO:journalctl@ceph.mgr.x.smithi019.stdout:May 09 00:39:41 smithi019 ceph-56dfc1ae-0d9c-11ef-bc97-c7b262605968-mgr-x[30374]:
2024-05-09T00:39:41.606+0000 7f0d5c751200 -1 mgr[py] Module selftest has missing NOTIFY_TYPES member
2024-05-09T00:39:41.821 INFO:journalctl@ceph.mgr.x.smithi019.stdout:May 09 00:39:41 smithi019 ceph-56dfc1ae-0d9c-11ef-bc97-c7b262605968-mgr-x[30374]:
2024-05-09T00:39:41.819+0000 7f0d5c751200 -1 mgr[py] Module pg_autoscaler has missing NOTIFY_TYPES member
2024-05-09T00:39:42.226 INFO:journalctl@ceph.mgr.x.smithi019.stdout:May 09 00:39:42 smithi019 ceph-56dfc1ae-0d9c-11ef-bc97-c7b262605968-mgr-x[30374]:
2024-05-09T00:39:42.024+0000 7f0d5c751200 -1 mgr[py] Module test_orchestrator has missing NOTIFY_TYPES member
2024-05-09T00:39:42.726 INFO:journalctl@ceph.mgr.x.smithi019.stdout:May 09 00:39:42 smithi019 ceph-56dfc1ae-0d9c-11ef-bc97-c7b262605968-mgr-x[30374]:
2024-05-09T00:39:42.661+0000 7f0d5c751200 -1 mgr[py] Module rook has missing NOTIFY_TYPES member
2024-05-09T00:39:43.227 INFO:journalctl@ceph.mgr.x.smithi019.stdout:May 09 00:39:42 smithi019 ceph-56dfc1ae-0d9c-11ef-bc97-c7b262605968-mgr-x[30374]:
2024-05-09T00:39:42.898+0000 7f0d5c751200 -1 mgr[py] Module smb has missing NOTIFY_TYPES member
2024-05-09T00:39:43.726 INFO:journalctl@ceph.mgr.x.smithi019.stdout:May 09 00:39:43 smithi019 ceph-56dfc1ae-0d9c-11ef-bc97-c7b262605968-mgr-x[30374]:
2024-05-09T00:39:43.351+0000 7f0d5c751200 -1 mgr[py] Module volumes has missing NOTIFY_TYPES member
2024-05-09T00:39:43.727 INFO:journalctl@ceph.mgr.x.smithi019.stdout:May 09 00:39:43 smithi019 ceph-56dfc1ae-0d9c-11ef-bc97-c7b262605968-mgr-x[30374]:
2024-05-09T00:39:43.454+0000 7f0d5c751200 -1 mgr[py] Module crash has missing NOTIFY_TYPES member
2024-05-09T00:39:44.226 INFO:journalctl@ceph.mgr.x.smithi019.stdout:May 09 00:39:43 smithi019 ceph-56dfc1ae-0d9c-11ef-bc97-c7b262605968-mgr-x[30374]:
2024-05-09T00:39:43.844+0000 7f0d5c751200 -1 mgr[py] Module rgw has missing NOTIFY_TYPES member
2024-05-09T00:39:44.227 INFO:journalctl@ceph.mgr.x.smithi019.stdout:May 09 00:39:44 smithi019 ceph-56dfc1ae-0d9c-11ef-bc97-c7b262605968-mgr-x[30374]:
2024-05-09T00:39:44.224+0000 7f0d5c751200 -1 mgr[py] Module prometheus has missing NOTIFY_TYPES member
2024-05-09T00:39:44.513 INFO:journalctl@ceph.mgr.x.smithi019.stdout:May 09 00:39:44 smithi019 ceph-56dfc1ae-0d9c-11ef-bc97-c7b262605968-mgr-x[30374]:
2024-05-09T00:39:44.330+0000 7f0d5c751200 -1 mgr[py] Module devicehealth has missing NOTIFY_TYPES member
2024-05-09T00:39:44.858 INFO:journalctl@ceph.mgr.x.smithi019.stdout:May 09 00:39:44 smithi019 ceph-56dfc1ae-0d9c-11ef-bc97-c7b262605968-mgr-x[30374]:
2024-05-09T00:39:44.599+0000 7f0d5c751200 -1 mgr[py] Module telemetry has missing NOTIFY_TYPES member
2024-05-09T00:39:44.858 INFO:journalctl@ceph.mgr.x.smithi019.stdout:May 09 00:39:44 smithi019 ceph-56dfc1ae-0d9c-11ef-bc97-c7b262605968-mgr-x[30374]:
2024-05-09T00:39:44.750+0000 7f0d5c751200 -1 mgr[py] Module diskprediction_local has missing NOTIFY_TYPES member
2024-05-09T00:39:45.210 INFO:journalctl@ceph.mgr.x.smithi019.stdout:May 09 00:39:44 smithi019 ceph-56dfc1ae-0d9c-11ef-bc97-c7b262605968-mgr-x[30374]:
2024-05-09T00:39:44.856+0000 7f0d5c751200 -1 mgr[py] Module osd_perf_query has missing NOTIFY_TYPES member
2024-05-09T00:39:45.211 INFO:journalctl@ceph.mgr.x.smithi019.stdout:May 09 00:39:45 smithi019 ceph-56dfc1ae-0d9c-11ef-bc97-c7b262605968-mgr-x[30374]:
2024-05-09T00:39:45.208+0000 7f0d5c751200 -1 mgr[py] Module rbd_support has missing NOTIFY_TYPES member
2024-05-09T00:39:45.476 INFO:journalctl@ceph.mgr.x.smithi019.stdout:May 09 00:39:45 smithi019 ceph-56dfc1ae-0d9c-11ef-bc97-c7b262605968-mgr-x[30374]:
2024-05-09T00:39:45.310+0000 7f0d5c751200 -1 mgr[py] Module zabbix has missing NOTIFY_TYPES member
2024-05-09T00:39:46.226 INFO:journalctl@ceph.mgr.x.smithi019.stdout:May 09 00:39:45 smithi019 ceph-56dfc1ae-0d9c-11ef-bc97-c7b262605968-mgr-x[30374]:
2024-05-09T00:39:45.956+0000 7f0d5c751200 -1 mgr[py] Module status has missing NOTIFY_TYPES member
2024-05-09T00:39:46.227 INFO:journalctl@ceph.mgr.x.smithi019.stdout:May 09 00:39:46 smithi019 ceph-56dfc1ae-0d9c-11ef-bc97-c7b262605968-mgr-x[30374]:
2024-05-09T00:39:46.188+0000 7f0d5c751200 -1 mgr[py] Module nfs has missing NOTIFY_TYPES member
2024-05-09T00:39:46.727 INFO:journalctl@ceph.mon.a.smithi019.stdout:May 09 00:39:46 smithi019 ceph-mon[30141]: Active manager daemon x restarted
2024-05-09T00:39:46.727 INFO:journalctl@ceph.mon.a.smithi019.stdout:May 09 00:39:46 smithi019 ceph-mon[30141]: Activating manager daemon x
2024-05-09T00:39:46.727 INFO:journalctl@ceph.mon.a.smithi019.stdout:May 09 00:39:46 smithi019 ceph-mon[30141]: osdmap e3: 0 total, 0 up, 0 in
2024-05-09T00:39:46.727 INFO:journalctl@ceph.mon.a.smithi019.stdout:May 09 00:39:46 smithi019 ceph-mon[30141]: mgrmap e10: x(active, starting, since 0.00454083s)
2024-05-09T00:39:46.727 INFO:journalctl@ceph.mon.a.smithi019.stdout:May 09 00:39:46 smithi019 ceph-mon[30141]: from='mgr.14152 172.21.15.19:0/11243760' entity='mgr.x' cmd=[{"prefix": "mon metadata", "id": "a"}]: dispatch
2024-05-09T00:39:46.727 INFO:journalctl@ceph.mon.a.smithi019.stdout:May 09 00:39:46 smithi019 ceph-mon[30141]: from='mgr.14152 172.21.15.19:0/11243760' entity='mgr.x' cmd=[{"prefix": "mgr metadata", "who": "x", "id": "x"}]: dispatch
2024-05-09T00:39:46.727 INFO:journalctl@ceph.mon.a.smithi019.stdout:May 09 00:39:46 smithi019 ceph-mon[30141]: from='mgr.14152 172.21.15.19:0/11243760' entity='mgr.x' cmd=[{"prefix": "mds metadata"}]: dispatch
2024-05-09T00:39:46.727 INFO:journalctl@ceph.mon.a.smithi019.stdout:May 09 00:39:46 smithi019 ceph-mon[30141]: from='mgr.14152 172.21.15.19:0/11243760' entity='mgr.x' cmd=[{"prefix": "osd metadata"}]: dispatch
2024-05-09T00:39:46.727 INFO:journalctl@ceph.mon.a.smithi019.stdout:May 09 00:39:46 smithi019 ceph-mon[30141]: from='mgr.14152 172.21.15.19:0/11243760' entity='mgr.x' cmd=[{"prefix": "mon metadata"}]: dispatch
2024-05-09T00:39:46.727 INFO:journalctl@ceph.mon.a.smithi019.stdout:May 09 00:39:46 smithi019 ceph-mon[30141]: Manager daemon x is now available
2024-05-09T00:39:46.728 INFO:journalctl@ceph.mon.a.smithi019.stdout:May 09 00:39:46 smithi019 ceph-mon[30141]: from='mgr.14152 172.21.15.19:0/11243760' entity='mgr.x' cmd=[{"prefix": "config dump", "format": "json"}]: dispatch
2024-05-09T00:39:47.476 INFO:journalctl@ceph.mon.a.smithi019.stdout:May 09 00:39:47 smithi019 ceph-mon[30141]: from='mgr.14152 172.21.15.19:0/11243760' entity='mgr.x' cmd=[{"prefix":"config rm","who":"mgr","name":"mgr/rbd_support/x/mirror_snapshot_schedule"}]: dispatch
2024-05-09T00:39:47.477 INFO:journalctl@ceph.mon.a.smithi019.stdout:May 09 00:39:47 smithi019 ceph-mon[30141]: from='mgr.14152 172.21.15.19:0/11243760' entity='mgr.x' cmd=[{"prefix":"config rm","who":"mgr","name":"mgr/rbd_support/x/trash_purge_schedule"}]: dispatch
2024-05-09T00:39:47.477 INFO:journalctl@ceph.mon.a.smithi019.stdout:May 09 00:39:47 smithi019 ceph-mon[30141]: mgrmap e11: x(active, since 1.00725s)
2024-05-09T00:39:48.078 INFO:teuthology.orchestra.run.smithi019.stdout:/usr/bin/ceph: stdout {
2024-05-09T00:39:48.079 INFO:teuthology.orchestra.run.smithi019.stdout:/usr/bin/ceph: stdout "mgrmap_epoch": 11,
2024-05-09T00:39:48.079 INFO:teuthology.orchestra.run.smithi019.stdout:/usr/bin/ceph: stdout "initialized": true
2024-05-09T00:39:48.079 INFO:teuthology.orchestra.run.smithi019.stdout:/usr/bin/ceph: stdout }
2024-05-09T00:39:48.079 INFO:teuthology.orchestra.run.smithi019.stdout:/usr/bin/ceph: stderr
2024-05-09T00:39:41.040+0000 7f8893dc9700 1 Processor -- start
2024-05-09T00:39:48.079 INFO:teuthology.orchestra.run.smithi019.stdout:/usr/bin/ceph: stderr
2024-05-09T00:39:41.041+0000 7f8893dc9700 1 -- start start
2024-05-09T00:39:48.079 INFO:teuthology.orchestra.run.smithi019.stdout:/usr/bin/ceph: stderr
2024-05-09T00:39:41.041+0000 7f8893dc9700 1 --2- >> [v2:172.21.15.19:3300/0,v1:172.21.15.19:6789/0] conn(0x7f888c07cc40 0x7f888c10cb60 unknown :-1 s=NONE pgs=0 cs=0 l=0 rev1=0 crypto rx=0 tx=0 comp rx=0 tx=0).connect
2024-05-09T00:39:48.079 INFO:teuthology.orchestra.run.smithi019.stdout:/usr/bin/ceph: stderr
2024-05-09T00:39:41.041+0000 7f8893dc9700 1 -- --> [v2:172.21.15.19:3300/0,v1:172.21.15.19:6789/0] -- mon_getmap magic: 0 -- 0x7f888c10d130 con 0x7f888c07cc40
2024-05-09T00:39:48.079 INFO:teuthology.orchestra.run.smithi019.stdout:/usr/bin/ceph: stderr
2024-05-09T00:39:41.041+0000 7f8891b65700 1 --2- >> [v2:172.21.15.19:3300/0,v1:172.21.15.19:6789/0] conn(0x7f888c07cc40 0x7f888c10cb60 unknown :-1 s=BANNER_CONNECTING pgs=0 cs=0 l=0 rev1=0 crypto rx=0 tx=0 comp rx=0 tx=0)._handle_peer_banner_payload supported=3 required=0
2024-05-09T00:39:48.079 INFO:teuthology.orchestra.run.smithi019.stdout:/usr/bin/ceph: stderr
2024-05-09T00:39:41.041+0000 7f8891b65700 1 --2- >> [v2:172.21.15.19:3300/0,v1:172.21.15.19:6789/0] conn(0x7f888c07cc40 0x7f888c10cb60 unknown :-1 s=HELLO_CONNECTING pgs=0 cs=0 l=0 rev1=1 crypto rx=0 tx=0 comp rx=0 tx=0).handle_hello peer v2:172.21.15.19:3300/0 says I am v2:172.21.15.19:48152/0 (socket says 172.21.15.19:48152)
2024-05-09T00:39:48.079 INFO:teuthology.orchestra.run.smithi019.stdout:/usr/bin/ceph: stderr
2024-05-09T00:39:41.041+0000 7f8891b65700 1 -- 172.21.15.19:0/1373413986 learned_addr learned my addr 172.21.15.19:0/1373413986 (peer_addr_for_me v2:172.21.15.19:0/0)
2024-05-09T00:39:48.079 INFO:teuthology.orchestra.run.smithi019.stdout:/usr/bin/ceph: stderr
2024-05-09T00:39:41.042+0000 7f8891b65700 1 -- 172.21.15.19:0/1373413986 --> [v2:172.21.15.19:3300/0,v1:172.21.15.19:6789/0] -- mon_subscribe({config=0+,monmap=0+}) -- 0x7f888c10d2b0 con 0x7f888c07cc40
2024-05-09T00:39:48.079 INFO:teuthology.orchestra.run.smithi019.stdout:/usr/bin/ceph: stderr
2024-05-09T00:39:41.042+0000 7f8891b65700 1 --2- 172.21.15.19:0/1373413986 >> [v2:172.21.15.19:3300/0,v1:172.21.15.19:6789/0] conn(0x7f888c07cc40 0x7f888c10cb60 secure :-1 s=READY pgs=61 cs=0 l=1 rev1=1 crypto rx=0x7f88880098a0 tx=0x7f8888009bb0 comp rx=0 tx=0).ready entity=mon.0 client_cookie=442da16d0eccbd0a server_cookie=0 in_seq=0 out_seq=0
2024-05-09T00:39:48.080 INFO:teuthology.orchestra.run.smithi019.stdout:/usr/bin/ceph: stderr
2024-05-09T00:39:41.042+0000 7f8890b63700 1 -- 172.21.15.19:0/1373413986 <== mon.0 v2:172.21.15.19:3300/0 1 ==== mon_map magic: 0 ==== 205+0+0 (secure 0 0 0) 0x7f8888004160 con 0x7f888c07cc40
2024-05-09T00:39:48.080 INFO:teuthology.orchestra.run.smithi019.stdout:/usr/bin/ceph: stderr
2024-05-09T00:39:41.042+0000 7f8890b63700 1 -- 172.21.15.19:0/1373413986 <== mon.0 v2:172.21.15.19:3300/0 2 ==== config(28 keys) ==== 1170+0+0 (secure 0 0 0) 0x7f8888004300 con 0x7f888c07cc40
2024-05-09T00:39:48.080 INFO:teuthology.orchestra.run.smithi019.stdout:/usr/bin/ceph: stderr
2024-05-09T00:39:41.042+0000 7f8890b63700 1 -- 172.21.15.19:0/1373413986 <== mon.0 v2:172.21.15.19:3300/0 3 ==== mon_map magic: 0 ==== 205+0+0 (secure 0 0 0) 0x7f8888011c20 con 0x7f888c07cc40
2024-05-09T00:39:48.080 INFO:teuthology.orchestra.run.smithi019.stdout:/usr/bin/ceph: stderr
2024-05-09T00:39:41.043+0000 7f8893dc9700 1 -- 172.21.15.19:0/1373413986 >> [v2:172.21.15.19:3300/0,v1:172.21.15.19:6789/0] conn(0x7f888c07cc40 msgr2=0x7f888c10cb60 secure :-1 s=STATE_CONNECTION_ESTABLISHED l=1).mark_down
2024-05-09T00:39:48.080 INFO:teuthology.orchestra.run.smithi019.stdout:/usr/bin/ceph: stderr
2024-05-09T00:39:41.043+0000 7f8893dc9700 1 --2- 172.21.15.19:0/1373413986 >> [v2:172.21.15.19:3300/0,v1:172.21.15.19:6789/0] conn(0x7f888c07cc40 0x7f888c10cb60 secure :-1 s=READY pgs=61 cs=0 l=1 rev1=1 crypto rx=0x7f88880098a0 tx=0x7f8888009bb0 comp rx=0 tx=0).stop
2024-05-09T00:39:48.080 INFO:teuthology.orchestra.run.smithi019.stdout:/usr/bin/ceph: stderr
2024-05-09T00:39:41.043+0000 7f8893dc9700 1 -- 172.21.15.19:0/1373413986 shutdown_connections
2024-05-09T00:39:48.080 INFO:teuthology.orchestra.run.smithi019.stdout:/usr/bin/ceph: stderr
2024-05-09T00:39:41.043+0000 7f8893dc9700 1 --2- 172.21.15.19:0/1373413986 >> [v2:172.21.15.19:3300/0,v1:172.21.15.19:6789/0] conn(0x7f888c07cc40 0x7f888c10cb60 unknown :-1 s=CLOSED pgs=61 cs=0 l=1 rev1=1 crypto rx=0 tx=0 comp rx=0 tx=0).stop
2024-05-09T00:39:48.080 INFO:teuthology.orchestra.run.smithi019.stdout:/usr/bin/ceph: stderr
2024-05-09T00:39:41.043+0000 7f8893dc9700 1 -- 172.21.15.19:0/1373413986 >> 172.21.15.19:0/1373413986 conn(0x7f888c104590 msgr2=0x7f888c1069e0 unknown :-1 s=STATE_NONE l=0).mark_down
2024-05-09T00:39:48.080 INFO:teuthology.orchestra.run.smithi019.stdout:/usr/bin/ceph: stderr
2024-05-09T00:39:41.043+0000 7f8893dc9700 1 -- 172.21.15.19:0/1373413986 shutdown_connections
2024-05-09T00:39:48.080 INFO:teuthology.orchestra.run.smithi019.stdout:/usr/bin/ceph: stderr
2024-05-09T00:39:41.043+0000 7f8893dc9700 1 -- 172.21.15.19:0/1373413986 wait complete.
2024-05-09T00:39:48.080 INFO:teuthology.orchestra.run.smithi019.stdout:/usr/bin/ceph: stderr
2024-05-09T00:39:41.044+0000 7f8893dc9700 1 Processor -- start
2024-05-09T00:39:48.080 INFO:teuthology.orchestra.run.smithi019.stdout:/usr/bin/ceph: stderr
2024-05-09T00:39:41.044+0000 7f8893dc9700 1 -- start start
2024-05-09T00:39:48.080 INFO:teuthology.orchestra.run.smithi019.stdout:/usr/bin/ceph: stderr
2024-05-09T00:39:41.044+0000 7f8893dc9700 1 --2- >> [v2:172.21.15.19:3300/0,v1:172.21.15.19:6789/0] conn(0x7f888c07cc40 0x7f888c19e440 unknown :-1 s=NONE pgs=0 cs=0 l=1 rev1=0 crypto rx=0 tx=0 comp rx=0 tx=0).connect
2024-05-09T00:39:48.081 INFO:teuthology.orchestra.run.smithi019.stdout:/usr/bin/ceph: stderr
2024-05-09T00:39:41.044+0000 7f8893dc9700 1 -- --> [v2:172.21.15.19:3300/0,v1:172.21.15.19:6789/0] -- mon_getmap magic: 0 -- 0x7f888c10e430 con 0x7f888c07cc40
2024-05-09T00:39:48.081 INFO:teuthology.orchestra.run.smithi019.stdout:/usr/bin/ceph: stderr
2024-05-09T00:39:41.044+0000 7f8891b65700 1 --2- >> [v2:172.21.15.19:3300/0,v1:172.21.15.19:6789/0] conn(0x7f888c07cc40 0x7f888c19e440 unknown :-1 s=BANNER_CONNECTING pgs=0 cs=0 l=1 rev1=0 crypto rx=0 tx=0 comp rx=0 tx=0)._handle_peer_banner_payload supported=3 required=0
2024-05-09T00:39:48.081 INFO:teuthology.orchestra.run.smithi019.stdout:/usr/bin/ceph: stderr
2024-05-09T00:39:41.044+0000 7f8891b65700 1 --2- >> [v2:172.21.15.19:3300/0,v1:172.21.15.19:6789/0] conn(0x7f888c07cc40 0x7f888c19e440 unknown :-1 s=HELLO_CONNECTING pgs=0 cs=0 l=1 rev1=1 crypto rx=0 tx=0 comp rx=0 tx=0).handle_hello peer v2:172.21.15.19:3300/0 says I am v2:172.21.15.19:48166/0 (socket says 172.21.15.19:48166)
2024-05-09T00:39:48.081 INFO:teuthology.orchestra.run.smithi019.stdout:/usr/bin/ceph: stderr
2024-05-09T00:39:41.044+0000 7f8891b65700 1 -- 172.21.15.19:0/3038871891 learned_addr learned my addr 172.21.15.19:0/3038871891 (peer_addr_for_me v2:172.21.15.19:0/0)
2024-05-09T00:39:48.081 INFO:teuthology.orchestra.run.smithi019.stdout:/usr/bin/ceph: stderr
2024-05-09T00:39:41.044+0000 7f8891b65700 1 -- 172.21.15.19:0/3038871891 --> [v2:172.21.15.19:3300/0,v1:172.21.15.19:6789/0] -- mon_subscribe({config=0+,monmap=0+}) -- 0x7f888c19e980 con 0x7f888c07cc40
2024-05-09T00:39:48.081 INFO:teuthology.orchestra.run.smithi019.stdout:/usr/bin/ceph: stderr
2024-05-09T00:39:41.045+0000 7f8891b65700 1 --2- 172.21.15.19:0/3038871891 >> [v2:172.21.15.19:3300/0,v1:172.21.15.19:6789/0] conn(0x7f888c07cc40 0x7f888c19e440 secure :-1 s=READY pgs=62 cs=0 l=1 rev1=1 crypto rx=0x7f8888009fb0 tx=0x7f8888011a70 comp rx=0 tx=0).ready entity=mon.0 client_cookie=0 server_cookie=0 in_seq=0 out_seq=0
2024-05-09T00:39:48.081 INFO:teuthology.orchestra.run.smithi019.stdout:/usr/bin/ceph: stderr
2024-05-09T00:39:41.045+0000 7f8882ffd700 1 -- 172.21.15.19:0/3038871891 <== mon.0 v2:172.21.15.19:3300/0 1 ==== mon_map magic: 0 ==== 205+0+0 (secure 0 0 0) 0x7f88880036a0 con 0x7f888c07cc40
2024-05-09T00:39:48.081 INFO:teuthology.orchestra.run.smithi019.stdout:/usr/bin/ceph: stderr
2024-05-09T00:39:41.045+0000 7f8882ffd700 1 -- 172.21.15.19:0/3038871891 <== mon.0 v2:172.21.15.19:3300/0 2 ==== config(28 keys) ==== 1170+0+0 (secure 0 0 0) 0x7f8888003d40 con 0x7f888c07cc40
2024-05-09T00:39:48.081 INFO:teuthology.orchestra.run.smithi019.stdout:/usr/bin/ceph: stderr
2024-05-09T00:39:41.045+0000 7f8893dc9700 1 -- 172.21.15.19:0/3038871891 --> [v2:172.21.15.19:3300/0,v1:172.21.15.19:6789/0] -- mon_subscribe({mgrmap=0+}) -- 0x7f888c19ec10 con 0x7f888c07cc40
2024-05-09T00:39:48.081 INFO:teuthology.orchestra.run.smithi019.stdout:/usr/bin/ceph: stderr
2024-05-09T00:39:41.045+0000 7f8882ffd700 1 -- 172.21.15.19:0/3038871891 <== mon.0 v2:172.21.15.19:3300/0 3 ==== mon_map magic: 0 ==== 205+0+0 (secure 0 0 0) 0x7f888801a430 con 0x7f888c07cc40
2024-05-09T00:39:48.081 INFO:teuthology.orchestra.run.smithi019.stdout:/usr/bin/ceph: stderr
2024-05-09T00:39:41.045+0000 7f8893dc9700 1 -- 172.21.15.19:0/3038871891 --> [v2:172.21.15.19:3300/0,v1:172.21.15.19:6789/0] -- mon_subscribe({osdmap=0}) -- 0x7f888c1a1820 con 0x7f888c07cc40
2024-05-09T00:39:48.081 INFO:teuthology.orchestra.run.smithi019.stdout:/usr/bin/ceph: stderr
2024-05-09T00:39:41.046+0000 7f8882ffd700 1 -- 172.21.15.19:0/3038871891 <== mon.0 v2:172.21.15.19:3300/0 4 ==== mgrmap(e 9) ==== 50235+0+0 (secure 0 0 0) 0x7f888801a6e0 con 0x7f888c07cc40
2024-05-09T00:39:48.082 INFO:teuthology.orchestra.run.smithi019.stdout:/usr/bin/ceph: stderr
2024-05-09T00:39:41.047+0000 7f8882ffd700 1 --2- 172.21.15.19:0/3038871891 >> [v2:172.21.15.19:6800/1654780460,v1:172.21.15.19:6801/1654780460] conn(0x7f887803e4d0 0x7f88780409e0 unknown :-1 s=NONE pgs=0 cs=0 l=1 rev1=0 crypto rx=0 tx=0 comp rx=0 tx=0).connect
2024-05-09T00:39:48.082 INFO:teuthology.orchestra.run.smithi019.stdout:/usr/bin/ceph: stderr
2024-05-09T00:39:41.047+0000 7f8882ffd700 1 -- 172.21.15.19:0/3038871891 --> [v2:172.21.15.19:6800/1654780460,v1:172.21.15.19:6801/1654780460] -- command(tid 0: {"prefix": "get_command_descriptions"}) -- 0x7f88780410f0 con 0x7f887803e4d0
2024-05-09T00:39:48.082 INFO:teuthology.orchestra.run.smithi019.stdout:/usr/bin/ceph: stderr
2024-05-09T00:39:41.047+0000 7f8882ffd700 1 -- 172.21.15.19:0/3038871891 <== mon.0 v2:172.21.15.19:3300/0 5 ==== osd_map(2..2 src has 1..2) ==== 940+0+0 (secure 0 0 0) 0x7f8888053710 con 0x7f888c07cc40
2024-05-09T00:39:48.082 INFO:teuthology.orchestra.run.smithi019.stdout:/usr/bin/ceph: stderr
2024-05-09T00:39:41.047+0000 7f8891364700 1 -- 172.21.15.19:0/3038871891 >> [v2:172.21.15.19:6800/1654780460,v1:172.21.15.19:6801/1654780460] conn(0x7f887803e4d0 msgr2=0x7f88780409e0 unknown :-1 s=STATE_CONNECTING_RE l=1).process reconnect failed to v2:172.21.15.19:6800/1654780460
2024-05-09T00:39:48.082 INFO:teuthology.orchestra.run.smithi019.stdout:/usr/bin/ceph: stderr
2024-05-09T00:39:41.047+0000 7f8891364700 1 --2- 172.21.15.19:0/3038871891 >> [v2:172.21.15.19:6800/1654780460,v1:172.21.15.19:6801/1654780460] conn(0x7f887803e4d0 0x7f88780409e0 unknown :-1 s=START_CONNECT pgs=0 cs=0 l=1 rev1=0 crypto rx=0 tx=0 comp rx=0 tx=0)._fault waiting 0.200000
2024-05-09T00:39:48.082 INFO:teuthology.orchestra.run.smithi019.stdout:/usr/bin/ceph: stderr
2024-05-09T00:39:41.248+0000 7f8891364700 1 -- 172.21.15.19:0/3038871891 >> [v2:172.21.15.19:6800/1654780460,v1:172.21.15.19:6801/1654780460] conn(0x7f887803e4d0 msgr2=0x7f88780409e0 unknown :-1 s=STATE_CONNECTING_RE l=1).process reconnect failed to v2:172.21.15.19:6800/1654780460
2024-05-09T00:39:48.082 INFO:teuthology.orchestra.run.smithi019.stdout:/usr/bin/ceph: stderr
2024-05-09T00:39:41.248+0000 7f8891364700 1 --2- 172.21.15.19:0/3038871891 >> [v2:172.21.15.19:6800/1654780460,v1:172.21.15.19:6801/1654780460] conn(0x7f887803e4d0 0x7f88780409e0 unknown :-1 s=START_CONNECT pgs=0 cs=0 l=1 rev1=0 crypto rx=0 tx=0 comp rx=0 tx=0)._fault waiting 0.400000
2024-05-09T00:39:48.082 INFO:teuthology.orchestra.run.smithi019.stdout:/usr/bin/ceph: stderr
2024-05-09T00:39:41.649+0000 7f8891364700 1 -- 172.21.15.19:0/3038871891 >> [v2:172.21.15.19:6800/1654780460,v1:172.21.15.19:6801/1654780460] conn(0x7f887803e4d0 msgr2=0x7f88780409e0 unknown :-1 s=STATE_CONNECTING_RE l=1).process reconnect failed to v2:172.21.15.19:6800/1654780460
2024-05-09T00:39:48.082 INFO:teuthology.orchestra.run.smithi019.stdout:/usr/bin/ceph: stderr
2024-05-09T00:39:41.649+0000 7f8891364700 1 --2- 172.21.15.19:0/3038871891 >> [v2:172.21.15.19:6800/1654780460,v1:172.21.15.19:6801/1654780460] conn(0x7f887803e4d0 0x7f88780409e0 unknown :-1 s=START_CONNECT pgs=0 cs=0 l=1 rev1=0 crypto rx=0 tx=0 comp rx=0 tx=0)._fault waiting 0.800000
2024-05-09T00:39:48.082 INFO:teuthology.orchestra.run.smithi019.stdout:/usr/bin/ceph: stderr
2024-05-09T00:39:42.450+0000 7f8891364700 1 -- 172.21.15.19:0/3038871891 >> [v2:172.21.15.19:6800/1654780460,v1:172.21.15.19:6801/1654780460] conn(0x7f887803e4d0 msgr2=0x7f88780409e0 unknown :-1 s=STATE_CONNECTING_RE l=1).process reconnect failed to v2:172.21.15.19:6800/1654780460
2024-05-09T00:39:48.082 INFO:teuthology.orchestra.run.smithi019.stdout:/usr/bin/ceph: stderr
2024-05-09T00:39:42.450+0000 7f8891364700 1 --2- 172.21.15.19:0/3038871891 >> [v2:172.21.15.19:6800/1654780460,v1:172.21.15.19:6801/1654780460] conn(0x7f887803e4d0 0x7f88780409e0 unknown :-1 s=START_CONNECT pgs=0 cs=0 l=1 rev1=0 crypto rx=0 tx=0 comp rx=0 tx=0)._fault waiting 1.600000
2024-05-09T00:39:48.082 INFO:teuthology.orchestra.run.smithi019.stdout:/usr/bin/ceph: stderr
2024-05-09T00:39:44.051+0000 7f8891364700 1 -- 172.21.15.19:0/3038871891 >> [v2:172.21.15.19:6800/1654780460,v1:172.21.15.19:6801/1654780460] conn(0x7f887803e4d0 msgr2=0x7f88780409e0 unknown :-1 s=STATE_CONNECTING_RE l=1).process reconnect failed to v2:172.21.15.19:6800/1654780460
2024-05-09T00:39:48.083 INFO:teuthology.orchestra.run.smithi019.stdout:/usr/bin/ceph: stderr
2024-05-09T00:39:44.051+0000 7f8891364700 1 --2- 172.21.15.19:0/3038871891 >> [v2:172.21.15.19:6800/1654780460,v1:172.21.15.19:6801/1654780460] conn(0x7f887803e4d0 0x7f88780409e0 unknown :-1 s=START_CONNECT pgs=0 cs=0 l=1 rev1=0 crypto rx=0 tx=0 comp rx=0 tx=0)._fault waiting 3.200000
2024-05-09T00:39:48.083 INFO:teuthology.orchestra.run.smithi019.stdout:/usr/bin/ceph: stderr
2024-05-09T00:39:46.192+0000 7f8882ffd700 1 -- 172.21.15.19:0/3038871891 <== mon.0 v2:172.21.15.19:3300/0 6 ==== mgrmap(e 10) ==== 50002+0+0 (secure 0 0 0) 0x7f8888019cd0 con 0x7f888c07cc40
2024-05-09T00:39:48.083 INFO:teuthology.orchestra.run.smithi019.stdout:/usr/bin/ceph: stderr
2024-05-09T00:39:46.193+0000 7f8882ffd700 1 -- 172.21.15.19:0/3038871891 >> [v2:172.21.15.19:6800/1654780460,v1:172.21.15.19:6801/1654780460] conn(0x7f887803e4d0 msgr2=0x7f88780409e0 unknown :-1 s=STATE_CONNECTING l=1).mark_down
2024-05-09T00:39:48.083 INFO:teuthology.orchestra.run.smithi019.stdout:/usr/bin/ceph: stderr
2024-05-09T00:39:46.193+0000 7f8882ffd700 1 --2- 172.21.15.19:0/3038871891 >> [v2:172.21.15.19:6800/1654780460,v1:172.21.15.19:6801/1654780460] conn(0x7f887803e4d0 0x7f88780409e0 unknown :-1 s=START_CONNECT pgs=0 cs=0 l=1 rev1=0 crypto rx=0 tx=0 comp rx=0 tx=0).stop
2024-05-09T00:39:48.083 INFO:teuthology.orchestra.run.smithi019.stdout:/usr/bin/ceph: stderr
2024-05-09T00:39:47.194+0000 7f8882ffd700 1 -- 172.21.15.19:0/3038871891 <== mon.0 v2:172.21.15.19:3300/0 7 ==== mgrmap(e 11) ==== 50129+0+0 (secure 0 0 0) 0x7f8888018350 con 0x7f888c07cc40
2024-05-09T00:39:48.083 INFO:teuthology.orchestra.run.smithi019.stdout:/usr/bin/ceph: stderr
2024-05-09T00:39:47.194+0000 7f8882ffd700 1 --2- 172.21.15.19:0/3038871891 >> [v2:172.21.15.19:6800/2220252983,v1:172.21.15.19:6801/2220252983] conn(0x7f88880532a0 0x7f8878043fd0 unknown :-1 s=NONE pgs=0 cs=0 l=1 rev1=0 crypto rx=0 tx=0 comp rx=0 tx=0).connect
2024-05-09T00:39:48.083 INFO:teuthology.orchestra.run.smithi019.stdout:/usr/bin/ceph: stderr
2024-05-09T00:39:47.194+0000 7f8882ffd700 1 -- 172.21.15.19:0/3038871891 --> [v2:172.21.15.19:6800/2220252983,v1:172.21.15.19:6801/2220252983] -- command(tid 0: {"prefix": "get_command_descriptions"}) -- 0x7f8888020e50 con 0x7f88880532a0
2024-05-09T00:39:48.083 INFO:teuthology.orchestra.run.smithi019.stdout:/usr/bin/ceph: stderr
2024-05-09T00:39:47.195+0000 7f8891364700 1 --2- 172.21.15.19:0/3038871891 >> [v2:172.21.15.19:6800/2220252983,v1:172.21.15.19:6801/2220252983] conn(0x7f88880532a0 0x7f8878043fd0 unknown :-1 s=BANNER_CONNECTING pgs=0 cs=0 l=1 rev1=0 crypto rx=0 tx=0 comp rx=0 tx=0)._handle_peer_banner_payload supported=3 required=0
2024-05-09T00:39:48.083 INFO:teuthology.orchestra.run.smithi019.stdout:/usr/bin/ceph: stderr
2024-05-09T00:39:47.195+0000 7f8891364700 1 --2- 172.21.15.19:0/3038871891 >> [v2:172.21.15.19:6800/2220252983,v1:172.21.15.19:6801/2220252983] conn(0x7f88880532a0 0x7f8878043fd0 secure :-1 s=READY pgs=2 cs=0 l=1 rev1=1 crypto rx=0x7f887c003a10 tx=0x7f887c009270 comp rx=0 tx=0).ready entity=mgr.14152 client_cookie=0 server_cookie=0 in_seq=0 out_seq=0
2024-05-09T00:39:48.083 INFO:teuthology.orchestra.run.smithi019.stdout:/usr/bin/ceph: stderr
2024-05-09T00:39:47.196+0000 7f8882ffd700 1 -- 172.21.15.19:0/3038871891 <== mgr.14152 v2:172.21.15.19:6800/2220252983 1 ==== command_reply(tid 0: 0 ) ==== 8+0+9564 (secure 0 0 0) 0x7f8888020e50 con 0x7f88880532a0
2024-05-09T00:39:48.083 INFO:teuthology.orchestra.run.smithi019.stdout:/usr/bin/ceph: stderr
2024-05-09T00:39:47.205+0000 7f8893dc9700 1 -- 172.21.15.19:0/3038871891 --> [v2:172.21.15.19:6800/2220252983,v1:172.21.15.19:6801/2220252983] -- command(tid 1: {"prefix": "mgr_status"}) -- 0x7f888c064e20 con 0x7f88880532a0
2024-05-09T00:39:48.083 INFO:teuthology.orchestra.run.smithi019.stdout:/usr/bin/ceph: stderr
2024-05-09T00:39:47.206+0000 7f8882ffd700 1 -- 172.21.15.19:0/3038871891 <== mgr.14152 v2:172.21.15.19:6800/2220252983 2 ==== command_reply(tid 1: 0 ) ==== 8+0+52 (secure 0 0 0) 0x7f888c064e20 con 0x7f88880532a0
2024-05-09T00:39:48.083 INFO:teuthology.orchestra.run.smithi019.stdout:/usr/bin/ceph: stderr
2024-05-09T00:39:47.206+0000 7f8893dc9700 1 -- 172.21.15.19:0/3038871891 >> [v2:172.21.15.19:6800/2220252983,v1:172.21.15.19:6801/2220252983] conn(0x7f88880532a0 msgr2=0x7f8878043fd0 secure :-1 s=STATE_CONNECTION_ESTABLISHED l=1).mark_down
2024-05-09T00:39:48.084 INFO:teuthology.orchestra.run.smithi019.stdout:/usr/bin/ceph: stderr
2024-05-09T00:39:47.206+0000 7f8893dc9700 1 --2- 172.21.15.19:0/3038871891 >> [v2:172.21.15.19:6800/2220252983,v1:172.21.15.19:6801/2220252983] conn(0x7f88880532a0 0x7f8878043fd0 secure :-1 s=READY pgs=2 cs=0 l=1 rev1=1 crypto rx=0x7f887c003a10 tx=0x7f887c009270 comp rx=0 tx=0).stop
2024-05-09T00:39:48.084 INFO:teuthology.orchestra.run.smithi019.stdout:/usr/bin/ceph: stderr
2024-05-09T00:39:47.206+0000 7f8893dc9700 1 -- 172.21.15.19:0/3038871891 >> [v2:172.21.15.19:3300/0,v1:172.21.15.19:6789/0] conn(0x7f888c07cc40 msgr2=0x7f888c19e440 secure :-1 s=STATE_CONNECTION_ESTABLISHED l=1).mark_down
2024-05-09T00:39:48.084 INFO:teuthology.orchestra.run.smithi019.stdout:/usr/bin/ceph: stderr
2024-05-09T00:39:47.206+0000 7f8893dc9700 1 --2- 172.21.15.19:0/3038871891 >> [v2:172.21.15.19:3300/0,v1:172.21.15.19:6789/0] conn(0x7f888c07cc40 0x7f888c19e440 secure :-1 s=READY pgs=62 cs=0 l=1 rev1=1 crypto rx=0x7f8888009fb0 tx=0x7f8888011a70 comp rx=0 tx=0).stop
2024-05-09T00:39:48.084 INFO:teuthology.orchestra.run.smithi019.stdout:/usr/bin/ceph: stderr
2024-05-09T00:39:47.206+0000 7f8893dc9700 1 -- 172.21.15.19:0/3038871891 shutdown_connections
2024-05-09T00:39:48.084 INFO:teuthology.orchestra.run.smithi019.stdout:/usr/bin/ceph: stderr
2024-05-09T00:39:47.206+0000 7f8893dc9700 1 --2- 172.21.15.19:0/3038871891 >> [v2:172.21.15.19:6800/2220252983,v1:172.21.15.19:6801/2220252983] conn(0x7f88880532a0 0x7f8878043fd0 unknown :-1 s=CLOSED pgs=2 cs=0 l=1 rev1=1 crypto rx=0 tx=0 comp rx=0 tx=0).stop
2024-05-09T00:39:48.084 INFO:teuthology.orchestra.run.smithi019.stdout:/usr/bin/ceph: stderr
2024-05-09T00:39:47.206+0000 7f8893dc9700 1 --2- 172.21.15.19:0/3038871891 >> [v2:172.21.15.19:3300/0,v1:172.21.15.19:6789/0] conn(0x7f888c07cc40 0x7f888c19e440 unknown :-1 s=CLOSED pgs=62 cs=0 l=1 rev1=1 crypto rx=0 tx=0 comp rx=0 tx=0).stop
2024-05-09T00:39:48.084 INFO:teuthology.orchestra.run.smithi019.stdout:/usr/bin/ceph: stderr
2024-05-09T00:39:47.206+0000 7f8893dc9700 1 --2- 172.21.15.19:0/3038871891 >> [v2:172.21.15.19:6800/1654780460,v1:172.21.15.19:6801/1654780460] conn(0x7f887803e4d0 0x7f88780409e0 unknown :-1 s=CLOSED pgs=0 cs=0 l=1 rev1=0 crypto rx=0 tx=0 comp rx=0 tx=0).stop
2024-05-09T00:39:48.084 INFO:teuthology.orchestra.run.smithi019.stdout:/usr/bin/ceph: stderr
2024-05-09T00:39:47.206+0000 7f8893dc9700 1 -- 172.21.15.19:0/3038871891 >> 172.21.15.19:0/3038871891 conn(0x7f888c104590 msgr2=0x7f888c105fa0 unknown :-1 s=STATE_NONE l=0).mark_down
2024-05-09T00:39:48.084 INFO:teuthology.orchestra.run.smithi019.stdout:/usr/bin/ceph: stderr
2024-05-09T00:39:47.206+0000 7f8893dc9700 1 -- 172.21.15.19:0/3038871891 shutdown_connections
2024-05-09T00:39:48.084 INFO:teuthology.orchestra.run.smithi019.stdout:/usr/bin/ceph: stderr
2024-05-09T00:39:47.206+0000 7f8893dc9700 1 -- 172.21.15.19:0/3038871891 wait complete.
2024-05-09T00:39:48.084 INFO:teuthology.orchestra.run.smithi019.stdout:mgr epoch 9 is available
2024-05-09T00:39:48.084 INFO:teuthology.orchestra.run.smithi019.stdout:Generating a dashboard self-signed certificate...
2024-05-09T00:39:48.322 INFO:journalctl@ceph.mon.a.smithi019.stdout:May 09 00:39:48 smithi019 ceph-mon[30141]: [09/May/2024:00:39:47] ENGINE Bus STARTING
2024-05-09T00:39:48.322 INFO:journalctl@ceph.mon.a.smithi019.stdout:May 09 00:39:48 smithi019 ceph-mon[30141]: [09/May/2024:00:39:47] ENGINE Serving on http://172.21.15.19:8765
2024-05-09T00:39:48.322 INFO:journalctl@ceph.mon.a.smithi019.stdout:May 09 00:39:48 smithi019 ceph-mon[30141]: [09/May/2024:00:39:47] ENGINE Serving on https://172.21.15.19:7150
2024-05-09T00:39:48.322 INFO:journalctl@ceph.mon.a.smithi019.stdout:May 09 00:39:48 smithi019 ceph-mon[30141]: [09/May/2024:00:39:47] ENGINE Bus STARTED
2024-05-09T00:39:48.322 INFO:journalctl@ceph.mon.a.smithi019.stdout:May 09 00:39:48 smithi019 ceph-mon[30141]: from='mgr.14152 172.21.15.19:0/11243760' entity='mgr.x'
2024-05-09T00:39:49.449 INFO:teuthology.orchestra.run.smithi019.stdout:/usr/bin/ceph: stdout Self-signed certificate created
2024-05-09T00:39:49.450 INFO:teuthology.orchestra.run.smithi019.stdout:/usr/bin/ceph: stderr
2024-05-09T00:39:48.547+0000 7fe9d58ee700 1 Processor -- start
2024-05-09T00:39:49.450 INFO:teuthology.orchestra.run.smithi019.stdout:/usr/bin/ceph: stderr
2024-05-09T00:39:48.547+0000 7fe9d58ee700 1 -- start start
2024-05-09T00:39:49.450 INFO:teuthology.orchestra.run.smithi019.stdout:/usr/bin/ceph: stderr
2024-05-09T00:39:48.547+0000 7fe9d58ee700 1 --2- >> [v2:172.21.15.19:3300/0,v1:172.21.15.19:6789/0] conn(0x7fe9d007cc20 0x7fe9d010cba0 unknown :-1 s=NONE pgs=0 cs=0 l=0 rev1=0 crypto rx=0 tx=0 comp rx=0 tx=0).connect
2024-05-09T00:39:49.450 INFO:teuthology.orchestra.run.smithi019.stdout:/usr/bin/ceph: stderr
2024-05-09T00:39:48.547+0000 7fe9d58ee700 1 -- --> [v2:172.21.15.19:3300/0,v1:172.21.15.19:6789/0] -- mon_getmap magic: 0 -- 0x7fe9d010d170 con 0x7fe9d007cc20
2024-05-09T00:39:49.450 INFO:teuthology.orchestra.run.smithi019.stdout:/usr/bin/ceph: stderr
2024-05-09T00:39:48.548+0000 7fe9ceffd700 1 --2- >> [v2:172.21.15.19:3300/0,v1:172.21.15.19:6789/0] conn(0x7fe9d007cc20 0x7fe9d010cba0 unknown :-1 s=BANNER_CONNECTING pgs=0 cs=0 l=0 rev1=0 crypto rx=0 tx=0 comp rx=0 tx=0)._handle_peer_banner_payload supported=3 required=0
2024-05-09T00:39:49.450 INFO:teuthology.orchestra.run.smithi019.stdout:/usr/bin/ceph: stderr
2024-05-09T00:39:48.548+0000 7fe9ceffd700 1 --2- >> [v2:172.21.15.19:3300/0,v1:172.21.15.19:6789/0] conn(0x7fe9d007cc20 0x7fe9d010cba0 unknown :-1 s=HELLO_CONNECTING pgs=0 cs=0 l=0 rev1=1 crypto rx=0 tx=0 comp rx=0 tx=0).handle_hello peer v2:172.21.15.19:3300/0 says I am v2:172.21.15.19:56054/0 (socket says 172.21.15.19:56054)
2024-05-09T00:39:49.450 INFO:teuthology.orchestra.run.smithi019.stdout:/usr/bin/ceph: stderr
2024-05-09T00:39:48.548+0000 7fe9ceffd700 1 -- 172.21.15.19:0/929821025 learned_addr learned my addr 172.21.15.19:0/929821025 (peer_addr_for_me v2:172.21.15.19:0/0)
2024-05-09T00:39:49.450 INFO:teuthology.orchestra.run.smithi019.stdout:/usr/bin/ceph: stderr
2024-05-09T00:39:48.548+0000 7fe9ceffd700 1 -- 172.21.15.19:0/929821025 --> [v2:172.21.15.19:3300/0,v1:172.21.15.19:6789/0] -- mon_subscribe({config=0+,monmap=0+}) -- 0x7fe9d010d2f0 con 0x7fe9d007cc20
2024-05-09T00:39:49.450 INFO:teuthology.orchestra.run.smithi019.stdout:/usr/bin/ceph: stderr
2024-05-09T00:39:48.548+0000 7fe9ceffd700 1 --2- 172.21.15.19:0/929821025 >> [v2:172.21.15.19:3300/0,v1:172.21.15.19:6789/0] conn(0x7fe9d007cc20 0x7fe9d010cba0 secure :-1 s=READY pgs=70 cs=0 l=1 rev1=1 crypto rx=0x7fe9c00098a0 tx=0x7fe9c0009bb0 comp rx=0 tx=0).ready entity=mon.0 client_cookie=58dab35f990319d8 server_cookie=0 in_seq=0 out_seq=0
2024-05-09T00:39:49.450 INFO:teuthology.orchestra.run.smithi019.stdout:/usr/bin/ceph: stderr
2024-05-09T00:39:48.548+0000 7fe9cdffb700 1 -- 172.21.15.19:0/929821025 <== mon.0 v2:172.21.15.19:3300/0 1 ==== mon_map magic: 0 ==== 205+0+0 (secure 0 0 0) 0x7fe9c0004160 con 0x7fe9d007cc20
2024-05-09T00:39:49.450 INFO:teuthology.orchestra.run.smithi019.stdout:/usr/bin/ceph: stderr
2024-05-09T00:39:48.548+0000 7fe9cdffb700 1 -- 172.21.15.19:0/929821025 <== mon.0 v2:172.21.15.19:3300/0 2 ==== config(28 keys) ==== 1170+0+0 (secure 0 0 0) 0x7fe9c0004300 con 0x7fe9d007cc20
2024-05-09T00:39:49.451 INFO:teuthology.orchestra.run.smithi019.stdout:/usr/bin/ceph: stderr
2024-05-09T00:39:48.548+0000 7fe9cdffb700 1 -- 172.21.15.19:0/929821025 <== mon.0 v2:172.21.15.19:3300/0 3 ==== mon_map magic: 0 ==== 205+0+0 (secure 0 0 0) 0x7fe9c0011c20 con 0x7fe9d007cc20
2024-05-09T00:39:49.451 INFO:teuthology.orchestra.run.smithi019.stdout:/usr/bin/ceph: stderr
2024-05-09T00:39:48.549+0000 7fe9d58ee700 1 -- 172.21.15.19:0/929821025 >> [v2:172.21.15.19:3300/0,v1:172.21.15.19:6789/0] conn(0x7fe9d007cc20 msgr2=0x7fe9d010cba0 secure :-1 s=STATE_CONNECTION_ESTABLISHED l=1).mark_down
2024-05-09T00:39:49.451 INFO:teuthology.orchestra.run.smithi019.stdout:/usr/bin/ceph: stderr
2024-05-09T00:39:48.549+0000 7fe9d58ee700 1 --2- 172.21.15.19:0/929821025 >> [v2:172.21.15.19:3300/0,v1:172.21.15.19:6789/0] conn(0x7fe9d007cc20 0x7fe9d010cba0 secure :-1 s=READY pgs=70 cs=0 l=1 rev1=1 crypto rx=0x7fe9c00098a0 tx=0x7fe9c0009bb0 comp rx=0 tx=0).stop
2024-05-09T00:39:49.451 INFO:teuthology.orchestra.run.smithi019.stdout:/usr/bin/ceph: stderr
2024-05-09T00:39:48.549+0000 7fe9d58ee700 1 -- 172.21.15.19:0/929821025 shutdown_connections
2024-05-09T00:39:49.451 INFO:teuthology.orchestra.run.smithi019.stdout:/usr/bin/ceph: stderr
2024-05-09T00:39:48.549+0000 7fe9d58ee700 1 --2- 172.21.15.19:0/929821025 >> [v2:172.21.15.19:3300/0,v1:172.21.15.19:6789/0] conn(0x7fe9d007cc20 0x7fe9d010cba0 unknown :-1 s=CLOSED pgs=70 cs=0 l=1 rev1=1 crypto rx=0 tx=0 comp rx=0 tx=0).stop
2024-05-09T00:39:49.451 INFO:teuthology.orchestra.run.smithi019.stdout:/usr/bin/ceph: stderr
2024-05-09T00:39:48.549+0000 7fe9d58ee700 1 -- 172.21.15.19:0/929821025 >> 172.21.15.19:0/929821025 conn(0x7fe9d01045f0 msgr2=0x7fe9d0106a40 unknown :-1 s=STATE_NONE l=0).mark_down
2024-05-09T00:39:49.451 INFO:teuthology.orchestra.run.smithi019.stdout:/usr/bin/ceph: stderr
2024-05-09T00:39:48.549+0000 7fe9d58ee700 1 -- 172.21.15.19:0/929821025 shutdown_connections
2024-05-09T00:39:49.451 INFO:teuthology.orchestra.run.smithi019.stdout:/usr/bin/ceph: stderr
2024-05-09T00:39:48.549+0000 7fe9d58ee700 1 -- 172.21.15.19:0/929821025 wait complete.
2024-05-09T00:39:49.451 INFO:teuthology.orchestra.run.smithi019.stdout:/usr/bin/ceph: stderr
2024-05-09T00:39:48.550+0000 7fe9d58ee700 1 Processor -- start
2024-05-09T00:39:49.451 INFO:teuthology.orchestra.run.smithi019.stdout:/usr/bin/ceph: stderr
2024-05-09T00:39:48.550+0000 7fe9d58ee700 1 -- start start
2024-05-09T00:39:49.452 INFO:teuthology.orchestra.run.smithi019.stdout:/usr/bin/ceph: stderr
