2024-05-09T00:45:18.166+0000 7fde92ffd700 1 --2- 172.21.15.73:0/4061986078 >> [v2:172.21.15.73:3300/0,v1:172.21.15.73:6789/0] conn(0x7fde94107e60 0x7fde9407c1a0 secure :-1 s=READY pgs=48 cs=0 l=1 rev1=1 crypto rx=0x7fde84011980 tx=0x7fde84011a60 comp rx=0 tx=0).ready entity=mon.0 client_cookie=0 server_cookie=0 in_seq=0 out_seq=0
2024-05-09T00:45:19.006 INFO:teuthology.orchestra.run.smithi073.stdout:/usr/bin/ceph: stderr
2024-05-09T00:45:18.166+0000 7fde7bfff700 1 -- 172.21.15.73:0/4061986078 <== mon.0 v2:172.21.15.73:3300/0 1 ==== mon_map magic: 0 ==== 205+0+0 (secure 0 0 0) 0x7fde840039e0 con 0x7fde94107e60
2024-05-09T00:45:19.006 INFO:teuthology.orchestra.run.smithi073.stdout:/usr/bin/ceph: stderr
2024-05-09T00:45:18.167+0000 7fde99298700 1 -- 172.21.15.73:0/4061986078 --> [v2:172.21.15.73:3300/0,v1:172.21.15.73:6789/0] -- mon_subscribe({mgrmap=0+}) -- 0x7fde941a0070 con 0x7fde94107e60
2024-05-09T00:45:19.006 INFO:teuthology.orchestra.run.smithi073.stdout:/usr/bin/ceph: stderr
2024-05-09T00:45:18.167+0000 7fde7bfff700 1 -- 172.21.15.73:0/4061986078 <== mon.0 v2:172.21.15.73:3300/0 2 ==== config(25 keys) ==== 1063+0+0 (secure 0 0 0) 0x7fde8401b8d0 con 0x7fde94107e60
2024-05-09T00:45:19.006 INFO:teuthology.orchestra.run.smithi073.stdout:/usr/bin/ceph: stderr
2024-05-09T00:45:18.167+0000 7fde7bfff700 1 -- 172.21.15.73:0/4061986078 <== mon.0 v2:172.21.15.73:3300/0 3 ==== mon_map magic: 0 ==== 205+0+0 (secure 0 0 0) 0x7fde840236b0 con 0x7fde94107e60
2024-05-09T00:45:19.006 INFO:teuthology.orchestra.run.smithi073.stdout:/usr/bin/ceph: stderr
2024-05-09T00:45:18.167+0000 7fde99298700 1 -- 172.21.15.73:0/4061986078 --> [v2:172.21.15.73:3300/0,v1:172.21.15.73:6789/0] -- mon_subscribe({osdmap=0}) -- 0x7fde941a04f0 con 0x7fde94107e60
2024-05-09T00:45:19.006 INFO:teuthology.orchestra.run.smithi073.stdout:/usr/bin/ceph: stderr
2024-05-09T00:45:18.168+0000 7fde7bfff700 1 -- 172.21.15.73:0/4061986078 <== mon.0 v2:172.21.15.73:3300/0 4 ==== mgrmap(e 8) ==== 50222+0+0 (secure 0 0 0) 0x7fde840239b0 con 0x7fde94107e60
2024-05-09T00:45:19.006 INFO:teuthology.orchestra.run.smithi073.stdout:/usr/bin/ceph: stderr
2024-05-09T00:45:18.168+0000 7fde99298700 1 -- 172.21.15.73:0/4061986078 --> [v2:172.21.15.73:3300/0,v1:172.21.15.73:6789/0] -- mon_command({"prefix": "get_command_descriptions"} v 0) -- 0x7fde9410c5f0 con 0x7fde94107e60
2024-05-09T00:45:19.007 INFO:teuthology.orchestra.run.smithi073.stdout:/usr/bin/ceph: stderr
2024-05-09T00:45:18.168+0000 7fde7bfff700 1 --2- 172.21.15.73:0/4061986078 >> [v2:172.21.15.73:6800/1819673234,v1:172.21.15.73:6801/1819673234] conn(0x7fde7c03e420 0x7fde7c040930 unknown :-1 s=NONE pgs=0 cs=0 l=1 rev1=0 crypto rx=0 tx=0 comp rx=0 tx=0).connect
2024-05-09T00:45:19.007 INFO:teuthology.orchestra.run.smithi073.stdout:/usr/bin/ceph: stderr
2024-05-09T00:45:18.168+0000 7fde7bfff700 1 -- 172.21.15.73:0/4061986078 <== mon.0 v2:172.21.15.73:3300/0 5 ==== osd_map(2..2 src has 1..2) ==== 940+0+0 (secure 0 0 0) 0x7fde84053de0 con 0x7fde94107e60
2024-05-09T00:45:19.007 INFO:teuthology.orchestra.run.smithi073.stdout:/usr/bin/ceph: stderr
2024-05-09T00:45:18.168+0000 7fde927fc700 1 --2- 172.21.15.73:0/4061986078 >> [v2:172.21.15.73:6800/1819673234,v1:172.21.15.73:6801/1819673234] conn(0x7fde7c03e420 0x7fde7c040930 unknown :-1 s=BANNER_CONNECTING pgs=0 cs=0 l=1 rev1=0 crypto rx=0 tx=0 comp rx=0 tx=0)._handle_peer_banner_payload supported=3 required=0
2024-05-09T00:45:19.007 INFO:teuthology.orchestra.run.smithi073.stdout:/usr/bin/ceph: stderr
2024-05-09T00:45:18.169+0000 7fde927fc700 1 --2- 172.21.15.73:0/4061986078 >> [v2:172.21.15.73:6800/1819673234,v1:172.21.15.73:6801/1819673234] conn(0x7fde7c03e420 0x7fde7c040930 secure :-1 s=READY pgs=13 cs=0 l=1 rev1=1 crypto rx=0x7fde88006fd0 tx=0x7fde88006e40 comp rx=0 tx=0).ready entity=mgr.14118 client_cookie=0 server_cookie=0 in_seq=0 out_seq=0
2024-05-09T00:45:19.007 INFO:teuthology.orchestra.run.smithi073.stdout:/usr/bin/ceph: stderr
2024-05-09T00:45:18.174+0000 7fde7bfff700 1 -- 172.21.15.73:0/4061986078 <== mon.0 v2:172.21.15.73:3300/0 6 ==== mon_command_ack([{"prefix": "get_command_descriptions"}]=0 v0) ==== 72+0+191963 (secure 0 0 0) 0x7fde8401f030 con 0x7fde94107e60
2024-05-09T00:45:19.007 INFO:teuthology.orchestra.run.smithi073.stdout:/usr/bin/ceph: stderr
2024-05-09T00:45:18.408+0000 7fde99298700 1 -- 172.21.15.73:0/4061986078 --> [v2:172.21.15.73:6800/1819673234,v1:172.21.15.73:6801/1819673234] -- mgr_command(tid 0: {"prefix": "orch apply", "service_type": "mgr", "unmanaged": true, "target": ["mon-mgr", ""]}) -- 0x7fde941045b0 con 0x7fde7c03e420
2024-05-09T00:45:19.007 INFO:teuthology.orchestra.run.smithi073.stdout:/usr/bin/ceph: stderr
2024-05-09T00:45:18.414+0000 7fde7bfff700 1 -- 172.21.15.73:0/4061986078 <== mgr.14118 v2:172.21.15.73:6800/1819673234 1 ==== mgr_command_reply(tid 0: 0 ) ==== 8+0+24 (secure 0 0 0) 0x7fde941045b0 con 0x7fde7c03e420
2024-05-09T00:45:19.007 INFO:teuthology.orchestra.run.smithi073.stdout:/usr/bin/ceph: stderr
2024-05-09T00:45:18.416+0000 7fde99298700 1 -- 172.21.15.73:0/4061986078 >> [v2:172.21.15.73:6800/1819673234,v1:172.21.15.73:6801/1819673234] conn(0x7fde7c03e420 msgr2=0x7fde7c040930 secure :-1 s=STATE_CONNECTION_ESTABLISHED l=1).mark_down
2024-05-09T00:45:19.007 INFO:teuthology.orchestra.run.smithi073.stdout:/usr/bin/ceph: stderr
2024-05-09T00:45:18.416+0000 7fde99298700 1 --2- 172.21.15.73:0/4061986078 >> [v2:172.21.15.73:6800/1819673234,v1:172.21.15.73:6801/1819673234] conn(0x7fde7c03e420 0x7fde7c040930 secure :-1 s=READY pgs=13 cs=0 l=1 rev1=1 crypto rx=0x7fde88006fd0 tx=0x7fde88006e40 comp rx=0 tx=0).stop
2024-05-09T00:45:19.007 INFO:teuthology.orchestra.run.smithi073.stdout:/usr/bin/ceph: stderr
2024-05-09T00:45:18.416+0000 7fde99298700 1 -- 172.21.15.73:0/4061986078 >> [v2:172.21.15.73:3300/0,v1:172.21.15.73:6789/0] conn(0x7fde94107e60 msgr2=0x7fde9407c1a0 secure :-1 s=STATE_CONNECTION_ESTABLISHED l=1).mark_down
2024-05-09T00:45:19.007 INFO:teuthology.orchestra.run.smithi073.stdout:/usr/bin/ceph: stderr
2024-05-09T00:45:18.416+0000 7fde99298700 1 --2- 172.21.15.73:0/4061986078 >> [v2:172.21.15.73:3300/0,v1:172.21.15.73:6789/0] conn(0x7fde94107e60 0x7fde9407c1a0 secure :-1 s=READY pgs=48 cs=0 l=1 rev1=1 crypto rx=0x7fde84011980 tx=0x7fde84011a60 comp rx=0 tx=0).stop
2024-05-09T00:45:19.007 INFO:teuthology.orchestra.run.smithi073.stdout:/usr/bin/ceph: stderr
2024-05-09T00:45:18.416+0000 7fde99298700 1 -- 172.21.15.73:0/4061986078 shutdown_connections
2024-05-09T00:45:19.007 INFO:teuthology.orchestra.run.smithi073.stdout:/usr/bin/ceph: stderr
2024-05-09T00:45:18.416+0000 7fde99298700 1 --2- 172.21.15.73:0/4061986078 >> [v2:172.21.15.73:6800/1819673234,v1:172.21.15.73:6801/1819673234] conn(0x7fde7c03e420 0x7fde7c040930 unknown :-1 s=CLOSED pgs=13 cs=0 l=1 rev1=1 crypto rx=0 tx=0 comp rx=0 tx=0).stop
2024-05-09T00:45:19.007 INFO:teuthology.orchestra.run.smithi073.stdout:/usr/bin/ceph: stderr
2024-05-09T00:45:18.416+0000 7fde99298700 1 --2- 172.21.15.73:0/4061986078 >> [v2:172.21.15.73:3300/0,v1:172.21.15.73:6789/0] conn(0x7fde94107e60 0x7fde9407c1a0 unknown :-1 s=CLOSED pgs=48 cs=0 l=1 rev1=1 crypto rx=0 tx=0 comp rx=0 tx=0).stop
2024-05-09T00:45:19.008 INFO:teuthology.orchestra.run.smithi073.stdout:/usr/bin/ceph: stderr
2024-05-09T00:45:18.416+0000 7fde99298700 1 -- 172.21.15.73:0/4061986078 >> 172.21.15.73:0/4061986078 conn(0x7fde94103590 msgr2=0x7fde94103ea0 unknown :-1 s=STATE_NONE l=0).mark_down
2024-05-09T00:45:19.008 INFO:teuthology.orchestra.run.smithi073.stdout:/usr/bin/ceph: stderr
2024-05-09T00:45:18.417+0000 7fde99298700 1 -- 172.21.15.73:0/4061986078 shutdown_connections
2024-05-09T00:45:19.008 INFO:teuthology.orchestra.run.smithi073.stdout:/usr/bin/ceph: stderr
2024-05-09T00:45:18.417+0000 7fde99298700 1 -- 172.21.15.73:0/4061986078 wait complete.
2024-05-09T00:45:20.185 INFO:journalctl@ceph.mon.a.smithi073.stdout:May 09 00:45:19 smithi073 ceph-mon[27225]: from='client.14142 -' entity='client.admin' cmd=[{"prefix": "orch apply", "service_type": "mgr", "unmanaged": true, "target": ["mon-mgr", ""]}]: dispatch
2024-05-09T00:45:20.185 INFO:journalctl@ceph.mon.a.smithi073.stdout:May 09 00:45:19 smithi073 ceph-mon[27225]: Saving service mgr spec with placement count:2
2024-05-09T00:45:20.185 INFO:journalctl@ceph.mon.a.smithi073.stdout:May 09 00:45:19 smithi073 ceph-mon[27225]: from='client.? 172.21.15.73:0/2302472519' entity='client.admin'
2024-05-09T00:45:20.251 INFO:teuthology.orchestra.run.smithi073.stdout:/usr/bin/ceph: stderr
2024-05-09T00:45:19.390+0000 7f162895c700 1 Processor -- start
2024-05-09T00:45:20.251 INFO:teuthology.orchestra.run.smithi073.stdout:/usr/bin/ceph: stderr
2024-05-09T00:45:19.390+0000 7f162895c700 1 -- start start
2024-05-09T00:45:20.251 INFO:teuthology.orchestra.run.smithi073.stdout:/usr/bin/ceph: stderr
2024-05-09T00:45:19.390+0000 7f162895c700 1 --2- >> [v2:172.21.15.73:3300/0,v1:172.21.15.73:6789/0] conn(0x7f162407c680 0x7f162410bb90 unknown :-1 s=NONE pgs=0 cs=0 l=0 rev1=0 crypto rx=0 tx=0 comp rx=0 tx=0).connect
2024-05-09T00:45:20.251 INFO:teuthology.orchestra.run.smithi073.stdout:/usr/bin/ceph: stderr
2024-05-09T00:45:19.390+0000 7f162895c700 1 -- --> [v2:172.21.15.73:3300/0,v1:172.21.15.73:6789/0] -- mon_getmap magic: 0 -- 0x7f162410c180 con 0x7f162407c680
2024-05-09T00:45:20.252 INFO:teuthology.orchestra.run.smithi073.stdout:/usr/bin/ceph: stderr
2024-05-09T00:45:19.390+0000 7f162259c700 1 --2- >> [v2:172.21.15.73:3300/0,v1:172.21.15.73:6789/0] conn(0x7f162407c680 0x7f162410bb90 unknown :-1 s=BANNER_CONNECTING pgs=0 cs=0 l=0 rev1=0 crypto rx=0 tx=0 comp rx=0 tx=0)._handle_peer_banner_payload supported=3 required=0
2024-05-09T00:45:20.252 INFO:teuthology.orchestra.run.smithi073.stdout:/usr/bin/ceph: stderr
2024-05-09T00:45:19.390+0000 7f162259c700 1 --2- >> [v2:172.21.15.73:3300/0,v1:172.21.15.73:6789/0] conn(0x7f162407c680 0x7f162410bb90 unknown :-1 s=HELLO_CONNECTING pgs=0 cs=0 l=0 rev1=1 crypto rx=0 tx=0 comp rx=0 tx=0).handle_hello peer v2:172.21.15.73:3300/0 says I am v2:172.21.15.73:43478/0 (socket says 172.21.15.73:43478)
2024-05-09T00:45:20.252 INFO:teuthology.orchestra.run.smithi073.stdout:/usr/bin/ceph: stderr
2024-05-09T00:45:19.390+0000 7f162259c700 1 -- 172.21.15.73:0/1258848513 learned_addr learned my addr 172.21.15.73:0/1258848513 (peer_addr_for_me v2:172.21.15.73:0/0)
2024-05-09T00:45:20.252 INFO:teuthology.orchestra.run.smithi073.stdout:/usr/bin/ceph: stderr
2024-05-09T00:45:19.391+0000 7f162259c700 1 -- 172.21.15.73:0/1258848513 --> [v2:172.21.15.73:3300/0,v1:172.21.15.73:6789/0] -- mon_subscribe({config=0+,monmap=0+}) -- 0x7f162410c300 con 0x7f162407c680
2024-05-09T00:45:20.252 INFO:teuthology.orchestra.run.smithi073.stdout:/usr/bin/ceph: stderr
2024-05-09T00:45:19.391+0000 7f162259c700 1 --2- 172.21.15.73:0/1258848513 >> [v2:172.21.15.73:3300/0,v1:172.21.15.73:6789/0] conn(0x7f162407c680 0x7f162410bb90 secure :-1 s=READY pgs=49 cs=0 l=1 rev1=1 crypto rx=0x7f16140098a0 tx=0x7f1614009bb0 comp rx=0 tx=0).ready entity=mon.0 client_cookie=b4fc596272b204cf server_cookie=0 in_seq=0 out_seq=0
2024-05-09T00:45:20.252 INFO:teuthology.orchestra.run.smithi073.stdout:/usr/bin/ceph: stderr
2024-05-09T00:45:19.391+0000 7f162159a700 1 -- 172.21.15.73:0/1258848513 <== mon.0 v2:172.21.15.73:3300/0 1 ==== mon_map magic: 0 ==== 205+0+0 (secure 0 0 0) 0x7f1614004160 con 0x7f162407c680
2024-05-09T00:45:20.252 INFO:teuthology.orchestra.run.smithi073.stdout:/usr/bin/ceph: stderr
2024-05-09T00:45:19.391+0000 7f162159a700 1 -- 172.21.15.73:0/1258848513 <== mon.0 v2:172.21.15.73:3300/0 2 ==== config(25 keys) ==== 1063+0+0 (secure 0 0 0) 0x7f1614004300 con 0x7f162407c680
2024-05-09T00:45:20.252 INFO:teuthology.orchestra.run.smithi073.stdout:/usr/bin/ceph: stderr
2024-05-09T00:45:19.391+0000 7f162159a700 1 -- 172.21.15.73:0/1258848513 <== mon.0 v2:172.21.15.73:3300/0 3 ==== mon_map magic: 0 ==== 205+0+0 (secure 0 0 0) 0x7f1614011960 con 0x7f162407c680
2024-05-09T00:45:20.252 INFO:teuthology.orchestra.run.smithi073.stdout:/usr/bin/ceph: stderr
2024-05-09T00:45:19.392+0000 7f162895c700 1 -- 172.21.15.73:0/1258848513 >> [v2:172.21.15.73:3300/0,v1:172.21.15.73:6789/0] conn(0x7f162407c680 msgr2=0x7f162410bb90 secure :-1 s=STATE_CONNECTION_ESTABLISHED l=1).mark_down
2024-05-09T00:45:20.252 INFO:teuthology.orchestra.run.smithi073.stdout:/usr/bin/ceph: stderr
2024-05-09T00:45:19.392+0000 7f162895c700 1 --2- 172.21.15.73:0/1258848513 >> [v2:172.21.15.73:3300/0,v1:172.21.15.73:6789/0] conn(0x7f162407c680 0x7f162410bb90 secure :-1 s=READY pgs=49 cs=0 l=1 rev1=1 crypto rx=0x7f16140098a0 tx=0x7f1614009bb0 comp rx=0 tx=0).stop
2024-05-09T00:45:20.252 INFO:teuthology.orchestra.run.smithi073.stdout:/usr/bin/ceph: stderr
2024-05-09T00:45:19.392+0000 7f162895c700 1 -- 172.21.15.73:0/1258848513 shutdown_connections
2024-05-09T00:45:20.252 INFO:teuthology.orchestra.run.smithi073.stdout:/usr/bin/ceph: stderr
2024-05-09T00:45:19.392+0000 7f162895c700 1 --2- 172.21.15.73:0/1258848513 >> [v2:172.21.15.73:3300/0,v1:172.21.15.73:6789/0] conn(0x7f162407c680 0x7f162410bb90 unknown :-1 s=CLOSED pgs=49 cs=0 l=1 rev1=1 crypto rx=0 tx=0 comp rx=0 tx=0).stop
2024-05-09T00:45:20.252 INFO:teuthology.orchestra.run.smithi073.stdout:/usr/bin/ceph: stderr
2024-05-09T00:45:19.392+0000 7f162895c700 1 -- 172.21.15.73:0/1258848513 >> 172.21.15.73:0/1258848513 conn(0x7f1624103600 msgr2=0x7f1624105a50 unknown :-1 s=STATE_NONE l=0).mark_down
2024-05-09T00:45:20.253 INFO:teuthology.orchestra.run.smithi073.stdout:/usr/bin/ceph: stderr
2024-05-09T00:45:19.392+0000 7f162895c700 1 -- 172.21.15.73:0/1258848513 shutdown_connections
2024-05-09T00:45:20.253 INFO:teuthology.orchestra.run.smithi073.stdout:/usr/bin/ceph: stderr
2024-05-09T00:45:19.392+0000 7f162895c700 1 -- 172.21.15.73:0/1258848513 wait complete.
2024-05-09T00:45:20.253 INFO:teuthology.orchestra.run.smithi073.stdout:/usr/bin/ceph: stderr
2024-05-09T00:45:19.393+0000 7f162895c700 1 Processor -- start
2024-05-09T00:45:20.253 INFO:teuthology.orchestra.run.smithi073.stdout:/usr/bin/ceph: stderr
2024-05-09T00:45:19.393+0000 7f162895c700 1 -- start start
2024-05-09T00:45:20.253 INFO:teuthology.orchestra.run.smithi073.stdout:/usr/bin/ceph: stderr
2024-05-09T00:45:19.393+0000 7f162895c700 1 --2- >> [v2:172.21.15.73:3300/0,v1:172.21.15.73:6789/0] conn(0x7f162407c680 0x7f162419d390 unknown :-1 s=NONE pgs=0 cs=0 l=1 rev1=0 crypto rx=0 tx=0 comp rx=0 tx=0).connect
2024-05-09T00:45:20.253 INFO:teuthology.orchestra.run.smithi073.stdout:/usr/bin/ceph: stderr
2024-05-09T00:45:19.393+0000 7f162895c700 1 -- --> [v2:172.21.15.73:3300/0,v1:172.21.15.73:6789/0] -- mon_getmap magic: 0 -- 0x7f162410d360 con 0x7f162407c680
2024-05-09T00:45:20.253 INFO:teuthology.orchestra.run.smithi073.stdout:/usr/bin/ceph: stderr
2024-05-09T00:45:19.393+0000 7f162259c700 1 --2- >> [v2:172.21.15.73:3300/0,v1:172.21.15.73:6789/0] conn(0x7f162407c680 0x7f162419d390 unknown :-1 s=BANNER_CONNECTING pgs=0 cs=0 l=1 rev1=0 crypto rx=0 tx=0 comp rx=0 tx=0)._handle_peer_banner_payload supported=3 required=0
2024-05-09T00:45:20.253 INFO:teuthology.orchestra.run.smithi073.stdout:/usr/bin/ceph: stderr
2024-05-09T00:45:19.393+0000 7f162259c700 1 --2- >> [v2:172.21.15.73:3300/0,v1:172.21.15.73:6789/0] conn(0x7f162407c680 0x7f162419d390 unknown :-1 s=HELLO_CONNECTING pgs=0 cs=0 l=1 rev1=1 crypto rx=0 tx=0 comp rx=0 tx=0).handle_hello peer v2:172.21.15.73:3300/0 says I am v2:172.21.15.73:43494/0 (socket says 172.21.15.73:43494)
2024-05-09T00:45:20.253 INFO:teuthology.orchestra.run.smithi073.stdout:/usr/bin/ceph: stderr
2024-05-09T00:45:19.393+0000 7f162259c700 1 -- 172.21.15.73:0/2302472519 learned_addr learned my addr 172.21.15.73:0/2302472519 (peer_addr_for_me v2:172.21.15.73:0/0)
2024-05-09T00:45:20.253 INFO:teuthology.orchestra.run.smithi073.stdout:/usr/bin/ceph: stderr
2024-05-09T00:45:19.394+0000 7f162259c700 1 -- 172.21.15.73:0/2302472519 --> [v2:172.21.15.73:3300/0,v1:172.21.15.73:6789/0] -- mon_subscribe({config=0+,monmap=0+}) -- 0x7f162419d8d0 con 0x7f162407c680
2024-05-09T00:45:20.253 INFO:teuthology.orchestra.run.smithi073.stdout:/usr/bin/ceph: stderr
2024-05-09T00:45:19.394+0000 7f162259c700 1 --2- 172.21.15.73:0/2302472519 >> [v2:172.21.15.73:3300/0,v1:172.21.15.73:6789/0] conn(0x7f162407c680 0x7f162419d390 secure :-1 s=READY pgs=50 cs=0 l=1 rev1=1 crypto rx=0x7f1614011670 tx=0x7f1614011a30 comp rx=0 tx=0).ready entity=mon.0 client_cookie=0 server_cookie=0 in_seq=0 out_seq=0
2024-05-09T00:45:20.253 INFO:teuthology.orchestra.run.smithi073.stdout:/usr/bin/ceph: stderr
2024-05-09T00:45:19.394+0000 7f16137fe700 1 -- 172.21.15.73:0/2302472519 <== mon.0 v2:172.21.15.73:3300/0 1 ==== mon_map magic: 0 ==== 205+0+0 (secure 0 0 0) 0x7f1614003a60 con 0x7f162407c680
2024-05-09T00:45:20.253 INFO:teuthology.orchestra.run.smithi073.stdout:/usr/bin/ceph: stderr
2024-05-09T00:45:19.394+0000 7f16137fe700 1 -- 172.21.15.73:0/2302472519 <== mon.0 v2:172.21.15.73:3300/0 2 ==== config(25 keys) ==== 1063+0+0 (secure 0 0 0) 0x7f161401b8d0 con 0x7f162407c680
2024-05-09T00:45:20.254 INFO:teuthology.orchestra.run.smithi073.stdout:/usr/bin/ceph: stderr
2024-05-09T00:45:19.394+0000 7f162895c700 1 -- 172.21.15.73:0/2302472519 --> [v2:172.21.15.73:3300/0,v1:172.21.15.73:6789/0] -- mon_subscribe({mgrmap=0+}) -- 0x7f162419db60 con 0x7f162407c680
2024-05-09T00:45:20.254 INFO:teuthology.orchestra.run.smithi073.stdout:/usr/bin/ceph: stderr
2024-05-09T00:45:19.394+0000 7f16137fe700 1 -- 172.21.15.73:0/2302472519 <== mon.0 v2:172.21.15.73:3300/0 3 ==== mon_map magic: 0 ==== 205+0+0 (secure 0 0 0) 0x7f1614023790 con 0x7f162407c680
2024-05-09T00:45:20.254 INFO:teuthology.orchestra.run.smithi073.stdout:/usr/bin/ceph: stderr
2024-05-09T00:45:19.394+0000 7f162895c700 1 -- 172.21.15.73:0/2302472519 --> [v2:172.21.15.73:3300/0,v1:172.21.15.73:6789/0] -- mon_subscribe({osdmap=0}) -- 0x7f16241a0770 con 0x7f162407c680
2024-05-09T00:45:20.254 INFO:teuthology.orchestra.run.smithi073.stdout:/usr/bin/ceph: stderr
2024-05-09T00:45:19.395+0000 7f162895c700 1 -- 172.21.15.73:0/2302472519 --> [v2:172.21.15.73:3300/0,v1:172.21.15.73:6789/0] -- mon_command({"prefix": "get_command_descriptions"} v 0) -- 0x7f1624064e20 con 0x7f162407c680
2024-05-09T00:45:20.254 INFO:teuthology.orchestra.run.smithi073.stdout:/usr/bin/ceph: stderr
2024-05-09T00:45:19.395+0000 7f16137fe700 1 -- 172.21.15.73:0/2302472519 <== mon.0 v2:172.21.15.73:3300/0 4 ==== mgrmap(e 8) ==== 50222+0+0 (secure 0 0 0) 0x7f1614023a40 con 0x7f162407c680
2024-05-09T00:45:20.254 INFO:teuthology.orchestra.run.smithi073.stdout:/usr/bin/ceph: stderr
2024-05-09T00:45:19.396+0000 7f16137fe700 1 --2- 172.21.15.73:0/2302472519 >> [v2:172.21.15.73:6800/1819673234,v1:172.21.15.73:6801/1819673234] conn(0x7f160c03e520 0x7f160c040a30 unknown :-1 s=NONE pgs=0 cs=0 l=1 rev1=0 crypto rx=0 tx=0 comp rx=0 tx=0).connect
2024-05-09T00:45:20.254 INFO:teuthology.orchestra.run.smithi073.stdout:/usr/bin/ceph: stderr
2024-05-09T00:45:19.396+0000 7f16137fe700 1 -- 172.21.15.73:0/2302472519 <== mon.0 v2:172.21.15.73:3300/0 5 ==== osd_map(2..2 src has 1..2) ==== 940+0+0 (secure 0 0 0) 0x7f1614053fb0 con 0x7f162407c680
2024-05-09T00:45:20.254 INFO:teuthology.orchestra.run.smithi073.stdout:/usr/bin/ceph: stderr
2024-05-09T00:45:19.396+0000 7f1621d9b700 1 --2- 172.21.15.73:0/2302472519 >> [v2:172.21.15.73:6800/1819673234,v1:172.21.15.73:6801/1819673234] conn(0x7f160c03e520 0x7f160c040a30 unknown :-1 s=BANNER_CONNECTING pgs=0 cs=0 l=1 rev1=0 crypto rx=0 tx=0 comp rx=0 tx=0)._handle_peer_banner_payload supported=3 required=0
2024-05-09T00:45:20.254 INFO:teuthology.orchestra.run.smithi073.stdout:/usr/bin/ceph: stderr
2024-05-09T00:45:19.396+0000 7f1621d9b700 1 --2- 172.21.15.73:0/2302472519 >> [v2:172.21.15.73:6800/1819673234,v1:172.21.15.73:6801/1819673234] conn(0x7f160c03e520 0x7f160c040a30 secure :-1 s=READY pgs=14 cs=0 l=1 rev1=1 crypto rx=0x7f1618006fd0 tx=0x7f1618006e40 comp rx=0 tx=0).ready entity=mgr.14118 client_cookie=0 server_cookie=0 in_seq=0 out_seq=0
2024-05-09T00:45:20.254 INFO:teuthology.orchestra.run.smithi073.stdout:/usr/bin/ceph: stderr
2024-05-09T00:45:19.401+0000 7f16137fe700 1 -- 172.21.15.73:0/2302472519 <== mon.0 v2:172.21.15.73:3300/0 6 ==== mon_command_ack([{"prefix": "get_command_descriptions"}]=0 v0) ==== 72+0+191963 (secure 0 0 0) 0x7f161401f030 con 0x7f162407c680
2024-05-09T00:45:20.254 INFO:teuthology.orchestra.run.smithi073.stdout:/usr/bin/ceph: stderr
2024-05-09T00:45:19.626+0000 7f162895c700 1 -- 172.21.15.73:0/2302472519 --> [v2:172.21.15.73:3300/0,v1:172.21.15.73:6789/0] -- mon_command([{prefix=config set, name=mgr/cephadm/container_init}] v 0) -- 0x7f16241a0d70 con 0x7f162407c680
2024-05-09T00:45:20.254 INFO:teuthology.orchestra.run.smithi073.stdout:/usr/bin/ceph: stderr
2024-05-09T00:45:19.629+0000 7f16137fe700 1 -- 172.21.15.73:0/2302472519 <== mon.0 v2:172.21.15.73:3300/0 7 ==== mon_command_ack([{prefix=config set, name=mgr/cephadm/container_init}]=0 v7)=0 v7) ==== 142+0+0 (secure 0 0 0) 0x7f161400b3e0 con 0x7f162407c680
2024-05-09T00:45:20.254 INFO:teuthology.orchestra.run.smithi073.stdout:/usr/bin/ceph: stderr
2024-05-09T00:45:19.632+0000 7f162895c700 1 -- 172.21.15.73:0/2302472519 >> [v2:172.21.15.73:6800/1819673234,v1:172.21.15.73:6801/1819673234] conn(0x7f160c03e520 msgr2=0x7f160c040a30 secure :-1 s=STATE_CONNECTION_ESTABLISHED l=1).mark_down
2024-05-09T00:45:20.255 INFO:teuthology.orchestra.run.smithi073.stdout:/usr/bin/ceph: stderr
2024-05-09T00:45:19.632+0000 7f162895c700 1 --2- 172.21.15.73:0/2302472519 >> [v2:172.21.15.73:6800/1819673234,v1:172.21.15.73:6801/1819673234] conn(0x7f160c03e520 0x7f160c040a30 secure :-1 s=READY pgs=14 cs=0 l=1 rev1=1 crypto rx=0x7f1618006fd0 tx=0x7f1618006e40 comp rx=0 tx=0).stop
2024-05-09T00:45:20.255 INFO:teuthology.orchestra.run.smithi073.stdout:/usr/bin/ceph: stderr
2024-05-09T00:45:19.632+0000 7f162895c700 1 -- 172.21.15.73:0/2302472519 >> [v2:172.21.15.73:3300/0,v1:172.21.15.73:6789/0] conn(0x7f162407c680 msgr2=0x7f162419d390 secure :-1 s=STATE_CONNECTION_ESTABLISHED l=1).mark_down
2024-05-09T00:45:20.255 INFO:teuthology.orchestra.run.smithi073.stdout:/usr/bin/ceph: stderr
2024-05-09T00:45:19.632+0000 7f162895c700 1 --2- 172.21.15.73:0/2302472519 >> [v2:172.21.15.73:3300/0,v1:172.21.15.73:6789/0] conn(0x7f162407c680 0x7f162419d390 secure :-1 s=READY pgs=50 cs=0 l=1 rev1=1 crypto rx=0x7f1614011670 tx=0x7f1614011a30 comp rx=0 tx=0).stop
2024-05-09T00:45:20.255 INFO:teuthology.orchestra.run.smithi073.stdout:/usr/bin/ceph: stderr
2024-05-09T00:45:19.632+0000 7f162895c700 1 -- 172.21.15.73:0/2302472519 shutdown_connections
2024-05-09T00:45:20.255 INFO:teuthology.orchestra.run.smithi073.stdout:/usr/bin/ceph: stderr
2024-05-09T00:45:19.632+0000 7f162895c700 1 --2- 172.21.15.73:0/2302472519 >> [v2:172.21.15.73:6800/1819673234,v1:172.21.15.73:6801/1819673234] conn(0x7f160c03e520 0x7f160c040a30 unknown :-1 s=CLOSED pgs=14 cs=0 l=1 rev1=1 crypto rx=0 tx=0 comp rx=0 tx=0).stop
2024-05-09T00:45:20.255 INFO:teuthology.orchestra.run.smithi073.stdout:/usr/bin/ceph: stderr
2024-05-09T00:45:19.632+0000 7f162895c700 1 --2- 172.21.15.73:0/2302472519 >> [v2:172.21.15.73:3300/0,v1:172.21.15.73:6789/0] conn(0x7f162407c680 0x7f162419d390 unknown :-1 s=CLOSED pgs=50 cs=0 l=1 rev1=1 crypto rx=0 tx=0 comp rx=0 tx=0).stop
2024-05-09T00:45:20.255 INFO:teuthology.orchestra.run.smithi073.stdout:/usr/bin/ceph: stderr
2024-05-09T00:45:19.632+0000 7f162895c700 1 -- 172.21.15.73:0/2302472519 >> 172.21.15.73:0/2302472519 conn(0x7f1624103600 msgr2=0x7f1624104fa0 unknown :-1 s=STATE_NONE l=0).mark_down
2024-05-09T00:45:20.255 INFO:teuthology.orchestra.run.smithi073.stdout:/usr/bin/ceph: stderr
2024-05-09T00:45:19.632+0000 7f162895c700 1 -- 172.21.15.73:0/2302472519 shutdown_connections
2024-05-09T00:45:20.255 INFO:teuthology.orchestra.run.smithi073.stdout:/usr/bin/ceph: stderr
2024-05-09T00:45:19.632+0000 7f162895c700 1 -- 172.21.15.73:0/2302472519 wait complete.
2024-05-09T00:45:21.802 INFO:teuthology.orchestra.run.smithi073.stdout:/usr/bin/ceph: stderr
2024-05-09T00:45:20.960+0000 7fafaddfd700 1 Processor -- start
2024-05-09T00:45:21.803 INFO:teuthology.orchestra.run.smithi073.stdout:/usr/bin/ceph: stderr
2024-05-09T00:45:20.960+0000 7fafaddfd700 1 -- start start
2024-05-09T00:45:21.803 INFO:teuthology.orchestra.run.smithi073.stdout:/usr/bin/ceph: stderr
2024-05-09T00:45:20.960+0000 7fafaddfd700 1 --2- >> [v2:172.21.15.73:3300/0,v1:172.21.15.73:6789/0] conn(0x7fafa807bc70 0x7fafa810bba0 unknown :-1 s=NONE pgs=0 cs=0 l=0 rev1=0 crypto rx=0 tx=0 comp rx=0 tx=0).connect
2024-05-09T00:45:21.803 INFO:teuthology.orchestra.run.smithi073.stdout:/usr/bin/ceph: stderr
2024-05-09T00:45:20.960+0000 7fafaddfd700 1 -- --> [v2:172.21.15.73:3300/0,v1:172.21.15.73:6789/0] -- mon_getmap magic: 0 -- 0x7fafa810c1b0 con 0x7fafa807bc70
2024-05-09T00:45:21.803 INFO:teuthology.orchestra.run.smithi073.stdout:/usr/bin/ceph: stderr
2024-05-09T00:45:20.960+0000 7fafa77fe700 1 --2- >> [v2:172.21.15.73:3300/0,v1:172.21.15.73:6789/0] conn(0x7fafa807bc70 0x7fafa810bba0 unknown :-1 s=BANNER_CONNECTING pgs=0 cs=0 l=0 rev1=0 crypto rx=0 tx=0 comp rx=0 tx=0)._handle_peer_banner_payload supported=3 required=0
2024-05-09T00:45:21.803 INFO:teuthology.orchestra.run.smithi073.stdout:/usr/bin/ceph: stderr
2024-05-09T00:45:20.960+0000 7fafa77fe700 1 --2- >> [v2:172.21.15.73:3300/0,v1:172.21.15.73:6789/0] conn(0x7fafa807bc70 0x7fafa810bba0 unknown :-1 s=HELLO_CONNECTING pgs=0 cs=0 l=0 rev1=1 crypto rx=0 tx=0 comp rx=0 tx=0).handle_hello peer v2:172.21.15.73:3300/0 says I am v2:172.21.15.73:43510/0 (socket says 172.21.15.73:43510)
2024-05-09T00:45:21.803 INFO:teuthology.orchestra.run.smithi073.stdout:/usr/bin/ceph: stderr
2024-05-09T00:45:20.960+0000 7fafa77fe700 1 -- 172.21.15.73:0/1827005287 learned_addr learned my addr 172.21.15.73:0/1827005287 (peer_addr_for_me v2:172.21.15.73:0/0)
2024-05-09T00:45:21.803 INFO:teuthology.orchestra.run.smithi073.stdout:/usr/bin/ceph: stderr
2024-05-09T00:45:20.961+0000 7fafa77fe700 1 -- 172.21.15.73:0/1827005287 --> [v2:172.21.15.73:3300/0,v1:172.21.15.73:6789/0] -- mon_subscribe({config=0+,monmap=0+}) -- 0x7fafa810c330 con 0x7fafa807bc70
2024-05-09T00:45:21.803 INFO:teuthology.orchestra.run.smithi073.stdout:/usr/bin/ceph: stderr
2024-05-09T00:45:20.961+0000 7fafa77fe700 1 --2- 172.21.15.73:0/1827005287 >> [v2:172.21.15.73:3300/0,v1:172.21.15.73:6789/0] conn(0x7fafa807bc70 0x7fafa810bba0 secure :-1 s=READY pgs=51 cs=0 l=1 rev1=1 crypto rx=0x7faf980098a0 tx=0x7faf98009bb0 comp rx=0 tx=0).ready entity=mon.0 client_cookie=8953d37117704a12 server_cookie=0 in_seq=0 out_seq=0
2024-05-09T00:45:21.803 INFO:teuthology.orchestra.run.smithi073.stdout:/usr/bin/ceph: stderr
2024-05-09T00:45:20.961+0000 7fafa67fc700 1 -- 172.21.15.73:0/1827005287 <== mon.0 v2:172.21.15.73:3300/0 1 ==== mon_map magic: 0 ==== 205+0+0 (secure 0 0 0) 0x7faf98004160 con 0x7fafa807bc70
2024-05-09T00:45:21.803 INFO:teuthology.orchestra.run.smithi073.stdout:/usr/bin/ceph: stderr
2024-05-09T00:45:20.961+0000 7fafa67fc700 1 -- 172.21.15.73:0/1827005287 <== mon.0 v2:172.21.15.73:3300/0 2 ==== config(25 keys) ==== 1063+0+0 (secure 0 0 0) 0x7faf98004300 con 0x7fafa807bc70
2024-05-09T00:45:21.803 INFO:teuthology.orchestra.run.smithi073.stdout:/usr/bin/ceph: stderr
2024-05-09T00:45:20.961+0000 7fafa67fc700 1 -- 172.21.15.73:0/1827005287 <== mon.0 v2:172.21.15.73:3300/0 3 ==== mon_map magic: 0 ==== 205+0+0 (secure 0 0 0) 0x7faf98011960 con 0x7fafa807bc70
2024-05-09T00:45:21.803 INFO:teuthology.orchestra.run.smithi073.stdout:/usr/bin/ceph: stderr
2024-05-09T00:45:20.962+0000 7fafaddfd700 1 -- 172.21.15.73:0/1827005287 >> [v2:172.21.15.73:3300/0,v1:172.21.15.73:6789/0] conn(0x7fafa807bc70 msgr2=0x7fafa810bba0 secure :-1 s=STATE_CONNECTION_ESTABLISHED l=1).mark_down
2024-05-09T00:45:21.804 INFO:teuthology.orchestra.run.smithi073.stdout:/usr/bin/ceph: stderr
2024-05-09T00:45:20.962+0000 7fafaddfd700 1 --2- 172.21.15.73:0/1827005287 >> [v2:172.21.15.73:3300/0,v1:172.21.15.73:6789/0] conn(0x7fafa807bc70 0x7fafa810bba0 secure :-1 s=READY pgs=51 cs=0 l=1 rev1=1 crypto rx=0x7faf980098a0 tx=0x7faf98009bb0 comp rx=0 tx=0).stop
2024-05-09T00:45:21.804 INFO:teuthology.orchestra.run.smithi073.stdout:/usr/bin/ceph: stderr
2024-05-09T00:45:20.962+0000 7fafaddfd700 1 -- 172.21.15.73:0/1827005287 shutdown_connections
2024-05-09T00:45:21.804 INFO:teuthology.orchestra.run.smithi073.stdout:/usr/bin/ceph: stderr
2024-05-09T00:45:20.962+0000 7fafaddfd700 1 --2- 172.21.15.73:0/1827005287 >> [v2:172.21.15.73:3300/0,v1:172.21.15.73:6789/0] conn(0x7fafa807bc70 0x7fafa810bba0 unknown :-1 s=CLOSED pgs=51 cs=0 l=1 rev1=1 crypto rx=0 tx=0 comp rx=0 tx=0).stop
2024-05-09T00:45:21.804 INFO:teuthology.orchestra.run.smithi073.stdout:/usr/bin/ceph: stderr
2024-05-09T00:45:20.962+0000 7fafaddfd700 1 -- 172.21.15.73:0/1827005287 >> 172.21.15.73:0/1827005287 conn(0x7fafa8103610 msgr2=0x7fafa8105a60 unknown :-1 s=STATE_NONE l=0).mark_down
2024-05-09T00:45:21.804 INFO:teuthology.orchestra.run.smithi073.stdout:/usr/bin/ceph: stderr
2024-05-09T00:45:20.962+0000 7fafaddfd700 1 -- 172.21.15.73:0/1827005287 shutdown_connections
2024-05-09T00:45:21.804 INFO:teuthology.orchestra.run.smithi073.stdout:/usr/bin/ceph: stderr
2024-05-09T00:45:20.962+0000 7fafaddfd700 1 -- 172.21.15.73:0/1827005287 wait complete.
2024-05-09T00:45:21.804 INFO:teuthology.orchestra.run.smithi073.stdout:/usr/bin/ceph: stderr
2024-05-09T00:45:20.963+0000 7fafaddfd700 1 Processor -- start
2024-05-09T00:45:21.804 INFO:teuthology.orchestra.run.smithi073.stdout:/usr/bin/ceph: stderr
2024-05-09T00:45:20.963+0000 7fafaddfd700 1 -- start start
2024-05-09T00:45:21.804 INFO:teuthology.orchestra.run.smithi073.stdout:/usr/bin/ceph: stderr
2024-05-09T00:45:20.964+0000 7fafaddfd700 1 --2- >> [v2:172.21.15.73:3300/0,v1:172.21.15.73:6789/0] conn(0x7fafa807bc70 0x7fafa819f610 unknown :-1 s=NONE pgs=0 cs=0 l=1 rev1=0 crypto rx=0 tx=0 comp rx=0 tx=0).connect
2024-05-09T00:45:21.804 INFO:teuthology.orchestra.run.smithi073.stdout:/usr/bin/ceph: stderr
2024-05-09T00:45:20.964+0000 7fafaddfd700 1 -- --> [v2:172.21.15.73:3300/0,v1:172.21.15.73:6789/0] -- mon_getmap magic: 0 -- 0x7fafa8108750 con 0x7fafa807bc70
2024-05-09T00:45:21.804 INFO:teuthology.orchestra.run.smithi073.stdout:/usr/bin/ceph: stderr
2024-05-09T00:45:20.964+0000 7fafa77fe700 1 --2- >> [v2:172.21.15.73:3300/0,v1:172.21.15.73:6789/0] conn(0x7fafa807bc70 0x7fafa819f610 unknown :-1 s=BANNER_CONNECTING pgs=0 cs=0 l=1 rev1=0 crypto rx=0 tx=0 comp rx=0 tx=0)._handle_peer_banner_payload supported=3 required=0
2024-05-09T00:45:21.804 INFO:teuthology.orchestra.run.smithi073.stdout:/usr/bin/ceph: stderr
2024-05-09T00:45:20.964+0000 7fafa77fe700 1 --2- >> [v2:172.21.15.73:3300/0,v1:172.21.15.73:6789/0] conn(0x7fafa807bc70 0x7fafa819f610 unknown :-1 s=HELLO_CONNECTING pgs=0 cs=0 l=1 rev1=1 crypto rx=0 tx=0 comp rx=0 tx=0).handle_hello peer v2:172.21.15.73:3300/0 says I am v2:172.21.15.73:43522/0 (socket says 172.21.15.73:43522)
2024-05-09T00:45:21.804 INFO:teuthology.orchestra.run.smithi073.stdout:/usr/bin/ceph: stderr
2024-05-09T00:45:20.964+0000 7fafa77fe700 1 -- 172.21.15.73:0/2199997167 learned_addr learned my addr 172.21.15.73:0/2199997167 (peer_addr_for_me v2:172.21.15.73:0/0)
2024-05-09T00:45:21.804 INFO:teuthology.orchestra.run.smithi073.stdout:/usr/bin/ceph: stderr
2024-05-09T00:45:20.964+0000 7fafa77fe700 1 -- 172.21.15.73:0/2199997167 --> [v2:172.21.15.73:3300/0,v1:172.21.15.73:6789/0] -- mon_subscribe({config=0+,monmap=0+}) -- 0x7fafa819fb50 con 0x7fafa807bc70
2024-05-09T00:45:21.805 INFO:teuthology.orchestra.run.smithi073.stdout:/usr/bin/ceph: stderr
2024-05-09T00:45:20.964+0000 7fafa77fe700 1 --2- 172.21.15.73:0/2199997167 >> [v2:172.21.15.73:3300/0,v1:172.21.15.73:6789/0] conn(0x7fafa807bc70 0x7fafa819f610 secure :-1 s=READY pgs=52 cs=0 l=1 rev1=1 crypto rx=0x7faf98011670 tx=0x7faf98011a30 comp rx=0 tx=0).ready entity=mon.0 client_cookie=0 server_cookie=0 in_seq=0 out_seq=0
2024-05-09T00:45:21.805 INFO:teuthology.orchestra.run.smithi073.stdout:/usr/bin/ceph: stderr
2024-05-09T00:45:20.965+0000 7fafa4ff9700 1 -- 172.21.15.73:0/2199997167 <== mon.0 v2:172.21.15.73:3300/0 1 ==== mon_map magic: 0 ==== 205+0+0 (secure 0 0 0) 0x7faf98003a60 con 0x7fafa807bc70
2024-05-09T00:45:21.805 INFO:teuthology.orchestra.run.smithi073.stdout:/usr/bin/ceph: stderr
2024-05-09T00:45:20.965+0000 7fafa4ff9700 1 -- 172.21.15.73:0/2199997167 <== mon.0 v2:172.21.15.73:3300/0 2 ==== config(25 keys) ==== 1063+0+0 (secure 0 0 0) 0x7faf9801b8d0 con 0x7fafa807bc70
2024-05-09T00:45:21.805 INFO:teuthology.orchestra.run.smithi073.stdout:/usr/bin/ceph: stderr
2024-05-09T00:45:20.966+0000 7fafa4ff9700 1 -- 172.21.15.73:0/2199997167 <== mon.0 v2:172.21.15.73:3300/0 3 ==== mon_map magic: 0 ==== 205+0+0 (secure 0 0 0) 0x7faf98023790 con 0x7fafa807bc70
2024-05-09T00:45:21.805 INFO:teuthology.orchestra.run.smithi073.stdout:/usr/bin/ceph: stderr
2024-05-09T00:45:20.966+0000 7fafaddfd700 1 -- 172.21.15.73:0/2199997167 --> [v2:172.21.15.73:3300/0,v1:172.21.15.73:6789/0] -- mon_subscribe({mgrmap=0+}) -- 0x7fafa819fde0 con 0x7fafa807bc70
2024-05-09T00:45:21.805 INFO:teuthology.orchestra.run.smithi073.stdout:/usr/bin/ceph: stderr
2024-05-09T00:45:20.966+0000 7fafaddfd700 1 -- 172.21.15.73:0/2199997167 --> [v2:172.21.15.73:3300/0,v1:172.21.15.73:6789/0] -- mon_subscribe({osdmap=0}) -- 0x7fafa81a29f0 con 0x7fafa807bc70
2024-05-09T00:45:21.805 INFO:teuthology.orchestra.run.smithi073.stdout:/usr/bin/ceph: stderr
2024-05-09T00:45:20.966+0000 7fafaddfd700 1 -- 172.21.15.73:0/2199997167 --> [v2:172.21.15.73:3300/0,v1:172.21.15.73:6789/0] -- mon_command({"prefix": "get_command_descriptions"} v 0) -- 0x7fafa8064e20 con 0x7fafa807bc70
2024-05-09T00:45:21.805 INFO:teuthology.orchestra.run.smithi073.stdout:/usr/bin/ceph: stderr
2024-05-09T00:45:20.967+0000 7fafa4ff9700 1 -- 172.21.15.73:0/2199997167 <== mon.0 v2:172.21.15.73:3300/0 4 ==== mgrmap(e 8) ==== 50222+0+0 (secure 0 0 0) 0x7faf9801b440 con 0x7fafa807bc70
2024-05-09T00:45:21.806 INFO:teuthology.orchestra.run.smithi073.stdout:/usr/bin/ceph: stderr
2024-05-09T00:45:20.967+0000 7fafa4ff9700 1 --2- 172.21.15.73:0/2199997167 >> [v2:172.21.15.73:6800/1819673234,v1:172.21.15.73:6801/1819673234] conn(0x7faf9003e470 0x7faf90040980 unknown :-1 s=NONE pgs=0 cs=0 l=1 rev1=0 crypto rx=0 tx=0 comp rx=0 tx=0).connect
2024-05-09T00:45:21.806 INFO:teuthology.orchestra.run.smithi073.stdout:/usr/bin/ceph: stderr
2024-05-09T00:45:20.967+0000 7fafa4ff9700 1 -- 172.21.15.73:0/2199997167 <== mon.0 v2:172.21.15.73:3300/0 5 ==== osd_map(2..2 src has 1..2) ==== 940+0+0 (secure 0 0 0) 0x7faf98053f10 con 0x7fafa807bc70
2024-05-09T00:45:21.806 INFO:teuthology.orchestra.run.smithi073.stdout:/usr/bin/ceph: stderr
2024-05-09T00:45:20.967+0000 7fafa6ffd700 1 --2- 172.21.15.73:0/2199997167 >> [v2:172.21.15.73:6800/1819673234,v1:172.21.15.73:6801/1819673234] conn(0x7faf9003e470 0x7faf90040980 unknown :-1 s=BANNER_CONNECTING pgs=0 cs=0 l=1 rev1=0 crypto rx=0 tx=0 comp rx=0 tx=0)._handle_peer_banner_payload supported=3 required=0
2024-05-09T00:45:21.806 INFO:teuthology.orchestra.run.smithi073.stdout:/usr/bin/ceph: stderr
2024-05-09T00:45:20.968+0000 7fafa6ffd700 1 --2- 172.21.15.73:0/2199997167 >> [v2:172.21.15.73:6800/1819673234,v1:172.21.15.73:6801/1819673234] conn(0x7faf9003e470 0x7faf90040980 secure :-1 s=READY pgs=15 cs=0 l=1 rev1=1 crypto rx=0x7faf9c006fd0 tx=0x7faf9c006e40 comp rx=0 tx=0).ready entity=mgr.14118 client_cookie=0 server_cookie=0 in_seq=0 out_seq=0
2024-05-09T00:45:21.806 INFO:teuthology.orchestra.run.smithi073.stdout:/usr/bin/ceph: stderr
2024-05-09T00:45:20.973+0000 7fafa4ff9700 1 -- 172.21.15.73:0/2199997167 <== mon.0 v2:172.21.15.73:3300/0 6 ==== mon_command_ack([{"prefix": "get_command_descriptions"}]=0 v0) ==== 72+0+191963 (secure 0 0 0) 0x7faf9801f030 con 0x7fafa807bc70
2024-05-09T00:45:21.806 INFO:teuthology.orchestra.run.smithi073.stdout:/usr/bin/ceph: stderr
2024-05-09T00:45:21.190+0000 7fafaddfd700 1 -- 172.21.15.73:0/2199997167 --> [v2:172.21.15.73:3300/0,v1:172.21.15.73:6789/0] -- mon_command([{prefix=config set, name=mgr/dashboard/ssl_server_port}] v 0) -- 0x7fafa80643d0 con 0x7fafa807bc70
2024-05-09T00:45:21.806 INFO:teuthology.orchestra.run.smithi073.stdout:/usr/bin/ceph: stderr
2024-05-09T00:45:21.193+0000 7fafa4ff9700 1 -- 172.21.15.73:0/2199997167 <== mon.0 v2:172.21.15.73:3300/0 7 ==== mon_command_ack([{prefix=config set, name=mgr/dashboard/ssl_server_port}]=0 v8)=0 v8) ==== 130+0+0 (secure 0 0 0) 0x7faf9801a3d0 con 0x7fafa807bc70
2024-05-09T00:45:21.806 INFO:teuthology.orchestra.run.smithi073.stdout:/usr/bin/ceph: stderr
2024-05-09T00:45:21.196+0000 7fafaddfd700 1 -- 172.21.15.73:0/2199997167 >> [v2:172.21.15.73:6800/1819673234,v1:172.21.15.73:6801/1819673234] conn(0x7faf9003e470 msgr2=0x7faf90040980 secure :-1 s=STATE_CONNECTION_ESTABLISHED l=1).mark_down
2024-05-09T00:45:21.807 INFO:teuthology.orchestra.run.smithi073.stdout:/usr/bin/ceph: stderr
2024-05-09T00:45:21.196+0000 7fafaddfd700 1 --2- 172.21.15.73:0/2199997167 >> [v2:172.21.15.73:6800/1819673234,v1:172.21.15.73:6801/1819673234] conn(0x7faf9003e470 0x7faf90040980 secure :-1 s=READY pgs=15 cs=0 l=1 rev1=1 crypto rx=0x7faf9c006fd0 tx=0x7faf9c006e40 comp rx=0 tx=0).stop
2024-05-09T00:45:21.807 INFO:teuthology.orchestra.run.smithi073.stdout:/usr/bin/ceph: stderr
2024-05-09T00:45:21.196+0000 7fafaddfd700 1 -- 172.21.15.73:0/2199997167 >> [v2:172.21.15.73:3300/0,v1:172.21.15.73:6789/0] conn(0x7fafa807bc70 msgr2=0x7fafa819f610 secure :-1 s=STATE_CONNECTION_ESTABLISHED l=1).mark_down
2024-05-09T00:45:21.807 INFO:teuthology.orchestra.run.smithi073.stdout:/usr/bin/ceph: stderr
2024-05-09T00:45:21.196+0000 7fafaddfd700 1 --2- 172.21.15.73:0/2199997167 >> [v2:172.21.15.73:3300/0,v1:172.21.15.73:6789/0] conn(0x7fafa807bc70 0x7fafa819f610 secure :-1 s=READY pgs=52 cs=0 l=1 rev1=1 crypto rx=0x7faf98011670 tx=0x7faf98011a30 comp rx=0 tx=0).stop
2024-05-09T00:45:21.807 INFO:teuthology.orchestra.run.smithi073.stdout:/usr/bin/ceph: stderr
2024-05-09T00:45:21.196+0000 7fafaddfd700 1 -- 172.21.15.73:0/2199997167 shutdown_connections
2024-05-09T00:45:21.807 INFO:teuthology.orchestra.run.smithi073.stdout:/usr/bin/ceph: stderr
2024-05-09T00:45:21.196+0000 7fafaddfd700 1 --2- 172.21.15.73:0/2199997167 >> [v2:172.21.15.73:6800/1819673234,v1:172.21.15.73:6801/1819673234] conn(0x7faf9003e470 0x7faf90040980 unknown :-1 s=CLOSED pgs=15 cs=0 l=1 rev1=1 crypto rx=0 tx=0 comp rx=0 tx=0).stop
2024-05-09T00:45:21.807 INFO:teuthology.orchestra.run.smithi073.stdout:/usr/bin/ceph: stderr
2024-05-09T00:45:21.196+0000 7fafaddfd700 1 --2- 172.21.15.73:0/2199997167 >> [v2:172.21.15.73:3300/0,v1:172.21.15.73:6789/0] conn(0x7fafa807bc70 0x7fafa819f610 unknown :-1 s=CLOSED pgs=52 cs=0 l=1 rev1=1 crypto rx=0 tx=0 comp rx=0 tx=0).stop
2024-05-09T00:45:21.807 INFO:teuthology.orchestra.run.smithi073.stdout:/usr/bin/ceph: stderr
2024-05-09T00:45:21.196+0000 7fafaddfd700 1 -- 172.21.15.73:0/2199997167 >> 172.21.15.73:0/2199997167 conn(0x7fafa8103610 msgr2=0x7fafa81093b0 unknown :-1 s=STATE_NONE l=0).mark_down
2024-05-09T00:45:21.807 INFO:teuthology.orchestra.run.smithi073.stdout:/usr/bin/ceph: stderr
2024-05-09T00:45:21.196+0000 7fafaddfd700 1 -- 172.21.15.73:0/2199997167 shutdown_connections
2024-05-09T00:45:21.807 INFO:teuthology.orchestra.run.smithi073.stdout:/usr/bin/ceph: stderr
2024-05-09T00:45:21.196+0000 7fafaddfd700 1 -- 172.21.15.73:0/2199997167 wait complete.
2024-05-09T00:45:21.807 INFO:teuthology.orchestra.run.smithi073.stdout:Enabling the dashboard module...
2024-05-09T00:45:22.222 INFO:journalctl@ceph.mon.a.smithi073.stdout:May 09 00:45:22 smithi073 ceph-mon[27225]: from='mgr.14118 172.21.15.73:0/170705562' entity='mgr.x'
2024-05-09T00:45:22.222 INFO:journalctl@ceph.mon.a.smithi073.stdout:May 09 00:45:22 smithi073 ceph-mon[27225]: from='client.? 172.21.15.73:0/2199997167' entity='client.admin'
2024-05-09T00:45:23.265 INFO:journalctl@ceph.mon.a.smithi073.stdout:May 09 00:45:23 smithi073 ceph-mon[27225]: from='client.? 172.21.15.73:0/161586666' entity='client.admin' cmd=[{"prefix": "mgr module enable", "module": "dashboard"}]: dispatch
2024-05-09T00:45:23.266 INFO:journalctl@ceph.mgr.x.smithi073.stdout:May 09 00:45:23 smithi073 ceph-30a410e8-0d9d-11ef-bc97-c7b262605968-mgr-x[27460]: ignoring --setuser ceph since I am not root
2024-05-09T00:45:23.266 INFO:journalctl@ceph.mgr.x.smithi073.stdout:May 09 00:45:23 smithi073 ceph-30a410e8-0d9d-11ef-bc97-c7b262605968-mgr-x[27460]: ignoring --setgroup ceph since I am not root
2024-05-09T00:45:23.266 INFO:journalctl@ceph.mgr.x.smithi073.stdout:May 09 00:45:23 smithi073 ceph-30a410e8-0d9d-11ef-bc97-c7b262605968-mgr-x[27460]:
2024-05-09T00:45:23.223+0000 7fc12e35d200 -1 mgr[py] Module balancer has missing NOTIFY_TYPES member
2024-05-09T00:45:23.618 INFO:journalctl@ceph.mgr.x.smithi073.stdout:May 09 00:45:23 smithi073 ceph-30a410e8-0d9d-11ef-bc97-c7b262605968-mgr-x[27460]:
2024-05-09T00:45:23.414+0000 7fc12e35d200 -1 mgr[py] Module orchestrator has missing NOTIFY_TYPES member
2024-05-09T00:45:23.618 INFO:journalctl@ceph.mgr.x.smithi073.stdout:May 09 00:45:23 smithi073 ceph-30a410e8-0d9d-11ef-bc97-c7b262605968-mgr-x[27460]:
2024-05-09T00:45:23.517+0000 7fc12e35d200 -1 mgr[py] Module snap_schedule has missing NOTIFY_TYPES member
2024-05-09T00:45:23.759 INFO:teuthology.orchestra.run.smithi073.stdout:/usr/bin/ceph: stderr
2024-05-09T00:45:22.248+0000 7f0cd0023700 1 Processor -- start
2024-05-09T00:45:23.760 INFO:teuthology.orchestra.run.smithi073.stdout:/usr/bin/ceph: stderr
2024-05-09T00:45:22.248+0000 7f0cd0023700 1 -- start start
2024-05-09T00:45:23.760 INFO:teuthology.orchestra.run.smithi073.stdout:/usr/bin/ceph: stderr
2024-05-09T00:45:22.249+0000 7f0cd0023700 1 --2- >> [v2:172.21.15.73:3300/0,v1:172.21.15.73:6789/0] conn(0x7f0cc810a630 0x7f0cc810aa40 unknown :-1 s=NONE pgs=0 cs=0 l=0 rev1=0 crypto rx=0 tx=0 comp rx=0 tx=0).connect
2024-05-09T00:45:23.760 INFO:teuthology.orchestra.run.smithi073.stdout:/usr/bin/ceph: stderr
2024-05-09T00:45:22.249+0000 7f0cd0023700 1 -- --> [v2:172.21.15.73:3300/0,v1:172.21.15.73:6789/0] -- mon_getmap magic: 0 -- 0x7f0cc810b010 con 0x7f0cc810a630
2024-05-09T00:45:23.760 INFO:teuthology.orchestra.run.smithi073.stdout:/usr/bin/ceph: stderr
2024-05-09T00:45:22.249+0000 7f0ccddbf700 1 --2- >> [v2:172.21.15.73:3300/0,v1:172.21.15.73:6789/0] conn(0x7f0cc810a630 0x7f0cc810aa40 unknown :-1 s=BANNER_CONNECTING pgs=0 cs=0 l=0 rev1=0 crypto rx=0 tx=0 comp rx=0 tx=0)._handle_peer_banner_payload supported=3 required=0
2024-05-09T00:45:23.760 INFO:teuthology.orchestra.run.smithi073.stdout:/usr/bin/ceph: stderr
2024-05-09T00:45:22.249+0000 7f0ccddbf700 1 --2- >> [v2:172.21.15.73:3300/0,v1:172.21.15.73:6789/0] conn(0x7f0cc810a630 0x7f0cc810aa40 unknown :-1 s=HELLO_CONNECTING pgs=0 cs=0 l=0 rev1=1 crypto rx=0 tx=0 comp rx=0 tx=0).handle_hello peer v2:172.21.15.73:3300/0 says I am v2:172.21.15.73:43532/0 (socket says 172.21.15.73:43532)
2024-05-09T00:45:23.760 INFO:teuthology.orchestra.run.smithi073.stdout:/usr/bin/ceph: stderr
2024-05-09T00:45:22.249+0000 7f0ccddbf700 1 -- 172.21.15.73:0/3052256368 learned_addr learned my addr 172.21.15.73:0/3052256368 (peer_addr_for_me v2:172.21.15.73:0/0)
2024-05-09T00:45:23.760 INFO:teuthology.orchestra.run.smithi073.stdout:/usr/bin/ceph: stderr
2024-05-09T00:45:22.249+0000 7f0ccddbf700 1 -- 172.21.15.73:0/3052256368 --> [v2:172.21.15.73:3300/0,v1:172.21.15.73:6789/0] -- mon_subscribe({config=0+,monmap=0+}) -- 0x7f0cc810b190 con 0x7f0cc810a630
2024-05-09T00:45:23.760 INFO:teuthology.orchestra.run.smithi073.stdout:/usr/bin/ceph: stderr
2024-05-09T00:45:22.249+0000 7f0ccddbf700 1 --2- 172.21.15.73:0/3052256368 >> [v2:172.21.15.73:3300/0,v1:172.21.15.73:6789/0] conn(0x7f0cc810a630 0x7f0cc810aa40 secure :-1 s=READY pgs=53 cs=0 l=1 rev1=1 crypto rx=0x7f0cc40098a0 tx=0x7f0cc4009bb0 comp rx=0 tx=0).ready entity=mon.0 client_cookie=9e8087cf96a92041 server_cookie=0 in_seq=0 out_seq=0
2024-05-09T00:45:23.760 INFO:teuthology.orchestra.run.smithi073.stdout:/usr/bin/ceph: stderr
2024-05-09T00:45:22.249+0000 7f0cccdbd700 1 -- 172.21.15.73:0/3052256368 <== mon.0 v2:172.21.15.73:3300/0 1 ==== mon_map magic: 0 ==== 205+0+0 (secure 0 0 0) 0x7f0cc4004160 con 0x7f0cc810a630
2024-05-09T00:45:23.760 INFO:teuthology.orchestra.run.smithi073.stdout:/usr/bin/ceph: stderr
2024-05-09T00:45:22.249+0000 7f0cccdbd700 1 -- 172.21.15.73:0/3052256368 <== mon.0 v2:172.21.15.73:3300/0 2 ==== config(25 keys) ==== 1063+0+0 (secure 0 0 0) 0x7f0cc4004300 con 0x7f0cc810a630
2024-05-09T00:45:23.760 INFO:teuthology.orchestra.run.smithi073.stdout:/usr/bin/ceph: stderr
2024-05-09T00:45:22.249+0000 7f0cccdbd700 1 -- 172.21.15.73:0/3052256368 <== mon.0 v2:172.21.15.73:3300/0 3 ==== mon_map magic: 0 ==== 205+0+0 (secure 0 0 0) 0x7f0cc4011960 con 0x7f0cc810a630
2024-05-09T00:45:23.761 INFO:teuthology.orchestra.run.smithi073.stdout:/usr/bin/ceph: stderr
2024-05-09T00:45:22.250+0000 7f0cd0023700 1 -- 172.21.15.73:0/3052256368 >> [v2:172.21.15.73:3300/0,v1:172.21.15.73:6789/0] conn(0x7f0cc810a630 msgr2=0x7f0cc810aa40 secure :-1 s=STATE_CONNECTION_ESTABLISHED l=1).mark_down
2024-05-09T00:45:23.761 INFO:teuthology.orchestra.run.smithi073.stdout:/usr/bin/ceph: stderr
2024-05-09T00:45:22.250+0000 7f0cd0023700 1 --2- 172.21.15.73:0/3052256368 >> [v2:172.21.15.73:3300/0,v1:172.21.15.73:6789/0] conn(0x7f0cc810a630 0x7f0cc810aa40 secure :-1 s=READY pgs=53 cs=0 l=1 rev1=1 crypto rx=0x7f0cc40098a0 tx=0x7f0cc4009bb0 comp rx=0 tx=0).stop
2024-05-09T00:45:23.761 INFO:teuthology.orchestra.run.smithi073.stdout:/usr/bin/ceph: stderr
2024-05-09T00:45:22.250+0000 7f0cd0023700 1 -- 172.21.15.73:0/3052256368 shutdown_connections
2024-05-09T00:45:23.761 INFO:teuthology.orchestra.run.smithi073.stdout:/usr/bin/ceph: stderr
2024-05-09T00:45:22.250+0000 7f0cd0023700 1 --2- 172.21.15.73:0/3052256368 >> [v2:172.21.15.73:3300/0,v1:172.21.15.73:6789/0] conn(0x7f0cc810a630 0x7f0cc810aa40 unknown :-1 s=CLOSED pgs=53 cs=0 l=1 rev1=1 crypto rx=0 tx=0 comp rx=0 tx=0).stop
2024-05-09T00:45:23.761 INFO:teuthology.orchestra.run.smithi073.stdout:/usr/bin/ceph: stderr
2024-05-09T00:45:22.250+0000 7f0cd0023700 1 -- 172.21.15.73:0/3052256368 >> 172.21.15.73:0/3052256368 conn(0x7f0cc8102d30 msgr2=0x7f0cc8105200 unknown :-1 s=STATE_NONE l=0).mark_down
2024-05-09T00:45:23.761 INFO:teuthology.orchestra.run.smithi073.stdout:/usr/bin/ceph: stderr
2024-05-09T00:45:22.250+0000 7f0cd0023700 1 -- 172.21.15.73:0/3052256368 shutdown_connections
2024-05-09T00:45:23.761 INFO:teuthology.orchestra.run.smithi073.stdout:/usr/bin/ceph: stderr
2024-05-09T00:45:22.250+0000 7f0cd0023700 1 -- 172.21.15.73:0/3052256368 wait complete.
2024-05-09T00:45:23.761 INFO:teuthology.orchestra.run.smithi073.stdout:/usr/bin/ceph: stderr
2024-05-09T00:45:22.251+0000 7f0cd0023700 1 Processor -- start
2024-05-09T00:45:23.761 INFO:teuthology.orchestra.run.smithi073.stdout:/usr/bin/ceph: stderr
2024-05-09T00:45:22.251+0000 7f0cd0023700 1 -- start start
2024-05-09T00:45:23.761 INFO:teuthology.orchestra.run.smithi073.stdout:/usr/bin/ceph: stderr
2024-05-09T00:45:22.251+0000 7f0cd0023700 1 --2- >> [v2:172.21.15.73:3300/0,v1:172.21.15.73:6789/0] conn(0x7f0cc810a630 0x7f0cc8109b20 unknown :-1 s=NONE pgs=0 cs=0 l=1 rev1=0 crypto rx=0 tx=0 comp rx=0 tx=0).connect
2024-05-09T00:45:23.761 INFO:teuthology.orchestra.run.smithi073.stdout:/usr/bin/ceph: stderr
2024-05-09T00:45:22.251+0000 7f0cd0023700 1 -- --> [v2:172.21.15.73:3300/0,v1:172.21.15.73:6789/0] -- mon_getmap magic: 0 -- 0x7f0cc8107ec0 con 0x7f0cc810a630
2024-05-09T00:45:23.761 INFO:teuthology.orchestra.run.smithi073.stdout:/usr/bin/ceph: stderr
2024-05-09T00:45:22.251+0000 7f0ccddbf700 1 --2- >> [v2:172.21.15.73:3300/0,v1:172.21.15.73:6789/0] conn(0x7f0cc810a630 0x7f0cc8109b20 unknown :-1 s=BANNER_CONNECTING pgs=0 cs=0 l=1 rev1=0 crypto rx=0 tx=0 comp rx=0 tx=0)._handle_peer_banner_payload supported=3 required=0
2024-05-09T00:45:23.761 INFO:teuthology.orchestra.run.smithi073.stdout:/usr/bin/ceph: stderr
2024-05-09T00:45:22.251+0000 7f0ccddbf700 1 --2- >> [v2:172.21.15.73:3300/0,v1:172.21.15.73:6789/0] conn(0x7f0cc810a630 0x7f0cc8109b20 unknown :-1 s=HELLO_CONNECTING pgs=0 cs=0 l=1 rev1=1 crypto rx=0 tx=0 comp rx=0 tx=0).handle_hello peer v2:172.21.15.73:3300/0 says I am v2:172.21.15.73:43544/0 (socket says 172.21.15.73:43544)
2024-05-09T00:45:23.761 INFO:teuthology.orchestra.run.smithi073.stdout:/usr/bin/ceph: stderr
2024-05-09T00:45:22.251+0000 7f0ccddbf700 1 -- 172.21.15.73:0/161586666 learned_addr learned my addr 172.21.15.73:0/161586666 (peer_addr_for_me v2:172.21.15.73:0/0)
2024-05-09T00:45:23.762 INFO:teuthology.orchestra.run.smithi073.stdout:/usr/bin/ceph: stderr
2024-05-09T00:45:22.251+0000 7f0ccddbf700 1 -- 172.21.15.73:0/161586666 --> [v2:172.21.15.73:3300/0,v1:172.21.15.73:6789/0] -- mon_subscribe({config=0+,monmap=0+}) -- 0x7f0cc810a060 con 0x7f0cc810a630
2024-05-09T00:45:23.762 INFO:teuthology.orchestra.run.smithi073.stdout:/usr/bin/ceph: stderr
2024-05-09T00:45:22.252+0000 7f0ccddbf700 1 --2- 172.21.15.73:0/161586666 >> [v2:172.21.15.73:3300/0,v1:172.21.15.73:6789/0] conn(0x7f0cc810a630 0x7f0cc8109b20 secure :-1 s=READY pgs=54 cs=0 l=1 rev1=1 crypto rx=0x7f0cc4011980 tx=0x7f0cc4011a60 comp rx=0 tx=0).ready entity=mon.0 client_cookie=0 server_cookie=0 in_seq=0 out_seq=0
2024-05-09T00:45:23.762 INFO:teuthology.orchestra.run.smithi073.stdout:/usr/bin/ceph: stderr
2024-05-09T00:45:22.252+0000 7f0cbeffd700 1 -- 172.21.15.73:0/161586666 <== mon.0 v2:172.21.15.73:3300/0 1 ==== mon_map magic: 0 ==== 205+0+0 (secure 0 0 0) 0x7f0cc40039e0 con 0x7f0cc810a630
2024-05-09T00:45:23.762 INFO:teuthology.orchestra.run.smithi073.stdout:/usr/bin/ceph: stderr
2024-05-09T00:45:22.252+0000 7f0cbeffd700 1 -- 172.21.15.73:0/161586666 <== mon.0 v2:172.21.15.73:3300/0 2 ==== config(25 keys) ==== 1063+0+0 (secure 0 0 0) 0x7f0cc401b8d0 con 0x7f0cc810a630
2024-05-09T00:45:23.762 INFO:teuthology.orchestra.run.smithi073.stdout:/usr/bin/ceph: stderr
2024-05-09T00:45:22.252+0000 7f0cd0023700 1 -- 172.21.15.73:0/161586666 --> [v2:172.21.15.73:3300/0,v1:172.21.15.73:6789/0] -- mon_subscribe({mgrmap=0+}) -- 0x7f0cc81082b0 con 0x7f0cc810a630
