2024-05-09T00:44:57.106+0000 7fc6527fc700 1 -- 172.21.15.73:0/1950355410 <== mon.0 v2:172.21.15.73:3300/0 2 ==== config(25 keys) ==== 1032+0+0 (secure 0 0 0) 0x7fc65801a8a0 con 0x7fc65c07bc70
2024-05-09T00:44:57.991 INFO:teuthology.orchestra.run.smithi073.stdout:/usr/bin/ceph: stderr
2024-05-09T00:44:57.106+0000 7fc6638bb700 1 -- 172.21.15.73:0/1950355410 --> [v2:172.21.15.73:3300/0,v1:172.21.15.73:6789/0] -- mon_subscribe({mgrmap=0+}) -- 0x7fc65c19db80 con 0x7fc65c07bc70
2024-05-09T00:44:57.991 INFO:teuthology.orchestra.run.smithi073.stdout:/usr/bin/ceph: stderr
2024-05-09T00:44:57.106+0000 7fc6527fc700 1 -- 172.21.15.73:0/1950355410 <== mon.0 v2:172.21.15.73:3300/0 3 ==== mon_map magic: 0 ==== 205+0+0 (secure 0 0 0) 0x7fc658024830 con 0x7fc65c07bc70
2024-05-09T00:44:57.992 INFO:teuthology.orchestra.run.smithi073.stdout:/usr/bin/ceph: stderr
2024-05-09T00:44:57.106+0000 7fc6638bb700 1 -- 172.21.15.73:0/1950355410 --> [v2:172.21.15.73:3300/0,v1:172.21.15.73:6789/0] -- mon_subscribe({osdmap=0}) -- 0x7fc65c1a0790 con 0x7fc65c07bc70
2024-05-09T00:44:57.992 INFO:teuthology.orchestra.run.smithi073.stdout:/usr/bin/ceph: stderr
2024-05-09T00:44:57.107+0000 7fc6527fc700 1 -- 172.21.15.73:0/1950355410 <== mon.0 v2:172.21.15.73:3300/0 4 ==== mgrmap(e 5) ==== 50222+0+0 (secure 0 0 0) 0x7fc658022020 con 0x7fc65c07bc70
2024-05-09T00:44:57.992 INFO:teuthology.orchestra.run.smithi073.stdout:/usr/bin/ceph: stderr
2024-05-09T00:44:57.107+0000 7fc6638bb700 1 -- 172.21.15.73:0/1950355410 --> [v2:172.21.15.73:3300/0,v1:172.21.15.73:6789/0] -- mon_command({"prefix": "get_command_descriptions"} v 0) -- 0x7fc65c064e20 con 0x7fc65c07bc70
2024-05-09T00:44:57.992 INFO:teuthology.orchestra.run.smithi073.stdout:/usr/bin/ceph: stderr
2024-05-09T00:44:57.107+0000 7fc6527fc700 1 --2- 172.21.15.73:0/1950355410 >> [v2:172.21.15.73:6800/1606957462,v1:172.21.15.73:6801/1606957462] conn(0x7fc64803e470 0x7fc648040980 unknown :-1 s=NONE pgs=0 cs=0 l=1 rev1=0 crypto rx=0 tx=0 comp rx=0 tx=0).connect
2024-05-09T00:44:57.992 INFO:teuthology.orchestra.run.smithi073.stdout:/usr/bin/ceph: stderr
2024-05-09T00:44:57.107+0000 7fc660e56700 1 -- 172.21.15.73:0/1950355410 >> [v2:172.21.15.73:6800/1606957462,v1:172.21.15.73:6801/1606957462] conn(0x7fc64803e470 msgr2=0x7fc648040980 unknown :-1 s=STATE_CONNECTING_RE l=1).process reconnect failed to v2:172.21.15.73:6800/1606957462
2024-05-09T00:44:57.992 INFO:teuthology.orchestra.run.smithi073.stdout:/usr/bin/ceph: stderr
2024-05-09T00:44:57.107+0000 7fc6527fc700 1 -- 172.21.15.73:0/1950355410 <== mon.0 v2:172.21.15.73:3300/0 5 ==== osd_map(1..1 src has 1..1) ==== 725+0+0 (secure 0 0 0) 0x7fc6580548b0 con 0x7fc65c07bc70
2024-05-09T00:44:57.992 INFO:teuthology.orchestra.run.smithi073.stdout:/usr/bin/ceph: stderr
2024-05-09T00:44:57.107+0000 7fc660e56700 1 --2- 172.21.15.73:0/1950355410 >> [v2:172.21.15.73:6800/1606957462,v1:172.21.15.73:6801/1606957462] conn(0x7fc64803e470 0x7fc648040980 unknown :-1 s=START_CONNECT pgs=0 cs=0 l=1 rev1=0 crypto rx=0 tx=0 comp rx=0 tx=0)._fault waiting 0.200000
2024-05-09T00:44:57.992 INFO:teuthology.orchestra.run.smithi073.stdout:/usr/bin/ceph: stderr
2024-05-09T00:44:57.113+0000 7fc6527fc700 1 -- 172.21.15.73:0/1950355410 <== mon.0 v2:172.21.15.73:3300/0 6 ==== mon_command_ack([{"prefix": "get_command_descriptions"}]=0 v0) ==== 72+0+191963 (secure 0 0 0) 0x7fc658029210 con 0x7fc65c07bc70
2024-05-09T00:44:57.992 INFO:teuthology.orchestra.run.smithi073.stdout:/usr/bin/ceph: stderr
2024-05-09T00:44:57.308+0000 7fc660e56700 1 -- 172.21.15.73:0/1950355410 >> [v2:172.21.15.73:6800/1606957462,v1:172.21.15.73:6801/1606957462] conn(0x7fc64803e470 msgr2=0x7fc648040980 unknown :-1 s=STATE_CONNECTING_RE l=1).process reconnect failed to v2:172.21.15.73:6800/1606957462
2024-05-09T00:44:57.992 INFO:teuthology.orchestra.run.smithi073.stdout:/usr/bin/ceph: stderr
2024-05-09T00:44:57.308+0000 7fc660e56700 1 --2- 172.21.15.73:0/1950355410 >> [v2:172.21.15.73:6800/1606957462,v1:172.21.15.73:6801/1606957462] conn(0x7fc64803e470 0x7fc648040980 unknown :-1 s=START_CONNECT pgs=0 cs=0 l=1 rev1=0 crypto rx=0 tx=0 comp rx=0 tx=0)._fault waiting 0.400000
2024-05-09T00:44:57.992 INFO:teuthology.orchestra.run.smithi073.stdout:/usr/bin/ceph: stderr
2024-05-09T00:44:57.407+0000 7fc6638bb700 1 -- 172.21.15.73:0/1950355410 --> [v2:172.21.15.73:3300/0,v1:172.21.15.73:6789/0] -- mon_command({"prefix": "mgr stat"} v 0) -- 0x7fc65c1a09b0 con 0x7fc65c07bc70
2024-05-09T00:44:57.992 INFO:teuthology.orchestra.run.smithi073.stdout:/usr/bin/ceph: stderr
2024-05-09T00:44:57.408+0000 7fc6527fc700 1 -- 172.21.15.73:0/1950355410 <== mon.0 v2:172.21.15.73:3300/0 7 ==== mon_command_ack([{"prefix": "mgr stat"}]=0 v5) ==== 56+0+88 (secure 0 0 0) 0x7fc65c1a09b0 con 0x7fc65c07bc70
2024-05-09T00:44:57.992 INFO:teuthology.orchestra.run.smithi073.stdout:/usr/bin/ceph: stderr
2024-05-09T00:44:57.412+0000 7fc6638bb700 1 -- 172.21.15.73:0/1950355410 >> [v2:172.21.15.73:6800/1606957462,v1:172.21.15.73:6801/1606957462] conn(0x7fc64803e470 msgr2=0x7fc648040980 unknown :-1 s=STATE_CONNECTING l=1).mark_down
2024-05-09T00:44:57.993 INFO:teuthology.orchestra.run.smithi073.stdout:/usr/bin/ceph: stderr
2024-05-09T00:44:57.412+0000 7fc6638bb700 1 --2- 172.21.15.73:0/1950355410 >> [v2:172.21.15.73:6800/1606957462,v1:172.21.15.73:6801/1606957462] conn(0x7fc64803e470 0x7fc648040980 unknown :-1 s=START_CONNECT pgs=0 cs=0 l=1 rev1=0 crypto rx=0 tx=0 comp rx=0 tx=0).stop
2024-05-09T00:44:57.993 INFO:teuthology.orchestra.run.smithi073.stdout:/usr/bin/ceph: stderr
2024-05-09T00:44:57.412+0000 7fc6638bb700 1 -- 172.21.15.73:0/1950355410 >> [v2:172.21.15.73:3300/0,v1:172.21.15.73:6789/0] conn(0x7fc65c07bc70 msgr2=0x7fc65c19d3b0 secure :-1 s=STATE_CONNECTION_ESTABLISHED l=1).mark_down
2024-05-09T00:44:57.993 INFO:teuthology.orchestra.run.smithi073.stdout:/usr/bin/ceph: stderr
2024-05-09T00:44:57.412+0000 7fc6638bb700 1 --2- 172.21.15.73:0/1950355410 >> [v2:172.21.15.73:3300/0,v1:172.21.15.73:6789/0] conn(0x7fc65c07bc70 0x7fc65c19d3b0 secure :-1 s=READY pgs=25 cs=0 l=1 rev1=1 crypto rx=0x7fc6580119b0 tx=0x7fc658011a90 comp rx=0 tx=0).stop
2024-05-09T00:44:57.993 INFO:teuthology.orchestra.run.smithi073.stdout:/usr/bin/ceph: stderr
2024-05-09T00:44:57.412+0000 7fc6638bb700 1 -- 172.21.15.73:0/1950355410 shutdown_connections
2024-05-09T00:44:57.993 INFO:teuthology.orchestra.run.smithi073.stdout:/usr/bin/ceph: stderr
2024-05-09T00:44:57.412+0000 7fc6638bb700 1 --2- 172.21.15.73:0/1950355410 >> [v2:172.21.15.73:6800/1606957462,v1:172.21.15.73:6801/1606957462] conn(0x7fc64803e470 0x7fc648040980 unknown :-1 s=CLOSED pgs=0 cs=0 l=1 rev1=0 crypto rx=0 tx=0 comp rx=0 tx=0).stop
2024-05-09T00:44:57.993 INFO:teuthology.orchestra.run.smithi073.stdout:/usr/bin/ceph: stderr
2024-05-09T00:44:57.412+0000 7fc6638bb700 1 --2- 172.21.15.73:0/1950355410 >> [v2:172.21.15.73:3300/0,v1:172.21.15.73:6789/0] conn(0x7fc65c07bc70 0x7fc65c19d3b0 unknown :-1 s=CLOSED pgs=25 cs=0 l=1 rev1=1 crypto rx=0 tx=0 comp rx=0 tx=0).stop
2024-05-09T00:44:57.993 INFO:teuthology.orchestra.run.smithi073.stdout:/usr/bin/ceph: stderr
2024-05-09T00:44:57.412+0000 7fc6638bb700 1 -- 172.21.15.73:0/1950355410 >> 172.21.15.73:0/1950355410 conn(0x7fc65c103610 msgr2=0x7fc65c103ef0 unknown :-1 s=STATE_NONE l=0).mark_down
2024-05-09T00:44:57.993 INFO:teuthology.orchestra.run.smithi073.stdout:/usr/bin/ceph: stderr
2024-05-09T00:44:57.412+0000 7fc6638bb700 1 -- 172.21.15.73:0/1950355410 shutdown_connections
2024-05-09T00:44:57.994 INFO:teuthology.orchestra.run.smithi073.stdout:/usr/bin/ceph: stderr
2024-05-09T00:44:57.412+0000 7fc6638bb700 1 -- 172.21.15.73:0/1950355410 wait complete.
2024-05-09T00:44:57.994 INFO:teuthology.orchestra.run.smithi073.stdout:Waiting for the mgr to restart...
2024-05-09T00:44:57.994 INFO:teuthology.orchestra.run.smithi073.stdout:Waiting for mgr epoch 5...
2024-05-09T00:44:58.356 INFO:journalctl@ceph.mon.a.smithi073.stdout:May 09 00:44:58 smithi073 ceph-mon[27225]: from='client.? 172.21.15.73:0/1950355410' entity='client.admin' cmd=[{"prefix": "mgr stat"}]: dispatch
2024-05-09T00:44:58.357 INFO:journalctl@ceph.mgr.x.smithi073.stdout:May 09 00:44:58 smithi073 ceph-30a410e8-0d9d-11ef-bc97-c7b262605968-mgr-x[27460]:
2024-05-09T00:44:58.207+0000 7fadb9691200 -1 mgr[py] Module telegraf has missing NOTIFY_TYPES member
2024-05-09T00:44:58.617 INFO:journalctl@ceph.mgr.x.smithi073.stdout:May 09 00:44:58 smithi073 ceph-30a410e8-0d9d-11ef-bc97-c7b262605968-mgr-x[27460]:
2024-05-09T00:44:58.388+0000 7fadb9691200 -1 mgr[py] Module osd_support has missing NOTIFY_TYPES member
2024-05-09T00:44:58.617 INFO:journalctl@ceph.mgr.x.smithi073.stdout:May 09 00:44:58 smithi073 ceph-30a410e8-0d9d-11ef-bc97-c7b262605968-mgr-x[27460]:
2024-05-09T00:44:58.560+0000 7fadb9691200 -1 mgr[py] Module iostat has missing NOTIFY_TYPES member
2024-05-09T00:44:58.949 INFO:journalctl@ceph.mgr.x.smithi073.stdout:May 09 00:44:58 smithi073 ceph-30a410e8-0d9d-11ef-bc97-c7b262605968-mgr-x[27460]:
2024-05-09T00:44:58.852+0000 7fadb9691200 -1 mgr[py] Module alerts has missing NOTIFY_TYPES member
2024-05-09T00:44:58.949 INFO:journalctl@ceph.mgr.x.smithi073.stdout:May 09 00:44:58 smithi073 ceph-30a410e8-0d9d-11ef-bc97-c7b262605968-mgr-x[27460]:
2024-05-09T00:44:58.947+0000 7fadb9691200 -1 mgr[py] Module selftest has missing NOTIFY_TYPES member
2024-05-09T00:44:59.265 INFO:journalctl@ceph.mgr.x.smithi073.stdout:May 09 00:44:59 smithi073 ceph-30a410e8-0d9d-11ef-bc97-c7b262605968-mgr-x[27460]:
2024-05-09T00:44:59.152+0000 7fadb9691200 -1 mgr[py] Module pg_autoscaler has missing NOTIFY_TYPES member
2024-05-09T00:44:59.765 INFO:journalctl@ceph.mgr.x.smithi073.stdout:May 09 00:44:59 smithi073 ceph-30a410e8-0d9d-11ef-bc97-c7b262605968-mgr-x[27460]:
2024-05-09T00:44:59.347+0000 7fadb9691200 -1 mgr[py] Module test_orchestrator has missing NOTIFY_TYPES member
2024-05-09T00:45:00.170 INFO:journalctl@ceph.mgr.x.smithi073.stdout:May 09 00:44:59 smithi073 ceph-30a410e8-0d9d-11ef-bc97-c7b262605968-mgr-x[27460]:
2024-05-09T00:44:59.946+0000 7fadb9691200 -1 mgr[py] Module rook has missing NOTIFY_TYPES member
2024-05-09T00:45:00.170 INFO:journalctl@ceph.mgr.x.smithi073.stdout:May 09 00:45:00 smithi073 ceph-30a410e8-0d9d-11ef-bc97-c7b262605968-mgr-x[27460]:
2024-05-09T00:45:00.169+0000 7fadb9691200 -1 mgr[py] Module smb has missing NOTIFY_TYPES member
2024-05-09T00:45:00.723 INFO:journalctl@ceph.mgr.x.smithi073.stdout:May 09 00:45:00 smithi073 ceph-30a410e8-0d9d-11ef-bc97-c7b262605968-mgr-x[27460]:
2024-05-09T00:45:00.619+0000 7fadb9691200 -1 mgr[py] Module volumes has missing NOTIFY_TYPES member
2024-05-09T00:45:00.723 INFO:journalctl@ceph.mgr.x.smithi073.stdout:May 09 00:45:00 smithi073 ceph-30a410e8-0d9d-11ef-bc97-c7b262605968-mgr-x[27460]:
2024-05-09T00:45:00.722+0000 7fadb9691200 -1 mgr[py] Module crash has missing NOTIFY_TYPES member
2024-05-09T00:45:01.411 INFO:journalctl@ceph.mgr.x.smithi073.stdout:May 09 00:45:01 smithi073 ceph-30a410e8-0d9d-11ef-bc97-c7b262605968-mgr-x[27460]:
2024-05-09T00:45:01.105+0000 7fadb9691200 -1 mgr[py] Module rgw has missing NOTIFY_TYPES member
2024-05-09T00:45:01.765 INFO:journalctl@ceph.mgr.x.smithi073.stdout:May 09 00:45:01 smithi073 ceph-30a410e8-0d9d-11ef-bc97-c7b262605968-mgr-x[27460]:
2024-05-09T00:45:01.473+0000 7fadb9691200 -1 mgr[py] Module prometheus has missing NOTIFY_TYPES member
2024-05-09T00:45:01.765 INFO:journalctl@ceph.mgr.x.smithi073.stdout:May 09 00:45:01 smithi073 ceph-30a410e8-0d9d-11ef-bc97-c7b262605968-mgr-x[27460]:
2024-05-09T00:45:01.568+0000 7fadb9691200 -1 mgr[py] Module devicehealth has missing NOTIFY_TYPES member
2024-05-09T00:45:02.265 INFO:journalctl@ceph.mgr.x.smithi073.stdout:May 09 00:45:01 smithi073 ceph-30a410e8-0d9d-11ef-bc97-c7b262605968-mgr-x[27460]:
2024-05-09T00:45:01.814+0000 7fadb9691200 -1 mgr[py] Module telemetry has missing NOTIFY_TYPES member
2024-05-09T00:45:02.265 INFO:journalctl@ceph.mgr.x.smithi073.stdout:May 09 00:45:01 smithi073 ceph-30a410e8-0d9d-11ef-bc97-c7b262605968-mgr-x[27460]:
2024-05-09T00:45:01.947+0000 7fadb9691200 -1 mgr[py] Module diskprediction_local has missing NOTIFY_TYPES member
2024-05-09T00:45:02.265 INFO:journalctl@ceph.mgr.x.smithi073.stdout:May 09 00:45:02 smithi073 ceph-30a410e8-0d9d-11ef-bc97-c7b262605968-mgr-x[27460]:
2024-05-09T00:45:02.044+0000 7fadb9691200 -1 mgr[py] Module osd_perf_query has missing NOTIFY_TYPES member
2024-05-09T00:45:02.765 INFO:journalctl@ceph.mgr.x.smithi073.stdout:May 09 00:45:02 smithi073 ceph-30a410e8-0d9d-11ef-bc97-c7b262605968-mgr-x[27460]:
2024-05-09T00:45:02.369+0000 7fadb9691200 -1 mgr[py] Module rbd_support has missing NOTIFY_TYPES member
2024-05-09T00:45:02.765 INFO:journalctl@ceph.mgr.x.smithi073.stdout:May 09 00:45:02 smithi073 ceph-30a410e8-0d9d-11ef-bc97-c7b262605968-mgr-x[27460]:
2024-05-09T00:45:02.463+0000 7fadb9691200 -1 mgr[py] Module zabbix has missing NOTIFY_TYPES member
2024-05-09T00:45:03.335 INFO:journalctl@ceph.mgr.x.smithi073.stdout:May 09 00:45:03 smithi073 ceph-30a410e8-0d9d-11ef-bc97-c7b262605968-mgr-x[27460]:
2024-05-09T00:45:03.061+0000 7fadb9691200 -1 mgr[py] Module status has missing NOTIFY_TYPES member
2024-05-09T00:45:03.336 INFO:journalctl@ceph.mgr.x.smithi073.stdout:May 09 00:45:03 smithi073 ceph-30a410e8-0d9d-11ef-bc97-c7b262605968-mgr-x[27460]:
2024-05-09T00:45:03.279+0000 7fadb9691200 -1 mgr[py] Module nfs has missing NOTIFY_TYPES member
2024-05-09T00:45:03.766 INFO:journalctl@ceph.mon.a.smithi073.stdout:May 09 00:45:03 smithi073 ceph-mon[27225]: Active manager daemon x restarted
2024-05-09T00:45:03.766 INFO:journalctl@ceph.mon.a.smithi073.stdout:May 09 00:45:03 smithi073 ceph-mon[27225]: Activating manager daemon x
2024-05-09T00:45:03.766 INFO:journalctl@ceph.mon.a.smithi073.stdout:May 09 00:45:03 smithi073 ceph-mon[27225]: osdmap e2: 0 total, 0 up, 0 in
2024-05-09T00:45:03.766 INFO:journalctl@ceph.mon.a.smithi073.stdout:May 09 00:45:03 smithi073 ceph-mon[27225]: mgrmap e6: x(active, starting, since 0.00373821s)
2024-05-09T00:45:03.766 INFO:journalctl@ceph.mon.a.smithi073.stdout:May 09 00:45:03 smithi073 ceph-mon[27225]: from='mgr.14118 172.21.15.73:0/170705562' entity='mgr.x' cmd=[{"prefix": "mon metadata", "id": "a"}]: dispatch
2024-05-09T00:45:03.766 INFO:journalctl@ceph.mon.a.smithi073.stdout:May 09 00:45:03 smithi073 ceph-mon[27225]: from='mgr.14118 172.21.15.73:0/170705562' entity='mgr.x' cmd=[{"prefix": "mgr metadata", "who": "x", "id": "x"}]: dispatch
2024-05-09T00:45:03.766 INFO:journalctl@ceph.mon.a.smithi073.stdout:May 09 00:45:03 smithi073 ceph-mon[27225]: from='mgr.14118 172.21.15.73:0/170705562' entity='mgr.x' cmd=[{"prefix": "mds metadata"}]: dispatch
2024-05-09T00:45:03.766 INFO:journalctl@ceph.mon.a.smithi073.stdout:May 09 00:45:03 smithi073 ceph-mon[27225]: from='mgr.14118 172.21.15.73:0/170705562' entity='mgr.x' cmd=[{"prefix": "osd metadata"}]: dispatch
2024-05-09T00:45:03.766 INFO:journalctl@ceph.mon.a.smithi073.stdout:May 09 00:45:03 smithi073 ceph-mon[27225]: from='mgr.14118 172.21.15.73:0/170705562' entity='mgr.x' cmd=[{"prefix": "mon metadata"}]: dispatch
2024-05-09T00:45:03.766 INFO:journalctl@ceph.mon.a.smithi073.stdout:May 09 00:45:03 smithi073 ceph-mon[27225]: Manager daemon x is now available
2024-05-09T00:45:03.766 INFO:journalctl@ceph.mon.a.smithi073.stdout:May 09 00:45:03 smithi073 ceph-mon[27225]: from='mgr.14118 172.21.15.73:0/170705562' entity='mgr.x'
2024-05-09T00:45:03.767 INFO:journalctl@ceph.mon.a.smithi073.stdout:May 09 00:45:03 smithi073 ceph-mon[27225]: from='mgr.14118 172.21.15.73:0/170705562' entity='mgr.x'
2024-05-09T00:45:03.767 INFO:journalctl@ceph.mon.a.smithi073.stdout:May 09 00:45:03 smithi073 ceph-mon[27225]: from='mgr.14118 172.21.15.73:0/170705562' entity='mgr.x' cmd=[{"prefix": "config dump", "format": "json"}]: dispatch
2024-05-09T00:45:03.767 INFO:journalctl@ceph.mon.a.smithi073.stdout:May 09 00:45:03 smithi073 ceph-mon[27225]: from='mgr.14118 172.21.15.73:0/170705562' entity='mgr.x' cmd=[{"prefix": "config dump", "format": "json"}]: dispatch
2024-05-09T00:45:04.601 INFO:journalctl@ceph.mon.a.smithi073.stdout:May 09 00:45:04 smithi073 ceph-mon[27225]: Found migration_current of "None". Setting to last migration.
2024-05-09T00:45:04.601 INFO:journalctl@ceph.mon.a.smithi073.stdout:May 09 00:45:04 smithi073 ceph-mon[27225]: from='mgr.14118 172.21.15.73:0/170705562' entity='mgr.x' cmd=[{"prefix":"config rm","who":"mgr","name":"mgr/rbd_support/x/mirror_snapshot_schedule"}]: dispatch
2024-05-09T00:45:04.601 INFO:journalctl@ceph.mon.a.smithi073.stdout:May 09 00:45:04 smithi073 ceph-mon[27225]: from='mgr.14118 172.21.15.73:0/170705562' entity='mgr.x' cmd=[{"prefix":"config rm","who":"mgr","name":"mgr/rbd_support/x/trash_purge_schedule"}]: dispatch
2024-05-09T00:45:04.601 INFO:journalctl@ceph.mon.a.smithi073.stdout:May 09 00:45:04 smithi073 ceph-mon[27225]: from='mgr.14118 172.21.15.73:0/170705562' entity='mgr.x'
2024-05-09T00:45:04.601 INFO:journalctl@ceph.mon.a.smithi073.stdout:May 09 00:45:04 smithi073 ceph-mon[27225]: from='mgr.14118 172.21.15.73:0/170705562' entity='mgr.x'
2024-05-09T00:45:04.601 INFO:journalctl@ceph.mon.a.smithi073.stdout:May 09 00:45:04 smithi073 ceph-mon[27225]: [09/May/2024:00:45:04] ENGINE Bus STARTING
2024-05-09T00:45:04.601 INFO:journalctl@ceph.mon.a.smithi073.stdout:May 09 00:45:04 smithi073 ceph-mon[27225]: [09/May/2024:00:45:04] ENGINE Serving on http://172.21.15.73:8765
2024-05-09T00:45:04.602 INFO:journalctl@ceph.mon.a.smithi073.stdout:May 09 00:45:04 smithi073 ceph-mon[27225]: from='mgr.14118 172.21.15.73:0/170705562' entity='mgr.x' cmd=[{"prefix": "config dump", "format": "json"}]: dispatch
2024-05-09T00:45:04.602 INFO:journalctl@ceph.mon.a.smithi073.stdout:May 09 00:45:04 smithi073 ceph-mon[27225]: mgrmap e7: x(active, since 1.00646s)
2024-05-09T00:45:04.878 INFO:teuthology.orchestra.run.smithi073.stdout:/usr/bin/ceph: stdout {
2024-05-09T00:45:04.878 INFO:teuthology.orchestra.run.smithi073.stdout:/usr/bin/ceph: stdout "mgrmap_epoch": 7,
2024-05-09T00:45:04.878 INFO:teuthology.orchestra.run.smithi073.stdout:/usr/bin/ceph: stdout "initialized": true
2024-05-09T00:45:04.878 INFO:teuthology.orchestra.run.smithi073.stdout:/usr/bin/ceph: stdout }
2024-05-09T00:45:04.878 INFO:teuthology.orchestra.run.smithi073.stdout:/usr/bin/ceph: stderr
2024-05-09T00:44:58.409+0000 7faf22e87700 1 Processor -- start
2024-05-09T00:45:04.878 INFO:teuthology.orchestra.run.smithi073.stdout:/usr/bin/ceph: stderr
2024-05-09T00:44:58.409+0000 7faf22e87700 1 -- start start
2024-05-09T00:45:04.879 INFO:teuthology.orchestra.run.smithi073.stdout:/usr/bin/ceph: stderr
2024-05-09T00:44:58.410+0000 7faf22e87700 1 --2- >> [v2:172.21.15.73:3300/0,v1:172.21.15.73:6789/0] conn(0x7faf1c109080 0x7faf1c109490 unknown :-1 s=NONE pgs=0 cs=0 l=0 rev1=0 crypto rx=0 tx=0 comp rx=0 tx=0).connect
2024-05-09T00:45:04.879 INFO:teuthology.orchestra.run.smithi073.stdout:/usr/bin/ceph: stderr
2024-05-09T00:44:58.410+0000 7faf22e87700 1 -- --> [v2:172.21.15.73:3300/0,v1:172.21.15.73:6789/0] -- mon_getmap magic: 0 -- 0x7faf1c109a80 con 0x7faf1c109080
2024-05-09T00:45:04.879 INFO:teuthology.orchestra.run.smithi073.stdout:/usr/bin/ceph: stderr
2024-05-09T00:44:58.410+0000 7faf20c23700 1 --2- >> [v2:172.21.15.73:3300/0,v1:172.21.15.73:6789/0] conn(0x7faf1c109080 0x7faf1c109490 unknown :-1 s=BANNER_CONNECTING pgs=0 cs=0 l=0 rev1=0 crypto rx=0 tx=0 comp rx=0 tx=0)._handle_peer_banner_payload supported=3 required=0
2024-05-09T00:45:04.879 INFO:teuthology.orchestra.run.smithi073.stdout:/usr/bin/ceph: stderr
2024-05-09T00:44:58.410+0000 7faf20c23700 1 --2- >> [v2:172.21.15.73:3300/0,v1:172.21.15.73:6789/0] conn(0x7faf1c109080 0x7faf1c109490 unknown :-1 s=HELLO_CONNECTING pgs=0 cs=0 l=0 rev1=1 crypto rx=0 tx=0 comp rx=0 tx=0).handle_hello peer v2:172.21.15.73:3300/0 says I am v2:172.21.15.73:33178/0 (socket says 172.21.15.73:33178)
2024-05-09T00:45:04.879 INFO:teuthology.orchestra.run.smithi073.stdout:/usr/bin/ceph: stderr
2024-05-09T00:44:58.410+0000 7faf20c23700 1 -- 172.21.15.73:0/810437110 learned_addr learned my addr 172.21.15.73:0/810437110 (peer_addr_for_me v2:172.21.15.73:0/0)
2024-05-09T00:45:04.879 INFO:teuthology.orchestra.run.smithi073.stdout:/usr/bin/ceph: stderr
2024-05-09T00:44:58.410+0000 7faf20c23700 1 -- 172.21.15.73:0/810437110 --> [v2:172.21.15.73:3300/0,v1:172.21.15.73:6789/0] -- mon_subscribe({config=0+,monmap=0+}) -- 0x7faf1c10a1b0 con 0x7faf1c109080
2024-05-09T00:45:04.879 INFO:teuthology.orchestra.run.smithi073.stdout:/usr/bin/ceph: stderr
2024-05-09T00:44:58.410+0000 7faf20c23700 1 --2- 172.21.15.73:0/810437110 >> [v2:172.21.15.73:3300/0,v1:172.21.15.73:6789/0] conn(0x7faf1c109080 0x7faf1c109490 secure :-1 s=READY pgs=26 cs=0 l=1 rev1=1 crypto rx=0x7faf100098a0 tx=0x7faf10009bb0 comp rx=0 tx=0).ready entity=mon.0 client_cookie=288f9f3d3800eb89 server_cookie=0 in_seq=0 out_seq=0
2024-05-09T00:45:04.879 INFO:teuthology.orchestra.run.smithi073.stdout:/usr/bin/ceph: stderr
2024-05-09T00:44:58.410+0000 7faf1b7fe700 1 -- 172.21.15.73:0/810437110 <== mon.0 v2:172.21.15.73:3300/0 1 ==== mon_map magic: 0 ==== 205+0+0 (secure 0 0 0) 0x7faf10004160 con 0x7faf1c109080
2024-05-09T00:45:04.879 INFO:teuthology.orchestra.run.smithi073.stdout:/usr/bin/ceph: stderr
2024-05-09T00:44:58.410+0000 7faf1b7fe700 1 -- 172.21.15.73:0/810437110 <== mon.0 v2:172.21.15.73:3300/0 2 ==== config(25 keys) ==== 1032+0+0 (secure 0 0 0) 0x7faf10004300 con 0x7faf1c109080
2024-05-09T00:45:04.879 INFO:teuthology.orchestra.run.smithi073.stdout:/usr/bin/ceph: stderr
2024-05-09T00:44:58.410+0000 7faf1b7fe700 1 -- 172.21.15.73:0/810437110 <== mon.0 v2:172.21.15.73:3300/0 3 ==== mon_map magic: 0 ==== 205+0+0 (secure 0 0 0) 0x7faf100119e0 con 0x7faf1c109080
2024-05-09T00:45:04.879 INFO:teuthology.orchestra.run.smithi073.stdout:/usr/bin/ceph: stderr
2024-05-09T00:44:58.411+0000 7faf22e87700 1 -- 172.21.15.73:0/810437110 >> [v2:172.21.15.73:3300/0,v1:172.21.15.73:6789/0] conn(0x7faf1c109080 msgr2=0x7faf1c109490 secure :-1 s=STATE_CONNECTION_ESTABLISHED l=1).mark_down
2024-05-09T00:45:04.879 INFO:teuthology.orchestra.run.smithi073.stdout:/usr/bin/ceph: stderr
2024-05-09T00:44:58.411+0000 7faf22e87700 1 --2- 172.21.15.73:0/810437110 >> [v2:172.21.15.73:3300/0,v1:172.21.15.73:6789/0] conn(0x7faf1c109080 0x7faf1c109490 secure :-1 s=READY pgs=26 cs=0 l=1 rev1=1 crypto rx=0x7faf100098a0 tx=0x7faf10009bb0 comp rx=0 tx=0).stop
2024-05-09T00:45:04.879 INFO:teuthology.orchestra.run.smithi073.stdout:/usr/bin/ceph: stderr
2024-05-09T00:44:58.411+0000 7faf22e87700 1 -- 172.21.15.73:0/810437110 shutdown_connections
2024-05-09T00:45:04.880 INFO:teuthology.orchestra.run.smithi073.stdout:/usr/bin/ceph: stderr
2024-05-09T00:44:58.411+0000 7faf22e87700 1 --2- 172.21.15.73:0/810437110 >> [v2:172.21.15.73:3300/0,v1:172.21.15.73:6789/0] conn(0x7faf1c109080 0x7faf1c109490 unknown :-1 s=CLOSED pgs=26 cs=0 l=1 rev1=1 crypto rx=0 tx=0 comp rx=0 tx=0).stop
2024-05-09T00:45:04.880 INFO:teuthology.orchestra.run.smithi073.stdout:/usr/bin/ceph: stderr
2024-05-09T00:44:58.411+0000 7faf22e87700 1 -- 172.21.15.73:0/810437110 >> 172.21.15.73:0/810437110 conn(0x7faf1c1046c0 msgr2=0x7faf1c106b70 unknown :-1 s=STATE_NONE l=0).mark_down
2024-05-09T00:45:04.880 INFO:teuthology.orchestra.run.smithi073.stdout:/usr/bin/ceph: stderr
2024-05-09T00:44:58.411+0000 7faf22e87700 1 -- 172.21.15.73:0/810437110 shutdown_connections
2024-05-09T00:45:04.880 INFO:teuthology.orchestra.run.smithi073.stdout:/usr/bin/ceph: stderr
2024-05-09T00:44:58.411+0000 7faf22e87700 1 -- 172.21.15.73:0/810437110 wait complete.
2024-05-09T00:45:04.880 INFO:teuthology.orchestra.run.smithi073.stdout:/usr/bin/ceph: stderr
2024-05-09T00:44:58.412+0000 7faf22e87700 1 Processor -- start
2024-05-09T00:45:04.880 INFO:teuthology.orchestra.run.smithi073.stdout:/usr/bin/ceph: stderr
2024-05-09T00:44:58.412+0000 7faf22e87700 1 -- start start
2024-05-09T00:45:04.880 INFO:teuthology.orchestra.run.smithi073.stdout:/usr/bin/ceph: stderr
2024-05-09T00:44:58.412+0000 7faf22e87700 1 --2- >> [v2:172.21.15.73:3300/0,v1:172.21.15.73:6789/0] conn(0x7faf1c109080 0x7faf1c19d3f0 unknown :-1 s=NONE pgs=0 cs=0 l=1 rev1=0 crypto rx=0 tx=0 comp rx=0 tx=0).connect
2024-05-09T00:45:04.880 INFO:teuthology.orchestra.run.smithi073.stdout:/usr/bin/ceph: stderr
2024-05-09T00:44:58.412+0000 7faf22e87700 1 -- --> [v2:172.21.15.73:3300/0,v1:172.21.15.73:6789/0] -- mon_getmap magic: 0 -- 0x7faf1c10d560 con 0x7faf1c109080
2024-05-09T00:45:04.880 INFO:teuthology.orchestra.run.smithi073.stdout:/usr/bin/ceph: stderr
2024-05-09T00:44:58.413+0000 7faf20c23700 1 --2- >> [v2:172.21.15.73:3300/0,v1:172.21.15.73:6789/0] conn(0x7faf1c109080 0x7faf1c19d3f0 unknown :-1 s=BANNER_CONNECTING pgs=0 cs=0 l=1 rev1=0 crypto rx=0 tx=0 comp rx=0 tx=0)._handle_peer_banner_payload supported=3 required=0
2024-05-09T00:45:04.880 INFO:teuthology.orchestra.run.smithi073.stdout:/usr/bin/ceph: stderr
2024-05-09T00:44:58.413+0000 7faf20c23700 1 --2- >> [v2:172.21.15.73:3300/0,v1:172.21.15.73:6789/0] conn(0x7faf1c109080 0x7faf1c19d3f0 unknown :-1 s=HELLO_CONNECTING pgs=0 cs=0 l=1 rev1=1 crypto rx=0 tx=0 comp rx=0 tx=0).handle_hello peer v2:172.21.15.73:3300/0 says I am v2:172.21.15.73:33188/0 (socket says 172.21.15.73:33188)
2024-05-09T00:45:04.880 INFO:teuthology.orchestra.run.smithi073.stdout:/usr/bin/ceph: stderr
2024-05-09T00:44:58.413+0000 7faf20c23700 1 -- 172.21.15.73:0/2333734158 learned_addr learned my addr 172.21.15.73:0/2333734158 (peer_addr_for_me v2:172.21.15.73:0/0)
2024-05-09T00:45:04.880 INFO:teuthology.orchestra.run.smithi073.stdout:/usr/bin/ceph: stderr
2024-05-09T00:44:58.413+0000 7faf20c23700 1 -- 172.21.15.73:0/2333734158 --> [v2:172.21.15.73:3300/0,v1:172.21.15.73:6789/0] -- mon_subscribe({config=0+,monmap=0+}) -- 0x7faf1c19d930 con 0x7faf1c109080
2024-05-09T00:45:04.880 INFO:teuthology.orchestra.run.smithi073.stdout:/usr/bin/ceph: stderr
2024-05-09T00:44:58.413+0000 7faf20c23700 1 --2- 172.21.15.73:0/2333734158 >> [v2:172.21.15.73:3300/0,v1:172.21.15.73:6789/0] conn(0x7faf1c109080 0x7faf1c19d3f0 secure :-1 s=READY pgs=27 cs=0 l=1 rev1=1 crypto rx=0x7faf100119b0 tx=0x7faf10011a90 comp rx=0 tx=0).ready entity=mon.0 client_cookie=0 server_cookie=0 in_seq=0 out_seq=0
2024-05-09T00:45:04.880 INFO:teuthology.orchestra.run.smithi073.stdout:/usr/bin/ceph: stderr
2024-05-09T00:44:58.413+0000 7faf19ffb700 1 -- 172.21.15.73:0/2333734158 <== mon.0 v2:172.21.15.73:3300/0 1 ==== mon_map magic: 0 ==== 205+0+0 (secure 0 0 0) 0x7faf10003970 con 0x7faf1c109080
2024-05-09T00:45:04.880 INFO:teuthology.orchestra.run.smithi073.stdout:/usr/bin/ceph: stderr
2024-05-09T00:44:58.413+0000 7faf22e87700 1 -- 172.21.15.73:0/2333734158 --> [v2:172.21.15.73:3300/0,v1:172.21.15.73:6789/0] -- mon_subscribe({mgrmap=0+}) -- 0x7faf1c19dbc0 con 0x7faf1c109080
2024-05-09T00:45:04.881 INFO:teuthology.orchestra.run.smithi073.stdout:/usr/bin/ceph: stderr
2024-05-09T00:44:58.413+0000 7faf19ffb700 1 -- 172.21.15.73:0/2333734158 <== mon.0 v2:172.21.15.73:3300/0 2 ==== config(25 keys) ==== 1032+0+0 (secure 0 0 0) 0x7faf10003b10 con 0x7faf1c109080
2024-05-09T00:45:04.881 INFO:teuthology.orchestra.run.smithi073.stdout:/usr/bin/ceph: stderr
2024-05-09T00:44:58.413+0000 7faf19ffb700 1 -- 172.21.15.73:0/2333734158 <== mon.0 v2:172.21.15.73:3300/0 3 ==== mon_map magic: 0 ==== 205+0+0 (secure 0 0 0) 0x7faf10024610 con 0x7faf1c109080
2024-05-09T00:45:04.881 INFO:teuthology.orchestra.run.smithi073.stdout:/usr/bin/ceph: stderr
2024-05-09T00:44:58.414+0000 7faf22e87700 1 -- 172.21.15.73:0/2333734158 --> [v2:172.21.15.73:3300/0,v1:172.21.15.73:6789/0] -- mon_subscribe({osdmap=0}) -- 0x7faf1c1a07d0 con 0x7faf1c109080
2024-05-09T00:45:04.881 INFO:teuthology.orchestra.run.smithi073.stdout:/usr/bin/ceph: stderr
2024-05-09T00:44:58.414+0000 7faf19ffb700 1 -- 172.21.15.73:0/2333734158 <== mon.0 v2:172.21.15.73:3300/0 4 ==== mgrmap(e 5) ==== 50222+0+0 (secure 0 0 0) 0x7faf1002d3f0 con 0x7faf1c109080
2024-05-09T00:45:04.881 INFO:teuthology.orchestra.run.smithi073.stdout:/usr/bin/ceph: stderr
2024-05-09T00:44:58.414+0000 7faf19ffb700 1 --2- 172.21.15.73:0/2333734158 >> [v2:172.21.15.73:6800/1606957462,v1:172.21.15.73:6801/1606957462] conn(0x7faf0c03e470 0x7faf0c040980 unknown :-1 s=NONE pgs=0 cs=0 l=1 rev1=0 crypto rx=0 tx=0 comp rx=0 tx=0).connect
2024-05-09T00:45:04.881 INFO:teuthology.orchestra.run.smithi073.stdout:/usr/bin/ceph: stderr
2024-05-09T00:44:58.414+0000 7faf19ffb700 1 -- 172.21.15.73:0/2333734158 --> [v2:172.21.15.73:6800/1606957462,v1:172.21.15.73:6801/1606957462] -- command(tid 0: {"prefix": "get_command_descriptions"}) -- 0x7faf0c041090 con 0x7faf0c03e470
2024-05-09T00:45:04.881 INFO:teuthology.orchestra.run.smithi073.stdout:/usr/bin/ceph: stderr
2024-05-09T00:44:58.415+0000 7faf19ffb700 1 -- 172.21.15.73:0/2333734158 <== mon.0 v2:172.21.15.73:3300/0 5 ==== osd_map(1..1 src has 1..1) ==== 725+0+0 (secure 0 0 0) 0x7faf10053ac0 con 0x7faf1c109080
2024-05-09T00:45:04.881 INFO:teuthology.orchestra.run.smithi073.stdout:/usr/bin/ceph: stderr
2024-05-09T00:44:58.415+0000 7faf1bfff700 1 -- 172.21.15.73:0/2333734158 >> [v2:172.21.15.73:6800/1606957462,v1:172.21.15.73:6801/1606957462] conn(0x7faf0c03e470 msgr2=0x7faf0c040980 unknown :-1 s=STATE_CONNECTING_RE l=1).process reconnect failed to v2:172.21.15.73:6800/1606957462
2024-05-09T00:45:04.881 INFO:teuthology.orchestra.run.smithi073.stdout:/usr/bin/ceph: stderr
2024-05-09T00:44:58.415+0000 7faf1bfff700 1 --2- 172.21.15.73:0/2333734158 >> [v2:172.21.15.73:6800/1606957462,v1:172.21.15.73:6801/1606957462] conn(0x7faf0c03e470 0x7faf0c040980 unknown :-1 s=START_CONNECT pgs=0 cs=0 l=1 rev1=0 crypto rx=0 tx=0 comp rx=0 tx=0)._fault waiting 0.200000
2024-05-09T00:45:04.881 INFO:teuthology.orchestra.run.smithi073.stdout:/usr/bin/ceph: stderr
2024-05-09T00:44:58.616+0000 7faf1bfff700 1 -- 172.21.15.73:0/2333734158 >> [v2:172.21.15.73:6800/1606957462,v1:172.21.15.73:6801/1606957462] conn(0x7faf0c03e470 msgr2=0x7faf0c040980 unknown :-1 s=STATE_CONNECTING_RE l=1).process reconnect failed to v2:172.21.15.73:6800/1606957462
2024-05-09T00:45:04.881 INFO:teuthology.orchestra.run.smithi073.stdout:/usr/bin/ceph: stderr
2024-05-09T00:44:58.616+0000 7faf1bfff700 1 --2- 172.21.15.73:0/2333734158 >> [v2:172.21.15.73:6800/1606957462,v1:172.21.15.73:6801/1606957462] conn(0x7faf0c03e470 0x7faf0c040980 unknown :-1 s=START_CONNECT pgs=0 cs=0 l=1 rev1=0 crypto rx=0 tx=0 comp rx=0 tx=0)._fault waiting 0.400000
2024-05-09T00:45:04.881 INFO:teuthology.orchestra.run.smithi073.stdout:/usr/bin/ceph: stderr
2024-05-09T00:44:59.017+0000 7faf1bfff700 1 -- 172.21.15.73:0/2333734158 >> [v2:172.21.15.73:6800/1606957462,v1:172.21.15.73:6801/1606957462] conn(0x7faf0c03e470 msgr2=0x7faf0c040980 unknown :-1 s=STATE_CONNECTING_RE l=1).process reconnect failed to v2:172.21.15.73:6800/1606957462
2024-05-09T00:45:04.881 INFO:teuthology.orchestra.run.smithi073.stdout:/usr/bin/ceph: stderr
2024-05-09T00:44:59.017+0000 7faf1bfff700 1 --2- 172.21.15.73:0/2333734158 >> [v2:172.21.15.73:6800/1606957462,v1:172.21.15.73:6801/1606957462] conn(0x7faf0c03e470 0x7faf0c040980 unknown :-1 s=START_CONNECT pgs=0 cs=0 l=1 rev1=0 crypto rx=0 tx=0 comp rx=0 tx=0)._fault waiting 0.800000
2024-05-09T00:45:04.881 INFO:teuthology.orchestra.run.smithi073.stdout:/usr/bin/ceph: stderr
2024-05-09T00:44:59.818+0000 7faf1bfff700 1 -- 172.21.15.73:0/2333734158 >> [v2:172.21.15.73:6800/1606957462,v1:172.21.15.73:6801/1606957462] conn(0x7faf0c03e470 msgr2=0x7faf0c040980 unknown :-1 s=STATE_CONNECTING_RE l=1).process reconnect failed to v2:172.21.15.73:6800/1606957462
2024-05-09T00:45:04.882 INFO:teuthology.orchestra.run.smithi073.stdout:/usr/bin/ceph: stderr
2024-05-09T00:44:59.818+0000 7faf1bfff700 1 --2- 172.21.15.73:0/2333734158 >> [v2:172.21.15.73:6800/1606957462,v1:172.21.15.73:6801/1606957462] conn(0x7faf0c03e470 0x7faf0c040980 unknown :-1 s=START_CONNECT pgs=0 cs=0 l=1 rev1=0 crypto rx=0 tx=0 comp rx=0 tx=0)._fault waiting 1.600000
2024-05-09T00:45:04.882 INFO:teuthology.orchestra.run.smithi073.stdout:/usr/bin/ceph: stderr
2024-05-09T00:45:01.418+0000 7faf1bfff700 1 -- 172.21.15.73:0/2333734158 >> [v2:172.21.15.73:6800/1606957462,v1:172.21.15.73:6801/1606957462] conn(0x7faf0c03e470 msgr2=0x7faf0c040980 unknown :-1 s=STATE_CONNECTING_RE l=1).process reconnect failed to v2:172.21.15.73:6800/1606957462
2024-05-09T00:45:04.882 INFO:teuthology.orchestra.run.smithi073.stdout:/usr/bin/ceph: stderr
2024-05-09T00:45:01.418+0000 7faf1bfff700 1 --2- 172.21.15.73:0/2333734158 >> [v2:172.21.15.73:6800/1606957462,v1:172.21.15.73:6801/1606957462] conn(0x7faf0c03e470 0x7faf0c040980 unknown :-1 s=START_CONNECT pgs=0 cs=0 l=1 rev1=0 crypto rx=0 tx=0 comp rx=0 tx=0)._fault waiting 3.200000
2024-05-09T00:45:04.882 INFO:teuthology.orchestra.run.smithi073.stdout:/usr/bin/ceph: stderr
2024-05-09T00:45:03.283+0000 7faf19ffb700 1 -- 172.21.15.73:0/2333734158 <== mon.0 v2:172.21.15.73:3300/0 6 ==== mgrmap(e 6) ==== 49989+0+0 (secure 0 0 0) 0x7faf1002d780 con 0x7faf1c109080
2024-05-09T00:45:04.882 INFO:teuthology.orchestra.run.smithi073.stdout:/usr/bin/ceph: stderr
2024-05-09T00:45:03.283+0000 7faf19ffb700 1 -- 172.21.15.73:0/2333734158 >> [v2:172.21.15.73:6800/1606957462,v1:172.21.15.73:6801/1606957462] conn(0x7faf0c03e470 msgr2=0x7faf0c040980 unknown :-1 s=STATE_CONNECTING l=1).mark_down
2024-05-09T00:45:04.882 INFO:teuthology.orchestra.run.smithi073.stdout:/usr/bin/ceph: stderr
2024-05-09T00:45:03.283+0000 7faf19ffb700 1 --2- 172.21.15.73:0/2333734158 >> [v2:172.21.15.73:6800/1606957462,v1:172.21.15.73:6801/1606957462] conn(0x7faf0c03e470 0x7faf0c040980 unknown :-1 s=START_CONNECT pgs=0 cs=0 l=1 rev1=0 crypto rx=0 tx=0 comp rx=0 tx=0).stop
2024-05-09T00:45:04.882 INFO:teuthology.orchestra.run.smithi073.stdout:/usr/bin/ceph: stderr
2024-05-09T00:45:04.285+0000 7faf19ffb700 1 -- 172.21.15.73:0/2333734158 <== mon.0 v2:172.21.15.73:3300/0 7 ==== mgrmap(e 7) ==== 50116+0+0 (secure 0 0 0) 0x7faf100553b0 con 0x7faf1c109080
2024-05-09T00:45:04.882 INFO:teuthology.orchestra.run.smithi073.stdout:/usr/bin/ceph: stderr
2024-05-09T00:45:04.285+0000 7faf19ffb700 1 --2- 172.21.15.73:0/2333734158 >> [v2:172.21.15.73:6800/1819673234,v1:172.21.15.73:6801/1819673234] conn(0x7faf0c041db0 0x7faf0c0441d0 unknown :-1 s=NONE pgs=0 cs=0 l=1 rev1=0 crypto rx=0 tx=0 comp rx=0 tx=0).connect
2024-05-09T00:45:04.882 INFO:teuthology.orchestra.run.smithi073.stdout:/usr/bin/ceph: stderr
2024-05-09T00:45:04.285+0000 7faf19ffb700 1 -- 172.21.15.73:0/2333734158 --> [v2:172.21.15.73:6800/1819673234,v1:172.21.15.73:6801/1819673234] -- command(tid 0: {"prefix": "get_command_descriptions"}) -- 0x7faf1002ce50 con 0x7faf0c041db0
2024-05-09T00:45:04.882 INFO:teuthology.orchestra.run.smithi073.stdout:/usr/bin/ceph: stderr
2024-05-09T00:45:04.285+0000 7faf1bfff700 1 --2- 172.21.15.73:0/2333734158 >> [v2:172.21.15.73:6800/1819673234,v1:172.21.15.73:6801/1819673234] conn(0x7faf0c041db0 0x7faf0c0441d0 unknown :-1 s=BANNER_CONNECTING pgs=0 cs=0 l=1 rev1=0 crypto rx=0 tx=0 comp rx=0 tx=0)._handle_peer_banner_payload supported=3 required=0
2024-05-09T00:45:04.882 INFO:teuthology.orchestra.run.smithi073.stdout:/usr/bin/ceph: stderr
2024-05-09T00:45:04.286+0000 7faf1bfff700 1 --2- 172.21.15.73:0/2333734158 >> [v2:172.21.15.73:6800/1819673234,v1:172.21.15.73:6801/1819673234] conn(0x7faf0c041db0 0x7faf0c0441d0 secure :-1 s=READY pgs=1 cs=0 l=1 rev1=1 crypto rx=0x7faf08003a10 tx=0x7faf08009290 comp rx=0 tx=0).ready entity=mgr.14118 client_cookie=0 server_cookie=0 in_seq=0 out_seq=0
2024-05-09T00:45:04.882 INFO:teuthology.orchestra.run.smithi073.stdout:/usr/bin/ceph: stderr
2024-05-09T00:45:04.286+0000 7faf19ffb700 1 -- 172.21.15.73:0/2333734158 <== mgr.14118 v2:172.21.15.73:6800/1819673234 1 ==== command_reply(tid 0: 0 ) ==== 8+0+9564 (secure 0 0 0) 0x7faf1002ce50 con 0x7faf0c041db0
2024-05-09T00:45:04.882 INFO:teuthology.orchestra.run.smithi073.stdout:/usr/bin/ceph: stderr
2024-05-09T00:45:04.296+0000 7faf22e87700 1 -- 172.21.15.73:0/2333734158 --> [v2:172.21.15.73:6800/1819673234,v1:172.21.15.73:6801/1819673234] -- command(tid 1: {"prefix": "mgr_status"}) -- 0x7faf1c064e20 con 0x7faf0c041db0
2024-05-09T00:45:04.883 INFO:teuthology.orchestra.run.smithi073.stdout:/usr/bin/ceph: stderr
2024-05-09T00:45:04.296+0000 7faf19ffb700 1 -- 172.21.15.73:0/2333734158 <== mgr.14118 v2:172.21.15.73:6800/1819673234 2 ==== command_reply(tid 1: 0 ) ==== 8+0+51 (secure 0 0 0) 0x7faf1c064e20 con 0x7faf0c041db0
2024-05-09T00:45:04.883 INFO:teuthology.orchestra.run.smithi073.stdout:/usr/bin/ceph: stderr
2024-05-09T00:45:04.296+0000 7faf22e87700 1 -- 172.21.15.73:0/2333734158 >> [v2:172.21.15.73:6800/1819673234,v1:172.21.15.73:6801/1819673234] conn(0x7faf0c041db0 msgr2=0x7faf0c0441d0 secure :-1 s=STATE_CONNECTION_ESTABLISHED l=1).mark_down
2024-05-09T00:45:04.883 INFO:teuthology.orchestra.run.smithi073.stdout:/usr/bin/ceph: stderr
2024-05-09T00:45:04.296+0000 7faf22e87700 1 --2- 172.21.15.73:0/2333734158 >> [v2:172.21.15.73:6800/1819673234,v1:172.21.15.73:6801/1819673234] conn(0x7faf0c041db0 0x7faf0c0441d0 secure :-1 s=READY pgs=1 cs=0 l=1 rev1=1 crypto rx=0x7faf08003a10 tx=0x7faf08009290 comp rx=0 tx=0).stop
2024-05-09T00:45:04.883 INFO:teuthology.orchestra.run.smithi073.stdout:/usr/bin/ceph: stderr
2024-05-09T00:45:04.296+0000 7faf22e87700 1 -- 172.21.15.73:0/2333734158 >> [v2:172.21.15.73:3300/0,v1:172.21.15.73:6789/0] conn(0x7faf1c109080 msgr2=0x7faf1c19d3f0 secure :-1 s=STATE_CONNECTION_ESTABLISHED l=1).mark_down
2024-05-09T00:45:04.883 INFO:teuthology.orchestra.run.smithi073.stdout:/usr/bin/ceph: stderr
2024-05-09T00:45:04.296+0000 7faf22e87700 1 --2- 172.21.15.73:0/2333734158 >> [v2:172.21.15.73:3300/0,v1:172.21.15.73:6789/0] conn(0x7faf1c109080 0x7faf1c19d3f0 secure :-1 s=READY pgs=27 cs=0 l=1 rev1=1 crypto rx=0x7faf100119b0 tx=0x7faf10011a90 comp rx=0 tx=0).stop
2024-05-09T00:45:04.883 INFO:teuthology.orchestra.run.smithi073.stdout:/usr/bin/ceph: stderr
2024-05-09T00:45:04.296+0000 7faf22e87700 1 -- 172.21.15.73:0/2333734158 shutdown_connections
2024-05-09T00:45:04.883 INFO:teuthology.orchestra.run.smithi073.stdout:/usr/bin/ceph: stderr
2024-05-09T00:45:04.296+0000 7faf22e87700 1 --2- 172.21.15.73:0/2333734158 >> [v2:172.21.15.73:6800/1819673234,v1:172.21.15.73:6801/1819673234] conn(0x7faf0c041db0 0x7faf0c0441d0 unknown :-1 s=CLOSED pgs=1 cs=0 l=1 rev1=1 crypto rx=0 tx=0 comp rx=0 tx=0).stop
2024-05-09T00:45:04.883 INFO:teuthology.orchestra.run.smithi073.stdout:/usr/bin/ceph: stderr
2024-05-09T00:45:04.296+0000 7faf22e87700 1 --2- 172.21.15.73:0/2333734158 >> [v2:172.21.15.73:3300/0,v1:172.21.15.73:6789/0] conn(0x7faf1c109080 0x7faf1c19d3f0 unknown :-1 s=CLOSED pgs=27 cs=0 l=1 rev1=1 crypto rx=0 tx=0 comp rx=0 tx=0).stop
2024-05-09T00:45:04.883 INFO:teuthology.orchestra.run.smithi073.stdout:/usr/bin/ceph: stderr
2024-05-09T00:45:04.296+0000 7faf22e87700 1 --2- 172.21.15.73:0/2333734158 >> [v2:172.21.15.73:6800/1606957462,v1:172.21.15.73:6801/1606957462] conn(0x7faf0c03e470 0x7faf0c040980 unknown :-1 s=CLOSED pgs=0 cs=0 l=1 rev1=0 crypto rx=0 tx=0 comp rx=0 tx=0).stop
2024-05-09T00:45:04.883 INFO:teuthology.orchestra.run.smithi073.stdout:/usr/bin/ceph: stderr
2024-05-09T00:45:04.296+0000 7faf22e87700 1 -- 172.21.15.73:0/2333734158 >> 172.21.15.73:0/2333734158 conn(0x7faf1c1046c0 msgr2=0x7faf1c105050 unknown :-1 s=STATE_NONE l=0).mark_down
2024-05-09T00:45:04.883 INFO:teuthology.orchestra.run.smithi073.stdout:/usr/bin/ceph: stderr
2024-05-09T00:45:04.296+0000 7faf22e87700 1 -- 172.21.15.73:0/2333734158 shutdown_connections
2024-05-09T00:45:04.883 INFO:teuthology.orchestra.run.smithi073.stdout:/usr/bin/ceph: stderr
2024-05-09T00:45:04.296+0000 7faf22e87700 1 -- 172.21.15.73:0/2333734158 wait complete.
2024-05-09T00:45:04.883 INFO:teuthology.orchestra.run.smithi073.stdout:mgr epoch 5 is available
2024-05-09T00:45:04.883 INFO:teuthology.orchestra.run.smithi073.stdout:Setting orchestrator backend to cephadm...
2024-05-09T00:45:05.515 INFO:journalctl@ceph.mon.a.smithi073.stdout:May 09 00:45:05 smithi073 ceph-mon[27225]: [09/May/2024:00:45:04] ENGINE Serving on https://172.21.15.73:7150
2024-05-09T00:45:05.516 INFO:journalctl@ceph.mon.a.smithi073.stdout:May 09 00:45:05 smithi073 ceph-mon[27225]: [09/May/2024:00:45:04] ENGINE Bus STARTED
2024-05-09T00:45:05.516 INFO:journalctl@ceph.mon.a.smithi073.stdout:May 09 00:45:05 smithi073 ceph-mon[27225]: from='client.14122 -' entity='client.admin' cmd=[{"prefix": "get_command_descriptions"}]: dispatch
2024-05-09T00:45:05.516 INFO:journalctl@ceph.mon.a.smithi073.stdout:May 09 00:45:05 smithi073 ceph-mon[27225]: from='client.14122 -' entity='client.admin' cmd=[{"prefix": "mgr_status"}]: dispatch
2024-05-09T00:45:06.082 INFO:teuthology.orchestra.run.smithi073.stdout:/usr/bin/ceph: stderr
2024-05-09T00:45:05.308+0000 7f3c494a7700 1 Processor -- start
2024-05-09T00:45:06.082 INFO:teuthology.orchestra.run.smithi073.stdout:/usr/bin/ceph: stderr
2024-05-09T00:45:05.308+0000 7f3c494a7700 1 -- start start
2024-05-09T00:45:06.083 INFO:teuthology.orchestra.run.smithi073.stdout:/usr/bin/ceph: stderr
2024-05-09T00:45:05.308+0000 7f3c494a7700 1 --2- >> [v2:172.21.15.73:3300/0,v1:172.21.15.73:6789/0] conn(0x7f3c4407c4c0 0x7f3c4410dfc0 unknown :-1 s=NONE pgs=0 cs=0 l=0 rev1=0 crypto rx=0 tx=0 comp rx=0 tx=0).connect
2024-05-09T00:45:06.083 INFO:teuthology.orchestra.run.smithi073.stdout:/usr/bin/ceph: stderr
2024-05-09T00:45:05.308+0000 7f3c494a7700 1 -- --> [v2:172.21.15.73:3300/0,v1:172.21.15.73:6789/0] -- mon_getmap magic: 0 -- 0x7f3c4410e500 con 0x7f3c4407c4c0
2024-05-09T00:45:06.083 INFO:teuthology.orchestra.run.smithi073.stdout:/usr/bin/ceph: stderr
2024-05-09T00:45:05.308+0000 7f3c42ffd700 1 --2- >> [v2:172.21.15.73:3300/0,v1:172.21.15.73:6789/0] conn(0x7f3c4407c4c0 0x7f3c4410dfc0 unknown :-1 s=BANNER_CONNECTING pgs=0 cs=0 l=0 rev1=0 crypto rx=0 tx=0 comp rx=0 tx=0)._handle_peer_banner_payload supported=3 required=0
2024-05-09T00:45:06.083 INFO:teuthology.orchestra.run.smithi073.stdout:/usr/bin/ceph: stderr
2024-05-09T00:45:05.308+0000 7f3c42ffd700 1 --2- >> [v2:172.21.15.73:3300/0,v1:172.21.15.73:6789/0] conn(0x7f3c4407c4c0 0x7f3c4410dfc0 unknown :-1 s=HELLO_CONNECTING pgs=0 cs=0 l=0 rev1=1 crypto rx=0 tx=0 comp rx=0 tx=0).handle_hello peer v2:172.21.15.73:3300/0 says I am v2:172.21.15.73:60052/0 (socket says 172.21.15.73:60052)
2024-05-09T00:45:06.083 INFO:teuthology.orchestra.run.smithi073.stdout:/usr/bin/ceph: stderr
2024-05-09T00:45:05.308+0000 7f3c42ffd700 1 -- 172.21.15.73:0/3598020836 learned_addr learned my addr 172.21.15.73:0/3598020836 (peer_addr_for_me v2:172.21.15.73:0/0)
2024-05-09T00:45:06.083 INFO:teuthology.orchestra.run.smithi073.stdout:/usr/bin/ceph: stderr
2024-05-09T00:45:05.309+0000 7f3c42ffd700 1 -- 172.21.15.73:0/3598020836 --> [v2:172.21.15.73:3300/0,v1:172.21.15.73:6789/0] -- mon_subscribe({config=0+,monmap=0+}) -- 0x7f3c4410e680 con 0x7f3c4407c4c0
2024-05-09T00:45:06.083 INFO:teuthology.orchestra.run.smithi073.stdout:/usr/bin/ceph: stderr
2024-05-09T00:45:05.309+0000 7f3c42ffd700 1 --2- 172.21.15.73:0/3598020836 >> [v2:172.21.15.73:3300/0,v1:172.21.15.73:6789/0] conn(0x7f3c4407c4c0 0x7f3c4410dfc0 secure :-1 s=READY pgs=35 cs=0 l=1 rev1=1 crypto rx=0x7f3c340098a0 tx=0x7f3c34009bb0 comp rx=0 tx=0).ready entity=mon.0 client_cookie=9ae1c6d34e041e0d server_cookie=0 in_seq=0 out_seq=0
2024-05-09T00:45:06.084 INFO:teuthology.orchestra.run.smithi073.stdout:/usr/bin/ceph: stderr
2024-05-09T00:45:05.309+0000 7f3c41ffb700 1 -- 172.21.15.73:0/3598020836 <== mon.0 v2:172.21.15.73:3300/0 1 ==== mon_map magic: 0 ==== 205+0+0 (secure 0 0 0) 0x7f3c34004160 con 0x7f3c4407c4c0
2024-05-09T00:45:06.084 INFO:teuthology.orchestra.run.smithi073.stdout:/usr/bin/ceph: stderr
2024-05-09T00:45:05.309+0000 7f3c41ffb700 1 -- 172.21.15.73:0/3598020836 <== mon.0 v2:172.21.15.73:3300/0 2 ==== config(25 keys) ==== 1032+0+0 (secure 0 0 0) 0x7f3c34004300 con 0x7f3c4407c4c0
2024-05-09T00:45:06.084 INFO:teuthology.orchestra.run.smithi073.stdout:/usr/bin/ceph: stderr
2024-05-09T00:45:05.309+0000 7f3c41ffb700 1 -- 172.21.15.73:0/3598020836 <== mon.0 v2:172.21.15.73:3300/0 3 ==== mon_map magic: 0 ==== 205+0+0 (secure 0 0 0) 0x7f3c340119e0 con 0x7f3c4407c4c0
2024-05-09T00:45:06.084 INFO:teuthology.orchestra.run.smithi073.stdout:/usr/bin/ceph: stderr
2024-05-09T00:45:05.310+0000 7f3c494a7700 1 -- 172.21.15.73:0/3598020836 >> [v2:172.21.15.73:3300/0,v1:172.21.15.73:6789/0] conn(0x7f3c4407c4c0 msgr2=0x7f3c4410dfc0 secure :-1 s=STATE_CONNECTION_ESTABLISHED l=1).mark_down
2024-05-09T00:45:06.084 INFO:teuthology.orchestra.run.smithi073.stdout:/usr/bin/ceph: stderr
2024-05-09T00:45:05.310+0000 7f3c494a7700 1 --2- 172.21.15.73:0/3598020836 >> [v2:172.21.15.73:3300/0,v1:172.21.15.73:6789/0] conn(0x7f3c4407c4c0 0x7f3c4410dfc0 secure :-1 s=READY pgs=35 cs=0 l=1 rev1=1 crypto rx=0x7f3c340098a0 tx=0x7f3c34009bb0 comp rx=0 tx=0).stop
2024-05-09T00:45:06.084 INFO:teuthology.orchestra.run.smithi073.stdout:/usr/bin/ceph: stderr
2024-05-09T00:45:05.310+0000 7f3c494a7700 1 -- 172.21.15.73:0/3598020836 shutdown_connections
2024-05-09T00:45:06.084 INFO:teuthology.orchestra.run.smithi073.stdout:/usr/bin/ceph: stderr
2024-05-09T00:45:05.310+0000 7f3c494a7700 1 --2- 172.21.15.73:0/3598020836 >> [v2:172.21.15.73:3300/0,v1:172.21.15.73:6789/0] conn(0x7f3c4407c4c0 0x7f3c4410dfc0 unknown :-1 s=CLOSED pgs=35 cs=0 l=1 rev1=1 crypto rx=0 tx=0 comp rx=0 tx=0).stop
2024-05-09T00:45:06.084 INFO:teuthology.orchestra.run.smithi073.stdout:/usr/bin/ceph: stderr
2024-05-09T00:45:05.310+0000 7f3c494a7700 1 -- 172.21.15.73:0/3598020836 >> 172.21.15.73:0/3598020836 conn(0x7f3c44103570 msgr2=0x7f3c44105a40 unknown :-1 s=STATE_NONE l=0).mark_down
2024-05-09T00:45:06.084 INFO:teuthology.orchestra.run.smithi073.stdout:/usr/bin/ceph: stderr
2024-05-09T00:45:05.310+0000 7f3c494a7700 1 -- 172.21.15.73:0/3598020836 shutdown_connections
2024-05-09T00:45:06.084 INFO:teuthology.orchestra.run.smithi073.stdout:/usr/bin/ceph: stderr
2024-05-09T00:45:05.310+0000 7f3c494a7700 1 -- 172.21.15.73:0/3598020836 wait complete.
2024-05-09T00:45:06.084 INFO:teuthology.orchestra.run.smithi073.stdout:/usr/bin/ceph: stderr
2024-05-09T00:45:05.310+0000 7f3c494a7700 1 Processor -- start
2024-05-09T00:45:06.085 INFO:teuthology.orchestra.run.smithi073.stdout:/usr/bin/ceph: stderr
2024-05-09T00:45:05.311+0000 7f3c494a7700 1 -- start start
2024-05-09T00:45:06.085 INFO:teuthology.orchestra.run.smithi073.stdout:/usr/bin/ceph: stderr
2024-05-09T00:45:05.311+0000 7f3c494a7700 1 --2- >> [v2:172.21.15.73:3300/0,v1:172.21.15.73:6789/0] conn(0x7f3c4407c4c0 0x7f3c4419f4f0 unknown :-1 s=NONE pgs=0 cs=0 l=1 rev1=0 crypto rx=0 tx=0 comp rx=0 tx=0).connect
2024-05-09T00:45:06.085 INFO:teuthology.orchestra.run.smithi073.stdout:/usr/bin/ceph: stderr
2024-05-09T00:45:05.311+0000 7f3c494a7700 1 -- --> [v2:172.21.15.73:3300/0,v1:172.21.15.73:6789/0] -- mon_getmap magic: 0 -- 0x7f3c4410f530 con 0x7f3c4407c4c0
2024-05-09T00:45:06.085 INFO:teuthology.orchestra.run.smithi073.stdout:/usr/bin/ceph: stderr
2024-05-09T00:45:05.311+0000 7f3c42ffd700 1 --2- >> [v2:172.21.15.73:3300/0,v1:172.21.15.73:6789/0] conn(0x7f3c4407c4c0 0x7f3c4419f4f0 unknown :-1 s=BANNER_CONNECTING pgs=0 cs=0 l=1 rev1=0 crypto rx=0 tx=0 comp rx=0 tx=0)._handle_peer_banner_payload supported=3 required=0
2024-05-09T00:45:06.085 INFO:teuthology.orchestra.run.smithi073.stdout:/usr/bin/ceph: stderr
2024-05-09T00:45:05.311+0000 7f3c42ffd700 1 --2- >> [v2:172.21.15.73:3300/0,v1:172.21.15.73:6789/0] conn(0x7f3c4407c4c0 0x7f3c4419f4f0 unknown :-1 s=HELLO_CONNECTING pgs=0 cs=0 l=1 rev1=1 crypto rx=0 tx=0 comp rx=0 tx=0).handle_hello peer v2:172.21.15.73:3300/0 says I am v2:172.21.15.73:60062/0 (socket says 172.21.15.73:60062)
2024-05-09T00:45:06.085 INFO:teuthology.orchestra.run.smithi073.stdout:/usr/bin/ceph: stderr
2024-05-09T00:45:05.311+0000 7f3c42ffd700 1 -- 172.21.15.73:0/2062738915 learned_addr learned my addr 172.21.15.73:0/2062738915 (peer_addr_for_me v2:172.21.15.73:0/0)
2024-05-09T00:45:06.085 INFO:teuthology.orchestra.run.smithi073.stdout:/usr/bin/ceph: stderr
2024-05-09T00:45:05.311+0000 7f3c42ffd700 1 -- 172.21.15.73:0/2062738915 --> [v2:172.21.15.73:3300/0,v1:172.21.15.73:6789/0] -- mon_subscribe({config=0+,monmap=0+}) -- 0x7f3c4419fa30 con 0x7f3c4407c4c0
2024-05-09T00:45:06.085 INFO:teuthology.orchestra.run.smithi073.stdout:/usr/bin/ceph: stderr
2024-05-09T00:45:05.311+0000 7f3c42ffd700 1 --2- 172.21.15.73:0/2062738915 >> [v2:172.21.15.73:3300/0,v1:172.21.15.73:6789/0] conn(0x7f3c4407c4c0 0x7f3c4419f4f0 secure :-1 s=READY pgs=36 cs=0 l=1 rev1=1 crypto rx=0x7f3c340119b0 tx=0x7f3c34011a90 comp rx=0 tx=0).ready entity=mon.0 client_cookie=0 server_cookie=0 in_seq=0 out_seq=0
2024-05-09T00:45:06.085 INFO:teuthology.orchestra.run.smithi073.stdout:/usr/bin/ceph: stderr
2024-05-09T00:45:05.312+0000 7f3c2bfff700 1 -- 172.21.15.73:0/2062738915 <== mon.0 v2:172.21.15.73:3300/0 1 ==== mon_map magic: 0 ==== 205+0+0 (secure 0 0 0) 0x7f3c34003af0 con 0x7f3c4407c4c0
2024-05-09T00:45:06.085 INFO:teuthology.orchestra.run.smithi073.stdout:/usr/bin/ceph: stderr
2024-05-09T00:45:05.312+0000 7f3c494a7700 1 -- 172.21.15.73:0/2062738915 --> [v2:172.21.15.73:3300/0,v1:172.21.15.73:6789/0] -- mon_subscribe({mgrmap=0+}) -- 0x7f3c4419fcc0 con 0x7f3c4407c4c0
2024-05-09T00:45:06.085 INFO:teuthology.orchestra.run.smithi073.stdout:/usr/bin/ceph: stderr
2024-05-09T00:45:05.312+0000 7f3c2bfff700 1 -- 172.21.15.73:0/2062738915 <== mon.0 v2:172.21.15.73:3300/0 2 ==== config(25 keys) ==== 1032+0+0 (secure 0 0 0) 0x7f3c3401a8a0 con 0x7f3c4407c4c0
2024-05-09T00:45:06.085 INFO:teuthology.orchestra.run.smithi073.stdout:/usr/bin/ceph: stderr
2024-05-09T00:45:05.312+0000 7f3c2bfff700 1 -- 172.21.15.73:0/2062738915 <== mon.0 v2:172.21.15.73:3300/0 3 ==== mon_map magic: 0 ==== 205+0+0 (secure 0 0 0) 0x7f3c34024780 con 0x7f3c4407c4c0
2024-05-09T00:45:06.085 INFO:teuthology.orchestra.run.smithi073.stdout:/usr/bin/ceph: stderr
2024-05-09T00:45:05.312+0000 7f3c494a7700 1 -- 172.21.15.73:0/2062738915 --> [v2:172.21.15.73:3300/0,v1:172.21.15.73:6789/0] -- mon_subscribe({osdmap=0}) -- 0x7f3c441a28d0 con 0x7f3c4407c4c0
2024-05-09T00:45:06.085 INFO:teuthology.orchestra.run.smithi073.stdout:/usr/bin/ceph: stderr
