2024-05-09T00:51:19.803+0000 7f5611f7c700 1 -- 172.21.15.37:0/3102836310 >> 172.21.15.37:0/3102836310 conn(0x7f560c1041d0 msgr2=0x7f560c105b70 unknown :-1 s=STATE_NONE l=0).mark_down
2024-05-09T00:51:20.430 INFO:teuthology.orchestra.run.smithi037.stdout:/usr/bin/ceph: stderr
2024-05-09T00:51:19.803+0000 7f5611f7c700 1 -- 172.21.15.37:0/3102836310 shutdown_connections
2024-05-09T00:51:20.430 INFO:teuthology.orchestra.run.smithi037.stdout:/usr/bin/ceph: stderr
2024-05-09T00:51:19.803+0000 7f5611f7c700 1 -- 172.21.15.37:0/3102836310 wait complete.
2024-05-09T00:51:20.430 INFO:teuthology.orchestra.run.smithi037.stdout:mgr epoch 9 is available
2024-05-09T00:51:20.430 INFO:teuthology.orchestra.run.smithi037.stdout:Generating a dashboard self-signed certificate...
2024-05-09T00:51:20.974 INFO:journalctl@ceph.mon.a.smithi037.stdout:May 09 00:51:20 smithi037 ceph-mon[30122]: [09/May/2024:00:51:19] ENGINE Serving on http://172.21.15.37:8765
2024-05-09T00:51:20.974 INFO:journalctl@ceph.mon.a.smithi037.stdout:May 09 00:51:20 smithi037 ceph-mon[30122]: [09/May/2024:00:51:19] ENGINE Serving on https://172.21.15.37:7150
2024-05-09T00:51:20.974 INFO:journalctl@ceph.mon.a.smithi037.stdout:May 09 00:51:20 smithi037 ceph-mon[30122]: [09/May/2024:00:51:19] ENGINE Bus STARTED
2024-05-09T00:51:20.974 INFO:journalctl@ceph.mon.a.smithi037.stdout:May 09 00:51:20 smithi037 ceph-mon[30122]: from='client.14156 -' entity='client.admin' cmd=[{"prefix": "get_command_descriptions"}]: dispatch
2024-05-09T00:51:20.974 INFO:journalctl@ceph.mon.a.smithi037.stdout:May 09 00:51:20 smithi037 ceph-mon[30122]: from='client.14156 -' entity='client.admin' cmd=[{"prefix": "mgr_status"}]: dispatch
2024-05-09T00:51:21.805 INFO:teuthology.orchestra.run.smithi037.stdout:/usr/bin/ceph: stdout Self-signed certificate created
2024-05-09T00:51:21.806 INFO:teuthology.orchestra.run.smithi037.stdout:/usr/bin/ceph: stderr
2024-05-09T00:51:20.888+0000 7f312d0b3700 1 Processor -- start
2024-05-09T00:51:21.806 INFO:teuthology.orchestra.run.smithi037.stdout:/usr/bin/ceph: stderr
2024-05-09T00:51:20.888+0000 7f312d0b3700 1 -- start start
2024-05-09T00:51:21.806 INFO:teuthology.orchestra.run.smithi037.stdout:/usr/bin/ceph: stderr
2024-05-09T00:51:20.889+0000 7f312d0b3700 1 --2- >> [v2:172.21.15.37:3300/0,v1:172.21.15.37:6789/0] conn(0x7f3128109c10 0x7f312810a020 unknown :-1 s=NONE pgs=0 cs=0 l=0 rev1=0 crypto rx=0 tx=0 comp rx=0 tx=0).connect
2024-05-09T00:51:21.806 INFO:teuthology.orchestra.run.smithi037.stdout:/usr/bin/ceph: stderr
2024-05-09T00:51:20.889+0000 7f312d0b3700 1 -- --> [v2:172.21.15.37:3300/0,v1:172.21.15.37:6789/0] -- mon_getmap magic: 0 -- 0x7f312810a610 con 0x7f3128109c10
2024-05-09T00:51:21.806 INFO:teuthology.orchestra.run.smithi037.stdout:/usr/bin/ceph: stderr
2024-05-09T00:51:20.889+0000 7f3126d9d700 1 --2- >> [v2:172.21.15.37:3300/0,v1:172.21.15.37:6789/0] conn(0x7f3128109c10 0x7f312810a020 unknown :-1 s=BANNER_CONNECTING pgs=0 cs=0 l=0 rev1=0 crypto rx=0 tx=0 comp rx=0 tx=0)._handle_peer_banner_payload supported=3 required=0
2024-05-09T00:51:21.806 INFO:teuthology.orchestra.run.smithi037.stdout:/usr/bin/ceph: stderr
2024-05-09T00:51:20.889+0000 7f3126d9d700 1 --2- >> [v2:172.21.15.37:3300/0,v1:172.21.15.37:6789/0] conn(0x7f3128109c10 0x7f312810a020 unknown :-1 s=HELLO_CONNECTING pgs=0 cs=0 l=0 rev1=1 crypto rx=0 tx=0 comp rx=0 tx=0).handle_hello peer v2:172.21.15.37:3300/0 says I am v2:172.21.15.37:39428/0 (socket says 172.21.15.37:39428)
2024-05-09T00:51:21.806 INFO:teuthology.orchestra.run.smithi037.stdout:/usr/bin/ceph: stderr
2024-05-09T00:51:20.889+0000 7f3126d9d700 1 -- 172.21.15.37:0/2333847870 learned_addr learned my addr 172.21.15.37:0/2333847870 (peer_addr_for_me v2:172.21.15.37:0/0)
2024-05-09T00:51:21.806 INFO:teuthology.orchestra.run.smithi037.stdout:/usr/bin/ceph: stderr
2024-05-09T00:51:20.889+0000 7f3126d9d700 1 -- 172.21.15.37:0/2333847870 --> [v2:172.21.15.37:3300/0,v1:172.21.15.37:6789/0] -- mon_subscribe({config=0+,monmap=0+}) -- 0x7f312810ade0 con 0x7f3128109c10
2024-05-09T00:51:21.806 INFO:teuthology.orchestra.run.smithi037.stdout:/usr/bin/ceph: stderr
2024-05-09T00:51:20.889+0000 7f3126d9d700 1 --2- 172.21.15.37:0/2333847870 >> [v2:172.21.15.37:3300/0,v1:172.21.15.37:6789/0] conn(0x7f3128109c10 0x7f312810a020 secure :-1 s=READY pgs=70 cs=0 l=1 rev1=1 crypto rx=0x7f31100098a0 tx=0x7f3110009bb0 comp rx=0 tx=0).ready entity=mon.0 client_cookie=60e9e37fb307ad02 server_cookie=0 in_seq=0 out_seq=0
2024-05-09T00:51:21.806 INFO:teuthology.orchestra.run.smithi037.stdout:/usr/bin/ceph: stderr
2024-05-09T00:51:20.890+0000 7f3125d9b700 1 -- 172.21.15.37:0/2333847870 <== mon.0 v2:172.21.15.37:3300/0 1 ==== mon_map magic: 0 ==== 205+0+0 (secure 0 0 0) 0x7f3110004160 con 0x7f3128109c10
2024-05-09T00:51:21.807 INFO:teuthology.orchestra.run.smithi037.stdout:/usr/bin/ceph: stderr
2024-05-09T00:51:20.890+0000 7f3125d9b700 1 -- 172.21.15.37:0/2333847870 <== mon.0 v2:172.21.15.37:3300/0 2 ==== config(26 keys) ==== 1101+0+0 (secure 0 0 0) 0x7f3110004300 con 0x7f3128109c10
2024-05-09T00:51:21.807 INFO:teuthology.orchestra.run.smithi037.stdout:/usr/bin/ceph: stderr
2024-05-09T00:51:20.890+0000 7f3125d9b700 1 -- 172.21.15.37:0/2333847870 <== mon.0 v2:172.21.15.37:3300/0 3 ==== mon_map magic: 0 ==== 205+0+0 (secure 0 0 0) 0x7f3110011a20 con 0x7f3128109c10
2024-05-09T00:51:21.807 INFO:teuthology.orchestra.run.smithi037.stdout:/usr/bin/ceph: stderr
2024-05-09T00:51:20.890+0000 7f312d0b3700 1 -- 172.21.15.37:0/2333847870 >> [v2:172.21.15.37:3300/0,v1:172.21.15.37:6789/0] conn(0x7f3128109c10 msgr2=0x7f312810a020 secure :-1 s=STATE_CONNECTION_ESTABLISHED l=1).mark_down
2024-05-09T00:51:21.807 INFO:teuthology.orchestra.run.smithi037.stdout:/usr/bin/ceph: stderr
2024-05-09T00:51:20.890+0000 7f312d0b3700 1 --2- 172.21.15.37:0/2333847870 >> [v2:172.21.15.37:3300/0,v1:172.21.15.37:6789/0] conn(0x7f3128109c10 0x7f312810a020 secure :-1 s=READY pgs=70 cs=0 l=1 rev1=1 crypto rx=0x7f31100098a0 tx=0x7f3110009bb0 comp rx=0 tx=0).stop
2024-05-09T00:51:21.807 INFO:teuthology.orchestra.run.smithi037.stdout:/usr/bin/ceph: stderr
2024-05-09T00:51:20.890+0000 7f312d0b3700 1 -- 172.21.15.37:0/2333847870 shutdown_connections
2024-05-09T00:51:21.807 INFO:teuthology.orchestra.run.smithi037.stdout:/usr/bin/ceph: stderr
2024-05-09T00:51:20.890+0000 7f312d0b3700 1 --2- 172.21.15.37:0/2333847870 >> [v2:172.21.15.37:3300/0,v1:172.21.15.37:6789/0] conn(0x7f3128109c10 0x7f312810a020 unknown :-1 s=CLOSED pgs=70 cs=0 l=1 rev1=1 crypto rx=0 tx=0 comp rx=0 tx=0).stop
2024-05-09T00:51:21.807 INFO:teuthology.orchestra.run.smithi037.stdout:/usr/bin/ceph: stderr
2024-05-09T00:51:20.890+0000 7f312d0b3700 1 -- 172.21.15.37:0/2333847870 >> 172.21.15.37:0/2333847870 conn(0x7f31281052d0 msgr2=0x7f3128107720 unknown :-1 s=STATE_NONE l=0).mark_down
2024-05-09T00:51:21.807 INFO:teuthology.orchestra.run.smithi037.stdout:/usr/bin/ceph: stderr
2024-05-09T00:51:20.890+0000 7f312d0b3700 1 -- 172.21.15.37:0/2333847870 shutdown_connections
2024-05-09T00:51:21.807 INFO:teuthology.orchestra.run.smithi037.stdout:/usr/bin/ceph: stderr
2024-05-09T00:51:20.890+0000 7f312d0b3700 1 -- 172.21.15.37:0/2333847870 wait complete.
2024-05-09T00:51:21.807 INFO:teuthology.orchestra.run.smithi037.stdout:/usr/bin/ceph: stderr
2024-05-09T00:51:20.891+0000 7f312d0b3700 1 Processor -- start
2024-05-09T00:51:21.807 INFO:teuthology.orchestra.run.smithi037.stdout:/usr/bin/ceph: stderr
2024-05-09T00:51:20.892+0000 7f312d0b3700 1 -- start start
2024-05-09T00:51:21.807 INFO:teuthology.orchestra.run.smithi037.stdout:/usr/bin/ceph: stderr
2024-05-09T00:51:20.892+0000 7f312d0b3700 1 --2- >> [v2:172.21.15.37:3300/0,v1:172.21.15.37:6789/0] conn(0x7f3128109c10 0x7f312819e050 unknown :-1 s=NONE pgs=0 cs=0 l=1 rev1=0 crypto rx=0 tx=0 comp rx=0 tx=0).connect
2024-05-09T00:51:21.807 INFO:teuthology.orchestra.run.smithi037.stdout:/usr/bin/ceph: stderr
2024-05-09T00:51:20.892+0000 7f312d0b3700 1 -- --> [v2:172.21.15.37:3300/0,v1:172.21.15.37:6789/0] -- mon_getmap magic: 0 -- 0x7f312810e190 con 0x7f3128109c10
2024-05-09T00:51:21.807 INFO:teuthology.orchestra.run.smithi037.stdout:/usr/bin/ceph: stderr
2024-05-09T00:51:20.892+0000 7f3126d9d700 1 --2- >> [v2:172.21.15.37:3300/0,v1:172.21.15.37:6789/0] conn(0x7f3128109c10 0x7f312819e050 unknown :-1 s=BANNER_CONNECTING pgs=0 cs=0 l=1 rev1=0 crypto rx=0 tx=0 comp rx=0 tx=0)._handle_peer_banner_payload supported=3 required=0
2024-05-09T00:51:21.808 INFO:teuthology.orchestra.run.smithi037.stdout:/usr/bin/ceph: stderr
2024-05-09T00:51:20.892+0000 7f3126d9d700 1 --2- >> [v2:172.21.15.37:3300/0,v1:172.21.15.37:6789/0] conn(0x7f3128109c10 0x7f312819e050 unknown :-1 s=HELLO_CONNECTING pgs=0 cs=0 l=1 rev1=1 crypto rx=0 tx=0 comp rx=0 tx=0).handle_hello peer v2:172.21.15.37:3300/0 says I am v2:172.21.15.37:39444/0 (socket says 172.21.15.37:39444)
2024-05-09T00:51:21.808 INFO:teuthology.orchestra.run.smithi037.stdout:/usr/bin/ceph: stderr
2024-05-09T00:51:20.892+0000 7f3126d9d700 1 -- 172.21.15.37:0/2597357425 learned_addr learned my addr 172.21.15.37:0/2597357425 (peer_addr_for_me v2:172.21.15.37:0/0)
2024-05-09T00:51:21.808 INFO:teuthology.orchestra.run.smithi037.stdout:/usr/bin/ceph: stderr
2024-05-09T00:51:20.892+0000 7f3126d9d700 1 -- 172.21.15.37:0/2597357425 --> [v2:172.21.15.37:3300/0,v1:172.21.15.37:6789/0] -- mon_subscribe({config=0+,monmap=0+}) -- 0x7f312819e590 con 0x7f3128109c10
2024-05-09T00:51:21.808 INFO:teuthology.orchestra.run.smithi037.stdout:/usr/bin/ceph: stderr
2024-05-09T00:51:20.892+0000 7f3126d9d700 1 --2- 172.21.15.37:0/2597357425 >> [v2:172.21.15.37:3300/0,v1:172.21.15.37:6789/0] conn(0x7f3128109c10 0x7f312819e050 secure :-1 s=READY pgs=71 cs=0 l=1 rev1=1 crypto rx=0x7f3110011a20 tx=0x7f3110011b00 comp rx=0 tx=0).ready entity=mon.0 client_cookie=0 server_cookie=0 in_seq=0 out_seq=0
2024-05-09T00:51:21.808 INFO:teuthology.orchestra.run.smithi037.stdout:/usr/bin/ceph: stderr
2024-05-09T00:51:20.892+0000 7f311ffff700 1 -- 172.21.15.37:0/2597357425 <== mon.0 v2:172.21.15.37:3300/0 1 ==== mon_map magic: 0 ==== 205+0+0 (secure 0 0 0) 0x7f31100039c0 con 0x7f3128109c10
2024-05-09T00:51:21.808 INFO:teuthology.orchestra.run.smithi037.stdout:/usr/bin/ceph: stderr
2024-05-09T00:51:20.893+0000 7f311ffff700 1 -- 172.21.15.37:0/2597357425 <== mon.0 v2:172.21.15.37:3300/0 2 ==== config(26 keys) ==== 1101+0+0 (secure 0 0 0) 0x7f3110003b60 con 0x7f3128109c10
2024-05-09T00:51:21.808 INFO:teuthology.orchestra.run.smithi037.stdout:/usr/bin/ceph: stderr
2024-05-09T00:51:20.893+0000 7f312d0b3700 1 -- 172.21.15.37:0/2597357425 --> [v2:172.21.15.37:3300/0,v1:172.21.15.37:6789/0] -- mon_subscribe({mgrmap=0+}) -- 0x7f312819e820 con 0x7f3128109c10
2024-05-09T00:51:21.808 INFO:teuthology.orchestra.run.smithi037.stdout:/usr/bin/ceph: stderr
2024-05-09T00:51:20.893+0000 7f311ffff700 1 -- 172.21.15.37:0/2597357425 <== mon.0 v2:172.21.15.37:3300/0 3 ==== mon_map magic: 0 ==== 205+0+0 (secure 0 0 0) 0x7f3110019700 con 0x7f3128109c10
2024-05-09T00:51:21.808 INFO:teuthology.orchestra.run.smithi037.stdout:/usr/bin/ceph: stderr
2024-05-09T00:51:20.893+0000 7f312d0b3700 1 -- 172.21.15.37:0/2597357425 --> [v2:172.21.15.37:3300/0,v1:172.21.15.37:6789/0] -- mon_subscribe({osdmap=0}) -- 0x7f31281a1430 con 0x7f3128109c10
2024-05-09T00:51:21.808 INFO:teuthology.orchestra.run.smithi037.stdout:/usr/bin/ceph: stderr
2024-05-09T00:51:20.894+0000 7f311ffff700 1 -- 172.21.15.37:0/2597357425 <== mon.0 v2:172.21.15.37:3300/0 4 ==== mgrmap(e 12) ==== 50235+0+0 (secure 0 0 0) 0x7f3110019a00 con 0x7f3128109c10
2024-05-09T00:51:21.809 INFO:teuthology.orchestra.run.smithi037.stdout:/usr/bin/ceph: stderr
2024-05-09T00:51:20.894+0000 7f312d0b3700 1 -- 172.21.15.37:0/2597357425 --> [v2:172.21.15.37:3300/0,v1:172.21.15.37:6789/0] -- mon_command({"prefix": "get_command_descriptions"} v 0) -- 0x7f3128064e20 con 0x7f3128109c10
2024-05-09T00:51:21.809 INFO:teuthology.orchestra.run.smithi037.stdout:/usr/bin/ceph: stderr
2024-05-09T00:51:20.894+0000 7f311ffff700 1 --2- 172.21.15.37:0/2597357425 >> [v2:172.21.15.37:6800/2764436863,v1:172.21.15.37:6801/2764436863] conn(0x7f311403e470 0x7f3114040980 unknown :-1 s=NONE pgs=0 cs=0 l=1 rev1=0 crypto rx=0 tx=0 comp rx=0 tx=0).connect
2024-05-09T00:51:21.809 INFO:teuthology.orchestra.run.smithi037.stdout:/usr/bin/ceph: stderr
2024-05-09T00:51:20.894+0000 7f311ffff700 1 -- 172.21.15.37:0/2597357425 <== mon.0 v2:172.21.15.37:3300/0 5 ==== osd_map(3..3 src has 1..3) ==== 1155+0+0 (secure 0 0 0) 0x7f3110053e80 con 0x7f3128109c10
2024-05-09T00:51:21.809 INFO:teuthology.orchestra.run.smithi037.stdout:/usr/bin/ceph: stderr
2024-05-09T00:51:20.894+0000 7f312659c700 1 --2- 172.21.15.37:0/2597357425 >> [v2:172.21.15.37:6800/2764436863,v1:172.21.15.37:6801/2764436863] conn(0x7f311403e470 0x7f3114040980 unknown :-1 s=BANNER_CONNECTING pgs=0 cs=0 l=1 rev1=0 crypto rx=0 tx=0 comp rx=0 tx=0)._handle_peer_banner_payload supported=3 required=0
2024-05-09T00:51:21.809 INFO:teuthology.orchestra.run.smithi037.stdout:/usr/bin/ceph: stderr
2024-05-09T00:51:20.895+0000 7f312659c700 1 --2- 172.21.15.37:0/2597357425 >> [v2:172.21.15.37:6800/2764436863,v1:172.21.15.37:6801/2764436863] conn(0x7f311403e470 0x7f3114040980 secure :-1 s=READY pgs=7 cs=0 l=1 rev1=1 crypto rx=0x7f3118006fd0 tx=0x7f3118006e40 comp rx=0 tx=0).ready entity=mgr.14152 client_cookie=0 server_cookie=0 in_seq=0 out_seq=0
2024-05-09T00:51:21.809 INFO:teuthology.orchestra.run.smithi037.stdout:/usr/bin/ceph: stderr
2024-05-09T00:51:20.899+0000 7f311ffff700 1 -- 172.21.15.37:0/2597357425 <== mon.0 v2:172.21.15.37:3300/0 6 ==== mon_command_ack([{"prefix": "get_command_descriptions"}]=0 v0) ==== 72+0+191963 (secure 0 0 0) 0x7f3110017e90 con 0x7f3128109c10
2024-05-09T00:51:21.809 INFO:teuthology.orchestra.run.smithi037.stdout:/usr/bin/ceph: stderr
2024-05-09T00:51:21.126+0000 7f312d0b3700 1 -- 172.21.15.37:0/2597357425 --> [v2:172.21.15.37:6800/2764436863,v1:172.21.15.37:6801/2764436863] -- mgr_command(tid 0: {"prefix": "dashboard create-self-signed-cert", "target": ["mon-mgr", ""]}) -- 0x7f31281a16c0 con 0x7f311403e470
2024-05-09T00:51:21.809 INFO:teuthology.orchestra.run.smithi037.stdout:/usr/bin/ceph: stderr
2024-05-09T00:51:21.202+0000 7f311ffff700 1 -- 172.21.15.37:0/2597357425 <== mgr.14152 v2:172.21.15.37:6800/2764436863 1 ==== mgr_command_reply(tid 0: 0 ) ==== 8+0+32 (secure 0 0 0) 0x7f31281a16c0 con 0x7f311403e470
2024-05-09T00:51:21.809 INFO:teuthology.orchestra.run.smithi037.stdout:/usr/bin/ceph: stderr
2024-05-09T00:51:21.205+0000 7f312d0b3700 1 -- 172.21.15.37:0/2597357425 >> [v2:172.21.15.37:6800/2764436863,v1:172.21.15.37:6801/2764436863] conn(0x7f311403e470 msgr2=0x7f3114040980 secure :-1 s=STATE_CONNECTION_ESTABLISHED l=1).mark_down
2024-05-09T00:51:21.809 INFO:teuthology.orchestra.run.smithi037.stdout:/usr/bin/ceph: stderr
2024-05-09T00:51:21.205+0000 7f312d0b3700 1 --2- 172.21.15.37:0/2597357425 >> [v2:172.21.15.37:6800/2764436863,v1:172.21.15.37:6801/2764436863] conn(0x7f311403e470 0x7f3114040980 secure :-1 s=READY pgs=7 cs=0 l=1 rev1=1 crypto rx=0x7f3118006fd0 tx=0x7f3118006e40 comp rx=0 tx=0).stop
2024-05-09T00:51:21.809 INFO:teuthology.orchestra.run.smithi037.stdout:/usr/bin/ceph: stderr
2024-05-09T00:51:21.205+0000 7f312d0b3700 1 -- 172.21.15.37:0/2597357425 >> [v2:172.21.15.37:3300/0,v1:172.21.15.37:6789/0] conn(0x7f3128109c10 msgr2=0x7f312819e050 secure :-1 s=STATE_CONNECTION_ESTABLISHED l=1).mark_down
2024-05-09T00:51:21.809 INFO:teuthology.orchestra.run.smithi037.stdout:/usr/bin/ceph: stderr
2024-05-09T00:51:21.205+0000 7f312d0b3700 1 --2- 172.21.15.37:0/2597357425 >> [v2:172.21.15.37:3300/0,v1:172.21.15.37:6789/0] conn(0x7f3128109c10 0x7f312819e050 secure :-1 s=READY pgs=71 cs=0 l=1 rev1=1 crypto rx=0x7f3110011a20 tx=0x7f3110011b00 comp rx=0 tx=0).stop
2024-05-09T00:51:21.809 INFO:teuthology.orchestra.run.smithi037.stdout:/usr/bin/ceph: stderr
2024-05-09T00:51:21.205+0000 7f312d0b3700 1 -- 172.21.15.37:0/2597357425 shutdown_connections
2024-05-09T00:51:21.810 INFO:teuthology.orchestra.run.smithi037.stdout:/usr/bin/ceph: stderr
2024-05-09T00:51:21.205+0000 7f312d0b3700 1 --2- 172.21.15.37:0/2597357425 >> [v2:172.21.15.37:6800/2764436863,v1:172.21.15.37:6801/2764436863] conn(0x7f311403e470 0x7f3114040980 unknown :-1 s=CLOSED pgs=7 cs=0 l=1 rev1=1 crypto rx=0 tx=0 comp rx=0 tx=0).stop
2024-05-09T00:51:21.810 INFO:teuthology.orchestra.run.smithi037.stdout:/usr/bin/ceph: stderr
2024-05-09T00:51:21.205+0000 7f312d0b3700 1 --2- 172.21.15.37:0/2597357425 >> [v2:172.21.15.37:3300/0,v1:172.21.15.37:6789/0] conn(0x7f3128109c10 0x7f312819e050 unknown :-1 s=CLOSED pgs=71 cs=0 l=1 rev1=1 crypto rx=0 tx=0 comp rx=0 tx=0).stop
2024-05-09T00:51:21.810 INFO:teuthology.orchestra.run.smithi037.stdout:/usr/bin/ceph: stderr
2024-05-09T00:51:21.205+0000 7f312d0b3700 1 -- 172.21.15.37:0/2597357425 >> 172.21.15.37:0/2597357425 conn(0x7f31281052d0 msgr2=0x7f3128106b70 unknown :-1 s=STATE_NONE l=0).mark_down
2024-05-09T00:51:21.810 INFO:teuthology.orchestra.run.smithi037.stdout:/usr/bin/ceph: stderr
2024-05-09T00:51:21.205+0000 7f312d0b3700 1 -- 172.21.15.37:0/2597357425 shutdown_connections
2024-05-09T00:51:21.810 INFO:teuthology.orchestra.run.smithi037.stdout:/usr/bin/ceph: stderr
2024-05-09T00:51:21.205+0000 7f312d0b3700 1 -- 172.21.15.37:0/2597357425 wait complete.
2024-05-09T00:51:21.810 INFO:teuthology.orchestra.run.smithi037.stdout:Creating initial admin user...
2024-05-09T00:51:22.061 INFO:journalctl@ceph.mon.a.smithi037.stdout:May 09 00:51:21 smithi037 ceph-mon[30122]: mgrmap e12: x(active, since 2s)
2024-05-09T00:51:22.061 INFO:journalctl@ceph.mon.a.smithi037.stdout:May 09 00:51:21 smithi037 ceph-mon[30122]: from='client.14164 -' entity='client.admin' cmd=[{"prefix": "dashboard create-self-signed-cert", "target": ["mon-mgr", ""]}]: dispatch
2024-05-09T00:51:22.061 INFO:journalctl@ceph.mon.a.smithi037.stdout:May 09 00:51:21 smithi037 ceph-mon[30122]: from='mgr.14152 172.21.15.37:0/2173740226' entity='mgr.x'
2024-05-09T00:51:22.061 INFO:journalctl@ceph.mon.a.smithi037.stdout:May 09 00:51:21 smithi037 ceph-mon[30122]: from='mgr.14152 172.21.15.37:0/2173740226' entity='mgr.x'
2024-05-09T00:51:22.061 INFO:journalctl@ceph.mon.a.smithi037.stdout:May 09 00:51:21 smithi037 ceph-mon[30122]: from='mgr.14152 172.21.15.37:0/2173740226' entity='mgr.x'
2024-05-09T00:51:23.314 INFO:teuthology.orchestra.run.smithi037.stdout:/usr/bin/ceph: stdout {"username": "admin", "password": "$2b$12$WSYh/TenM7APUdag824bpuCP9/fVixjTJ6TzVW/AW6XRHfLJ/3PXe", "roles": ["administrator"], "name": null, "email": null, "lastUpdate": 1715215882, "enabled": true, "pwdExpirationDate": null, "pwdUpdateRequired": true}
2024-05-09T00:51:23.315 INFO:teuthology.orchestra.run.smithi037.stdout:/usr/bin/ceph: stderr
2024-05-09T00:51:22.287+0000 7f46d1745700 1 Processor -- start
2024-05-09T00:51:23.315 INFO:teuthology.orchestra.run.smithi037.stdout:/usr/bin/ceph: stderr
2024-05-09T00:51:22.287+0000 7f46d1745700 1 -- start start
2024-05-09T00:51:23.315 INFO:teuthology.orchestra.run.smithi037.stdout:/usr/bin/ceph: stderr
2024-05-09T00:51:22.287+0000 7f46d1745700 1 --2- >> [v2:172.21.15.37:3300/0,v1:172.21.15.37:6789/0] conn(0x7f46cc108b10 0x7f46cc108f20 unknown :-1 s=NONE pgs=0 cs=0 l=0 rev1=0 crypto rx=0 tx=0 comp rx=0 tx=0).connect
2024-05-09T00:51:23.315 INFO:teuthology.orchestra.run.smithi037.stdout:/usr/bin/ceph: stderr
2024-05-09T00:51:22.287+0000 7f46d1745700 1 -- --> [v2:172.21.15.37:3300/0,v1:172.21.15.37:6789/0] -- mon_getmap magic: 0 -- 0x7f46cc109510 con 0x7f46cc108b10
2024-05-09T00:51:23.315 INFO:teuthology.orchestra.run.smithi037.stdout:/usr/bin/ceph: stderr
2024-05-09T00:51:22.287+0000 7f46caffd700 1 --2- >> [v2:172.21.15.37:3300/0,v1:172.21.15.37:6789/0] conn(0x7f46cc108b10 0x7f46cc108f20 unknown :-1 s=BANNER_CONNECTING pgs=0 cs=0 l=0 rev1=0 crypto rx=0 tx=0 comp rx=0 tx=0)._handle_peer_banner_payload supported=3 required=0
2024-05-09T00:51:23.315 INFO:teuthology.orchestra.run.smithi037.stdout:/usr/bin/ceph: stderr
2024-05-09T00:51:22.287+0000 7f46caffd700 1 --2- >> [v2:172.21.15.37:3300/0,v1:172.21.15.37:6789/0] conn(0x7f46cc108b10 0x7f46cc108f20 unknown :-1 s=HELLO_CONNECTING pgs=0 cs=0 l=0 rev1=1 crypto rx=0 tx=0 comp rx=0 tx=0).handle_hello peer v2:172.21.15.37:3300/0 says I am v2:172.21.15.37:39810/0 (socket says 172.21.15.37:39810)
2024-05-09T00:51:23.315 INFO:teuthology.orchestra.run.smithi037.stdout:/usr/bin/ceph: stderr
2024-05-09T00:51:22.287+0000 7f46caffd700 1 -- 172.21.15.37:0/3294448652 learned_addr learned my addr 172.21.15.37:0/3294448652 (peer_addr_for_me v2:172.21.15.37:0/0)
2024-05-09T00:51:23.315 INFO:teuthology.orchestra.run.smithi037.stdout:/usr/bin/ceph: stderr
2024-05-09T00:51:22.288+0000 7f46caffd700 1 -- 172.21.15.37:0/3294448652 --> [v2:172.21.15.37:3300/0,v1:172.21.15.37:6789/0] -- mon_subscribe({config=0+,monmap=0+}) -- 0x7f46cc109ce0 con 0x7f46cc108b10
2024-05-09T00:51:23.315 INFO:teuthology.orchestra.run.smithi037.stdout:/usr/bin/ceph: stderr
2024-05-09T00:51:22.288+0000 7f46caffd700 1 --2- 172.21.15.37:0/3294448652 >> [v2:172.21.15.37:3300/0,v1:172.21.15.37:6789/0] conn(0x7f46cc108b10 0x7f46cc108f20 secure :-1 s=READY pgs=72 cs=0 l=1 rev1=1 crypto rx=0x7f46bc0098a0 tx=0x7f46bc009bb0 comp rx=0 tx=0).ready entity=mon.0 client_cookie=25a613f6de39d46 server_cookie=0 in_seq=0 out_seq=0
2024-05-09T00:51:23.315 INFO:teuthology.orchestra.run.smithi037.stdout:/usr/bin/ceph: stderr
2024-05-09T00:51:22.288+0000 7f46c9ffb700 1 -- 172.21.15.37:0/3294448652 <== mon.0 v2:172.21.15.37:3300/0 1 ==== mon_map magic: 0 ==== 205+0+0 (secure 0 0 0) 0x7f46bc004160 con 0x7f46cc108b10
2024-05-09T00:51:23.316 INFO:teuthology.orchestra.run.smithi037.stdout:/usr/bin/ceph: stderr
2024-05-09T00:51:22.288+0000 7f46c9ffb700 1 -- 172.21.15.37:0/3294448652 <== mon.0 v2:172.21.15.37:3300/0 2 ==== config(26 keys) ==== 1101+0+0 (secure 0 0 0) 0x7f46bc004300 con 0x7f46cc108b10
2024-05-09T00:51:23.316 INFO:teuthology.orchestra.run.smithi037.stdout:/usr/bin/ceph: stderr
2024-05-09T00:51:22.288+0000 7f46c9ffb700 1 -- 172.21.15.37:0/3294448652 <== mon.0 v2:172.21.15.37:3300/0 3 ==== mon_map magic: 0 ==== 205+0+0 (secure 0 0 0) 0x7f46bc011a20 con 0x7f46cc108b10
2024-05-09T00:51:23.316 INFO:teuthology.orchestra.run.smithi037.stdout:/usr/bin/ceph: stderr
2024-05-09T00:51:22.289+0000 7f46d1745700 1 -- 172.21.15.37:0/3294448652 >> [v2:172.21.15.37:3300/0,v1:172.21.15.37:6789/0] conn(0x7f46cc108b10 msgr2=0x7f46cc108f20 secure :-1 s=STATE_CONNECTION_ESTABLISHED l=1).mark_down
2024-05-09T00:51:23.316 INFO:teuthology.orchestra.run.smithi037.stdout:/usr/bin/ceph: stderr
2024-05-09T00:51:22.289+0000 7f46d1745700 1 --2- 172.21.15.37:0/3294448652 >> [v2:172.21.15.37:3300/0,v1:172.21.15.37:6789/0] conn(0x7f46cc108b10 0x7f46cc108f20 secure :-1 s=READY pgs=72 cs=0 l=1 rev1=1 crypto rx=0x7f46bc0098a0 tx=0x7f46bc009bb0 comp rx=0 tx=0).stop
2024-05-09T00:51:23.316 INFO:teuthology.orchestra.run.smithi037.stdout:/usr/bin/ceph: stderr
2024-05-09T00:51:22.289+0000 7f46d1745700 1 -- 172.21.15.37:0/3294448652 shutdown_connections
2024-05-09T00:51:23.316 INFO:teuthology.orchestra.run.smithi037.stdout:/usr/bin/ceph: stderr
2024-05-09T00:51:22.289+0000 7f46d1745700 1 --2- 172.21.15.37:0/3294448652 >> [v2:172.21.15.37:3300/0,v1:172.21.15.37:6789/0] conn(0x7f46cc108b10 0x7f46cc108f20 unknown :-1 s=CLOSED pgs=72 cs=0 l=1 rev1=1 crypto rx=0 tx=0 comp rx=0 tx=0).stop
2024-05-09T00:51:23.316 INFO:teuthology.orchestra.run.smithi037.stdout:/usr/bin/ceph: stderr
2024-05-09T00:51:22.289+0000 7f46d1745700 1 -- 172.21.15.37:0/3294448652 >> 172.21.15.37:0/3294448652 conn(0x7f46cc1041d0 msgr2=0x7f46cc106620 unknown :-1 s=STATE_NONE l=0).mark_down
2024-05-09T00:51:23.316 INFO:teuthology.orchestra.run.smithi037.stdout:/usr/bin/ceph: stderr
2024-05-09T00:51:22.289+0000 7f46d1745700 1 -- 172.21.15.37:0/3294448652 shutdown_connections
2024-05-09T00:51:23.316 INFO:teuthology.orchestra.run.smithi037.stdout:/usr/bin/ceph: stderr
2024-05-09T00:51:22.289+0000 7f46d1745700 1 -- 172.21.15.37:0/3294448652 wait complete.
2024-05-09T00:51:23.316 INFO:teuthology.orchestra.run.smithi037.stdout:/usr/bin/ceph: stderr
2024-05-09T00:51:22.290+0000 7f46d1745700 1 Processor -- start
2024-05-09T00:51:23.316 INFO:teuthology.orchestra.run.smithi037.stdout:/usr/bin/ceph: stderr
2024-05-09T00:51:22.290+0000 7f46d1745700 1 -- start start
2024-05-09T00:51:23.316 INFO:teuthology.orchestra.run.smithi037.stdout:/usr/bin/ceph: stderr
2024-05-09T00:51:22.290+0000 7f46d1745700 1 --2- >> [v2:172.21.15.37:3300/0,v1:172.21.15.37:6789/0] conn(0x7f46cc108b10 0x7f46cc19e060 unknown :-1 s=NONE pgs=0 cs=0 l=1 rev1=0 crypto rx=0 tx=0 comp rx=0 tx=0).connect
2024-05-09T00:51:23.317 INFO:teuthology.orchestra.run.smithi037.stdout:/usr/bin/ceph: stderr
2024-05-09T00:51:22.290+0000 7f46d1745700 1 -- --> [v2:172.21.15.37:3300/0,v1:172.21.15.37:6789/0] -- mon_getmap magic: 0 -- 0x7f46cc10d090 con 0x7f46cc108b10
2024-05-09T00:51:23.317 INFO:teuthology.orchestra.run.smithi037.stdout:/usr/bin/ceph: stderr
2024-05-09T00:51:22.290+0000 7f46caffd700 1 --2- >> [v2:172.21.15.37:3300/0,v1:172.21.15.37:6789/0] conn(0x7f46cc108b10 0x7f46cc19e060 unknown :-1 s=BANNER_CONNECTING pgs=0 cs=0 l=1 rev1=0 crypto rx=0 tx=0 comp rx=0 tx=0)._handle_peer_banner_payload supported=3 required=0
2024-05-09T00:51:23.317 INFO:teuthology.orchestra.run.smithi037.stdout:/usr/bin/ceph: stderr
2024-05-09T00:51:22.290+0000 7f46caffd700 1 --2- >> [v2:172.21.15.37:3300/0,v1:172.21.15.37:6789/0] conn(0x7f46cc108b10 0x7f46cc19e060 unknown :-1 s=HELLO_CONNECTING pgs=0 cs=0 l=1 rev1=1 crypto rx=0 tx=0 comp rx=0 tx=0).handle_hello peer v2:172.21.15.37:3300/0 says I am v2:172.21.15.37:39814/0 (socket says 172.21.15.37:39814)
2024-05-09T00:51:23.317 INFO:teuthology.orchestra.run.smithi037.stdout:/usr/bin/ceph: stderr
2024-05-09T00:51:22.290+0000 7f46caffd700 1 -- 172.21.15.37:0/1799149686 learned_addr learned my addr 172.21.15.37:0/1799149686 (peer_addr_for_me v2:172.21.15.37:0/0)
2024-05-09T00:51:23.317 INFO:teuthology.orchestra.run.smithi037.stdout:/usr/bin/ceph: stderr
2024-05-09T00:51:22.291+0000 7f46caffd700 1 -- 172.21.15.37:0/1799149686 --> [v2:172.21.15.37:3300/0,v1:172.21.15.37:6789/0] -- mon_subscribe({config=0+,monmap=0+}) -- 0x7f46cc19e5a0 con 0x7f46cc108b10
2024-05-09T00:51:23.317 INFO:teuthology.orchestra.run.smithi037.stdout:/usr/bin/ceph: stderr
2024-05-09T00:51:22.291+0000 7f46caffd700 1 --2- 172.21.15.37:0/1799149686 >> [v2:172.21.15.37:3300/0,v1:172.21.15.37:6789/0] conn(0x7f46cc108b10 0x7f46cc19e060 secure :-1 s=READY pgs=73 cs=0 l=1 rev1=1 crypto rx=0x7f46bc009130 tx=0x7f46bc011aa0 comp rx=0 tx=0).ready entity=mon.0 client_cookie=0 server_cookie=0 in_seq=0 out_seq=0
2024-05-09T00:51:23.317 INFO:teuthology.orchestra.run.smithi037.stdout:/usr/bin/ceph: stderr
2024-05-09T00:51:22.291+0000 7f46b3fff700 1 -- 172.21.15.37:0/1799149686 <== mon.0 v2:172.21.15.37:3300/0 1 ==== mon_map magic: 0 ==== 205+0+0 (secure 0 0 0) 0x7f46bc003aa0 con 0x7f46cc108b10
2024-05-09T00:51:23.317 INFO:teuthology.orchestra.run.smithi037.stdout:/usr/bin/ceph: stderr
2024-05-09T00:51:22.291+0000 7f46d1745700 1 -- 172.21.15.37:0/1799149686 --> [v2:172.21.15.37:3300/0,v1:172.21.15.37:6789/0] -- mon_subscribe({mgrmap=0+}) -- 0x7f46cc19e830 con 0x7f46cc108b10
2024-05-09T00:51:23.317 INFO:teuthology.orchestra.run.smithi037.stdout:/usr/bin/ceph: stderr
2024-05-09T00:51:22.291+0000 7f46b3fff700 1 -- 172.21.15.37:0/1799149686 <== mon.0 v2:172.21.15.37:3300/0 2 ==== config(26 keys) ==== 1101+0+0 (secure 0 0 0) 0x7f46bc01a8e0 con 0x7f46cc108b10
2024-05-09T00:51:23.317 INFO:teuthology.orchestra.run.smithi037.stdout:/usr/bin/ceph: stderr
2024-05-09T00:51:22.291+0000 7f46b3fff700 1 -- 172.21.15.37:0/1799149686 <== mon.0 v2:172.21.15.37:3300/0 3 ==== mon_map magic: 0 ==== 205+0+0 (secure 0 0 0) 0x7f46bc0248f0 con 0x7f46cc108b10
2024-05-09T00:51:23.317 INFO:teuthology.orchestra.run.smithi037.stdout:/usr/bin/ceph: stderr
2024-05-09T00:51:22.291+0000 7f46d1745700 1 -- 172.21.15.37:0/1799149686 --> [v2:172.21.15.37:3300/0,v1:172.21.15.37:6789/0] -- mon_subscribe({osdmap=0}) -- 0x7f46cc1a1440 con 0x7f46cc108b10
2024-05-09T00:51:23.318 INFO:teuthology.orchestra.run.smithi037.stdout:/usr/bin/ceph: stderr
2024-05-09T00:51:22.292+0000 7f46b3fff700 1 -- 172.21.15.37:0/1799149686 <== mon.0 v2:172.21.15.37:3300/0 4 ==== mgrmap(e 12) ==== 50235+0+0 (secure 0 0 0) 0x7f46bc022020 con 0x7f46cc108b10
2024-05-09T00:51:23.318 INFO:teuthology.orchestra.run.smithi037.stdout:/usr/bin/ceph: stderr
2024-05-09T00:51:22.292+0000 7f46d1745700 1 -- 172.21.15.37:0/1799149686 --> [v2:172.21.15.37:3300/0,v1:172.21.15.37:6789/0] -- mon_command({"prefix": "get_command_descriptions"} v 0) -- 0x7f46cc064e20 con 0x7f46cc108b10
2024-05-09T00:51:23.318 INFO:teuthology.orchestra.run.smithi037.stdout:/usr/bin/ceph: stderr
2024-05-09T00:51:22.293+0000 7f46b3fff700 1 --2- 172.21.15.37:0/1799149686 >> [v2:172.21.15.37:6800/2764436863,v1:172.21.15.37:6801/2764436863] conn(0x7f46b403e4c0 0x7f46b40409d0 unknown :-1 s=NONE pgs=0 cs=0 l=1 rev1=0 crypto rx=0 tx=0 comp rx=0 tx=0).connect
2024-05-09T00:51:23.318 INFO:teuthology.orchestra.run.smithi037.stdout:/usr/bin/ceph: stderr
2024-05-09T00:51:22.293+0000 7f46b3fff700 1 -- 172.21.15.37:0/1799149686 <== mon.0 v2:172.21.15.37:3300/0 5 ==== osd_map(3..3 src has 1..3) ==== 1155+0+0 (secure 0 0 0) 0x7f46bc054900 con 0x7f46cc108b10
2024-05-09T00:51:23.318 INFO:teuthology.orchestra.run.smithi037.stdout:/usr/bin/ceph: stderr
2024-05-09T00:51:22.293+0000 7f46ca7fc700 1 --2- 172.21.15.37:0/1799149686 >> [v2:172.21.15.37:6800/2764436863,v1:172.21.15.37:6801/2764436863] conn(0x7f46b403e4c0 0x7f46b40409d0 unknown :-1 s=BANNER_CONNECTING pgs=0 cs=0 l=1 rev1=0 crypto rx=0 tx=0 comp rx=0 tx=0)._handle_peer_banner_payload supported=3 required=0
2024-05-09T00:51:23.318 INFO:teuthology.orchestra.run.smithi037.stdout:/usr/bin/ceph: stderr
2024-05-09T00:51:22.293+0000 7f46ca7fc700 1 --2- 172.21.15.37:0/1799149686 >> [v2:172.21.15.37:6800/2764436863,v1:172.21.15.37:6801/2764436863] conn(0x7f46b403e4c0 0x7f46b40409d0 secure :-1 s=READY pgs=8 cs=0 l=1 rev1=1 crypto rx=0x7f46c0006fd0 tx=0x7f46c0006e40 comp rx=0 tx=0).ready entity=mgr.14152 client_cookie=0 server_cookie=0 in_seq=0 out_seq=0
2024-05-09T00:51:23.318 INFO:teuthology.orchestra.run.smithi037.stdout:/usr/bin/ceph: stderr
2024-05-09T00:51:22.298+0000 7f46b3fff700 1 -- 172.21.15.37:0/1799149686 <== mon.0 v2:172.21.15.37:3300/0 6 ==== mon_command_ack([{"prefix": "get_command_descriptions"}]=0 v0) ==== 72+0+191963 (secure 0 0 0) 0x7f46bc029df0 con 0x7f46cc108b10
2024-05-09T00:51:23.318 INFO:teuthology.orchestra.run.smithi037.stdout:/usr/bin/ceph: stderr
2024-05-09T00:51:22.529+0000 7f46d1745700 1 -- 172.21.15.37:0/1799149686 --> [v2:172.21.15.37:6800/2764436863,v1:172.21.15.37:6801/2764436863] -- mgr_command(tid 0: {"prefix": "dashboard ac-user-create", "username": "admin", "rolename": "administrator", "force_password": true, "pwd_update_required": true, "target": ["mon-mgr", ""]}) -- 0x7f46cc1974d0 con 0x7f46b403e4c0
2024-05-09T00:51:23.319 INFO:teuthology.orchestra.run.smithi037.stdout:/usr/bin/ceph: stderr
2024-05-09T00:51:22.776+0000 7f46b3fff700 1 -- 172.21.15.37:0/1799149686 <== mgr.14152 v2:172.21.15.37:6800/2764436863 1 ==== mgr_command_reply(tid 0: 0 ) ==== 8+0+252 (secure 0 0 0) 0x7f46cc1974d0 con 0x7f46b403e4c0
2024-05-09T00:51:23.319 INFO:teuthology.orchestra.run.smithi037.stdout:/usr/bin/ceph: stderr
2024-05-09T00:51:22.779+0000 7f46d1745700 1 -- 172.21.15.37:0/1799149686 >> [v2:172.21.15.37:6800/2764436863,v1:172.21.15.37:6801/2764436863] conn(0x7f46b403e4c0 msgr2=0x7f46b40409d0 secure :-1 s=STATE_CONNECTION_ESTABLISHED l=1).mark_down
2024-05-09T00:51:23.319 INFO:teuthology.orchestra.run.smithi037.stdout:/usr/bin/ceph: stderr
2024-05-09T00:51:22.779+0000 7f46d1745700 1 --2- 172.21.15.37:0/1799149686 >> [v2:172.21.15.37:6800/2764436863,v1:172.21.15.37:6801/2764436863] conn(0x7f46b403e4c0 0x7f46b40409d0 secure :-1 s=READY pgs=8 cs=0 l=1 rev1=1 crypto rx=0x7f46c0006fd0 tx=0x7f46c0006e40 comp rx=0 tx=0).stop
2024-05-09T00:51:23.319 INFO:teuthology.orchestra.run.smithi037.stdout:/usr/bin/ceph: stderr
2024-05-09T00:51:22.779+0000 7f46d1745700 1 -- 172.21.15.37:0/1799149686 >> [v2:172.21.15.37:3300/0,v1:172.21.15.37:6789/0] conn(0x7f46cc108b10 msgr2=0x7f46cc19e060 secure :-1 s=STATE_CONNECTION_ESTABLISHED l=1).mark_down
2024-05-09T00:51:23.319 INFO:teuthology.orchestra.run.smithi037.stdout:/usr/bin/ceph: stderr
2024-05-09T00:51:22.779+0000 7f46d1745700 1 --2- 172.21.15.37:0/1799149686 >> [v2:172.21.15.37:3300/0,v1:172.21.15.37:6789/0] conn(0x7f46cc108b10 0x7f46cc19e060 secure :-1 s=READY pgs=73 cs=0 l=1 rev1=1 crypto rx=0x7f46bc009130 tx=0x7f46bc011aa0 comp rx=0 tx=0).stop
2024-05-09T00:51:23.319 INFO:teuthology.orchestra.run.smithi037.stdout:/usr/bin/ceph: stderr
2024-05-09T00:51:22.779+0000 7f46d1745700 1 -- 172.21.15.37:0/1799149686 shutdown_connections
2024-05-09T00:51:23.319 INFO:teuthology.orchestra.run.smithi037.stdout:/usr/bin/ceph: stderr
2024-05-09T00:51:22.779+0000 7f46d1745700 1 --2- 172.21.15.37:0/1799149686 >> [v2:172.21.15.37:6800/2764436863,v1:172.21.15.37:6801/2764436863] conn(0x7f46b403e4c0 0x7f46b40409d0 unknown :-1 s=CLOSED pgs=8 cs=0 l=1 rev1=1 crypto rx=0 tx=0 comp rx=0 tx=0).stop
2024-05-09T00:51:23.319 INFO:teuthology.orchestra.run.smithi037.stdout:/usr/bin/ceph: stderr
2024-05-09T00:51:22.779+0000 7f46d1745700 1 --2- 172.21.15.37:0/1799149686 >> [v2:172.21.15.37:3300/0,v1:172.21.15.37:6789/0] conn(0x7f46cc108b10 0x7f46cc19e060 unknown :-1 s=CLOSED pgs=73 cs=0 l=1 rev1=1 crypto rx=0 tx=0 comp rx=0 tx=0).stop
2024-05-09T00:51:23.319 INFO:teuthology.orchestra.run.smithi037.stdout:/usr/bin/ceph: stderr
2024-05-09T00:51:22.779+0000 7f46d1745700 1 -- 172.21.15.37:0/1799149686 >> 172.21.15.37:0/1799149686 conn(0x7f46cc1041d0 msgr2=0x7f46cc194610 unknown :-1 s=STATE_NONE l=0).mark_down
2024-05-09T00:51:23.320 INFO:teuthology.orchestra.run.smithi037.stdout:/usr/bin/ceph: stderr
2024-05-09T00:51:22.779+0000 7f46d1745700 1 -- 172.21.15.37:0/1799149686 shutdown_connections
2024-05-09T00:51:23.320 INFO:teuthology.orchestra.run.smithi037.stdout:/usr/bin/ceph: stderr
2024-05-09T00:51:22.779+0000 7f46d1745700 1 -- 172.21.15.37:0/1799149686 wait complete.
2024-05-09T00:51:23.320 INFO:teuthology.orchestra.run.smithi037.stdout:Fetching dashboard port number...
2024-05-09T00:51:23.633 INFO:journalctl@ceph.mon.a.smithi037.stdout:May 09 00:51:23 smithi037 ceph-mon[30122]: from='mgr.14152 172.21.15.37:0/2173740226' entity='mgr.x'
2024-05-09T00:51:23.633 INFO:journalctl@ceph.mon.a.smithi037.stdout:May 09 00:51:23 smithi037 ceph-mon[30122]: from='client.14166 -' entity='client.admin' cmd=[{"prefix": "dashboard ac-user-create", "username": "admin", "rolename": "administrator", "force_password": true, "pwd_update_required": true, "target": ["mon-mgr", ""]}]: dispatch
2024-05-09T00:51:23.633 INFO:journalctl@ceph.mon.a.smithi037.stdout:May 09 00:51:23 smithi037 ceph-mon[30122]: from='mgr.14152 172.21.15.37:0/2173740226' entity='mgr.x'
2024-05-09T00:51:24.724 INFO:journalctl@ceph.mon.a.smithi037.stdout:May 09 00:51:24 smithi037 ceph-mon[30122]: from='client.? 172.21.15.37:0/893468856' entity='client.admin' cmd=[{"prefix": "config get", "who": "mgr", "key": "mgr/dashboard/ssl_server_port"}]: dispatch
2024-05-09T00:51:25.065 INFO:teuthology.orchestra.run.smithi037.stdout:/usr/bin/ceph: stdout 8443
2024-05-09T00:51:25.065 INFO:teuthology.orchestra.run.smithi037.stdout:/usr/bin/ceph: stderr
2024-05-09T00:51:23.750+0000 7f2a1841c700 1 Processor -- start
2024-05-09T00:51:25.065 INFO:teuthology.orchestra.run.smithi037.stdout:/usr/bin/ceph: stderr
2024-05-09T00:51:23.750+0000 7f2a1841c700 1 -- start start
2024-05-09T00:51:25.065 INFO:teuthology.orchestra.run.smithi037.stdout:/usr/bin/ceph: stderr
2024-05-09T00:51:23.751+0000 7f2a1841c700 1 --2- >> [v2:172.21.15.37:3300/0,v1:172.21.15.37:6789/0] conn(0x7f2a1010a770 0x7f2a1010cb90 unknown :-1 s=NONE pgs=0 cs=0 l=0 rev1=0 crypto rx=0 tx=0 comp rx=0 tx=0).connect
2024-05-09T00:51:25.065 INFO:teuthology.orchestra.run.smithi037.stdout:/usr/bin/ceph: stderr
2024-05-09T00:51:23.751+0000 7f2a1841c700 1 -- --> [v2:172.21.15.37:3300/0,v1:172.21.15.37:6789/0] -- mon_getmap magic: 0 -- 0x7f2a1007cdf0 con 0x7f2a1010a770
2024-05-09T00:51:25.065 INFO:teuthology.orchestra.run.smithi037.stdout:/usr/bin/ceph: stderr
2024-05-09T00:51:23.751+0000 7f2a161b8700 1 --2- >> [v2:172.21.15.37:3300/0,v1:172.21.15.37:6789/0] conn(0x7f2a1010a770 0x7f2a1010cb90 unknown :-1 s=BANNER_CONNECTING pgs=0 cs=0 l=0 rev1=0 crypto rx=0 tx=0 comp rx=0 tx=0)._handle_peer_banner_payload supported=3 required=0
2024-05-09T00:51:25.066 INFO:teuthology.orchestra.run.smithi037.stdout:/usr/bin/ceph: stderr
2024-05-09T00:51:23.751+0000 7f2a161b8700 1 --2- >> [v2:172.21.15.37:3300/0,v1:172.21.15.37:6789/0] conn(0x7f2a1010a770 0x7f2a1010cb90 unknown :-1 s=HELLO_CONNECTING pgs=0 cs=0 l=0 rev1=1 crypto rx=0 tx=0 comp rx=0 tx=0).handle_hello peer v2:172.21.15.37:3300/0 says I am v2:172.21.15.37:39830/0 (socket says 172.21.15.37:39830)
2024-05-09T00:51:25.066 INFO:teuthology.orchestra.run.smithi037.stdout:/usr/bin/ceph: stderr
2024-05-09T00:51:23.751+0000 7f2a161b8700 1 -- 172.21.15.37:0/3050317249 learned_addr learned my addr 172.21.15.37:0/3050317249 (peer_addr_for_me v2:172.21.15.37:0/0)
2024-05-09T00:51:25.066 INFO:teuthology.orchestra.run.smithi037.stdout:/usr/bin/ceph: stderr
2024-05-09T00:51:23.751+0000 7f2a161b8700 1 -- 172.21.15.37:0/3050317249 --> [v2:172.21.15.37:3300/0,v1:172.21.15.37:6789/0] -- mon_subscribe({config=0+,monmap=0+}) -- 0x7f2a1010d0d0 con 0x7f2a1010a770
2024-05-09T00:51:25.066 INFO:teuthology.orchestra.run.smithi037.stdout:/usr/bin/ceph: stderr
2024-05-09T00:51:23.751+0000 7f2a161b8700 1 --2- 172.21.15.37:0/3050317249 >> [v2:172.21.15.37:3300/0,v1:172.21.15.37:6789/0] conn(0x7f2a1010a770 0x7f2a1010cb90 secure :-1 s=READY pgs=74 cs=0 l=1 rev1=1 crypto rx=0x7f2a00009e80 tx=0x7f2a0000b330 comp rx=0 tx=0).ready entity=mon.0 client_cookie=cc7d0e679a8882a9 server_cookie=0 in_seq=0 out_seq=0
2024-05-09T00:51:25.066 INFO:teuthology.orchestra.run.smithi037.stdout:/usr/bin/ceph: stderr
2024-05-09T00:51:23.751+0000 7f2a151b6700 1 -- 172.21.15.37:0/3050317249 <== mon.0 v2:172.21.15.37:3300/0 1 ==== mon_map magic: 0 ==== 205+0+0 (secure 0 0 0) 0x7f2a00017070 con 0x7f2a1010a770
2024-05-09T00:51:25.066 INFO:teuthology.orchestra.run.smithi037.stdout:/usr/bin/ceph: stderr
2024-05-09T00:51:23.752+0000 7f2a151b6700 1 -- 172.21.15.37:0/3050317249 <== mon.0 v2:172.21.15.37:3300/0 2 ==== config(26 keys) ==== 1101+0+0 (secure 0 0 0) 0x7f2a0000b8c0 con 0x7f2a1010a770
2024-05-09T00:51:25.066 INFO:teuthology.orchestra.run.smithi037.stdout:/usr/bin/ceph: stderr
2024-05-09T00:51:23.752+0000 7f2a151b6700 1 -- 172.21.15.37:0/3050317249 <== mon.0 v2:172.21.15.37:3300/0 3 ==== mon_map magic: 0 ==== 205+0+0 (secure 0 0 0) 0x7f2a00004490 con 0x7f2a1010a770
2024-05-09T00:51:25.066 INFO:teuthology.orchestra.run.smithi037.stdout:/usr/bin/ceph: stderr
2024-05-09T00:51:23.752+0000 7f2a1841c700 1 -- 172.21.15.37:0/3050317249 >> [v2:172.21.15.37:3300/0,v1:172.21.15.37:6789/0] conn(0x7f2a1010a770 msgr2=0x7f2a1010cb90 secure :-1 s=STATE_CONNECTION_ESTABLISHED l=1).mark_down
2024-05-09T00:51:25.066 INFO:teuthology.orchestra.run.smithi037.stdout:/usr/bin/ceph: stderr
2024-05-09T00:51:23.752+0000 7f2a1841c700 1 --2- 172.21.15.37:0/3050317249 >> [v2:172.21.15.37:3300/0,v1:172.21.15.37:6789/0] conn(0x7f2a1010a770 0x7f2a1010cb90 secure :-1 s=READY pgs=74 cs=0 l=1 rev1=1 crypto rx=0x7f2a00009e80 tx=0x7f2a0000b330 comp rx=0 tx=0).stop
2024-05-09T00:51:25.066 INFO:teuthology.orchestra.run.smithi037.stdout:/usr/bin/ceph: stderr
2024-05-09T00:51:23.752+0000 7f2a1841c700 1 -- 172.21.15.37:0/3050317249 shutdown_connections
2024-05-09T00:51:25.066 INFO:teuthology.orchestra.run.smithi037.stdout:/usr/bin/ceph: stderr
2024-05-09T00:51:23.752+0000 7f2a1841c700 1 --2- 172.21.15.37:0/3050317249 >> [v2:172.21.15.37:3300/0,v1:172.21.15.37:6789/0] conn(0x7f2a1010a770 0x7f2a1010cb90 unknown :-1 s=CLOSED pgs=74 cs=0 l=1 rev1=1 crypto rx=0 tx=0 comp rx=0 tx=0).stop
2024-05-09T00:51:25.066 INFO:teuthology.orchestra.run.smithi037.stdout:/usr/bin/ceph: stderr
2024-05-09T00:51:23.752+0000 7f2a1841c700 1 -- 172.21.15.37:0/3050317249 >> 172.21.15.37:0/3050317249 conn(0x7f2a101041d0 msgr2=0x7f2a10106620 unknown :-1 s=STATE_NONE l=0).mark_down
2024-05-09T00:51:25.067 INFO:teuthology.orchestra.run.smithi037.stdout:/usr/bin/ceph: stderr
2024-05-09T00:51:23.752+0000 7f2a1841c700 1 -- 172.21.15.37:0/3050317249 shutdown_connections
2024-05-09T00:51:25.067 INFO:teuthology.orchestra.run.smithi037.stdout:/usr/bin/ceph: stderr
2024-05-09T00:51:23.752+0000 7f2a1841c700 1 -- 172.21.15.37:0/3050317249 wait complete.
2024-05-09T00:51:25.067 INFO:teuthology.orchestra.run.smithi037.stdout:/usr/bin/ceph: stderr
2024-05-09T00:51:23.753+0000 7f2a1841c700 1 Processor -- start
2024-05-09T00:51:25.067 INFO:teuthology.orchestra.run.smithi037.stdout:/usr/bin/ceph: stderr
2024-05-09T00:51:23.753+0000 7f2a1841c700 1 -- start start
2024-05-09T00:51:25.067 INFO:teuthology.orchestra.run.smithi037.stdout:/usr/bin/ceph: stderr
2024-05-09T00:51:23.753+0000 7f2a1841c700 1 --2- >> [v2:172.21.15.37:3300/0,v1:172.21.15.37:6789/0] conn(0x7f2a1010a770 0x7f2a1019e020 unknown :-1 s=NONE pgs=0 cs=0 l=1 rev1=0 crypto rx=0 tx=0 comp rx=0 tx=0).connect
2024-05-09T00:51:25.067 INFO:teuthology.orchestra.run.smithi037.stdout:/usr/bin/ceph: stderr
2024-05-09T00:51:23.753+0000 7f2a1841c700 1 -- --> [v2:172.21.15.37:3300/0,v1:172.21.15.37:6789/0] -- mon_getmap magic: 0 -- 0x7f2a1010e070 con 0x7f2a1010a770
2024-05-09T00:51:25.067 INFO:teuthology.orchestra.run.smithi037.stdout:/usr/bin/ceph: stderr
2024-05-09T00:51:23.753+0000 7f2a161b8700 1 --2- >> [v2:172.21.15.37:3300/0,v1:172.21.15.37:6789/0] conn(0x7f2a1010a770 0x7f2a1019e020 unknown :-1 s=BANNER_CONNECTING pgs=0 cs=0 l=1 rev1=0 crypto rx=0 tx=0 comp rx=0 tx=0)._handle_peer_banner_payload supported=3 required=0
2024-05-09T00:51:25.067 INFO:teuthology.orchestra.run.smithi037.stdout:/usr/bin/ceph: stderr
2024-05-09T00:51:23.753+0000 7f2a161b8700 1 --2- >> [v2:172.21.15.37:3300/0,v1:172.21.15.37:6789/0] conn(0x7f2a1010a770 0x7f2a1019e020 unknown :-1 s=HELLO_CONNECTING pgs=0 cs=0 l=1 rev1=1 crypto rx=0 tx=0 comp rx=0 tx=0).handle_hello peer v2:172.21.15.37:3300/0 says I am v2:172.21.15.37:39836/0 (socket says 172.21.15.37:39836)
2024-05-09T00:51:25.067 INFO:teuthology.orchestra.run.smithi037.stdout:/usr/bin/ceph: stderr
2024-05-09T00:51:23.753+0000 7f2a161b8700 1 -- 172.21.15.37:0/893468856 learned_addr learned my addr 172.21.15.37:0/893468856 (peer_addr_for_me v2:172.21.15.37:0/0)
2024-05-09T00:51:25.067 INFO:teuthology.orchestra.run.smithi037.stdout:/usr/bin/ceph: stderr
2024-05-09T00:51:23.754+0000 7f2a161b8700 1 -- 172.21.15.37:0/893468856 --> [v2:172.21.15.37:3300/0,v1:172.21.15.37:6789/0] -- mon_subscribe({config=0+,monmap=0+}) -- 0x7f2a1019e560 con 0x7f2a1010a770
2024-05-09T00:51:25.067 INFO:teuthology.orchestra.run.smithi037.stdout:/usr/bin/ceph: stderr
2024-05-09T00:51:23.754+0000 7f2a161b8700 1 --2- 172.21.15.37:0/893468856 >> [v2:172.21.15.37:3300/0,v1:172.21.15.37:6789/0] conn(0x7f2a1010a770 0x7f2a1019e020 secure :-1 s=READY pgs=75 cs=0 l=1 rev1=1 crypto rx=0x7f2a0000b7b0 tx=0x7f2a0000bd30 comp rx=0 tx=0).ready entity=mon.0 client_cookie=0 server_cookie=0 in_seq=0 out_seq=0
2024-05-09T00:51:25.067 INFO:teuthology.orchestra.run.smithi037.stdout:/usr/bin/ceph: stderr
2024-05-09T00:51:23.754+0000 7f2a0f7fe700 1 -- 172.21.15.37:0/893468856 <== mon.0 v2:172.21.15.37:3300/0 1 ==== mon_map magic: 0 ==== 205+0+0 (secure 0 0 0) 0x7f2a00020020 con 0x7f2a1010a770
2024-05-09T00:51:25.067 INFO:teuthology.orchestra.run.smithi037.stdout:/usr/bin/ceph: stderr
2024-05-09T00:51:23.754+0000 7f2a0f7fe700 1 -- 172.21.15.37:0/893468856 <== mon.0 v2:172.21.15.37:3300/0 2 ==== config(26 keys) ==== 1101+0+0 (secure 0 0 0) 0x7f2a00012430 con 0x7f2a1010a770
2024-05-09T00:51:25.067 INFO:teuthology.orchestra.run.smithi037.stdout:/usr/bin/ceph: stderr
2024-05-09T00:51:23.754+0000 7f2a1841c700 1 -- 172.21.15.37:0/893468856 --> [v2:172.21.15.37:3300/0,v1:172.21.15.37:6789/0] -- mon_subscribe({mgrmap=0+}) -- 0x7f2a1019e7f0 con 0x7f2a1010a770
2024-05-09T00:51:25.067 INFO:teuthology.orchestra.run.smithi037.stdout:/usr/bin/ceph: stderr
2024-05-09T00:51:23.754+0000 7f2a0f7fe700 1 -- 172.21.15.37:0/893468856 <== mon.0 v2:172.21.15.37:3300/0 3 ==== mon_map magic: 0 ==== 205+0+0 (secure 0 0 0) 0x7f2a00017040 con 0x7f2a1010a770
2024-05-09T00:51:25.068 INFO:teuthology.orchestra.run.smithi037.stdout:/usr/bin/ceph: stderr
2024-05-09T00:51:23.754+0000 7f2a1841c700 1 -- 172.21.15.37:0/893468856 --> [v2:172.21.15.37:3300/0,v1:172.21.15.37:6789/0] -- mon_subscribe({osdmap=0}) -- 0x7f2a101a1400 con 0x7f2a1010a770
2024-05-09T00:51:25.068 INFO:teuthology.orchestra.run.smithi037.stdout:/usr/bin/ceph: stderr
2024-05-09T00:51:23.755+0000 7f2a1841c700 1 -- 172.21.15.37:0/893468856 --> [v2:172.21.15.37:3300/0,v1:172.21.15.37:6789/0] -- mon_command({"prefix": "get_command_descriptions"} v 0) -- 0x7f2a10064e20 con 0x7f2a1010a770
2024-05-09T00:51:25.068 INFO:teuthology.orchestra.run.smithi037.stdout:/usr/bin/ceph: stderr
2024-05-09T00:51:23.755+0000 7f2a0f7fe700 1 -- 172.21.15.37:0/893468856 <== mon.0 v2:172.21.15.37:3300/0 4 ==== mgrmap(e 12) ==== 50235+0+0 (secure 0 0 0) 0x7f2a00023020 con 0x7f2a1010a770
2024-05-09T00:51:25.068 INFO:teuthology.orchestra.run.smithi037.stdout:/usr/bin/ceph: stderr
2024-05-09T00:51:23.755+0000 7f2a0f7fe700 1 --2- 172.21.15.37:0/893468856 >> [v2:172.21.15.37:6800/2764436863,v1:172.21.15.37:6801/2764436863] conn(0x7f29f803e4c0 0x7f29f80409d0 unknown :-1 s=NONE pgs=0 cs=0 l=1 rev1=0 crypto rx=0 tx=0 comp rx=0 tx=0).connect
2024-05-09T00:51:25.068 INFO:teuthology.orchestra.run.smithi037.stdout:/usr/bin/ceph: stderr
2024-05-09T00:51:23.756+0000 7f2a0f7fe700 1 -- 172.21.15.37:0/893468856 <== mon.0 v2:172.21.15.37:3300/0 5 ==== osd_map(3..3 src has 1..3) ==== 1155+0+0 (secure 0 0 0) 0x7f2a0000f050 con 0x7f2a1010a770
2024-05-09T00:51:25.068 INFO:teuthology.orchestra.run.smithi037.stdout:/usr/bin/ceph: stderr
2024-05-09T00:51:23.756+0000 7f2a159b7700 1 --2- 172.21.15.37:0/893468856 >> [v2:172.21.15.37:6800/2764436863,v1:172.21.15.37:6801/2764436863] conn(0x7f29f803e4c0 0x7f29f80409d0 unknown :-1 s=BANNER_CONNECTING pgs=0 cs=0 l=1 rev1=0 crypto rx=0 tx=0 comp rx=0 tx=0)._handle_peer_banner_payload supported=3 required=0
2024-05-09T00:51:25.068 INFO:teuthology.orchestra.run.smithi037.stdout:/usr/bin/ceph: stderr
2024-05-09T00:51:23.756+0000 7f2a159b7700 1 --2- 172.21.15.37:0/893468856 >> [v2:172.21.15.37:6800/2764436863,v1:172.21.15.37:6801/2764436863] conn(0x7f29f803e4c0 0x7f29f80409d0 secure :-1 s=READY pgs=9 cs=0 l=1 rev1=1 crypto rx=0x7f2a04006fd0 tx=0x7f2a04006e40 comp rx=0 tx=0).ready entity=mgr.14152 client_cookie=0 server_cookie=0 in_seq=0 out_seq=0
2024-05-09T00:51:25.068 INFO:teuthology.orchestra.run.smithi037.stdout:/usr/bin/ceph: stderr
2024-05-09T00:51:23.761+0000 7f2a0f7fe700 1 -- 172.21.15.37:0/893468856 <== mon.0 v2:172.21.15.37:3300/0 6 ==== mon_command_ack([{"prefix": "get_command_descriptions"}]=0 v0) ==== 72+0+191963 (secure 0 0 0) 0x7f2a0002a020 con 0x7f2a1010a770
2024-05-09T00:51:25.068 INFO:teuthology.orchestra.run.smithi037.stdout:/usr/bin/ceph: stderr
2024-05-09T00:51:23.982+0000 7f2a1841c700 1 -- 172.21.15.37:0/893468856 --> [v2:172.21.15.37:3300/0,v1:172.21.15.37:6789/0] -- mon_command({"prefix": "config get", "who": "mgr", "key": "mgr/dashboard/ssl_server_port"} v 0) -- 0x7f2a101a15d0 con 0x7f2a1010a770
2024-05-09T00:51:25.068 INFO:teuthology.orchestra.run.smithi037.stdout:/usr/bin/ceph: stderr
2024-05-09T00:51:23.982+0000 7f2a0f7fe700 1 -- 172.21.15.37:0/893468856 <== mon.0 v2:172.21.15.37:3300/0 7 ==== mon_command_ack([{"prefix": "config get", "who": "mgr", "key": "mgr/dashboard/ssl_server_port"}]=0 v8) ==== 112+0+5 (secure 0 0 0) 0x7f2a101a15d0 con 0x7f2a1010a770
2024-05-09T00:51:25.068 INFO:teuthology.orchestra.run.smithi037.stdout:/usr/bin/ceph: stderr
2024-05-09T00:51:23.985+0000 7f2a1841c700 1 -- 172.21.15.37:0/893468856 >> [v2:172.21.15.37:6800/2764436863,v1:172.21.15.37:6801/2764436863] conn(0x7f29f803e4c0 msgr2=0x7f29f80409d0 secure :-1 s=STATE_CONNECTION_ESTABLISHED l=1).mark_down
2024-05-09T00:51:25.068 INFO:teuthology.orchestra.run.smithi037.stdout:/usr/bin/ceph: stderr
2024-05-09T00:51:23.985+0000 7f2a1841c700 1 --2- 172.21.15.37:0/893468856 >> [v2:172.21.15.37:6800/2764436863,v1:172.21.15.37:6801/2764436863] conn(0x7f29f803e4c0 0x7f29f80409d0 secure :-1 s=READY pgs=9 cs=0 l=1 rev1=1 crypto rx=0x7f2a04006fd0 tx=0x7f2a04006e40 comp rx=0 tx=0).stop
2024-05-09T00:51:25.068 INFO:teuthology.orchestra.run.smithi037.stdout:/usr/bin/ceph: stderr
2024-05-09T00:51:23.985+0000 7f2a1841c700 1 -- 172.21.15.37:0/893468856 >> [v2:172.21.15.37:3300/0,v1:172.21.15.37:6789/0] conn(0x7f2a1010a770 msgr2=0x7f2a1019e020 secure :-1 s=STATE_CONNECTION_ESTABLISHED l=1).mark_down
2024-05-09T00:51:25.069 INFO:teuthology.orchestra.run.smithi037.stdout:/usr/bin/ceph: stderr
2024-05-09T00:51:23.985+0000 7f2a1841c700 1 --2- 172.21.15.37:0/893468856 >> [v2:172.21.15.37:3300/0,v1:172.21.15.37:6789/0] conn(0x7f2a1010a770 0x7f2a1019e020 secure :-1 s=READY pgs=75 cs=0 l=1 rev1=1 crypto rx=0x7f2a0000b7b0 tx=0x7f2a0000bd30 comp rx=0 tx=0).stop
2024-05-09T00:51:25.069 INFO:teuthology.orchestra.run.smithi037.stdout:/usr/bin/ceph: stderr
2024-05-09T00:51:23.985+0000 7f2a1841c700 1 -- 172.21.15.37:0/893468856 shutdown_connections
2024-05-09T00:51:25.069 INFO:teuthology.orchestra.run.smithi037.stdout:/usr/bin/ceph: stderr
2024-05-09T00:51:23.985+0000 7f2a1841c700 1 --2- 172.21.15.37:0/893468856 >> [v2:172.21.15.37:6800/2764436863,v1:172.21.15.37:6801/2764436863] conn(0x7f29f803e4c0 0x7f29f80409d0 unknown :-1 s=CLOSED pgs=9 cs=0 l=1 rev1=1 crypto rx=0 tx=0 comp rx=0 tx=0).stop
2024-05-09T00:51:25.069 INFO:teuthology.orchestra.run.smithi037.stdout:/usr/bin/ceph: stderr
