2024-05-09T00:50:41.548 INFO:teuthology.orchestra.run.smithi037.stdout:/usr/bin/ceph: stderr
2024-05-09T00:50:40.919+0000 7fb209f94700 1 -- 172.21.15.37:0/1340874811 wait complete.
2024-05-09T00:50:41.548 INFO:teuthology.orchestra.run.smithi037.stdout:mgr is available
2024-05-09T00:50:41.963 INFO:journalctl@ceph.mon.a.smithi037.stdout:May 09 00:50:41 smithi037 ceph-mon[30122]: from='client.? 172.21.15.37:0/1340874811' entity='client.admin' cmd=[{"prefix": "status", "format": "json-pretty"}]: dispatch
2024-05-09T00:50:42.756 INFO:teuthology.orchestra.run.smithi037.stdout:/usr/bin/ceph: stdout
2024-05-09T00:50:42.757 INFO:teuthology.orchestra.run.smithi037.stdout:/usr/bin/ceph: stdout [global]
2024-05-09T00:50:42.757 INFO:teuthology.orchestra.run.smithi037.stdout:/usr/bin/ceph: stdout fsid = ec4482a6-0d9d-11ef-bc97-c7b262605968
2024-05-09T00:50:42.757 INFO:teuthology.orchestra.run.smithi037.stdout:/usr/bin/ceph: stdout mon_cluster_log_file_level = debug
2024-05-09T00:50:42.757 INFO:teuthology.orchestra.run.smithi037.stdout:/usr/bin/ceph: stdout mon_osd_allow_pg_remap = true
2024-05-09T00:50:42.757 INFO:teuthology.orchestra.run.smithi037.stdout:/usr/bin/ceph: stdout mon_osd_allow_primary_affinity = true
2024-05-09T00:50:42.757 INFO:teuthology.orchestra.run.smithi037.stdout:/usr/bin/ceph: stdout mon_warn_on_no_sortbitwise = false
2024-05-09T00:50:42.758 INFO:teuthology.orchestra.run.smithi037.stdout:/usr/bin/ceph: stdout osd_crush_chooseleaf_type = 0
2024-05-09T00:50:42.758 INFO:teuthology.orchestra.run.smithi037.stdout:/usr/bin/ceph: stdout
2024-05-09T00:50:42.758 INFO:teuthology.orchestra.run.smithi037.stdout:/usr/bin/ceph: stdout [mgr]
2024-05-09T00:50:42.758 INFO:teuthology.orchestra.run.smithi037.stdout:/usr/bin/ceph: stdout mgr/telemetry/nag = false
2024-05-09T00:50:42.758 INFO:teuthology.orchestra.run.smithi037.stdout:/usr/bin/ceph: stdout
2024-05-09T00:50:42.758 INFO:teuthology.orchestra.run.smithi037.stdout:/usr/bin/ceph: stdout [osd]
2024-05-09T00:50:42.758 INFO:teuthology.orchestra.run.smithi037.stdout:/usr/bin/ceph: stdout bdev_async_discard = True
2024-05-09T00:50:42.759 INFO:teuthology.orchestra.run.smithi037.stdout:/usr/bin/ceph: stdout mon_osd_backfillfull_ratio = 0.85
2024-05-09T00:50:42.759 INFO:teuthology.orchestra.run.smithi037.stdout:/usr/bin/ceph: stdout mon_osd_full_ratio = 0.9
2024-05-09T00:50:42.759 INFO:teuthology.orchestra.run.smithi037.stdout:/usr/bin/ceph: stdout mon_osd_nearfull_ratio = 0.8
2024-05-09T00:50:42.759 INFO:teuthology.orchestra.run.smithi037.stdout:/usr/bin/ceph: stdout osd_map_max_advance = 10
2024-05-09T00:50:42.759 INFO:teuthology.orchestra.run.smithi037.stdout:/usr/bin/ceph: stdout osd_sloppy_crc = true
2024-05-09T00:50:42.759 INFO:teuthology.orchestra.run.smithi037.stdout:/usr/bin/ceph: stderr
2024-05-09T00:50:42.001+0000 7fda2c0bc700 1 Processor -- start
2024-05-09T00:50:42.759 INFO:teuthology.orchestra.run.smithi037.stdout:/usr/bin/ceph: stderr
2024-05-09T00:50:42.001+0000 7fda2c0bc700 1 -- start start
2024-05-09T00:50:42.759 INFO:teuthology.orchestra.run.smithi037.stdout:/usr/bin/ceph: stderr
2024-05-09T00:50:42.002+0000 7fda2c0bc700 1 --2- >> [v2:172.21.15.37:3300/0,v1:172.21.15.37:6789/0] conn(0x7fda24108560 0x7fda24108970 unknown :-1 s=NONE pgs=0 cs=0 l=0 rev1=0 crypto rx=0 tx=0 comp rx=0 tx=0).connect
2024-05-09T00:50:42.760 INFO:teuthology.orchestra.run.smithi037.stdout:/usr/bin/ceph: stderr
2024-05-09T00:50:42.002+0000 7fda2c0bc700 1 -- --> [v2:172.21.15.37:3300/0,v1:172.21.15.37:6789/0] -- mon_getmap magic: 0 -- 0x7fda2407cdf0 con 0x7fda24108560
2024-05-09T00:50:42.760 INFO:teuthology.orchestra.run.smithi037.stdout:/usr/bin/ceph: stderr
2024-05-09T00:50:42.002+0000 7fda29e58700 1 --2- >> [v2:172.21.15.37:3300/0,v1:172.21.15.37:6789/0] conn(0x7fda24108560 0x7fda24108970 unknown :-1 s=BANNER_CONNECTING pgs=0 cs=0 l=0 rev1=0 crypto rx=0 tx=0 comp rx=0 tx=0)._handle_peer_banner_payload supported=3 required=0
2024-05-09T00:50:42.760 INFO:teuthology.orchestra.run.smithi037.stdout:/usr/bin/ceph: stderr
2024-05-09T00:50:42.002+0000 7fda29e58700 1 --2- >> [v2:172.21.15.37:3300/0,v1:172.21.15.37:6789/0] conn(0x7fda24108560 0x7fda24108970 unknown :-1 s=HELLO_CONNECTING pgs=0 cs=0 l=0 rev1=1 crypto rx=0 tx=0 comp rx=0 tx=0).handle_hello peer v2:172.21.15.37:3300/0 says I am v2:172.21.15.37:59694/0 (socket says 172.21.15.37:59694)
2024-05-09T00:50:42.760 INFO:teuthology.orchestra.run.smithi037.stdout:/usr/bin/ceph: stderr
2024-05-09T00:50:42.002+0000 7fda29e58700 1 -- 172.21.15.37:0/3522852579 learned_addr learned my addr 172.21.15.37:0/3522852579 (peer_addr_for_me v2:172.21.15.37:0/0)
2024-05-09T00:50:42.760 INFO:teuthology.orchestra.run.smithi037.stdout:/usr/bin/ceph: stderr
2024-05-09T00:50:42.002+0000 7fda29e58700 1 -- 172.21.15.37:0/3522852579 --> [v2:172.21.15.37:3300/0,v1:172.21.15.37:6789/0] -- mon_subscribe({config=0+,monmap=0+}) -- 0x7fda24108eb0 con 0x7fda24108560
2024-05-09T00:50:42.760 INFO:teuthology.orchestra.run.smithi037.stdout:/usr/bin/ceph: stderr
2024-05-09T00:50:42.002+0000 7fda29e58700 1 --2- 172.21.15.37:0/3522852579 >> [v2:172.21.15.37:3300/0,v1:172.21.15.37:6789/0] conn(0x7fda24108560 0x7fda24108970 secure :-1 s=READY pgs=20 cs=0 l=1 rev1=1 crypto rx=0x7fda200098a0 tx=0x7fda20009bb0 comp rx=0 tx=0).ready entity=mon.0 client_cookie=2b320eb299fe46b4 server_cookie=0 in_seq=0 out_seq=0
2024-05-09T00:50:42.760 INFO:teuthology.orchestra.run.smithi037.stdout:/usr/bin/ceph: stderr
2024-05-09T00:50:42.002+0000 7fda28e56700 1 -- 172.21.15.37:0/3522852579 <== mon.0 v2:172.21.15.37:3300/0 1 ==== mon_map magic: 0 ==== 205+0+0 (secure 0 0 0) 0x7fda20004160 con 0x7fda24108560
2024-05-09T00:50:42.760 INFO:teuthology.orchestra.run.smithi037.stdout:/usr/bin/ceph: stderr
2024-05-09T00:50:42.003+0000 7fda28e56700 1 -- 172.21.15.37:0/3522852579 <== mon.0 v2:172.21.15.37:3300/0 2 ==== config(26 keys) ==== 1070+0+0 (secure 0 0 0) 0x7fda20004300 con 0x7fda24108560
2024-05-09T00:50:42.760 INFO:teuthology.orchestra.run.smithi037.stdout:/usr/bin/ceph: stderr
2024-05-09T00:50:42.003+0000 7fda28e56700 1 -- 172.21.15.37:0/3522852579 <== mon.0 v2:172.21.15.37:3300/0 3 ==== mon_map magic: 0 ==== 205+0+0 (secure 0 0 0) 0x7fda20011af0 con 0x7fda24108560
2024-05-09T00:50:42.761 INFO:teuthology.orchestra.run.smithi037.stdout:/usr/bin/ceph: stderr
2024-05-09T00:50:42.003+0000 7fda2c0bc700 1 -- 172.21.15.37:0/3522852579 >> [v2:172.21.15.37:3300/0,v1:172.21.15.37:6789/0] conn(0x7fda24108560 msgr2=0x7fda24108970 secure :-1 s=STATE_CONNECTION_ESTABLISHED l=1).mark_down
2024-05-09T00:50:42.761 INFO:teuthology.orchestra.run.smithi037.stdout:/usr/bin/ceph: stderr
2024-05-09T00:50:42.003+0000 7fda2c0bc700 1 --2- 172.21.15.37:0/3522852579 >> [v2:172.21.15.37:3300/0,v1:172.21.15.37:6789/0] conn(0x7fda24108560 0x7fda24108970 secure :-1 s=READY pgs=20 cs=0 l=1 rev1=1 crypto rx=0x7fda200098a0 tx=0x7fda20009bb0 comp rx=0 tx=0).stop
2024-05-09T00:50:42.761 INFO:teuthology.orchestra.run.smithi037.stdout:/usr/bin/ceph: stderr
2024-05-09T00:50:42.003+0000 7fda2c0bc700 1 -- 172.21.15.37:0/3522852579 shutdown_connections
2024-05-09T00:50:42.761 INFO:teuthology.orchestra.run.smithi037.stdout:/usr/bin/ceph: stderr
2024-05-09T00:50:42.003+0000 7fda2c0bc700 1 --2- 172.21.15.37:0/3522852579 >> [v2:172.21.15.37:3300/0,v1:172.21.15.37:6789/0] conn(0x7fda24108560 0x7fda24108970 unknown :-1 s=CLOSED pgs=20 cs=0 l=1 rev1=1 crypto rx=0 tx=0 comp rx=0 tx=0).stop
2024-05-09T00:50:42.761 INFO:teuthology.orchestra.run.smithi037.stdout:/usr/bin/ceph: stderr
2024-05-09T00:50:42.003+0000 7fda2c0bc700 1 -- 172.21.15.37:0/3522852579 >> 172.21.15.37:0/3522852579 conn(0x7fda241041d0 msgr2=0x7fda24106620 unknown :-1 s=STATE_NONE l=0).mark_down
2024-05-09T00:50:42.761 INFO:teuthology.orchestra.run.smithi037.stdout:/usr/bin/ceph: stderr
2024-05-09T00:50:42.003+0000 7fda2c0bc700 1 -- 172.21.15.37:0/3522852579 shutdown_connections
2024-05-09T00:50:42.761 INFO:teuthology.orchestra.run.smithi037.stdout:/usr/bin/ceph: stderr
2024-05-09T00:50:42.003+0000 7fda2c0bc700 1 -- 172.21.15.37:0/3522852579 wait complete.
2024-05-09T00:50:42.761 INFO:teuthology.orchestra.run.smithi037.stdout:/usr/bin/ceph: stderr
2024-05-09T00:50:42.004+0000 7fda2c0bc700 1 Processor -- start
2024-05-09T00:50:42.761 INFO:teuthology.orchestra.run.smithi037.stdout:/usr/bin/ceph: stderr
2024-05-09T00:50:42.004+0000 7fda2c0bc700 1 -- start start
2024-05-09T00:50:42.762 INFO:teuthology.orchestra.run.smithi037.stdout:/usr/bin/ceph: stderr
2024-05-09T00:50:42.004+0000 7fda2c0bc700 1 --2- >> [v2:172.21.15.37:3300/0,v1:172.21.15.37:6789/0] conn(0x7fda24108560 0x7fda241a0220 unknown :-1 s=NONE pgs=0 cs=0 l=1 rev1=0 crypto rx=0 tx=0 comp rx=0 tx=0).connect
2024-05-09T00:50:42.762 INFO:teuthology.orchestra.run.smithi037.stdout:/usr/bin/ceph: stderr
2024-05-09T00:50:42.004+0000 7fda2c0bc700 1 -- --> [v2:172.21.15.37:3300/0,v1:172.21.15.37:6789/0] -- mon_getmap magic: 0 -- 0x7fda24109ec0 con 0x7fda24108560
2024-05-09T00:50:42.762 INFO:teuthology.orchestra.run.smithi037.stdout:/usr/bin/ceph: stderr
2024-05-09T00:50:42.004+0000 7fda29e58700 1 --2- >> [v2:172.21.15.37:3300/0,v1:172.21.15.37:6789/0] conn(0x7fda24108560 0x7fda241a0220 unknown :-1 s=BANNER_CONNECTING pgs=0 cs=0 l=1 rev1=0 crypto rx=0 tx=0 comp rx=0 tx=0)._handle_peer_banner_payload supported=3 required=0
2024-05-09T00:50:42.762 INFO:teuthology.orchestra.run.smithi037.stdout:/usr/bin/ceph: stderr
2024-05-09T00:50:42.004+0000 7fda29e58700 1 --2- >> [v2:172.21.15.37:3300/0,v1:172.21.15.37:6789/0] conn(0x7fda24108560 0x7fda241a0220 unknown :-1 s=HELLO_CONNECTING pgs=0 cs=0 l=1 rev1=1 crypto rx=0 tx=0 comp rx=0 tx=0).handle_hello peer v2:172.21.15.37:3300/0 says I am v2:172.21.15.37:59708/0 (socket says 172.21.15.37:59708)
2024-05-09T00:50:42.762 INFO:teuthology.orchestra.run.smithi037.stdout:/usr/bin/ceph: stderr
2024-05-09T00:50:42.004+0000 7fda29e58700 1 -- 172.21.15.37:0/3054632799 learned_addr learned my addr 172.21.15.37:0/3054632799 (peer_addr_for_me v2:172.21.15.37:0/0)
2024-05-09T00:50:42.762 INFO:teuthology.orchestra.run.smithi037.stdout:/usr/bin/ceph: stderr
2024-05-09T00:50:42.005+0000 7fda29e58700 1 -- 172.21.15.37:0/3054632799 --> [v2:172.21.15.37:3300/0,v1:172.21.15.37:6789/0] -- mon_subscribe({config=0+,monmap=0+}) -- 0x7fda241a0760 con 0x7fda24108560
2024-05-09T00:50:42.762 INFO:teuthology.orchestra.run.smithi037.stdout:/usr/bin/ceph: stderr
2024-05-09T00:50:42.005+0000 7fda29e58700 1 --2- 172.21.15.37:0/3054632799 >> [v2:172.21.15.37:3300/0,v1:172.21.15.37:6789/0] conn(0x7fda24108560 0x7fda241a0220 secure :-1 s=READY pgs=21 cs=0 l=1 rev1=1 crypto rx=0x7fda20009fb0 tx=0x7fda20011890 comp rx=0 tx=0).ready entity=mon.0 client_cookie=0 server_cookie=0 in_seq=0 out_seq=0
2024-05-09T00:50:42.763 INFO:teuthology.orchestra.run.smithi037.stdout:/usr/bin/ceph: stderr
2024-05-09T00:50:42.005+0000 7fda1affd700 1 -- 172.21.15.37:0/3054632799 <== mon.0 v2:172.21.15.37:3300/0 1 ==== mon_map magic: 0 ==== 205+0+0 (secure 0 0 0) 0x7fda20011bc0 con 0x7fda24108560
2024-05-09T00:50:42.763 INFO:teuthology.orchestra.run.smithi037.stdout:/usr/bin/ceph: stderr
2024-05-09T00:50:42.005+0000 7fda1affd700 1 -- 172.21.15.37:0/3054632799 <== mon.0 v2:172.21.15.37:3300/0 2 ==== config(26 keys) ==== 1070+0+0 (secure 0 0 0) 0x7fda20024440 con 0x7fda24108560
2024-05-09T00:50:42.763 INFO:teuthology.orchestra.run.smithi037.stdout:/usr/bin/ceph: stderr
2024-05-09T00:50:42.005+0000 7fda2c0bc700 1 -- 172.21.15.37:0/3054632799 --> [v2:172.21.15.37:3300/0,v1:172.21.15.37:6789/0] -- mon_subscribe({mgrmap=0+}) -- 0x7fda241a09f0 con 0x7fda24108560
2024-05-09T00:50:42.763 INFO:teuthology.orchestra.run.smithi037.stdout:/usr/bin/ceph: stderr
2024-05-09T00:50:42.005+0000 7fda1affd700 1 -- 172.21.15.37:0/3054632799 <== mon.0 v2:172.21.15.37:3300/0 3 ==== mon_map magic: 0 ==== 205+0+0 (secure 0 0 0) 0x7fda2001a5c0 con 0x7fda24108560
2024-05-09T00:50:42.763 INFO:teuthology.orchestra.run.smithi037.stdout:/usr/bin/ceph: stderr
2024-05-09T00:50:42.005+0000 7fda2c0bc700 1 -- 172.21.15.37:0/3054632799 --> [v2:172.21.15.37:3300/0,v1:172.21.15.37:6789/0] -- mon_subscribe({osdmap=0}) -- 0x7fda241a3600 con 0x7fda24108560
2024-05-09T00:50:42.763 INFO:teuthology.orchestra.run.smithi037.stdout:/usr/bin/ceph: stderr
2024-05-09T00:50:42.006+0000 7fda1affd700 1 -- 172.21.15.37:0/3054632799 <== mon.0 v2:172.21.15.37:3300/0 4 ==== mgrmap(e 4) ==== 50211+0+0 (secure 0 0 0) 0x7fda2001a830 con 0x7fda24108560
2024-05-09T00:50:42.763 INFO:teuthology.orchestra.run.smithi037.stdout:/usr/bin/ceph: stderr
2024-05-09T00:50:42.006+0000 7fda2c0bc700 1 -- 172.21.15.37:0/3054632799 --> [v2:172.21.15.37:3300/0,v1:172.21.15.37:6789/0] -- mon_command({"prefix": "get_command_descriptions"} v 0) -- 0x7fda24064e20 con 0x7fda24108560
2024-05-09T00:50:42.764 INFO:teuthology.orchestra.run.smithi037.stdout:/usr/bin/ceph: stderr
2024-05-09T00:50:42.006+0000 7fda1affd700 1 --2- 172.21.15.37:0/3054632799 >> [v2:172.21.15.37:6800/1416845590,v1:172.21.15.37:6801/1416845590] conn(0x7fda1003e420 0x7fda10040930 unknown :-1 s=NONE pgs=0 cs=0 l=1 rev1=0 crypto rx=0 tx=0 comp rx=0 tx=0).connect
2024-05-09T00:50:42.764 INFO:teuthology.orchestra.run.smithi037.stdout:/usr/bin/ceph: stderr
2024-05-09T00:50:42.006+0000 7fda1affd700 1 -- 172.21.15.37:0/3054632799 <== mon.0 v2:172.21.15.37:3300/0 5 ==== osd_map(1..1 src has 1..1) ==== 725+0+0 (secure 0 0 0) 0x7fda20053850 con 0x7fda24108560
2024-05-09T00:50:42.764 INFO:teuthology.orchestra.run.smithi037.stdout:/usr/bin/ceph: stderr
2024-05-09T00:50:42.007+0000 7fda29657700 1 --2- 172.21.15.37:0/3054632799 >> [v2:172.21.15.37:6800/1416845590,v1:172.21.15.37:6801/1416845590] conn(0x7fda1003e420 0x7fda10040930 unknown :-1 s=BANNER_CONNECTING pgs=0 cs=0 l=1 rev1=0 crypto rx=0 tx=0 comp rx=0 tx=0)._handle_peer_banner_payload supported=3 required=0
2024-05-09T00:50:42.764 INFO:teuthology.orchestra.run.smithi037.stdout:/usr/bin/ceph: stderr
2024-05-09T00:50:42.007+0000 7fda29657700 1 --2- 172.21.15.37:0/3054632799 >> [v2:172.21.15.37:6800/1416845590,v1:172.21.15.37:6801/1416845590] conn(0x7fda1003e420 0x7fda10040930 secure :-1 s=READY pgs=7 cs=0 l=1 rev1=1 crypto rx=0x7fda14006fd0 tx=0x7fda14006e40 comp rx=0 tx=0).ready entity=mgr.14100 client_cookie=0 server_cookie=0 in_seq=0 out_seq=0
2024-05-09T00:50:42.764 INFO:teuthology.orchestra.run.smithi037.stdout:/usr/bin/ceph: stderr
2024-05-09T00:50:42.012+0000 7fda1affd700 1 -- 172.21.15.37:0/3054632799 <== mon.0 v2:172.21.15.37:3300/0 6 ==== mon_command_ack([{"prefix": "get_command_descriptions"}]=0 v0) ==== 72+0+191963 (secure 0 0 0) 0x7fda2000b3e0 con 0x7fda24108560
2024-05-09T00:50:42.764 INFO:teuthology.orchestra.run.smithi037.stdout:/usr/bin/ceph: stderr
2024-05-09T00:50:42.226+0000 7fda2c0bc700 1 -- 172.21.15.37:0/3054632799 --> [v2:172.21.15.37:3300/0,v1:172.21.15.37:6789/0] -- mon_command({"prefix": "config assimilate-conf"} v 0) -- 0x7fda2402e930 con 0x7fda24108560
2024-05-09T00:50:42.764 INFO:teuthology.orchestra.run.smithi037.stdout:/usr/bin/ceph: stderr
2024-05-09T00:50:42.228+0000 7fda1affd700 1 -- 172.21.15.37:0/3054632799 <== mon.0 v2:172.21.15.37:3300/0 7 ==== mon_command_ack([{"prefix": "config assimilate-conf"}]=0 v3) ==== 70+0+436 (secure 0 0 0) 0x7fda200246f0 con 0x7fda24108560
2024-05-09T00:50:42.765 INFO:teuthology.orchestra.run.smithi037.stdout:/usr/bin/ceph: stderr
2024-05-09T00:50:42.230+0000 7fda2c0bc700 1 -- 172.21.15.37:0/3054632799 >> [v2:172.21.15.37:6800/1416845590,v1:172.21.15.37:6801/1416845590] conn(0x7fda1003e420 msgr2=0x7fda10040930 secure :-1 s=STATE_CONNECTION_ESTABLISHED l=1).mark_down
2024-05-09T00:50:42.765 INFO:teuthology.orchestra.run.smithi037.stdout:/usr/bin/ceph: stderr
2024-05-09T00:50:42.230+0000 7fda2c0bc700 1 --2- 172.21.15.37:0/3054632799 >> [v2:172.21.15.37:6800/1416845590,v1:172.21.15.37:6801/1416845590] conn(0x7fda1003e420 0x7fda10040930 secure :-1 s=READY pgs=7 cs=0 l=1 rev1=1 crypto rx=0x7fda14006fd0 tx=0x7fda14006e40 comp rx=0 tx=0).stop
2024-05-09T00:50:42.765 INFO:teuthology.orchestra.run.smithi037.stdout:/usr/bin/ceph: stderr
2024-05-09T00:50:42.230+0000 7fda2c0bc700 1 -- 172.21.15.37:0/3054632799 >> [v2:172.21.15.37:3300/0,v1:172.21.15.37:6789/0] conn(0x7fda24108560 msgr2=0x7fda241a0220 secure :-1 s=STATE_CONNECTION_ESTABLISHED l=1).mark_down
2024-05-09T00:50:42.765 INFO:teuthology.orchestra.run.smithi037.stdout:/usr/bin/ceph: stderr
2024-05-09T00:50:42.230+0000 7fda2c0bc700 1 --2- 172.21.15.37:0/3054632799 >> [v2:172.21.15.37:3300/0,v1:172.21.15.37:6789/0] conn(0x7fda24108560 0x7fda241a0220 secure :-1 s=READY pgs=21 cs=0 l=1 rev1=1 crypto rx=0x7fda20009fb0 tx=0x7fda20011890 comp rx=0 tx=0).stop
2024-05-09T00:50:42.765 INFO:teuthology.orchestra.run.smithi037.stdout:/usr/bin/ceph: stderr
2024-05-09T00:50:42.230+0000 7fda2c0bc700 1 -- 172.21.15.37:0/3054632799 shutdown_connections
2024-05-09T00:50:42.765 INFO:teuthology.orchestra.run.smithi037.stdout:/usr/bin/ceph: stderr
2024-05-09T00:50:42.230+0000 7fda2c0bc700 1 --2- 172.21.15.37:0/3054632799 >> [v2:172.21.15.37:6800/1416845590,v1:172.21.15.37:6801/1416845590] conn(0x7fda1003e420 0x7fda10040930 unknown :-1 s=CLOSED pgs=7 cs=0 l=1 rev1=1 crypto rx=0 tx=0 comp rx=0 tx=0).stop
2024-05-09T00:50:42.765 INFO:teuthology.orchestra.run.smithi037.stdout:/usr/bin/ceph: stderr
2024-05-09T00:50:42.230+0000 7fda2c0bc700 1 --2- 172.21.15.37:0/3054632799 >> [v2:172.21.15.37:3300/0,v1:172.21.15.37:6789/0] conn(0x7fda24108560 0x7fda241a0220 unknown :-1 s=CLOSED pgs=21 cs=0 l=1 rev1=1 crypto rx=0 tx=0 comp rx=0 tx=0).stop
2024-05-09T00:50:42.765 INFO:teuthology.orchestra.run.smithi037.stdout:/usr/bin/ceph: stderr
2024-05-09T00:50:42.230+0000 7fda2c0bc700 1 -- 172.21.15.37:0/3054632799 >> 172.21.15.37:0/3054632799 conn(0x7fda241041d0 msgr2=0x7fda24194230 unknown :-1 s=STATE_NONE l=0).mark_down
2024-05-09T00:50:42.766 INFO:teuthology.orchestra.run.smithi037.stdout:/usr/bin/ceph: stderr
2024-05-09T00:50:42.230+0000 7fda2c0bc700 1 -- 172.21.15.37:0/3054632799 shutdown_connections
2024-05-09T00:50:42.766 INFO:teuthology.orchestra.run.smithi037.stdout:/usr/bin/ceph: stderr
2024-05-09T00:50:42.230+0000 7fda2c0bc700 1 -- 172.21.15.37:0/3054632799 wait complete.
2024-05-09T00:50:42.766 INFO:teuthology.orchestra.run.smithi037.stdout:Enabling cephadm module...
2024-05-09T00:50:43.161 INFO:journalctl@ceph.mon.a.smithi037.stdout:May 09 00:50:42 smithi037 ceph-mon[30122]: from='client.? 172.21.15.37:0/3054632799' entity='client.admin' cmd=[{"prefix": "config assimilate-conf"}]: dispatch
2024-05-09T00:50:44.164 INFO:journalctl@ceph.mon.a.smithi037.stdout:May 09 00:50:43 smithi037 ceph-mon[30122]: from='client.? 172.21.15.37:0/3085856232' entity='client.admin' cmd=[{"prefix": "mgr module enable", "module": "cephadm"}]: dispatch
2024-05-09T00:50:44.164 INFO:journalctl@ceph.mgr.x.smithi037.stdout:May 09 00:50:43 smithi037 ceph-ec4482a6-0d9d-11ef-bc97-c7b262605968-mgr-x[30352]: ignoring --setuser ceph since I am not root
2024-05-09T00:50:44.165 INFO:journalctl@ceph.mgr.x.smithi037.stdout:May 09 00:50:43 smithi037 ceph-ec4482a6-0d9d-11ef-bc97-c7b262605968-mgr-x[30352]: ignoring --setgroup ceph since I am not root
2024-05-09T00:50:44.165 INFO:journalctl@ceph.mgr.x.smithi037.stdout:May 09 00:50:44 smithi037 ceph-ec4482a6-0d9d-11ef-bc97-c7b262605968-mgr-x[30352]:
2024-05-09T00:50:44.063+0000 7fbb12ae1200 -1 mgr[py] Module balancer has missing NOTIFY_TYPES member
2024-05-09T00:50:44.473 INFO:journalctl@ceph.mgr.x.smithi037.stdout:May 09 00:50:44 smithi037 ceph-ec4482a6-0d9d-11ef-bc97-c7b262605968-mgr-x[30352]:
2024-05-09T00:50:44.259+0000 7fbb12ae1200 -1 mgr[py] Module orchestrator has missing NOTIFY_TYPES member
2024-05-09T00:50:44.473 INFO:journalctl@ceph.mgr.x.smithi037.stdout:May 09 00:50:44 smithi037 ceph-ec4482a6-0d9d-11ef-bc97-c7b262605968-mgr-x[30352]:
2024-05-09T00:50:44.366+0000 7fbb12ae1200 -1 mgr[py] Module snap_schedule has missing NOTIFY_TYPES member
2024-05-09T00:50:44.481 INFO:teuthology.orchestra.run.smithi037.stdout:/usr/bin/ceph: stderr
2024-05-09T00:50:43.204+0000 7f3b98211700 1 Processor -- start
2024-05-09T00:50:44.481 INFO:teuthology.orchestra.run.smithi037.stdout:/usr/bin/ceph: stderr
2024-05-09T00:50:43.204+0000 7f3b98211700 1 -- start start
2024-05-09T00:50:44.481 INFO:teuthology.orchestra.run.smithi037.stdout:/usr/bin/ceph: stderr
2024-05-09T00:50:43.204+0000 7f3b98211700 1 --2- >> [v2:172.21.15.37:3300/0,v1:172.21.15.37:6789/0] conn(0x7f3b9010a6f0 0x7f3b9010cb10 unknown :-1 s=NONE pgs=0 cs=0 l=0 rev1=0 crypto rx=0 tx=0 comp rx=0 tx=0).connect
2024-05-09T00:50:44.481 INFO:teuthology.orchestra.run.smithi037.stdout:/usr/bin/ceph: stderr
2024-05-09T00:50:43.204+0000 7f3b98211700 1 -- --> [v2:172.21.15.37:3300/0,v1:172.21.15.37:6789/0] -- mon_getmap magic: 0 -- 0x7f3b9007d700 con 0x7f3b9010a6f0
2024-05-09T00:50:44.481 INFO:teuthology.orchestra.run.smithi037.stdout:/usr/bin/ceph: stderr
2024-05-09T00:50:43.205+0000 7f3b95fad700 1 --2- >> [v2:172.21.15.37:3300/0,v1:172.21.15.37:6789/0] conn(0x7f3b9010a6f0 0x7f3b9010cb10 unknown :-1 s=BANNER_CONNECTING pgs=0 cs=0 l=0 rev1=0 crypto rx=0 tx=0 comp rx=0 tx=0)._handle_peer_banner_payload supported=3 required=0
2024-05-09T00:50:44.481 INFO:teuthology.orchestra.run.smithi037.stdout:/usr/bin/ceph: stderr
2024-05-09T00:50:43.205+0000 7f3b95fad700 1 --2- >> [v2:172.21.15.37:3300/0,v1:172.21.15.37:6789/0] conn(0x7f3b9010a6f0 0x7f3b9010cb10 unknown :-1 s=HELLO_CONNECTING pgs=0 cs=0 l=0 rev1=1 crypto rx=0 tx=0 comp rx=0 tx=0).handle_hello peer v2:172.21.15.37:3300/0 says I am v2:172.21.15.37:59714/0 (socket says 172.21.15.37:59714)
2024-05-09T00:50:44.481 INFO:teuthology.orchestra.run.smithi037.stdout:/usr/bin/ceph: stderr
2024-05-09T00:50:43.205+0000 7f3b95fad700 1 -- 172.21.15.37:0/2395653315 learned_addr learned my addr 172.21.15.37:0/2395653315 (peer_addr_for_me v2:172.21.15.37:0/0)
2024-05-09T00:50:44.482 INFO:teuthology.orchestra.run.smithi037.stdout:/usr/bin/ceph: stderr
2024-05-09T00:50:43.205+0000 7f3b95fad700 1 -- 172.21.15.37:0/2395653315 --> [v2:172.21.15.37:3300/0,v1:172.21.15.37:6789/0] -- mon_subscribe({config=0+,monmap=0+}) -- 0x7f3b9010d050 con 0x7f3b9010a6f0
2024-05-09T00:50:44.482 INFO:teuthology.orchestra.run.smithi037.stdout:/usr/bin/ceph: stderr
2024-05-09T00:50:43.205+0000 7f3b95fad700 1 --2- 172.21.15.37:0/2395653315 >> [v2:172.21.15.37:3300/0,v1:172.21.15.37:6789/0] conn(0x7f3b9010a6f0 0x7f3b9010cb10 secure :-1 s=READY pgs=22 cs=0 l=1 rev1=1 crypto rx=0x7f3b8c0098a0 tx=0x7f3b8c009bb0 comp rx=0 tx=0).ready entity=mon.0 client_cookie=406eee41e3fdac1f server_cookie=0 in_seq=0 out_seq=0
2024-05-09T00:50:44.482 INFO:teuthology.orchestra.run.smithi037.stdout:/usr/bin/ceph: stderr
2024-05-09T00:50:43.205+0000 7f3b94fab700 1 -- 172.21.15.37:0/2395653315 <== mon.0 v2:172.21.15.37:3300/0 1 ==== mon_map magic: 0 ==== 205+0+0 (secure 0 0 0) 0x7f3b8c004160 con 0x7f3b9010a6f0
2024-05-09T00:50:44.482 INFO:teuthology.orchestra.run.smithi037.stdout:/usr/bin/ceph: stderr
2024-05-09T00:50:43.205+0000 7f3b94fab700 1 -- 172.21.15.37:0/2395653315 <== mon.0 v2:172.21.15.37:3300/0 2 ==== config(26 keys) ==== 1070+0+0 (secure 0 0 0) 0x7f3b8c004300 con 0x7f3b9010a6f0
2024-05-09T00:50:44.482 INFO:teuthology.orchestra.run.smithi037.stdout:/usr/bin/ceph: stderr
2024-05-09T00:50:43.205+0000 7f3b94fab700 1 -- 172.21.15.37:0/2395653315 <== mon.0 v2:172.21.15.37:3300/0 3 ==== mon_map magic: 0 ==== 205+0+0 (secure 0 0 0) 0x7f3b8c011af0 con 0x7f3b9010a6f0
2024-05-09T00:50:44.482 INFO:teuthology.orchestra.run.smithi037.stdout:/usr/bin/ceph: stderr
2024-05-09T00:50:43.206+0000 7f3b98211700 1 -- 172.21.15.37:0/2395653315 >> [v2:172.21.15.37:3300/0,v1:172.21.15.37:6789/0] conn(0x7f3b9010a6f0 msgr2=0x7f3b9010cb10 secure :-1 s=STATE_CONNECTION_ESTABLISHED l=1).mark_down
2024-05-09T00:50:44.482 INFO:teuthology.orchestra.run.smithi037.stdout:/usr/bin/ceph: stderr
2024-05-09T00:50:43.206+0000 7f3b98211700 1 --2- 172.21.15.37:0/2395653315 >> [v2:172.21.15.37:3300/0,v1:172.21.15.37:6789/0] conn(0x7f3b9010a6f0 0x7f3b9010cb10 secure :-1 s=READY pgs=22 cs=0 l=1 rev1=1 crypto rx=0x7f3b8c0098a0 tx=0x7f3b8c009bb0 comp rx=0 tx=0).stop
2024-05-09T00:50:44.482 INFO:teuthology.orchestra.run.smithi037.stdout:/usr/bin/ceph: stderr
2024-05-09T00:50:43.206+0000 7f3b98211700 1 -- 172.21.15.37:0/2395653315 shutdown_connections
2024-05-09T00:50:44.482 INFO:teuthology.orchestra.run.smithi037.stdout:/usr/bin/ceph: stderr
2024-05-09T00:50:43.206+0000 7f3b98211700 1 --2- 172.21.15.37:0/2395653315 >> [v2:172.21.15.37:3300/0,v1:172.21.15.37:6789/0] conn(0x7f3b9010a6f0 0x7f3b9010cb10 unknown :-1 s=CLOSED pgs=22 cs=0 l=1 rev1=1 crypto rx=0 tx=0 comp rx=0 tx=0).stop
2024-05-09T00:50:44.482 INFO:teuthology.orchestra.run.smithi037.stdout:/usr/bin/ceph: stderr
2024-05-09T00:50:43.206+0000 7f3b98211700 1 -- 172.21.15.37:0/2395653315 >> 172.21.15.37:0/2395653315 conn(0x7f3b901041d0 msgr2=0x7f3b90106620 unknown :-1 s=STATE_NONE l=0).mark_down
2024-05-09T00:50:44.482 INFO:teuthology.orchestra.run.smithi037.stdout:/usr/bin/ceph: stderr
2024-05-09T00:50:43.206+0000 7f3b98211700 1 -- 172.21.15.37:0/2395653315 shutdown_connections
2024-05-09T00:50:44.482 INFO:teuthology.orchestra.run.smithi037.stdout:/usr/bin/ceph: stderr
2024-05-09T00:50:43.206+0000 7f3b98211700 1 -- 172.21.15.37:0/2395653315 wait complete.
2024-05-09T00:50:44.482 INFO:teuthology.orchestra.run.smithi037.stdout:/usr/bin/ceph: stderr
2024-05-09T00:50:43.207+0000 7f3b98211700 1 Processor -- start
2024-05-09T00:50:44.482 INFO:teuthology.orchestra.run.smithi037.stdout:/usr/bin/ceph: stderr
2024-05-09T00:50:43.207+0000 7f3b98211700 1 -- start start
2024-05-09T00:50:44.483 INFO:teuthology.orchestra.run.smithi037.stdout:/usr/bin/ceph: stderr
2024-05-09T00:50:43.207+0000 7f3b98211700 1 --2- >> [v2:172.21.15.37:3300/0,v1:172.21.15.37:6789/0] conn(0x7f3b9010a6f0 0x7f3b90109e70 unknown :-1 s=NONE pgs=0 cs=0 l=1 rev1=0 crypto rx=0 tx=0 comp rx=0 tx=0).connect
2024-05-09T00:50:44.483 INFO:teuthology.orchestra.run.smithi037.stdout:/usr/bin/ceph: stderr
2024-05-09T00:50:43.207+0000 7f3b98211700 1 -- --> [v2:172.21.15.37:3300/0,v1:172.21.15.37:6789/0] -- mon_getmap magic: 0 -- 0x7f3b9010e010 con 0x7f3b9010a6f0
2024-05-09T00:50:44.483 INFO:teuthology.orchestra.run.smithi037.stdout:/usr/bin/ceph: stderr
2024-05-09T00:50:43.207+0000 7f3b95fad700 1 --2- >> [v2:172.21.15.37:3300/0,v1:172.21.15.37:6789/0] conn(0x7f3b9010a6f0 0x7f3b90109e70 unknown :-1 s=BANNER_CONNECTING pgs=0 cs=0 l=1 rev1=0 crypto rx=0 tx=0 comp rx=0 tx=0)._handle_peer_banner_payload supported=3 required=0
2024-05-09T00:50:44.483 INFO:teuthology.orchestra.run.smithi037.stdout:/usr/bin/ceph: stderr
2024-05-09T00:50:43.207+0000 7f3b95fad700 1 --2- >> [v2:172.21.15.37:3300/0,v1:172.21.15.37:6789/0] conn(0x7f3b9010a6f0 0x7f3b90109e70 unknown :-1 s=HELLO_CONNECTING pgs=0 cs=0 l=1 rev1=1 crypto rx=0 tx=0 comp rx=0 tx=0).handle_hello peer v2:172.21.15.37:3300/0 says I am v2:172.21.15.37:59728/0 (socket says 172.21.15.37:59728)
2024-05-09T00:50:44.483 INFO:teuthology.orchestra.run.smithi037.stdout:/usr/bin/ceph: stderr
2024-05-09T00:50:43.207+0000 7f3b95fad700 1 -- 172.21.15.37:0/3085856232 learned_addr learned my addr 172.21.15.37:0/3085856232 (peer_addr_for_me v2:172.21.15.37:0/0)
2024-05-09T00:50:44.483 INFO:teuthology.orchestra.run.smithi037.stdout:/usr/bin/ceph: stderr
2024-05-09T00:50:43.208+0000 7f3b95fad700 1 -- 172.21.15.37:0/3085856232 --> [v2:172.21.15.37:3300/0,v1:172.21.15.37:6789/0] -- mon_subscribe({config=0+,monmap=0+}) -- 0x7f3b9010a3b0 con 0x7f3b9010a6f0
2024-05-09T00:50:44.483 INFO:teuthology.orchestra.run.smithi037.stdout:/usr/bin/ceph: stderr
2024-05-09T00:50:43.208+0000 7f3b95fad700 1 --2- 172.21.15.37:0/3085856232 >> [v2:172.21.15.37:3300/0,v1:172.21.15.37:6789/0] conn(0x7f3b9010a6f0 0x7f3b90109e70 secure :-1 s=READY pgs=23 cs=0 l=1 rev1=1 crypto rx=0x7f3b8c009fb0 tx=0x7f3b8c011890 comp rx=0 tx=0).ready entity=mon.0 client_cookie=0 server_cookie=0 in_seq=0 out_seq=0
2024-05-09T00:50:44.483 INFO:teuthology.orchestra.run.smithi037.stdout:/usr/bin/ceph: stderr
2024-05-09T00:50:43.208+0000 7f3b86ffd700 1 -- 172.21.15.37:0/3085856232 <== mon.0 v2:172.21.15.37:3300/0 1 ==== mon_map magic: 0 ==== 205+0+0 (secure 0 0 0) 0x7f3b8c011bc0 con 0x7f3b9010a6f0
2024-05-09T00:50:44.483 INFO:teuthology.orchestra.run.smithi037.stdout:/usr/bin/ceph: stderr
2024-05-09T00:50:43.208+0000 7f3b86ffd700 1 -- 172.21.15.37:0/3085856232 <== mon.0 v2:172.21.15.37:3300/0 2 ==== config(26 keys) ==== 1070+0+0 (secure 0 0 0) 0x7f3b8c024440 con 0x7f3b9010a6f0
2024-05-09T00:50:44.483 INFO:teuthology.orchestra.run.smithi037.stdout:/usr/bin/ceph: stderr
2024-05-09T00:50:43.208+0000 7f3b98211700 1 -- 172.21.15.37:0/3085856232 --> [v2:172.21.15.37:3300/0,v1:172.21.15.37:6789/0] -- mon_subscribe({mgrmap=0+}) -- 0x7f3b90108600 con 0x7f3b9010a6f0
2024-05-09T00:50:44.483 INFO:teuthology.orchestra.run.smithi037.stdout:/usr/bin/ceph: stderr
2024-05-09T00:50:43.208+0000 7f3b86ffd700 1 -- 172.21.15.37:0/3085856232 <== mon.0 v2:172.21.15.37:3300/0 3 ==== mon_map magic: 0 ==== 205+0+0 (secure 0 0 0) 0x7f3b8c01a5c0 con 0x7f3b9010a6f0
2024-05-09T00:50:44.483 INFO:teuthology.orchestra.run.smithi037.stdout:/usr/bin/ceph: stderr
2024-05-09T00:50:43.208+0000 7f3b98211700 1 -- 172.21.15.37:0/3085856232 --> [v2:172.21.15.37:3300/0,v1:172.21.15.37:6789/0] -- mon_subscribe({osdmap=0}) -- 0x7f3b90108ae0 con 0x7f3b9010a6f0
2024-05-09T00:50:44.483 INFO:teuthology.orchestra.run.smithi037.stdout:/usr/bin/ceph: stderr
2024-05-09T00:50:43.209+0000 7f3b86ffd700 1 -- 172.21.15.37:0/3085856232 <== mon.0 v2:172.21.15.37:3300/0 4 ==== mgrmap(e 4) ==== 50211+0+0 (secure 0 0 0) 0x7f3b8c01a830 con 0x7f3b9010a6f0
2024-05-09T00:50:44.483 INFO:teuthology.orchestra.run.smithi037.stdout:/usr/bin/ceph: stderr
2024-05-09T00:50:43.209+0000 7f3b98211700 1 -- 172.21.15.37:0/3085856232 --> [v2:172.21.15.37:3300/0,v1:172.21.15.37:6789/0] -- mon_command({"prefix": "get_command_descriptions"} v 0) -- 0x7f3b90064e20 con 0x7f3b9010a6f0
2024-05-09T00:50:44.484 INFO:teuthology.orchestra.run.smithi037.stdout:/usr/bin/ceph: stderr
2024-05-09T00:50:43.209+0000 7f3b86ffd700 1 --2- 172.21.15.37:0/3085856232 >> [v2:172.21.15.37:6800/1416845590,v1:172.21.15.37:6801/1416845590] conn(0x7f3b7c03e470 0x7f3b7c040980 unknown :-1 s=NONE pgs=0 cs=0 l=1 rev1=0 crypto rx=0 tx=0 comp rx=0 tx=0).connect
2024-05-09T00:50:44.484 INFO:teuthology.orchestra.run.smithi037.stdout:/usr/bin/ceph: stderr
2024-05-09T00:50:43.209+0000 7f3b86ffd700 1 -- 172.21.15.37:0/3085856232 <== mon.0 v2:172.21.15.37:3300/0 5 ==== osd_map(1..1 src has 1..1) ==== 725+0+0 (secure 0 0 0) 0x7f3b8c0539a0 con 0x7f3b9010a6f0
2024-05-09T00:50:44.484 INFO:teuthology.orchestra.run.smithi037.stdout:/usr/bin/ceph: stderr
2024-05-09T00:50:43.210+0000 7f3b957ac700 1 --2- 172.21.15.37:0/3085856232 >> [v2:172.21.15.37:6800/1416845590,v1:172.21.15.37:6801/1416845590] conn(0x7f3b7c03e470 0x7f3b7c040980 unknown :-1 s=BANNER_CONNECTING pgs=0 cs=0 l=1 rev1=0 crypto rx=0 tx=0 comp rx=0 tx=0)._handle_peer_banner_payload supported=3 required=0
2024-05-09T00:50:44.484 INFO:teuthology.orchestra.run.smithi037.stdout:/usr/bin/ceph: stderr
2024-05-09T00:50:43.210+0000 7f3b957ac700 1 --2- 172.21.15.37:0/3085856232 >> [v2:172.21.15.37:6800/1416845590,v1:172.21.15.37:6801/1416845590] conn(0x7f3b7c03e470 0x7f3b7c040980 secure :-1 s=READY pgs=8 cs=0 l=1 rev1=1 crypto rx=0x7f3b80006fd0 tx=0x7f3b80006e40 comp rx=0 tx=0).ready entity=mgr.14100 client_cookie=0 server_cookie=0 in_seq=0 out_seq=0
2024-05-09T00:50:44.484 INFO:teuthology.orchestra.run.smithi037.stdout:/usr/bin/ceph: stderr
2024-05-09T00:50:43.215+0000 7f3b86ffd700 1 -- 172.21.15.37:0/3085856232 <== mon.0 v2:172.21.15.37:3300/0 6 ==== mon_command_ack([{"prefix": "get_command_descriptions"}]=0 v0) ==== 72+0+191963 (secure 0 0 0) 0x7f3b8c00b3e0 con 0x7f3b9010a6f0
2024-05-09T00:50:44.484 INFO:teuthology.orchestra.run.smithi037.stdout:/usr/bin/ceph: stderr
2024-05-09T00:50:43.494+0000 7f3b98211700 1 -- 172.21.15.37:0/3085856232 --> [v2:172.21.15.37:3300/0,v1:172.21.15.37:6789/0] -- mon_command({"prefix": "mgr module enable", "module": "cephadm"} v 0) -- 0x7f3b90109260 con 0x7f3b9010a6f0
2024-05-09T00:50:44.484 INFO:teuthology.orchestra.run.smithi037.stdout:/usr/bin/ceph: stderr
2024-05-09T00:50:43.854+0000 7f3b86ffd700 1 -- 172.21.15.37:0/3085856232 <== mon.0 v2:172.21.15.37:3300/0 7 ==== mon_command_ack([{"prefix": "mgr module enable", "module": "cephadm"}]=0 v5) ==== 86+0+0 (secure 0 0 0) 0x7f3b8c021d00 con 0x7f3b9010a6f0
2024-05-09T00:50:44.484 INFO:teuthology.orchestra.run.smithi037.stdout:/usr/bin/ceph: stderr
2024-05-09T00:50:43.856+0000 7f3b86ffd700 1 -- 172.21.15.37:0/3085856232 <== mon.0 v2:172.21.15.37:3300/0 8 ==== mgrmap(e 5) ==== 50222+0+0 (secure 0 0 0) 0x7f3b8c0245f0 con 0x7f3b9010a6f0
2024-05-09T00:50:44.484 INFO:teuthology.orchestra.run.smithi037.stdout:/usr/bin/ceph: stderr
2024-05-09T00:50:43.857+0000 7f3b98211700 1 -- 172.21.15.37:0/3085856232 >> [v2:172.21.15.37:6800/1416845590,v1:172.21.15.37:6801/1416845590] conn(0x7f3b7c03e470 msgr2=0x7f3b7c040980 secure :-1 s=STATE_CONNECTION_ESTABLISHED l=1).mark_down
2024-05-09T00:50:44.484 INFO:teuthology.orchestra.run.smithi037.stdout:/usr/bin/ceph: stderr
2024-05-09T00:50:43.857+0000 7f3b98211700 1 --2- 172.21.15.37:0/3085856232 >> [v2:172.21.15.37:6800/1416845590,v1:172.21.15.37:6801/1416845590] conn(0x7f3b7c03e470 0x7f3b7c040980 secure :-1 s=READY pgs=8 cs=0 l=1 rev1=1 crypto rx=0x7f3b80006fd0 tx=0x7f3b80006e40 comp rx=0 tx=0).stop
2024-05-09T00:50:44.484 INFO:teuthology.orchestra.run.smithi037.stdout:/usr/bin/ceph: stderr
2024-05-09T00:50:43.857+0000 7f3b98211700 1 -- 172.21.15.37:0/3085856232 >> [v2:172.21.15.37:3300/0,v1:172.21.15.37:6789/0] conn(0x7f3b9010a6f0 msgr2=0x7f3b90109e70 secure :-1 s=STATE_CONNECTION_ESTABLISHED l=1).mark_down
2024-05-09T00:50:44.484 INFO:teuthology.orchestra.run.smithi037.stdout:/usr/bin/ceph: stderr
2024-05-09T00:50:43.857+0000 7f3b98211700 1 --2- 172.21.15.37:0/3085856232 >> [v2:172.21.15.37:3300/0,v1:172.21.15.37:6789/0] conn(0x7f3b9010a6f0 0x7f3b90109e70 secure :-1 s=READY pgs=23 cs=0 l=1 rev1=1 crypto rx=0x7f3b8c009fb0 tx=0x7f3b8c011890 comp rx=0 tx=0).stop
2024-05-09T00:50:44.484 INFO:teuthology.orchestra.run.smithi037.stdout:/usr/bin/ceph: stderr
2024-05-09T00:50:43.857+0000 7f3b98211700 1 -- 172.21.15.37:0/3085856232 shutdown_connections
2024-05-09T00:50:44.484 INFO:teuthology.orchestra.run.smithi037.stdout:/usr/bin/ceph: stderr
2024-05-09T00:50:43.857+0000 7f3b98211700 1 --2- 172.21.15.37:0/3085856232 >> [v2:172.21.15.37:6800/1416845590,v1:172.21.15.37:6801/1416845590] conn(0x7f3b7c03e470 0x7f3b7c040980 unknown :-1 s=CLOSED pgs=8 cs=0 l=1 rev1=1 crypto rx=0 tx=0 comp rx=0 tx=0).stop
2024-05-09T00:50:44.485 INFO:teuthology.orchestra.run.smithi037.stdout:/usr/bin/ceph: stderr
2024-05-09T00:50:43.857+0000 7f3b98211700 1 --2- 172.21.15.37:0/3085856232 >> [v2:172.21.15.37:3300/0,v1:172.21.15.37:6789/0] conn(0x7f3b9010a6f0 0x7f3b90109e70 unknown :-1 s=CLOSED pgs=23 cs=0 l=1 rev1=1 crypto rx=0 tx=0 comp rx=0 tx=0).stop
2024-05-09T00:50:44.485 INFO:teuthology.orchestra.run.smithi037.stdout:/usr/bin/ceph: stderr
2024-05-09T00:50:43.857+0000 7f3b98211700 1 -- 172.21.15.37:0/3085856232 >> 172.21.15.37:0/3085856232 conn(0x7f3b901041d0 msgr2=0x7f3b90105b00 unknown :-1 s=STATE_NONE l=0).mark_down
2024-05-09T00:50:44.485 INFO:teuthology.orchestra.run.smithi037.stdout:/usr/bin/ceph: stderr
2024-05-09T00:50:43.857+0000 7f3b98211700 1 -- 172.21.15.37:0/3085856232 shutdown_connections
2024-05-09T00:50:44.485 INFO:teuthology.orchestra.run.smithi037.stdout:/usr/bin/ceph: stderr
2024-05-09T00:50:43.857+0000 7f3b98211700 1 -- 172.21.15.37:0/3085856232 wait complete.
2024-05-09T00:50:44.724 INFO:journalctl@ceph.mgr.x.smithi037.stdout:May 09 00:50:44 smithi037 ceph-ec4482a6-0d9d-11ef-bc97-c7b262605968-mgr-x[30352]:
2024-05-09T00:50:44.702+0000 7fbb12ae1200 -1 mgr[py] Module progress has missing NOTIFY_TYPES member
2024-05-09T00:50:45.011 INFO:journalctl@ceph.mon.a.smithi037.stdout:May 09 00:50:44 smithi037 ceph-mon[30122]: from='client.? 172.21.15.37:0/3085856232' entity='client.admin' cmd='[{"prefix": "mgr module enable", "module": "cephadm"}]': finished
2024-05-09T00:50:45.011 INFO:journalctl@ceph.mon.a.smithi037.stdout:May 09 00:50:44 smithi037 ceph-mon[30122]: mgrmap e5: x(active, since 6s)
2024-05-09T00:50:45.011 INFO:journalctl@ceph.mgr.x.smithi037.stdout:May 09 00:50:44 smithi037 ceph-ec4482a6-0d9d-11ef-bc97-c7b262605968-mgr-x[30352]:
2024-05-09T00:50:44.797+0000 7fbb12ae1200 -1 mgr[py] Module influx has missing NOTIFY_TYPES member
2024-05-09T00:50:45.890 INFO:journalctl@ceph.mon.a.smithi037.stdout:May 09 00:50:45 smithi037 ceph-mon[30122]: from='client.? 172.21.15.37:0/2268742312' entity='client.admin' cmd=[{"prefix": "mgr stat"}]: dispatch
2024-05-09T00:50:45.898 INFO:teuthology.orchestra.run.smithi037.stdout:/usr/bin/ceph: stdout {
2024-05-09T00:50:45.898 INFO:teuthology.orchestra.run.smithi037.stdout:/usr/bin/ceph: stdout "epoch": 5,
2024-05-09T00:50:45.898 INFO:teuthology.orchestra.run.smithi037.stdout:/usr/bin/ceph: stdout "available": true,
2024-05-09T00:50:45.898 INFO:teuthology.orchestra.run.smithi037.stdout:/usr/bin/ceph: stdout "active_name": "x",
2024-05-09T00:50:45.898 INFO:teuthology.orchestra.run.smithi037.stdout:/usr/bin/ceph: stdout "num_standby": 0
2024-05-09T00:50:45.898 INFO:teuthology.orchestra.run.smithi037.stdout:/usr/bin/ceph: stdout }
2024-05-09T00:50:45.898 INFO:teuthology.orchestra.run.smithi037.stdout:/usr/bin/ceph: stderr
2024-05-09T00:50:44.949+0000 7f5209151700 1 Processor -- start
2024-05-09T00:50:45.898 INFO:teuthology.orchestra.run.smithi037.stdout:/usr/bin/ceph: stderr
2024-05-09T00:50:44.949+0000 7f5209151700 1 -- start start
2024-05-09T00:50:45.898 INFO:teuthology.orchestra.run.smithi037.stdout:/usr/bin/ceph: stderr
2024-05-09T00:50:44.949+0000 7f5209151700 1 --2- >> [v2:172.21.15.37:3300/0,v1:172.21.15.37:6789/0] conn(0x7f5204108580 0x7f5204108990 unknown :-1 s=NONE pgs=0 cs=0 l=0 rev1=0 crypto rx=0 tx=0 comp rx=0 tx=0).connect
2024-05-09T00:50:45.898 INFO:teuthology.orchestra.run.smithi037.stdout:/usr/bin/ceph: stderr
2024-05-09T00:50:44.949+0000 7f5209151700 1 -- --> [v2:172.21.15.37:3300/0,v1:172.21.15.37:6789/0] -- mon_getmap magic: 0 -- 0x7f520407cdd0 con 0x7f5204108580
2024-05-09T00:50:45.898 INFO:teuthology.orchestra.run.smithi037.stdout:/usr/bin/ceph: stderr
2024-05-09T00:50:44.949+0000 7f5202d9d700 1 --2- >> [v2:172.21.15.37:3300/0,v1:172.21.15.37:6789/0] conn(0x7f5204108580 0x7f5204108990 unknown :-1 s=BANNER_CONNECTING pgs=0 cs=0 l=0 rev1=0 crypto rx=0 tx=0 comp rx=0 tx=0)._handle_peer_banner_payload supported=3 required=0
2024-05-09T00:50:45.899 INFO:teuthology.orchestra.run.smithi037.stdout:/usr/bin/ceph: stderr
2024-05-09T00:50:44.949+0000 7f5202d9d700 1 --2- >> [v2:172.21.15.37:3300/0,v1:172.21.15.37:6789/0] conn(0x7f5204108580 0x7f5204108990 unknown :-1 s=HELLO_CONNECTING pgs=0 cs=0 l=0 rev1=1 crypto rx=0 tx=0 comp rx=0 tx=0).handle_hello peer v2:172.21.15.37:3300/0 says I am v2:172.21.15.37:59744/0 (socket says 172.21.15.37:59744)
2024-05-09T00:50:45.899 INFO:teuthology.orchestra.run.smithi037.stdout:/usr/bin/ceph: stderr
2024-05-09T00:50:44.949+0000 7f5202d9d700 1 -- 172.21.15.37:0/3213595217 learned_addr learned my addr 172.21.15.37:0/3213595217 (peer_addr_for_me v2:172.21.15.37:0/0)
2024-05-09T00:50:45.899 INFO:teuthology.orchestra.run.smithi037.stdout:/usr/bin/ceph: stderr
2024-05-09T00:50:44.950+0000 7f5202d9d700 1 -- 172.21.15.37:0/3213595217 --> [v2:172.21.15.37:3300/0,v1:172.21.15.37:6789/0] -- mon_subscribe({config=0+,monmap=0+}) -- 0x7f5204108ed0 con 0x7f5204108580
2024-05-09T00:50:45.899 INFO:teuthology.orchestra.run.smithi037.stdout:/usr/bin/ceph: stderr
2024-05-09T00:50:44.950+0000 7f5202d9d700 1 --2- 172.21.15.37:0/3213595217 >> [v2:172.21.15.37:3300/0,v1:172.21.15.37:6789/0] conn(0x7f5204108580 0x7f5204108990 secure :-1 s=READY pgs=26 cs=0 l=1 rev1=1 crypto rx=0x7f51f40098a0 tx=0x7f51f4009bb0 comp rx=0 tx=0).ready entity=mon.0 client_cookie=3e957aa914faf4fe server_cookie=0 in_seq=0 out_seq=0
2024-05-09T00:50:45.899 INFO:teuthology.orchestra.run.smithi037.stdout:/usr/bin/ceph: stderr
2024-05-09T00:50:44.950+0000 7f5201d9b700 1 -- 172.21.15.37:0/3213595217 <== mon.0 v2:172.21.15.37:3300/0 1 ==== mon_map magic: 0 ==== 205+0+0 (secure 0 0 0) 0x7f51f4004160 con 0x7f5204108580
2024-05-09T00:50:45.899 INFO:teuthology.orchestra.run.smithi037.stdout:/usr/bin/ceph: stderr
2024-05-09T00:50:44.950+0000 7f5201d9b700 1 -- 172.21.15.37:0/3213595217 <== mon.0 v2:172.21.15.37:3300/0 2 ==== config(26 keys) ==== 1070+0+0 (secure 0 0 0) 0x7f51f4004300 con 0x7f5204108580
2024-05-09T00:50:45.899 INFO:teuthology.orchestra.run.smithi037.stdout:/usr/bin/ceph: stderr
2024-05-09T00:50:44.950+0000 7f5201d9b700 1 -- 172.21.15.37:0/3213595217 <== mon.0 v2:172.21.15.37:3300/0 3 ==== mon_map magic: 0 ==== 205+0+0 (secure 0 0 0) 0x7f51f4011af0 con 0x7f5204108580
2024-05-09T00:50:45.899 INFO:teuthology.orchestra.run.smithi037.stdout:/usr/bin/ceph: stderr
2024-05-09T00:50:44.951+0000 7f5209151700 1 -- 172.21.15.37:0/3213595217 >> [v2:172.21.15.37:3300/0,v1:172.21.15.37:6789/0] conn(0x7f5204108580 msgr2=0x7f5204108990 secure :-1 s=STATE_CONNECTION_ESTABLISHED l=1).mark_down
2024-05-09T00:50:45.899 INFO:teuthology.orchestra.run.smithi037.stdout:/usr/bin/ceph: stderr
2024-05-09T00:50:44.951+0000 7f5209151700 1 --2- 172.21.15.37:0/3213595217 >> [v2:172.21.15.37:3300/0,v1:172.21.15.37:6789/0] conn(0x7f5204108580 0x7f5204108990 secure :-1 s=READY pgs=26 cs=0 l=1 rev1=1 crypto rx=0x7f51f40098a0 tx=0x7f51f4009bb0 comp rx=0 tx=0).stop
2024-05-09T00:50:45.899 INFO:teuthology.orchestra.run.smithi037.stdout:/usr/bin/ceph: stderr
2024-05-09T00:50:44.951+0000 7f5209151700 1 -- 172.21.15.37:0/3213595217 shutdown_connections
2024-05-09T00:50:45.899 INFO:teuthology.orchestra.run.smithi037.stdout:/usr/bin/ceph: stderr
2024-05-09T00:50:44.951+0000 7f5209151700 1 --2- 172.21.15.37:0/3213595217 >> [v2:172.21.15.37:3300/0,v1:172.21.15.37:6789/0] conn(0x7f5204108580 0x7f5204108990 unknown :-1 s=CLOSED pgs=26 cs=0 l=1 rev1=1 crypto rx=0 tx=0 comp rx=0 tx=0).stop
2024-05-09T00:50:45.899 INFO:teuthology.orchestra.run.smithi037.stdout:/usr/bin/ceph: stderr
2024-05-09T00:50:44.951+0000 7f5209151700 1 -- 172.21.15.37:0/3213595217 >> 172.21.15.37:0/3213595217 conn(0x7f52041041d0 msgr2=0x7f5204106620 unknown :-1 s=STATE_NONE l=0).mark_down
2024-05-09T00:50:45.899 INFO:teuthology.orchestra.run.smithi037.stdout:/usr/bin/ceph: stderr
2024-05-09T00:50:44.951+0000 7f5209151700 1 -- 172.21.15.37:0/3213595217 shutdown_connections
2024-05-09T00:50:45.900 INFO:teuthology.orchestra.run.smithi037.stdout:/usr/bin/ceph: stderr
2024-05-09T00:50:44.951+0000 7f5209151700 1 -- 172.21.15.37:0/3213595217 wait complete.
2024-05-09T00:50:45.900 INFO:teuthology.orchestra.run.smithi037.stdout:/usr/bin/ceph: stderr
2024-05-09T00:50:44.952+0000 7f5209151700 1 Processor -- start
2024-05-09T00:50:45.900 INFO:teuthology.orchestra.run.smithi037.stdout:/usr/bin/ceph: stderr
2024-05-09T00:50:44.952+0000 7f5209151700 1 -- start start
2024-05-09T00:50:45.900 INFO:teuthology.orchestra.run.smithi037.stdout:/usr/bin/ceph: stderr
2024-05-09T00:50:44.952+0000 7f5209151700 1 --2- >> [v2:172.21.15.37:3300/0,v1:172.21.15.37:6789/0] conn(0x7f5204108580 0x7f52041a0240 unknown :-1 s=NONE pgs=0 cs=0 l=1 rev1=0 crypto rx=0 tx=0 comp rx=0 tx=0).connect
2024-05-09T00:50:45.900 INFO:teuthology.orchestra.run.smithi037.stdout:/usr/bin/ceph: stderr
2024-05-09T00:50:44.952+0000 7f5209151700 1 -- --> [v2:172.21.15.37:3300/0,v1:172.21.15.37:6789/0] -- mon_getmap magic: 0 -- 0x7f5204109d60 con 0x7f5204108580
2024-05-09T00:50:45.900 INFO:teuthology.orchestra.run.smithi037.stdout:/usr/bin/ceph: stderr
2024-05-09T00:50:44.953+0000 7f5202d9d700 1 --2- >> [v2:172.21.15.37:3300/0,v1:172.21.15.37:6789/0] conn(0x7f5204108580 0x7f52041a0240 unknown :-1 s=BANNER_CONNECTING pgs=0 cs=0 l=1 rev1=0 crypto rx=0 tx=0 comp rx=0 tx=0)._handle_peer_banner_payload supported=3 required=0
2024-05-09T00:50:45.900 INFO:teuthology.orchestra.run.smithi037.stdout:/usr/bin/ceph: stderr
2024-05-09T00:50:44.953+0000 7f5202d9d700 1 --2- >> [v2:172.21.15.37:3300/0,v1:172.21.15.37:6789/0] conn(0x7f5204108580 0x7f52041a0240 unknown :-1 s=HELLO_CONNECTING pgs=0 cs=0 l=1 rev1=1 crypto rx=0 tx=0 comp rx=0 tx=0).handle_hello peer v2:172.21.15.37:3300/0 says I am v2:172.21.15.37:59752/0 (socket says 172.21.15.37:59752)
2024-05-09T00:50:45.900 INFO:teuthology.orchestra.run.smithi037.stdout:/usr/bin/ceph: stderr
2024-05-09T00:50:44.953+0000 7f5202d9d700 1 -- 172.21.15.37:0/2268742312 learned_addr learned my addr 172.21.15.37:0/2268742312 (peer_addr_for_me v2:172.21.15.37:0/0)
2024-05-09T00:50:45.900 INFO:teuthology.orchestra.run.smithi037.stdout:/usr/bin/ceph: stderr
2024-05-09T00:50:44.953+0000 7f5202d9d700 1 -- 172.21.15.37:0/2268742312 --> [v2:172.21.15.37:3300/0,v1:172.21.15.37:6789/0] -- mon_subscribe({config=0+,monmap=0+}) -- 0x7f52041a0780 con 0x7f5204108580
2024-05-09T00:50:45.900 INFO:teuthology.orchestra.run.smithi037.stdout:/usr/bin/ceph: stderr
2024-05-09T00:50:44.953+0000 7f5202d9d700 1 --2- 172.21.15.37:0/2268742312 >> [v2:172.21.15.37:3300/0,v1:172.21.15.37:6789/0] conn(0x7f5204108580 0x7f52041a0240 secure :-1 s=READY pgs=27 cs=0 l=1 rev1=1 crypto rx=0x7f51f40117b0 tx=0x7f51f4011b70 comp rx=0 tx=0).ready entity=mon.0 client_cookie=0 server_cookie=0 in_seq=0 out_seq=0
2024-05-09T00:50:45.900 INFO:teuthology.orchestra.run.smithi037.stdout:/usr/bin/ceph: stderr
2024-05-09T00:50:44.953+0000 7f51ebfff700 1 -- 172.21.15.37:0/2268742312 <== mon.0 v2:172.21.15.37:3300/0 1 ==== mon_map magic: 0 ==== 205+0+0 (secure 0 0 0) 0x7f51f40039c0 con 0x7f5204108580
2024-05-09T00:50:45.900 INFO:teuthology.orchestra.run.smithi037.stdout:/usr/bin/ceph: stderr
2024-05-09T00:50:44.953+0000 7f51ebfff700 1 -- 172.21.15.37:0/2268742312 <== mon.0 v2:172.21.15.37:3300/0 2 ==== config(26 keys) ==== 1070+0+0 (secure 0 0 0) 0x7f51f4003b60 con 0x7f5204108580
2024-05-09T00:50:45.900 INFO:teuthology.orchestra.run.smithi037.stdout:/usr/bin/ceph: stderr
2024-05-09T00:50:44.953+0000 7f5209151700 1 -- 172.21.15.37:0/2268742312 --> [v2:172.21.15.37:3300/0,v1:172.21.15.37:6789/0] -- mon_subscribe({mgrmap=0+}) -- 0x7f52041a0a10 con 0x7f5204108580
2024-05-09T00:50:45.900 INFO:teuthology.orchestra.run.smithi037.stdout:/usr/bin/ceph: stderr
2024-05-09T00:50:44.954+0000 7f51ebfff700 1 -- 172.21.15.37:0/2268742312 <== mon.0 v2:172.21.15.37:3300/0 3 ==== mon_map magic: 0 ==== 205+0+0 (secure 0 0 0) 0x7f51f40196a0 con 0x7f5204108580
2024-05-09T00:50:45.901 INFO:teuthology.orchestra.run.smithi037.stdout:/usr/bin/ceph: stderr
2024-05-09T00:50:44.954+0000 7f5209151700 1 -- 172.21.15.37:0/2268742312 --> [v2:172.21.15.37:3300/0,v1:172.21.15.37:6789/0] -- mon_subscribe({osdmap=0}) -- 0x7f52041a3620 con 0x7f5204108580
2024-05-09T00:50:45.901 INFO:teuthology.orchestra.run.smithi037.stdout:/usr/bin/ceph: stderr
2024-05-09T00:50:44.955+0000 7f5209151700 1 -- 172.21.15.37:0/2268742312 --> [v2:172.21.15.37:3300/0,v1:172.21.15.37:6789/0] -- mon_command({"prefix": "get_command_descriptions"} v 0) -- 0x7f5204064e20 con 0x7f5204108580
2024-05-09T00:50:45.901 INFO:teuthology.orchestra.run.smithi037.stdout:/usr/bin/ceph: stderr
2024-05-09T00:50:44.955+0000 7f51ebfff700 1 -- 172.21.15.37:0/2268742312 <== mon.0 v2:172.21.15.37:3300/0 4 ==== mgrmap(e 5) ==== 50222+0+0 (secure 0 0 0) 0x7f51f4019910 con 0x7f5204108580
2024-05-09T00:50:45.901 INFO:teuthology.orchestra.run.smithi037.stdout:/usr/bin/ceph: stderr
2024-05-09T00:50:44.955+0000 7f51ebfff700 1 --2- 172.21.15.37:0/2268742312 >> [v2:172.21.15.37:6800/1416845590,v1:172.21.15.37:6801/1416845590] conn(0x7f51ec03e4c0 0x7f51ec0409d0 unknown :-1 s=NONE pgs=0 cs=0 l=1 rev1=0 crypto rx=0 tx=0 comp rx=0 tx=0).connect
2024-05-09T00:50:45.901 INFO:teuthology.orchestra.run.smithi037.stdout:/usr/bin/ceph: stderr
2024-05-09T00:50:44.955+0000 7f51ebfff700 1 -- 172.21.15.37:0/2268742312 <== mon.0 v2:172.21.15.37:3300/0 5 ==== osd_map(1..1 src has 1..1) ==== 725+0+0 (secure 0 0 0) 0x7f51f4053bf0 con 0x7f5204108580
2024-05-09T00:50:45.901 INFO:teuthology.orchestra.run.smithi037.stdout:/usr/bin/ceph: stderr
2024-05-09T00:50:44.955+0000 7f520259c700 1 -- 172.21.15.37:0/2268742312 >> [v2:172.21.15.37:6800/1416845590,v1:172.21.15.37:6801/1416845590] conn(0x7f51ec03e4c0 msgr2=0x7f51ec0409d0 unknown :-1 s=STATE_CONNECTING_RE l=1).process reconnect failed to v2:172.21.15.37:6800/1416845590
2024-05-09T00:50:45.901 INFO:teuthology.orchestra.run.smithi037.stdout:/usr/bin/ceph: stderr
2024-05-09T00:50:44.955+0000 7f520259c700 1 --2- 172.21.15.37:0/2268742312 >> [v2:172.21.15.37:6800/1416845590,v1:172.21.15.37:6801/1416845590] conn(0x7f51ec03e4c0 0x7f51ec0409d0 unknown :-1 s=START_CONNECT pgs=0 cs=0 l=1 rev1=0 crypto rx=0 tx=0 comp rx=0 tx=0)._fault waiting 0.200000
2024-05-09T00:50:45.901 INFO:teuthology.orchestra.run.smithi037.stdout:/usr/bin/ceph: stderr
2024-05-09T00:50:44.965+0000 7f51ebfff700 1 -- 172.21.15.37:0/2268742312 <== mon.0 v2:172.21.15.37:3300/0 6 ==== mon_command_ack([{"prefix": "get_command_descriptions"}]=0 v0) ==== 72+0+191963 (secure 0 0 0) 0x7f51f400b3e0 con 0x7f5204108580
2024-05-09T00:50:45.901 INFO:teuthology.orchestra.run.smithi037.stdout:/usr/bin/ceph: stderr
2024-05-09T00:50:45.156+0000 7f520259c700 1 -- 172.21.15.37:0/2268742312 >> [v2:172.21.15.37:6800/1416845590,v1:172.21.15.37:6801/1416845590] conn(0x7f51ec03e4c0 msgr2=0x7f51ec0409d0 unknown :-1 s=STATE_CONNECTING_RE l=1).process reconnect failed to v2:172.21.15.37:6800/1416845590
2024-05-09T00:50:45.901 INFO:teuthology.orchestra.run.smithi037.stdout:/usr/bin/ceph: stderr
2024-05-09T00:50:45.156+0000 7f520259c700 1 --2- 172.21.15.37:0/2268742312 >> [v2:172.21.15.37:6800/1416845590,v1:172.21.15.37:6801/1416845590] conn(0x7f51ec03e4c0 0x7f51ec0409d0 unknown :-1 s=START_CONNECT pgs=0 cs=0 l=1 rev1=0 crypto rx=0 tx=0 comp rx=0 tx=0)._fault waiting 0.400000
2024-05-09T00:50:45.901 INFO:teuthology.orchestra.run.smithi037.stdout:/usr/bin/ceph: stderr
