2024-05-09T00:50:53.629+0000 7f0fd038c700 1 --2- 172.21.15.37:0/4236473389 >> [v2:172.21.15.37:3300/0,v1:172.21.15.37:6789/0] conn(0x7f0fc8108b10 0x7f0fc819cfb0 secure :-1 s=READY pgs=38 cs=0 l=1 rev1=1 crypto rx=0x7f0fc4011670 tx=0x7f0fc4004280 comp rx=0 tx=0).stop
2024-05-09T00:50:54.237 INFO:teuthology.orchestra.run.smithi037.stdout:/usr/bin/ceph: stderr
2024-05-09T00:50:53.629+0000 7f0fd038c700 1 -- 172.21.15.37:0/4236473389 shutdown_connections
2024-05-09T00:50:54.237 INFO:teuthology.orchestra.run.smithi037.stdout:/usr/bin/ceph: stderr
2024-05-09T00:50:53.629+0000 7f0fd038c700 1 --2- 172.21.15.37:0/4236473389 >> [v2:172.21.15.37:6800/1512065281,v1:172.21.15.37:6801/1512065281] conn(0x7f0fb403e360 0x7f0fb4040870 unknown :-1 s=CLOSED pgs=7 cs=0 l=1 rev1=1 crypto rx=0 tx=0 comp rx=0 tx=0).stop
2024-05-09T00:50:54.237 INFO:teuthology.orchestra.run.smithi037.stdout:/usr/bin/ceph: stderr
2024-05-09T00:50:53.629+0000 7f0fd038c700 1 --2- 172.21.15.37:0/4236473389 >> [v2:172.21.15.37:3300/0,v1:172.21.15.37:6789/0] conn(0x7f0fc8108b10 0x7f0fc819cfb0 unknown :-1 s=CLOSED pgs=38 cs=0 l=1 rev1=1 crypto rx=0 tx=0 comp rx=0 tx=0).stop
2024-05-09T00:50:54.238 INFO:teuthology.orchestra.run.smithi037.stdout:/usr/bin/ceph: stderr
2024-05-09T00:50:53.629+0000 7f0fd038c700 1 -- 172.21.15.37:0/4236473389 >> 172.21.15.37:0/4236473389 conn(0x7f0fc81041d0 msgr2=0x7f0fc8105ab0 unknown :-1 s=STATE_NONE l=0).mark_down
2024-05-09T00:50:54.238 INFO:teuthology.orchestra.run.smithi037.stdout:/usr/bin/ceph: stderr
2024-05-09T00:50:53.629+0000 7f0fd038c700 1 -- 172.21.15.37:0/4236473389 shutdown_connections
2024-05-09T00:50:54.238 INFO:teuthology.orchestra.run.smithi037.stdout:/usr/bin/ceph: stderr
2024-05-09T00:50:53.629+0000 7f0fd038c700 1 -- 172.21.15.37:0/4236473389 wait complete.
2024-05-09T00:50:54.474 INFO:journalctl@ceph.mon.a.smithi037.stdout:May 09 00:50:54 smithi037 ceph-mon[30122]: mgrmap e8: x(active, since 2s)
2024-05-09T00:50:54.474 INFO:journalctl@ceph.mon.a.smithi037.stdout:May 09 00:50:54 smithi037 ceph-mon[30122]: from='client.14132 -' entity='client.admin' cmd=[{"prefix": "orch set backend", "module_name": "cephadm", "target": ["mon-mgr", ""]}]: dispatch
2024-05-09T00:50:54.474 INFO:journalctl@ceph.mon.a.smithi037.stdout:May 09 00:50:54 smithi037 ceph-mon[30122]: from='mgr.14120 172.21.15.37:0/4237911941' entity='mgr.x'
2024-05-09T00:50:54.474 INFO:journalctl@ceph.mon.a.smithi037.stdout:May 09 00:50:54 smithi037 ceph-mon[30122]: from='mgr.14120 172.21.15.37:0/4237911941' entity='mgr.x' cmd=[{"prefix": "config dump", "format": "json"}]: dispatch
2024-05-09T00:50:55.481 INFO:journalctl@ceph.mon.a.smithi037.stdout:May 09 00:50:55 smithi037 ceph-mon[30122]: from='client.14134 -' entity='client.admin' cmd=[{"prefix": "cephadm set-user", "user": "root", "target": ["mon-mgr", ""]}]: dispatch
2024-05-09T00:50:55.490 INFO:teuthology.orchestra.run.smithi037.stdout:/usr/bin/ceph: stdout value unchanged
2024-05-09T00:50:55.491 INFO:teuthology.orchestra.run.smithi037.stdout:/usr/bin/ceph: stderr
2024-05-09T00:50:54.699+0000 7f581d79b700 1 Processor -- start
2024-05-09T00:50:55.491 INFO:teuthology.orchestra.run.smithi037.stdout:/usr/bin/ceph: stderr
2024-05-09T00:50:54.699+0000 7f581d79b700 1 -- start start
2024-05-09T00:50:55.491 INFO:teuthology.orchestra.run.smithi037.stdout:/usr/bin/ceph: stderr
2024-05-09T00:50:54.699+0000 7f581d79b700 1 --2- >> [v2:172.21.15.37:3300/0,v1:172.21.15.37:6789/0] conn(0x7f581810a6f0 0x7f581810cb10 unknown :-1 s=NONE pgs=0 cs=0 l=0 rev1=0 crypto rx=0 tx=0 comp rx=0 tx=0).connect
2024-05-09T00:50:55.491 INFO:teuthology.orchestra.run.smithi037.stdout:/usr/bin/ceph: stderr
2024-05-09T00:50:54.699+0000 7f581d79b700 1 -- --> [v2:172.21.15.37:3300/0,v1:172.21.15.37:6789/0] -- mon_getmap magic: 0 -- 0x7f581807ce70 con 0x7f581810a6f0
2024-05-09T00:50:55.491 INFO:teuthology.orchestra.run.smithi037.stdout:/usr/bin/ceph: stderr
2024-05-09T00:50:54.700+0000 7f5816ffd700 1 --2- >> [v2:172.21.15.37:3300/0,v1:172.21.15.37:6789/0] conn(0x7f581810a6f0 0x7f581810cb10 unknown :-1 s=BANNER_CONNECTING pgs=0 cs=0 l=0 rev1=0 crypto rx=0 tx=0 comp rx=0 tx=0)._handle_peer_banner_payload supported=3 required=0
2024-05-09T00:50:55.491 INFO:teuthology.orchestra.run.smithi037.stdout:/usr/bin/ceph: stderr
2024-05-09T00:50:54.700+0000 7f5816ffd700 1 --2- >> [v2:172.21.15.37:3300/0,v1:172.21.15.37:6789/0] conn(0x7f581810a6f0 0x7f581810cb10 unknown :-1 s=HELLO_CONNECTING pgs=0 cs=0 l=0 rev1=1 crypto rx=0 tx=0 comp rx=0 tx=0).handle_hello peer v2:172.21.15.37:3300/0 says I am v2:172.21.15.37:46880/0 (socket says 172.21.15.37:46880)
2024-05-09T00:50:55.491 INFO:teuthology.orchestra.run.smithi037.stdout:/usr/bin/ceph: stderr
2024-05-09T00:50:54.700+0000 7f5816ffd700 1 -- 172.21.15.37:0/2038372039 learned_addr learned my addr 172.21.15.37:0/2038372039 (peer_addr_for_me v2:172.21.15.37:0/0)
2024-05-09T00:50:55.491 INFO:teuthology.orchestra.run.smithi037.stdout:/usr/bin/ceph: stderr
2024-05-09T00:50:54.700+0000 7f5816ffd700 1 -- 172.21.15.37:0/2038372039 --> [v2:172.21.15.37:3300/0,v1:172.21.15.37:6789/0] -- mon_subscribe({config=0+,monmap=0+}) -- 0x7f581810d050 con 0x7f581810a6f0
2024-05-09T00:50:55.491 INFO:teuthology.orchestra.run.smithi037.stdout:/usr/bin/ceph: stderr
2024-05-09T00:50:54.700+0000 7f5816ffd700 1 --2- 172.21.15.37:0/2038372039 >> [v2:172.21.15.37:3300/0,v1:172.21.15.37:6789/0] conn(0x7f581810a6f0 0x7f581810cb10 secure :-1 s=READY pgs=39 cs=0 l=1 rev1=1 crypto rx=0x7f5808009e80 tx=0x7f580800b330 comp rx=0 tx=0).ready entity=mon.0 client_cookie=aa31887d0b2c26e6 server_cookie=0 in_seq=0 out_seq=0
2024-05-09T00:50:55.491 INFO:teuthology.orchestra.run.smithi037.stdout:/usr/bin/ceph: stderr
2024-05-09T00:50:54.700+0000 7f5815ffb700 1 -- 172.21.15.37:0/2038372039 <== mon.0 v2:172.21.15.37:3300/0 1 ==== mon_map magic: 0 ==== 205+0+0 (secure 0 0 0) 0x7f5808017070 con 0x7f581810a6f0
2024-05-09T00:50:55.491 INFO:teuthology.orchestra.run.smithi037.stdout:/usr/bin/ceph: stderr
2024-05-09T00:50:54.700+0000 7f5815ffb700 1 -- 172.21.15.37:0/2038372039 <== mon.0 v2:172.21.15.37:3300/0 2 ==== config(26 keys) ==== 1070+0+0 (secure 0 0 0) 0x7f580800b8c0 con 0x7f581810a6f0
2024-05-09T00:50:55.492 INFO:teuthology.orchestra.run.smithi037.stdout:/usr/bin/ceph: stderr
2024-05-09T00:50:54.700+0000 7f5815ffb700 1 -- 172.21.15.37:0/2038372039 <== mon.0 v2:172.21.15.37:3300/0 3 ==== mon_map magic: 0 ==== 205+0+0 (secure 0 0 0) 0x7f5808004490 con 0x7f581810a6f0
2024-05-09T00:50:55.492 INFO:teuthology.orchestra.run.smithi037.stdout:/usr/bin/ceph: stderr
2024-05-09T00:50:54.701+0000 7f581d79b700 1 -- 172.21.15.37:0/2038372039 >> [v2:172.21.15.37:3300/0,v1:172.21.15.37:6789/0] conn(0x7f581810a6f0 msgr2=0x7f581810cb10 secure :-1 s=STATE_CONNECTION_ESTABLISHED l=1).mark_down
2024-05-09T00:50:55.492 INFO:teuthology.orchestra.run.smithi037.stdout:/usr/bin/ceph: stderr
2024-05-09T00:50:54.701+0000 7f581d79b700 1 --2- 172.21.15.37:0/2038372039 >> [v2:172.21.15.37:3300/0,v1:172.21.15.37:6789/0] conn(0x7f581810a6f0 0x7f581810cb10 secure :-1 s=READY pgs=39 cs=0 l=1 rev1=1 crypto rx=0x7f5808009e80 tx=0x7f580800b330 comp rx=0 tx=0).stop
2024-05-09T00:50:55.492 INFO:teuthology.orchestra.run.smithi037.stdout:/usr/bin/ceph: stderr
2024-05-09T00:50:54.701+0000 7f581d79b700 1 -- 172.21.15.37:0/2038372039 shutdown_connections
2024-05-09T00:50:55.492 INFO:teuthology.orchestra.run.smithi037.stdout:/usr/bin/ceph: stderr
2024-05-09T00:50:54.701+0000 7f581d79b700 1 --2- 172.21.15.37:0/2038372039 >> [v2:172.21.15.37:3300/0,v1:172.21.15.37:6789/0] conn(0x7f581810a6f0 0x7f581810cb10 unknown :-1 s=CLOSED pgs=39 cs=0 l=1 rev1=1 crypto rx=0 tx=0 comp rx=0 tx=0).stop
2024-05-09T00:50:55.492 INFO:teuthology.orchestra.run.smithi037.stdout:/usr/bin/ceph: stderr
2024-05-09T00:50:54.701+0000 7f581d79b700 1 -- 172.21.15.37:0/2038372039 >> 172.21.15.37:0/2038372039 conn(0x7f58181041d0 msgr2=0x7f5818106620 unknown :-1 s=STATE_NONE l=0).mark_down
2024-05-09T00:50:55.492 INFO:teuthology.orchestra.run.smithi037.stdout:/usr/bin/ceph: stderr
2024-05-09T00:50:54.701+0000 7f581d79b700 1 -- 172.21.15.37:0/2038372039 shutdown_connections
2024-05-09T00:50:55.492 INFO:teuthology.orchestra.run.smithi037.stdout:/usr/bin/ceph: stderr
2024-05-09T00:50:54.701+0000 7f581d79b700 1 -- 172.21.15.37:0/2038372039 wait complete.
2024-05-09T00:50:55.492 INFO:teuthology.orchestra.run.smithi037.stdout:/usr/bin/ceph: stderr
2024-05-09T00:50:54.702+0000 7f581d79b700 1 Processor -- start
2024-05-09T00:50:55.492 INFO:teuthology.orchestra.run.smithi037.stdout:/usr/bin/ceph: stderr
2024-05-09T00:50:54.702+0000 7f581d79b700 1 -- start start
2024-05-09T00:50:55.492 INFO:teuthology.orchestra.run.smithi037.stdout:/usr/bin/ceph: stderr
2024-05-09T00:50:54.702+0000 7f581d79b700 1 --2- >> [v2:172.21.15.37:3300/0,v1:172.21.15.37:6789/0] conn(0x7f581810a6f0 0x7f5818109e70 unknown :-1 s=NONE pgs=0 cs=0 l=1 rev1=0 crypto rx=0 tx=0 comp rx=0 tx=0).connect
2024-05-09T00:50:55.492 INFO:teuthology.orchestra.run.smithi037.stdout:/usr/bin/ceph: stderr
2024-05-09T00:50:54.702+0000 7f581d79b700 1 -- --> [v2:172.21.15.37:3300/0,v1:172.21.15.37:6789/0] -- mon_getmap magic: 0 -- 0x7f581810dfa0 con 0x7f581810a6f0
2024-05-09T00:50:55.492 INFO:teuthology.orchestra.run.smithi037.stdout:/usr/bin/ceph: stderr
2024-05-09T00:50:54.702+0000 7f5816ffd700 1 --2- >> [v2:172.21.15.37:3300/0,v1:172.21.15.37:6789/0] conn(0x7f581810a6f0 0x7f5818109e70 unknown :-1 s=BANNER_CONNECTING pgs=0 cs=0 l=1 rev1=0 crypto rx=0 tx=0 comp rx=0 tx=0)._handle_peer_banner_payload supported=3 required=0
2024-05-09T00:50:55.493 INFO:teuthology.orchestra.run.smithi037.stdout:/usr/bin/ceph: stderr
2024-05-09T00:50:54.702+0000 7f5816ffd700 1 --2- >> [v2:172.21.15.37:3300/0,v1:172.21.15.37:6789/0] conn(0x7f581810a6f0 0x7f5818109e70 unknown :-1 s=HELLO_CONNECTING pgs=0 cs=0 l=1 rev1=1 crypto rx=0 tx=0 comp rx=0 tx=0).handle_hello peer v2:172.21.15.37:3300/0 says I am v2:172.21.15.37:46884/0 (socket says 172.21.15.37:46884)
2024-05-09T00:50:55.493 INFO:teuthology.orchestra.run.smithi037.stdout:/usr/bin/ceph: stderr
2024-05-09T00:50:54.702+0000 7f5816ffd700 1 -- 172.21.15.37:0/4231151159 learned_addr learned my addr 172.21.15.37:0/4231151159 (peer_addr_for_me v2:172.21.15.37:0/0)
2024-05-09T00:50:55.493 INFO:teuthology.orchestra.run.smithi037.stdout:/usr/bin/ceph: stderr
2024-05-09T00:50:54.703+0000 7f5816ffd700 1 -- 172.21.15.37:0/4231151159 --> [v2:172.21.15.37:3300/0,v1:172.21.15.37:6789/0] -- mon_subscribe({config=0+,monmap=0+}) -- 0x7f581810a3b0 con 0x7f581810a6f0
2024-05-09T00:50:55.493 INFO:teuthology.orchestra.run.smithi037.stdout:/usr/bin/ceph: stderr
2024-05-09T00:50:54.703+0000 7f5816ffd700 1 --2- 172.21.15.37:0/4231151159 >> [v2:172.21.15.37:3300/0,v1:172.21.15.37:6789/0] conn(0x7f581810a6f0 0x7f5818109e70 secure :-1 s=READY pgs=40 cs=0 l=1 rev1=1 crypto rx=0x7f580800b7b0 tx=0x7f580800bd50 comp rx=0 tx=0).ready entity=mon.0 client_cookie=0 server_cookie=0 in_seq=0 out_seq=0
2024-05-09T00:50:55.493 INFO:teuthology.orchestra.run.smithi037.stdout:/usr/bin/ceph: stderr
2024-05-09T00:50:54.703+0000 7f57fffff700 1 -- 172.21.15.37:0/4231151159 <== mon.0 v2:172.21.15.37:3300/0 1 ==== mon_map magic: 0 ==== 205+0+0 (secure 0 0 0) 0x7f5808020020 con 0x7f581810a6f0
2024-05-09T00:50:55.493 INFO:teuthology.orchestra.run.smithi037.stdout:/usr/bin/ceph: stderr
2024-05-09T00:50:54.703+0000 7f581d79b700 1 -- 172.21.15.37:0/4231151159 --> [v2:172.21.15.37:3300/0,v1:172.21.15.37:6789/0] -- mon_subscribe({mgrmap=0+}) -- 0x7f5818108600 con 0x7f581810a6f0
2024-05-09T00:50:55.493 INFO:teuthology.orchestra.run.smithi037.stdout:/usr/bin/ceph: stderr
2024-05-09T00:50:54.703+0000 7f57fffff700 1 -- 172.21.15.37:0/4231151159 <== mon.0 v2:172.21.15.37:3300/0 2 ==== config(26 keys) ==== 1070+0+0 (secure 0 0 0) 0x7f5808012430 con 0x7f581810a6f0
2024-05-09T00:50:55.493 INFO:teuthology.orchestra.run.smithi037.stdout:/usr/bin/ceph: stderr
2024-05-09T00:50:54.703+0000 7f57fffff700 1 -- 172.21.15.37:0/4231151159 <== mon.0 v2:172.21.15.37:3300/0 3 ==== mon_map magic: 0 ==== 205+0+0 (secure 0 0 0) 0x7f5808017040 con 0x7f581810a6f0
2024-05-09T00:50:55.493 INFO:teuthology.orchestra.run.smithi037.stdout:/usr/bin/ceph: stderr
2024-05-09T00:50:54.703+0000 7f581d79b700 1 -- 172.21.15.37:0/4231151159 --> [v2:172.21.15.37:3300/0,v1:172.21.15.37:6789/0] -- mon_subscribe({osdmap=0}) -- 0x7f5818108b40 con 0x7f581810a6f0
2024-05-09T00:50:55.493 INFO:teuthology.orchestra.run.smithi037.stdout:/usr/bin/ceph: stderr
2024-05-09T00:50:54.704+0000 7f57fffff700 1 -- 172.21.15.37:0/4231151159 <== mon.0 v2:172.21.15.37:3300/0 4 ==== mgrmap(e 8) ==== 50222+0+0 (secure 0 0 0) 0x7f5808023020 con 0x7f581810a6f0
2024-05-09T00:50:55.494 INFO:teuthology.orchestra.run.smithi037.stdout:/usr/bin/ceph: stderr
2024-05-09T00:50:54.704+0000 7f57fffff700 1 --2- 172.21.15.37:0/4231151159 >> [v2:172.21.15.37:6800/1512065281,v1:172.21.15.37:6801/1512065281] conn(0x7f580003e470 0x7f5800040980 unknown :-1 s=NONE pgs=0 cs=0 l=1 rev1=0 crypto rx=0 tx=0 comp rx=0 tx=0).connect
2024-05-09T00:50:55.494 INFO:teuthology.orchestra.run.smithi037.stdout:/usr/bin/ceph: stderr
2024-05-09T00:50:54.704+0000 7f57fffff700 1 -- 172.21.15.37:0/4231151159 <== mon.0 v2:172.21.15.37:3300/0 5 ==== osd_map(2..2 src has 1..2) ==== 940+0+0 (secure 0 0 0) 0x7f580800f050 con 0x7f581810a6f0
2024-05-09T00:50:55.494 INFO:teuthology.orchestra.run.smithi037.stdout:/usr/bin/ceph: stderr
2024-05-09T00:50:54.704+0000 7f581d79b700 1 -- 172.21.15.37:0/4231151159 --> [v2:172.21.15.37:3300/0,v1:172.21.15.37:6789/0] -- mon_command({"prefix": "get_command_descriptions"} v 0) -- 0x7f5818064e20 con 0x7f581810a6f0
2024-05-09T00:50:55.494 INFO:teuthology.orchestra.run.smithi037.stdout:/usr/bin/ceph: stderr
2024-05-09T00:50:54.704+0000 7f58167fc700 1 --2- 172.21.15.37:0/4231151159 >> [v2:172.21.15.37:6800/1512065281,v1:172.21.15.37:6801/1512065281] conn(0x7f580003e470 0x7f5800040980 unknown :-1 s=BANNER_CONNECTING pgs=0 cs=0 l=1 rev1=0 crypto rx=0 tx=0 comp rx=0 tx=0)._handle_peer_banner_payload supported=3 required=0
2024-05-09T00:50:55.494 INFO:teuthology.orchestra.run.smithi037.stdout:/usr/bin/ceph: stderr
2024-05-09T00:50:54.705+0000 7f58167fc700 1 --2- 172.21.15.37:0/4231151159 >> [v2:172.21.15.37:6800/1512065281,v1:172.21.15.37:6801/1512065281] conn(0x7f580003e470 0x7f5800040980 secure :-1 s=READY pgs=8 cs=0 l=1 rev1=1 crypto rx=0x7f580c006fd0 tx=0x7f580c006e40 comp rx=0 tx=0).ready entity=mgr.14120 client_cookie=0 server_cookie=0 in_seq=0 out_seq=0
2024-05-09T00:50:55.494 INFO:teuthology.orchestra.run.smithi037.stdout:/usr/bin/ceph: stderr
2024-05-09T00:50:54.710+0000 7f57fffff700 1 -- 172.21.15.37:0/4231151159 <== mon.0 v2:172.21.15.37:3300/0 6 ==== mon_command_ack([{"prefix": "get_command_descriptions"}]=0 v0) ==== 72+0+191963 (secure 0 0 0) 0x7f580802a020 con 0x7f581810a6f0
2024-05-09T00:50:55.494 INFO:teuthology.orchestra.run.smithi037.stdout:/usr/bin/ceph: stderr
2024-05-09T00:50:54.928+0000 7f581d79b700 1 -- 172.21.15.37:0/4231151159 --> [v2:172.21.15.37:6800/1512065281,v1:172.21.15.37:6801/1512065281] -- mgr_command(tid 0: {"prefix": "cephadm set-user", "user": "root", "target": ["mon-mgr", ""]}) -- 0x7f58181091c0 con 0x7f580003e470
2024-05-09T00:50:55.494 INFO:teuthology.orchestra.run.smithi037.stdout:/usr/bin/ceph: stderr
2024-05-09T00:50:54.928+0000 7f57fffff700 1 -- 172.21.15.37:0/4231151159 <== mgr.14120 v2:172.21.15.37:6800/1512065281 1 ==== mgr_command_reply(tid 0: 0 ) ==== 8+0+16 (secure 0 0 0) 0x7f58181091c0 con 0x7f580003e470
2024-05-09T00:50:55.494 INFO:teuthology.orchestra.run.smithi037.stdout:/usr/bin/ceph: stderr
2024-05-09T00:50:54.931+0000 7f581d79b700 1 -- 172.21.15.37:0/4231151159 >> [v2:172.21.15.37:6800/1512065281,v1:172.21.15.37:6801/1512065281] conn(0x7f580003e470 msgr2=0x7f5800040980 secure :-1 s=STATE_CONNECTION_ESTABLISHED l=1).mark_down
2024-05-09T00:50:55.494 INFO:teuthology.orchestra.run.smithi037.stdout:/usr/bin/ceph: stderr
2024-05-09T00:50:54.931+0000 7f581d79b700 1 --2- 172.21.15.37:0/4231151159 >> [v2:172.21.15.37:6800/1512065281,v1:172.21.15.37:6801/1512065281] conn(0x7f580003e470 0x7f5800040980 secure :-1 s=READY pgs=8 cs=0 l=1 rev1=1 crypto rx=0x7f580c006fd0 tx=0x7f580c006e40 comp rx=0 tx=0).stop
2024-05-09T00:50:55.494 INFO:teuthology.orchestra.run.smithi037.stdout:/usr/bin/ceph: stderr
2024-05-09T00:50:54.931+0000 7f581d79b700 1 -- 172.21.15.37:0/4231151159 >> [v2:172.21.15.37:3300/0,v1:172.21.15.37:6789/0] conn(0x7f581810a6f0 msgr2=0x7f5818109e70 secure :-1 s=STATE_CONNECTION_ESTABLISHED l=1).mark_down
2024-05-09T00:50:55.494 INFO:teuthology.orchestra.run.smithi037.stdout:/usr/bin/ceph: stderr
2024-05-09T00:50:54.931+0000 7f581d79b700 1 --2- 172.21.15.37:0/4231151159 >> [v2:172.21.15.37:3300/0,v1:172.21.15.37:6789/0] conn(0x7f581810a6f0 0x7f5818109e70 secure :-1 s=READY pgs=40 cs=0 l=1 rev1=1 crypto rx=0x7f580800b7b0 tx=0x7f580800bd50 comp rx=0 tx=0).stop
2024-05-09T00:50:55.495 INFO:teuthology.orchestra.run.smithi037.stdout:/usr/bin/ceph: stderr
2024-05-09T00:50:54.931+0000 7f581d79b700 1 -- 172.21.15.37:0/4231151159 shutdown_connections
2024-05-09T00:50:55.495 INFO:teuthology.orchestra.run.smithi037.stdout:/usr/bin/ceph: stderr
2024-05-09T00:50:54.931+0000 7f581d79b700 1 --2- 172.21.15.37:0/4231151159 >> [v2:172.21.15.37:6800/1512065281,v1:172.21.15.37:6801/1512065281] conn(0x7f580003e470 0x7f5800040980 unknown :-1 s=CLOSED pgs=8 cs=0 l=1 rev1=1 crypto rx=0 tx=0 comp rx=0 tx=0).stop
2024-05-09T00:50:55.495 INFO:teuthology.orchestra.run.smithi037.stdout:/usr/bin/ceph: stderr
2024-05-09T00:50:54.931+0000 7f581d79b700 1 --2- 172.21.15.37:0/4231151159 >> [v2:172.21.15.37:3300/0,v1:172.21.15.37:6789/0] conn(0x7f581810a6f0 0x7f5818109e70 unknown :-1 s=CLOSED pgs=40 cs=0 l=1 rev1=1 crypto rx=0 tx=0 comp rx=0 tx=0).stop
2024-05-09T00:50:55.495 INFO:teuthology.orchestra.run.smithi037.stdout:/usr/bin/ceph: stderr
2024-05-09T00:50:54.931+0000 7f581d79b700 1 -- 172.21.15.37:0/4231151159 >> 172.21.15.37:0/4231151159 conn(0x7f58181041d0 msgr2=0x7f5818105b20 unknown :-1 s=STATE_NONE l=0).mark_down
2024-05-09T00:50:55.495 INFO:teuthology.orchestra.run.smithi037.stdout:/usr/bin/ceph: stderr
2024-05-09T00:50:54.931+0000 7f581d79b700 1 -- 172.21.15.37:0/4231151159 shutdown_connections
2024-05-09T00:50:55.495 INFO:teuthology.orchestra.run.smithi037.stdout:/usr/bin/ceph: stderr
2024-05-09T00:50:54.931+0000 7f581d79b700 1 -- 172.21.15.37:0/4231151159 wait complete.
2024-05-09T00:50:55.495 INFO:teuthology.orchestra.run.smithi037.stdout:Generating ssh key...
2024-05-09T00:50:56.724 INFO:journalctl@ceph.mgr.x.smithi037.stdout:May 09 00:50:56 smithi037 ceph-ec4482a6-0d9d-11ef-bc97-c7b262605968-mgr-x[30352]: Generating public/private rsa key pair.
2024-05-09T00:50:56.724 INFO:journalctl@ceph.mgr.x.smithi037.stdout:May 09 00:50:56 smithi037 ceph-ec4482a6-0d9d-11ef-bc97-c7b262605968-mgr-x[30352]: Your identification has been saved in /tmp/tmpkyxxd2po/key.
2024-05-09T00:50:56.724 INFO:journalctl@ceph.mgr.x.smithi037.stdout:May 09 00:50:56 smithi037 ceph-ec4482a6-0d9d-11ef-bc97-c7b262605968-mgr-x[30352]: Your public key has been saved in /tmp/tmpkyxxd2po/key.pub.
2024-05-09T00:50:56.724 INFO:journalctl@ceph.mgr.x.smithi037.stdout:May 09 00:50:56 smithi037 ceph-ec4482a6-0d9d-11ef-bc97-c7b262605968-mgr-x[30352]: The key fingerprint is:
2024-05-09T00:50:56.724 INFO:journalctl@ceph.mgr.x.smithi037.stdout:May 09 00:50:56 smithi037 ceph-ec4482a6-0d9d-11ef-bc97-c7b262605968-mgr-x[30352]: SHA256:lXAmtHh2yCGXxRJkHA1k0UN6AVyjosMVOm8xusm6E3E ceph-ec4482a6-0d9d-11ef-bc97-c7b262605968
2024-05-09T00:50:56.724 INFO:journalctl@ceph.mgr.x.smithi037.stdout:May 09 00:50:56 smithi037 ceph-ec4482a6-0d9d-11ef-bc97-c7b262605968-mgr-x[30352]: The key's randomart image is:
2024-05-09T00:50:56.724 INFO:journalctl@ceph.mgr.x.smithi037.stdout:May 09 00:50:56 smithi037 ceph-ec4482a6-0d9d-11ef-bc97-c7b262605968-mgr-x[30352]: +---[RSA 3072]----+
2024-05-09T00:50:56.725 INFO:journalctl@ceph.mgr.x.smithi037.stdout:May 09 00:50:56 smithi037 ceph-ec4482a6-0d9d-11ef-bc97-c7b262605968-mgr-x[30352]: | o*^#O |
2024-05-09T00:50:56.725 INFO:journalctl@ceph.mgr.x.smithi037.stdout:May 09 00:50:56 smithi037 ceph-ec4482a6-0d9d-11ef-bc97-c7b262605968-mgr-x[30352]: | . O=@=+ |
2024-05-09T00:50:56.725 INFO:journalctl@ceph.mgr.x.smithi037.stdout:May 09 00:50:56 smithi037 ceph-ec4482a6-0d9d-11ef-bc97-c7b262605968-mgr-x[30352]: | o * O.=. |
2024-05-09T00:50:56.725 INFO:journalctl@ceph.mgr.x.smithi037.stdout:May 09 00:50:56 smithi037 ceph-ec4482a6-0d9d-11ef-bc97-c7b262605968-mgr-x[30352]: | ..E* * + |
2024-05-09T00:50:56.725 INFO:journalctl@ceph.mgr.x.smithi037.stdout:May 09 00:50:56 smithi037 ceph-ec4482a6-0d9d-11ef-bc97-c7b262605968-mgr-x[30352]: | o= o S |
2024-05-09T00:50:56.725 INFO:journalctl@ceph.mgr.x.smithi037.stdout:May 09 00:50:56 smithi037 ceph-ec4482a6-0d9d-11ef-bc97-c7b262605968-mgr-x[30352]: | .. = |
2024-05-09T00:50:56.725 INFO:journalctl@ceph.mgr.x.smithi037.stdout:May 09 00:50:56 smithi037 ceph-ec4482a6-0d9d-11ef-bc97-c7b262605968-mgr-x[30352]: | .+ |
2024-05-09T00:50:56.725 INFO:journalctl@ceph.mgr.x.smithi037.stdout:May 09 00:50:56 smithi037 ceph-ec4482a6-0d9d-11ef-bc97-c7b262605968-mgr-x[30352]: | .. |
2024-05-09T00:50:56.725 INFO:journalctl@ceph.mgr.x.smithi037.stdout:May 09 00:50:56 smithi037 ceph-ec4482a6-0d9d-11ef-bc97-c7b262605968-mgr-x[30352]: | oo |
2024-05-09T00:50:56.725 INFO:journalctl@ceph.mgr.x.smithi037.stdout:May 09 00:50:56 smithi037 ceph-ec4482a6-0d9d-11ef-bc97-c7b262605968-mgr-x[30352]: +----[SHA256]-----+
2024-05-09T00:50:56.921 INFO:teuthology.orchestra.run.smithi037.stdout:/usr/bin/ceph: stderr
2024-05-09T00:50:55.985+0000 7fbf5825d700 1 Processor -- start
2024-05-09T00:50:56.921 INFO:teuthology.orchestra.run.smithi037.stdout:/usr/bin/ceph: stderr
2024-05-09T00:50:55.985+0000 7fbf5825d700 1 -- start start
2024-05-09T00:50:56.921 INFO:teuthology.orchestra.run.smithi037.stdout:/usr/bin/ceph: stderr
2024-05-09T00:50:55.985+0000 7fbf5825d700 1 --2- >> [v2:172.21.15.37:3300/0,v1:172.21.15.37:6789/0] conn(0x7fbf5007f6d0 0x7fbf5007db00 unknown :-1 s=NONE pgs=0 cs=0 l=0 rev1=0 crypto rx=0 tx=0 comp rx=0 tx=0).connect
2024-05-09T00:50:56.921 INFO:teuthology.orchestra.run.smithi037.stdout:/usr/bin/ceph: stderr
2024-05-09T00:50:55.985+0000 7fbf5825d700 1 -- --> [v2:172.21.15.37:3300/0,v1:172.21.15.37:6789/0] -- mon_getmap magic: 0 -- 0x7fbf5007e0d0 con 0x7fbf5007f6d0
2024-05-09T00:50:56.921 INFO:teuthology.orchestra.run.smithi037.stdout:/usr/bin/ceph: stderr
2024-05-09T00:50:55.985+0000 7fbf55ff9700 1 --2- >> [v2:172.21.15.37:3300/0,v1:172.21.15.37:6789/0] conn(0x7fbf5007f6d0 0x7fbf5007db00 unknown :-1 s=BANNER_CONNECTING pgs=0 cs=0 l=0 rev1=0 crypto rx=0 tx=0 comp rx=0 tx=0)._handle_peer_banner_payload supported=3 required=0
2024-05-09T00:50:56.921 INFO:teuthology.orchestra.run.smithi037.stdout:/usr/bin/ceph: stderr
2024-05-09T00:50:55.985+0000 7fbf55ff9700 1 --2- >> [v2:172.21.15.37:3300/0,v1:172.21.15.37:6789/0] conn(0x7fbf5007f6d0 0x7fbf5007db00 unknown :-1 s=HELLO_CONNECTING pgs=0 cs=0 l=0 rev1=1 crypto rx=0 tx=0 comp rx=0 tx=0).handle_hello peer v2:172.21.15.37:3300/0 says I am v2:172.21.15.37:46888/0 (socket says 172.21.15.37:46888)
2024-05-09T00:50:56.921 INFO:teuthology.orchestra.run.smithi037.stdout:/usr/bin/ceph: stderr
2024-05-09T00:50:55.985+0000 7fbf55ff9700 1 -- 172.21.15.37:0/1161706669 learned_addr learned my addr 172.21.15.37:0/1161706669 (peer_addr_for_me v2:172.21.15.37:0/0)
2024-05-09T00:50:56.921 INFO:teuthology.orchestra.run.smithi037.stdout:/usr/bin/ceph: stderr
2024-05-09T00:50:55.986+0000 7fbf55ff9700 1 -- 172.21.15.37:0/1161706669 --> [v2:172.21.15.37:3300/0,v1:172.21.15.37:6789/0] -- mon_subscribe({config=0+,monmap=0+}) -- 0x7fbf5007e250 con 0x7fbf5007f6d0
2024-05-09T00:50:56.921 INFO:teuthology.orchestra.run.smithi037.stdout:/usr/bin/ceph: stderr
2024-05-09T00:50:55.986+0000 7fbf55ff9700 1 --2- 172.21.15.37:0/1161706669 >> [v2:172.21.15.37:3300/0,v1:172.21.15.37:6789/0] conn(0x7fbf5007f6d0 0x7fbf5007db00 secure :-1 s=READY pgs=41 cs=0 l=1 rev1=1 crypto rx=0x7fbf4c0098a0 tx=0x7fbf4c009bb0 comp rx=0 tx=0).ready entity=mon.0 client_cookie=d1a429ad1acafa89 server_cookie=0 in_seq=0 out_seq=0
2024-05-09T00:50:56.921 INFO:teuthology.orchestra.run.smithi037.stdout:/usr/bin/ceph: stderr
2024-05-09T00:50:55.986+0000 7fbf54ff7700 1 -- 172.21.15.37:0/1161706669 <== mon.0 v2:172.21.15.37:3300/0 1 ==== mon_map magic: 0 ==== 205+0+0 (secure 0 0 0) 0x7fbf4c004160 con 0x7fbf5007f6d0
2024-05-09T00:50:56.921 INFO:teuthology.orchestra.run.smithi037.stdout:/usr/bin/ceph: stderr
2024-05-09T00:50:55.986+0000 7fbf54ff7700 1 -- 172.21.15.37:0/1161706669 <== mon.0 v2:172.21.15.37:3300/0 2 ==== config(26 keys) ==== 1070+0+0 (secure 0 0 0) 0x7fbf4c004300 con 0x7fbf5007f6d0
2024-05-09T00:50:56.922 INFO:teuthology.orchestra.run.smithi037.stdout:/usr/bin/ceph: stderr
2024-05-09T00:50:55.986+0000 7fbf54ff7700 1 -- 172.21.15.37:0/1161706669 <== mon.0 v2:172.21.15.37:3300/0 3 ==== mon_map magic: 0 ==== 205+0+0 (secure 0 0 0) 0x7fbf4c011af0 con 0x7fbf5007f6d0
2024-05-09T00:50:56.922 INFO:teuthology.orchestra.run.smithi037.stdout:/usr/bin/ceph: stderr
2024-05-09T00:50:55.987+0000 7fbf5825d700 1 -- 172.21.15.37:0/1161706669 >> [v2:172.21.15.37:3300/0,v1:172.21.15.37:6789/0] conn(0x7fbf5007f6d0 msgr2=0x7fbf5007db00 secure :-1 s=STATE_CONNECTION_ESTABLISHED l=1).mark_down
2024-05-09T00:50:56.922 INFO:teuthology.orchestra.run.smithi037.stdout:/usr/bin/ceph: stderr
2024-05-09T00:50:55.987+0000 7fbf5825d700 1 --2- 172.21.15.37:0/1161706669 >> [v2:172.21.15.37:3300/0,v1:172.21.15.37:6789/0] conn(0x7fbf5007f6d0 0x7fbf5007db00 secure :-1 s=READY pgs=41 cs=0 l=1 rev1=1 crypto rx=0x7fbf4c0098a0 tx=0x7fbf4c009bb0 comp rx=0 tx=0).stop
2024-05-09T00:50:56.922 INFO:teuthology.orchestra.run.smithi037.stdout:/usr/bin/ceph: stderr
2024-05-09T00:50:55.987+0000 7fbf5825d700 1 -- 172.21.15.37:0/1161706669 shutdown_connections
2024-05-09T00:50:56.922 INFO:teuthology.orchestra.run.smithi037.stdout:/usr/bin/ceph: stderr
2024-05-09T00:50:55.987+0000 7fbf5825d700 1 --2- 172.21.15.37:0/1161706669 >> [v2:172.21.15.37:3300/0,v1:172.21.15.37:6789/0] conn(0x7fbf5007f6d0 0x7fbf5007db00 unknown :-1 s=CLOSED pgs=41 cs=0 l=1 rev1=1 crypto rx=0 tx=0 comp rx=0 tx=0).stop
2024-05-09T00:50:56.922 INFO:teuthology.orchestra.run.smithi037.stdout:/usr/bin/ceph: stderr
2024-05-09T00:50:55.987+0000 7fbf5825d700 1 -- 172.21.15.37:0/1161706669 >> 172.21.15.37:0/1161706669 conn(0x7fbf50105380 msgr2=0x7fbf501077d0 unknown :-1 s=STATE_NONE l=0).mark_down
2024-05-09T00:50:56.922 INFO:teuthology.orchestra.run.smithi037.stdout:/usr/bin/ceph: stderr
2024-05-09T00:50:55.987+0000 7fbf5825d700 1 -- 172.21.15.37:0/1161706669 shutdown_connections
2024-05-09T00:50:56.922 INFO:teuthology.orchestra.run.smithi037.stdout:/usr/bin/ceph: stderr
2024-05-09T00:50:55.987+0000 7fbf5825d700 1 -- 172.21.15.37:0/1161706669 wait complete.
2024-05-09T00:50:56.922 INFO:teuthology.orchestra.run.smithi037.stdout:/usr/bin/ceph: stderr
2024-05-09T00:50:55.988+0000 7fbf5825d700 1 Processor -- start
2024-05-09T00:50:56.922 INFO:teuthology.orchestra.run.smithi037.stdout:/usr/bin/ceph: stderr
2024-05-09T00:50:55.988+0000 7fbf5825d700 1 -- start start
2024-05-09T00:50:56.922 INFO:teuthology.orchestra.run.smithi037.stdout:/usr/bin/ceph: stderr
2024-05-09T00:50:55.988+0000 7fbf5825d700 1 --2- >> [v2:172.21.15.37:3300/0,v1:172.21.15.37:6789/0] conn(0x7fbf5007f6d0 0x7fbf501a0280 unknown :-1 s=NONE pgs=0 cs=0 l=1 rev1=0 crypto rx=0 tx=0 comp rx=0 tx=0).connect
2024-05-09T00:50:56.922 INFO:teuthology.orchestra.run.smithi037.stdout:/usr/bin/ceph: stderr
2024-05-09T00:50:55.988+0000 7fbf5825d700 1 -- --> [v2:172.21.15.37:3300/0,v1:172.21.15.37:6789/0] -- mon_getmap magic: 0 -- 0x7fbf50110200 con 0x7fbf5007f6d0
2024-05-09T00:50:56.922 INFO:teuthology.orchestra.run.smithi037.stdout:/usr/bin/ceph: stderr
2024-05-09T00:50:55.988+0000 7fbf55ff9700 1 --2- >> [v2:172.21.15.37:3300/0,v1:172.21.15.37:6789/0] conn(0x7fbf5007f6d0 0x7fbf501a0280 unknown :-1 s=BANNER_CONNECTING pgs=0 cs=0 l=1 rev1=0 crypto rx=0 tx=0 comp rx=0 tx=0)._handle_peer_banner_payload supported=3 required=0
2024-05-09T00:50:56.923 INFO:teuthology.orchestra.run.smithi037.stdout:/usr/bin/ceph: stderr
2024-05-09T00:50:55.988+0000 7fbf55ff9700 1 --2- >> [v2:172.21.15.37:3300/0,v1:172.21.15.37:6789/0] conn(0x7fbf5007f6d0 0x7fbf501a0280 unknown :-1 s=HELLO_CONNECTING pgs=0 cs=0 l=1 rev1=1 crypto rx=0 tx=0 comp rx=0 tx=0).handle_hello peer v2:172.21.15.37:3300/0 says I am v2:172.21.15.37:46894/0 (socket says 172.21.15.37:46894)
2024-05-09T00:50:56.923 INFO:teuthology.orchestra.run.smithi037.stdout:/usr/bin/ceph: stderr
2024-05-09T00:50:55.988+0000 7fbf55ff9700 1 -- 172.21.15.37:0/1718951572 learned_addr learned my addr 172.21.15.37:0/1718951572 (peer_addr_for_me v2:172.21.15.37:0/0)
2024-05-09T00:50:56.923 INFO:teuthology.orchestra.run.smithi037.stdout:/usr/bin/ceph: stderr
2024-05-09T00:50:55.989+0000 7fbf55ff9700 1 -- 172.21.15.37:0/1718951572 --> [v2:172.21.15.37:3300/0,v1:172.21.15.37:6789/0] -- mon_subscribe({config=0+,monmap=0+}) -- 0x7fbf501a07c0 con 0x7fbf5007f6d0
2024-05-09T00:50:56.923 INFO:teuthology.orchestra.run.smithi037.stdout:/usr/bin/ceph: stderr
2024-05-09T00:50:55.989+0000 7fbf55ff9700 1 --2- 172.21.15.37:0/1718951572 >> [v2:172.21.15.37:3300/0,v1:172.21.15.37:6789/0] conn(0x7fbf5007f6d0 0x7fbf501a0280 secure :-1 s=READY pgs=42 cs=0 l=1 rev1=1 crypto rx=0x7fbf4c0117b0 tx=0x7fbf4c011b70 comp rx=0 tx=0).ready entity=mon.0 client_cookie=0 server_cookie=0 in_seq=0 out_seq=0
2024-05-09T00:50:56.923 INFO:teuthology.orchestra.run.smithi037.stdout:/usr/bin/ceph: stderr
2024-05-09T00:50:55.989+0000 7fbf46ffd700 1 -- 172.21.15.37:0/1718951572 <== mon.0 v2:172.21.15.37:3300/0 1 ==== mon_map magic: 0 ==== 205+0+0 (secure 0 0 0) 0x7fbf4c0039c0 con 0x7fbf5007f6d0
2024-05-09T00:50:56.923 INFO:teuthology.orchestra.run.smithi037.stdout:/usr/bin/ceph: stderr
2024-05-09T00:50:55.989+0000 7fbf46ffd700 1 -- 172.21.15.37:0/1718951572 <== mon.0 v2:172.21.15.37:3300/0 2 ==== config(26 keys) ==== 1070+0+0 (secure 0 0 0) 0x7fbf4c003b60 con 0x7fbf5007f6d0
2024-05-09T00:50:56.923 INFO:teuthology.orchestra.run.smithi037.stdout:/usr/bin/ceph: stderr
2024-05-09T00:50:55.989+0000 7fbf46ffd700 1 -- 172.21.15.37:0/1718951572 <== mon.0 v2:172.21.15.37:3300/0 3 ==== mon_map magic: 0 ==== 205+0+0 (secure 0 0 0) 0x7fbf4c0196a0 con 0x7fbf5007f6d0
2024-05-09T00:50:56.923 INFO:teuthology.orchestra.run.smithi037.stdout:/usr/bin/ceph: stderr
2024-05-09T00:50:55.989+0000 7fbf5825d700 1 -- 172.21.15.37:0/1718951572 --> [v2:172.21.15.37:3300/0,v1:172.21.15.37:6789/0] -- mon_subscribe({mgrmap=0+}) -- 0x7fbf501a0a50 con 0x7fbf5007f6d0
2024-05-09T00:50:56.923 INFO:teuthology.orchestra.run.smithi037.stdout:/usr/bin/ceph: stderr
2024-05-09T00:50:55.989+0000 7fbf5825d700 1 -- 172.21.15.37:0/1718951572 --> [v2:172.21.15.37:3300/0,v1:172.21.15.37:6789/0] -- mon_subscribe({osdmap=0}) -- 0x7fbf501a3660 con 0x7fbf5007f6d0
2024-05-09T00:50:56.923 INFO:teuthology.orchestra.run.smithi037.stdout:/usr/bin/ceph: stderr
2024-05-09T00:50:55.990+0000 7fbf5825d700 1 -- 172.21.15.37:0/1718951572 --> [v2:172.21.15.37:3300/0,v1:172.21.15.37:6789/0] -- mon_command({"prefix": "get_command_descriptions"} v 0) -- 0x7fbf50064e20 con 0x7fbf5007f6d0
2024-05-09T00:50:56.923 INFO:teuthology.orchestra.run.smithi037.stdout:/usr/bin/ceph: stderr
2024-05-09T00:50:55.990+0000 7fbf46ffd700 1 -- 172.21.15.37:0/1718951572 <== mon.0 v2:172.21.15.37:3300/0 4 ==== mgrmap(e 8) ==== 50222+0+0 (secure 0 0 0) 0x7fbf4c019910 con 0x7fbf5007f6d0
2024-05-09T00:50:56.923 INFO:teuthology.orchestra.run.smithi037.stdout:/usr/bin/ceph: stderr
2024-05-09T00:50:55.990+0000 7fbf46ffd700 1 --2- 172.21.15.37:0/1718951572 >> [v2:172.21.15.37:6800/1512065281,v1:172.21.15.37:6801/1512065281] conn(0x7fbf3c03e4c0 0x7fbf3c0409d0 unknown :-1 s=NONE pgs=0 cs=0 l=1 rev1=0 crypto rx=0 tx=0 comp rx=0 tx=0).connect
2024-05-09T00:50:56.923 INFO:teuthology.orchestra.run.smithi037.stdout:/usr/bin/ceph: stderr
2024-05-09T00:50:55.990+0000 7fbf46ffd700 1 -- 172.21.15.37:0/1718951572 <== mon.0 v2:172.21.15.37:3300/0 5 ==== osd_map(2..2 src has 1..2) ==== 940+0+0 (secure 0 0 0) 0x7fbf4c053b70 con 0x7fbf5007f6d0
2024-05-09T00:50:56.924 INFO:teuthology.orchestra.run.smithi037.stdout:/usr/bin/ceph: stderr
2024-05-09T00:50:55.991+0000 7fbf557f8700 1 --2- 172.21.15.37:0/1718951572 >> [v2:172.21.15.37:6800/1512065281,v1:172.21.15.37:6801/1512065281] conn(0x7fbf3c03e4c0 0x7fbf3c0409d0 unknown :-1 s=BANNER_CONNECTING pgs=0 cs=0 l=1 rev1=0 crypto rx=0 tx=0 comp rx=0 tx=0)._handle_peer_banner_payload supported=3 required=0
2024-05-09T00:50:56.924 INFO:teuthology.orchestra.run.smithi037.stdout:/usr/bin/ceph: stderr
2024-05-09T00:50:55.991+0000 7fbf557f8700 1 --2- 172.21.15.37:0/1718951572 >> [v2:172.21.15.37:6800/1512065281,v1:172.21.15.37:6801/1512065281] conn(0x7fbf3c03e4c0 0x7fbf3c0409d0 secure :-1 s=READY pgs=9 cs=0 l=1 rev1=1 crypto rx=0x7fbf40006fd0 tx=0x7fbf40006e40 comp rx=0 tx=0).ready entity=mgr.14120 client_cookie=0 server_cookie=0 in_seq=0 out_seq=0
2024-05-09T00:50:56.924 INFO:teuthology.orchestra.run.smithi037.stdout:/usr/bin/ceph: stderr
2024-05-09T00:50:55.996+0000 7fbf46ffd700 1 -- 172.21.15.37:0/1718951572 <== mon.0 v2:172.21.15.37:3300/0 6 ==== mon_command_ack([{"prefix": "get_command_descriptions"}]=0 v0) ==== 72+0+191963 (secure 0 0 0) 0x7fbf4c017e90 con 0x7fbf5007f6d0
2024-05-09T00:50:56.924 INFO:teuthology.orchestra.run.smithi037.stdout:/usr/bin/ceph: stderr
2024-05-09T00:50:56.210+0000 7fbf5825d700 1 -- 172.21.15.37:0/1718951572 --> [v2:172.21.15.37:6800/1512065281,v1:172.21.15.37:6801/1512065281] -- mgr_command(tid 0: {"prefix": "cephadm generate-key", "target": ["mon-mgr", ""]}) -- 0x7fbf50107510 con 0x7fbf3c03e4c0
2024-05-09T00:50:56.924 INFO:teuthology.orchestra.run.smithi037.stdout:/usr/bin/ceph: stderr
2024-05-09T00:50:56.419+0000 7fbf46ffd700 1 -- 172.21.15.37:0/1718951572 <== mgr.14120 v2:172.21.15.37:6800/1512065281 1 ==== mgr_command_reply(tid 0: 0 ) ==== 8+0+0 (secure 0 0 0) 0x7fbf50107510 con 0x7fbf3c03e4c0
2024-05-09T00:50:56.924 INFO:teuthology.orchestra.run.smithi037.stdout:/usr/bin/ceph: stderr
2024-05-09T00:50:56.421+0000 7fbf5825d700 1 -- 172.21.15.37:0/1718951572 >> [v2:172.21.15.37:6800/1512065281,v1:172.21.15.37:6801/1512065281] conn(0x7fbf3c03e4c0 msgr2=0x7fbf3c0409d0 secure :-1 s=STATE_CONNECTION_ESTABLISHED l=1).mark_down
2024-05-09T00:50:56.924 INFO:teuthology.orchestra.run.smithi037.stdout:/usr/bin/ceph: stderr
2024-05-09T00:50:56.421+0000 7fbf5825d700 1 --2- 172.21.15.37:0/1718951572 >> [v2:172.21.15.37:6800/1512065281,v1:172.21.15.37:6801/1512065281] conn(0x7fbf3c03e4c0 0x7fbf3c0409d0 secure :-1 s=READY pgs=9 cs=0 l=1 rev1=1 crypto rx=0x7fbf40006fd0 tx=0x7fbf40006e40 comp rx=0 tx=0).stop
2024-05-09T00:50:56.924 INFO:teuthology.orchestra.run.smithi037.stdout:/usr/bin/ceph: stderr
2024-05-09T00:50:56.421+0000 7fbf5825d700 1 -- 172.21.15.37:0/1718951572 >> [v2:172.21.15.37:3300/0,v1:172.21.15.37:6789/0] conn(0x7fbf5007f6d0 msgr2=0x7fbf501a0280 secure :-1 s=STATE_CONNECTION_ESTABLISHED l=1).mark_down
2024-05-09T00:50:56.924 INFO:teuthology.orchestra.run.smithi037.stdout:/usr/bin/ceph: stderr
2024-05-09T00:50:56.421+0000 7fbf5825d700 1 --2- 172.21.15.37:0/1718951572 >> [v2:172.21.15.37:3300/0,v1:172.21.15.37:6789/0] conn(0x7fbf5007f6d0 0x7fbf501a0280 secure :-1 s=READY pgs=42 cs=0 l=1 rev1=1 crypto rx=0x7fbf4c0117b0 tx=0x7fbf4c011b70 comp rx=0 tx=0).stop
2024-05-09T00:50:56.924 INFO:teuthology.orchestra.run.smithi037.stdout:/usr/bin/ceph: stderr
2024-05-09T00:50:56.421+0000 7fbf5825d700 1 -- 172.21.15.37:0/1718951572 shutdown_connections
2024-05-09T00:50:56.924 INFO:teuthology.orchestra.run.smithi037.stdout:/usr/bin/ceph: stderr
2024-05-09T00:50:56.421+0000 7fbf5825d700 1 --2- 172.21.15.37:0/1718951572 >> [v2:172.21.15.37:6800/1512065281,v1:172.21.15.37:6801/1512065281] conn(0x7fbf3c03e4c0 0x7fbf3c0409d0 unknown :-1 s=CLOSED pgs=9 cs=0 l=1 rev1=1 crypto rx=0 tx=0 comp rx=0 tx=0).stop
2024-05-09T00:50:56.924 INFO:teuthology.orchestra.run.smithi037.stdout:/usr/bin/ceph: stderr
2024-05-09T00:50:56.421+0000 7fbf5825d700 1 --2- 172.21.15.37:0/1718951572 >> [v2:172.21.15.37:3300/0,v1:172.21.15.37:6789/0] conn(0x7fbf5007f6d0 0x7fbf501a0280 unknown :-1 s=CLOSED pgs=42 cs=0 l=1 rev1=1 crypto rx=0 tx=0 comp rx=0 tx=0).stop
2024-05-09T00:50:56.924 INFO:teuthology.orchestra.run.smithi037.stdout:/usr/bin/ceph: stderr
2024-05-09T00:50:56.421+0000 7fbf5825d700 1 -- 172.21.15.37:0/1718951572 >> 172.21.15.37:0/1718951572 conn(0x7fbf50105380 msgr2=0x7fbf50106d80 unknown :-1 s=STATE_NONE l=0).mark_down
2024-05-09T00:50:56.924 INFO:teuthology.orchestra.run.smithi037.stdout:/usr/bin/ceph: stderr
2024-05-09T00:50:56.421+0000 7fbf5825d700 1 -- 172.21.15.37:0/1718951572 shutdown_connections
2024-05-09T00:50:56.925 INFO:teuthology.orchestra.run.smithi037.stdout:/usr/bin/ceph: stderr
2024-05-09T00:50:56.421+0000 7fbf5825d700 1 -- 172.21.15.37:0/1718951572 wait complete.
2024-05-09T00:50:57.527 INFO:journalctl@ceph.mon.a.smithi037.stdout:May 09 00:50:57 smithi037 ceph-mon[30122]: from='client.14136 -' entity='client.admin' cmd=[{"prefix": "cephadm generate-key", "target": ["mon-mgr", ""]}]: dispatch
2024-05-09T00:50:57.528 INFO:journalctl@ceph.mon.a.smithi037.stdout:May 09 00:50:57 smithi037 ceph-mon[30122]: Generating ssh key...
2024-05-09T00:50:57.528 INFO:journalctl@ceph.mon.a.smithi037.stdout:May 09 00:50:57 smithi037 ceph-mon[30122]: from='mgr.14120 172.21.15.37:0/4237911941' entity='mgr.x'
2024-05-09T00:50:57.528 INFO:journalctl@ceph.mon.a.smithi037.stdout:May 09 00:50:57 smithi037 ceph-mon[30122]: from='mgr.14120 172.21.15.37:0/4237911941' entity='mgr.x'
2024-05-09T00:50:58.144 INFO:teuthology.orchestra.run.smithi037.stdout:/usr/bin/ceph: stdout ssh-rsa AAAAB3NzaC1yc2EAAAADAQABAAABgQDFoljjP9ap8IQ3zIdf1XcYfGD9kak+/e1fMvNOoKH+iOznJEqTywp/JYjJQ90tGyONpzVGc0/C4lKkpjJEdvzGC1htS9ALMLvc0telZhbUm+hJxDhlFJqnGePIzTGApRNKiyQOYfwxKsIt2PWTOna9oaBF7f1Cy3CIAS3tkMcsXhnbp2jFEEgqpFMpgQXHTX2WUXRz8WBVxaEt/atMA4cO/vq5/ZY9QjK8e9Nuvruzfz1TNgnxACUJFYa1jPykT2zNQkOODvmsjb92Ol8nWbxRYFaBKj/K6UOFmhT/bKqolicObPJ/B03zVqrgDU4efT3z0nmlkEdnAZ7rEJffmMSFmvkyB6dxjyTapUvIEOjpHGgKBUN7EnqEvkF72qHvgjG6zdaZUswHBJK3eU99ipc/8aabBlV8iKdVyPL192FP4C/xreu0i08Q3CMPiOGTz/syhskjMW2xtisjM9w6zhlVKZsS6gcnsQsjhpHEASfU7SptmpGmIj/nzk0EGyOtHGU= ceph-ec4482a6-0d9d-11ef-bc97-c7b262605968
2024-05-09T00:50:58.144 INFO:teuthology.orchestra.run.smithi037.stdout:/usr/bin/ceph: stderr
2024-05-09T00:50:57.299+0000 7f2e0701d700 1 Processor -- start
2024-05-09T00:50:58.144 INFO:teuthology.orchestra.run.smithi037.stdout:/usr/bin/ceph: stderr
2024-05-09T00:50:57.299+0000 7f2e0701d700 1 -- start start
2024-05-09T00:50:58.144 INFO:teuthology.orchestra.run.smithi037.stdout:/usr/bin/ceph: stderr
2024-05-09T00:50:57.299+0000 7f2e0701d700 1 --2- >> [v2:172.21.15.37:3300/0,v1:172.21.15.37:6789/0] conn(0x7f2e0010a730 0x7f2e0010cb50 unknown :-1 s=NONE pgs=0 cs=0 l=0 rev1=0 crypto rx=0 tx=0 comp rx=0 tx=0).connect
2024-05-09T00:50:58.144 INFO:teuthology.orchestra.run.smithi037.stdout:/usr/bin/ceph: stderr
2024-05-09T00:50:57.299+0000 7f2e0701d700 1 -- --> [v2:172.21.15.37:3300/0,v1:172.21.15.37:6789/0] -- mon_getmap magic: 0 -- 0x7f2e0007ce30 con 0x7f2e0010a730
2024-05-09T00:50:58.144 INFO:teuthology.orchestra.run.smithi037.stdout:/usr/bin/ceph: stderr
2024-05-09T00:50:57.300+0000 7f2e04db9700 1 --2- >> [v2:172.21.15.37:3300/0,v1:172.21.15.37:6789/0] conn(0x7f2e0010a730 0x7f2e0010cb50 unknown :-1 s=BANNER_CONNECTING pgs=0 cs=0 l=0 rev1=0 crypto rx=0 tx=0 comp rx=0 tx=0)._handle_peer_banner_payload supported=3 required=0
2024-05-09T00:50:58.144 INFO:teuthology.orchestra.run.smithi037.stdout:/usr/bin/ceph: stderr
2024-05-09T00:50:57.300+0000 7f2e04db9700 1 --2- >> [v2:172.21.15.37:3300/0,v1:172.21.15.37:6789/0] conn(0x7f2e0010a730 0x7f2e0010cb50 unknown :-1 s=HELLO_CONNECTING pgs=0 cs=0 l=0 rev1=1 crypto rx=0 tx=0 comp rx=0 tx=0).handle_hello peer v2:172.21.15.37:3300/0 says I am v2:172.21.15.37:46902/0 (socket says 172.21.15.37:46902)
2024-05-09T00:50:58.145 INFO:teuthology.orchestra.run.smithi037.stdout:/usr/bin/ceph: stderr
2024-05-09T00:50:57.300+0000 7f2e04db9700 1 -- 172.21.15.37:0/4101195768 learned_addr learned my addr 172.21.15.37:0/4101195768 (peer_addr_for_me v2:172.21.15.37:0/0)
2024-05-09T00:50:58.145 INFO:teuthology.orchestra.run.smithi037.stdout:/usr/bin/ceph: stderr
2024-05-09T00:50:57.300+0000 7f2e04db9700 1 -- 172.21.15.37:0/4101195768 --> [v2:172.21.15.37:3300/0,v1:172.21.15.37:6789/0] -- mon_subscribe({config=0+,monmap=0+}) -- 0x7f2e0010d090 con 0x7f2e0010a730
2024-05-09T00:50:58.145 INFO:teuthology.orchestra.run.smithi037.stdout:/usr/bin/ceph: stderr
2024-05-09T00:50:57.300+0000 7f2e04db9700 1 --2- 172.21.15.37:0/4101195768 >> [v2:172.21.15.37:3300/0,v1:172.21.15.37:6789/0] conn(0x7f2e0010a730 0x7f2e0010cb50 secure :-1 s=READY pgs=43 cs=0 l=1 rev1=1 crypto rx=0x7f2dfc0098a0 tx=0x7f2dfc009bb0 comp rx=0 tx=0).ready entity=mon.0 client_cookie=23903657937f2392 server_cookie=0 in_seq=0 out_seq=0
2024-05-09T00:50:58.145 INFO:teuthology.orchestra.run.smithi037.stdout:/usr/bin/ceph: stderr
2024-05-09T00:50:57.300+0000 7f2df77fe700 1 -- 172.21.15.37:0/4101195768 <== mon.0 v2:172.21.15.37:3300/0 1 ==== mon_map magic: 0 ==== 205+0+0 (secure 0 0 0) 0x7f2dfc004160 con 0x7f2e0010a730
2024-05-09T00:50:58.145 INFO:teuthology.orchestra.run.smithi037.stdout:/usr/bin/ceph: stderr
2024-05-09T00:50:57.300+0000 7f2df77fe700 1 -- 172.21.15.37:0/4101195768 <== mon.0 v2:172.21.15.37:3300/0 2 ==== config(26 keys) ==== 1070+0+0 (secure 0 0 0) 0x7f2dfc004300 con 0x7f2e0010a730
2024-05-09T00:50:58.145 INFO:teuthology.orchestra.run.smithi037.stdout:/usr/bin/ceph: stderr
2024-05-09T00:50:57.300+0000 7f2df77fe700 1 -- 172.21.15.37:0/4101195768 <== mon.0 v2:172.21.15.37:3300/0 3 ==== mon_map magic: 0 ==== 205+0+0 (secure 0 0 0) 0x7f2dfc011af0 con 0x7f2e0010a730
2024-05-09T00:50:58.145 INFO:teuthology.orchestra.run.smithi037.stdout:/usr/bin/ceph: stderr
2024-05-09T00:50:57.301+0000 7f2e0701d700 1 -- 172.21.15.37:0/4101195768 >> [v2:172.21.15.37:3300/0,v1:172.21.15.37:6789/0] conn(0x7f2e0010a730 msgr2=0x7f2e0010cb50 secure :-1 s=STATE_CONNECTION_ESTABLISHED l=1).mark_down
2024-05-09T00:50:58.145 INFO:teuthology.orchestra.run.smithi037.stdout:/usr/bin/ceph: stderr
2024-05-09T00:50:57.301+0000 7f2e0701d700 1 --2- 172.21.15.37:0/4101195768 >> [v2:172.21.15.37:3300/0,v1:172.21.15.37:6789/0] conn(0x7f2e0010a730 0x7f2e0010cb50 secure :-1 s=READY pgs=43 cs=0 l=1 rev1=1 crypto rx=0x7f2dfc0098a0 tx=0x7f2dfc009bb0 comp rx=0 tx=0).stop
2024-05-09T00:50:58.145 INFO:teuthology.orchestra.run.smithi037.stdout:/usr/bin/ceph: stderr
2024-05-09T00:50:57.301+0000 7f2e0701d700 1 -- 172.21.15.37:0/4101195768 shutdown_connections
2024-05-09T00:50:58.145 INFO:teuthology.orchestra.run.smithi037.stdout:/usr/bin/ceph: stderr
2024-05-09T00:50:57.301+0000 7f2e0701d700 1 --2- 172.21.15.37:0/4101195768 >> [v2:172.21.15.37:3300/0,v1:172.21.15.37:6789/0] conn(0x7f2e0010a730 0x7f2e0010cb50 unknown :-1 s=CLOSED pgs=43 cs=0 l=1 rev1=1 crypto rx=0 tx=0 comp rx=0 tx=0).stop
2024-05-09T00:50:58.145 INFO:teuthology.orchestra.run.smithi037.stdout:/usr/bin/ceph: stderr
2024-05-09T00:50:57.301+0000 7f2e0701d700 1 -- 172.21.15.37:0/4101195768 >> 172.21.15.37:0/4101195768 conn(0x7f2e001041d0 msgr2=0x7f2e00106620 unknown :-1 s=STATE_NONE l=0).mark_down
2024-05-09T00:50:58.145 INFO:teuthology.orchestra.run.smithi037.stdout:/usr/bin/ceph: stderr
2024-05-09T00:50:57.301+0000 7f2e0701d700 1 -- 172.21.15.37:0/4101195768 shutdown_connections
2024-05-09T00:50:58.145 INFO:teuthology.orchestra.run.smithi037.stdout:/usr/bin/ceph: stderr
2024-05-09T00:50:57.301+0000 7f2e0701d700 1 -- 172.21.15.37:0/4101195768 wait complete.
2024-05-09T00:50:58.146 INFO:teuthology.orchestra.run.smithi037.stdout:/usr/bin/ceph: stderr
2024-05-09T00:50:57.302+0000 7f2e0701d700 1 Processor -- start
2024-05-09T00:50:58.146 INFO:teuthology.orchestra.run.smithi037.stdout:/usr/bin/ceph: stderr
2024-05-09T00:50:57.302+0000 7f2e0701d700 1 -- start start
2024-05-09T00:50:58.146 INFO:teuthology.orchestra.run.smithi037.stdout:/usr/bin/ceph: stderr
2024-05-09T00:50:57.302+0000 7f2e0701d700 1 --2- >> [v2:172.21.15.37:3300/0,v1:172.21.15.37:6789/0] conn(0x7f2e0010a730 0x7f2e0019e020 unknown :-1 s=NONE pgs=0 cs=0 l=1 rev1=0 crypto rx=0 tx=0 comp rx=0 tx=0).connect
2024-05-09T00:50:58.146 INFO:teuthology.orchestra.run.smithi037.stdout:/usr/bin/ceph: stderr
2024-05-09T00:50:57.302+0000 7f2e0701d700 1 -- --> [v2:172.21.15.37:3300/0,v1:172.21.15.37:6789/0] -- mon_getmap magic: 0 -- 0x7f2e0010df80 con 0x7f2e0010a730
2024-05-09T00:50:58.146 INFO:teuthology.orchestra.run.smithi037.stdout:/usr/bin/ceph: stderr
2024-05-09T00:50:57.302+0000 7f2e04db9700 1 --2- >> [v2:172.21.15.37:3300/0,v1:172.21.15.37:6789/0] conn(0x7f2e0010a730 0x7f2e0019e020 unknown :-1 s=BANNER_CONNECTING pgs=0 cs=0 l=1 rev1=0 crypto rx=0 tx=0 comp rx=0 tx=0)._handle_peer_banner_payload supported=3 required=0
2024-05-09T00:50:58.146 INFO:teuthology.orchestra.run.smithi037.stdout:/usr/bin/ceph: stderr
2024-05-09T00:50:57.302+0000 7f2e04db9700 1 --2- >> [v2:172.21.15.37:3300/0,v1:172.21.15.37:6789/0] conn(0x7f2e0010a730 0x7f2e0019e020 unknown :-1 s=HELLO_CONNECTING pgs=0 cs=0 l=1 rev1=1 crypto rx=0 tx=0 comp rx=0 tx=0).handle_hello peer v2:172.21.15.37:3300/0 says I am v2:172.21.15.37:46914/0 (socket says 172.21.15.37:46914)
2024-05-09T00:50:58.146 INFO:teuthology.orchestra.run.smithi037.stdout:/usr/bin/ceph: stderr
2024-05-09T00:50:57.302+0000 7f2e04db9700 1 -- 172.21.15.37:0/2857155937 learned_addr learned my addr 172.21.15.37:0/2857155937 (peer_addr_for_me v2:172.21.15.37:0/0)
2024-05-09T00:50:58.146 INFO:teuthology.orchestra.run.smithi037.stdout:/usr/bin/ceph: stderr
2024-05-09T00:50:57.302+0000 7f2e04db9700 1 -- 172.21.15.37:0/2857155937 --> [v2:172.21.15.37:3300/0,v1:172.21.15.37:6789/0] -- mon_subscribe({config=0+,monmap=0+}) -- 0x7f2e0019e560 con 0x7f2e0010a730
2024-05-09T00:50:58.146 INFO:teuthology.orchestra.run.smithi037.stdout:/usr/bin/ceph: stderr
2024-05-09T00:50:57.303+0000 7f2e04db9700 1 --2- 172.21.15.37:0/2857155937 >> [v2:172.21.15.37:3300/0,v1:172.21.15.37:6789/0] conn(0x7f2e0010a730 0x7f2e0019e020 secure :-1 s=READY pgs=44 cs=0 l=1 rev1=1 crypto rx=0x7f2dfc009fb0 tx=0x7f2dfc011890 comp rx=0 tx=0).ready entity=mon.0 client_cookie=0 server_cookie=0 in_seq=0 out_seq=0
2024-05-09T00:50:58.146 INFO:teuthology.orchestra.run.smithi037.stdout:/usr/bin/ceph: stderr
2024-05-09T00:50:57.303+0000 7f2df5ffb700 1 -- 172.21.15.37:0/2857155937 <== mon.0 v2:172.21.15.37:3300/0 1 ==== mon_map magic: 0 ==== 205+0+0 (secure 0 0 0) 0x7f2dfc011bc0 con 0x7f2e0010a730
2024-05-09T00:50:58.146 INFO:teuthology.orchestra.run.smithi037.stdout:/usr/bin/ceph: stderr
2024-05-09T00:50:57.303+0000 7f2df5ffb700 1 -- 172.21.15.37:0/2857155937 <== mon.0 v2:172.21.15.37:3300/0 2 ==== config(26 keys) ==== 1070+0+0 (secure 0 0 0) 0x7f2dfc024440 con 0x7f2e0010a730
2024-05-09T00:50:58.146 INFO:teuthology.orchestra.run.smithi037.stdout:/usr/bin/ceph: stderr
2024-05-09T00:50:57.303+0000 7f2df5ffb700 1 -- 172.21.15.37:0/2857155937 <== mon.0 v2:172.21.15.37:3300/0 3 ==== mon_map magic: 0 ==== 205+0+0 (secure 0 0 0) 0x7f2dfc01a5c0 con 0x7f2e0010a730
2024-05-09T00:50:58.146 INFO:teuthology.orchestra.run.smithi037.stdout:/usr/bin/ceph: stderr
2024-05-09T00:50:57.303+0000 7f2e0701d700 1 -- 172.21.15.37:0/2857155937 --> [v2:172.21.15.37:3300/0,v1:172.21.15.37:6789/0] -- mon_subscribe({mgrmap=0+}) -- 0x7f2e0019e7f0 con 0x7f2e0010a730
2024-05-09T00:50:58.146 INFO:teuthology.orchestra.run.smithi037.stdout:/usr/bin/ceph: stderr
2024-05-09T00:50:57.303+0000 7f2e0701d700 1 -- 172.21.15.37:0/2857155937 --> [v2:172.21.15.37:3300/0,v1:172.21.15.37:6789/0] -- mon_subscribe({osdmap=0}) -- 0x7f2e001a1400 con 0x7f2e0010a730
2024-05-09T00:50:58.147 INFO:teuthology.orchestra.run.smithi037.stdout:/usr/bin/ceph: stderr
2024-05-09T00:50:57.304+0000 7f2e0701d700 1 -- 172.21.15.37:0/2857155937 --> [v2:172.21.15.37:3300/0,v1:172.21.15.37:6789/0] -- mon_command({"prefix": "get_command_descriptions"} v 0) -- 0x7f2e00064e20 con 0x7f2e0010a730
2024-05-09T00:50:58.147 INFO:teuthology.orchestra.run.smithi037.stdout:/usr/bin/ceph: stderr
2024-05-09T00:50:57.304+0000 7f2df5ffb700 1 -- 172.21.15.37:0/2857155937 <== mon.0 v2:172.21.15.37:3300/0 4 ==== mgrmap(e 8) ==== 50222+0+0 (secure 0 0 0) 0x7f2dfc0245f0 con 0x7f2e0010a730
2024-05-09T00:50:58.147 INFO:teuthology.orchestra.run.smithi037.stdout:/usr/bin/ceph: stderr
2024-05-09T00:50:57.304+0000 7f2df5ffb700 1 --2- 172.21.15.37:0/2857155937 >> [v2:172.21.15.37:6800/1512065281,v1:172.21.15.37:6801/1512065281] conn(0x7f2de803e470 0x7f2de8040980 unknown :-1 s=NONE pgs=0 cs=0 l=1 rev1=0 crypto rx=0 tx=0 comp rx=0 tx=0).connect
2024-05-09T00:50:58.147 INFO:teuthology.orchestra.run.smithi037.stdout:/usr/bin/ceph: stderr
2024-05-09T00:50:57.304+0000 7f2df5ffb700 1 -- 172.21.15.37:0/2857155937 <== mon.0 v2:172.21.15.37:3300/0 5 ==== osd_map(2..2 src has 1..2) ==== 940+0+0 (secure 0 0 0) 0x7f2dfc0537d0 con 0x7f2e0010a730
2024-05-09T00:50:58.147 INFO:teuthology.orchestra.run.smithi037.stdout:/usr/bin/ceph: stderr
2024-05-09T00:50:57.304+0000 7f2df7fff700 1 --2- 172.21.15.37:0/2857155937 >> [v2:172.21.15.37:6800/1512065281,v1:172.21.15.37:6801/1512065281] conn(0x7f2de803e470 0x7f2de8040980 unknown :-1 s=BANNER_CONNECTING pgs=0 cs=0 l=1 rev1=0 crypto rx=0 tx=0 comp rx=0 tx=0)._handle_peer_banner_payload supported=3 required=0
2024-05-09T00:50:58.147 INFO:teuthology.orchestra.run.smithi037.stdout:/usr/bin/ceph: stderr
2024-05-09T00:50:57.305+0000 7f2df7fff700 1 --2- 172.21.15.37:0/2857155937 >> [v2:172.21.15.37:6800/1512065281,v1:172.21.15.37:6801/1512065281] conn(0x7f2de803e470 0x7f2de8040980 secure :-1 s=READY pgs=10 cs=0 l=1 rev1=1 crypto rx=0x7f2df0006fd0 tx=0x7f2df0006e40 comp rx=0 tx=0).ready entity=mgr.14120 client_cookie=0 server_cookie=0 in_seq=0 out_seq=0
2024-05-09T00:50:58.147 INFO:teuthology.orchestra.run.smithi037.stdout:/usr/bin/ceph: stderr
