2024-05-09T00:51:05.838+0000 7f375edf1700 1 -- 172.21.15.37:0/1480766914 --> [v2:172.21.15.37:6800/1512065281,v1:172.21.15.37:6801/1512065281] -- mgr_command(tid 0: {"prefix": "orch apply", "service_type": "mgr", "unmanaged": true, "target": ["mon-mgr", ""]}) -- 0x7f37581a15d0 con 0x7f374003e4c0
2024-05-09T00:51:07.179 INFO:teuthology.orchestra.run.smithi037.stdout:/usr/bin/ceph: stderr
2024-05-09T00:51:05.843+0000 7f374dffb700 1 -- 172.21.15.37:0/1480766914 <== mgr.14120 v2:172.21.15.37:6800/1512065281 1 ==== mgr_command_reply(tid 0: 0 ) ==== 8+0+24 (secure 0 0 0) 0x7f37581a15d0 con 0x7f374003e4c0
2024-05-09T00:51:07.179 INFO:teuthology.orchestra.run.smithi037.stdout:/usr/bin/ceph: stderr
2024-05-09T00:51:05.846+0000 7f375edf1700 1 -- 172.21.15.37:0/1480766914 >> [v2:172.21.15.37:6800/1512065281,v1:172.21.15.37:6801/1512065281] conn(0x7f374003e4c0 msgr2=0x7f37400409d0 secure :-1 s=STATE_CONNECTION_ESTABLISHED l=1).mark_down
2024-05-09T00:51:07.179 INFO:teuthology.orchestra.run.smithi037.stdout:/usr/bin/ceph: stderr
2024-05-09T00:51:05.846+0000 7f375edf1700 1 --2- 172.21.15.37:0/1480766914 >> [v2:172.21.15.37:6800/1512065281,v1:172.21.15.37:6801/1512065281] conn(0x7f374003e4c0 0x7f37400409d0 secure :-1 s=READY pgs=13 cs=0 l=1 rev1=1 crypto rx=0x7f3754006fd0 tx=0x7f3754006e40 comp rx=0 tx=0).stop
2024-05-09T00:51:07.179 INFO:teuthology.orchestra.run.smithi037.stdout:/usr/bin/ceph: stderr
2024-05-09T00:51:05.846+0000 7f375edf1700 1 -- 172.21.15.37:0/1480766914 >> [v2:172.21.15.37:3300/0,v1:172.21.15.37:6789/0] conn(0x7f375810a730 msgr2=0x7f375819e020 secure :-1 s=STATE_CONNECTION_ESTABLISHED l=1).mark_down
2024-05-09T00:51:07.179 INFO:teuthology.orchestra.run.smithi037.stdout:/usr/bin/ceph: stderr
2024-05-09T00:51:05.846+0000 7f375edf1700 1 --2- 172.21.15.37:0/1480766914 >> [v2:172.21.15.37:3300/0,v1:172.21.15.37:6789/0] conn(0x7f375810a730 0x7f375819e020 secure :-1 s=READY pgs=50 cs=0 l=1 rev1=1 crypto rx=0x7f37480117b0 tx=0x7f3748011b70 comp rx=0 tx=0).stop
2024-05-09T00:51:07.179 INFO:teuthology.orchestra.run.smithi037.stdout:/usr/bin/ceph: stderr
2024-05-09T00:51:05.846+0000 7f375edf1700 1 -- 172.21.15.37:0/1480766914 shutdown_connections
2024-05-09T00:51:07.179 INFO:teuthology.orchestra.run.smithi037.stdout:/usr/bin/ceph: stderr
2024-05-09T00:51:05.846+0000 7f375edf1700 1 --2- 172.21.15.37:0/1480766914 >> [v2:172.21.15.37:6800/1512065281,v1:172.21.15.37:6801/1512065281] conn(0x7f374003e4c0 0x7f37400409d0 unknown :-1 s=CLOSED pgs=13 cs=0 l=1 rev1=1 crypto rx=0 tx=0 comp rx=0 tx=0).stop
2024-05-09T00:51:07.179 INFO:teuthology.orchestra.run.smithi037.stdout:/usr/bin/ceph: stderr
2024-05-09T00:51:05.846+0000 7f375edf1700 1 --2- 172.21.15.37:0/1480766914 >> [v2:172.21.15.37:3300/0,v1:172.21.15.37:6789/0] conn(0x7f375810a730 0x7f375819e020 unknown :-1 s=CLOSED pgs=50 cs=0 l=1 rev1=1 crypto rx=0 tx=0 comp rx=0 tx=0).stop
2024-05-09T00:51:07.179 INFO:teuthology.orchestra.run.smithi037.stdout:/usr/bin/ceph: stderr
2024-05-09T00:51:05.846+0000 7f375edf1700 1 -- 172.21.15.37:0/1480766914 >> 172.21.15.37:0/1480766914 conn(0x7f37581041d0 msgr2=0x7f3758105ba0 unknown :-1 s=STATE_NONE l=0).mark_down
2024-05-09T00:51:07.179 INFO:teuthology.orchestra.run.smithi037.stdout:/usr/bin/ceph: stderr
2024-05-09T00:51:05.846+0000 7f375edf1700 1 -- 172.21.15.37:0/1480766914 shutdown_connections
2024-05-09T00:51:07.179 INFO:teuthology.orchestra.run.smithi037.stdout:/usr/bin/ceph: stderr
2024-05-09T00:51:05.846+0000 7f375edf1700 1 -- 172.21.15.37:0/1480766914 wait complete.
2024-05-09T00:51:08.182 INFO:journalctl@ceph.mon.a.smithi037.stdout:May 09 00:51:07 smithi037 ceph-mon[30122]: from='mgr.14120 172.21.15.37:0/4237911941' entity='mgr.x'
2024-05-09T00:51:08.182 INFO:journalctl@ceph.mon.a.smithi037.stdout:May 09 00:51:07 smithi037 ceph-mon[30122]: from='mgr.14120 172.21.15.37:0/4237911941' entity='mgr.x'
2024-05-09T00:51:08.483 INFO:teuthology.orchestra.run.smithi037.stdout:/usr/bin/ceph: stderr
2024-05-09T00:51:07.649+0000 7fdd3e59d700 1 Processor -- start
2024-05-09T00:51:08.484 INFO:teuthology.orchestra.run.smithi037.stdout:/usr/bin/ceph: stderr
2024-05-09T00:51:07.649+0000 7fdd3e59d700 1 -- start start
2024-05-09T00:51:08.484 INFO:teuthology.orchestra.run.smithi037.stdout:/usr/bin/ceph: stderr
2024-05-09T00:51:07.649+0000 7fdd3e59d700 1 --2- >> [v2:172.21.15.37:3300/0,v1:172.21.15.37:6789/0] conn(0x7fdd38108b10 0x7fdd38108f20 unknown :-1 s=NONE pgs=0 cs=0 l=0 rev1=0 crypto rx=0 tx=0 comp rx=0 tx=0).connect
2024-05-09T00:51:08.484 INFO:teuthology.orchestra.run.smithi037.stdout:/usr/bin/ceph: stderr
2024-05-09T00:51:07.649+0000 7fdd3e59d700 1 -- --> [v2:172.21.15.37:3300/0,v1:172.21.15.37:6789/0] -- mon_getmap magic: 0 -- 0x7fdd38109510 con 0x7fdd38108b10
2024-05-09T00:51:08.484 INFO:teuthology.orchestra.run.smithi037.stdout:/usr/bin/ceph: stderr
2024-05-09T00:51:07.650+0000 7fdd37fff700 1 --2- >> [v2:172.21.15.37:3300/0,v1:172.21.15.37:6789/0] conn(0x7fdd38108b10 0x7fdd38108f20 unknown :-1 s=BANNER_CONNECTING pgs=0 cs=0 l=0 rev1=0 crypto rx=0 tx=0 comp rx=0 tx=0)._handle_peer_banner_payload supported=3 required=0
2024-05-09T00:51:08.484 INFO:teuthology.orchestra.run.smithi037.stdout:/usr/bin/ceph: stderr
2024-05-09T00:51:07.650+0000 7fdd37fff700 1 --2- >> [v2:172.21.15.37:3300/0,v1:172.21.15.37:6789/0] conn(0x7fdd38108b10 0x7fdd38108f20 unknown :-1 s=HELLO_CONNECTING pgs=0 cs=0 l=0 rev1=1 crypto rx=0 tx=0 comp rx=0 tx=0).handle_hello peer v2:172.21.15.37:3300/0 says I am v2:172.21.15.37:58204/0 (socket says 172.21.15.37:58204)
2024-05-09T00:51:08.484 INFO:teuthology.orchestra.run.smithi037.stdout:/usr/bin/ceph: stderr
2024-05-09T00:51:07.650+0000 7fdd37fff700 1 -- 172.21.15.37:0/3602029017 learned_addr learned my addr 172.21.15.37:0/3602029017 (peer_addr_for_me v2:172.21.15.37:0/0)
2024-05-09T00:51:08.484 INFO:teuthology.orchestra.run.smithi037.stdout:/usr/bin/ceph: stderr
2024-05-09T00:51:07.650+0000 7fdd37fff700 1 -- 172.21.15.37:0/3602029017 --> [v2:172.21.15.37:3300/0,v1:172.21.15.37:6789/0] -- mon_subscribe({config=0+,monmap=0+}) -- 0x7fdd38109ce0 con 0x7fdd38108b10
2024-05-09T00:51:08.484 INFO:teuthology.orchestra.run.smithi037.stdout:/usr/bin/ceph: stderr
2024-05-09T00:51:07.650+0000 7fdd37fff700 1 --2- 172.21.15.37:0/3602029017 >> [v2:172.21.15.37:3300/0,v1:172.21.15.37:6789/0] conn(0x7fdd38108b10 0x7fdd38108f20 secure :-1 s=READY pgs=51 cs=0 l=1 rev1=1 crypto rx=0x7fdd280098a0 tx=0x7fdd28009bb0 comp rx=0 tx=0).ready entity=mon.0 client_cookie=432c2fbe0735526c server_cookie=0 in_seq=0 out_seq=0
2024-05-09T00:51:08.484 INFO:teuthology.orchestra.run.smithi037.stdout:/usr/bin/ceph: stderr
2024-05-09T00:51:07.650+0000 7fdd36ffd700 1 -- 172.21.15.37:0/3602029017 <== mon.0 v2:172.21.15.37:3300/0 1 ==== mon_map magic: 0 ==== 205+0+0 (secure 0 0 0) 0x7fdd28004160 con 0x7fdd38108b10
2024-05-09T00:51:08.484 INFO:teuthology.orchestra.run.smithi037.stdout:/usr/bin/ceph: stderr
2024-05-09T00:51:07.650+0000 7fdd36ffd700 1 -- 172.21.15.37:0/3602029017 <== mon.0 v2:172.21.15.37:3300/0 2 ==== config(26 keys) ==== 1101+0+0 (secure 0 0 0) 0x7fdd28004300 con 0x7fdd38108b10
2024-05-09T00:51:08.484 INFO:teuthology.orchestra.run.smithi037.stdout:/usr/bin/ceph: stderr
2024-05-09T00:51:07.650+0000 7fdd36ffd700 1 -- 172.21.15.37:0/3602029017 <== mon.0 v2:172.21.15.37:3300/0 3 ==== mon_map magic: 0 ==== 205+0+0 (secure 0 0 0) 0x7fdd28011a20 con 0x7fdd38108b10
2024-05-09T00:51:08.484 INFO:teuthology.orchestra.run.smithi037.stdout:/usr/bin/ceph: stderr
2024-05-09T00:51:07.651+0000 7fdd3e59d700 1 -- 172.21.15.37:0/3602029017 >> [v2:172.21.15.37:3300/0,v1:172.21.15.37:6789/0] conn(0x7fdd38108b10 msgr2=0x7fdd38108f20 secure :-1 s=STATE_CONNECTION_ESTABLISHED l=1).mark_down
2024-05-09T00:51:08.484 INFO:teuthology.orchestra.run.smithi037.stdout:/usr/bin/ceph: stderr
2024-05-09T00:51:07.651+0000 7fdd3e59d700 1 --2- 172.21.15.37:0/3602029017 >> [v2:172.21.15.37:3300/0,v1:172.21.15.37:6789/0] conn(0x7fdd38108b10 0x7fdd38108f20 secure :-1 s=READY pgs=51 cs=0 l=1 rev1=1 crypto rx=0x7fdd280098a0 tx=0x7fdd28009bb0 comp rx=0 tx=0).stop
2024-05-09T00:51:08.485 INFO:teuthology.orchestra.run.smithi037.stdout:/usr/bin/ceph: stderr
2024-05-09T00:51:07.651+0000 7fdd3e59d700 1 -- 172.21.15.37:0/3602029017 shutdown_connections
2024-05-09T00:51:08.485 INFO:teuthology.orchestra.run.smithi037.stdout:/usr/bin/ceph: stderr
2024-05-09T00:51:07.651+0000 7fdd3e59d700 1 --2- 172.21.15.37:0/3602029017 >> [v2:172.21.15.37:3300/0,v1:172.21.15.37:6789/0] conn(0x7fdd38108b10 0x7fdd38108f20 unknown :-1 s=CLOSED pgs=51 cs=0 l=1 rev1=1 crypto rx=0 tx=0 comp rx=0 tx=0).stop
2024-05-09T00:51:08.485 INFO:teuthology.orchestra.run.smithi037.stdout:/usr/bin/ceph: stderr
2024-05-09T00:51:07.651+0000 7fdd3e59d700 1 -- 172.21.15.37:0/3602029017 >> 172.21.15.37:0/3602029017 conn(0x7fdd381041d0 msgr2=0x7fdd38106620 unknown :-1 s=STATE_NONE l=0).mark_down
2024-05-09T00:51:08.485 INFO:teuthology.orchestra.run.smithi037.stdout:/usr/bin/ceph: stderr
2024-05-09T00:51:07.651+0000 7fdd3e59d700 1 -- 172.21.15.37:0/3602029017 shutdown_connections
2024-05-09T00:51:08.485 INFO:teuthology.orchestra.run.smithi037.stdout:/usr/bin/ceph: stderr
2024-05-09T00:51:07.651+0000 7fdd3e59d700 1 -- 172.21.15.37:0/3602029017 wait complete.
2024-05-09T00:51:08.485 INFO:teuthology.orchestra.run.smithi037.stdout:/usr/bin/ceph: stderr
2024-05-09T00:51:07.652+0000 7fdd3e59d700 1 Processor -- start
2024-05-09T00:51:08.485 INFO:teuthology.orchestra.run.smithi037.stdout:/usr/bin/ceph: stderr
2024-05-09T00:51:07.652+0000 7fdd3e59d700 1 -- start start
2024-05-09T00:51:08.485 INFO:teuthology.orchestra.run.smithi037.stdout:/usr/bin/ceph: stderr
2024-05-09T00:51:07.652+0000 7fdd3e59d700 1 --2- >> [v2:172.21.15.37:3300/0,v1:172.21.15.37:6789/0] conn(0x7fdd38108b10 0x7fdd38107370 unknown :-1 s=NONE pgs=0 cs=0 l=1 rev1=0 crypto rx=0 tx=0 comp rx=0 tx=0).connect
2024-05-09T00:51:08.485 INFO:teuthology.orchestra.run.smithi037.stdout:/usr/bin/ceph: stderr
2024-05-09T00:51:07.652+0000 7fdd3e59d700 1 -- --> [v2:172.21.15.37:3300/0,v1:172.21.15.37:6789/0] -- mon_getmap magic: 0 -- 0x7fdd3810d090 con 0x7fdd38108b10
2024-05-09T00:51:08.485 INFO:teuthology.orchestra.run.smithi037.stdout:/usr/bin/ceph: stderr
2024-05-09T00:51:07.652+0000 7fdd37fff700 1 --2- >> [v2:172.21.15.37:3300/0,v1:172.21.15.37:6789/0] conn(0x7fdd38108b10 0x7fdd38107370 unknown :-1 s=BANNER_CONNECTING pgs=0 cs=0 l=1 rev1=0 crypto rx=0 tx=0 comp rx=0 tx=0)._handle_peer_banner_payload supported=3 required=0
2024-05-09T00:51:08.485 INFO:teuthology.orchestra.run.smithi037.stdout:/usr/bin/ceph: stderr
2024-05-09T00:51:07.652+0000 7fdd37fff700 1 --2- >> [v2:172.21.15.37:3300/0,v1:172.21.15.37:6789/0] conn(0x7fdd38108b10 0x7fdd38107370 unknown :-1 s=HELLO_CONNECTING pgs=0 cs=0 l=1 rev1=1 crypto rx=0 tx=0 comp rx=0 tx=0).handle_hello peer v2:172.21.15.37:3300/0 says I am v2:172.21.15.37:58208/0 (socket says 172.21.15.37:58208)
2024-05-09T00:51:08.485 INFO:teuthology.orchestra.run.smithi037.stdout:/usr/bin/ceph: stderr
2024-05-09T00:51:07.653+0000 7fdd37fff700 1 -- 172.21.15.37:0/1983679027 learned_addr learned my addr 172.21.15.37:0/1983679027 (peer_addr_for_me v2:172.21.15.37:0/0)
2024-05-09T00:51:08.485 INFO:teuthology.orchestra.run.smithi037.stdout:/usr/bin/ceph: stderr
2024-05-09T00:51:07.653+0000 7fdd37fff700 1 -- 172.21.15.37:0/1983679027 --> [v2:172.21.15.37:3300/0,v1:172.21.15.37:6789/0] -- mon_subscribe({config=0+,monmap=0+}) -- 0x7fdd381078b0 con 0x7fdd38108b10
2024-05-09T00:51:08.485 INFO:teuthology.orchestra.run.smithi037.stdout:/usr/bin/ceph: stderr
2024-05-09T00:51:07.653+0000 7fdd37fff700 1 --2- 172.21.15.37:0/1983679027 >> [v2:172.21.15.37:3300/0,v1:172.21.15.37:6789/0] conn(0x7fdd38108b10 0x7fdd38107370 secure :-1 s=READY pgs=52 cs=0 l=1 rev1=1 crypto rx=0x7fdd28011a20 tx=0x7fdd28011b00 comp rx=0 tx=0).ready entity=mon.0 client_cookie=0 server_cookie=0 in_seq=0 out_seq=0
2024-05-09T00:51:08.486 INFO:teuthology.orchestra.run.smithi037.stdout:/usr/bin/ceph: stderr
2024-05-09T00:51:07.653+0000 7fdd357fa700 1 -- 172.21.15.37:0/1983679027 <== mon.0 v2:172.21.15.37:3300/0 1 ==== mon_map magic: 0 ==== 205+0+0 (secure 0 0 0) 0x7fdd280039c0 con 0x7fdd38108b10
2024-05-09T00:51:08.486 INFO:teuthology.orchestra.run.smithi037.stdout:/usr/bin/ceph: stderr
2024-05-09T00:51:07.653+0000 7fdd357fa700 1 -- 172.21.15.37:0/1983679027 <== mon.0 v2:172.21.15.37:3300/0 2 ==== config(26 keys) ==== 1101+0+0 (secure 0 0 0) 0x7fdd28003b60 con 0x7fdd38108b10
2024-05-09T00:51:08.486 INFO:teuthology.orchestra.run.smithi037.stdout:/usr/bin/ceph: stderr
2024-05-09T00:51:07.653+0000 7fdd3e59d700 1 -- 172.21.15.37:0/1983679027 --> [v2:172.21.15.37:3300/0,v1:172.21.15.37:6789/0] -- mon_subscribe({mgrmap=0+}) -- 0x7fdd38105b00 con 0x7fdd38108b10
2024-05-09T00:51:08.486 INFO:teuthology.orchestra.run.smithi037.stdout:/usr/bin/ceph: stderr
2024-05-09T00:51:07.653+0000 7fdd357fa700 1 -- 172.21.15.37:0/1983679027 <== mon.0 v2:172.21.15.37:3300/0 3 ==== mon_map magic: 0 ==== 205+0+0 (secure 0 0 0) 0x7fdd28019700 con 0x7fdd38108b10
2024-05-09T00:51:08.486 INFO:teuthology.orchestra.run.smithi037.stdout:/usr/bin/ceph: stderr
2024-05-09T00:51:07.653+0000 7fdd3e59d700 1 -- 172.21.15.37:0/1983679027 --> [v2:172.21.15.37:3300/0,v1:172.21.15.37:6789/0] -- mon_subscribe({osdmap=0}) -- 0x7fdd38105fe0 con 0x7fdd38108b10
2024-05-09T00:51:08.486 INFO:teuthology.orchestra.run.smithi037.stdout:/usr/bin/ceph: stderr
2024-05-09T00:51:07.654+0000 7fdd3e59d700 1 -- 172.21.15.37:0/1983679027 --> [v2:172.21.15.37:3300/0,v1:172.21.15.37:6789/0] -- mon_command({"prefix": "get_command_descriptions"} v 0) -- 0x7fdd38064e20 con 0x7fdd38108b10
2024-05-09T00:51:08.486 INFO:teuthology.orchestra.run.smithi037.stdout:/usr/bin/ceph: stderr
2024-05-09T00:51:07.654+0000 7fdd357fa700 1 -- 172.21.15.37:0/1983679027 <== mon.0 v2:172.21.15.37:3300/0 4 ==== mgrmap(e 8) ==== 50222+0+0 (secure 0 0 0) 0x7fdd280199b0 con 0x7fdd38108b10
2024-05-09T00:51:08.486 INFO:teuthology.orchestra.run.smithi037.stdout:/usr/bin/ceph: stderr
2024-05-09T00:51:07.655+0000 7fdd357fa700 1 --2- 172.21.15.37:0/1983679027 >> [v2:172.21.15.37:6800/1512065281,v1:172.21.15.37:6801/1512065281] conn(0x7fdd2003e470 0x7fdd20040980 unknown :-1 s=NONE pgs=0 cs=0 l=1 rev1=0 crypto rx=0 tx=0 comp rx=0 tx=0).connect
2024-05-09T00:51:08.486 INFO:teuthology.orchestra.run.smithi037.stdout:/usr/bin/ceph: stderr
2024-05-09T00:51:07.655+0000 7fdd357fa700 1 -- 172.21.15.37:0/1983679027 <== mon.0 v2:172.21.15.37:3300/0 5 ==== osd_map(2..2 src has 1..2) ==== 940+0+0 (secure 0 0 0) 0x7fdd28053cc0 con 0x7fdd38108b10
2024-05-09T00:51:08.486 INFO:teuthology.orchestra.run.smithi037.stdout:/usr/bin/ceph: stderr
2024-05-09T00:51:07.655+0000 7fdd377fe700 1 --2- 172.21.15.37:0/1983679027 >> [v2:172.21.15.37:6800/1512065281,v1:172.21.15.37:6801/1512065281] conn(0x7fdd2003e470 0x7fdd20040980 unknown :-1 s=BANNER_CONNECTING pgs=0 cs=0 l=1 rev1=0 crypto rx=0 tx=0 comp rx=0 tx=0)._handle_peer_banner_payload supported=3 required=0
2024-05-09T00:51:08.486 INFO:teuthology.orchestra.run.smithi037.stdout:/usr/bin/ceph: stderr
2024-05-09T00:51:07.655+0000 7fdd377fe700 1 --2- 172.21.15.37:0/1983679027 >> [v2:172.21.15.37:6800/1512065281,v1:172.21.15.37:6801/1512065281] conn(0x7fdd2003e470 0x7fdd20040980 secure :-1 s=READY pgs=14 cs=0 l=1 rev1=1 crypto rx=0x7fdd2c006fd0 tx=0x7fdd2c006e40 comp rx=0 tx=0).ready entity=mgr.14120 client_cookie=0 server_cookie=0 in_seq=0 out_seq=0
2024-05-09T00:51:08.486 INFO:teuthology.orchestra.run.smithi037.stdout:/usr/bin/ceph: stderr
2024-05-09T00:51:07.660+0000 7fdd357fa700 1 -- 172.21.15.37:0/1983679027 <== mon.0 v2:172.21.15.37:3300/0 6 ==== mon_command_ack([{"prefix": "get_command_descriptions"}]=0 v0) ==== 72+0+191963 (secure 0 0 0) 0x7fdd28017e90 con 0x7fdd38108b10
2024-05-09T00:51:08.486 INFO:teuthology.orchestra.run.smithi037.stdout:/usr/bin/ceph: stderr
2024-05-09T00:51:07.875+0000 7fdd3e59d700 1 -- 172.21.15.37:0/1983679027 --> [v2:172.21.15.37:3300/0,v1:172.21.15.37:6789/0] -- mon_command([{prefix=config set, name=mgr/cephadm/container_init}] v 0) -- 0x7fdd381971e0 con 0x7fdd38108b10
2024-05-09T00:51:08.486 INFO:teuthology.orchestra.run.smithi037.stdout:/usr/bin/ceph: stderr
2024-05-09T00:51:07.878+0000 7fdd357fa700 1 -- 172.21.15.37:0/1983679027 <== mon.0 v2:172.21.15.37:3300/0 7 ==== mon_command_ack([{prefix=config set, name=mgr/cephadm/container_init}]=0 v7)=0 v7) ==== 142+0+0 (secure 0 0 0) 0x7fdd28023390 con 0x7fdd38108b10
2024-05-09T00:51:08.487 INFO:teuthology.orchestra.run.smithi037.stdout:/usr/bin/ceph: stderr
2024-05-09T00:51:07.880+0000 7fdd3e59d700 1 -- 172.21.15.37:0/1983679027 >> [v2:172.21.15.37:6800/1512065281,v1:172.21.15.37:6801/1512065281] conn(0x7fdd2003e470 msgr2=0x7fdd20040980 secure :-1 s=STATE_CONNECTION_ESTABLISHED l=1).mark_down
2024-05-09T00:51:08.487 INFO:teuthology.orchestra.run.smithi037.stdout:/usr/bin/ceph: stderr
2024-05-09T00:51:07.880+0000 7fdd3e59d700 1 --2- 172.21.15.37:0/1983679027 >> [v2:172.21.15.37:6800/1512065281,v1:172.21.15.37:6801/1512065281] conn(0x7fdd2003e470 0x7fdd20040980 secure :-1 s=READY pgs=14 cs=0 l=1 rev1=1 crypto rx=0x7fdd2c006fd0 tx=0x7fdd2c006e40 comp rx=0 tx=0).stop
2024-05-09T00:51:08.487 INFO:teuthology.orchestra.run.smithi037.stdout:/usr/bin/ceph: stderr
2024-05-09T00:51:07.880+0000 7fdd3e59d700 1 -- 172.21.15.37:0/1983679027 >> [v2:172.21.15.37:3300/0,v1:172.21.15.37:6789/0] conn(0x7fdd38108b10 msgr2=0x7fdd38107370 secure :-1 s=STATE_CONNECTION_ESTABLISHED l=1).mark_down
2024-05-09T00:51:08.487 INFO:teuthology.orchestra.run.smithi037.stdout:/usr/bin/ceph: stderr
2024-05-09T00:51:07.880+0000 7fdd3e59d700 1 --2- 172.21.15.37:0/1983679027 >> [v2:172.21.15.37:3300/0,v1:172.21.15.37:6789/0] conn(0x7fdd38108b10 0x7fdd38107370 secure :-1 s=READY pgs=52 cs=0 l=1 rev1=1 crypto rx=0x7fdd28011a20 tx=0x7fdd28011b00 comp rx=0 tx=0).stop
2024-05-09T00:51:08.487 INFO:teuthology.orchestra.run.smithi037.stdout:/usr/bin/ceph: stderr
2024-05-09T00:51:07.880+0000 7fdd3e59d700 1 -- 172.21.15.37:0/1983679027 shutdown_connections
2024-05-09T00:51:08.487 INFO:teuthology.orchestra.run.smithi037.stdout:/usr/bin/ceph: stderr
2024-05-09T00:51:07.880+0000 7fdd3e59d700 1 --2- 172.21.15.37:0/1983679027 >> [v2:172.21.15.37:6800/1512065281,v1:172.21.15.37:6801/1512065281] conn(0x7fdd2003e470 0x7fdd20040980 unknown :-1 s=CLOSED pgs=14 cs=0 l=1 rev1=1 crypto rx=0 tx=0 comp rx=0 tx=0).stop
2024-05-09T00:51:08.487 INFO:teuthology.orchestra.run.smithi037.stdout:/usr/bin/ceph: stderr
2024-05-09T00:51:07.880+0000 7fdd3e59d700 1 --2- 172.21.15.37:0/1983679027 >> [v2:172.21.15.37:3300/0,v1:172.21.15.37:6789/0] conn(0x7fdd38108b10 0x7fdd38107370 unknown :-1 s=CLOSED pgs=52 cs=0 l=1 rev1=1 crypto rx=0 tx=0 comp rx=0 tx=0).stop
2024-05-09T00:51:08.487 INFO:teuthology.orchestra.run.smithi037.stdout:/usr/bin/ceph: stderr
2024-05-09T00:51:07.880+0000 7fdd3e59d700 1 -- 172.21.15.37:0/1983679027 >> 172.21.15.37:0/1983679027 conn(0x7fdd381041d0 msgr2=0x7fdd38194620 unknown :-1 s=STATE_NONE l=0).mark_down
2024-05-09T00:51:08.487 INFO:teuthology.orchestra.run.smithi037.stdout:/usr/bin/ceph: stderr
2024-05-09T00:51:07.880+0000 7fdd3e59d700 1 -- 172.21.15.37:0/1983679027 shutdown_connections
2024-05-09T00:51:08.487 INFO:teuthology.orchestra.run.smithi037.stdout:/usr/bin/ceph: stderr
2024-05-09T00:51:07.880+0000 7fdd3e59d700 1 -- 172.21.15.37:0/1983679027 wait complete.
2024-05-09T00:51:09.190 INFO:journalctl@ceph.mon.a.smithi037.stdout:May 09 00:51:08 smithi037 ceph-mon[30122]: from='client.? 172.21.15.37:0/1983679027' entity='client.admin'
2024-05-09T00:51:10.368 INFO:journalctl@ceph.mon.a.smithi037.stdout:May 09 00:51:10 smithi037 ceph-mon[30122]: from='client.? 172.21.15.37:0/2391039258' entity='client.admin'
2024-05-09T00:51:10.368 INFO:journalctl@ceph.mon.a.smithi037.stdout:May 09 00:51:10 smithi037 ceph-mon[30122]: from='mgr.14120 172.21.15.37:0/4237911941' entity='mgr.x'
2024-05-09T00:51:10.375 INFO:teuthology.orchestra.run.smithi037.stdout:/usr/bin/ceph: stderr
2024-05-09T00:51:08.938+0000 7f7c073b2700 1 Processor -- start
2024-05-09T00:51:10.375 INFO:teuthology.orchestra.run.smithi037.stdout:/usr/bin/ceph: stderr
2024-05-09T00:51:08.939+0000 7f7c073b2700 1 -- start start
2024-05-09T00:51:10.375 INFO:teuthology.orchestra.run.smithi037.stdout:/usr/bin/ceph: stderr
2024-05-09T00:51:08.939+0000 7f7c073b2700 1 --2- >> [v2:172.21.15.37:3300/0,v1:172.21.15.37:6789/0] conn(0x7f7c00109c10 0x7f7c0010a020 unknown :-1 s=NONE pgs=0 cs=0 l=0 rev1=0 crypto rx=0 tx=0 comp rx=0 tx=0).connect
2024-05-09T00:51:10.375 INFO:teuthology.orchestra.run.smithi037.stdout:/usr/bin/ceph: stderr
2024-05-09T00:51:08.939+0000 7f7c073b2700 1 -- --> [v2:172.21.15.37:3300/0,v1:172.21.15.37:6789/0] -- mon_getmap magic: 0 -- 0x7f7c0010a610 con 0x7f7c00109c10
2024-05-09T00:51:10.376 INFO:teuthology.orchestra.run.smithi037.stdout:/usr/bin/ceph: stderr
2024-05-09T00:51:08.939+0000 7f7c0514e700 1 --2- >> [v2:172.21.15.37:3300/0,v1:172.21.15.37:6789/0] conn(0x7f7c00109c10 0x7f7c0010a020 unknown :-1 s=BANNER_CONNECTING pgs=0 cs=0 l=0 rev1=0 crypto rx=0 tx=0 comp rx=0 tx=0)._handle_peer_banner_payload supported=3 required=0
2024-05-09T00:51:10.376 INFO:teuthology.orchestra.run.smithi037.stdout:/usr/bin/ceph: stderr
2024-05-09T00:51:08.939+0000 7f7c0514e700 1 --2- >> [v2:172.21.15.37:3300/0,v1:172.21.15.37:6789/0] conn(0x7f7c00109c10 0x7f7c0010a020 unknown :-1 s=HELLO_CONNECTING pgs=0 cs=0 l=0 rev1=1 crypto rx=0 tx=0 comp rx=0 tx=0).handle_hello peer v2:172.21.15.37:3300/0 says I am v2:172.21.15.37:58220/0 (socket says 172.21.15.37:58220)
2024-05-09T00:51:10.376 INFO:teuthology.orchestra.run.smithi037.stdout:/usr/bin/ceph: stderr
2024-05-09T00:51:08.939+0000 7f7c0514e700 1 -- 172.21.15.37:0/3162859566 learned_addr learned my addr 172.21.15.37:0/3162859566 (peer_addr_for_me v2:172.21.15.37:0/0)
2024-05-09T00:51:10.376 INFO:teuthology.orchestra.run.smithi037.stdout:/usr/bin/ceph: stderr
2024-05-09T00:51:08.939+0000 7f7c0514e700 1 -- 172.21.15.37:0/3162859566 --> [v2:172.21.15.37:3300/0,v1:172.21.15.37:6789/0] -- mon_subscribe({config=0+,monmap=0+}) -- 0x7f7c0010ade0 con 0x7f7c00109c10
2024-05-09T00:51:10.376 INFO:teuthology.orchestra.run.smithi037.stdout:/usr/bin/ceph: stderr
2024-05-09T00:51:08.940+0000 7f7c0514e700 1 --2- 172.21.15.37:0/3162859566 >> [v2:172.21.15.37:3300/0,v1:172.21.15.37:6789/0] conn(0x7f7c00109c10 0x7f7c0010a020 secure :-1 s=READY pgs=53 cs=0 l=1 rev1=1 crypto rx=0x7f7bfc0098a0 tx=0x7f7bfc009bb0 comp rx=0 tx=0).ready entity=mon.0 client_cookie=f673890adc8a0d1d server_cookie=0 in_seq=0 out_seq=0
2024-05-09T00:51:10.376 INFO:teuthology.orchestra.run.smithi037.stdout:/usr/bin/ceph: stderr
2024-05-09T00:51:08.940+0000 7f7bf7fff700 1 -- 172.21.15.37:0/3162859566 <== mon.0 v2:172.21.15.37:3300/0 1 ==== mon_map magic: 0 ==== 205+0+0 (secure 0 0 0) 0x7f7bfc004160 con 0x7f7c00109c10
2024-05-09T00:51:10.376 INFO:teuthology.orchestra.run.smithi037.stdout:/usr/bin/ceph: stderr
2024-05-09T00:51:08.940+0000 7f7bf7fff700 1 -- 172.21.15.37:0/3162859566 <== mon.0 v2:172.21.15.37:3300/0 2 ==== config(26 keys) ==== 1101+0+0 (secure 0 0 0) 0x7f7bfc004300 con 0x7f7c00109c10
2024-05-09T00:51:10.376 INFO:teuthology.orchestra.run.smithi037.stdout:/usr/bin/ceph: stderr
2024-05-09T00:51:08.940+0000 7f7bf7fff700 1 -- 172.21.15.37:0/3162859566 <== mon.0 v2:172.21.15.37:3300/0 3 ==== mon_map magic: 0 ==== 205+0+0 (secure 0 0 0) 0x7f7bfc011a20 con 0x7f7c00109c10
2024-05-09T00:51:10.376 INFO:teuthology.orchestra.run.smithi037.stdout:/usr/bin/ceph: stderr
2024-05-09T00:51:08.941+0000 7f7c073b2700 1 -- 172.21.15.37:0/3162859566 >> [v2:172.21.15.37:3300/0,v1:172.21.15.37:6789/0] conn(0x7f7c00109c10 msgr2=0x7f7c0010a020 secure :-1 s=STATE_CONNECTION_ESTABLISHED l=1).mark_down
2024-05-09T00:51:10.376 INFO:teuthology.orchestra.run.smithi037.stdout:/usr/bin/ceph: stderr
2024-05-09T00:51:08.941+0000 7f7c073b2700 1 --2- 172.21.15.37:0/3162859566 >> [v2:172.21.15.37:3300/0,v1:172.21.15.37:6789/0] conn(0x7f7c00109c10 0x7f7c0010a020 secure :-1 s=READY pgs=53 cs=0 l=1 rev1=1 crypto rx=0x7f7bfc0098a0 tx=0x7f7bfc009bb0 comp rx=0 tx=0).stop
2024-05-09T00:51:10.376 INFO:teuthology.orchestra.run.smithi037.stdout:/usr/bin/ceph: stderr
2024-05-09T00:51:08.941+0000 7f7c073b2700 1 -- 172.21.15.37:0/3162859566 shutdown_connections
2024-05-09T00:51:10.376 INFO:teuthology.orchestra.run.smithi037.stdout:/usr/bin/ceph: stderr
2024-05-09T00:51:08.941+0000 7f7c073b2700 1 --2- 172.21.15.37:0/3162859566 >> [v2:172.21.15.37:3300/0,v1:172.21.15.37:6789/0] conn(0x7f7c00109c10 0x7f7c0010a020 unknown :-1 s=CLOSED pgs=53 cs=0 l=1 rev1=1 crypto rx=0 tx=0 comp rx=0 tx=0).stop
2024-05-09T00:51:10.377 INFO:teuthology.orchestra.run.smithi037.stdout:/usr/bin/ceph: stderr
2024-05-09T00:51:08.941+0000 7f7c073b2700 1 -- 172.21.15.37:0/3162859566 >> 172.21.15.37:0/3162859566 conn(0x7f7c001052d0 msgr2=0x7f7c00107720 unknown :-1 s=STATE_NONE l=0).mark_down
2024-05-09T00:51:10.377 INFO:teuthology.orchestra.run.smithi037.stdout:/usr/bin/ceph: stderr
2024-05-09T00:51:08.941+0000 7f7c073b2700 1 -- 172.21.15.37:0/3162859566 shutdown_connections
2024-05-09T00:51:10.377 INFO:teuthology.orchestra.run.smithi037.stdout:/usr/bin/ceph: stderr
2024-05-09T00:51:08.941+0000 7f7c073b2700 1 -- 172.21.15.37:0/3162859566 wait complete.
2024-05-09T00:51:10.377 INFO:teuthology.orchestra.run.smithi037.stdout:/usr/bin/ceph: stderr
2024-05-09T00:51:08.941+0000 7f7c073b2700 1 Processor -- start
2024-05-09T00:51:10.377 INFO:teuthology.orchestra.run.smithi037.stdout:/usr/bin/ceph: stderr
2024-05-09T00:51:08.942+0000 7f7c073b2700 1 -- start start
2024-05-09T00:51:10.377 INFO:teuthology.orchestra.run.smithi037.stdout:/usr/bin/ceph: stderr
2024-05-09T00:51:08.942+0000 7f7c073b2700 1 --2- >> [v2:172.21.15.37:3300/0,v1:172.21.15.37:6789/0] conn(0x7f7c00109c10 0x7f7c0007f2f0 unknown :-1 s=NONE pgs=0 cs=0 l=1 rev1=0 crypto rx=0 tx=0 comp rx=0 tx=0).connect
2024-05-09T00:51:10.377 INFO:teuthology.orchestra.run.smithi037.stdout:/usr/bin/ceph: stderr
2024-05-09T00:51:08.942+0000 7f7c073b2700 1 -- --> [v2:172.21.15.37:3300/0,v1:172.21.15.37:6789/0] -- mon_getmap magic: 0 -- 0x7f7c0010e190 con 0x7f7c00109c10
2024-05-09T00:51:10.377 INFO:teuthology.orchestra.run.smithi037.stdout:/usr/bin/ceph: stderr
2024-05-09T00:51:08.942+0000 7f7c0514e700 1 --2- >> [v2:172.21.15.37:3300/0,v1:172.21.15.37:6789/0] conn(0x7f7c00109c10 0x7f7c0007f2f0 unknown :-1 s=BANNER_CONNECTING pgs=0 cs=0 l=1 rev1=0 crypto rx=0 tx=0 comp rx=0 tx=0)._handle_peer_banner_payload supported=3 required=0
2024-05-09T00:51:10.377 INFO:teuthology.orchestra.run.smithi037.stdout:/usr/bin/ceph: stderr
2024-05-09T00:51:08.942+0000 7f7c0514e700 1 --2- >> [v2:172.21.15.37:3300/0,v1:172.21.15.37:6789/0] conn(0x7f7c00109c10 0x7f7c0007f2f0 unknown :-1 s=HELLO_CONNECTING pgs=0 cs=0 l=1 rev1=1 crypto rx=0 tx=0 comp rx=0 tx=0).handle_hello peer v2:172.21.15.37:3300/0 says I am v2:172.21.15.37:58228/0 (socket says 172.21.15.37:58228)
2024-05-09T00:51:10.377 INFO:teuthology.orchestra.run.smithi037.stdout:/usr/bin/ceph: stderr
2024-05-09T00:51:08.942+0000 7f7c0514e700 1 -- 172.21.15.37:0/2391039258 learned_addr learned my addr 172.21.15.37:0/2391039258 (peer_addr_for_me v2:172.21.15.37:0/0)
2024-05-09T00:51:10.377 INFO:teuthology.orchestra.run.smithi037.stdout:/usr/bin/ceph: stderr
2024-05-09T00:51:08.942+0000 7f7c0514e700 1 -- 172.21.15.37:0/2391039258 --> [v2:172.21.15.37:3300/0,v1:172.21.15.37:6789/0] -- mon_subscribe({config=0+,monmap=0+}) -- 0x7f7c0007f830 con 0x7f7c00109c10
2024-05-09T00:51:10.377 INFO:teuthology.orchestra.run.smithi037.stdout:/usr/bin/ceph: stderr
2024-05-09T00:51:08.942+0000 7f7c0514e700 1 --2- 172.21.15.37:0/2391039258 >> [v2:172.21.15.37:3300/0,v1:172.21.15.37:6789/0] conn(0x7f7c00109c10 0x7f7c0007f2f0 secure :-1 s=READY pgs=54 cs=0 l=1 rev1=1 crypto rx=0x7f7bfc011a20 tx=0x7f7bfc011b00 comp rx=0 tx=0).ready entity=mon.0 client_cookie=0 server_cookie=0 in_seq=0 out_seq=0
2024-05-09T00:51:10.377 INFO:teuthology.orchestra.run.smithi037.stdout:/usr/bin/ceph: stderr
2024-05-09T00:51:08.942+0000 7f7bf67fc700 1 -- 172.21.15.37:0/2391039258 <== mon.0 v2:172.21.15.37:3300/0 1 ==== mon_map magic: 0 ==== 205+0+0 (secure 0 0 0) 0x7f7bfc0039c0 con 0x7f7c00109c10
2024-05-09T00:51:10.377 INFO:teuthology.orchestra.run.smithi037.stdout:/usr/bin/ceph: stderr
2024-05-09T00:51:08.943+0000 7f7c073b2700 1 -- 172.21.15.37:0/2391039258 --> [v2:172.21.15.37:3300/0,v1:172.21.15.37:6789/0] -- mon_subscribe({mgrmap=0+}) -- 0x7f7c0007da80 con 0x7f7c00109c10
2024-05-09T00:51:10.378 INFO:teuthology.orchestra.run.smithi037.stdout:/usr/bin/ceph: stderr
2024-05-09T00:51:08.943+0000 7f7bf67fc700 1 -- 172.21.15.37:0/2391039258 <== mon.0 v2:172.21.15.37:3300/0 2 ==== config(26 keys) ==== 1101+0+0 (secure 0 0 0) 0x7f7bfc003b60 con 0x7f7c00109c10
2024-05-09T00:51:10.378 INFO:teuthology.orchestra.run.smithi037.stdout:/usr/bin/ceph: stderr
2024-05-09T00:51:08.943+0000 7f7bf67fc700 1 -- 172.21.15.37:0/2391039258 <== mon.0 v2:172.21.15.37:3300/0 3 ==== mon_map magic: 0 ==== 205+0+0 (secure 0 0 0) 0x7f7bfc019700 con 0x7f7c00109c10
2024-05-09T00:51:10.378 INFO:teuthology.orchestra.run.smithi037.stdout:/usr/bin/ceph: stderr
2024-05-09T00:51:08.943+0000 7f7c073b2700 1 -- 172.21.15.37:0/2391039258 --> [v2:172.21.15.37:3300/0,v1:172.21.15.37:6789/0] -- mon_subscribe({osdmap=0}) -- 0x7f7c0007df60 con 0x7f7c00109c10
2024-05-09T00:51:10.378 INFO:teuthology.orchestra.run.smithi037.stdout:/usr/bin/ceph: stderr
2024-05-09T00:51:08.944+0000 7f7bf67fc700 1 -- 172.21.15.37:0/2391039258 <== mon.0 v2:172.21.15.37:3300/0 4 ==== mgrmap(e 8) ==== 50222+0+0 (secure 0 0 0) 0x7f7bfc019a00 con 0x7f7c00109c10
2024-05-09T00:51:10.378 INFO:teuthology.orchestra.run.smithi037.stdout:/usr/bin/ceph: stderr
2024-05-09T00:51:08.944+0000 7f7c073b2700 1 -- 172.21.15.37:0/2391039258 --> [v2:172.21.15.37:3300/0,v1:172.21.15.37:6789/0] -- mon_command({"prefix": "get_command_descriptions"} v 0) -- 0x7f7c00064e20 con 0x7f7c00109c10
2024-05-09T00:51:10.378 INFO:teuthology.orchestra.run.smithi037.stdout:/usr/bin/ceph: stderr
2024-05-09T00:51:08.944+0000 7f7bf67fc700 1 --2- 172.21.15.37:0/2391039258 >> [v2:172.21.15.37:6800/1512065281,v1:172.21.15.37:6801/1512065281] conn(0x7f7bec03e420 0x7f7bec040930 unknown :-1 s=NONE pgs=0 cs=0 l=1 rev1=0 crypto rx=0 tx=0 comp rx=0 tx=0).connect
2024-05-09T00:51:10.378 INFO:teuthology.orchestra.run.smithi037.stdout:/usr/bin/ceph: stderr
2024-05-09T00:51:08.944+0000 7f7bf67fc700 1 -- 172.21.15.37:0/2391039258 <== mon.0 v2:172.21.15.37:3300/0 5 ==== osd_map(2..2 src has 1..2) ==== 940+0+0 (secure 0 0 0) 0x7f7bfc053c00 con 0x7f7c00109c10
2024-05-09T00:51:10.378 INFO:teuthology.orchestra.run.smithi037.stdout:/usr/bin/ceph: stderr
2024-05-09T00:51:08.944+0000 7f7c0494d700 1 --2- 172.21.15.37:0/2391039258 >> [v2:172.21.15.37:6800/1512065281,v1:172.21.15.37:6801/1512065281] conn(0x7f7bec03e420 0x7f7bec040930 unknown :-1 s=BANNER_CONNECTING pgs=0 cs=0 l=1 rev1=0 crypto rx=0 tx=0 comp rx=0 tx=0)._handle_peer_banner_payload supported=3 required=0
2024-05-09T00:51:10.378 INFO:teuthology.orchestra.run.smithi037.stdout:/usr/bin/ceph: stderr
2024-05-09T00:51:08.944+0000 7f7c0494d700 1 --2- 172.21.15.37:0/2391039258 >> [v2:172.21.15.37:6800/1512065281,v1:172.21.15.37:6801/1512065281] conn(0x7f7bec03e420 0x7f7bec040930 secure :-1 s=READY pgs=15 cs=0 l=1 rev1=1 crypto rx=0x7f7bf0006fd0 tx=0x7f7bf0006e40 comp rx=0 tx=0).ready entity=mgr.14120 client_cookie=0 server_cookie=0 in_seq=0 out_seq=0
2024-05-09T00:51:10.378 INFO:teuthology.orchestra.run.smithi037.stdout:/usr/bin/ceph: stderr
2024-05-09T00:51:08.949+0000 7f7bf67fc700 1 -- 172.21.15.37:0/2391039258 <== mon.0 v2:172.21.15.37:3300/0 6 ==== mon_command_ack([{"prefix": "get_command_descriptions"}]=0 v0) ==== 72+0+191963 (secure 0 0 0) 0x7f7bfc00b3e0 con 0x7f7c00109c10
2024-05-09T00:51:10.378 INFO:teuthology.orchestra.run.smithi037.stdout:/usr/bin/ceph: stderr
2024-05-09T00:51:09.190+0000 7f7c073b2700 1 -- 172.21.15.37:0/2391039258 --> [v2:172.21.15.37:3300/0,v1:172.21.15.37:6789/0] -- mon_command([{prefix=config set, name=mgr/dashboard/ssl_server_port}] v 0) -- 0x7f7c0007e680 con 0x7f7c00109c10
2024-05-09T00:51:10.378 INFO:teuthology.orchestra.run.smithi037.stdout:/usr/bin/ceph: stderr
2024-05-09T00:51:09.194+0000 7f7bf67fc700 1 -- 172.21.15.37:0/2391039258 <== mon.0 v2:172.21.15.37:3300/0 7 ==== mon_command_ack([{prefix=config set, name=mgr/dashboard/ssl_server_port}]=0 v8)=0 v8) ==== 130+0+0 (secure 0 0 0) 0x7f7bfc023e00 con 0x7f7c00109c10
2024-05-09T00:51:10.378 INFO:teuthology.orchestra.run.smithi037.stdout:/usr/bin/ceph: stderr
2024-05-09T00:51:09.197+0000 7f7c073b2700 1 -- 172.21.15.37:0/2391039258 >> [v2:172.21.15.37:6800/1512065281,v1:172.21.15.37:6801/1512065281] conn(0x7f7bec03e420 msgr2=0x7f7bec040930 secure :-1 s=STATE_CONNECTION_ESTABLISHED l=1).mark_down
2024-05-09T00:51:10.378 INFO:teuthology.orchestra.run.smithi037.stdout:/usr/bin/ceph: stderr
2024-05-09T00:51:09.197+0000 7f7c073b2700 1 --2- 172.21.15.37:0/2391039258 >> [v2:172.21.15.37:6800/1512065281,v1:172.21.15.37:6801/1512065281] conn(0x7f7bec03e420 0x7f7bec040930 secure :-1 s=READY pgs=15 cs=0 l=1 rev1=1 crypto rx=0x7f7bf0006fd0 tx=0x7f7bf0006e40 comp rx=0 tx=0).stop
2024-05-09T00:51:10.379 INFO:teuthology.orchestra.run.smithi037.stdout:/usr/bin/ceph: stderr
2024-05-09T00:51:09.197+0000 7f7c073b2700 1 -- 172.21.15.37:0/2391039258 >> [v2:172.21.15.37:3300/0,v1:172.21.15.37:6789/0] conn(0x7f7c00109c10 msgr2=0x7f7c0007f2f0 secure :-1 s=STATE_CONNECTION_ESTABLISHED l=1).mark_down
2024-05-09T00:51:10.379 INFO:teuthology.orchestra.run.smithi037.stdout:/usr/bin/ceph: stderr
2024-05-09T00:51:09.197+0000 7f7c073b2700 1 --2- 172.21.15.37:0/2391039258 >> [v2:172.21.15.37:3300/0,v1:172.21.15.37:6789/0] conn(0x7f7c00109c10 0x7f7c0007f2f0 secure :-1 s=READY pgs=54 cs=0 l=1 rev1=1 crypto rx=0x7f7bfc011a20 tx=0x7f7bfc011b00 comp rx=0 tx=0).stop
2024-05-09T00:51:10.379 INFO:teuthology.orchestra.run.smithi037.stdout:/usr/bin/ceph: stderr
2024-05-09T00:51:09.197+0000 7f7c073b2700 1 -- 172.21.15.37:0/2391039258 shutdown_connections
2024-05-09T00:51:10.379 INFO:teuthology.orchestra.run.smithi037.stdout:/usr/bin/ceph: stderr
2024-05-09T00:51:09.197+0000 7f7c073b2700 1 --2- 172.21.15.37:0/2391039258 >> [v2:172.21.15.37:6800/1512065281,v1:172.21.15.37:6801/1512065281] conn(0x7f7bec03e420 0x7f7bec040930 unknown :-1 s=CLOSED pgs=15 cs=0 l=1 rev1=1 crypto rx=0 tx=0 comp rx=0 tx=0).stop
2024-05-09T00:51:10.379 INFO:teuthology.orchestra.run.smithi037.stdout:/usr/bin/ceph: stderr
2024-05-09T00:51:09.197+0000 7f7c073b2700 1 --2- 172.21.15.37:0/2391039258 >> [v2:172.21.15.37:3300/0,v1:172.21.15.37:6789/0] conn(0x7f7c00109c10 0x7f7c0007f2f0 unknown :-1 s=CLOSED pgs=54 cs=0 l=1 rev1=1 crypto rx=0 tx=0 comp rx=0 tx=0).stop
2024-05-09T00:51:10.379 INFO:teuthology.orchestra.run.smithi037.stdout:/usr/bin/ceph: stderr
2024-05-09T00:51:09.197+0000 7f7c073b2700 1 -- 172.21.15.37:0/2391039258 >> 172.21.15.37:0/2391039258 conn(0x7f7c001052d0 msgr2=0x7f7c00106b70 unknown :-1 s=STATE_NONE l=0).mark_down
2024-05-09T00:51:10.379 INFO:teuthology.orchestra.run.smithi037.stdout:/usr/bin/ceph: stderr
2024-05-09T00:51:09.197+0000 7f7c073b2700 1 -- 172.21.15.37:0/2391039258 shutdown_connections
2024-05-09T00:51:10.379 INFO:teuthology.orchestra.run.smithi037.stdout:/usr/bin/ceph: stderr
2024-05-09T00:51:09.197+0000 7f7c073b2700 1 -- 172.21.15.37:0/2391039258 wait complete.
2024-05-09T00:51:10.379 INFO:teuthology.orchestra.run.smithi037.stdout:Enabling the dashboard module...
2024-05-09T00:51:11.474 INFO:journalctl@ceph.mon.a.smithi037.stdout:May 09 00:51:11 smithi037 ceph-mon[30122]: from='client.? 172.21.15.37:0/1666675676' entity='client.admin' cmd=[{"prefix": "mgr module enable", "module": "dashboard"}]: dispatch
2024-05-09T00:51:11.474 INFO:journalctl@ceph.mgr.x.smithi037.stdout:May 09 00:51:11 smithi037 ceph-ec4482a6-0d9d-11ef-bc97-c7b262605968-mgr-x[30352]: ignoring --setuser ceph since I am not root
2024-05-09T00:51:11.474 INFO:journalctl@ceph.mgr.x.smithi037.stdout:May 09 00:51:11 smithi037 ceph-ec4482a6-0d9d-11ef-bc97-c7b262605968-mgr-x[30352]: ignoring --setgroup ceph since I am not root
2024-05-09T00:51:11.474 INFO:journalctl@ceph.mgr.x.smithi037.stdout:May 09 00:51:11 smithi037 ceph-ec4482a6-0d9d-11ef-bc97-c7b262605968-mgr-x[30352]:
2024-05-09T00:51:11.420+0000 7f84ac4dc200 -1 mgr[py] Module balancer has missing NOTIFY_TYPES member
2024-05-09T00:51:11.875 INFO:journalctl@ceph.mgr.x.smithi037.stdout:May 09 00:51:11 smithi037 ceph-ec4482a6-0d9d-11ef-bc97-c7b262605968-mgr-x[30352]:
2024-05-09T00:51:11.623+0000 7f84ac4dc200 -1 mgr[py] Module orchestrator has missing NOTIFY_TYPES member
2024-05-09T00:51:11.875 INFO:journalctl@ceph.mgr.x.smithi037.stdout:May 09 00:51:11 smithi037 ceph-ec4482a6-0d9d-11ef-bc97-c7b262605968-mgr-x[30352]:
2024-05-09T00:51:11.731+0000 7f84ac4dc200 -1 mgr[py] Module snap_schedule has missing NOTIFY_TYPES member
2024-05-09T00:51:11.882 INFO:teuthology.orchestra.run.smithi037.stdout:/usr/bin/ceph: stderr
2024-05-09T00:51:10.827+0000 7efd1369b700 1 Processor -- start
2024-05-09T00:51:11.883 INFO:teuthology.orchestra.run.smithi037.stdout:/usr/bin/ceph: stderr
2024-05-09T00:51:10.828+0000 7efd1369b700 1 -- start start
2024-05-09T00:51:11.883 INFO:teuthology.orchestra.run.smithi037.stdout:/usr/bin/ceph: stderr
2024-05-09T00:51:10.828+0000 7efd1369b700 1 --2- >> [v2:172.21.15.37:3300/0,v1:172.21.15.37:6789/0] conn(0x7efd0c10a720 0x7efd0c10cb40 unknown :-1 s=NONE pgs=0 cs=0 l=0 rev1=0 crypto rx=0 tx=0 comp rx=0 tx=0).connect
2024-05-09T00:51:11.883 INFO:teuthology.orchestra.run.smithi037.stdout:/usr/bin/ceph: stderr
2024-05-09T00:51:10.828+0000 7efd1369b700 1 -- --> [v2:172.21.15.37:3300/0,v1:172.21.15.37:6789/0] -- mon_getmap magic: 0 -- 0x7efd0c07d840 con 0x7efd0c10a720
2024-05-09T00:51:11.883 INFO:teuthology.orchestra.run.smithi037.stdout:/usr/bin/ceph: stderr
2024-05-09T00:51:10.828+0000 7efd11437700 1 --2- >> [v2:172.21.15.37:3300/0,v1:172.21.15.37:6789/0] conn(0x7efd0c10a720 0x7efd0c10cb40 unknown :-1 s=BANNER_CONNECTING pgs=0 cs=0 l=0 rev1=0 crypto rx=0 tx=0 comp rx=0 tx=0)._handle_peer_banner_payload supported=3 required=0
2024-05-09T00:51:11.883 INFO:teuthology.orchestra.run.smithi037.stdout:/usr/bin/ceph: stderr
2024-05-09T00:51:10.828+0000 7efd11437700 1 --2- >> [v2:172.21.15.37:3300/0,v1:172.21.15.37:6789/0] conn(0x7efd0c10a720 0x7efd0c10cb40 unknown :-1 s=HELLO_CONNECTING pgs=0 cs=0 l=0 rev1=1 crypto rx=0 tx=0 comp rx=0 tx=0).handle_hello peer v2:172.21.15.37:3300/0 says I am v2:172.21.15.37:58242/0 (socket says 172.21.15.37:58242)
2024-05-09T00:51:11.883 INFO:teuthology.orchestra.run.smithi037.stdout:/usr/bin/ceph: stderr
2024-05-09T00:51:10.828+0000 7efd11437700 1 -- 172.21.15.37:0/3271351165 learned_addr learned my addr 172.21.15.37:0/3271351165 (peer_addr_for_me v2:172.21.15.37:0/0)
2024-05-09T00:51:11.883 INFO:teuthology.orchestra.run.smithi037.stdout:/usr/bin/ceph: stderr
2024-05-09T00:51:10.828+0000 7efd11437700 1 -- 172.21.15.37:0/3271351165 --> [v2:172.21.15.37:3300/0,v1:172.21.15.37:6789/0] -- mon_subscribe({config=0+,monmap=0+}) -- 0x7efd0c10d080 con 0x7efd0c10a720
2024-05-09T00:51:11.883 INFO:teuthology.orchestra.run.smithi037.stdout:/usr/bin/ceph: stderr
2024-05-09T00:51:10.829+0000 7efd11437700 1 --2- 172.21.15.37:0/3271351165 >> [v2:172.21.15.37:3300/0,v1:172.21.15.37:6789/0] conn(0x7efd0c10a720 0x7efd0c10cb40 secure :-1 s=READY pgs=55 cs=0 l=1 rev1=1 crypto rx=0x7efd080098a0 tx=0x7efd08009bb0 comp rx=0 tx=0).ready entity=mon.0 client_cookie=29e9aca9b0e753c9 server_cookie=0 in_seq=0 out_seq=0
2024-05-09T00:51:11.883 INFO:teuthology.orchestra.run.smithi037.stdout:/usr/bin/ceph: stderr
2024-05-09T00:51:10.829+0000 7efd03fff700 1 -- 172.21.15.37:0/3271351165 <== mon.0 v2:172.21.15.37:3300/0 1 ==== mon_map magic: 0 ==== 205+0+0 (secure 0 0 0) 0x7efd08004160 con 0x7efd0c10a720
2024-05-09T00:51:11.883 INFO:teuthology.orchestra.run.smithi037.stdout:/usr/bin/ceph: stderr
2024-05-09T00:51:10.829+0000 7efd03fff700 1 -- 172.21.15.37:0/3271351165 <== mon.0 v2:172.21.15.37:3300/0 2 ==== config(26 keys) ==== 1101+0+0 (secure 0 0 0) 0x7efd08004300 con 0x7efd0c10a720
2024-05-09T00:51:11.883 INFO:teuthology.orchestra.run.smithi037.stdout:/usr/bin/ceph: stderr
2024-05-09T00:51:10.829+0000 7efd03fff700 1 -- 172.21.15.37:0/3271351165 <== mon.0 v2:172.21.15.37:3300/0 3 ==== mon_map magic: 0 ==== 205+0+0 (secure 0 0 0) 0x7efd08011a20 con 0x7efd0c10a720
2024-05-09T00:51:11.883 INFO:teuthology.orchestra.run.smithi037.stdout:/usr/bin/ceph: stderr
2024-05-09T00:51:10.829+0000 7efd1369b700 1 -- 172.21.15.37:0/3271351165 >> [v2:172.21.15.37:3300/0,v1:172.21.15.37:6789/0] conn(0x7efd0c10a720 msgr2=0x7efd0c10cb40 secure :-1 s=STATE_CONNECTION_ESTABLISHED l=1).mark_down
2024-05-09T00:51:11.883 INFO:teuthology.orchestra.run.smithi037.stdout:/usr/bin/ceph: stderr
2024-05-09T00:51:10.829+0000 7efd1369b700 1 --2- 172.21.15.37:0/3271351165 >> [v2:172.21.15.37:3300/0,v1:172.21.15.37:6789/0] conn(0x7efd0c10a720 0x7efd0c10cb40 secure :-1 s=READY pgs=55 cs=0 l=1 rev1=1 crypto rx=0x7efd080098a0 tx=0x7efd08009bb0 comp rx=0 tx=0).stop
2024-05-09T00:51:11.884 INFO:teuthology.orchestra.run.smithi037.stdout:/usr/bin/ceph: stderr
2024-05-09T00:51:10.830+0000 7efd1369b700 1 -- 172.21.15.37:0/3271351165 shutdown_connections
2024-05-09T00:51:11.884 INFO:teuthology.orchestra.run.smithi037.stdout:/usr/bin/ceph: stderr
2024-05-09T00:51:10.830+0000 7efd1369b700 1 --2- 172.21.15.37:0/3271351165 >> [v2:172.21.15.37:3300/0,v1:172.21.15.37:6789/0] conn(0x7efd0c10a720 0x7efd0c10cb40 unknown :-1 s=CLOSED pgs=55 cs=0 l=1 rev1=1 crypto rx=0 tx=0 comp rx=0 tx=0).stop
2024-05-09T00:51:11.884 INFO:teuthology.orchestra.run.smithi037.stdout:/usr/bin/ceph: stderr
2024-05-09T00:51:10.830+0000 7efd1369b700 1 -- 172.21.15.37:0/3271351165 >> 172.21.15.37:0/3271351165 conn(0x7efd0c104120 msgr2=0x7efd0c1065d0 unknown :-1 s=STATE_NONE l=0).mark_down
2024-05-09T00:51:11.884 INFO:teuthology.orchestra.run.smithi037.stdout:/usr/bin/ceph: stderr
2024-05-09T00:51:10.830+0000 7efd1369b700 1 -- 172.21.15.37:0/3271351165 shutdown_connections
2024-05-09T00:51:11.884 INFO:teuthology.orchestra.run.smithi037.stdout:/usr/bin/ceph: stderr
2024-05-09T00:51:10.830+0000 7efd1369b700 1 -- 172.21.15.37:0/3271351165 wait complete.
2024-05-09T00:51:11.884 INFO:teuthology.orchestra.run.smithi037.stdout:/usr/bin/ceph: stderr
2024-05-09T00:51:10.830+0000 7efd1369b700 1 Processor -- start
2024-05-09T00:51:11.884 INFO:teuthology.orchestra.run.smithi037.stdout:/usr/bin/ceph: stderr
2024-05-09T00:51:10.830+0000 7efd1369b700 1 -- start start
2024-05-09T00:51:11.884 INFO:teuthology.orchestra.run.smithi037.stdout:/usr/bin/ceph: stderr
2024-05-09T00:51:10.831+0000 7efd1369b700 1 --2- >> [v2:172.21.15.37:3300/0,v1:172.21.15.37:6789/0] conn(0x7efd0c10a720 0x7efd0c19dfe0 unknown :-1 s=NONE pgs=0 cs=0 l=1 rev1=0 crypto rx=0 tx=0 comp rx=0 tx=0).connect
2024-05-09T00:51:11.884 INFO:teuthology.orchestra.run.smithi037.stdout:/usr/bin/ceph: stderr
2024-05-09T00:51:10.831+0000 7efd1369b700 1 -- --> [v2:172.21.15.37:3300/0,v1:172.21.15.37:6789/0] -- mon_getmap magic: 0 -- 0x7efd0c10e020 con 0x7efd0c10a720
2024-05-09T00:51:11.884 INFO:teuthology.orchestra.run.smithi037.stdout:/usr/bin/ceph: stderr
2024-05-09T00:51:10.831+0000 7efd11437700 1 --2- >> [v2:172.21.15.37:3300/0,v1:172.21.15.37:6789/0] conn(0x7efd0c10a720 0x7efd0c19dfe0 unknown :-1 s=BANNER_CONNECTING pgs=0 cs=0 l=1 rev1=0 crypto rx=0 tx=0 comp rx=0 tx=0)._handle_peer_banner_payload supported=3 required=0
2024-05-09T00:51:11.884 INFO:teuthology.orchestra.run.smithi037.stdout:/usr/bin/ceph: stderr
2024-05-09T00:51:10.831+0000 7efd11437700 1 --2- >> [v2:172.21.15.37:3300/0,v1:172.21.15.37:6789/0] conn(0x7efd0c10a720 0x7efd0c19dfe0 unknown :-1 s=HELLO_CONNECTING pgs=0 cs=0 l=1 rev1=1 crypto rx=0 tx=0 comp rx=0 tx=0).handle_hello peer v2:172.21.15.37:3300/0 says I am v2:172.21.15.37:58258/0 (socket says 172.21.15.37:58258)
2024-05-09T00:51:11.884 INFO:teuthology.orchestra.run.smithi037.stdout:/usr/bin/ceph: stderr
2024-05-09T00:51:10.831+0000 7efd11437700 1 -- 172.21.15.37:0/1666675676 learned_addr learned my addr 172.21.15.37:0/1666675676 (peer_addr_for_me v2:172.21.15.37:0/0)
2024-05-09T00:51:11.884 INFO:teuthology.orchestra.run.smithi037.stdout:/usr/bin/ceph: stderr
2024-05-09T00:51:10.831+0000 7efd11437700 1 -- 172.21.15.37:0/1666675676 --> [v2:172.21.15.37:3300/0,v1:172.21.15.37:6789/0] -- mon_subscribe({config=0+,monmap=0+}) -- 0x7efd0c19e520 con 0x7efd0c10a720
2024-05-09T00:51:11.885 INFO:teuthology.orchestra.run.smithi037.stdout:/usr/bin/ceph: stderr
2024-05-09T00:51:10.831+0000 7efd11437700 1 --2- 172.21.15.37:0/1666675676 >> [v2:172.21.15.37:3300/0,v1:172.21.15.37:6789/0] conn(0x7efd0c10a720 0x7efd0c19dfe0 secure :-1 s=READY pgs=56 cs=0 l=1 rev1=1 crypto rx=0x7efd08004660 tx=0x7efd08011aa0 comp rx=0 tx=0).ready entity=mon.0 client_cookie=0 server_cookie=0 in_seq=0 out_seq=0
2024-05-09T00:51:11.885 INFO:teuthology.orchestra.run.smithi037.stdout:/usr/bin/ceph: stderr
2024-05-09T00:51:10.831+0000 7efd027fc700 1 -- 172.21.15.37:0/1666675676 <== mon.0 v2:172.21.15.37:3300/0 1 ==== mon_map magic: 0 ==== 205+0+0 (secure 0 0 0) 0x7efd08003a60 con 0x7efd0c10a720
2024-05-09T00:51:11.885 INFO:teuthology.orchestra.run.smithi037.stdout:/usr/bin/ceph: stderr
2024-05-09T00:51:10.831+0000 7efd027fc700 1 -- 172.21.15.37:0/1666675676 <== mon.0 v2:172.21.15.37:3300/0 2 ==== config(26 keys) ==== 1101+0+0 (secure 0 0 0) 0x7efd0801b8f0 con 0x7efd0c10a720
2024-05-09T00:51:11.885 INFO:teuthology.orchestra.run.smithi037.stdout:/usr/bin/ceph: stderr
2024-05-09T00:51:10.831+0000 7efd1369b700 1 -- 172.21.15.37:0/1666675676 --> [v2:172.21.15.37:3300/0,v1:172.21.15.37:6789/0] -- mon_subscribe({mgrmap=0+}) -- 0x7efd0c19e7b0 con 0x7efd0c10a720
2024-05-09T00:51:11.885 INFO:teuthology.orchestra.run.smithi037.stdout:/usr/bin/ceph: stderr
2024-05-09T00:51:10.831+0000 7efd027fc700 1 -- 172.21.15.37:0/1666675676 <== mon.0 v2:172.21.15.37:3300/0 3 ==== mon_map magic: 0 ==== 205+0+0 (secure 0 0 0) 0x7efd08023890 con 0x7efd0c10a720
2024-05-09T00:51:11.885 INFO:teuthology.orchestra.run.smithi037.stdout:/usr/bin/ceph: stderr
2024-05-09T00:51:10.831+0000 7efd1369b700 1 -- 172.21.15.37:0/1666675676 --> [v2:172.21.15.37:3300/0,v1:172.21.15.37:6789/0] -- mon_subscribe({osdmap=0}) -- 0x7efd0c1a13c0 con 0x7efd0c10a720
2024-05-09T00:51:11.885 INFO:teuthology.orchestra.run.smithi037.stdout:/usr/bin/ceph: stderr
2024-05-09T00:51:10.832+0000 7efd1369b700 1 -- 172.21.15.37:0/1666675676 --> [v2:172.21.15.37:3300/0,v1:172.21.15.37:6789/0] -- mon_command({"prefix": "get_command_descriptions"} v 0) -- 0x7efd0c064e20 con 0x7efd0c10a720
2024-05-09T00:51:11.885 INFO:teuthology.orchestra.run.smithi037.stdout:/usr/bin/ceph: stderr
2024-05-09T00:51:10.833+0000 7efd027fc700 1 -- 172.21.15.37:0/1666675676 <== mon.0 v2:172.21.15.37:3300/0 4 ==== mgrmap(e 8) ==== 50222+0+0 (secure 0 0 0) 0x7efd0802c3f0 con 0x7efd0c10a720
2024-05-09T00:51:11.885 INFO:teuthology.orchestra.run.smithi037.stdout:/usr/bin/ceph: stderr
2024-05-09T00:51:10.833+0000 7efd027fc700 1 --2- 172.21.15.37:0/1666675676 >> [v2:172.21.15.37:6800/1512065281,v1:172.21.15.37:6801/1512065281] conn(0x7efcf803e420 0x7efcf8040930 unknown :-1 s=NONE pgs=0 cs=0 l=1 rev1=0 crypto rx=0 tx=0 comp rx=0 tx=0).connect
2024-05-09T00:51:11.885 INFO:teuthology.orchestra.run.smithi037.stdout:/usr/bin/ceph: stderr
2024-05-09T00:51:10.833+0000 7efd027fc700 1 -- 172.21.15.37:0/1666675676 <== mon.0 v2:172.21.15.37:3300/0 5 ==== osd_map(2..2 src has 1..2) ==== 940+0+0 (secure 0 0 0) 0x7efd080540b0 con 0x7efd0c10a720
2024-05-09T00:51:11.885 INFO:teuthology.orchestra.run.smithi037.stdout:/usr/bin/ceph: stderr
2024-05-09T00:51:10.833+0000 7efd10c36700 1 --2- 172.21.15.37:0/1666675676 >> [v2:172.21.15.37:6800/1512065281,v1:172.21.15.37:6801/1512065281] conn(0x7efcf803e420 0x7efcf8040930 unknown :-1 s=BANNER_CONNECTING pgs=0 cs=0 l=1 rev1=0 crypto rx=0 tx=0 comp rx=0 tx=0)._handle_peer_banner_payload supported=3 required=0
2024-05-09T00:51:11.885 INFO:teuthology.orchestra.run.smithi037.stdout:/usr/bin/ceph: stderr
2024-05-09T00:51:10.833+0000 7efd10c36700 1 --2- 172.21.15.37:0/1666675676 >> [v2:172.21.15.37:6800/1512065281,v1:172.21.15.37:6801/1512065281] conn(0x7efcf803e420 0x7efcf8040930 secure :-1 s=READY pgs=16 cs=0 l=1 rev1=1 crypto rx=0x7efcfc006fd0 tx=0x7efcfc006e40 comp rx=0 tx=0).ready entity=mgr.14120 client_cookie=0 server_cookie=0 in_seq=0 out_seq=0
2024-05-09T00:51:11.885 INFO:teuthology.orchestra.run.smithi037.stdout:/usr/bin/ceph: stderr
2024-05-09T00:51:10.838+0000 7efd027fc700 1 -- 172.21.15.37:0/1666675676 <== mon.0 v2:172.21.15.37:3300/0 6 ==== mon_command_ack([{"prefix": "get_command_descriptions"}]=0 v0) ==== 72+0+191963 (secure 0 0 0) 0x7efd0801f030 con 0x7efd0c10a720
2024-05-09T00:51:11.886 INFO:teuthology.orchestra.run.smithi037.stdout:/usr/bin/ceph: stderr
2024-05-09T00:51:11.136+0000 7efd1369b700 1 -- 172.21.15.37:0/1666675676 --> [v2:172.21.15.37:3300/0,v1:172.21.15.37:6789/0] -- mon_command({"prefix": "mgr module enable", "module": "dashboard"} v 0) -- 0x7efd0c1a19c0 con 0x7efd0c10a720
2024-05-09T00:51:11.886 INFO:teuthology.orchestra.run.smithi037.stdout:/usr/bin/ceph: stderr
2024-05-09T00:51:11.198+0000 7efd027fc700 1 -- 172.21.15.37:0/1666675676 <== mon.0 v2:172.21.15.37:3300/0 7 ==== mon_command_ack([{"prefix": "mgr module enable", "module": "dashboard"}]=0 v9) ==== 88+0+0 (secure 0 0 0) 0x7efd0801bda0 con 0x7efd0c10a720
2024-05-09T00:51:11.886 INFO:teuthology.orchestra.run.smithi037.stdout:/usr/bin/ceph: stderr
2024-05-09T00:51:11.200+0000 7efd027fc700 1 -- 172.21.15.37:0/1666675676 <== mon.0 v2:172.21.15.37:3300/0 8 ==== mgrmap(e 9) ==== 50235+0+0 (secure 0 0 0) 0x7efd08018530 con 0x7efd0c10a720
2024-05-09T00:51:11.886 INFO:teuthology.orchestra.run.smithi037.stdout:/usr/bin/ceph: stderr
2024-05-09T00:51:11.201+0000 7efd1369b700 1 -- 172.21.15.37:0/1666675676 >> [v2:172.21.15.37:6800/1512065281,v1:172.21.15.37:6801/1512065281] conn(0x7efcf803e420 msgr2=0x7efcf8040930 secure :-1 s=STATE_CONNECTION_ESTABLISHED l=1).mark_down
2024-05-09T00:51:11.886 INFO:teuthology.orchestra.run.smithi037.stdout:/usr/bin/ceph: stderr
