2024-05-09T01:14:48.871+0000 7f5d874cb700 1 -- 172.21.15.19:0/1501454756 wait complete.
2024-05-09T01:14:54.995 INFO:teuthology.orchestra.run.smithi019.stdout:/usr/bin/ceph: stderr
2024-05-09T01:14:48.871+0000 7f5d874cb700 1 Processor -- start
2024-05-09T01:14:54.996 INFO:teuthology.orchestra.run.smithi019.stdout:/usr/bin/ceph: stderr
2024-05-09T01:14:48.872+0000 7f5d874cb700 1 -- start start
2024-05-09T01:14:54.996 INFO:teuthology.orchestra.run.smithi019.stdout:/usr/bin/ceph: stderr
2024-05-09T01:14:48.872+0000 7f5d874cb700 1 --2- >> [v2:172.21.15.19:3300/0,v1:172.21.15.19:6789/0] conn(0x7f5d8010a7c0 0x7f5d8019e060 unknown :-1 s=NONE pgs=0 cs=0 l=1 rev1=0 crypto rx=0 tx=0 comp rx=0 tx=0).connect
2024-05-09T01:14:54.996 INFO:teuthology.orchestra.run.smithi019.stdout:/usr/bin/ceph: stderr
2024-05-09T01:14:48.872+0000 7f5d874cb700 1 -- --> [v2:172.21.15.19:3300/0,v1:172.21.15.19:6789/0] -- mon_getmap magic: 0 -- 0x7f5d8010e080 con 0x7f5d8010a7c0
2024-05-09T01:14:54.996 INFO:teuthology.orchestra.run.smithi019.stdout:/usr/bin/ceph: stderr
2024-05-09T01:14:48.872+0000 7f5d85267700 1 --2- >> [v2:172.21.15.19:3300/0,v1:172.21.15.19:6789/0] conn(0x7f5d8010a7c0 0x7f5d8019e060 unknown :-1 s=BANNER_CONNECTING pgs=0 cs=0 l=1 rev1=0 crypto rx=0 tx=0 comp rx=0 tx=0)._handle_peer_banner_payload supported=3 required=0
2024-05-09T01:14:54.996 INFO:teuthology.orchestra.run.smithi019.stdout:/usr/bin/ceph: stderr
2024-05-09T01:14:48.872+0000 7f5d85267700 1 --2- >> [v2:172.21.15.19:3300/0,v1:172.21.15.19:6789/0] conn(0x7f5d8010a7c0 0x7f5d8019e060 unknown :-1 s=HELLO_CONNECTING pgs=0 cs=0 l=1 rev1=1 crypto rx=0 tx=0 comp rx=0 tx=0).handle_hello peer v2:172.21.15.19:3300/0 says I am v2:172.21.15.19:57936/0 (socket says 172.21.15.19:57936)
2024-05-09T01:14:54.996 INFO:teuthology.orchestra.run.smithi019.stdout:/usr/bin/ceph: stderr
2024-05-09T01:14:48.872+0000 7f5d85267700 1 -- 172.21.15.19:0/2389272661 learned_addr learned my addr 172.21.15.19:0/2389272661 (peer_addr_for_me v2:172.21.15.19:0/0)
2024-05-09T01:14:54.996 INFO:teuthology.orchestra.run.smithi019.stdout:/usr/bin/ceph: stderr
2024-05-09T01:14:48.872+0000 7f5d85267700 1 -- 172.21.15.19:0/2389272661 --> [v2:172.21.15.19:3300/0,v1:172.21.15.19:6789/0] -- mon_subscribe({config=0+,monmap=0+}) -- 0x7f5d8019e5a0 con 0x7f5d8010a7c0
2024-05-09T01:14:54.996 INFO:teuthology.orchestra.run.smithi019.stdout:/usr/bin/ceph: stderr
2024-05-09T01:14:48.872+0000 7f5d85267700 1 --2- 172.21.15.19:0/2389272661 >> [v2:172.21.15.19:3300/0,v1:172.21.15.19:6789/0] conn(0x7f5d8010a7c0 0x7f5d8019e060 secure :-1 s=READY pgs=27 cs=0 l=1 rev1=1 crypto rx=0x7f5d7c0117b0 tx=0x7f5d7c011b70 comp rx=0 tx=0).ready entity=mon.0 client_cookie=0 server_cookie=0 in_seq=0 out_seq=0
2024-05-09T01:14:54.996 INFO:teuthology.orchestra.run.smithi019.stdout:/usr/bin/ceph: stderr
2024-05-09T01:14:48.873+0000 7f5d767fc700 1 -- 172.21.15.19:0/2389272661 <== mon.0 v2:172.21.15.19:3300/0 1 ==== mon_map magic: 0 ==== 205+0+0 (secure 0 0 0) 0x7f5d7c003af0 con 0x7f5d8010a7c0
2024-05-09T01:14:54.996 INFO:teuthology.orchestra.run.smithi019.stdout:/usr/bin/ceph: stderr
2024-05-09T01:14:48.873+0000 7f5d767fc700 1 -- 172.21.15.19:0/2389272661 <== mon.0 v2:172.21.15.19:3300/0 2 ==== config(26 keys) ==== 1070+0+0 (secure 0 0 0) 0x7f5d7c020070 con 0x7f5d8010a7c0
2024-05-09T01:14:54.996 INFO:teuthology.orchestra.run.smithi019.stdout:/usr/bin/ceph: stderr
2024-05-09T01:14:48.873+0000 7f5d874cb700 1 -- 172.21.15.19:0/2389272661 --> [v2:172.21.15.19:3300/0,v1:172.21.15.19:6789/0] -- mon_subscribe({mgrmap=0+}) -- 0x7f5d8019e830 con 0x7f5d8010a7c0
2024-05-09T01:14:54.996 INFO:teuthology.orchestra.run.smithi019.stdout:/usr/bin/ceph: stderr
2024-05-09T01:14:48.873+0000 7f5d767fc700 1 -- 172.21.15.19:0/2389272661 <== mon.0 v2:172.21.15.19:3300/0 3 ==== mon_map magic: 0 ==== 205+0+0 (secure 0 0 0) 0x7f5d7c019630 con 0x7f5d8010a7c0
2024-05-09T01:14:54.996 INFO:teuthology.orchestra.run.smithi019.stdout:/usr/bin/ceph: stderr
2024-05-09T01:14:48.873+0000 7f5d874cb700 1 -- 172.21.15.19:0/2389272661 --> [v2:172.21.15.19:3300/0,v1:172.21.15.19:6789/0] -- mon_subscribe({osdmap=0}) -- 0x7f5d801a1440 con 0x7f5d8010a7c0
2024-05-09T01:14:54.997 INFO:teuthology.orchestra.run.smithi019.stdout:/usr/bin/ceph: stderr
2024-05-09T01:14:48.874+0000 7f5d767fc700 1 -- 172.21.15.19:0/2389272661 <== mon.0 v2:172.21.15.19:3300/0 4 ==== mgrmap(e 5) ==== 50222+0+0 (secure 0 0 0) 0x7f5d7c0198f0 con 0x7f5d8010a7c0
2024-05-09T01:14:54.997 INFO:teuthology.orchestra.run.smithi019.stdout:/usr/bin/ceph: stderr
2024-05-09T01:14:48.874+0000 7f5d767fc700 1 --2- 172.21.15.19:0/2389272661 >> [v2:172.21.15.19:6800/3332485717,v1:172.21.15.19:6801/3332485717] conn(0x7f5d6c03e470 0x7f5d6c040980 unknown :-1 s=NONE pgs=0 cs=0 l=1 rev1=0 crypto rx=0 tx=0 comp rx=0 tx=0).connect
2024-05-09T01:14:54.997 INFO:teuthology.orchestra.run.smithi019.stdout:/usr/bin/ceph: stderr
2024-05-09T01:14:48.874+0000 7f5d767fc700 1 -- 172.21.15.19:0/2389272661 --> [v2:172.21.15.19:6800/3332485717,v1:172.21.15.19:6801/3332485717] -- command(tid 0: {"prefix": "get_command_descriptions"}) -- 0x7f5d6c041090 con 0x7f5d6c03e470
2024-05-09T01:14:54.997 INFO:teuthology.orchestra.run.smithi019.stdout:/usr/bin/ceph: stderr
2024-05-09T01:14:48.874+0000 7f5d767fc700 1 -- 172.21.15.19:0/2389272661 <== mon.0 v2:172.21.15.19:3300/0 5 ==== osd_map(1..1 src has 1..1) ==== 725+0+0 (secure 0 0 0) 0x7f5d7c053ad0 con 0x7f5d8010a7c0
2024-05-09T01:14:54.997 INFO:teuthology.orchestra.run.smithi019.stdout:/usr/bin/ceph: stderr
2024-05-09T01:14:48.874+0000 7f5d84a66700 1 -- 172.21.15.19:0/2389272661 >> [v2:172.21.15.19:6800/3332485717,v1:172.21.15.19:6801/3332485717] conn(0x7f5d6c03e470 msgr2=0x7f5d6c040980 unknown :-1 s=STATE_CONNECTING_RE l=1).process reconnect failed to v2:172.21.15.19:6800/3332485717
2024-05-09T01:14:54.997 INFO:teuthology.orchestra.run.smithi019.stdout:/usr/bin/ceph: stderr
2024-05-09T01:14:48.874+0000 7f5d84a66700 1 --2- 172.21.15.19:0/2389272661 >> [v2:172.21.15.19:6800/3332485717,v1:172.21.15.19:6801/3332485717] conn(0x7f5d6c03e470 0x7f5d6c040980 unknown :-1 s=START_CONNECT pgs=0 cs=0 l=1 rev1=0 crypto rx=0 tx=0 comp rx=0 tx=0)._fault waiting 0.200000
2024-05-09T01:14:54.997 INFO:teuthology.orchestra.run.smithi019.stdout:/usr/bin/ceph: stderr
2024-05-09T01:14:49.075+0000 7f5d84a66700 1 -- 172.21.15.19:0/2389272661 >> [v2:172.21.15.19:6800/3332485717,v1:172.21.15.19:6801/3332485717] conn(0x7f5d6c03e470 msgr2=0x7f5d6c040980 unknown :-1 s=STATE_CONNECTING_RE l=1).process reconnect failed to v2:172.21.15.19:6800/3332485717
2024-05-09T01:14:54.997 INFO:teuthology.orchestra.run.smithi019.stdout:/usr/bin/ceph: stderr
2024-05-09T01:14:49.075+0000 7f5d84a66700 1 --2- 172.21.15.19:0/2389272661 >> [v2:172.21.15.19:6800/3332485717,v1:172.21.15.19:6801/3332485717] conn(0x7f5d6c03e470 0x7f5d6c040980 unknown :-1 s=START_CONNECT pgs=0 cs=0 l=1 rev1=0 crypto rx=0 tx=0 comp rx=0 tx=0)._fault waiting 0.400000
2024-05-09T01:14:54.997 INFO:teuthology.orchestra.run.smithi019.stdout:/usr/bin/ceph: stderr
2024-05-09T01:14:49.476+0000 7f5d84a66700 1 -- 172.21.15.19:0/2389272661 >> [v2:172.21.15.19:6800/3332485717,v1:172.21.15.19:6801/3332485717] conn(0x7f5d6c03e470 msgr2=0x7f5d6c040980 unknown :-1 s=STATE_CONNECTING_RE l=1).process reconnect failed to v2:172.21.15.19:6800/3332485717
2024-05-09T01:14:54.997 INFO:teuthology.orchestra.run.smithi019.stdout:/usr/bin/ceph: stderr
2024-05-09T01:14:49.476+0000 7f5d84a66700 1 --2- 172.21.15.19:0/2389272661 >> [v2:172.21.15.19:6800/3332485717,v1:172.21.15.19:6801/3332485717] conn(0x7f5d6c03e470 0x7f5d6c040980 unknown :-1 s=START_CONNECT pgs=0 cs=0 l=1 rev1=0 crypto rx=0 tx=0 comp rx=0 tx=0)._fault waiting 0.800000
2024-05-09T01:14:54.998 INFO:teuthology.orchestra.run.smithi019.stdout:/usr/bin/ceph: stderr
2024-05-09T01:14:50.277+0000 7f5d84a66700 1 -- 172.21.15.19:0/2389272661 >> [v2:172.21.15.19:6800/3332485717,v1:172.21.15.19:6801/3332485717] conn(0x7f5d6c03e470 msgr2=0x7f5d6c040980 unknown :-1 s=STATE_CONNECTING_RE l=1).process reconnect failed to v2:172.21.15.19:6800/3332485717
2024-05-09T01:14:54.998 INFO:teuthology.orchestra.run.smithi019.stdout:/usr/bin/ceph: stderr
2024-05-09T01:14:50.277+0000 7f5d84a66700 1 --2- 172.21.15.19:0/2389272661 >> [v2:172.21.15.19:6800/3332485717,v1:172.21.15.19:6801/3332485717] conn(0x7f5d6c03e470 0x7f5d6c040980 unknown :-1 s=START_CONNECT pgs=0 cs=0 l=1 rev1=0 crypto rx=0 tx=0 comp rx=0 tx=0)._fault waiting 1.600000
2024-05-09T01:14:54.998 INFO:teuthology.orchestra.run.smithi019.stdout:/usr/bin/ceph: stderr
2024-05-09T01:14:51.878+0000 7f5d84a66700 1 -- 172.21.15.19:0/2389272661 >> [v2:172.21.15.19:6800/3332485717,v1:172.21.15.19:6801/3332485717] conn(0x7f5d6c03e470 msgr2=0x7f5d6c040980 unknown :-1 s=STATE_CONNECTING_RE l=1).process reconnect failed to v2:172.21.15.19:6800/3332485717
2024-05-09T01:14:54.998 INFO:teuthology.orchestra.run.smithi019.stdout:/usr/bin/ceph: stderr
2024-05-09T01:14:51.878+0000 7f5d84a66700 1 --2- 172.21.15.19:0/2389272661 >> [v2:172.21.15.19:6800/3332485717,v1:172.21.15.19:6801/3332485717] conn(0x7f5d6c03e470 0x7f5d6c040980 unknown :-1 s=START_CONNECT pgs=0 cs=0 l=1 rev1=0 crypto rx=0 tx=0 comp rx=0 tx=0)._fault waiting 3.200000
2024-05-09T01:14:54.998 INFO:teuthology.orchestra.run.smithi019.stdout:/usr/bin/ceph: stderr
2024-05-09T01:14:53.394+0000 7f5d767fc700 1 -- 172.21.15.19:0/2389272661 <== mon.0 v2:172.21.15.19:3300/0 6 ==== mgrmap(e 6) ==== 49989+0+0 (secure 0 0 0) 0x7f5d7c019c30 con 0x7f5d8010a7c0
2024-05-09T01:14:54.998 INFO:teuthology.orchestra.run.smithi019.stdout:/usr/bin/ceph: stderr
2024-05-09T01:14:53.394+0000 7f5d767fc700 1 -- 172.21.15.19:0/2389272661 >> [v2:172.21.15.19:6800/3332485717,v1:172.21.15.19:6801/3332485717] conn(0x7f5d6c03e470 msgr2=0x7f5d6c040980 unknown :-1 s=STATE_CONNECTING l=1).mark_down
2024-05-09T01:14:54.998 INFO:teuthology.orchestra.run.smithi019.stdout:/usr/bin/ceph: stderr
2024-05-09T01:14:53.394+0000 7f5d767fc700 1 --2- 172.21.15.19:0/2389272661 >> [v2:172.21.15.19:6800/3332485717,v1:172.21.15.19:6801/3332485717] conn(0x7f5d6c03e470 0x7f5d6c040980 unknown :-1 s=START_CONNECT pgs=0 cs=0 l=1 rev1=0 crypto rx=0 tx=0 comp rx=0 tx=0).stop
2024-05-09T01:14:54.998 INFO:teuthology.orchestra.run.smithi019.stdout:/usr/bin/ceph: stderr
2024-05-09T01:14:54.395+0000 7f5d767fc700 1 -- 172.21.15.19:0/2389272661 <== mon.0 v2:172.21.15.19:3300/0 7 ==== mgrmap(e 7) ==== 50116+0+0 (secure 0 0 0) 0x7f5d7c055b30 con 0x7f5d8010a7c0
2024-05-09T01:14:54.998 INFO:teuthology.orchestra.run.smithi019.stdout:/usr/bin/ceph: stderr
2024-05-09T01:14:54.395+0000 7f5d767fc700 1 --2- 172.21.15.19:0/2389272661 >> [v2:172.21.15.19:6800/112627556,v1:172.21.15.19:6801/112627556] conn(0x7f5d6c041db0 0x7f5d6c0441d0 unknown :-1 s=NONE pgs=0 cs=0 l=1 rev1=0 crypto rx=0 tx=0 comp rx=0 tx=0).connect
2024-05-09T01:14:54.998 INFO:teuthology.orchestra.run.smithi019.stdout:/usr/bin/ceph: stderr
2024-05-09T01:14:54.395+0000 7f5d767fc700 1 -- 172.21.15.19:0/2389272661 --> [v2:172.21.15.19:6800/112627556,v1:172.21.15.19:6801/112627556] -- command(tid 0: {"prefix": "get_command_descriptions"}) -- 0x7f5d6c041090 con 0x7f5d6c041db0
2024-05-09T01:14:54.998 INFO:teuthology.orchestra.run.smithi019.stdout:/usr/bin/ceph: stderr
2024-05-09T01:14:54.396+0000 7f5d84a66700 1 --2- 172.21.15.19:0/2389272661 >> [v2:172.21.15.19:6800/112627556,v1:172.21.15.19:6801/112627556] conn(0x7f5d6c041db0 0x7f5d6c0441d0 unknown :-1 s=BANNER_CONNECTING pgs=0 cs=0 l=1 rev1=0 crypto rx=0 tx=0 comp rx=0 tx=0)._handle_peer_banner_payload supported=3 required=0
2024-05-09T01:14:54.998 INFO:teuthology.orchestra.run.smithi019.stdout:/usr/bin/ceph: stderr
2024-05-09T01:14:54.397+0000 7f5d84a66700 1 --2- 172.21.15.19:0/2389272661 >> [v2:172.21.15.19:6800/112627556,v1:172.21.15.19:6801/112627556] conn(0x7f5d6c041db0 0x7f5d6c0441d0 secure :-1 s=READY pgs=1 cs=0 l=1 rev1=1 crypto rx=0x7f5d70003a10 tx=0x7f5d70009290 comp rx=0 tx=0).ready entity=mgr.14118 client_cookie=0 server_cookie=0 in_seq=0 out_seq=0
2024-05-09T01:14:54.999 INFO:teuthology.orchestra.run.smithi019.stdout:/usr/bin/ceph: stderr
2024-05-09T01:14:54.397+0000 7f5d767fc700 1 -- 172.21.15.19:0/2389272661 <== mgr.14118 v2:172.21.15.19:6800/112627556 1 ==== command_reply(tid 0: 0 ) ==== 8+0+9564 (secure 0 0 0) 0x7f5d6c041090 con 0x7f5d6c041db0
2024-05-09T01:14:54.999 INFO:teuthology.orchestra.run.smithi019.stdout:/usr/bin/ceph: stderr
2024-05-09T01:14:54.406+0000 7f5d874cb700 1 -- 172.21.15.19:0/2389272661 --> [v2:172.21.15.19:6800/112627556,v1:172.21.15.19:6801/112627556] -- command(tid 1: {"prefix": "mgr_status"}) -- 0x7f5d80064e20 con 0x7f5d6c041db0
2024-05-09T01:14:54.999 INFO:teuthology.orchestra.run.smithi019.stdout:/usr/bin/ceph: stderr
2024-05-09T01:14:54.406+0000 7f5d767fc700 1 -- 172.21.15.19:0/2389272661 <== mgr.14118 v2:172.21.15.19:6800/112627556 2 ==== command_reply(tid 1: 0 ) ==== 8+0+51 (secure 0 0 0) 0x7f5d80064e20 con 0x7f5d6c041db0
2024-05-09T01:14:54.999 INFO:teuthology.orchestra.run.smithi019.stdout:/usr/bin/ceph: stderr
2024-05-09T01:14:54.406+0000 7f5d874cb700 1 -- 172.21.15.19:0/2389272661 >> [v2:172.21.15.19:6800/112627556,v1:172.21.15.19:6801/112627556] conn(0x7f5d6c041db0 msgr2=0x7f5d6c0441d0 secure :-1 s=STATE_CONNECTION_ESTABLISHED l=1).mark_down
2024-05-09T01:14:54.999 INFO:teuthology.orchestra.run.smithi019.stdout:/usr/bin/ceph: stderr
2024-05-09T01:14:54.406+0000 7f5d874cb700 1 --2- 172.21.15.19:0/2389272661 >> [v2:172.21.15.19:6800/112627556,v1:172.21.15.19:6801/112627556] conn(0x7f5d6c041db0 0x7f5d6c0441d0 secure :-1 s=READY pgs=1 cs=0 l=1 rev1=1 crypto rx=0x7f5d70003a10 tx=0x7f5d70009290 comp rx=0 tx=0).stop
2024-05-09T01:14:54.999 INFO:teuthology.orchestra.run.smithi019.stdout:/usr/bin/ceph: stderr
2024-05-09T01:14:54.406+0000 7f5d874cb700 1 -- 172.21.15.19:0/2389272661 >> [v2:172.21.15.19:3300/0,v1:172.21.15.19:6789/0] conn(0x7f5d8010a7c0 msgr2=0x7f5d8019e060 secure :-1 s=STATE_CONNECTION_ESTABLISHED l=1).mark_down
2024-05-09T01:14:54.999 INFO:teuthology.orchestra.run.smithi019.stdout:/usr/bin/ceph: stderr
2024-05-09T01:14:54.406+0000 7f5d874cb700 1 --2- 172.21.15.19:0/2389272661 >> [v2:172.21.15.19:3300/0,v1:172.21.15.19:6789/0] conn(0x7f5d8010a7c0 0x7f5d8019e060 secure :-1 s=READY pgs=27 cs=0 l=1 rev1=1 crypto rx=0x7f5d7c0117b0 tx=0x7f5d7c011b70 comp rx=0 tx=0).stop
2024-05-09T01:14:54.999 INFO:teuthology.orchestra.run.smithi019.stdout:/usr/bin/ceph: stderr
2024-05-09T01:14:54.406+0000 7f5d874cb700 1 -- 172.21.15.19:0/2389272661 shutdown_connections
2024-05-09T01:14:54.999 INFO:teuthology.orchestra.run.smithi019.stdout:/usr/bin/ceph: stderr
2024-05-09T01:14:54.406+0000 7f5d874cb700 1 --2- 172.21.15.19:0/2389272661 >> [v2:172.21.15.19:6800/112627556,v1:172.21.15.19:6801/112627556] conn(0x7f5d6c041db0 0x7f5d6c0441d0 unknown :-1 s=CLOSED pgs=1 cs=0 l=1 rev1=1 crypto rx=0 tx=0 comp rx=0 tx=0).stop
2024-05-09T01:14:54.999 INFO:teuthology.orchestra.run.smithi019.stdout:/usr/bin/ceph: stderr
2024-05-09T01:14:54.406+0000 7f5d874cb700 1 --2- 172.21.15.19:0/2389272661 >> [v2:172.21.15.19:3300/0,v1:172.21.15.19:6789/0] conn(0x7f5d8010a7c0 0x7f5d8019e060 unknown :-1 s=CLOSED pgs=27 cs=0 l=1 rev1=1 crypto rx=0 tx=0 comp rx=0 tx=0).stop
2024-05-09T01:14:54.999 INFO:teuthology.orchestra.run.smithi019.stdout:/usr/bin/ceph: stderr
2024-05-09T01:14:54.406+0000 7f5d874cb700 1 --2- 172.21.15.19:0/2389272661 >> [v2:172.21.15.19:6800/3332485717,v1:172.21.15.19:6801/3332485717] conn(0x7f5d6c03e470 0x7f5d6c040980 unknown :-1 s=CLOSED pgs=0 cs=0 l=1 rev1=0 crypto rx=0 tx=0 comp rx=0 tx=0).stop
2024-05-09T01:14:54.999 INFO:teuthology.orchestra.run.smithi019.stdout:/usr/bin/ceph: stderr
2024-05-09T01:14:54.406+0000 7f5d874cb700 1 -- 172.21.15.19:0/2389272661 >> 172.21.15.19:0/2389272661 conn(0x7f5d80104240 msgr2=0x7f5d80105ae0 unknown :-1 s=STATE_NONE l=0).mark_down
2024-05-09T01:14:54.999 INFO:teuthology.orchestra.run.smithi019.stdout:/usr/bin/ceph: stderr
2024-05-09T01:14:54.406+0000 7f5d874cb700 1 -- 172.21.15.19:0/2389272661 shutdown_connections
2024-05-09T01:14:55.000 INFO:teuthology.orchestra.run.smithi019.stdout:/usr/bin/ceph: stderr
2024-05-09T01:14:54.406+0000 7f5d874cb700 1 -- 172.21.15.19:0/2389272661 wait complete.
2024-05-09T01:14:55.000 INFO:teuthology.orchestra.run.smithi019.stdout:mgr epoch 5 is available
2024-05-09T01:14:55.000 INFO:teuthology.orchestra.run.smithi019.stdout:Setting orchestrator backend to cephadm...
2024-05-09T01:14:55.641 INFO:journalctl@ceph.mon.a.smithi019.stdout:May 09 01:14:55 smithi019 ceph-mon[30158]: from='client.14122 -' entity='client.admin' cmd=[{"prefix": "get_command_descriptions"}]: dispatch
2024-05-09T01:14:55.642 INFO:journalctl@ceph.mon.a.smithi019.stdout:May 09 01:14:55 smithi019 ceph-mon[30158]: from='client.14122 -' entity='client.admin' cmd=[{"prefix": "mgr_status"}]: dispatch
2024-05-09T01:14:55.642 INFO:journalctl@ceph.mon.a.smithi019.stdout:May 09 01:14:55 smithi019 ceph-mon[30158]: from='mgr.14118 172.21.15.19:0/3467415941' entity='mgr.x' cmd=[{"prefix": "config dump", "format": "json"}]: dispatch
2024-05-09T01:14:56.205 INFO:teuthology.orchestra.run.smithi019.stdout:/usr/bin/ceph: stderr
2024-05-09T01:14:55.393+0000 7f72a5431700 1 Processor -- start
2024-05-09T01:14:56.206 INFO:teuthology.orchestra.run.smithi019.stdout:/usr/bin/ceph: stderr
2024-05-09T01:14:55.393+0000 7f72a5431700 1 -- start start
2024-05-09T01:14:56.206 INFO:teuthology.orchestra.run.smithi019.stdout:/usr/bin/ceph: stderr
2024-05-09T01:14:55.393+0000 7f72a5431700 1 --2- >> [v2:172.21.15.19:3300/0,v1:172.21.15.19:6789/0] conn(0x7f72a010a760 0x7f72a010cb80 unknown :-1 s=NONE pgs=0 cs=0 l=0 rev1=0 crypto rx=0 tx=0 comp rx=0 tx=0).connect
2024-05-09T01:14:56.206 INFO:teuthology.orchestra.run.smithi019.stdout:/usr/bin/ceph: stderr
2024-05-09T01:14:55.393+0000 7f72a5431700 1 -- --> [v2:172.21.15.19:3300/0,v1:172.21.15.19:6789/0] -- mon_getmap magic: 0 -- 0x7f72a0077170 con 0x7f72a010a760
2024-05-09T01:14:56.206 INFO:teuthology.orchestra.run.smithi019.stdout:/usr/bin/ceph: stderr
2024-05-09T01:14:55.394+0000 7f729effd700 1 --2- >> [v2:172.21.15.19:3300/0,v1:172.21.15.19:6789/0] conn(0x7f72a010a760 0x7f72a010cb80 unknown :-1 s=BANNER_CONNECTING pgs=0 cs=0 l=0 rev1=0 crypto rx=0 tx=0 comp rx=0 tx=0)._handle_peer_banner_payload supported=3 required=0
2024-05-09T01:14:56.206 INFO:teuthology.orchestra.run.smithi019.stdout:/usr/bin/ceph: stderr
2024-05-09T01:14:55.394+0000 7f729effd700 1 --2- >> [v2:172.21.15.19:3300/0,v1:172.21.15.19:6789/0] conn(0x7f72a010a760 0x7f72a010cb80 unknown :-1 s=HELLO_CONNECTING pgs=0 cs=0 l=0 rev1=1 crypto rx=0 tx=0 comp rx=0 tx=0).handle_hello peer v2:172.21.15.19:3300/0 says I am v2:172.21.15.19:42324/0 (socket says 172.21.15.19:42324)
2024-05-09T01:14:56.206 INFO:teuthology.orchestra.run.smithi019.stdout:/usr/bin/ceph: stderr
2024-05-09T01:14:55.394+0000 7f729effd700 1 -- 172.21.15.19:0/4271181988 learned_addr learned my addr 172.21.15.19:0/4271181988 (peer_addr_for_me v2:172.21.15.19:0/0)
2024-05-09T01:14:56.206 INFO:teuthology.orchestra.run.smithi019.stdout:/usr/bin/ceph: stderr
2024-05-09T01:14:55.394+0000 7f729effd700 1 -- 172.21.15.19:0/4271181988 --> [v2:172.21.15.19:3300/0,v1:172.21.15.19:6789/0] -- mon_subscribe({config=0+,monmap=0+}) -- 0x7f72a010d0c0 con 0x7f72a010a760
2024-05-09T01:14:56.206 INFO:teuthology.orchestra.run.smithi019.stdout:/usr/bin/ceph: stderr
2024-05-09T01:14:55.394+0000 7f729effd700 1 --2- 172.21.15.19:0/4271181988 >> [v2:172.21.15.19:3300/0,v1:172.21.15.19:6789/0] conn(0x7f72a010a760 0x7f72a010cb80 secure :-1 s=READY pgs=35 cs=0 l=1 rev1=1 crypto rx=0x7f72900098a0 tx=0x7f7290009bb0 comp rx=0 tx=0).ready entity=mon.0 client_cookie=116dd1ce3c1ba4b9 server_cookie=0 in_seq=0 out_seq=0
2024-05-09T01:14:56.206 INFO:teuthology.orchestra.run.smithi019.stdout:/usr/bin/ceph: stderr
2024-05-09T01:14:55.394+0000 7f729e7fc700 1 -- 172.21.15.19:0/4271181988 <== mon.0 v2:172.21.15.19:3300/0 1 ==== mon_map magic: 0 ==== 205+0+0 (secure 0 0 0) 0x7f7290004160 con 0x7f72a010a760
2024-05-09T01:14:56.206 INFO:teuthology.orchestra.run.smithi019.stdout:/usr/bin/ceph: stderr
2024-05-09T01:14:55.394+0000 7f729e7fc700 1 -- 172.21.15.19:0/4271181988 <== mon.0 v2:172.21.15.19:3300/0 2 ==== config(26 keys) ==== 1070+0+0 (secure 0 0 0) 0x7f7290004300 con 0x7f72a010a760
2024-05-09T01:14:56.206 INFO:teuthology.orchestra.run.smithi019.stdout:/usr/bin/ceph: stderr
2024-05-09T01:14:55.394+0000 7f729e7fc700 1 -- 172.21.15.19:0/4271181988 <== mon.0 v2:172.21.15.19:3300/0 3 ==== mon_map magic: 0 ==== 205+0+0 (secure 0 0 0) 0x7f7290011af0 con 0x7f72a010a760
2024-05-09T01:14:56.206 INFO:teuthology.orchestra.run.smithi019.stdout:/usr/bin/ceph: stderr
2024-05-09T01:14:55.395+0000 7f72a5431700 1 -- 172.21.15.19:0/4271181988 >> [v2:172.21.15.19:3300/0,v1:172.21.15.19:6789/0] conn(0x7f72a010a760 msgr2=0x7f72a010cb80 secure :-1 s=STATE_CONNECTION_ESTABLISHED l=1).mark_down
2024-05-09T01:14:56.207 INFO:teuthology.orchestra.run.smithi019.stdout:/usr/bin/ceph: stderr
2024-05-09T01:14:55.395+0000 7f72a5431700 1 --2- 172.21.15.19:0/4271181988 >> [v2:172.21.15.19:3300/0,v1:172.21.15.19:6789/0] conn(0x7f72a010a760 0x7f72a010cb80 secure :-1 s=READY pgs=35 cs=0 l=1 rev1=1 crypto rx=0x7f72900098a0 tx=0x7f7290009bb0 comp rx=0 tx=0).stop
2024-05-09T01:14:56.207 INFO:teuthology.orchestra.run.smithi019.stdout:/usr/bin/ceph: stderr
2024-05-09T01:14:55.395+0000 7f72a5431700 1 -- 172.21.15.19:0/4271181988 shutdown_connections
2024-05-09T01:14:56.207 INFO:teuthology.orchestra.run.smithi019.stdout:/usr/bin/ceph: stderr
2024-05-09T01:14:55.395+0000 7f72a5431700 1 --2- 172.21.15.19:0/4271181988 >> [v2:172.21.15.19:3300/0,v1:172.21.15.19:6789/0] conn(0x7f72a010a760 0x7f72a010cb80 unknown :-1 s=CLOSED pgs=35 cs=0 l=1 rev1=1 crypto rx=0 tx=0 comp rx=0 tx=0).stop
2024-05-09T01:14:56.207 INFO:teuthology.orchestra.run.smithi019.stdout:/usr/bin/ceph: stderr
2024-05-09T01:14:55.395+0000 7f72a5431700 1 -- 172.21.15.19:0/4271181988 >> 172.21.15.19:0/4271181988 conn(0x7f72a0104240 msgr2=0x7f72a0106690 unknown :-1 s=STATE_NONE l=0).mark_down
2024-05-09T01:14:56.207 INFO:teuthology.orchestra.run.smithi019.stdout:/usr/bin/ceph: stderr
2024-05-09T01:14:55.395+0000 7f72a5431700 1 -- 172.21.15.19:0/4271181988 shutdown_connections
2024-05-09T01:14:56.207 INFO:teuthology.orchestra.run.smithi019.stdout:/usr/bin/ceph: stderr
2024-05-09T01:14:55.395+0000 7f72a5431700 1 -- 172.21.15.19:0/4271181988 wait complete.
2024-05-09T01:14:56.207 INFO:teuthology.orchestra.run.smithi019.stdout:/usr/bin/ceph: stderr
2024-05-09T01:14:55.396+0000 7f72a5431700 1 Processor -- start
2024-05-09T01:14:56.207 INFO:teuthology.orchestra.run.smithi019.stdout:/usr/bin/ceph: stderr
2024-05-09T01:14:55.396+0000 7f72a5431700 1 -- start start
2024-05-09T01:14:56.207 INFO:teuthology.orchestra.run.smithi019.stdout:/usr/bin/ceph: stderr
2024-05-09T01:14:55.396+0000 7f72a5431700 1 --2- >> [v2:172.21.15.19:3300/0,v1:172.21.15.19:6789/0] conn(0x7f72a010a760 0x7f72a019e030 unknown :-1 s=NONE pgs=0 cs=0 l=1 rev1=0 crypto rx=0 tx=0 comp rx=0 tx=0).connect
2024-05-09T01:14:56.207 INFO:teuthology.orchestra.run.smithi019.stdout:/usr/bin/ceph: stderr
2024-05-09T01:14:55.396+0000 7f72a5431700 1 -- --> [v2:172.21.15.19:3300/0,v1:172.21.15.19:6789/0] -- mon_getmap magic: 0 -- 0x7f72a010e080 con 0x7f72a010a760
2024-05-09T01:14:56.207 INFO:teuthology.orchestra.run.smithi019.stdout:/usr/bin/ceph: stderr
2024-05-09T01:14:55.396+0000 7f729effd700 1 --2- >> [v2:172.21.15.19:3300/0,v1:172.21.15.19:6789/0] conn(0x7f72a010a760 0x7f72a019e030 unknown :-1 s=BANNER_CONNECTING pgs=0 cs=0 l=1 rev1=0 crypto rx=0 tx=0 comp rx=0 tx=0)._handle_peer_banner_payload supported=3 required=0
2024-05-09T01:14:56.207 INFO:teuthology.orchestra.run.smithi019.stdout:/usr/bin/ceph: stderr
2024-05-09T01:14:55.396+0000 7f729effd700 1 --2- >> [v2:172.21.15.19:3300/0,v1:172.21.15.19:6789/0] conn(0x7f72a010a760 0x7f72a019e030 unknown :-1 s=HELLO_CONNECTING pgs=0 cs=0 l=1 rev1=1 crypto rx=0 tx=0 comp rx=0 tx=0).handle_hello peer v2:172.21.15.19:3300/0 says I am v2:172.21.15.19:42334/0 (socket says 172.21.15.19:42334)
2024-05-09T01:14:56.207 INFO:teuthology.orchestra.run.smithi019.stdout:/usr/bin/ceph: stderr
2024-05-09T01:14:55.396+0000 7f729effd700 1 -- 172.21.15.19:0/1899887384 learned_addr learned my addr 172.21.15.19:0/1899887384 (peer_addr_for_me v2:172.21.15.19:0/0)
2024-05-09T01:14:56.208 INFO:teuthology.orchestra.run.smithi019.stdout:/usr/bin/ceph: stderr
2024-05-09T01:14:55.397+0000 7f729effd700 1 -- 172.21.15.19:0/1899887384 --> [v2:172.21.15.19:3300/0,v1:172.21.15.19:6789/0] -- mon_subscribe({config=0+,monmap=0+}) -- 0x7f72a019e570 con 0x7f72a010a760
2024-05-09T01:14:56.208 INFO:teuthology.orchestra.run.smithi019.stdout:/usr/bin/ceph: stderr
2024-05-09T01:14:55.397+0000 7f729effd700 1 --2- 172.21.15.19:0/1899887384 >> [v2:172.21.15.19:3300/0,v1:172.21.15.19:6789/0] conn(0x7f72a010a760 0x7f72a019e030 secure :-1 s=READY pgs=36 cs=0 l=1 rev1=1 crypto rx=0x7f72900117b0 tx=0x7f7290011b70 comp rx=0 tx=0).ready entity=mon.0 client_cookie=0 server_cookie=0 in_seq=0 out_seq=0
2024-05-09T01:14:56.208 INFO:teuthology.orchestra.run.smithi019.stdout:/usr/bin/ceph: stderr
2024-05-09T01:14:55.397+0000 7f729cff9700 1 -- 172.21.15.19:0/1899887384 <== mon.0 v2:172.21.15.19:3300/0 1 ==== mon_map magic: 0 ==== 205+0+0 (secure 0 0 0) 0x7f7290003af0 con 0x7f72a010a760
2024-05-09T01:14:56.208 INFO:teuthology.orchestra.run.smithi019.stdout:/usr/bin/ceph: stderr
2024-05-09T01:14:55.397+0000 7f729cff9700 1 -- 172.21.15.19:0/1899887384 <== mon.0 v2:172.21.15.19:3300/0 2 ==== config(26 keys) ==== 1070+0+0 (secure 0 0 0) 0x7f7290020070 con 0x7f72a010a760
2024-05-09T01:14:56.208 INFO:teuthology.orchestra.run.smithi019.stdout:/usr/bin/ceph: stderr
2024-05-09T01:14:55.397+0000 7f72a5431700 1 -- 172.21.15.19:0/1899887384 --> [v2:172.21.15.19:3300/0,v1:172.21.15.19:6789/0] -- mon_subscribe({mgrmap=0+}) -- 0x7f72a019e800 con 0x7f72a010a760
2024-05-09T01:14:56.208 INFO:teuthology.orchestra.run.smithi019.stdout:/usr/bin/ceph: stderr
2024-05-09T01:14:55.397+0000 7f729cff9700 1 -- 172.21.15.19:0/1899887384 <== mon.0 v2:172.21.15.19:3300/0 3 ==== mon_map magic: 0 ==== 205+0+0 (secure 0 0 0) 0x7f7290019630 con 0x7f72a010a760
2024-05-09T01:14:56.208 INFO:teuthology.orchestra.run.smithi019.stdout:/usr/bin/ceph: stderr
2024-05-09T01:14:55.397+0000 7f72a5431700 1 -- 172.21.15.19:0/1899887384 --> [v2:172.21.15.19:3300/0,v1:172.21.15.19:6789/0] -- mon_subscribe({osdmap=0}) -- 0x7f72a01a1410 con 0x7f72a010a760
2024-05-09T01:14:56.208 INFO:teuthology.orchestra.run.smithi019.stdout:/usr/bin/ceph: stderr
2024-05-09T01:14:55.398+0000 7f72a5431700 1 -- 172.21.15.19:0/1899887384 --> [v2:172.21.15.19:3300/0,v1:172.21.15.19:6789/0] -- mon_command({"prefix": "get_command_descriptions"} v 0) -- 0x7f72a0064e20 con 0x7f72a010a760
2024-05-09T01:14:56.208 INFO:teuthology.orchestra.run.smithi019.stdout:/usr/bin/ceph: stderr
2024-05-09T01:14:55.398+0000 7f729cff9700 1 -- 172.21.15.19:0/1899887384 <== mon.0 v2:172.21.15.19:3300/0 4 ==== mgrmap(e 7) ==== 50116+0+0 (secure 0 0 0) 0x7f72900198a0 con 0x7f72a010a760
2024-05-09T01:14:56.208 INFO:teuthology.orchestra.run.smithi019.stdout:/usr/bin/ceph: stderr
2024-05-09T01:14:55.398+0000 7f729cff9700 1 --2- 172.21.15.19:0/1899887384 >> [v2:172.21.15.19:6800/112627556,v1:172.21.15.19:6801/112627556] conn(0x7f728c03e3a0 0x7f728c0408b0 unknown :-1 s=NONE pgs=0 cs=0 l=1 rev1=0 crypto rx=0 tx=0 comp rx=0 tx=0).connect
2024-05-09T01:14:56.208 INFO:teuthology.orchestra.run.smithi019.stdout:/usr/bin/ceph: stderr
2024-05-09T01:14:55.398+0000 7f729cff9700 1 -- 172.21.15.19:0/1899887384 <== mon.0 v2:172.21.15.19:3300/0 5 ==== osd_map(2..2 src has 1..2) ==== 940+0+0 (secure 0 0 0) 0x7f7290053b00 con 0x7f72a010a760
2024-05-09T01:14:56.208 INFO:teuthology.orchestra.run.smithi019.stdout:/usr/bin/ceph: stderr
2024-05-09T01:14:55.399+0000 7f72967fc700 1 --2- 172.21.15.19:0/1899887384 >> [v2:172.21.15.19:6800/112627556,v1:172.21.15.19:6801/112627556] conn(0x7f728c03e3a0 0x7f728c0408b0 unknown :-1 s=BANNER_CONNECTING pgs=0 cs=0 l=1 rev1=0 crypto rx=0 tx=0 comp rx=0 tx=0)._handle_peer_banner_payload supported=3 required=0
2024-05-09T01:14:56.208 INFO:teuthology.orchestra.run.smithi019.stdout:/usr/bin/ceph: stderr
2024-05-09T01:14:55.399+0000 7f72967fc700 1 --2- 172.21.15.19:0/1899887384 >> [v2:172.21.15.19:6800/112627556,v1:172.21.15.19:6801/112627556] conn(0x7f728c03e3a0 0x7f728c0408b0 secure :-1 s=READY pgs=7 cs=0 l=1 rev1=1 crypto rx=0x7f7288006fd0 tx=0x7f7288006e40 comp rx=0 tx=0).ready entity=mgr.14118 client_cookie=0 server_cookie=0 in_seq=0 out_seq=0
2024-05-09T01:14:56.208 INFO:teuthology.orchestra.run.smithi019.stdout:/usr/bin/ceph: stderr
2024-05-09T01:14:55.404+0000 7f729cff9700 1 -- 172.21.15.19:0/1899887384 <== mon.0 v2:172.21.15.19:3300/0 6 ==== mon_command_ack([{"prefix": "get_command_descriptions"}]=0 v0) ==== 72+0+191963 (secure 0 0 0) 0x7f7290018d60 con 0x7f72a010a760
2024-05-09T01:14:56.209 INFO:teuthology.orchestra.run.smithi019.stdout:/usr/bin/ceph: stderr
2024-05-09T01:14:55.447+0000 7f729cff9700 1 -- 172.21.15.19:0/1899887384 <== mon.0 v2:172.21.15.19:3300/0 7 ==== mgrmap(e 8) ==== 50222+0+0 (secure 0 0 0) 0x7f729002d350 con 0x7f72a010a760
2024-05-09T01:14:56.209 INFO:teuthology.orchestra.run.smithi019.stdout:/usr/bin/ceph: stderr
2024-05-09T01:14:55.641+0000 7f72a5431700 1 -- 172.21.15.19:0/1899887384 --> [v2:172.21.15.19:6800/112627556,v1:172.21.15.19:6801/112627556] -- mgr_command(tid 0: {"prefix": "orch set backend", "module_name": "cephadm", "target": ["mon-mgr", ""]}) -- 0x7f72a0106250 con 0x7f728c03e3a0
2024-05-09T01:14:56.209 INFO:teuthology.orchestra.run.smithi019.stdout:/usr/bin/ceph: stderr
2024-05-09T01:14:55.646+0000 7f729cff9700 1 -- 172.21.15.19:0/1899887384 <== mgr.14118 v2:172.21.15.19:6800/112627556 1 ==== mgr_command_reply(tid 0: 0 ) ==== 8+0+0 (secure 0 0 0) 0x7f72a0106250 con 0x7f728c03e3a0
2024-05-09T01:14:56.209 INFO:teuthology.orchestra.run.smithi019.stdout:/usr/bin/ceph: stderr
2024-05-09T01:14:55.649+0000 7f72a5431700 1 -- 172.21.15.19:0/1899887384 >> [v2:172.21.15.19:6800/112627556,v1:172.21.15.19:6801/112627556] conn(0x7f728c03e3a0 msgr2=0x7f728c0408b0 secure :-1 s=STATE_CONNECTION_ESTABLISHED l=1).mark_down
2024-05-09T01:14:56.209 INFO:teuthology.orchestra.run.smithi019.stdout:/usr/bin/ceph: stderr
2024-05-09T01:14:55.649+0000 7f72a5431700 1 --2- 172.21.15.19:0/1899887384 >> [v2:172.21.15.19:6800/112627556,v1:172.21.15.19:6801/112627556] conn(0x7f728c03e3a0 0x7f728c0408b0 secure :-1 s=READY pgs=7 cs=0 l=1 rev1=1 crypto rx=0x7f7288006fd0 tx=0x7f7288006e40 comp rx=0 tx=0).stop
2024-05-09T01:14:56.209 INFO:teuthology.orchestra.run.smithi019.stdout:/usr/bin/ceph: stderr
2024-05-09T01:14:55.649+0000 7f72a5431700 1 -- 172.21.15.19:0/1899887384 >> [v2:172.21.15.19:3300/0,v1:172.21.15.19:6789/0] conn(0x7f72a010a760 msgr2=0x7f72a019e030 secure :-1 s=STATE_CONNECTION_ESTABLISHED l=1).mark_down
2024-05-09T01:14:56.209 INFO:teuthology.orchestra.run.smithi019.stdout:/usr/bin/ceph: stderr
2024-05-09T01:14:55.649+0000 7f72a5431700 1 --2- 172.21.15.19:0/1899887384 >> [v2:172.21.15.19:3300/0,v1:172.21.15.19:6789/0] conn(0x7f72a010a760 0x7f72a019e030 secure :-1 s=READY pgs=36 cs=0 l=1 rev1=1 crypto rx=0x7f72900117b0 tx=0x7f7290011b70 comp rx=0 tx=0).stop
2024-05-09T01:14:56.209 INFO:teuthology.orchestra.run.smithi019.stdout:/usr/bin/ceph: stderr
2024-05-09T01:14:55.649+0000 7f72a5431700 1 -- 172.21.15.19:0/1899887384 shutdown_connections
2024-05-09T01:14:56.209 INFO:teuthology.orchestra.run.smithi019.stdout:/usr/bin/ceph: stderr
2024-05-09T01:14:55.649+0000 7f72a5431700 1 --2- 172.21.15.19:0/1899887384 >> [v2:172.21.15.19:6800/112627556,v1:172.21.15.19:6801/112627556] conn(0x7f728c03e3a0 0x7f728c0408b0 unknown :-1 s=CLOSED pgs=7 cs=0 l=1 rev1=1 crypto rx=0 tx=0 comp rx=0 tx=0).stop
2024-05-09T01:14:56.209 INFO:teuthology.orchestra.run.smithi019.stdout:/usr/bin/ceph: stderr
2024-05-09T01:14:55.649+0000 7f72a5431700 1 --2- 172.21.15.19:0/1899887384 >> [v2:172.21.15.19:3300/0,v1:172.21.15.19:6789/0] conn(0x7f72a010a760 0x7f72a019e030 unknown :-1 s=CLOSED pgs=36 cs=0 l=1 rev1=1 crypto rx=0 tx=0 comp rx=0 tx=0).stop
2024-05-09T01:14:56.209 INFO:teuthology.orchestra.run.smithi019.stdout:/usr/bin/ceph: stderr
2024-05-09T01:14:55.649+0000 7f72a5431700 1 -- 172.21.15.19:0/1899887384 >> 172.21.15.19:0/1899887384 conn(0x7f72a0104240 msgr2=0x7f72a0105b20 unknown :-1 s=STATE_NONE l=0).mark_down
2024-05-09T01:14:56.209 INFO:teuthology.orchestra.run.smithi019.stdout:/usr/bin/ceph: stderr
2024-05-09T01:14:55.649+0000 7f72a5431700 1 -- 172.21.15.19:0/1899887384 shutdown_connections
2024-05-09T01:14:56.209 INFO:teuthology.orchestra.run.smithi019.stdout:/usr/bin/ceph: stderr
2024-05-09T01:14:55.649+0000 7f72a5431700 1 -- 172.21.15.19:0/1899887384 wait complete.
2024-05-09T01:14:56.568 INFO:journalctl@ceph.mon.a.smithi019.stdout:May 09 01:14:56 smithi019 ceph-mon[30158]: [09/May/2024:01:14:55] ENGINE Bus STARTING
2024-05-09T01:14:56.568 INFO:journalctl@ceph.mon.a.smithi019.stdout:May 09 01:14:56 smithi019 ceph-mon[30158]: [09/May/2024:01:14:55] ENGINE Serving on http://172.21.15.19:8765
2024-05-09T01:14:56.568 INFO:journalctl@ceph.mon.a.smithi019.stdout:May 09 01:14:56 smithi019 ceph-mon[30158]: [09/May/2024:01:14:55] ENGINE Serving on https://172.21.15.19:7150
2024-05-09T01:14:56.568 INFO:journalctl@ceph.mon.a.smithi019.stdout:May 09 01:14:56 smithi019 ceph-mon[30158]: [09/May/2024:01:14:55] ENGINE Bus STARTED
2024-05-09T01:14:56.568 INFO:journalctl@ceph.mon.a.smithi019.stdout:May 09 01:14:56 smithi019 ceph-mon[30158]: mgrmap e8: x(active, since 2s)
2024-05-09T01:14:56.569 INFO:journalctl@ceph.mon.a.smithi019.stdout:May 09 01:14:56 smithi019 ceph-mon[30158]: from='client.14130 -' entity='client.admin' cmd=[{"prefix": "orch set backend", "module_name": "cephadm", "target": ["mon-mgr", ""]}]: dispatch
2024-05-09T01:14:56.569 INFO:journalctl@ceph.mon.a.smithi019.stdout:May 09 01:14:56 smithi019 ceph-mon[30158]: from='mgr.14118 172.21.15.19:0/3467415941' entity='mgr.x'
2024-05-09T01:14:56.569 INFO:journalctl@ceph.mon.a.smithi019.stdout:May 09 01:14:56 smithi019 ceph-mon[30158]: from='mgr.14118 172.21.15.19:0/3467415941' entity='mgr.x' cmd=[{"prefix": "config dump", "format": "json"}]: dispatch
2024-05-09T01:14:57.389 INFO:teuthology.orchestra.run.smithi019.stdout:/usr/bin/ceph: stdout value unchanged
2024-05-09T01:14:57.389 INFO:teuthology.orchestra.run.smithi019.stdout:/usr/bin/ceph: stderr
2024-05-09T01:14:56.611+0000 7f6c020f9700 1 Processor -- start
2024-05-09T01:14:57.390 INFO:teuthology.orchestra.run.smithi019.stdout:/usr/bin/ceph: stderr
2024-05-09T01:14:56.612+0000 7f6c020f9700 1 -- start start
2024-05-09T01:14:57.390 INFO:teuthology.orchestra.run.smithi019.stdout:/usr/bin/ceph: stderr
2024-05-09T01:14:56.612+0000 7f6c020f9700 1 --2- >> [v2:172.21.15.19:3300/0,v1:172.21.15.19:6789/0] conn(0x7f6bfc10b1f0 0x7f6bfc10b620 unknown :-1 s=NONE pgs=0 cs=0 l=0 rev1=0 crypto rx=0 tx=0 comp rx=0 tx=0).connect
2024-05-09T01:14:57.390 INFO:teuthology.orchestra.run.smithi019.stdout:/usr/bin/ceph: stderr
2024-05-09T01:14:56.612+0000 7f6c020f9700 1 -- --> [v2:172.21.15.19:3300/0,v1:172.21.15.19:6789/0] -- mon_getmap magic: 0 -- 0x7f6bfc10bc30 con 0x7f6bfc10b1f0
2024-05-09T01:14:57.390 INFO:teuthology.orchestra.run.smithi019.stdout:/usr/bin/ceph: stderr
2024-05-09T01:14:56.612+0000 7f6bfb7fe700 1 --2- >> [v2:172.21.15.19:3300/0,v1:172.21.15.19:6789/0] conn(0x7f6bfc10b1f0 0x7f6bfc10b620 unknown :-1 s=BANNER_CONNECTING pgs=0 cs=0 l=0 rev1=0 crypto rx=0 tx=0 comp rx=0 tx=0)._handle_peer_banner_payload supported=3 required=0
2024-05-09T01:14:57.390 INFO:teuthology.orchestra.run.smithi019.stdout:/usr/bin/ceph: stderr
2024-05-09T01:14:56.612+0000 7f6bfb7fe700 1 --2- >> [v2:172.21.15.19:3300/0,v1:172.21.15.19:6789/0] conn(0x7f6bfc10b1f0 0x7f6bfc10b620 unknown :-1 s=HELLO_CONNECTING pgs=0 cs=0 l=0 rev1=1 crypto rx=0 tx=0 comp rx=0 tx=0).handle_hello peer v2:172.21.15.19:3300/0 says I am v2:172.21.15.19:42342/0 (socket says 172.21.15.19:42342)
2024-05-09T01:14:57.390 INFO:teuthology.orchestra.run.smithi019.stdout:/usr/bin/ceph: stderr
2024-05-09T01:14:56.612+0000 7f6bfb7fe700 1 -- 172.21.15.19:0/418652060 learned_addr learned my addr 172.21.15.19:0/418652060 (peer_addr_for_me v2:172.21.15.19:0/0)
2024-05-09T01:14:57.390 INFO:teuthology.orchestra.run.smithi019.stdout:/usr/bin/ceph: stderr
2024-05-09T01:14:56.612+0000 7f6bfb7fe700 1 -- 172.21.15.19:0/418652060 --> [v2:172.21.15.19:3300/0,v1:172.21.15.19:6789/0] -- mon_subscribe({config=0+,monmap=0+}) -- 0x7f6bfc107c40 con 0x7f6bfc10b1f0
2024-05-09T01:14:57.390 INFO:teuthology.orchestra.run.smithi019.stdout:/usr/bin/ceph: stderr
2024-05-09T01:14:56.612+0000 7f6bfb7fe700 1 --2- 172.21.15.19:0/418652060 >> [v2:172.21.15.19:3300/0,v1:172.21.15.19:6789/0] conn(0x7f6bfc10b1f0 0x7f6bfc10b620 secure :-1 s=READY pgs=37 cs=0 l=1 rev1=1 crypto rx=0x7f6bec0098a0 tx=0x7f6bec009bb0 comp rx=0 tx=0).ready entity=mon.0 client_cookie=405ca0f501252e70 server_cookie=0 in_seq=0 out_seq=0
2024-05-09T01:14:57.390 INFO:teuthology.orchestra.run.smithi019.stdout:/usr/bin/ceph: stderr
2024-05-09T01:14:56.613+0000 7f6bfaffd700 1 -- 172.21.15.19:0/418652060 <== mon.0 v2:172.21.15.19:3300/0 1 ==== mon_map magic: 0 ==== 205+0+0 (secure 0 0 0) 0x7f6bec004160 con 0x7f6bfc10b1f0
2024-05-09T01:14:57.390 INFO:teuthology.orchestra.run.smithi019.stdout:/usr/bin/ceph: stderr
2024-05-09T01:14:56.613+0000 7f6bfaffd700 1 -- 172.21.15.19:0/418652060 <== mon.0 v2:172.21.15.19:3300/0 2 ==== config(26 keys) ==== 1070+0+0 (secure 0 0 0) 0x7f6bec004300 con 0x7f6bfc10b1f0
2024-05-09T01:14:57.390 INFO:teuthology.orchestra.run.smithi019.stdout:/usr/bin/ceph: stderr
2024-05-09T01:14:56.613+0000 7f6bfaffd700 1 -- 172.21.15.19:0/418652060 <== mon.0 v2:172.21.15.19:3300/0 3 ==== mon_map magic: 0 ==== 205+0+0 (secure 0 0 0) 0x7f6bec011af0 con 0x7f6bfc10b1f0
2024-05-09T01:14:57.390 INFO:teuthology.orchestra.run.smithi019.stdout:/usr/bin/ceph: stderr
2024-05-09T01:14:56.613+0000 7f6c020f9700 1 -- 172.21.15.19:0/418652060 >> [v2:172.21.15.19:3300/0,v1:172.21.15.19:6789/0] conn(0x7f6bfc10b1f0 msgr2=0x7f6bfc10b620 secure :-1 s=STATE_CONNECTION_ESTABLISHED l=1).mark_down
2024-05-09T01:14:57.391 INFO:teuthology.orchestra.run.smithi019.stdout:/usr/bin/ceph: stderr
2024-05-09T01:14:56.613+0000 7f6c020f9700 1 --2- 172.21.15.19:0/418652060 >> [v2:172.21.15.19:3300/0,v1:172.21.15.19:6789/0] conn(0x7f6bfc10b1f0 0x7f6bfc10b620 secure :-1 s=READY pgs=37 cs=0 l=1 rev1=1 crypto rx=0x7f6bec0098a0 tx=0x7f6bec009bb0 comp rx=0 tx=0).stop
2024-05-09T01:14:57.391 INFO:teuthology.orchestra.run.smithi019.stdout:/usr/bin/ceph: stderr
2024-05-09T01:14:56.613+0000 7f6c020f9700 1 -- 172.21.15.19:0/418652060 shutdown_connections
2024-05-09T01:14:57.391 INFO:teuthology.orchestra.run.smithi019.stdout:/usr/bin/ceph: stderr
2024-05-09T01:14:56.613+0000 7f6c020f9700 1 --2- 172.21.15.19:0/418652060 >> [v2:172.21.15.19:3300/0,v1:172.21.15.19:6789/0] conn(0x7f6bfc10b1f0 0x7f6bfc10b620 unknown :-1 s=CLOSED pgs=37 cs=0 l=1 rev1=1 crypto rx=0 tx=0 comp rx=0 tx=0).stop
2024-05-09T01:14:57.391 INFO:teuthology.orchestra.run.smithi019.stdout:/usr/bin/ceph: stderr
2024-05-09T01:14:56.613+0000 7f6c020f9700 1 -- 172.21.15.19:0/418652060 >> 172.21.15.19:0/418652060 conn(0x7f6bfc103930 msgr2=0x7f6bfc105de0 unknown :-1 s=STATE_NONE l=0).mark_down
2024-05-09T01:14:57.391 INFO:teuthology.orchestra.run.smithi019.stdout:/usr/bin/ceph: stderr
2024-05-09T01:14:56.614+0000 7f6c020f9700 1 -- 172.21.15.19:0/418652060 shutdown_connections
2024-05-09T01:14:57.391 INFO:teuthology.orchestra.run.smithi019.stdout:/usr/bin/ceph: stderr
2024-05-09T01:14:56.614+0000 7f6c020f9700 1 -- 172.21.15.19:0/418652060 wait complete.
2024-05-09T01:14:57.391 INFO:teuthology.orchestra.run.smithi019.stdout:/usr/bin/ceph: stderr
2024-05-09T01:14:56.614+0000 7f6c020f9700 1 Processor -- start
2024-05-09T01:14:57.391 INFO:teuthology.orchestra.run.smithi019.stdout:/usr/bin/ceph: stderr
2024-05-09T01:14:56.614+0000 7f6c020f9700 1 -- start start
2024-05-09T01:14:57.391 INFO:teuthology.orchestra.run.smithi019.stdout:/usr/bin/ceph: stderr
2024-05-09T01:14:56.614+0000 7f6c020f9700 1 --2- >> [v2:172.21.15.19:3300/0,v1:172.21.15.19:6789/0] conn(0x7f6bfc10b1f0 0x7f6bfc10a6e0 unknown :-1 s=NONE pgs=0 cs=0 l=1 rev1=0 crypto rx=0 tx=0 comp rx=0 tx=0).connect
2024-05-09T01:14:57.391 INFO:teuthology.orchestra.run.smithi019.stdout:/usr/bin/ceph: stderr
2024-05-09T01:14:56.614+0000 7f6c020f9700 1 -- --> [v2:172.21.15.19:3300/0,v1:172.21.15.19:6789/0] -- mon_getmap magic: 0 -- 0x7f6bfc10e190 con 0x7f6bfc10b1f0
2024-05-09T01:14:57.391 INFO:teuthology.orchestra.run.smithi019.stdout:/usr/bin/ceph: stderr
2024-05-09T01:14:56.615+0000 7f6bfb7fe700 1 --2- >> [v2:172.21.15.19:3300/0,v1:172.21.15.19:6789/0] conn(0x7f6bfc10b1f0 0x7f6bfc10a6e0 unknown :-1 s=BANNER_CONNECTING pgs=0 cs=0 l=1 rev1=0 crypto rx=0 tx=0 comp rx=0 tx=0)._handle_peer_banner_payload supported=3 required=0
2024-05-09T01:14:57.391 INFO:teuthology.orchestra.run.smithi019.stdout:/usr/bin/ceph: stderr
2024-05-09T01:14:56.615+0000 7f6bfb7fe700 1 --2- >> [v2:172.21.15.19:3300/0,v1:172.21.15.19:6789/0] conn(0x7f6bfc10b1f0 0x7f6bfc10a6e0 unknown :-1 s=HELLO_CONNECTING pgs=0 cs=0 l=1 rev1=1 crypto rx=0 tx=0 comp rx=0 tx=0).handle_hello peer v2:172.21.15.19:3300/0 says I am v2:172.21.15.19:42352/0 (socket says 172.21.15.19:42352)
2024-05-09T01:14:57.392 INFO:teuthology.orchestra.run.smithi019.stdout:/usr/bin/ceph: stderr
2024-05-09T01:14:56.615+0000 7f6bfb7fe700 1 -- 172.21.15.19:0/2518362102 learned_addr learned my addr 172.21.15.19:0/2518362102 (peer_addr_for_me v2:172.21.15.19:0/0)
2024-05-09T01:14:57.392 INFO:teuthology.orchestra.run.smithi019.stdout:/usr/bin/ceph: stderr
2024-05-09T01:14:56.615+0000 7f6bfb7fe700 1 -- 172.21.15.19:0/2518362102 --> [v2:172.21.15.19:3300/0,v1:172.21.15.19:6789/0] -- mon_subscribe({config=0+,monmap=0+}) -- 0x7f6bfc10ac20 con 0x7f6bfc10b1f0
2024-05-09T01:14:57.392 INFO:teuthology.orchestra.run.smithi019.stdout:/usr/bin/ceph: stderr
2024-05-09T01:14:56.615+0000 7f6bfb7fe700 1 --2- 172.21.15.19:0/2518362102 >> [v2:172.21.15.19:3300/0,v1:172.21.15.19:6789/0] conn(0x7f6bfc10b1f0 0x7f6bfc10a6e0 secure :-1 s=READY pgs=38 cs=0 l=1 rev1=1 crypto rx=0x7f6bec0117b0 tx=0x7f6bec011b70 comp rx=0 tx=0).ready entity=mon.0 client_cookie=0 server_cookie=0 in_seq=0 out_seq=0
2024-05-09T01:14:57.392 INFO:teuthology.orchestra.run.smithi019.stdout:/usr/bin/ceph: stderr
2024-05-09T01:14:56.615+0000 7f6bf97fa700 1 -- 172.21.15.19:0/2518362102 <== mon.0 v2:172.21.15.19:3300/0 1 ==== mon_map magic: 0 ==== 205+0+0 (secure 0 0 0) 0x7f6bec003af0 con 0x7f6bfc10b1f0
2024-05-09T01:14:57.392 INFO:teuthology.orchestra.run.smithi019.stdout:/usr/bin/ceph: stderr
2024-05-09T01:14:56.615+0000 7f6bf97fa700 1 -- 172.21.15.19:0/2518362102 <== mon.0 v2:172.21.15.19:3300/0 2 ==== config(26 keys) ==== 1070+0+0 (secure 0 0 0) 0x7f6bec020070 con 0x7f6bfc10b1f0
2024-05-09T01:14:57.392 INFO:teuthology.orchestra.run.smithi019.stdout:/usr/bin/ceph: stderr
2024-05-09T01:14:56.615+0000 7f6c020f9700 1 -- 172.21.15.19:0/2518362102 --> [v2:172.21.15.19:3300/0,v1:172.21.15.19:6789/0] -- mon_subscribe({mgrmap=0+}) -- 0x7f6bfc108e70 con 0x7f6bfc10b1f0
2024-05-09T01:14:57.392 INFO:teuthology.orchestra.run.smithi019.stdout:/usr/bin/ceph: stderr
2024-05-09T01:14:56.615+0000 7f6bf97fa700 1 -- 172.21.15.19:0/2518362102 <== mon.0 v2:172.21.15.19:3300/0 3 ==== mon_map magic: 0 ==== 205+0+0 (secure 0 0 0) 0x7f6bec019630 con 0x7f6bfc10b1f0
2024-05-09T01:14:57.392 INFO:teuthology.orchestra.run.smithi019.stdout:/usr/bin/ceph: stderr
2024-05-09T01:14:56.615+0000 7f6c020f9700 1 -- 172.21.15.19:0/2518362102 --> [v2:172.21.15.19:3300/0,v1:172.21.15.19:6789/0] -- mon_subscribe({osdmap=0}) -- 0x7f6bfc109350 con 0x7f6bfc10b1f0
2024-05-09T01:14:57.392 INFO:teuthology.orchestra.run.smithi019.stdout:/usr/bin/ceph: stderr
2024-05-09T01:14:56.616+0000 7f6bf97fa700 1 -- 172.21.15.19:0/2518362102 <== mon.0 v2:172.21.15.19:3300/0 4 ==== mgrmap(e 8) ==== 50222+0+0 (secure 0 0 0) 0x7f6bec0198a0 con 0x7f6bfc10b1f0
2024-05-09T01:14:57.392 INFO:teuthology.orchestra.run.smithi019.stdout:/usr/bin/ceph: stderr
2024-05-09T01:14:56.616+0000 7f6bf97fa700 1 --2- 172.21.15.19:0/2518362102 >> [v2:172.21.15.19:6800/112627556,v1:172.21.15.19:6801/112627556] conn(0x7f6be803e4c0 0x7f6be80409d0 unknown :-1 s=NONE pgs=0 cs=0 l=1 rev1=0 crypto rx=0 tx=0 comp rx=0 tx=0).connect
2024-05-09T01:14:57.392 INFO:teuthology.orchestra.run.smithi019.stdout:/usr/bin/ceph: stderr
2024-05-09T01:14:56.616+0000 7f6bf97fa700 1 -- 172.21.15.19:0/2518362102 <== mon.0 v2:172.21.15.19:3300/0 5 ==== osd_map(2..2 src has 1..2) ==== 940+0+0 (secure 0 0 0) 0x7f6bec054980 con 0x7f6bfc10b1f0
2024-05-09T01:14:57.392 INFO:teuthology.orchestra.run.smithi019.stdout:/usr/bin/ceph: stderr
2024-05-09T01:14:56.616+0000 7f6c020f9700 1 -- 172.21.15.19:0/2518362102 --> [v2:172.21.15.19:3300/0,v1:172.21.15.19:6789/0] -- mon_command({"prefix": "get_command_descriptions"} v 0) -- 0x7f6bfc064e20 con 0x7f6bfc10b1f0
2024-05-09T01:14:57.392 INFO:teuthology.orchestra.run.smithi019.stdout:/usr/bin/ceph: stderr
2024-05-09T01:14:56.617+0000 7f6bf3fff700 1 --2- 172.21.15.19:0/2518362102 >> [v2:172.21.15.19:6800/112627556,v1:172.21.15.19:6801/112627556] conn(0x7f6be803e4c0 0x7f6be80409d0 unknown :-1 s=BANNER_CONNECTING pgs=0 cs=0 l=1 rev1=0 crypto rx=0 tx=0 comp rx=0 tx=0)._handle_peer_banner_payload supported=3 required=0
2024-05-09T01:14:57.393 INFO:teuthology.orchestra.run.smithi019.stdout:/usr/bin/ceph: stderr
2024-05-09T01:14:56.617+0000 7f6bf3fff700 1 --2- 172.21.15.19:0/2518362102 >> [v2:172.21.15.19:6800/112627556,v1:172.21.15.19:6801/112627556] conn(0x7f6be803e4c0 0x7f6be80409d0 secure :-1 s=READY pgs=8 cs=0 l=1 rev1=1 crypto rx=0x7f6be4006fd0 tx=0x7f6be4006e40 comp rx=0 tx=0).ready entity=mgr.14118 client_cookie=0 server_cookie=0 in_seq=0 out_seq=0
2024-05-09T01:14:57.393 INFO:teuthology.orchestra.run.smithi019.stdout:/usr/bin/ceph: stderr
2024-05-09T01:14:56.622+0000 7f6bf97fa700 1 -- 172.21.15.19:0/2518362102 <== mon.0 v2:172.21.15.19:3300/0 6 ==== mon_command_ack([{"prefix": "get_command_descriptions"}]=0 v0) ==== 72+0+191963 (secure 0 0 0) 0x7f6bec016260 con 0x7f6bfc10b1f0
2024-05-09T01:14:57.393 INFO:teuthology.orchestra.run.smithi019.stdout:/usr/bin/ceph: stderr
2024-05-09T01:14:56.839+0000 7f6c020f9700 1 -- 172.21.15.19:0/2518362102 --> [v2:172.21.15.19:6800/112627556,v1:172.21.15.19:6801/112627556] -- mgr_command(tid 0: {"prefix": "cephadm set-user", "user": "root", "target": ["mon-mgr", ""]}) -- 0x7f6bfc109a80 con 0x7f6be803e4c0
2024-05-09T01:14:57.393 INFO:teuthology.orchestra.run.smithi019.stdout:/usr/bin/ceph: stderr
2024-05-09T01:14:56.840+0000 7f6bf97fa700 1 -- 172.21.15.19:0/2518362102 <== mgr.14118 v2:172.21.15.19:6800/112627556 1 ==== mgr_command_reply(tid 0: 0 ) ==== 8+0+16 (secure 0 0 0) 0x7f6bfc109a80 con 0x7f6be803e4c0
2024-05-09T01:14:57.393 INFO:teuthology.orchestra.run.smithi019.stdout:/usr/bin/ceph: stderr
2024-05-09T01:14:56.842+0000 7f6c020f9700 1 -- 172.21.15.19:0/2518362102 >> [v2:172.21.15.19:6800/112627556,v1:172.21.15.19:6801/112627556] conn(0x7f6be803e4c0 msgr2=0x7f6be80409d0 secure :-1 s=STATE_CONNECTION_ESTABLISHED l=1).mark_down
2024-05-09T01:14:57.393 INFO:teuthology.orchestra.run.smithi019.stdout:/usr/bin/ceph: stderr
2024-05-09T01:14:56.842+0000 7f6c020f9700 1 --2- 172.21.15.19:0/2518362102 >> [v2:172.21.15.19:6800/112627556,v1:172.21.15.19:6801/112627556] conn(0x7f6be803e4c0 0x7f6be80409d0 secure :-1 s=READY pgs=8 cs=0 l=1 rev1=1 crypto rx=0x7f6be4006fd0 tx=0x7f6be4006e40 comp rx=0 tx=0).stop
2024-05-09T01:14:57.393 INFO:teuthology.orchestra.run.smithi019.stdout:/usr/bin/ceph: stderr
2024-05-09T01:14:56.842+0000 7f6c020f9700 1 -- 172.21.15.19:0/2518362102 >> [v2:172.21.15.19:3300/0,v1:172.21.15.19:6789/0] conn(0x7f6bfc10b1f0 msgr2=0x7f6bfc10a6e0 secure :-1 s=STATE_CONNECTION_ESTABLISHED l=1).mark_down
2024-05-09T01:14:57.393 INFO:teuthology.orchestra.run.smithi019.stdout:/usr/bin/ceph: stderr
2024-05-09T01:14:56.842+0000 7f6c020f9700 1 --2- 172.21.15.19:0/2518362102 >> [v2:172.21.15.19:3300/0,v1:172.21.15.19:6789/0] conn(0x7f6bfc10b1f0 0x7f6bfc10a6e0 secure :-1 s=READY pgs=38 cs=0 l=1 rev1=1 crypto rx=0x7f6bec0117b0 tx=0x7f6bec011b70 comp rx=0 tx=0).stop
2024-05-09T01:14:57.393 INFO:teuthology.orchestra.run.smithi019.stdout:/usr/bin/ceph: stderr
2024-05-09T01:14:56.843+0000 7f6c020f9700 1 -- 172.21.15.19:0/2518362102 shutdown_connections
2024-05-09T01:14:57.393 INFO:teuthology.orchestra.run.smithi019.stdout:/usr/bin/ceph: stderr
2024-05-09T01:14:56.843+0000 7f6c020f9700 1 --2- 172.21.15.19:0/2518362102 >> [v2:172.21.15.19:6800/112627556,v1:172.21.15.19:6801/112627556] conn(0x7f6be803e4c0 0x7f6be80409d0 unknown :-1 s=CLOSED pgs=8 cs=0 l=1 rev1=1 crypto rx=0 tx=0 comp rx=0 tx=0).stop
2024-05-09T01:14:57.393 INFO:teuthology.orchestra.run.smithi019.stdout:/usr/bin/ceph: stderr
2024-05-09T01:14:56.843+0000 7f6c020f9700 1 --2- 172.21.15.19:0/2518362102 >> [v2:172.21.15.19:3300/0,v1:172.21.15.19:6789/0] conn(0x7f6bfc10b1f0 0x7f6bfc10a6e0 unknown :-1 s=CLOSED pgs=38 cs=0 l=1 rev1=1 crypto rx=0 tx=0 comp rx=0 tx=0).stop
2024-05-09T01:14:57.393 INFO:teuthology.orchestra.run.smithi019.stdout:/usr/bin/ceph: stderr
2024-05-09T01:14:56.843+0000 7f6c020f9700 1 -- 172.21.15.19:0/2518362102 >> 172.21.15.19:0/2518362102 conn(0x7f6bfc103930 msgr2=0x7f6bfc104290 unknown :-1 s=STATE_NONE l=0).mark_down
2024-05-09T01:14:57.393 INFO:teuthology.orchestra.run.smithi019.stdout:/usr/bin/ceph: stderr
2024-05-09T01:14:56.843+0000 7f6c020f9700 1 -- 172.21.15.19:0/2518362102 shutdown_connections
2024-05-09T01:14:57.393 INFO:teuthology.orchestra.run.smithi019.stdout:/usr/bin/ceph: stderr
2024-05-09T01:14:56.843+0000 7f6c020f9700 1 -- 172.21.15.19:0/2518362102 wait complete.
2024-05-09T01:14:57.394 INFO:teuthology.orchestra.run.smithi019.stdout:Generating ssh key...
2024-05-09T01:14:57.708 INFO:journalctl@ceph.mon.a.smithi019.stdout:May 09 01:14:57 smithi019 ceph-mon[30158]: from='client.14132 -' entity='client.admin' cmd=[{"prefix": "cephadm set-user", "user": "root", "target": ["mon-mgr", ""]}]: dispatch
