2024-05-09T01:15:04.919+0000 7fbc76910700 1 --2- 172.21.15.19:0/1916341759 >> [v2:172.21.15.19:3300/0,v1:172.21.15.19:6789/0] conn(0x7fbc7010a750 0x7fbc7019dfe0 secure :-1 s=READY pgs=44 cs=0 l=1 rev1=1 crypto rx=0x7fbc600117b0 tx=0x7fbc60011b70 comp rx=0 tx=0).stop
2024-05-09T01:15:05.496 INFO:teuthology.orchestra.run.smithi019.stdout:/usr/bin/ceph: stderr
2024-05-09T01:15:04.919+0000 7fbc76910700 1 -- 172.21.15.19:0/1916341759 shutdown_connections
2024-05-09T01:15:05.496 INFO:teuthology.orchestra.run.smithi019.stdout:/usr/bin/ceph: stderr
2024-05-09T01:15:04.919+0000 7fbc76910700 1 --2- 172.21.15.19:0/1916341759 >> [v2:172.21.15.19:6800/112627556,v1:172.21.15.19:6801/112627556] conn(0x7fbc5c03e470 0x7fbc5c040980 unknown :-1 s=CLOSED pgs=11 cs=0 l=1 rev1=1 crypto rx=0 tx=0 comp rx=0 tx=0).stop
2024-05-09T01:15:05.497 INFO:teuthology.orchestra.run.smithi019.stdout:/usr/bin/ceph: stderr
2024-05-09T01:15:04.919+0000 7fbc76910700 1 --2- 172.21.15.19:0/1916341759 >> [v2:172.21.15.19:3300/0,v1:172.21.15.19:6789/0] conn(0x7fbc7010a750 0x7fbc7019dfe0 unknown :-1 s=CLOSED pgs=44 cs=0 l=1 rev1=1 crypto rx=0 tx=0 comp rx=0 tx=0).stop
2024-05-09T01:15:05.497 INFO:teuthology.orchestra.run.smithi019.stdout:/usr/bin/ceph: stderr
2024-05-09T01:15:04.919+0000 7fbc76910700 1 -- 172.21.15.19:0/1916341759 >> 172.21.15.19:0/1916341759 conn(0x7fbc70104250 msgr2=0x7fbc70105bc0 unknown :-1 s=STATE_NONE l=0).mark_down
2024-05-09T01:15:05.497 INFO:teuthology.orchestra.run.smithi019.stdout:/usr/bin/ceph: stderr
2024-05-09T01:15:04.919+0000 7fbc76910700 1 -- 172.21.15.19:0/1916341759 shutdown_connections
2024-05-09T01:15:05.497 INFO:teuthology.orchestra.run.smithi019.stdout:/usr/bin/ceph: stderr
2024-05-09T01:15:04.919+0000 7fbc76910700 1 -- 172.21.15.19:0/1916341759 wait complete.
2024-05-09T01:15:05.497 INFO:teuthology.orchestra.run.smithi019.stdout:Deploying unmanaged mon service...
2024-05-09T01:15:06.144 INFO:journalctl@ceph.mon.a.smithi019.stdout:May 09 01:15:05 smithi019 ceph-mon[30158]: from='mgr.14118 172.21.15.19:0/3467415941' entity='mgr.x'
2024-05-09T01:15:06.145 INFO:journalctl@ceph.mon.a.smithi019.stdout:May 09 01:15:05 smithi019 ceph-mon[30158]: Added host smithi019
2024-05-09T01:15:06.145 INFO:journalctl@ceph.mon.a.smithi019.stdout:May 09 01:15:05 smithi019 ceph-mon[30158]: from='mgr.14118 172.21.15.19:0/3467415941' entity='mgr.x' cmd=[{"prefix": "config dump", "format": "json"}]: dispatch
2024-05-09T01:15:07.004 INFO:teuthology.orchestra.run.smithi019.stdout:/usr/bin/ceph: stdout Scheduled mon update...
2024-05-09T01:15:07.004 INFO:teuthology.orchestra.run.smithi019.stdout:/usr/bin/ceph: stderr
2024-05-09T01:15:05.965+0000 7fd02f700700 1 Processor -- start
2024-05-09T01:15:07.004 INFO:teuthology.orchestra.run.smithi019.stdout:/usr/bin/ceph: stderr
2024-05-09T01:15:05.965+0000 7fd02f700700 1 -- start start
2024-05-09T01:15:07.004 INFO:teuthology.orchestra.run.smithi019.stdout:/usr/bin/ceph: stderr
2024-05-09T01:15:05.965+0000 7fd02f700700 1 --2- >> [v2:172.21.15.19:3300/0,v1:172.21.15.19:6789/0] conn(0x7fd028108b70 0x7fd028108f80 unknown :-1 s=NONE pgs=0 cs=0 l=0 rev1=0 crypto rx=0 tx=0 comp rx=0 tx=0).connect
2024-05-09T01:15:07.004 INFO:teuthology.orchestra.run.smithi019.stdout:/usr/bin/ceph: stderr
2024-05-09T01:15:05.965+0000 7fd02f700700 1 -- --> [v2:172.21.15.19:3300/0,v1:172.21.15.19:6789/0] -- mon_getmap magic: 0 -- 0x7fd028109570 con 0x7fd028108b70
2024-05-09T01:15:07.004 INFO:teuthology.orchestra.run.smithi019.stdout:/usr/bin/ceph: stderr
2024-05-09T01:15:05.965+0000 7fd02d49c700 1 --2- >> [v2:172.21.15.19:3300/0,v1:172.21.15.19:6789/0] conn(0x7fd028108b70 0x7fd028108f80 unknown :-1 s=BANNER_CONNECTING pgs=0 cs=0 l=0 rev1=0 crypto rx=0 tx=0 comp rx=0 tx=0)._handle_peer_banner_payload supported=3 required=0
2024-05-09T01:15:07.005 INFO:teuthology.orchestra.run.smithi019.stdout:/usr/bin/ceph: stderr
2024-05-09T01:15:05.965+0000 7fd02d49c700 1 --2- >> [v2:172.21.15.19:3300/0,v1:172.21.15.19:6789/0] conn(0x7fd028108b70 0x7fd028108f80 unknown :-1 s=HELLO_CONNECTING pgs=0 cs=0 l=0 rev1=1 crypto rx=0 tx=0 comp rx=0 tx=0).handle_hello peer v2:172.21.15.19:3300/0 says I am v2:172.21.15.19:33170/0 (socket says 172.21.15.19:33170)
2024-05-09T01:15:07.005 INFO:teuthology.orchestra.run.smithi019.stdout:/usr/bin/ceph: stderr
2024-05-09T01:15:05.965+0000 7fd02d49c700 1 -- 172.21.15.19:0/2686517500 learned_addr learned my addr 172.21.15.19:0/2686517500 (peer_addr_for_me v2:172.21.15.19:0/0)
2024-05-09T01:15:07.005 INFO:teuthology.orchestra.run.smithi019.stdout:/usr/bin/ceph: stderr
2024-05-09T01:15:05.966+0000 7fd02d49c700 1 -- 172.21.15.19:0/2686517500 --> [v2:172.21.15.19:3300/0,v1:172.21.15.19:6789/0] -- mon_subscribe({config=0+,monmap=0+}) -- 0x7fd028109d40 con 0x7fd028108b70
2024-05-09T01:15:07.005 INFO:teuthology.orchestra.run.smithi019.stdout:/usr/bin/ceph: stderr
2024-05-09T01:15:05.966+0000 7fd02d49c700 1 --2- 172.21.15.19:0/2686517500 >> [v2:172.21.15.19:3300/0,v1:172.21.15.19:6789/0] conn(0x7fd028108b70 0x7fd028108f80 secure :-1 s=READY pgs=45 cs=0 l=1 rev1=1 crypto rx=0x7fd02400bb40 tx=0x7fd02400be50 comp rx=0 tx=0).ready entity=mon.0 client_cookie=6dd11653bcdee786 server_cookie=0 in_seq=0 out_seq=0
2024-05-09T01:15:07.005 INFO:teuthology.orchestra.run.smithi019.stdout:/usr/bin/ceph: stderr
2024-05-09T01:15:05.966+0000 7fd01ffff700 1 -- 172.21.15.19:0/2686517500 <== mon.0 v2:172.21.15.19:3300/0 1 ==== mon_map magic: 0 ==== 205+0+0 (secure 0 0 0) 0x7fd02400dbe0 con 0x7fd028108b70
2024-05-09T01:15:07.005 INFO:teuthology.orchestra.run.smithi019.stdout:/usr/bin/ceph: stderr
2024-05-09T01:15:05.966+0000 7fd01ffff700 1 -- 172.21.15.19:0/2686517500 <== mon.0 v2:172.21.15.19:3300/0 2 ==== config(26 keys) ==== 1070+0+0 (secure 0 0 0) 0x7fd0240044c0 con 0x7fd028108b70
2024-05-09T01:15:07.005 INFO:teuthology.orchestra.run.smithi019.stdout:/usr/bin/ceph: stderr
2024-05-09T01:15:05.966+0000 7fd01ffff700 1 -- 172.21.15.19:0/2686517500 <== mon.0 v2:172.21.15.19:3300/0 3 ==== mon_map magic: 0 ==== 205+0+0 (secure 0 0 0) 0x7fd024010470 con 0x7fd028108b70
2024-05-09T01:15:07.005 INFO:teuthology.orchestra.run.smithi019.stdout:/usr/bin/ceph: stderr
2024-05-09T01:15:05.967+0000 7fd02f700700 1 -- 172.21.15.19:0/2686517500 >> [v2:172.21.15.19:3300/0,v1:172.21.15.19:6789/0] conn(0x7fd028108b70 msgr2=0x7fd028108f80 secure :-1 s=STATE_CONNECTION_ESTABLISHED l=1).mark_down
2024-05-09T01:15:07.005 INFO:teuthology.orchestra.run.smithi019.stdout:/usr/bin/ceph: stderr
2024-05-09T01:15:05.967+0000 7fd02f700700 1 --2- 172.21.15.19:0/2686517500 >> [v2:172.21.15.19:3300/0,v1:172.21.15.19:6789/0] conn(0x7fd028108b70 0x7fd028108f80 secure :-1 s=READY pgs=45 cs=0 l=1 rev1=1 crypto rx=0x7fd02400bb40 tx=0x7fd02400be50 comp rx=0 tx=0).stop
2024-05-09T01:15:07.005 INFO:teuthology.orchestra.run.smithi019.stdout:/usr/bin/ceph: stderr
2024-05-09T01:15:05.967+0000 7fd02f700700 1 -- 172.21.15.19:0/2686517500 shutdown_connections
2024-05-09T01:15:07.005 INFO:teuthology.orchestra.run.smithi019.stdout:/usr/bin/ceph: stderr
2024-05-09T01:15:05.967+0000 7fd02f700700 1 --2- 172.21.15.19:0/2686517500 >> [v2:172.21.15.19:3300/0,v1:172.21.15.19:6789/0] conn(0x7fd028108b70 0x7fd028108f80 unknown :-1 s=CLOSED pgs=45 cs=0 l=1 rev1=1 crypto rx=0 tx=0 comp rx=0 tx=0).stop
2024-05-09T01:15:07.005 INFO:teuthology.orchestra.run.smithi019.stdout:/usr/bin/ceph: stderr
2024-05-09T01:15:05.967+0000 7fd02f700700 1 -- 172.21.15.19:0/2686517500 >> 172.21.15.19:0/2686517500 conn(0x7fd028104250 msgr2=0x7fd0281066a0 unknown :-1 s=STATE_NONE l=0).mark_down
2024-05-09T01:15:07.005 INFO:teuthology.orchestra.run.smithi019.stdout:/usr/bin/ceph: stderr
2024-05-09T01:15:05.967+0000 7fd02f700700 1 -- 172.21.15.19:0/2686517500 shutdown_connections
2024-05-09T01:15:07.005 INFO:teuthology.orchestra.run.smithi019.stdout:/usr/bin/ceph: stderr
2024-05-09T01:15:05.967+0000 7fd02f700700 1 -- 172.21.15.19:0/2686517500 wait complete.
2024-05-09T01:15:07.006 INFO:teuthology.orchestra.run.smithi019.stdout:/usr/bin/ceph: stderr
2024-05-09T01:15:05.968+0000 7fd02f700700 1 Processor -- start
2024-05-09T01:15:07.006 INFO:teuthology.orchestra.run.smithi019.stdout:/usr/bin/ceph: stderr
2024-05-09T01:15:05.968+0000 7fd02f700700 1 -- start start
2024-05-09T01:15:07.006 INFO:teuthology.orchestra.run.smithi019.stdout:/usr/bin/ceph: stderr
2024-05-09T01:15:05.968+0000 7fd02f700700 1 --2- >> [v2:172.21.15.19:3300/0,v1:172.21.15.19:6789/0] conn(0x7fd028108b70 0x7fd02819bdd0 unknown :-1 s=NONE pgs=0 cs=0 l=1 rev1=0 crypto rx=0 tx=0 comp rx=0 tx=0).connect
2024-05-09T01:15:07.006 INFO:teuthology.orchestra.run.smithi019.stdout:/usr/bin/ceph: stderr
2024-05-09T01:15:05.968+0000 7fd02f700700 1 -- --> [v2:172.21.15.19:3300/0,v1:172.21.15.19:6789/0] -- mon_getmap magic: 0 -- 0x7fd02807bfc0 con 0x7fd028108b70
2024-05-09T01:15:07.006 INFO:teuthology.orchestra.run.smithi019.stdout:/usr/bin/ceph: stderr
2024-05-09T01:15:05.968+0000 7fd02d49c700 1 --2- >> [v2:172.21.15.19:3300/0,v1:172.21.15.19:6789/0] conn(0x7fd028108b70 0x7fd02819bdd0 unknown :-1 s=BANNER_CONNECTING pgs=0 cs=0 l=1 rev1=0 crypto rx=0 tx=0 comp rx=0 tx=0)._handle_peer_banner_payload supported=3 required=0
2024-05-09T01:15:07.006 INFO:teuthology.orchestra.run.smithi019.stdout:/usr/bin/ceph: stderr
2024-05-09T01:15:05.968+0000 7fd02d49c700 1 --2- >> [v2:172.21.15.19:3300/0,v1:172.21.15.19:6789/0] conn(0x7fd028108b70 0x7fd02819bdd0 unknown :-1 s=HELLO_CONNECTING pgs=0 cs=0 l=1 rev1=1 crypto rx=0 tx=0 comp rx=0 tx=0).handle_hello peer v2:172.21.15.19:3300/0 says I am v2:172.21.15.19:33180/0 (socket says 172.21.15.19:33180)
2024-05-09T01:15:07.006 INFO:teuthology.orchestra.run.smithi019.stdout:/usr/bin/ceph: stderr
2024-05-09T01:15:05.968+0000 7fd02d49c700 1 -- 172.21.15.19:0/1366794421 learned_addr learned my addr 172.21.15.19:0/1366794421 (peer_addr_for_me v2:172.21.15.19:0/0)
2024-05-09T01:15:07.006 INFO:teuthology.orchestra.run.smithi019.stdout:/usr/bin/ceph: stderr
2024-05-09T01:15:05.968+0000 7fd02d49c700 1 -- 172.21.15.19:0/1366794421 --> [v2:172.21.15.19:3300/0,v1:172.21.15.19:6789/0] -- mon_subscribe({config=0+,monmap=0+}) -- 0x7fd02819c310 con 0x7fd028108b70
2024-05-09T01:15:07.006 INFO:teuthology.orchestra.run.smithi019.stdout:/usr/bin/ceph: stderr
2024-05-09T01:15:05.968+0000 7fd02d49c700 1 --2- 172.21.15.19:0/1366794421 >> [v2:172.21.15.19:3300/0,v1:172.21.15.19:6789/0] conn(0x7fd028108b70 0x7fd02819bdd0 secure :-1 s=READY pgs=46 cs=0 l=1 rev1=1 crypto rx=0x7fd024003c30 tx=0x7fd024003d10 comp rx=0 tx=0).ready entity=mon.0 client_cookie=0 server_cookie=0 in_seq=0 out_seq=0
2024-05-09T01:15:07.006 INFO:teuthology.orchestra.run.smithi019.stdout:/usr/bin/ceph: stderr
2024-05-09T01:15:05.968+0000 7fd01e7fc700 1 -- 172.21.15.19:0/1366794421 <== mon.0 v2:172.21.15.19:3300/0 1 ==== mon_map magic: 0 ==== 205+0+0 (secure 0 0 0) 0x7fd024027070 con 0x7fd028108b70
2024-05-09T01:15:07.006 INFO:teuthology.orchestra.run.smithi019.stdout:/usr/bin/ceph: stderr
2024-05-09T01:15:05.968+0000 7fd01e7fc700 1 -- 172.21.15.19:0/1366794421 <== mon.0 v2:172.21.15.19:3300/0 2 ==== config(26 keys) ==== 1070+0+0 (secure 0 0 0) 0x7fd024004300 con 0x7fd028108b70
2024-05-09T01:15:07.006 INFO:teuthology.orchestra.run.smithi019.stdout:/usr/bin/ceph: stderr
2024-05-09T01:15:05.969+0000 7fd02f700700 1 -- 172.21.15.19:0/1366794421 --> [v2:172.21.15.19:3300/0,v1:172.21.15.19:6789/0] -- mon_subscribe({mgrmap=0+}) -- 0x7fd02819c5a0 con 0x7fd028108b70
2024-05-09T01:15:07.006 INFO:teuthology.orchestra.run.smithi019.stdout:/usr/bin/ceph: stderr
2024-05-09T01:15:05.969+0000 7fd01e7fc700 1 -- 172.21.15.19:0/1366794421 <== mon.0 v2:172.21.15.19:3300/0 3 ==== mon_map magic: 0 ==== 205+0+0 (secure 0 0 0) 0x7fd0240229d0 con 0x7fd028108b70
2024-05-09T01:15:07.006 INFO:teuthology.orchestra.run.smithi019.stdout:/usr/bin/ceph: stderr
2024-05-09T01:15:05.969+0000 7fd02f700700 1 -- 172.21.15.19:0/1366794421 --> [v2:172.21.15.19:3300/0,v1:172.21.15.19:6789/0] -- mon_subscribe({osdmap=0}) -- 0x7fd02819f170 con 0x7fd028108b70
2024-05-09T01:15:07.007 INFO:teuthology.orchestra.run.smithi019.stdout:/usr/bin/ceph: stderr
2024-05-09T01:15:05.970+0000 7fd01e7fc700 1 -- 172.21.15.19:0/1366794421 <== mon.0 v2:172.21.15.19:3300/0 4 ==== mgrmap(e 8) ==== 50222+0+0 (secure 0 0 0) 0x7fd02402a070 con 0x7fd028108b70
2024-05-09T01:15:07.007 INFO:teuthology.orchestra.run.smithi019.stdout:/usr/bin/ceph: stderr
2024-05-09T01:15:05.970+0000 7fd02f700700 1 -- 172.21.15.19:0/1366794421 --> [v2:172.21.15.19:3300/0,v1:172.21.15.19:6789/0] -- mon_command({"prefix": "get_command_descriptions"} v 0) -- 0x7fd028064e20 con 0x7fd028108b70
2024-05-09T01:15:07.007 INFO:teuthology.orchestra.run.smithi019.stdout:/usr/bin/ceph: stderr
2024-05-09T01:15:05.970+0000 7fd01e7fc700 1 --2- 172.21.15.19:0/1366794421 >> [v2:172.21.15.19:6800/112627556,v1:172.21.15.19:6801/112627556] conn(0x7fd01403e4c0 0x7fd0140409d0 unknown :-1 s=NONE pgs=0 cs=0 l=1 rev1=0 crypto rx=0 tx=0 comp rx=0 tx=0).connect
2024-05-09T01:15:07.007 INFO:teuthology.orchestra.run.smithi019.stdout:/usr/bin/ceph: stderr
2024-05-09T01:15:05.970+0000 7fd01e7fc700 1 -- 172.21.15.19:0/1366794421 <== mon.0 v2:172.21.15.19:3300/0 5 ==== osd_map(2..2 src has 1..2) ==== 940+0+0 (secure 0 0 0) 0x7fd02401f070 con 0x7fd028108b70
2024-05-09T01:15:07.007 INFO:teuthology.orchestra.run.smithi019.stdout:/usr/bin/ceph: stderr
2024-05-09T01:15:05.970+0000 7fd02cc9b700 1 --2- 172.21.15.19:0/1366794421 >> [v2:172.21.15.19:6800/112627556,v1:172.21.15.19:6801/112627556] conn(0x7fd01403e4c0 0x7fd0140409d0 unknown :-1 s=BANNER_CONNECTING pgs=0 cs=0 l=1 rev1=0 crypto rx=0 tx=0 comp rx=0 tx=0)._handle_peer_banner_payload supported=3 required=0
2024-05-09T01:15:07.007 INFO:teuthology.orchestra.run.smithi019.stdout:/usr/bin/ceph: stderr
2024-05-09T01:15:05.970+0000 7fd02cc9b700 1 --2- 172.21.15.19:0/1366794421 >> [v2:172.21.15.19:6800/112627556,v1:172.21.15.19:6801/112627556] conn(0x7fd01403e4c0 0x7fd0140409d0 secure :-1 s=READY pgs=12 cs=0 l=1 rev1=1 crypto rx=0x7fd018006fd0 tx=0x7fd018006e40 comp rx=0 tx=0).ready entity=mgr.14118 client_cookie=0 server_cookie=0 in_seq=0 out_seq=0
2024-05-09T01:15:07.007 INFO:teuthology.orchestra.run.smithi019.stdout:/usr/bin/ceph: stderr
2024-05-09T01:15:05.975+0000 7fd01e7fc700 1 -- 172.21.15.19:0/1366794421 <== mon.0 v2:172.21.15.19:3300/0 6 ==== mon_command_ack([{"prefix": "get_command_descriptions"}]=0 v0) ==== 72+0+191963 (secure 0 0 0) 0x7fd024015070 con 0x7fd028108b70
2024-05-09T01:15:07.007 INFO:teuthology.orchestra.run.smithi019.stdout:/usr/bin/ceph: stderr
2024-05-09T01:15:06.214+0000 7fd02f700700 1 -- 172.21.15.19:0/1366794421 --> [v2:172.21.15.19:6800/112627556,v1:172.21.15.19:6801/112627556] -- mgr_command(tid 0: {"prefix": "orch apply", "service_type": "mon", "unmanaged": true, "target": ["mon-mgr", ""]}) -- 0x7fd028063c00 con 0x7fd01403e4c0
2024-05-09T01:15:07.007 INFO:teuthology.orchestra.run.smithi019.stdout:/usr/bin/ceph: stderr
2024-05-09T01:15:06.219+0000 7fd01e7fc700 1 -- 172.21.15.19:0/1366794421 <== mgr.14118 v2:172.21.15.19:6800/112627556 1 ==== mgr_command_reply(tid 0: 0 ) ==== 8+0+24 (secure 0 0 0) 0x7fd028063c00 con 0x7fd01403e4c0
2024-05-09T01:15:07.007 INFO:teuthology.orchestra.run.smithi019.stdout:/usr/bin/ceph: stderr
2024-05-09T01:15:06.221+0000 7fd02f700700 1 -- 172.21.15.19:0/1366794421 >> [v2:172.21.15.19:6800/112627556,v1:172.21.15.19:6801/112627556] conn(0x7fd01403e4c0 msgr2=0x7fd0140409d0 secure :-1 s=STATE_CONNECTION_ESTABLISHED l=1).mark_down
2024-05-09T01:15:07.007 INFO:teuthology.orchestra.run.smithi019.stdout:/usr/bin/ceph: stderr
2024-05-09T01:15:06.221+0000 7fd02f700700 1 --2- 172.21.15.19:0/1366794421 >> [v2:172.21.15.19:6800/112627556,v1:172.21.15.19:6801/112627556] conn(0x7fd01403e4c0 0x7fd0140409d0 secure :-1 s=READY pgs=12 cs=0 l=1 rev1=1 crypto rx=0x7fd018006fd0 tx=0x7fd018006e40 comp rx=0 tx=0).stop
2024-05-09T01:15:07.007 INFO:teuthology.orchestra.run.smithi019.stdout:/usr/bin/ceph: stderr
2024-05-09T01:15:06.221+0000 7fd02f700700 1 -- 172.21.15.19:0/1366794421 >> [v2:172.21.15.19:3300/0,v1:172.21.15.19:6789/0] conn(0x7fd028108b70 msgr2=0x7fd02819bdd0 secure :-1 s=STATE_CONNECTION_ESTABLISHED l=1).mark_down
2024-05-09T01:15:07.007 INFO:teuthology.orchestra.run.smithi019.stdout:/usr/bin/ceph: stderr
2024-05-09T01:15:06.221+0000 7fd02f700700 1 --2- 172.21.15.19:0/1366794421 >> [v2:172.21.15.19:3300/0,v1:172.21.15.19:6789/0] conn(0x7fd028108b70 0x7fd02819bdd0 secure :-1 s=READY pgs=46 cs=0 l=1 rev1=1 crypto rx=0x7fd024003c30 tx=0x7fd024003d10 comp rx=0 tx=0).stop
2024-05-09T01:15:07.007 INFO:teuthology.orchestra.run.smithi019.stdout:/usr/bin/ceph: stderr
2024-05-09T01:15:06.221+0000 7fd02f700700 1 -- 172.21.15.19:0/1366794421 shutdown_connections
2024-05-09T01:15:07.008 INFO:teuthology.orchestra.run.smithi019.stdout:/usr/bin/ceph: stderr
2024-05-09T01:15:06.221+0000 7fd02f700700 1 --2- 172.21.15.19:0/1366794421 >> [v2:172.21.15.19:6800/112627556,v1:172.21.15.19:6801/112627556] conn(0x7fd01403e4c0 0x7fd0140409d0 unknown :-1 s=CLOSED pgs=12 cs=0 l=1 rev1=1 crypto rx=0 tx=0 comp rx=0 tx=0).stop
2024-05-09T01:15:07.008 INFO:teuthology.orchestra.run.smithi019.stdout:/usr/bin/ceph: stderr
2024-05-09T01:15:06.221+0000 7fd02f700700 1 --2- 172.21.15.19:0/1366794421 >> [v2:172.21.15.19:3300/0,v1:172.21.15.19:6789/0] conn(0x7fd028108b70 0x7fd02819bdd0 unknown :-1 s=CLOSED pgs=46 cs=0 l=1 rev1=1 crypto rx=0 tx=0 comp rx=0 tx=0).stop
2024-05-09T01:15:07.008 INFO:teuthology.orchestra.run.smithi019.stdout:/usr/bin/ceph: stderr
2024-05-09T01:15:06.221+0000 7fd02f700700 1 -- 172.21.15.19:0/1366794421 >> 172.21.15.19:0/1366794421 conn(0x7fd028104250 msgr2=0x7fd028192080 unknown :-1 s=STATE_NONE l=0).mark_down
2024-05-09T01:15:07.008 INFO:teuthology.orchestra.run.smithi019.stdout:/usr/bin/ceph: stderr
2024-05-09T01:15:06.221+0000 7fd02f700700 1 -- 172.21.15.19:0/1366794421 shutdown_connections
2024-05-09T01:15:07.008 INFO:teuthology.orchestra.run.smithi019.stdout:/usr/bin/ceph: stderr
2024-05-09T01:15:06.222+0000 7fd02f700700 1 -- 172.21.15.19:0/1366794421 wait complete.
2024-05-09T01:15:07.008 INFO:teuthology.orchestra.run.smithi019.stdout:Deploying unmanaged mgr service...
2024-05-09T01:15:07.319 INFO:journalctl@ceph.mon.a.smithi019.stdout:May 09 01:15:07 smithi019 ceph-mon[30158]: from='client.14140 -' entity='client.admin' cmd=[{"prefix": "orch apply", "service_type": "mon", "unmanaged": true, "target": ["mon-mgr", ""]}]: dispatch
2024-05-09T01:15:07.319 INFO:journalctl@ceph.mon.a.smithi019.stdout:May 09 01:15:07 smithi019 ceph-mon[30158]: Saving service mon spec with placement count:5
2024-05-09T01:15:07.319 INFO:journalctl@ceph.mon.a.smithi019.stdout:May 09 01:15:07 smithi019 ceph-mon[30158]: from='mgr.14118 172.21.15.19:0/3467415941' entity='mgr.x'
2024-05-09T01:15:08.906 INFO:teuthology.orchestra.run.smithi019.stdout:/usr/bin/ceph: stdout Scheduled mgr update...
2024-05-09T01:15:08.907 INFO:teuthology.orchestra.run.smithi019.stdout:/usr/bin/ceph: stderr
2024-05-09T01:15:08.104+0000 7fbfb81ea700 1 Processor -- start
2024-05-09T01:15:08.907 INFO:teuthology.orchestra.run.smithi019.stdout:/usr/bin/ceph: stderr
2024-05-09T01:15:08.104+0000 7fbfb81ea700 1 -- start start
2024-05-09T01:15:08.907 INFO:teuthology.orchestra.run.smithi019.stdout:/usr/bin/ceph: stderr
2024-05-09T01:15:08.104+0000 7fbfb81ea700 1 --2- >> [v2:172.21.15.19:3300/0,v1:172.21.15.19:6789/0] conn(0x7fbfb010a730 0x7fbfb010cb50 unknown :-1 s=NONE pgs=0 cs=0 l=0 rev1=0 crypto rx=0 tx=0 comp rx=0 tx=0).connect
2024-05-09T01:15:08.907 INFO:teuthology.orchestra.run.smithi019.stdout:/usr/bin/ceph: stderr
2024-05-09T01:15:08.104+0000 7fbfb81ea700 1 -- --> [v2:172.21.15.19:3300/0,v1:172.21.15.19:6789/0] -- mon_getmap magic: 0 -- 0x7fbfb007ce30 con 0x7fbfb010a730
2024-05-09T01:15:08.907 INFO:teuthology.orchestra.run.smithi019.stdout:/usr/bin/ceph: stderr
2024-05-09T01:15:08.104+0000 7fbfb5f86700 1 --2- >> [v2:172.21.15.19:3300/0,v1:172.21.15.19:6789/0] conn(0x7fbfb010a730 0x7fbfb010cb50 unknown :-1 s=BANNER_CONNECTING pgs=0 cs=0 l=0 rev1=0 crypto rx=0 tx=0 comp rx=0 tx=0)._handle_peer_banner_payload supported=3 required=0
2024-05-09T01:15:08.907 INFO:teuthology.orchestra.run.smithi019.stdout:/usr/bin/ceph: stderr
2024-05-09T01:15:08.104+0000 7fbfb5f86700 1 --2- >> [v2:172.21.15.19:3300/0,v1:172.21.15.19:6789/0] conn(0x7fbfb010a730 0x7fbfb010cb50 unknown :-1 s=HELLO_CONNECTING pgs=0 cs=0 l=0 rev1=1 crypto rx=0 tx=0 comp rx=0 tx=0).handle_hello peer v2:172.21.15.19:3300/0 says I am v2:172.21.15.19:33190/0 (socket says 172.21.15.19:33190)
2024-05-09T01:15:08.907 INFO:teuthology.orchestra.run.smithi019.stdout:/usr/bin/ceph: stderr
2024-05-09T01:15:08.104+0000 7fbfb5f86700 1 -- 172.21.15.19:0/2953063593 learned_addr learned my addr 172.21.15.19:0/2953063593 (peer_addr_for_me v2:172.21.15.19:0/0)
2024-05-09T01:15:08.907 INFO:teuthology.orchestra.run.smithi019.stdout:/usr/bin/ceph: stderr
2024-05-09T01:15:08.105+0000 7fbfb5f86700 1 -- 172.21.15.19:0/2953063593 --> [v2:172.21.15.19:3300/0,v1:172.21.15.19:6789/0] -- mon_subscribe({config=0+,monmap=0+}) -- 0x7fbfb010d090 con 0x7fbfb010a730
2024-05-09T01:15:08.907 INFO:teuthology.orchestra.run.smithi019.stdout:/usr/bin/ceph: stderr
2024-05-09T01:15:08.105+0000 7fbfb5f86700 1 --2- 172.21.15.19:0/2953063593 >> [v2:172.21.15.19:3300/0,v1:172.21.15.19:6789/0] conn(0x7fbfb010a730 0x7fbfb010cb50 secure :-1 s=READY pgs=47 cs=0 l=1 rev1=1 crypto rx=0x7fbfac0098a0 tx=0x7fbfac009bb0 comp rx=0 tx=0).ready entity=mon.0 client_cookie=34c6d7a181d2b29e server_cookie=0 in_seq=0 out_seq=0
2024-05-09T01:15:08.907 INFO:teuthology.orchestra.run.smithi019.stdout:/usr/bin/ceph: stderr
2024-05-09T01:15:08.105+0000 7fbfb4f84700 1 -- 172.21.15.19:0/2953063593 <== mon.0 v2:172.21.15.19:3300/0 1 ==== mon_map magic: 0 ==== 205+0+0 (secure 0 0 0) 0x7fbfac004160 con 0x7fbfb010a730
2024-05-09T01:15:08.907 INFO:teuthology.orchestra.run.smithi019.stdout:/usr/bin/ceph: stderr
2024-05-09T01:15:08.105+0000 7fbfb4f84700 1 -- 172.21.15.19:0/2953063593 <== mon.0 v2:172.21.15.19:3300/0 2 ==== config(26 keys) ==== 1101+0+0 (secure 0 0 0) 0x7fbfac004300 con 0x7fbfb010a730
2024-05-09T01:15:08.907 INFO:teuthology.orchestra.run.smithi019.stdout:/usr/bin/ceph: stderr
2024-05-09T01:15:08.105+0000 7fbfb4f84700 1 -- 172.21.15.19:0/2953063593 <== mon.0 v2:172.21.15.19:3300/0 3 ==== mon_map magic: 0 ==== 205+0+0 (secure 0 0 0) 0x7fbfac011a20 con 0x7fbfb010a730
2024-05-09T01:15:08.907 INFO:teuthology.orchestra.run.smithi019.stdout:/usr/bin/ceph: stderr
2024-05-09T01:15:08.106+0000 7fbfb81ea700 1 -- 172.21.15.19:0/2953063593 >> [v2:172.21.15.19:3300/0,v1:172.21.15.19:6789/0] conn(0x7fbfb010a730 msgr2=0x7fbfb010cb50 secure :-1 s=STATE_CONNECTION_ESTABLISHED l=1).mark_down
2024-05-09T01:15:08.908 INFO:teuthology.orchestra.run.smithi019.stdout:/usr/bin/ceph: stderr
2024-05-09T01:15:08.106+0000 7fbfb81ea700 1 --2- 172.21.15.19:0/2953063593 >> [v2:172.21.15.19:3300/0,v1:172.21.15.19:6789/0] conn(0x7fbfb010a730 0x7fbfb010cb50 secure :-1 s=READY pgs=47 cs=0 l=1 rev1=1 crypto rx=0x7fbfac0098a0 tx=0x7fbfac009bb0 comp rx=0 tx=0).stop
2024-05-09T01:15:08.908 INFO:teuthology.orchestra.run.smithi019.stdout:/usr/bin/ceph: stderr
2024-05-09T01:15:08.106+0000 7fbfb81ea700 1 -- 172.21.15.19:0/2953063593 shutdown_connections
2024-05-09T01:15:08.908 INFO:teuthology.orchestra.run.smithi019.stdout:/usr/bin/ceph: stderr
2024-05-09T01:15:08.106+0000 7fbfb81ea700 1 --2- 172.21.15.19:0/2953063593 >> [v2:172.21.15.19:3300/0,v1:172.21.15.19:6789/0] conn(0x7fbfb010a730 0x7fbfb010cb50 unknown :-1 s=CLOSED pgs=47 cs=0 l=1 rev1=1 crypto rx=0 tx=0 comp rx=0 tx=0).stop
2024-05-09T01:15:08.908 INFO:teuthology.orchestra.run.smithi019.stdout:/usr/bin/ceph: stderr
2024-05-09T01:15:08.106+0000 7fbfb81ea700 1 -- 172.21.15.19:0/2953063593 >> 172.21.15.19:0/2953063593 conn(0x7fbfb0104190 msgr2=0x7fbfb0106600 unknown :-1 s=STATE_NONE l=0).mark_down
2024-05-09T01:15:08.908 INFO:teuthology.orchestra.run.smithi019.stdout:/usr/bin/ceph: stderr
2024-05-09T01:15:08.106+0000 7fbfb81ea700 1 -- 172.21.15.19:0/2953063593 shutdown_connections
2024-05-09T01:15:08.908 INFO:teuthology.orchestra.run.smithi019.stdout:/usr/bin/ceph: stderr
2024-05-09T01:15:08.106+0000 7fbfb81ea700 1 -- 172.21.15.19:0/2953063593 wait complete.
2024-05-09T01:15:08.908 INFO:teuthology.orchestra.run.smithi019.stdout:/usr/bin/ceph: stderr
2024-05-09T01:15:08.107+0000 7fbfb81ea700 1 Processor -- start
2024-05-09T01:15:08.908 INFO:teuthology.orchestra.run.smithi019.stdout:/usr/bin/ceph: stderr
2024-05-09T01:15:08.107+0000 7fbfb81ea700 1 -- start start
2024-05-09T01:15:08.908 INFO:teuthology.orchestra.run.smithi019.stdout:/usr/bin/ceph: stderr
2024-05-09T01:15:08.107+0000 7fbfb81ea700 1 --2- >> [v2:172.21.15.19:3300/0,v1:172.21.15.19:6789/0] conn(0x7fbfb010a730 0x7fbfb019df50 unknown :-1 s=NONE pgs=0 cs=0 l=1 rev1=0 crypto rx=0 tx=0 comp rx=0 tx=0).connect
2024-05-09T01:15:08.908 INFO:teuthology.orchestra.run.smithi019.stdout:/usr/bin/ceph: stderr
2024-05-09T01:15:08.107+0000 7fbfb81ea700 1 -- --> [v2:172.21.15.19:3300/0,v1:172.21.15.19:6789/0] -- mon_getmap magic: 0 -- 0x7fbfb010e030 con 0x7fbfb010a730
2024-05-09T01:15:08.908 INFO:teuthology.orchestra.run.smithi019.stdout:/usr/bin/ceph: stderr
2024-05-09T01:15:08.107+0000 7fbfb5f86700 1 --2- >> [v2:172.21.15.19:3300/0,v1:172.21.15.19:6789/0] conn(0x7fbfb010a730 0x7fbfb019df50 unknown :-1 s=BANNER_CONNECTING pgs=0 cs=0 l=1 rev1=0 crypto rx=0 tx=0 comp rx=0 tx=0)._handle_peer_banner_payload supported=3 required=0
2024-05-09T01:15:08.908 INFO:teuthology.orchestra.run.smithi019.stdout:/usr/bin/ceph: stderr
2024-05-09T01:15:08.107+0000 7fbfb5f86700 1 --2- >> [v2:172.21.15.19:3300/0,v1:172.21.15.19:6789/0] conn(0x7fbfb010a730 0x7fbfb019df50 unknown :-1 s=HELLO_CONNECTING pgs=0 cs=0 l=1 rev1=1 crypto rx=0 tx=0 comp rx=0 tx=0).handle_hello peer v2:172.21.15.19:3300/0 says I am v2:172.21.15.19:33196/0 (socket says 172.21.15.19:33196)
2024-05-09T01:15:08.908 INFO:teuthology.orchestra.run.smithi019.stdout:/usr/bin/ceph: stderr
2024-05-09T01:15:08.107+0000 7fbfb5f86700 1 -- 172.21.15.19:0/2351782896 learned_addr learned my addr 172.21.15.19:0/2351782896 (peer_addr_for_me v2:172.21.15.19:0/0)
2024-05-09T01:15:08.908 INFO:teuthology.orchestra.run.smithi019.stdout:/usr/bin/ceph: stderr
2024-05-09T01:15:08.108+0000 7fbfb5f86700 1 -- 172.21.15.19:0/2351782896 --> [v2:172.21.15.19:3300/0,v1:172.21.15.19:6789/0] -- mon_subscribe({config=0+,monmap=0+}) -- 0x7fbfb019e490 con 0x7fbfb010a730
2024-05-09T01:15:08.909 INFO:teuthology.orchestra.run.smithi019.stdout:/usr/bin/ceph: stderr
2024-05-09T01:15:08.108+0000 7fbfb5f86700 1 --2- 172.21.15.19:0/2351782896 >> [v2:172.21.15.19:3300/0,v1:172.21.15.19:6789/0] conn(0x7fbfb010a730 0x7fbfb019df50 secure :-1 s=READY pgs=48 cs=0 l=1 rev1=1 crypto rx=0x7fbfac0119f0 tx=0x7fbfac011ad0 comp rx=0 tx=0).ready entity=mon.0 client_cookie=0 server_cookie=0 in_seq=0 out_seq=0
2024-05-09T01:15:08.909 INFO:teuthology.orchestra.run.smithi019.stdout:/usr/bin/ceph: stderr
2024-05-09T01:15:08.108+0000 7fbfa6ffd700 1 -- 172.21.15.19:0/2351782896 <== mon.0 v2:172.21.15.19:3300/0 1 ==== mon_map magic: 0 ==== 205+0+0 (secure 0 0 0) 0x7fbfac0039e0 con 0x7fbfb010a730
2024-05-09T01:15:08.909 INFO:teuthology.orchestra.run.smithi019.stdout:/usr/bin/ceph: stderr
2024-05-09T01:15:08.108+0000 7fbfa6ffd700 1 -- 172.21.15.19:0/2351782896 <== mon.0 v2:172.21.15.19:3300/0 2 ==== config(26 keys) ==== 1101+0+0 (secure 0 0 0) 0x7fbfac01b8f0 con 0x7fbfb010a730
2024-05-09T01:15:08.909 INFO:teuthology.orchestra.run.smithi019.stdout:/usr/bin/ceph: stderr
2024-05-09T01:15:08.108+0000 7fbfb81ea700 1 -- 172.21.15.19:0/2351782896 --> [v2:172.21.15.19:3300/0,v1:172.21.15.19:6789/0] -- mon_subscribe({mgrmap=0+}) -- 0x7fbfb019e720 con 0x7fbfb010a730
2024-05-09T01:15:08.909 INFO:teuthology.orchestra.run.smithi019.stdout:/usr/bin/ceph: stderr
2024-05-09T01:15:08.108+0000 7fbfa6ffd700 1 -- 172.21.15.19:0/2351782896 <== mon.0 v2:172.21.15.19:3300/0 3 ==== mon_map magic: 0 ==== 205+0+0 (secure 0 0 0) 0x7fbfac0237a0 con 0x7fbfb010a730
2024-05-09T01:15:08.909 INFO:teuthology.orchestra.run.smithi019.stdout:/usr/bin/ceph: stderr
2024-05-09T01:15:08.108+0000 7fbfb81ea700 1 -- 172.21.15.19:0/2351782896 --> [v2:172.21.15.19:3300/0,v1:172.21.15.19:6789/0] -- mon_subscribe({osdmap=0}) -- 0x7fbfb01a1330 con 0x7fbfb010a730
2024-05-09T01:15:08.909 INFO:teuthology.orchestra.run.smithi019.stdout:/usr/bin/ceph: stderr
2024-05-09T01:15:08.109+0000 7fbfb81ea700 1 -- 172.21.15.19:0/2351782896 --> [v2:172.21.15.19:3300/0,v1:172.21.15.19:6789/0] -- mon_command({"prefix": "get_command_descriptions"} v 0) -- 0x7fbfb0064e20 con 0x7fbfb010a730
2024-05-09T01:15:08.909 INFO:teuthology.orchestra.run.smithi019.stdout:/usr/bin/ceph: stderr
2024-05-09T01:15:08.109+0000 7fbfa6ffd700 1 -- 172.21.15.19:0/2351782896 <== mon.0 v2:172.21.15.19:3300/0 4 ==== mgrmap(e 8) ==== 50222+0+0 (secure 0 0 0) 0x7fbfac0193d0 con 0x7fbfb010a730
2024-05-09T01:15:08.909 INFO:teuthology.orchestra.run.smithi019.stdout:/usr/bin/ceph: stderr
2024-05-09T01:15:08.110+0000 7fbfa6ffd700 1 --2- 172.21.15.19:0/2351782896 >> [v2:172.21.15.19:6800/112627556,v1:172.21.15.19:6801/112627556] conn(0x7fbf9c03e420 0x7fbf9c040930 unknown :-1 s=NONE pgs=0 cs=0 l=1 rev1=0 crypto rx=0 tx=0 comp rx=0 tx=0).connect
2024-05-09T01:15:08.909 INFO:teuthology.orchestra.run.smithi019.stdout:/usr/bin/ceph: stderr
2024-05-09T01:15:08.110+0000 7fbfa6ffd700 1 -- 172.21.15.19:0/2351782896 <== mon.0 v2:172.21.15.19:3300/0 5 ==== osd_map(2..2 src has 1..2) ==== 940+0+0 (secure 0 0 0) 0x7fbfac054140 con 0x7fbfb010a730
2024-05-09T01:15:08.909 INFO:teuthology.orchestra.run.smithi019.stdout:/usr/bin/ceph: stderr
2024-05-09T01:15:08.110+0000 7fbfb5785700 1 --2- 172.21.15.19:0/2351782896 >> [v2:172.21.15.19:6800/112627556,v1:172.21.15.19:6801/112627556] conn(0x7fbf9c03e420 0x7fbf9c040930 unknown :-1 s=BANNER_CONNECTING pgs=0 cs=0 l=1 rev1=0 crypto rx=0 tx=0 comp rx=0 tx=0)._handle_peer_banner_payload supported=3 required=0
2024-05-09T01:15:08.909 INFO:teuthology.orchestra.run.smithi019.stdout:/usr/bin/ceph: stderr
2024-05-09T01:15:08.110+0000 7fbfb5785700 1 --2- 172.21.15.19:0/2351782896 >> [v2:172.21.15.19:6800/112627556,v1:172.21.15.19:6801/112627556] conn(0x7fbf9c03e420 0x7fbf9c040930 secure :-1 s=READY pgs=13 cs=0 l=1 rev1=1 crypto rx=0x7fbfa0006fd0 tx=0x7fbfa0006e40 comp rx=0 tx=0).ready entity=mgr.14118 client_cookie=0 server_cookie=0 in_seq=0 out_seq=0
2024-05-09T01:15:08.910 INFO:teuthology.orchestra.run.smithi019.stdout:/usr/bin/ceph: stderr
2024-05-09T01:15:08.115+0000 7fbfa6ffd700 1 -- 172.21.15.19:0/2351782896 <== mon.0 v2:172.21.15.19:3300/0 6 ==== mon_command_ack([{"prefix": "get_command_descriptions"}]=0 v0) ==== 72+0+191963 (secure 0 0 0) 0x7fbfac01f030 con 0x7fbfb010a730
2024-05-09T01:15:08.910 INFO:teuthology.orchestra.run.smithi019.stdout:/usr/bin/ceph: stderr
2024-05-09T01:15:08.350+0000 7fbfb81ea700 1 -- 172.21.15.19:0/2351782896 --> [v2:172.21.15.19:6800/112627556,v1:172.21.15.19:6801/112627556] -- mgr_command(tid 0: {"prefix": "orch apply", "service_type": "mgr", "unmanaged": true, "target": ["mon-mgr", ""]}) -- 0x7fbfb01a15c0 con 0x7fbf9c03e420
2024-05-09T01:15:08.910 INFO:teuthology.orchestra.run.smithi019.stdout:/usr/bin/ceph: stderr
2024-05-09T01:15:08.358+0000 7fbfa6ffd700 1 -- 172.21.15.19:0/2351782896 <== mgr.14118 v2:172.21.15.19:6800/112627556 1 ==== mgr_command_reply(tid 0: 0 ) ==== 8+0+24 (secure 0 0 0) 0x7fbfb01a15c0 con 0x7fbf9c03e420
2024-05-09T01:15:08.910 INFO:teuthology.orchestra.run.smithi019.stdout:/usr/bin/ceph: stderr
2024-05-09T01:15:08.361+0000 7fbfb81ea700 1 -- 172.21.15.19:0/2351782896 >> [v2:172.21.15.19:6800/112627556,v1:172.21.15.19:6801/112627556] conn(0x7fbf9c03e420 msgr2=0x7fbf9c040930 secure :-1 s=STATE_CONNECTION_ESTABLISHED l=1).mark_down
2024-05-09T01:15:08.910 INFO:teuthology.orchestra.run.smithi019.stdout:/usr/bin/ceph: stderr
2024-05-09T01:15:08.361+0000 7fbfb81ea700 1 --2- 172.21.15.19:0/2351782896 >> [v2:172.21.15.19:6800/112627556,v1:172.21.15.19:6801/112627556] conn(0x7fbf9c03e420 0x7fbf9c040930 secure :-1 s=READY pgs=13 cs=0 l=1 rev1=1 crypto rx=0x7fbfa0006fd0 tx=0x7fbfa0006e40 comp rx=0 tx=0).stop
2024-05-09T01:15:08.911 INFO:teuthology.orchestra.run.smithi019.stdout:/usr/bin/ceph: stderr
2024-05-09T01:15:08.361+0000 7fbfb81ea700 1 -- 172.21.15.19:0/2351782896 >> [v2:172.21.15.19:3300/0,v1:172.21.15.19:6789/0] conn(0x7fbfb010a730 msgr2=0x7fbfb019df50 secure :-1 s=STATE_CONNECTION_ESTABLISHED l=1).mark_down
2024-05-09T01:15:08.911 INFO:teuthology.orchestra.run.smithi019.stdout:/usr/bin/ceph: stderr
2024-05-09T01:15:08.361+0000 7fbfb81ea700 1 --2- 172.21.15.19:0/2351782896 >> [v2:172.21.15.19:3300/0,v1:172.21.15.19:6789/0] conn(0x7fbfb010a730 0x7fbfb019df50 secure :-1 s=READY pgs=48 cs=0 l=1 rev1=1 crypto rx=0x7fbfac0119f0 tx=0x7fbfac011ad0 comp rx=0 tx=0).stop
2024-05-09T01:15:08.911 INFO:teuthology.orchestra.run.smithi019.stdout:/usr/bin/ceph: stderr
2024-05-09T01:15:08.361+0000 7fbfb81ea700 1 -- 172.21.15.19:0/2351782896 shutdown_connections
2024-05-09T01:15:08.911 INFO:teuthology.orchestra.run.smithi019.stdout:/usr/bin/ceph: stderr
2024-05-09T01:15:08.361+0000 7fbfb81ea700 1 --2- 172.21.15.19:0/2351782896 >> [v2:172.21.15.19:6800/112627556,v1:172.21.15.19:6801/112627556] conn(0x7fbf9c03e420 0x7fbf9c040930 unknown :-1 s=CLOSED pgs=13 cs=0 l=1 rev1=1 crypto rx=0 tx=0 comp rx=0 tx=0).stop
2024-05-09T01:15:08.911 INFO:teuthology.orchestra.run.smithi019.stdout:/usr/bin/ceph: stderr
2024-05-09T01:15:08.361+0000 7fbfb81ea700 1 --2- 172.21.15.19:0/2351782896 >> [v2:172.21.15.19:3300/0,v1:172.21.15.19:6789/0] conn(0x7fbfb010a730 0x7fbfb019df50 unknown :-1 s=CLOSED pgs=48 cs=0 l=1 rev1=1 crypto rx=0 tx=0 comp rx=0 tx=0).stop
2024-05-09T01:15:08.911 INFO:teuthology.orchestra.run.smithi019.stdout:/usr/bin/ceph: stderr
2024-05-09T01:15:08.361+0000 7fbfb81ea700 1 -- 172.21.15.19:0/2351782896 >> 172.21.15.19:0/2351782896 conn(0x7fbfb0104190 msgr2=0x7fbfb01049d0 unknown :-1 s=STATE_NONE l=0).mark_down
2024-05-09T01:15:08.911 INFO:teuthology.orchestra.run.smithi019.stdout:/usr/bin/ceph: stderr
2024-05-09T01:15:08.361+0000 7fbfb81ea700 1 -- 172.21.15.19:0/2351782896 shutdown_connections
2024-05-09T01:15:08.911 INFO:teuthology.orchestra.run.smithi019.stdout:/usr/bin/ceph: stderr
2024-05-09T01:15:08.361+0000 7fbfb81ea700 1 -- 172.21.15.19:0/2351782896 wait complete.
2024-05-09T01:15:09.026 INFO:journalctl@ceph.mon.a.smithi019.stdout:May 09 01:15:08 smithi019 ceph-mon[30158]: from='mgr.14118 172.21.15.19:0/3467415941' entity='mgr.x'
2024-05-09T01:15:09.026 INFO:journalctl@ceph.mon.a.smithi019.stdout:May 09 01:15:08 smithi019 ceph-mon[30158]: from='mgr.14118 172.21.15.19:0/3467415941' entity='mgr.x'
2024-05-09T01:15:09.026 INFO:journalctl@ceph.mon.a.smithi019.stdout:May 09 01:15:08 smithi019 ceph-mon[30158]: from='mgr.14118 172.21.15.19:0/3467415941' entity='mgr.x'
2024-05-09T01:15:09.898 INFO:journalctl@ceph.mon.a.smithi019.stdout:May 09 01:15:09 smithi019 ceph-mon[30158]: from='client.14142 -' entity='client.admin' cmd=[{"prefix": "orch apply", "service_type": "mgr", "unmanaged": true, "target": ["mon-mgr", ""]}]: dispatch
2024-05-09T01:15:09.898 INFO:journalctl@ceph.mon.a.smithi019.stdout:May 09 01:15:09 smithi019 ceph-mon[30158]: Saving service mgr spec with placement count:2
2024-05-09T01:15:09.898 INFO:journalctl@ceph.mon.a.smithi019.stdout:May 09 01:15:09 smithi019 ceph-mon[30158]: from='client.? 172.21.15.19:0/626516783' entity='client.admin'
2024-05-09T01:15:10.641 INFO:teuthology.orchestra.run.smithi019.stdout:/usr/bin/ceph: stderr
2024-05-09T01:15:09.347+0000 7f7111f3e700 1 Processor -- start
2024-05-09T01:15:10.641 INFO:teuthology.orchestra.run.smithi019.stdout:/usr/bin/ceph: stderr
2024-05-09T01:15:09.347+0000 7f7111f3e700 1 -- start start
2024-05-09T01:15:10.641 INFO:teuthology.orchestra.run.smithi019.stdout:/usr/bin/ceph: stderr
2024-05-09T01:15:09.347+0000 7f7111f3e700 1 --2- >> [v2:172.21.15.19:3300/0,v1:172.21.15.19:6789/0] conn(0x7f710c108b80 0x7f710c108f90 unknown :-1 s=NONE pgs=0 cs=0 l=0 rev1=0 crypto rx=0 tx=0 comp rx=0 tx=0).connect
2024-05-09T01:15:10.641 INFO:teuthology.orchestra.run.smithi019.stdout:/usr/bin/ceph: stderr
2024-05-09T01:15:09.347+0000 7f7111f3e700 1 -- --> [v2:172.21.15.19:3300/0,v1:172.21.15.19:6789/0] -- mon_getmap magic: 0 -- 0x7f710c109580 con 0x7f710c108b80
2024-05-09T01:15:10.641 INFO:teuthology.orchestra.run.smithi019.stdout:/usr/bin/ceph: stderr
2024-05-09T01:15:09.348+0000 7f710b7fe700 1 --2- >> [v2:172.21.15.19:3300/0,v1:172.21.15.19:6789/0] conn(0x7f710c108b80 0x7f710c108f90 unknown :-1 s=BANNER_CONNECTING pgs=0 cs=0 l=0 rev1=0 crypto rx=0 tx=0 comp rx=0 tx=0)._handle_peer_banner_payload supported=3 required=0
2024-05-09T01:15:10.641 INFO:teuthology.orchestra.run.smithi019.stdout:/usr/bin/ceph: stderr
2024-05-09T01:15:09.348+0000 7f710b7fe700 1 --2- >> [v2:172.21.15.19:3300/0,v1:172.21.15.19:6789/0] conn(0x7f710c108b80 0x7f710c108f90 unknown :-1 s=HELLO_CONNECTING pgs=0 cs=0 l=0 rev1=1 crypto rx=0 tx=0 comp rx=0 tx=0).handle_hello peer v2:172.21.15.19:3300/0 says I am v2:172.21.15.19:33202/0 (socket says 172.21.15.19:33202)
2024-05-09T01:15:10.641 INFO:teuthology.orchestra.run.smithi019.stdout:/usr/bin/ceph: stderr
2024-05-09T01:15:09.348+0000 7f710b7fe700 1 -- 172.21.15.19:0/4240669156 learned_addr learned my addr 172.21.15.19:0/4240669156 (peer_addr_for_me v2:172.21.15.19:0/0)
2024-05-09T01:15:10.642 INFO:teuthology.orchestra.run.smithi019.stdout:/usr/bin/ceph: stderr
2024-05-09T01:15:09.348+0000 7f710b7fe700 1 -- 172.21.15.19:0/4240669156 --> [v2:172.21.15.19:3300/0,v1:172.21.15.19:6789/0] -- mon_subscribe({config=0+,monmap=0+}) -- 0x7f710c109d50 con 0x7f710c108b80
2024-05-09T01:15:10.642 INFO:teuthology.orchestra.run.smithi019.stdout:/usr/bin/ceph: stderr
2024-05-09T01:15:09.349+0000 7f710b7fe700 1 --2- 172.21.15.19:0/4240669156 >> [v2:172.21.15.19:3300/0,v1:172.21.15.19:6789/0] conn(0x7f710c108b80 0x7f710c108f90 secure :-1 s=READY pgs=49 cs=0 l=1 rev1=1 crypto rx=0x7f70fc0098a0 tx=0x7f70fc009bb0 comp rx=0 tx=0).ready entity=mon.0 client_cookie=14109ff64ea9b6fd server_cookie=0 in_seq=0 out_seq=0
2024-05-09T01:15:10.642 INFO:teuthology.orchestra.run.smithi019.stdout:/usr/bin/ceph: stderr
2024-05-09T01:15:09.349+0000 7f710affd700 1 -- 172.21.15.19:0/4240669156 <== mon.0 v2:172.21.15.19:3300/0 1 ==== mon_map magic: 0 ==== 205+0+0 (secure 0 0 0) 0x7f70fc004160 con 0x7f710c108b80
2024-05-09T01:15:10.642 INFO:teuthology.orchestra.run.smithi019.stdout:/usr/bin/ceph: stderr
2024-05-09T01:15:09.349+0000 7f710affd700 1 -- 172.21.15.19:0/4240669156 <== mon.0 v2:172.21.15.19:3300/0 2 ==== config(26 keys) ==== 1101+0+0 (secure 0 0 0) 0x7f70fc004300 con 0x7f710c108b80
2024-05-09T01:15:10.642 INFO:teuthology.orchestra.run.smithi019.stdout:/usr/bin/ceph: stderr
2024-05-09T01:15:09.349+0000 7f710affd700 1 -- 172.21.15.19:0/4240669156 <== mon.0 v2:172.21.15.19:3300/0 3 ==== mon_map magic: 0 ==== 205+0+0 (secure 0 0 0) 0x7f70fc011a20 con 0x7f710c108b80
2024-05-09T01:15:10.642 INFO:teuthology.orchestra.run.smithi019.stdout:/usr/bin/ceph: stderr
2024-05-09T01:15:09.350+0000 7f7111f3e700 1 -- 172.21.15.19:0/4240669156 >> [v2:172.21.15.19:3300/0,v1:172.21.15.19:6789/0] conn(0x7f710c108b80 msgr2=0x7f710c108f90 secure :-1 s=STATE_CONNECTION_ESTABLISHED l=1).mark_down
2024-05-09T01:15:10.642 INFO:teuthology.orchestra.run.smithi019.stdout:/usr/bin/ceph: stderr
2024-05-09T01:15:09.350+0000 7f7111f3e700 1 --2- 172.21.15.19:0/4240669156 >> [v2:172.21.15.19:3300/0,v1:172.21.15.19:6789/0] conn(0x7f710c108b80 0x7f710c108f90 secure :-1 s=READY pgs=49 cs=0 l=1 rev1=1 crypto rx=0x7f70fc0098a0 tx=0x7f70fc009bb0 comp rx=0 tx=0).stop
2024-05-09T01:15:10.642 INFO:teuthology.orchestra.run.smithi019.stdout:/usr/bin/ceph: stderr
2024-05-09T01:15:09.350+0000 7f7111f3e700 1 -- 172.21.15.19:0/4240669156 shutdown_connections
2024-05-09T01:15:10.642 INFO:teuthology.orchestra.run.smithi019.stdout:/usr/bin/ceph: stderr
2024-05-09T01:15:09.350+0000 7f7111f3e700 1 --2- 172.21.15.19:0/4240669156 >> [v2:172.21.15.19:3300/0,v1:172.21.15.19:6789/0] conn(0x7f710c108b80 0x7f710c108f90 unknown :-1 s=CLOSED pgs=49 cs=0 l=1 rev1=1 crypto rx=0 tx=0 comp rx=0 tx=0).stop
2024-05-09T01:15:10.642 INFO:teuthology.orchestra.run.smithi019.stdout:/usr/bin/ceph: stderr
2024-05-09T01:15:09.350+0000 7f7111f3e700 1 -- 172.21.15.19:0/4240669156 >> 172.21.15.19:0/4240669156 conn(0x7f710c104240 msgr2=0x7f710c106690 unknown :-1 s=STATE_NONE l=0).mark_down
2024-05-09T01:15:10.642 INFO:teuthology.orchestra.run.smithi019.stdout:/usr/bin/ceph: stderr
2024-05-09T01:15:09.351+0000 7f7111f3e700 1 -- 172.21.15.19:0/4240669156 shutdown_connections
2024-05-09T01:15:10.642 INFO:teuthology.orchestra.run.smithi019.stdout:/usr/bin/ceph: stderr
2024-05-09T01:15:09.351+0000 7f7111f3e700 1 -- 172.21.15.19:0/4240669156 wait complete.
2024-05-09T01:15:10.642 INFO:teuthology.orchestra.run.smithi019.stdout:/usr/bin/ceph: stderr
2024-05-09T01:15:09.352+0000 7f7111f3e700 1 Processor -- start
2024-05-09T01:15:10.643 INFO:teuthology.orchestra.run.smithi019.stdout:/usr/bin/ceph: stderr
2024-05-09T01:15:09.352+0000 7f7111f3e700 1 -- start start
2024-05-09T01:15:10.643 INFO:teuthology.orchestra.run.smithi019.stdout:/usr/bin/ceph: stderr
2024-05-09T01:15:09.352+0000 7f7111f3e700 1 --2- >> [v2:172.21.15.19:3300/0,v1:172.21.15.19:6789/0] conn(0x7f710c108b80 0x7f710c19cf60 unknown :-1 s=NONE pgs=0 cs=0 l=1 rev1=0 crypto rx=0 tx=0 comp rx=0 tx=0).connect
2024-05-09T01:15:10.643 INFO:teuthology.orchestra.run.smithi019.stdout:/usr/bin/ceph: stderr
2024-05-09T01:15:09.352+0000 7f7111f3e700 1 -- --> [v2:172.21.15.19:3300/0,v1:172.21.15.19:6789/0] -- mon_getmap magic: 0 -- 0x7f710c10d100 con 0x7f710c108b80
2024-05-09T01:15:10.643 INFO:teuthology.orchestra.run.smithi019.stdout:/usr/bin/ceph: stderr
2024-05-09T01:15:09.353+0000 7f710b7fe700 1 --2- >> [v2:172.21.15.19:3300/0,v1:172.21.15.19:6789/0] conn(0x7f710c108b80 0x7f710c19cf60 unknown :-1 s=BANNER_CONNECTING pgs=0 cs=0 l=1 rev1=0 crypto rx=0 tx=0 comp rx=0 tx=0)._handle_peer_banner_payload supported=3 required=0
2024-05-09T01:15:10.643 INFO:teuthology.orchestra.run.smithi019.stdout:/usr/bin/ceph: stderr
2024-05-09T01:15:09.353+0000 7f710b7fe700 1 --2- >> [v2:172.21.15.19:3300/0,v1:172.21.15.19:6789/0] conn(0x7f710c108b80 0x7f710c19cf60 unknown :-1 s=HELLO_CONNECTING pgs=0 cs=0 l=1 rev1=1 crypto rx=0 tx=0 comp rx=0 tx=0).handle_hello peer v2:172.21.15.19:3300/0 says I am v2:172.21.15.19:33218/0 (socket says 172.21.15.19:33218)
2024-05-09T01:15:10.643 INFO:teuthology.orchestra.run.smithi019.stdout:/usr/bin/ceph: stderr
2024-05-09T01:15:09.353+0000 7f710b7fe700 1 -- 172.21.15.19:0/626516783 learned_addr learned my addr 172.21.15.19:0/626516783 (peer_addr_for_me v2:172.21.15.19:0/0)
2024-05-09T01:15:10.643 INFO:teuthology.orchestra.run.smithi019.stdout:/usr/bin/ceph: stderr
2024-05-09T01:15:09.353+0000 7f710b7fe700 1 -- 172.21.15.19:0/626516783 --> [v2:172.21.15.19:3300/0,v1:172.21.15.19:6789/0] -- mon_subscribe({config=0+,monmap=0+}) -- 0x7f710c19d4a0 con 0x7f710c108b80
2024-05-09T01:15:10.643 INFO:teuthology.orchestra.run.smithi019.stdout:/usr/bin/ceph: stderr
2024-05-09T01:15:09.353+0000 7f710b7fe700 1 --2- 172.21.15.19:0/626516783 >> [v2:172.21.15.19:3300/0,v1:172.21.15.19:6789/0] conn(0x7f710c108b80 0x7f710c19cf60 secure :-1 s=READY pgs=50 cs=0 l=1 rev1=1 crypto rx=0x7f70fc011a90 tx=0x7f70fc011b70 comp rx=0 tx=0).ready entity=mon.0 client_cookie=0 server_cookie=0 in_seq=0 out_seq=0
2024-05-09T01:15:10.643 INFO:teuthology.orchestra.run.smithi019.stdout:/usr/bin/ceph: stderr
2024-05-09T01:15:09.353+0000 7f71097fa700 1 -- 172.21.15.19:0/626516783 <== mon.0 v2:172.21.15.19:3300/0 1 ==== mon_map magic: 0 ==== 205+0+0 (secure 0 0 0) 0x7f70fc003950 con 0x7f710c108b80
2024-05-09T01:15:10.643 INFO:teuthology.orchestra.run.smithi019.stdout:/usr/bin/ceph: stderr
2024-05-09T01:15:09.354+0000 7f7111f3e700 1 -- 172.21.15.19:0/626516783 --> [v2:172.21.15.19:3300/0,v1:172.21.15.19:6789/0] -- mon_subscribe({mgrmap=0+}) -- 0x7f710c19d730 con 0x7f710c108b80
2024-05-09T01:15:10.643 INFO:teuthology.orchestra.run.smithi019.stdout:/usr/bin/ceph: stderr
2024-05-09T01:15:09.354+0000 7f71097fa700 1 -- 172.21.15.19:0/626516783 <== mon.0 v2:172.21.15.19:3300/0 2 ==== config(26 keys) ==== 1101+0+0 (secure 0 0 0) 0x7f70fc003af0 con 0x7f710c108b80
2024-05-09T01:15:10.643 INFO:teuthology.orchestra.run.smithi019.stdout:/usr/bin/ceph: stderr
2024-05-09T01:15:09.354+0000 7f71097fa700 1 -- 172.21.15.19:0/626516783 <== mon.0 v2:172.21.15.19:3300/0 3 ==== mon_map magic: 0 ==== 205+0+0 (secure 0 0 0) 0x7f70fc01b7c0 con 0x7f710c108b80
2024-05-09T01:15:10.643 INFO:teuthology.orchestra.run.smithi019.stdout:/usr/bin/ceph: stderr
2024-05-09T01:15:09.354+0000 7f7111f3e700 1 -- 172.21.15.19:0/626516783 --> [v2:172.21.15.19:3300/0,v1:172.21.15.19:6789/0] -- mon_subscribe({osdmap=0}) -- 0x7f710c0762c0 con 0x7f710c108b80
2024-05-09T01:15:10.643 INFO:teuthology.orchestra.run.smithi019.stdout:/usr/bin/ceph: stderr
2024-05-09T01:15:09.355+0000 7f7111f3e700 1 -- 172.21.15.19:0/626516783 --> [v2:172.21.15.19:3300/0,v1:172.21.15.19:6789/0] -- mon_command({"prefix": "get_command_descriptions"} v 0) -- 0x7f710c064e20 con 0x7f710c108b80
2024-05-09T01:15:10.643 INFO:teuthology.orchestra.run.smithi019.stdout:/usr/bin/ceph: stderr
2024-05-09T01:15:09.355+0000 7f71097fa700 1 -- 172.21.15.19:0/626516783 <== mon.0 v2:172.21.15.19:3300/0 4 ==== mgrmap(e 8) ==== 50222+0+0 (secure 0 0 0) 0x7f70fc01bac0 con 0x7f710c108b80
2024-05-09T01:15:10.643 INFO:teuthology.orchestra.run.smithi019.stdout:/usr/bin/ceph: stderr
2024-05-09T01:15:09.356+0000 7f71097fa700 1 --2- 172.21.15.19:0/626516783 >> [v2:172.21.15.19:6800/112627556,v1:172.21.15.19:6801/112627556] conn(0x7f70f803e420 0x7f70f8040930 unknown :-1 s=NONE pgs=0 cs=0 l=1 rev1=0 crypto rx=0 tx=0 comp rx=0 tx=0).connect
2024-05-09T01:15:10.644 INFO:teuthology.orchestra.run.smithi019.stdout:/usr/bin/ceph: stderr
2024-05-09T01:15:09.356+0000 7f71097fa700 1 -- 172.21.15.19:0/626516783 <== mon.0 v2:172.21.15.19:3300/0 5 ==== osd_map(2..2 src has 1..2) ==== 940+0+0 (secure 0 0 0) 0x7f70fc056310 con 0x7f710c108b80
2024-05-09T01:15:10.644 INFO:teuthology.orchestra.run.smithi019.stdout:/usr/bin/ceph: stderr
2024-05-09T01:15:09.356+0000 7f7102ffd700 1 --2- 172.21.15.19:0/626516783 >> [v2:172.21.15.19:6800/112627556,v1:172.21.15.19:6801/112627556] conn(0x7f70f803e420 0x7f70f8040930 unknown :-1 s=BANNER_CONNECTING pgs=0 cs=0 l=1 rev1=0 crypto rx=0 tx=0 comp rx=0 tx=0)._handle_peer_banner_payload supported=3 required=0
2024-05-09T01:15:10.644 INFO:teuthology.orchestra.run.smithi019.stdout:/usr/bin/ceph: stderr
2024-05-09T01:15:09.357+0000 7f7102ffd700 1 --2- 172.21.15.19:0/626516783 >> [v2:172.21.15.19:6800/112627556,v1:172.21.15.19:6801/112627556] conn(0x7f70f803e420 0x7f70f8040930 secure :-1 s=READY pgs=14 cs=0 l=1 rev1=1 crypto rx=0x7f70f4006fd0 tx=0x7f70f4006e40 comp rx=0 tx=0).ready entity=mgr.14118 client_cookie=0 server_cookie=0 in_seq=0 out_seq=0
2024-05-09T01:15:10.644 INFO:teuthology.orchestra.run.smithi019.stdout:/usr/bin/ceph: stderr
2024-05-09T01:15:09.362+0000 7f71097fa700 1 -- 172.21.15.19:0/626516783 <== mon.0 v2:172.21.15.19:3300/0 6 ==== mon_command_ack([{"prefix": "get_command_descriptions"}]=0 v0) ==== 72+0+191963 (secure 0 0 0) 0x7f70fc02b2b0 con 0x7f710c108b80
2024-05-09T01:15:10.644 INFO:teuthology.orchestra.run.smithi019.stdout:/usr/bin/ceph: stderr
2024-05-09T01:15:09.616+0000 7f7111f3e700 1 -- 172.21.15.19:0/626516783 --> [v2:172.21.15.19:3300/0,v1:172.21.15.19:6789/0] -- mon_command([{prefix=config set, name=mgr/cephadm/container_init}] v 0) -- 0x7f710c0768d0 con 0x7f710c108b80
2024-05-09T01:15:10.644 INFO:teuthology.orchestra.run.smithi019.stdout:/usr/bin/ceph: stderr
2024-05-09T01:15:09.620+0000 7f71097fa700 1 -- 172.21.15.19:0/626516783 <== mon.0 v2:172.21.15.19:3300/0 7 ==== mon_command_ack([{prefix=config set, name=mgr/cephadm/container_init}]=0 v7)=0 v7) ==== 142+0+0 (secure 0 0 0) 0x7f70fc056070 con 0x7f710c108b80
2024-05-09T01:15:10.644 INFO:teuthology.orchestra.run.smithi019.stdout:/usr/bin/ceph: stderr
2024-05-09T01:15:09.623+0000 7f7111f3e700 1 -- 172.21.15.19:0/626516783 >> [v2:172.21.15.19:6800/112627556,v1:172.21.15.19:6801/112627556] conn(0x7f70f803e420 msgr2=0x7f70f8040930 secure :-1 s=STATE_CONNECTION_ESTABLISHED l=1).mark_down
2024-05-09T01:15:10.644 INFO:teuthology.orchestra.run.smithi019.stdout:/usr/bin/ceph: stderr
2024-05-09T01:15:09.623+0000 7f7111f3e700 1 --2- 172.21.15.19:0/626516783 >> [v2:172.21.15.19:6800/112627556,v1:172.21.15.19:6801/112627556] conn(0x7f70f803e420 0x7f70f8040930 secure :-1 s=READY pgs=14 cs=0 l=1 rev1=1 crypto rx=0x7f70f4006fd0 tx=0x7f70f4006e40 comp rx=0 tx=0).stop
2024-05-09T01:15:10.644 INFO:teuthology.orchestra.run.smithi019.stdout:/usr/bin/ceph: stderr
2024-05-09T01:15:09.623+0000 7f7111f3e700 1 -- 172.21.15.19:0/626516783 >> [v2:172.21.15.19:3300/0,v1:172.21.15.19:6789/0] conn(0x7f710c108b80 msgr2=0x7f710c19cf60 secure :-1 s=STATE_CONNECTION_ESTABLISHED l=1).mark_down
2024-05-09T01:15:10.644 INFO:teuthology.orchestra.run.smithi019.stdout:/usr/bin/ceph: stderr
2024-05-09T01:15:09.623+0000 7f7111f3e700 1 --2- 172.21.15.19:0/626516783 >> [v2:172.21.15.19:3300/0,v1:172.21.15.19:6789/0] conn(0x7f710c108b80 0x7f710c19cf60 secure :-1 s=READY pgs=50 cs=0 l=1 rev1=1 crypto rx=0x7f70fc011a90 tx=0x7f70fc011b70 comp rx=0 tx=0).stop
2024-05-09T01:15:10.644 INFO:teuthology.orchestra.run.smithi019.stdout:/usr/bin/ceph: stderr
2024-05-09T01:15:09.623+0000 7f7111f3e700 1 -- 172.21.15.19:0/626516783 shutdown_connections
2024-05-09T01:15:10.644 INFO:teuthology.orchestra.run.smithi019.stdout:/usr/bin/ceph: stderr
2024-05-09T01:15:09.623+0000 7f7111f3e700 1 --2- 172.21.15.19:0/626516783 >> [v2:172.21.15.19:6800/112627556,v1:172.21.15.19:6801/112627556] conn(0x7f70f803e420 0x7f70f8040930 unknown :-1 s=CLOSED pgs=14 cs=0 l=1 rev1=1 crypto rx=0 tx=0 comp rx=0 tx=0).stop
2024-05-09T01:15:10.644 INFO:teuthology.orchestra.run.smithi019.stdout:/usr/bin/ceph: stderr
