2024-05-09T01:17:03.937+0000 7f5d8f540700 1 -- --> [v2:172.21.15.47:3300/0,v1:172.21.15.47:6789/0] -- mon_getmap magic: 0 -- 0x7f5d8807d8c0 con 0x7f5d8810a570
2024-05-09T01:17:05.249 INFO:teuthology.orchestra.run.smithi047.stdout:/usr/bin/ceph: stderr
2024-05-09T01:17:03.937+0000 7f5d8d2dc700 1 --2- >> [v2:172.21.15.47:3300/0,v1:172.21.15.47:6789/0] conn(0x7f5d8810a570 0x7f5d8810c990 unknown :-1 s=BANNER_CONNECTING pgs=0 cs=0 l=0 rev1=0 crypto rx=0 tx=0 comp rx=0 tx=0)._handle_peer_banner_payload supported=3 required=0
2024-05-09T01:17:05.249 INFO:teuthology.orchestra.run.smithi047.stdout:/usr/bin/ceph: stderr
2024-05-09T01:17:03.937+0000 7f5d8d2dc700 1 --2- >> [v2:172.21.15.47:3300/0,v1:172.21.15.47:6789/0] conn(0x7f5d8810a570 0x7f5d8810c990 unknown :-1 s=HELLO_CONNECTING pgs=0 cs=0 l=0 rev1=1 crypto rx=0 tx=0 comp rx=0 tx=0).handle_hello peer v2:172.21.15.47:3300/0 says I am v2:172.21.15.47:54906/0 (socket says 172.21.15.47:54906)
2024-05-09T01:17:05.249 INFO:teuthology.orchestra.run.smithi047.stdout:/usr/bin/ceph: stderr
2024-05-09T01:17:03.937+0000 7f5d8d2dc700 1 -- 172.21.15.47:0/2326536231 learned_addr learned my addr 172.21.15.47:0/2326536231 (peer_addr_for_me v2:172.21.15.47:0/0)
2024-05-09T01:17:05.249 INFO:teuthology.orchestra.run.smithi047.stdout:/usr/bin/ceph: stderr
2024-05-09T01:17:03.937+0000 7f5d8d2dc700 1 -- 172.21.15.47:0/2326536231 --> [v2:172.21.15.47:3300/0,v1:172.21.15.47:6789/0] -- mon_subscribe({config=0+,monmap=0+}) -- 0x7f5d8810ced0 con 0x7f5d8810a570
2024-05-09T01:17:05.250 INFO:teuthology.orchestra.run.smithi047.stdout:/usr/bin/ceph: stderr
2024-05-09T01:17:03.938+0000 7f5d8d2dc700 1 --2- 172.21.15.47:0/2326536231 >> [v2:172.21.15.47:3300/0,v1:172.21.15.47:6789/0] conn(0x7f5d8810a570 0x7f5d8810c990 secure :-1 s=READY pgs=22 cs=0 l=1 rev1=1 crypto rx=0x7f5d840098a0 tx=0x7f5d84009bb0 comp rx=0 tx=0).ready entity=mon.0 client_cookie=9ec1fb7da7c69ad0 server_cookie=0 in_seq=0 out_seq=0
2024-05-09T01:17:05.250 INFO:teuthology.orchestra.run.smithi047.stdout:/usr/bin/ceph: stderr
2024-05-09T01:17:03.938+0000 7f5d7ffff700 1 -- 172.21.15.47:0/2326536231 <== mon.0 v2:172.21.15.47:3300/0 1 ==== mon_map magic: 0 ==== 205+0+0 (secure 0 0 0) 0x7f5d84004160 con 0x7f5d8810a570
2024-05-09T01:17:05.250 INFO:teuthology.orchestra.run.smithi047.stdout:/usr/bin/ceph: stderr
2024-05-09T01:17:03.938+0000 7f5d7ffff700 1 -- 172.21.15.47:0/2326536231 <== mon.0 v2:172.21.15.47:3300/0 2 ==== config(25 keys) ==== 1032+0+0 (secure 0 0 0) 0x7f5d84004300 con 0x7f5d8810a570
2024-05-09T01:17:05.250 INFO:teuthology.orchestra.run.smithi047.stdout:/usr/bin/ceph: stderr
2024-05-09T01:17:03.938+0000 7f5d7ffff700 1 -- 172.21.15.47:0/2326536231 <== mon.0 v2:172.21.15.47:3300/0 3 ==== mon_map magic: 0 ==== 205+0+0 (secure 0 0 0) 0x7f5d840119e0 con 0x7f5d8810a570
2024-05-09T01:17:05.250 INFO:teuthology.orchestra.run.smithi047.stdout:/usr/bin/ceph: stderr
2024-05-09T01:17:03.938+0000 7f5d8f540700 1 -- 172.21.15.47:0/2326536231 >> [v2:172.21.15.47:3300/0,v1:172.21.15.47:6789/0] conn(0x7f5d8810a570 msgr2=0x7f5d8810c990 secure :-1 s=STATE_CONNECTION_ESTABLISHED l=1).mark_down
2024-05-09T01:17:05.250 INFO:teuthology.orchestra.run.smithi047.stdout:/usr/bin/ceph: stderr
2024-05-09T01:17:03.938+0000 7f5d8f540700 1 --2- 172.21.15.47:0/2326536231 >> [v2:172.21.15.47:3300/0,v1:172.21.15.47:6789/0] conn(0x7f5d8810a570 0x7f5d8810c990 secure :-1 s=READY pgs=22 cs=0 l=1 rev1=1 crypto rx=0x7f5d840098a0 tx=0x7f5d84009bb0 comp rx=0 tx=0).stop
2024-05-09T01:17:05.250 INFO:teuthology.orchestra.run.smithi047.stdout:/usr/bin/ceph: stderr
2024-05-09T01:17:03.939+0000 7f5d8f540700 1 -- 172.21.15.47:0/2326536231 shutdown_connections
2024-05-09T01:17:05.250 INFO:teuthology.orchestra.run.smithi047.stdout:/usr/bin/ceph: stderr
2024-05-09T01:17:03.939+0000 7f5d8f540700 1 --2- 172.21.15.47:0/2326536231 >> [v2:172.21.15.47:3300/0,v1:172.21.15.47:6789/0] conn(0x7f5d8810a570 0x7f5d8810c990 unknown :-1 s=CLOSED pgs=22 cs=0 l=1 rev1=1 crypto rx=0 tx=0 comp rx=0 tx=0).stop
2024-05-09T01:17:05.250 INFO:teuthology.orchestra.run.smithi047.stdout:/usr/bin/ceph: stderr
2024-05-09T01:17:03.939+0000 7f5d8f540700 1 -- 172.21.15.47:0/2326536231 >> 172.21.15.47:0/2326536231 conn(0x7f5d88104010 msgr2=0x7f5d88106480 unknown :-1 s=STATE_NONE l=0).mark_down
2024-05-09T01:17:05.250 INFO:teuthology.orchestra.run.smithi047.stdout:/usr/bin/ceph: stderr
2024-05-09T01:17:03.939+0000 7f5d8f540700 1 -- 172.21.15.47:0/2326536231 shutdown_connections
2024-05-09T01:17:05.250 INFO:teuthology.orchestra.run.smithi047.stdout:/usr/bin/ceph: stderr
2024-05-09T01:17:03.939+0000 7f5d8f540700 1 -- 172.21.15.47:0/2326536231 wait complete.
2024-05-09T01:17:05.250 INFO:teuthology.orchestra.run.smithi047.stdout:/usr/bin/ceph: stderr
2024-05-09T01:17:03.939+0000 7f5d8f540700 1 Processor -- start
2024-05-09T01:17:05.250 INFO:teuthology.orchestra.run.smithi047.stdout:/usr/bin/ceph: stderr
2024-05-09T01:17:03.939+0000 7f5d8f540700 1 -- start start
2024-05-09T01:17:05.250 INFO:teuthology.orchestra.run.smithi047.stdout:/usr/bin/ceph: stderr
2024-05-09T01:17:03.940+0000 7f5d8f540700 1 --2- >> [v2:172.21.15.47:3300/0,v1:172.21.15.47:6789/0] conn(0x7f5d8810a570 0x7f5d8819dd70 unknown :-1 s=NONE pgs=0 cs=0 l=1 rev1=0 crypto rx=0 tx=0 comp rx=0 tx=0).connect
2024-05-09T01:17:05.251 INFO:teuthology.orchestra.run.smithi047.stdout:/usr/bin/ceph: stderr
2024-05-09T01:17:03.940+0000 7f5d8f540700 1 -- --> [v2:172.21.15.47:3300/0,v1:172.21.15.47:6789/0] -- mon_getmap magic: 0 -- 0x7f5d8810de30 con 0x7f5d8810a570
2024-05-09T01:17:05.251 INFO:teuthology.orchestra.run.smithi047.stdout:/usr/bin/ceph: stderr
2024-05-09T01:17:03.940+0000 7f5d8d2dc700 1 --2- >> [v2:172.21.15.47:3300/0,v1:172.21.15.47:6789/0] conn(0x7f5d8810a570 0x7f5d8819dd70 unknown :-1 s=BANNER_CONNECTING pgs=0 cs=0 l=1 rev1=0 crypto rx=0 tx=0 comp rx=0 tx=0)._handle_peer_banner_payload supported=3 required=0
2024-05-09T01:17:05.251 INFO:teuthology.orchestra.run.smithi047.stdout:/usr/bin/ceph: stderr
2024-05-09T01:17:03.940+0000 7f5d8d2dc700 1 --2- >> [v2:172.21.15.47:3300/0,v1:172.21.15.47:6789/0] conn(0x7f5d8810a570 0x7f5d8819dd70 unknown :-1 s=HELLO_CONNECTING pgs=0 cs=0 l=1 rev1=1 crypto rx=0 tx=0 comp rx=0 tx=0).handle_hello peer v2:172.21.15.47:3300/0 says I am v2:172.21.15.47:54918/0 (socket says 172.21.15.47:54918)
2024-05-09T01:17:05.251 INFO:teuthology.orchestra.run.smithi047.stdout:/usr/bin/ceph: stderr
2024-05-09T01:17:03.940+0000 7f5d8d2dc700 1 -- 172.21.15.47:0/4105908436 learned_addr learned my addr 172.21.15.47:0/4105908436 (peer_addr_for_me v2:172.21.15.47:0/0)
2024-05-09T01:17:05.251 INFO:teuthology.orchestra.run.smithi047.stdout:/usr/bin/ceph: stderr
2024-05-09T01:17:03.940+0000 7f5d8d2dc700 1 -- 172.21.15.47:0/4105908436 --> [v2:172.21.15.47:3300/0,v1:172.21.15.47:6789/0] -- mon_subscribe({config=0+,monmap=0+}) -- 0x7f5d8819e2b0 con 0x7f5d8810a570
2024-05-09T01:17:05.251 INFO:teuthology.orchestra.run.smithi047.stdout:/usr/bin/ceph: stderr
2024-05-09T01:17:03.940+0000 7f5d8d2dc700 1 --2- 172.21.15.47:0/4105908436 >> [v2:172.21.15.47:3300/0,v1:172.21.15.47:6789/0] conn(0x7f5d8810a570 0x7f5d8819dd70 secure :-1 s=READY pgs=23 cs=0 l=1 rev1=1 crypto rx=0x7f5d840119b0 tx=0x7f5d84011a90 comp rx=0 tx=0).ready entity=mon.0 client_cookie=0 server_cookie=0 in_seq=0 out_seq=0
2024-05-09T01:17:05.251 INFO:teuthology.orchestra.run.smithi047.stdout:/usr/bin/ceph: stderr
2024-05-09T01:17:03.940+0000 7f5d7e7fc700 1 -- 172.21.15.47:0/4105908436 <== mon.0 v2:172.21.15.47:3300/0 1 ==== mon_map magic: 0 ==== 205+0+0 (secure 0 0 0) 0x7f5d84003af0 con 0x7f5d8810a570
2024-05-09T01:17:05.251 INFO:teuthology.orchestra.run.smithi047.stdout:/usr/bin/ceph: stderr
2024-05-09T01:17:03.940+0000 7f5d8f540700 1 -- 172.21.15.47:0/4105908436 --> [v2:172.21.15.47:3300/0,v1:172.21.15.47:6789/0] -- mon_subscribe({mgrmap=0+}) -- 0x7f5d8819e540 con 0x7f5d8810a570
2024-05-09T01:17:05.251 INFO:teuthology.orchestra.run.smithi047.stdout:/usr/bin/ceph: stderr
2024-05-09T01:17:03.940+0000 7f5d7e7fc700 1 -- 172.21.15.47:0/4105908436 <== mon.0 v2:172.21.15.47:3300/0 2 ==== config(25 keys) ==== 1032+0+0 (secure 0 0 0) 0x7f5d8401a8a0 con 0x7f5d8810a570
2024-05-09T01:17:05.251 INFO:teuthology.orchestra.run.smithi047.stdout:/usr/bin/ceph: stderr
2024-05-09T01:17:03.940+0000 7f5d7e7fc700 1 -- 172.21.15.47:0/4105908436 <== mon.0 v2:172.21.15.47:3300/0 3 ==== mon_map magic: 0 ==== 205+0+0 (secure 0 0 0) 0x7f5d84024830 con 0x7f5d8810a570
2024-05-09T01:17:05.251 INFO:teuthology.orchestra.run.smithi047.stdout:/usr/bin/ceph: stderr
2024-05-09T01:17:03.940+0000 7f5d8f540700 1 -- 172.21.15.47:0/4105908436 --> [v2:172.21.15.47:3300/0,v1:172.21.15.47:6789/0] -- mon_subscribe({osdmap=0}) -- 0x7f5d881a1150 con 0x7f5d8810a570
2024-05-09T01:17:05.251 INFO:teuthology.orchestra.run.smithi047.stdout:/usr/bin/ceph: stderr
2024-05-09T01:17:03.941+0000 7f5d8f540700 1 -- 172.21.15.47:0/4105908436 --> [v2:172.21.15.47:3300/0,v1:172.21.15.47:6789/0] -- mon_command({"prefix": "get_command_descriptions"} v 0) -- 0x7f5d88064e20 con 0x7f5d8810a570
2024-05-09T01:17:05.251 INFO:teuthology.orchestra.run.smithi047.stdout:/usr/bin/ceph: stderr
2024-05-09T01:17:03.941+0000 7f5d7e7fc700 1 -- 172.21.15.47:0/4105908436 <== mon.0 v2:172.21.15.47:3300/0 4 ==== mgrmap(e 4) ==== 50211+0+0 (secure 0 0 0) 0x7f5d84022020 con 0x7f5d8810a570
2024-05-09T01:17:05.251 INFO:teuthology.orchestra.run.smithi047.stdout:/usr/bin/ceph: stderr
2024-05-09T01:17:03.942+0000 7f5d7e7fc700 1 --2- 172.21.15.47:0/4105908436 >> [v2:172.21.15.47:6800/367064465,v1:172.21.15.47:6801/367064465] conn(0x7f5d7403e4e0 0x7f5d740409f0 unknown :-1 s=NONE pgs=0 cs=0 l=1 rev1=0 crypto rx=0 tx=0 comp rx=0 tx=0).connect
2024-05-09T01:17:05.252 INFO:teuthology.orchestra.run.smithi047.stdout:/usr/bin/ceph: stderr
2024-05-09T01:17:03.942+0000 7f5d7e7fc700 1 -- 172.21.15.47:0/4105908436 <== mon.0 v2:172.21.15.47:3300/0 5 ==== osd_map(1..1 src has 1..1) ==== 725+0+0 (secure 0 0 0) 0x7f5d840535b0 con 0x7f5d8810a570
2024-05-09T01:17:05.252 INFO:teuthology.orchestra.run.smithi047.stdout:/usr/bin/ceph: stderr
2024-05-09T01:17:03.942+0000 7f5d8cadb700 1 --2- 172.21.15.47:0/4105908436 >> [v2:172.21.15.47:6800/367064465,v1:172.21.15.47:6801/367064465] conn(0x7f5d7403e4e0 0x7f5d740409f0 unknown :-1 s=BANNER_CONNECTING pgs=0 cs=0 l=1 rev1=0 crypto rx=0 tx=0 comp rx=0 tx=0)._handle_peer_banner_payload supported=3 required=0
2024-05-09T01:17:05.252 INFO:teuthology.orchestra.run.smithi047.stdout:/usr/bin/ceph: stderr
2024-05-09T01:17:03.942+0000 7f5d8cadb700 1 --2- 172.21.15.47:0/4105908436 >> [v2:172.21.15.47:6800/367064465,v1:172.21.15.47:6801/367064465] conn(0x7f5d7403e4e0 0x7f5d740409f0 secure :-1 s=READY pgs=8 cs=0 l=1 rev1=1 crypto rx=0x7f5d78006fd0 tx=0x7f5d78006e40 comp rx=0 tx=0).ready entity=mgr.14100 client_cookie=0 server_cookie=0 in_seq=0 out_seq=0
2024-05-09T01:17:05.252 INFO:teuthology.orchestra.run.smithi047.stdout:/usr/bin/ceph: stderr
2024-05-09T01:17:03.947+0000 7f5d7e7fc700 1 -- 172.21.15.47:0/4105908436 <== mon.0 v2:172.21.15.47:3300/0 6 ==== mon_command_ack([{"prefix": "get_command_descriptions"}]=0 v0) ==== 72+0+191963 (secure 0 0 0) 0x7f5d8400e260 con 0x7f5d8810a570
2024-05-09T01:17:05.252 INFO:teuthology.orchestra.run.smithi047.stdout:/usr/bin/ceph: stderr
2024-05-09T01:17:04.220+0000 7f5d8f540700 1 -- 172.21.15.47:0/4105908436 --> [v2:172.21.15.47:3300/0,v1:172.21.15.47:6789/0] -- mon_command({"prefix": "mgr module enable", "module": "cephadm"} v 0) -- 0x7f5d881a1440 con 0x7f5d8810a570
2024-05-09T01:17:05.252 INFO:teuthology.orchestra.run.smithi047.stdout:/usr/bin/ceph: stderr
2024-05-09T01:17:04.579+0000 7f5d7e7fc700 1 -- 172.21.15.47:0/4105908436 <== mon.0 v2:172.21.15.47:3300/0 7 ==== mon_command_ack([{"prefix": "mgr module enable", "module": "cephadm"}]=0 v5) ==== 86+0+0 (secure 0 0 0) 0x7f5d84053290 con 0x7f5d8810a570
2024-05-09T01:17:05.252 INFO:teuthology.orchestra.run.smithi047.stdout:/usr/bin/ceph: stderr
2024-05-09T01:17:04.581+0000 7f5d7e7fc700 1 -- 172.21.15.47:0/4105908436 <== mon.0 v2:172.21.15.47:3300/0 8 ==== mgrmap(e 5) ==== 50222+0+0 (secure 0 0 0) 0x7f5d8402dc90 con 0x7f5d8810a570
2024-05-09T01:17:05.252 INFO:teuthology.orchestra.run.smithi047.stdout:/usr/bin/ceph: stderr
2024-05-09T01:17:04.583+0000 7f5d8f540700 1 -- 172.21.15.47:0/4105908436 >> [v2:172.21.15.47:6800/367064465,v1:172.21.15.47:6801/367064465] conn(0x7f5d7403e4e0 msgr2=0x7f5d740409f0 secure :-1 s=STATE_CONNECTION_ESTABLISHED l=1).mark_down
2024-05-09T01:17:05.252 INFO:teuthology.orchestra.run.smithi047.stdout:/usr/bin/ceph: stderr
2024-05-09T01:17:04.583+0000 7f5d8f540700 1 --2- 172.21.15.47:0/4105908436 >> [v2:172.21.15.47:6800/367064465,v1:172.21.15.47:6801/367064465] conn(0x7f5d7403e4e0 0x7f5d740409f0 secure :-1 s=READY pgs=8 cs=0 l=1 rev1=1 crypto rx=0x7f5d78006fd0 tx=0x7f5d78006e40 comp rx=0 tx=0).stop
2024-05-09T01:17:05.252 INFO:teuthology.orchestra.run.smithi047.stdout:/usr/bin/ceph: stderr
2024-05-09T01:17:04.583+0000 7f5d8f540700 1 -- 172.21.15.47:0/4105908436 >> [v2:172.21.15.47:3300/0,v1:172.21.15.47:6789/0] conn(0x7f5d8810a570 msgr2=0x7f5d8819dd70 secure :-1 s=STATE_CONNECTION_ESTABLISHED l=1).mark_down
2024-05-09T01:17:05.252 INFO:teuthology.orchestra.run.smithi047.stdout:/usr/bin/ceph: stderr
2024-05-09T01:17:04.583+0000 7f5d8f540700 1 --2- 172.21.15.47:0/4105908436 >> [v2:172.21.15.47:3300/0,v1:172.21.15.47:6789/0] conn(0x7f5d8810a570 0x7f5d8819dd70 secure :-1 s=READY pgs=23 cs=0 l=1 rev1=1 crypto rx=0x7f5d840119b0 tx=0x7f5d84011a90 comp rx=0 tx=0).stop
2024-05-09T01:17:05.252 INFO:teuthology.orchestra.run.smithi047.stdout:/usr/bin/ceph: stderr
2024-05-09T01:17:04.583+0000 7f5d8f540700 1 -- 172.21.15.47:0/4105908436 shutdown_connections
2024-05-09T01:17:05.252 INFO:teuthology.orchestra.run.smithi047.stdout:/usr/bin/ceph: stderr
2024-05-09T01:17:04.583+0000 7f5d8f540700 1 --2- 172.21.15.47:0/4105908436 >> [v2:172.21.15.47:6800/367064465,v1:172.21.15.47:6801/367064465] conn(0x7f5d7403e4e0 0x7f5d740409f0 unknown :-1 s=CLOSED pgs=8 cs=0 l=1 rev1=1 crypto rx=0 tx=0 comp rx=0 tx=0).stop
2024-05-09T01:17:05.252 INFO:teuthology.orchestra.run.smithi047.stdout:/usr/bin/ceph: stderr
2024-05-09T01:17:04.583+0000 7f5d8f540700 1 --2- 172.21.15.47:0/4105908436 >> [v2:172.21.15.47:3300/0,v1:172.21.15.47:6789/0] conn(0x7f5d8810a570 0x7f5d8819dd70 unknown :-1 s=CLOSED pgs=23 cs=0 l=1 rev1=1 crypto rx=0 tx=0 comp rx=0 tx=0).stop
2024-05-09T01:17:05.253 INFO:teuthology.orchestra.run.smithi047.stdout:/usr/bin/ceph: stderr
2024-05-09T01:17:04.583+0000 7f5d8f540700 1 -- 172.21.15.47:0/4105908436 >> 172.21.15.47:0/4105908436 conn(0x7f5d88104010 msgr2=0x7f5d881047b0 unknown :-1 s=STATE_NONE l=0).mark_down
2024-05-09T01:17:05.253 INFO:teuthology.orchestra.run.smithi047.stdout:/usr/bin/ceph: stderr
2024-05-09T01:17:04.583+0000 7f5d8f540700 1 -- 172.21.15.47:0/4105908436 shutdown_connections
2024-05-09T01:17:05.253 INFO:teuthology.orchestra.run.smithi047.stdout:/usr/bin/ceph: stderr
2024-05-09T01:17:04.584+0000 7f5d8f540700 1 -- 172.21.15.47:0/4105908436 wait complete.
2024-05-09T01:17:05.515 INFO:journalctl@ceph.mgr.x.smithi047.stdout:May 09 01:17:05 smithi047 ceph-a3011a9c-0da1-11ef-bc97-c7b262605968-mgr-x[30405]:
2024-05-09T01:17:05.423+0000 7f4775b40200 -1 mgr[py] Module progress has missing NOTIFY_TYPES member
2024-05-09T01:17:05.515 INFO:journalctl@ceph.mgr.x.smithi047.stdout:May 09 01:17:05 smithi047 ceph-a3011a9c-0da1-11ef-bc97-c7b262605968-mgr-x[30405]:
2024-05-09T01:17:05.515+0000 7f4775b40200 -1 mgr[py] Module influx has missing NOTIFY_TYPES member
2024-05-09T01:17:05.863 INFO:journalctl@ceph.mon.a.smithi047.stdout:May 09 01:17:05 smithi047 ceph-mon[30173]: from='client.? 172.21.15.47:0/4105908436' entity='client.admin' cmd='[{"prefix": "mgr module enable", "module": "cephadm"}]': finished
2024-05-09T01:17:05.864 INFO:journalctl@ceph.mon.a.smithi047.stdout:May 09 01:17:05 smithi047 ceph-mon[30173]: mgrmap e5: x(active, since 6s)
2024-05-09T01:17:06.583 INFO:teuthology.orchestra.run.smithi047.stdout:/usr/bin/ceph: stdout {
2024-05-09T01:17:06.591 INFO:teuthology.orchestra.run.smithi047.stdout:/usr/bin/ceph: stdout "epoch": 5,
2024-05-09T01:17:06.591 INFO:teuthology.orchestra.run.smithi047.stdout:/usr/bin/ceph: stdout "available": true,
2024-05-09T01:17:06.591 INFO:teuthology.orchestra.run.smithi047.stdout:/usr/bin/ceph: stdout "active_name": "x",
2024-05-09T01:17:06.591 INFO:teuthology.orchestra.run.smithi047.stdout:/usr/bin/ceph: stdout "num_standby": 0
2024-05-09T01:17:06.591 INFO:teuthology.orchestra.run.smithi047.stdout:/usr/bin/ceph: stdout }
2024-05-09T01:17:06.591 INFO:teuthology.orchestra.run.smithi047.stdout:/usr/bin/ceph: stderr
2024-05-09T01:17:05.657+0000 7feb6d1c8700 1 Processor -- start
2024-05-09T01:17:06.591 INFO:teuthology.orchestra.run.smithi047.stdout:/usr/bin/ceph: stderr
2024-05-09T01:17:05.657+0000 7feb6d1c8700 1 -- start start
2024-05-09T01:17:06.591 INFO:teuthology.orchestra.run.smithi047.stdout:/usr/bin/ceph: stderr
2024-05-09T01:17:05.658+0000 7feb6d1c8700 1 --2- >> [v2:172.21.15.47:3300/0,v1:172.21.15.47:6789/0] conn(0x7feb6810a560 0x7feb6810c980 unknown :-1 s=NONE pgs=0 cs=0 l=0 rev1=0 crypto rx=0 tx=0 comp rx=0 tx=0).connect
2024-05-09T01:17:06.591 INFO:teuthology.orchestra.run.smithi047.stdout:/usr/bin/ceph: stderr
2024-05-09T01:17:05.658+0000 7feb6d1c8700 1 -- --> [v2:172.21.15.47:3300/0,v1:172.21.15.47:6789/0] -- mon_getmap magic: 0 -- 0x7feb6807ce50 con 0x7feb6810a560
2024-05-09T01:17:06.591 INFO:teuthology.orchestra.run.smithi047.stdout:/usr/bin/ceph: stderr
2024-05-09T01:17:05.658+0000 7feb66d9d700 1 --2- >> [v2:172.21.15.47:3300/0,v1:172.21.15.47:6789/0] conn(0x7feb6810a560 0x7feb6810c980 unknown :-1 s=BANNER_CONNECTING pgs=0 cs=0 l=0 rev1=0 crypto rx=0 tx=0 comp rx=0 tx=0)._handle_peer_banner_payload supported=3 required=0
2024-05-09T01:17:06.592 INFO:teuthology.orchestra.run.smithi047.stdout:/usr/bin/ceph: stderr
2024-05-09T01:17:05.658+0000 7feb66d9d700 1 --2- >> [v2:172.21.15.47:3300/0,v1:172.21.15.47:6789/0] conn(0x7feb6810a560 0x7feb6810c980 unknown :-1 s=HELLO_CONNECTING pgs=0 cs=0 l=0 rev1=1 crypto rx=0 tx=0 comp rx=0 tx=0).handle_hello peer v2:172.21.15.47:3300/0 says I am v2:172.21.15.47:54946/0 (socket says 172.21.15.47:54946)
2024-05-09T01:17:06.592 INFO:teuthology.orchestra.run.smithi047.stdout:/usr/bin/ceph: stderr
2024-05-09T01:17:05.658+0000 7feb66d9d700 1 -- 172.21.15.47:0/4071527136 learned_addr learned my addr 172.21.15.47:0/4071527136 (peer_addr_for_me v2:172.21.15.47:0/0)
2024-05-09T01:17:06.592 INFO:teuthology.orchestra.run.smithi047.stdout:/usr/bin/ceph: stderr
2024-05-09T01:17:05.658+0000 7feb66d9d700 1 -- 172.21.15.47:0/4071527136 --> [v2:172.21.15.47:3300/0,v1:172.21.15.47:6789/0] -- mon_subscribe({config=0+,monmap=0+}) -- 0x7feb6810cec0 con 0x7feb6810a560
2024-05-09T01:17:06.592 INFO:teuthology.orchestra.run.smithi047.stdout:/usr/bin/ceph: stderr
2024-05-09T01:17:05.658+0000 7feb66d9d700 1 --2- 172.21.15.47:0/4071527136 >> [v2:172.21.15.47:3300/0,v1:172.21.15.47:6789/0] conn(0x7feb6810a560 0x7feb6810c980 secure :-1 s=READY pgs=26 cs=0 l=1 rev1=1 crypto rx=0x7feb580098a0 tx=0x7feb58009bb0 comp rx=0 tx=0).ready entity=mon.0 client_cookie=c2d935c9f95342bf server_cookie=0 in_seq=0 out_seq=0
2024-05-09T01:17:06.592 INFO:teuthology.orchestra.run.smithi047.stdout:/usr/bin/ceph: stderr
2024-05-09T01:17:05.658+0000 7feb65d9b700 1 -- 172.21.15.47:0/4071527136 <== mon.0 v2:172.21.15.47:3300/0 1 ==== mon_map magic: 0 ==== 205+0+0 (secure 0 0 0) 0x7feb58004160 con 0x7feb6810a560
2024-05-09T01:17:06.592 INFO:teuthology.orchestra.run.smithi047.stdout:/usr/bin/ceph: stderr
2024-05-09T01:17:05.659+0000 7feb65d9b700 1 -- 172.21.15.47:0/4071527136 <== mon.0 v2:172.21.15.47:3300/0 2 ==== config(25 keys) ==== 1032+0+0 (secure 0 0 0) 0x7feb58004300 con 0x7feb6810a560
2024-05-09T01:17:06.592 INFO:teuthology.orchestra.run.smithi047.stdout:/usr/bin/ceph: stderr
2024-05-09T01:17:05.659+0000 7feb65d9b700 1 -- 172.21.15.47:0/4071527136 <== mon.0 v2:172.21.15.47:3300/0 3 ==== mon_map magic: 0 ==== 205+0+0 (secure 0 0 0) 0x7feb580119e0 con 0x7feb6810a560
2024-05-09T01:17:06.592 INFO:teuthology.orchestra.run.smithi047.stdout:/usr/bin/ceph: stderr
2024-05-09T01:17:05.659+0000 7feb6d1c8700 1 -- 172.21.15.47:0/4071527136 >> [v2:172.21.15.47:3300/0,v1:172.21.15.47:6789/0] conn(0x7feb6810a560 msgr2=0x7feb6810c980 secure :-1 s=STATE_CONNECTION_ESTABLISHED l=1).mark_down
2024-05-09T01:17:06.592 INFO:teuthology.orchestra.run.smithi047.stdout:/usr/bin/ceph: stderr
2024-05-09T01:17:05.659+0000 7feb6d1c8700 1 --2- 172.21.15.47:0/4071527136 >> [v2:172.21.15.47:3300/0,v1:172.21.15.47:6789/0] conn(0x7feb6810a560 0x7feb6810c980 secure :-1 s=READY pgs=26 cs=0 l=1 rev1=1 crypto rx=0x7feb580098a0 tx=0x7feb58009bb0 comp rx=0 tx=0).stop
2024-05-09T01:17:06.592 INFO:teuthology.orchestra.run.smithi047.stdout:/usr/bin/ceph: stderr
2024-05-09T01:17:05.659+0000 7feb6d1c8700 1 -- 172.21.15.47:0/4071527136 shutdown_connections
2024-05-09T01:17:06.592 INFO:teuthology.orchestra.run.smithi047.stdout:/usr/bin/ceph: stderr
2024-05-09T01:17:05.659+0000 7feb6d1c8700 1 --2- 172.21.15.47:0/4071527136 >> [v2:172.21.15.47:3300/0,v1:172.21.15.47:6789/0] conn(0x7feb6810a560 0x7feb6810c980 unknown :-1 s=CLOSED pgs=26 cs=0 l=1 rev1=1 crypto rx=0 tx=0 comp rx=0 tx=0).stop
2024-05-09T01:17:06.592 INFO:teuthology.orchestra.run.smithi047.stdout:/usr/bin/ceph: stderr
2024-05-09T01:17:05.659+0000 7feb6d1c8700 1 -- 172.21.15.47:0/4071527136 >> 172.21.15.47:0/4071527136 conn(0x7feb68104000 msgr2=0x7feb68106450 unknown :-1 s=STATE_NONE l=0).mark_down
2024-05-09T01:17:06.592 INFO:teuthology.orchestra.run.smithi047.stdout:/usr/bin/ceph: stderr
2024-05-09T01:17:05.659+0000 7feb6d1c8700 1 -- 172.21.15.47:0/4071527136 shutdown_connections
2024-05-09T01:17:06.593 INFO:teuthology.orchestra.run.smithi047.stdout:/usr/bin/ceph: stderr
2024-05-09T01:17:05.659+0000 7feb6d1c8700 1 -- 172.21.15.47:0/4071527136 wait complete.
2024-05-09T01:17:06.593 INFO:teuthology.orchestra.run.smithi047.stdout:/usr/bin/ceph: stderr
2024-05-09T01:17:05.660+0000 7feb6d1c8700 1 Processor -- start
2024-05-09T01:17:06.593 INFO:teuthology.orchestra.run.smithi047.stdout:/usr/bin/ceph: stderr
2024-05-09T01:17:05.660+0000 7feb6d1c8700 1 -- start start
2024-05-09T01:17:06.593 INFO:teuthology.orchestra.run.smithi047.stdout:/usr/bin/ceph: stderr
2024-05-09T01:17:05.661+0000 7feb6d1c8700 1 --2- >> [v2:172.21.15.47:3300/0,v1:172.21.15.47:6789/0] conn(0x7feb6810a560 0x7feb6819dcf0 unknown :-1 s=NONE pgs=0 cs=0 l=1 rev1=0 crypto rx=0 tx=0 comp rx=0 tx=0).connect
2024-05-09T01:17:06.593 INFO:teuthology.orchestra.run.smithi047.stdout:/usr/bin/ceph: stderr
2024-05-09T01:17:05.661+0000 7feb6d1c8700 1 -- --> [v2:172.21.15.47:3300/0,v1:172.21.15.47:6789/0] -- mon_getmap magic: 0 -- 0x7feb6810ddc0 con 0x7feb6810a560
2024-05-09T01:17:06.593 INFO:teuthology.orchestra.run.smithi047.stdout:/usr/bin/ceph: stderr
2024-05-09T01:17:05.661+0000 7feb66d9d700 1 --2- >> [v2:172.21.15.47:3300/0,v1:172.21.15.47:6789/0] conn(0x7feb6810a560 0x7feb6819dcf0 unknown :-1 s=BANNER_CONNECTING pgs=0 cs=0 l=1 rev1=0 crypto rx=0 tx=0 comp rx=0 tx=0)._handle_peer_banner_payload supported=3 required=0
2024-05-09T01:17:06.593 INFO:teuthology.orchestra.run.smithi047.stdout:/usr/bin/ceph: stderr
2024-05-09T01:17:05.661+0000 7feb66d9d700 1 --2- >> [v2:172.21.15.47:3300/0,v1:172.21.15.47:6789/0] conn(0x7feb6810a560 0x7feb6819dcf0 unknown :-1 s=HELLO_CONNECTING pgs=0 cs=0 l=1 rev1=1 crypto rx=0 tx=0 comp rx=0 tx=0).handle_hello peer v2:172.21.15.47:3300/0 says I am v2:172.21.15.47:54956/0 (socket says 172.21.15.47:54956)
2024-05-09T01:17:06.593 INFO:teuthology.orchestra.run.smithi047.stdout:/usr/bin/ceph: stderr
2024-05-09T01:17:05.661+0000 7feb66d9d700 1 -- 172.21.15.47:0/2338654873 learned_addr learned my addr 172.21.15.47:0/2338654873 (peer_addr_for_me v2:172.21.15.47:0/0)
2024-05-09T01:17:06.593 INFO:teuthology.orchestra.run.smithi047.stdout:/usr/bin/ceph: stderr
2024-05-09T01:17:05.661+0000 7feb66d9d700 1 -- 172.21.15.47:0/2338654873 --> [v2:172.21.15.47:3300/0,v1:172.21.15.47:6789/0] -- mon_subscribe({config=0+,monmap=0+}) -- 0x7feb6819e230 con 0x7feb6810a560
2024-05-09T01:17:06.593 INFO:teuthology.orchestra.run.smithi047.stdout:/usr/bin/ceph: stderr
2024-05-09T01:17:05.661+0000 7feb66d9d700 1 --2- 172.21.15.47:0/2338654873 >> [v2:172.21.15.47:3300/0,v1:172.21.15.47:6789/0] conn(0x7feb6810a560 0x7feb6819dcf0 secure :-1 s=READY pgs=27 cs=0 l=1 rev1=1 crypto rx=0x7feb580116a0 tx=0x7feb58011a60 comp rx=0 tx=0).ready entity=mon.0 client_cookie=0 server_cookie=0 in_seq=0 out_seq=0
2024-05-09T01:17:06.593 INFO:teuthology.orchestra.run.smithi047.stdout:/usr/bin/ceph: stderr
2024-05-09T01:17:05.662+0000 7feb5ffff700 1 -- 172.21.15.47:0/2338654873 <== mon.0 v2:172.21.15.47:3300/0 1 ==== mon_map magic: 0 ==== 205+0+0 (secure 0 0 0) 0x7feb580039f0 con 0x7feb6810a560
2024-05-09T01:17:06.593 INFO:teuthology.orchestra.run.smithi047.stdout:/usr/bin/ceph: stderr
2024-05-09T01:17:05.662+0000 7feb6d1c8700 1 -- 172.21.15.47:0/2338654873 --> [v2:172.21.15.47:3300/0,v1:172.21.15.47:6789/0] -- mon_subscribe({mgrmap=0+}) -- 0x7feb6819e4c0 con 0x7feb6810a560
2024-05-09T01:17:06.593 INFO:teuthology.orchestra.run.smithi047.stdout:/usr/bin/ceph: stderr
2024-05-09T01:17:05.662+0000 7feb5ffff700 1 -- 172.21.15.47:0/2338654873 <== mon.0 v2:172.21.15.47:3300/0 2 ==== config(25 keys) ==== 1032+0+0 (secure 0 0 0) 0x7feb58003b90 con 0x7feb6810a560
2024-05-09T01:17:06.593 INFO:teuthology.orchestra.run.smithi047.stdout:/usr/bin/ceph: stderr
2024-05-09T01:17:05.662+0000 7feb5ffff700 1 -- 172.21.15.47:0/2338654873 <== mon.0 v2:172.21.15.47:3300/0 3 ==== mon_map magic: 0 ==== 205+0+0 (secure 0 0 0) 0x7feb5801a600 con 0x7feb6810a560
2024-05-09T01:17:06.594 INFO:teuthology.orchestra.run.smithi047.stdout:/usr/bin/ceph: stderr
2024-05-09T01:17:05.662+0000 7feb6d1c8700 1 -- 172.21.15.47:0/2338654873 --> [v2:172.21.15.47:3300/0,v1:172.21.15.47:6789/0] -- mon_subscribe({osdmap=0}) -- 0x7feb681a10d0 con 0x7feb6810a560
2024-05-09T01:17:06.594 INFO:teuthology.orchestra.run.smithi047.stdout:/usr/bin/ceph: stderr
2024-05-09T01:17:05.663+0000 7feb6d1c8700 1 -- 172.21.15.47:0/2338654873 --> [v2:172.21.15.47:3300/0,v1:172.21.15.47:6789/0] -- mon_command({"prefix": "get_command_descriptions"} v 0) -- 0x7feb68064e20 con 0x7feb6810a560
2024-05-09T01:17:06.594 INFO:teuthology.orchestra.run.smithi047.stdout:/usr/bin/ceph: stderr
2024-05-09T01:17:05.663+0000 7feb5ffff700 1 -- 172.21.15.47:0/2338654873 <== mon.0 v2:172.21.15.47:3300/0 4 ==== mgrmap(e 5) ==== 50222+0+0 (secure 0 0 0) 0x7feb5801a900 con 0x7feb6810a560
2024-05-09T01:17:06.594 INFO:teuthology.orchestra.run.smithi047.stdout:/usr/bin/ceph: stderr
2024-05-09T01:17:05.663+0000 7feb5ffff700 1 --2- 172.21.15.47:0/2338654873 >> [v2:172.21.15.47:6800/367064465,v1:172.21.15.47:6801/367064465] conn(0x7feb5403e4e0 0x7feb540409f0 unknown :-1 s=NONE pgs=0 cs=0 l=1 rev1=0 crypto rx=0 tx=0 comp rx=0 tx=0).connect
2024-05-09T01:17:06.594 INFO:teuthology.orchestra.run.smithi047.stdout:/usr/bin/ceph: stderr
2024-05-09T01:17:05.663+0000 7feb5ffff700 1 -- 172.21.15.47:0/2338654873 <== mon.0 v2:172.21.15.47:3300/0 5 ==== osd_map(1..1 src has 1..1) ==== 725+0+0 (secure 0 0 0) 0x7feb58053ec0 con 0x7feb6810a560
2024-05-09T01:17:06.594 INFO:teuthology.orchestra.run.smithi047.stdout:/usr/bin/ceph: stderr
2024-05-09T01:17:05.663+0000 7feb6659c700 1 -- 172.21.15.47:0/2338654873 >> [v2:172.21.15.47:6800/367064465,v1:172.21.15.47:6801/367064465] conn(0x7feb5403e4e0 msgr2=0x7feb540409f0 unknown :-1 s=STATE_CONNECTING_RE l=1).process reconnect failed to v2:172.21.15.47:6800/367064465
2024-05-09T01:17:06.594 INFO:teuthology.orchestra.run.smithi047.stdout:/usr/bin/ceph: stderr
2024-05-09T01:17:05.663+0000 7feb6659c700 1 --2- 172.21.15.47:0/2338654873 >> [v2:172.21.15.47:6800/367064465,v1:172.21.15.47:6801/367064465] conn(0x7feb5403e4e0 0x7feb540409f0 unknown :-1 s=START_CONNECT pgs=0 cs=0 l=1 rev1=0 crypto rx=0 tx=0 comp rx=0 tx=0)._fault waiting 0.200000
2024-05-09T01:17:06.594 INFO:teuthology.orchestra.run.smithi047.stdout:/usr/bin/ceph: stderr
2024-05-09T01:17:05.669+0000 7feb5ffff700 1 -- 172.21.15.47:0/2338654873 <== mon.0 v2:172.21.15.47:3300/0 6 ==== mon_command_ack([{"prefix": "get_command_descriptions"}]=0 v0) ==== 72+0+191963 (secure 0 0 0) 0x7feb5802c350 con 0x7feb6810a560
2024-05-09T01:17:06.594 INFO:teuthology.orchestra.run.smithi047.stdout:/usr/bin/ceph: stderr
2024-05-09T01:17:05.864+0000 7feb6659c700 1 -- 172.21.15.47:0/2338654873 >> [v2:172.21.15.47:6800/367064465,v1:172.21.15.47:6801/367064465] conn(0x7feb5403e4e0 msgr2=0x7feb540409f0 unknown :-1 s=STATE_CONNECTING_RE l=1).process reconnect failed to v2:172.21.15.47:6800/367064465
2024-05-09T01:17:06.594 INFO:teuthology.orchestra.run.smithi047.stdout:/usr/bin/ceph: stderr
2024-05-09T01:17:05.864+0000 7feb6659c700 1 --2- 172.21.15.47:0/2338654873 >> [v2:172.21.15.47:6800/367064465,v1:172.21.15.47:6801/367064465] conn(0x7feb5403e4e0 0x7feb540409f0 unknown :-1 s=START_CONNECT pgs=0 cs=0 l=1 rev1=0 crypto rx=0 tx=0 comp rx=0 tx=0)._fault waiting 0.400000
2024-05-09T01:17:06.594 INFO:teuthology.orchestra.run.smithi047.stdout:/usr/bin/ceph: stderr
2024-05-09T01:17:05.986+0000 7feb6d1c8700 1 -- 172.21.15.47:0/2338654873 --> [v2:172.21.15.47:3300/0,v1:172.21.15.47:6789/0] -- mon_command({"prefix": "mgr stat"} v 0) -- 0x7feb681a1750 con 0x7feb6810a560
2024-05-09T01:17:06.594 INFO:teuthology.orchestra.run.smithi047.stdout:/usr/bin/ceph: stderr
2024-05-09T01:17:05.987+0000 7feb5ffff700 1 -- 172.21.15.47:0/2338654873 <== mon.0 v2:172.21.15.47:3300/0 7 ==== mon_command_ack([{"prefix": "mgr stat"}]=0 v5) ==== 56+0+88 (secure 0 0 0) 0x7feb5800e260 con 0x7feb6810a560
2024-05-09T01:17:06.594 INFO:teuthology.orchestra.run.smithi047.stdout:/usr/bin/ceph: stderr
2024-05-09T01:17:05.991+0000 7feb6d1c8700 1 -- 172.21.15.47:0/2338654873 >> [v2:172.21.15.47:6800/367064465,v1:172.21.15.47:6801/367064465] conn(0x7feb5403e4e0 msgr2=0x7feb540409f0 unknown :-1 s=STATE_CONNECTING l=1).mark_down
2024-05-09T01:17:06.595 INFO:teuthology.orchestra.run.smithi047.stdout:/usr/bin/ceph: stderr
2024-05-09T01:17:05.991+0000 7feb6d1c8700 1 --2- 172.21.15.47:0/2338654873 >> [v2:172.21.15.47:6800/367064465,v1:172.21.15.47:6801/367064465] conn(0x7feb5403e4e0 0x7feb540409f0 unknown :-1 s=START_CONNECT pgs=0 cs=0 l=1 rev1=0 crypto rx=0 tx=0 comp rx=0 tx=0).stop
2024-05-09T01:17:06.595 INFO:teuthology.orchestra.run.smithi047.stdout:/usr/bin/ceph: stderr
2024-05-09T01:17:05.991+0000 7feb6d1c8700 1 -- 172.21.15.47:0/2338654873 >> [v2:172.21.15.47:3300/0,v1:172.21.15.47:6789/0] conn(0x7feb6810a560 msgr2=0x7feb6819dcf0 secure :-1 s=STATE_CONNECTION_ESTABLISHED l=1).mark_down
2024-05-09T01:17:06.595 INFO:teuthology.orchestra.run.smithi047.stdout:/usr/bin/ceph: stderr
2024-05-09T01:17:05.991+0000 7feb6d1c8700 1 --2- 172.21.15.47:0/2338654873 >> [v2:172.21.15.47:3300/0,v1:172.21.15.47:6789/0] conn(0x7feb6810a560 0x7feb6819dcf0 secure :-1 s=READY pgs=27 cs=0 l=1 rev1=1 crypto rx=0x7feb580116a0 tx=0x7feb58011a60 comp rx=0 tx=0).stop
2024-05-09T01:17:06.595 INFO:teuthology.orchestra.run.smithi047.stdout:/usr/bin/ceph: stderr
2024-05-09T01:17:05.991+0000 7feb6d1c8700 1 -- 172.21.15.47:0/2338654873 shutdown_connections
2024-05-09T01:17:06.595 INFO:teuthology.orchestra.run.smithi047.stdout:/usr/bin/ceph: stderr
2024-05-09T01:17:05.991+0000 7feb6d1c8700 1 --2- 172.21.15.47:0/2338654873 >> [v2:172.21.15.47:6800/367064465,v1:172.21.15.47:6801/367064465] conn(0x7feb5403e4e0 0x7feb540409f0 unknown :-1 s=CLOSED pgs=0 cs=0 l=1 rev1=0 crypto rx=0 tx=0 comp rx=0 tx=0).stop
2024-05-09T01:17:06.595 INFO:teuthology.orchestra.run.smithi047.stdout:/usr/bin/ceph: stderr
2024-05-09T01:17:05.991+0000 7feb6d1c8700 1 --2- 172.21.15.47:0/2338654873 >> [v2:172.21.15.47:3300/0,v1:172.21.15.47:6789/0] conn(0x7feb6810a560 0x7feb6819dcf0 unknown :-1 s=CLOSED pgs=27 cs=0 l=1 rev1=1 crypto rx=0 tx=0 comp rx=0 tx=0).stop
2024-05-09T01:17:06.595 INFO:teuthology.orchestra.run.smithi047.stdout:/usr/bin/ceph: stderr
2024-05-09T01:17:05.991+0000 7feb6d1c8700 1 -- 172.21.15.47:0/2338654873 >> 172.21.15.47:0/2338654873 conn(0x7feb68104000 msgr2=0x7feb681057d0 unknown :-1 s=STATE_NONE l=0).mark_down
2024-05-09T01:17:06.595 INFO:teuthology.orchestra.run.smithi047.stdout:/usr/bin/ceph: stderr
2024-05-09T01:17:05.991+0000 7feb6d1c8700 1 -- 172.21.15.47:0/2338654873 shutdown_connections
2024-05-09T01:17:06.595 INFO:teuthology.orchestra.run.smithi047.stdout:/usr/bin/ceph: stderr
2024-05-09T01:17:05.991+0000 7feb6d1c8700 1 -- 172.21.15.47:0/2338654873 wait complete.
2024-05-09T01:17:06.595 INFO:teuthology.orchestra.run.smithi047.stdout:Waiting for the mgr to restart...
2024-05-09T01:17:06.595 INFO:teuthology.orchestra.run.smithi047.stdout:Waiting for mgr epoch 5...
2024-05-09T01:17:06.650 INFO:journalctl@ceph.mon.a.smithi047.stdout:May 09 01:17:06 smithi047 ceph-mon[30173]: from='client.? 172.21.15.47:0/2338654873' entity='client.admin' cmd=[{"prefix": "mgr stat"}]: dispatch
2024-05-09T01:17:07.010 INFO:journalctl@ceph.mgr.x.smithi047.stdout:May 09 01:17:06 smithi047 ceph-a3011a9c-0da1-11ef-bc97-c7b262605968-mgr-x[30405]:
2024-05-09T01:17:06.823+0000 7f4775b40200 -1 mgr[py] Module telegraf has missing NOTIFY_TYPES member
2024-05-09T01:17:07.010 INFO:journalctl@ceph.mgr.x.smithi047.stdout:May 09 01:17:07 smithi047 ceph-a3011a9c-0da1-11ef-bc97-c7b262605968-mgr-x[30405]:
2024-05-09T01:17:07.009+0000 7f4775b40200 -1 mgr[py] Module osd_support has missing NOTIFY_TYPES member
2024-05-09T01:17:07.267 INFO:journalctl@ceph.mgr.x.smithi047.stdout:May 09 01:17:07 smithi047 ceph-a3011a9c-0da1-11ef-bc97-c7b262605968-mgr-x[30405]:
2024-05-09T01:17:07.191+0000 7f4775b40200 -1 mgr[py] Module iostat has missing NOTIFY_TYPES member
2024-05-09T01:17:07.595 INFO:journalctl@ceph.mgr.x.smithi047.stdout:May 09 01:17:07 smithi047 ceph-a3011a9c-0da1-11ef-bc97-c7b262605968-mgr-x[30405]:
2024-05-09T01:17:07.498+0000 7f4775b40200 -1 mgr[py] Module alerts has missing NOTIFY_TYPES member
2024-05-09T01:17:07.596 INFO:journalctl@ceph.mgr.x.smithi047.stdout:May 09 01:17:07 smithi047 ceph-a3011a9c-0da1-11ef-bc97-c7b262605968-mgr-x[30405]:
2024-05-09T01:17:07.596+0000 7f4775b40200 -1 mgr[py] Module selftest has missing NOTIFY_TYPES member
2024-05-09T01:17:07.900 INFO:journalctl@ceph.mgr.x.smithi047.stdout:May 09 01:17:07 smithi047 ceph-a3011a9c-0da1-11ef-bc97-c7b262605968-mgr-x[30405]:
2024-05-09T01:17:07.807+0000 7f4775b40200 -1 mgr[py] Module pg_autoscaler has missing NOTIFY_TYPES member
2024-05-09T01:17:08.400 INFO:journalctl@ceph.mgr.x.smithi047.stdout:May 09 01:17:08 smithi047 ceph-a3011a9c-0da1-11ef-bc97-c7b262605968-mgr-x[30405]:
2024-05-09T01:17:08.011+0000 7f4775b40200 -1 mgr[py] Module test_orchestrator has missing NOTIFY_TYPES member
2024-05-09T01:17:08.878 INFO:journalctl@ceph.mgr.x.smithi047.stdout:May 09 01:17:08 smithi047 ceph-a3011a9c-0da1-11ef-bc97-c7b262605968-mgr-x[30405]:
2024-05-09T01:17:08.645+0000 7f4775b40200 -1 mgr[py] Module rook has missing NOTIFY_TYPES member
2024-05-09T01:17:08.878 INFO:journalctl@ceph.mgr.x.smithi047.stdout:May 09 01:17:08 smithi047 ceph-a3011a9c-0da1-11ef-bc97-c7b262605968-mgr-x[30405]:
2024-05-09T01:17:08.878+0000 7f4775b40200 -1 mgr[py] Module smb has missing NOTIFY_TYPES member
2024-05-09T01:17:09.651 INFO:journalctl@ceph.mgr.x.smithi047.stdout:May 09 01:17:09 smithi047 ceph-a3011a9c-0da1-11ef-bc97-c7b262605968-mgr-x[30405]:
2024-05-09T01:17:09.325+0000 7f4775b40200 -1 mgr[py] Module volumes has missing NOTIFY_TYPES member
2024-05-09T01:17:09.651 INFO:journalctl@ceph.mgr.x.smithi047.stdout:May 09 01:17:09 smithi047 ceph-a3011a9c-0da1-11ef-bc97-c7b262605968-mgr-x[30405]:
2024-05-09T01:17:09.427+0000 7f4775b40200 -1 mgr[py] Module crash has missing NOTIFY_TYPES member
2024-05-09T01:17:10.069 INFO:journalctl@ceph.mgr.x.smithi047.stdout:May 09 01:17:09 smithi047 ceph-a3011a9c-0da1-11ef-bc97-c7b262605968-mgr-x[30405]:
2024-05-09T01:17:09.813+0000 7f4775b40200 -1 mgr[py] Module rgw has missing NOTIFY_TYPES member
2024-05-09T01:17:10.401 INFO:journalctl@ceph.mgr.x.smithi047.stdout:May 09 01:17:10 smithi047 ceph-a3011a9c-0da1-11ef-bc97-c7b262605968-mgr-x[30405]:
2024-05-09T01:17:10.190+0000 7f4775b40200 -1 mgr[py] Module prometheus has missing NOTIFY_TYPES member
2024-05-09T01:17:10.401 INFO:journalctl@ceph.mgr.x.smithi047.stdout:May 09 01:17:10 smithi047 ceph-a3011a9c-0da1-11ef-bc97-c7b262605968-mgr-x[30405]:
2024-05-09T01:17:10.288+0000 7f4775b40200 -1 mgr[py] Module devicehealth has missing NOTIFY_TYPES member
2024-05-09T01:17:10.901 INFO:journalctl@ceph.mgr.x.smithi047.stdout:May 09 01:17:10 smithi047 ceph-a3011a9c-0da1-11ef-bc97-c7b262605968-mgr-x[30405]:
2024-05-09T01:17:10.547+0000 7f4775b40200 -1 mgr[py] Module telemetry has missing NOTIFY_TYPES member
2024-05-09T01:17:10.901 INFO:journalctl@ceph.mgr.x.smithi047.stdout:May 09 01:17:10 smithi047 ceph-a3011a9c-0da1-11ef-bc97-c7b262605968-mgr-x[30405]:
2024-05-09T01:17:10.689+0000 7f4775b40200 -1 mgr[py] Module diskprediction_local has missing NOTIFY_TYPES member
2024-05-09T01:17:10.901 INFO:journalctl@ceph.mgr.x.smithi047.stdout:May 09 01:17:10 smithi047 ceph-a3011a9c-0da1-11ef-bc97-c7b262605968-mgr-x[30405]:
2024-05-09T01:17:10.791+0000 7f4775b40200 -1 mgr[py] Module osd_perf_query has missing NOTIFY_TYPES member
2024-05-09T01:17:11.400 INFO:journalctl@ceph.mgr.x.smithi047.stdout:May 09 01:17:11 smithi047 ceph-a3011a9c-0da1-11ef-bc97-c7b262605968-mgr-x[30405]:
2024-05-09T01:17:11.131+0000 7f4775b40200 -1 mgr[py] Module rbd_support has missing NOTIFY_TYPES member
2024-05-09T01:17:11.401 INFO:journalctl@ceph.mgr.x.smithi047.stdout:May 09 01:17:11 smithi047 ceph-a3011a9c-0da1-11ef-bc97-c7b262605968-mgr-x[30405]:
2024-05-09T01:17:11.229+0000 7f4775b40200 -1 mgr[py] Module zabbix has missing NOTIFY_TYPES member
2024-05-09T01:17:12.147 INFO:journalctl@ceph.mgr.x.smithi047.stdout:May 09 01:17:11 smithi047 ceph-a3011a9c-0da1-11ef-bc97-c7b262605968-mgr-x[30405]:
2024-05-09T01:17:11.864+0000 7f4775b40200 -1 mgr[py] Module status has missing NOTIFY_TYPES member
2024-05-09T01:17:12.147 INFO:journalctl@ceph.mgr.x.smithi047.stdout:May 09 01:17:12 smithi047 ceph-a3011a9c-0da1-11ef-bc97-c7b262605968-mgr-x[30405]:
2024-05-09T01:17:12.093+0000 7f4775b40200 -1 mgr[py] Module nfs has missing NOTIFY_TYPES member
2024-05-09T01:17:12.401 INFO:journalctl@ceph.mon.a.smithi047.stdout:May 09 01:17:12 smithi047 ceph-mon[30173]: Active manager daemon x restarted
2024-05-09T01:17:12.401 INFO:journalctl@ceph.mon.a.smithi047.stdout:May 09 01:17:12 smithi047 ceph-mon[30173]: Activating manager daemon x
2024-05-09T01:17:12.401 INFO:journalctl@ceph.mon.a.smithi047.stdout:May 09 01:17:12 smithi047 ceph-mon[30173]: osdmap e2: 0 total, 0 up, 0 in
2024-05-09T01:17:12.401 INFO:journalctl@ceph.mon.a.smithi047.stdout:May 09 01:17:12 smithi047 ceph-mon[30173]: mgrmap e6: x(active, starting, since 0.00386567s)
2024-05-09T01:17:12.401 INFO:journalctl@ceph.mon.a.smithi047.stdout:May 09 01:17:12 smithi047 ceph-mon[30173]: from='mgr.14120 172.21.15.47:0/3926948935' entity='mgr.x' cmd=[{"prefix": "mon metadata", "id": "a"}]: dispatch
2024-05-09T01:17:12.401 INFO:journalctl@ceph.mon.a.smithi047.stdout:May 09 01:17:12 smithi047 ceph-mon[30173]: from='mgr.14120 172.21.15.47:0/3926948935' entity='mgr.x' cmd=[{"prefix": "mgr metadata", "who": "x", "id": "x"}]: dispatch
2024-05-09T01:17:12.401 INFO:journalctl@ceph.mon.a.smithi047.stdout:May 09 01:17:12 smithi047 ceph-mon[30173]: from='mgr.14120 172.21.15.47:0/3926948935' entity='mgr.x' cmd=[{"prefix": "mds metadata"}]: dispatch
2024-05-09T01:17:12.401 INFO:journalctl@ceph.mon.a.smithi047.stdout:May 09 01:17:12 smithi047 ceph-mon[30173]: from='mgr.14120 172.21.15.47:0/3926948935' entity='mgr.x' cmd=[{"prefix": "osd metadata"}]: dispatch
2024-05-09T01:17:12.401 INFO:journalctl@ceph.mon.a.smithi047.stdout:May 09 01:17:12 smithi047 ceph-mon[30173]: from='mgr.14120 172.21.15.47:0/3926948935' entity='mgr.x' cmd=[{"prefix": "mon metadata"}]: dispatch
2024-05-09T01:17:12.402 INFO:journalctl@ceph.mon.a.smithi047.stdout:May 09 01:17:12 smithi047 ceph-mon[30173]: Manager daemon x is now available
2024-05-09T01:17:12.402 INFO:journalctl@ceph.mon.a.smithi047.stdout:May 09 01:17:12 smithi047 ceph-mon[30173]: from='mgr.14120 172.21.15.47:0/3926948935' entity='mgr.x'
2024-05-09T01:17:12.402 INFO:journalctl@ceph.mon.a.smithi047.stdout:May 09 01:17:12 smithi047 ceph-mon[30173]: from='mgr.14120 172.21.15.47:0/3926948935' entity='mgr.x'
2024-05-09T01:17:12.402 INFO:journalctl@ceph.mon.a.smithi047.stdout:May 09 01:17:12 smithi047 ceph-mon[30173]: from='mgr.14120 172.21.15.47:0/3926948935' entity='mgr.x' cmd=[{"prefix": "config dump", "format": "json"}]: dispatch
2024-05-09T01:17:12.402 INFO:journalctl@ceph.mon.a.smithi047.stdout:May 09 01:17:12 smithi047 ceph-mon[30173]: from='mgr.14120 172.21.15.47:0/3926948935' entity='mgr.x' cmd=[{"prefix": "config dump", "format": "json"}]: dispatch
2024-05-09T01:17:13.401 INFO:journalctl@ceph.mon.a.smithi047.stdout:May 09 01:17:13 smithi047 ceph-mon[30173]: Found migration_current of "None". Setting to last migration.
2024-05-09T01:17:13.401 INFO:journalctl@ceph.mon.a.smithi047.stdout:May 09 01:17:13 smithi047 ceph-mon[30173]: from='mgr.14120 172.21.15.47:0/3926948935' entity='mgr.x' cmd=[{"prefix":"config rm","who":"mgr","name":"mgr/rbd_support/x/mirror_snapshot_schedule"}]: dispatch
2024-05-09T01:17:13.401 INFO:journalctl@ceph.mon.a.smithi047.stdout:May 09 01:17:13 smithi047 ceph-mon[30173]: from='mgr.14120 172.21.15.47:0/3926948935' entity='mgr.x' cmd=[{"prefix":"config rm","who":"mgr","name":"mgr/rbd_support/x/trash_purge_schedule"}]: dispatch
2024-05-09T01:17:13.401 INFO:journalctl@ceph.mon.a.smithi047.stdout:May 09 01:17:13 smithi047 ceph-mon[30173]: from='mgr.14120 172.21.15.47:0/3926948935' entity='mgr.x'
2024-05-09T01:17:13.401 INFO:journalctl@ceph.mon.a.smithi047.stdout:May 09 01:17:13 smithi047 ceph-mon[30173]: from='mgr.14120 172.21.15.47:0/3926948935' entity='mgr.x'
2024-05-09T01:17:13.401 INFO:journalctl@ceph.mon.a.smithi047.stdout:May 09 01:17:13 smithi047 ceph-mon[30173]: mgrmap e7: x(active, since 1.00613s)
2024-05-09T01:17:13.740 INFO:teuthology.orchestra.run.smithi047.stdout:/usr/bin/ceph: stdout {
2024-05-09T01:17:13.741 INFO:teuthology.orchestra.run.smithi047.stdout:/usr/bin/ceph: stdout "mgrmap_epoch": 7,
2024-05-09T01:17:13.741 INFO:teuthology.orchestra.run.smithi047.stdout:/usr/bin/ceph: stdout "initialized": true
2024-05-09T01:17:13.741 INFO:teuthology.orchestra.run.smithi047.stdout:/usr/bin/ceph: stdout }
2024-05-09T01:17:13.741 INFO:teuthology.orchestra.run.smithi047.stdout:/usr/bin/ceph: stderr
2024-05-09T01:17:07.060+0000 7f746857c700 1 Processor -- start
2024-05-09T01:17:13.741 INFO:teuthology.orchestra.run.smithi047.stdout:/usr/bin/ceph: stderr
2024-05-09T01:17:07.060+0000 7f746857c700 1 -- start start
2024-05-09T01:17:13.741 INFO:teuthology.orchestra.run.smithi047.stdout:/usr/bin/ceph: stderr
2024-05-09T01:17:07.061+0000 7f746857c700 1 --2- >> [v2:172.21.15.47:3300/0,v1:172.21.15.47:6789/0] conn(0x7f7460108390 0x7f74601087a0 unknown :-1 s=NONE pgs=0 cs=0 l=0 rev1=0 crypto rx=0 tx=0 comp rx=0 tx=0).connect
2024-05-09T01:17:13.741 INFO:teuthology.orchestra.run.smithi047.stdout:/usr/bin/ceph: stderr
2024-05-09T01:17:07.061+0000 7f746857c700 1 -- --> [v2:172.21.15.47:3300/0,v1:172.21.15.47:6789/0] -- mon_getmap magic: 0 -- 0x7f746007ce30 con 0x7f7460108390
2024-05-09T01:17:13.741 INFO:teuthology.orchestra.run.smithi047.stdout:/usr/bin/ceph: stderr
2024-05-09T01:17:07.061+0000 7f7466318700 1 --2- >> [v2:172.21.15.47:3300/0,v1:172.21.15.47:6789/0] conn(0x7f7460108390 0x7f74601087a0 unknown :-1 s=BANNER_CONNECTING pgs=0 cs=0 l=0 rev1=0 crypto rx=0 tx=0 comp rx=0 tx=0)._handle_peer_banner_payload supported=3 required=0
2024-05-09T01:17:13.741 INFO:teuthology.orchestra.run.smithi047.stdout:/usr/bin/ceph: stderr
2024-05-09T01:17:07.061+0000 7f7466318700 1 --2- >> [v2:172.21.15.47:3300/0,v1:172.21.15.47:6789/0] conn(0x7f7460108390 0x7f74601087a0 unknown :-1 s=HELLO_CONNECTING pgs=0 cs=0 l=0 rev1=1 crypto rx=0 tx=0 comp rx=0 tx=0).handle_hello peer v2:172.21.15.47:3300/0 says I am v2:172.21.15.47:49884/0 (socket says 172.21.15.47:49884)
2024-05-09T01:17:13.741 INFO:teuthology.orchestra.run.smithi047.stdout:/usr/bin/ceph: stderr
2024-05-09T01:17:07.061+0000 7f7466318700 1 -- 172.21.15.47:0/2153219619 learned_addr learned my addr 172.21.15.47:0/2153219619 (peer_addr_for_me v2:172.21.15.47:0/0)
2024-05-09T01:17:13.741 INFO:teuthology.orchestra.run.smithi047.stdout:/usr/bin/ceph: stderr
2024-05-09T01:17:07.061+0000 7f7466318700 1 -- 172.21.15.47:0/2153219619 --> [v2:172.21.15.47:3300/0,v1:172.21.15.47:6789/0] -- mon_subscribe({config=0+,monmap=0+}) -- 0x7f7460108ce0 con 0x7f7460108390
2024-05-09T01:17:13.741 INFO:teuthology.orchestra.run.smithi047.stdout:/usr/bin/ceph: stderr
2024-05-09T01:17:07.062+0000 7f7466318700 1 --2- 172.21.15.47:0/2153219619 >> [v2:172.21.15.47:3300/0,v1:172.21.15.47:6789/0] conn(0x7f7460108390 0x7f74601087a0 secure :-1 s=READY pgs=28 cs=0 l=1 rev1=1 crypto rx=0x7f745c0098a0 tx=0x7f745c009bb0 comp rx=0 tx=0).ready entity=mon.0 client_cookie=3ff847568a46e92 server_cookie=0 in_seq=0 out_seq=0
2024-05-09T01:17:13.741 INFO:teuthology.orchestra.run.smithi047.stdout:/usr/bin/ceph: stderr
2024-05-09T01:17:07.062+0000 7f7465316700 1 -- 172.21.15.47:0/2153219619 <== mon.0 v2:172.21.15.47:3300/0 1 ==== mon_map magic: 0 ==== 205+0+0 (secure 0 0 0) 0x7f745c004160 con 0x7f7460108390
2024-05-09T01:17:13.741 INFO:teuthology.orchestra.run.smithi047.stdout:/usr/bin/ceph: stderr
2024-05-09T01:17:07.062+0000 7f7465316700 1 -- 172.21.15.47:0/2153219619 <== mon.0 v2:172.21.15.47:3300/0 2 ==== config(25 keys) ==== 1032+0+0 (secure 0 0 0) 0x7f745c004300 con 0x7f7460108390
2024-05-09T01:17:13.742 INFO:teuthology.orchestra.run.smithi047.stdout:/usr/bin/ceph: stderr
2024-05-09T01:17:07.062+0000 7f7465316700 1 -- 172.21.15.47:0/2153219619 <== mon.0 v2:172.21.15.47:3300/0 3 ==== mon_map magic: 0 ==== 205+0+0 (secure 0 0 0) 0x7f745c0119e0 con 0x7f7460108390
2024-05-09T01:17:13.742 INFO:teuthology.orchestra.run.smithi047.stdout:/usr/bin/ceph: stderr
2024-05-09T01:17:07.063+0000 7f746857c700 1 -- 172.21.15.47:0/2153219619 >> [v2:172.21.15.47:3300/0,v1:172.21.15.47:6789/0] conn(0x7f7460108390 msgr2=0x7f74601087a0 secure :-1 s=STATE_CONNECTION_ESTABLISHED l=1).mark_down
2024-05-09T01:17:13.742 INFO:teuthology.orchestra.run.smithi047.stdout:/usr/bin/ceph: stderr
2024-05-09T01:17:07.063+0000 7f746857c700 1 --2- 172.21.15.47:0/2153219619 >> [v2:172.21.15.47:3300/0,v1:172.21.15.47:6789/0] conn(0x7f7460108390 0x7f74601087a0 secure :-1 s=READY pgs=28 cs=0 l=1 rev1=1 crypto rx=0x7f745c0098a0 tx=0x7f745c009bb0 comp rx=0 tx=0).stop
2024-05-09T01:17:13.742 INFO:teuthology.orchestra.run.smithi047.stdout:/usr/bin/ceph: stderr
2024-05-09T01:17:07.063+0000 7f746857c700 1 -- 172.21.15.47:0/2153219619 shutdown_connections
2024-05-09T01:17:13.742 INFO:teuthology.orchestra.run.smithi047.stdout:/usr/bin/ceph: stderr
2024-05-09T01:17:07.063+0000 7f746857c700 1 --2- 172.21.15.47:0/2153219619 >> [v2:172.21.15.47:3300/0,v1:172.21.15.47:6789/0] conn(0x7f7460108390 0x7f74601087a0 unknown :-1 s=CLOSED pgs=28 cs=0 l=1 rev1=1 crypto rx=0 tx=0 comp rx=0 tx=0).stop
2024-05-09T01:17:13.742 INFO:teuthology.orchestra.run.smithi047.stdout:/usr/bin/ceph: stderr
2024-05-09T01:17:07.063+0000 7f746857c700 1 -- 172.21.15.47:0/2153219619 >> 172.21.15.47:0/2153219619 conn(0x7f7460104100 msgr2=0x7f7460106550 unknown :-1 s=STATE_NONE l=0).mark_down
2024-05-09T01:17:13.742 INFO:teuthology.orchestra.run.smithi047.stdout:/usr/bin/ceph: stderr
2024-05-09T01:17:07.063+0000 7f746857c700 1 -- 172.21.15.47:0/2153219619 shutdown_connections
2024-05-09T01:17:13.742 INFO:teuthology.orchestra.run.smithi047.stdout:/usr/bin/ceph: stderr
2024-05-09T01:17:07.063+0000 7f746857c700 1 -- 172.21.15.47:0/2153219619 wait complete.
2024-05-09T01:17:13.742 INFO:teuthology.orchestra.run.smithi047.stdout:/usr/bin/ceph: stderr
2024-05-09T01:17:07.064+0000 7f746857c700 1 Processor -- start
2024-05-09T01:17:13.742 INFO:teuthology.orchestra.run.smithi047.stdout:/usr/bin/ceph: stderr
2024-05-09T01:17:07.064+0000 7f746857c700 1 -- start start
2024-05-09T01:17:13.742 INFO:teuthology.orchestra.run.smithi047.stdout:/usr/bin/ceph: stderr
2024-05-09T01:17:07.064+0000 7f746857c700 1 --2- >> [v2:172.21.15.47:3300/0,v1:172.21.15.47:6789/0] conn(0x7f7460108390 0x7f746019fec0 unknown :-1 s=NONE pgs=0 cs=0 l=1 rev1=0 crypto rx=0 tx=0 comp rx=0 tx=0).connect
2024-05-09T01:17:13.742 INFO:teuthology.orchestra.run.smithi047.stdout:/usr/bin/ceph: stderr
2024-05-09T01:17:07.064+0000 7f746857c700 1 -- --> [v2:172.21.15.47:3300/0,v1:172.21.15.47:6789/0] -- mon_getmap magic: 0 -- 0x7f7460109d00 con 0x7f7460108390
2024-05-09T01:17:13.742 INFO:teuthology.orchestra.run.smithi047.stdout:/usr/bin/ceph: stderr
2024-05-09T01:17:07.064+0000 7f7466318700 1 --2- >> [v2:172.21.15.47:3300/0,v1:172.21.15.47:6789/0] conn(0x7f7460108390 0x7f746019fec0 unknown :-1 s=BANNER_CONNECTING pgs=0 cs=0 l=1 rev1=0 crypto rx=0 tx=0 comp rx=0 tx=0)._handle_peer_banner_payload supported=3 required=0
2024-05-09T01:17:13.743 INFO:teuthology.orchestra.run.smithi047.stdout:/usr/bin/ceph: stderr
2024-05-09T01:17:07.064+0000 7f7466318700 1 --2- >> [v2:172.21.15.47:3300/0,v1:172.21.15.47:6789/0] conn(0x7f7460108390 0x7f746019fec0 unknown :-1 s=HELLO_CONNECTING pgs=0 cs=0 l=1 rev1=1 crypto rx=0 tx=0 comp rx=0 tx=0).handle_hello peer v2:172.21.15.47:3300/0 says I am v2:172.21.15.47:49888/0 (socket says 172.21.15.47:49888)
2024-05-09T01:17:13.743 INFO:teuthology.orchestra.run.smithi047.stdout:/usr/bin/ceph: stderr
2024-05-09T01:17:07.064+0000 7f7466318700 1 -- 172.21.15.47:0/3087071654 learned_addr learned my addr 172.21.15.47:0/3087071654 (peer_addr_for_me v2:172.21.15.47:0/0)
2024-05-09T01:17:13.743 INFO:teuthology.orchestra.run.smithi047.stdout:/usr/bin/ceph: stderr
2024-05-09T01:17:07.064+0000 7f7466318700 1 -- 172.21.15.47:0/3087071654 --> [v2:172.21.15.47:3300/0,v1:172.21.15.47:6789/0] -- mon_subscribe({config=0+,monmap=0+}) -- 0x7f74601a0400 con 0x7f7460108390
