2024-05-09T01:35:57.756+0000 7fc2c5400700 1 -- 172.21.15.46:0/2265253376 <== mon.0 v2:172.21.15.46:3300/0 2 ==== config(27 keys) ==== 1135+0+0 (secure 0 0 0) 0x7fc2b8004300 con 0x7fc2c810a620
2024-05-09T01:35:58.677 INFO:teuthology.orchestra.run.smithi046.stdout:/usr/bin/ceph: stderr
2024-05-09T01:35:57.756+0000 7fc2c5400700 1 -- 172.21.15.46:0/2265253376 <== mon.0 v2:172.21.15.46:3300/0 3 ==== mon_map magic: 0 ==== 205+0+0 (secure 0 0 0) 0x7fc2b8011af0 con 0x7fc2c810a620
2024-05-09T01:35:58.677 INFO:teuthology.orchestra.run.smithi046.stdout:/usr/bin/ceph: stderr
2024-05-09T01:35:57.757+0000 7fc2ccc00700 1 -- 172.21.15.46:0/2265253376 >> [v2:172.21.15.46:3300/0,v1:172.21.15.46:6789/0] conn(0x7fc2c810a620 msgr2=0x7fc2c810ca40 secure :-1 s=STATE_CONNECTION_ESTABLISHED l=1).mark_down
2024-05-09T01:35:58.677 INFO:teuthology.orchestra.run.smithi046.stdout:/usr/bin/ceph: stderr
2024-05-09T01:35:57.757+0000 7fc2ccc00700 1 --2- 172.21.15.46:0/2265253376 >> [v2:172.21.15.46:3300/0,v1:172.21.15.46:6789/0] conn(0x7fc2c810a620 0x7fc2c810ca40 secure :-1 s=READY pgs=53 cs=0 l=1 rev1=1 crypto rx=0x7fc2b80098a0 tx=0x7fc2b8009bb0 comp rx=0 tx=0).stop
2024-05-09T01:35:58.677 INFO:teuthology.orchestra.run.smithi046.stdout:/usr/bin/ceph: stderr
2024-05-09T01:35:57.757+0000 7fc2ccc00700 1 -- 172.21.15.46:0/2265253376 shutdown_connections
2024-05-09T01:35:58.677 INFO:teuthology.orchestra.run.smithi046.stdout:/usr/bin/ceph: stderr
2024-05-09T01:35:57.757+0000 7fc2ccc00700 1 --2- 172.21.15.46:0/2265253376 >> [v2:172.21.15.46:3300/0,v1:172.21.15.46:6789/0] conn(0x7fc2c810a620 0x7fc2c810ca40 unknown :-1 s=CLOSED pgs=53 cs=0 l=1 rev1=1 crypto rx=0 tx=0 comp rx=0 tx=0).stop
2024-05-09T01:35:58.677 INFO:teuthology.orchestra.run.smithi046.stdout:/usr/bin/ceph: stderr
2024-05-09T01:35:57.757+0000 7fc2ccc00700 1 -- 172.21.15.46:0/2265253376 >> 172.21.15.46:0/2265253376 conn(0x7fc2c8104180 msgr2=0x7fc2c81065d0 unknown :-1 s=STATE_NONE l=0).mark_down
2024-05-09T01:35:58.677 INFO:teuthology.orchestra.run.smithi046.stdout:/usr/bin/ceph: stderr
2024-05-09T01:35:57.757+0000 7fc2ccc00700 1 -- 172.21.15.46:0/2265253376 shutdown_connections
2024-05-09T01:35:58.677 INFO:teuthology.orchestra.run.smithi046.stdout:/usr/bin/ceph: stderr
2024-05-09T01:35:57.757+0000 7fc2ccc00700 1 -- 172.21.15.46:0/2265253376 wait complete.
2024-05-09T01:35:58.681 INFO:teuthology.orchestra.run.smithi046.stdout:/usr/bin/ceph: stderr
2024-05-09T01:35:57.758+0000 7fc2ccc00700 1 Processor -- start
2024-05-09T01:35:58.681 INFO:teuthology.orchestra.run.smithi046.stdout:/usr/bin/ceph: stderr
2024-05-09T01:35:57.758+0000 7fc2ccc00700 1 -- start start
2024-05-09T01:35:58.681 INFO:teuthology.orchestra.run.smithi046.stdout:/usr/bin/ceph: stderr
2024-05-09T01:35:57.759+0000 7fc2ccc00700 1 --2- >> [v2:172.21.15.46:3300/0,v1:172.21.15.46:6789/0] conn(0x7fc2c810a620 0x7fc2c81a0170 unknown :-1 s=NONE pgs=0 cs=0 l=1 rev1=0 crypto rx=0 tx=0 comp rx=0 tx=0).connect
2024-05-09T01:35:58.681 INFO:teuthology.orchestra.run.smithi046.stdout:/usr/bin/ceph: stderr
2024-05-09T01:35:57.759+0000 7fc2ccc00700 1 -- --> [v2:172.21.15.46:3300/0,v1:172.21.15.46:6789/0] -- mon_getmap magic: 0 -- 0x7fc2c810dfe0 con 0x7fc2c810a620
2024-05-09T01:35:58.681 INFO:teuthology.orchestra.run.smithi046.stdout:/usr/bin/ceph: stderr
2024-05-09T01:35:57.759+0000 7fc2c5e00700 1 --2- >> [v2:172.21.15.46:3300/0,v1:172.21.15.46:6789/0] conn(0x7fc2c810a620 0x7fc2c81a0170 unknown :-1 s=BANNER_CONNECTING pgs=0 cs=0 l=1 rev1=0 crypto rx=0 tx=0 comp rx=0 tx=0)._handle_peer_banner_payload supported=3 required=0
2024-05-09T01:35:58.681 INFO:teuthology.orchestra.run.smithi046.stdout:/usr/bin/ceph: stderr
2024-05-09T01:35:57.759+0000 7fc2c5e00700 1 --2- >> [v2:172.21.15.46:3300/0,v1:172.21.15.46:6789/0] conn(0x7fc2c810a620 0x7fc2c81a0170 unknown :-1 s=HELLO_CONNECTING pgs=0 cs=0 l=1 rev1=1 crypto rx=0 tx=0 comp rx=0 tx=0).handle_hello peer v2:172.21.15.46:3300/0 says I am v2:172.21.15.46:45454/0 (socket says 172.21.15.46:45454)
2024-05-09T01:35:58.681 INFO:teuthology.orchestra.run.smithi046.stdout:/usr/bin/ceph: stderr
2024-05-09T01:35:57.759+0000 7fc2c5e00700 1 -- 172.21.15.46:0/1527652249 learned_addr learned my addr 172.21.15.46:0/1527652249 (peer_addr_for_me v2:172.21.15.46:0/0)
2024-05-09T01:35:58.681 INFO:teuthology.orchestra.run.smithi046.stdout:/usr/bin/ceph: stderr
2024-05-09T01:35:57.760+0000 7fc2c5e00700 1 -- 172.21.15.46:0/1527652249 --> [v2:172.21.15.46:3300/0,v1:172.21.15.46:6789/0] -- mon_subscribe({config=0+,monmap=0+}) -- 0x7fc2c81a06b0 con 0x7fc2c810a620
2024-05-09T01:35:58.682 INFO:teuthology.orchestra.run.smithi046.stdout:/usr/bin/ceph: stderr
2024-05-09T01:35:57.760+0000 7fc2c5e00700 1 --2- 172.21.15.46:0/1527652249 >> [v2:172.21.15.46:3300/0,v1:172.21.15.46:6789/0] conn(0x7fc2c810a620 0x7fc2c81a0170 secure :-1 s=READY pgs=54 cs=0 l=1 rev1=1 crypto rx=0x7fc2b8009520 tx=0x7fc2b80045f0 comp rx=0 tx=0).ready entity=mon.0 client_cookie=0 server_cookie=0 in_seq=0 out_seq=0
2024-05-09T01:35:58.682 INFO:teuthology.orchestra.run.smithi046.stdout:/usr/bin/ceph: stderr
2024-05-09T01:35:57.761+0000 7fc2bea00700 1 -- 172.21.15.46:0/1527652249 <== mon.0 v2:172.21.15.46:3300/0 1 ==== mon_map magic: 0 ==== 205+0+0 (secure 0 0 0) 0x7fc2b80036a0 con 0x7fc2c810a620
2024-05-09T01:35:58.682 INFO:teuthology.orchestra.run.smithi046.stdout:/usr/bin/ceph: stderr
2024-05-09T01:35:57.761+0000 7fc2bea00700 1 -- 172.21.15.46:0/1527652249 <== mon.0 v2:172.21.15.46:3300/0 2 ==== config(27 keys) ==== 1135+0+0 (secure 0 0 0) 0x7fc2b801a430 con 0x7fc2c810a620
2024-05-09T01:35:58.682 INFO:teuthology.orchestra.run.smithi046.stdout:/usr/bin/ceph: stderr
2024-05-09T01:35:57.761+0000 7fc2bea00700 1 -- 172.21.15.46:0/1527652249 <== mon.0 v2:172.21.15.46:3300/0 3 ==== mon_map magic: 0 ==== 205+0+0 (secure 0 0 0) 0x7fc2b8019550 con 0x7fc2c810a620
2024-05-09T01:35:58.682 INFO:teuthology.orchestra.run.smithi046.stdout:/usr/bin/ceph: stderr
2024-05-09T01:35:57.761+0000 7fc2ccc00700 1 -- 172.21.15.46:0/1527652249 --> [v2:172.21.15.46:3300/0,v1:172.21.15.46:6789/0] -- mon_subscribe({mgrmap=0+}) -- 0x7fc2c81a0940 con 0x7fc2c810a620
2024-05-09T01:35:58.682 INFO:teuthology.orchestra.run.smithi046.stdout:/usr/bin/ceph: stderr
2024-05-09T01:35:57.761+0000 7fc2ccc00700 1 -- 172.21.15.46:0/1527652249 --> [v2:172.21.15.46:3300/0,v1:172.21.15.46:6789/0] -- mon_subscribe({osdmap=0}) -- 0x7fc2c81a3550 con 0x7fc2c810a620
2024-05-09T01:35:58.682 INFO:teuthology.orchestra.run.smithi046.stdout:/usr/bin/ceph: stderr
2024-05-09T01:35:57.762+0000 7fc2bea00700 1 -- 172.21.15.46:0/1527652249 <== mon.0 v2:172.21.15.46:3300/0 4 ==== mgrmap(e 8) ==== 50222+0+0 (secure 0 0 0) 0x7fc2b8003840 con 0x7fc2c810a620
2024-05-09T01:35:58.682 INFO:teuthology.orchestra.run.smithi046.stdout:/usr/bin/ceph: stderr
2024-05-09T01:35:57.762+0000 7fc2ccc00700 1 -- 172.21.15.46:0/1527652249 --> [v2:172.21.15.46:3300/0,v1:172.21.15.46:6789/0] -- mon_command({"prefix": "get_command_descriptions"} v 0) -- 0x7fc2c8064e20 con 0x7fc2c810a620
2024-05-09T01:35:58.682 INFO:teuthology.orchestra.run.smithi046.stdout:/usr/bin/ceph: stderr
2024-05-09T01:35:57.763+0000 7fc2bea00700 1 --2- 172.21.15.46:0/1527652249 >> [v2:172.21.15.46:6800/970260945,v1:172.21.15.46:6801/970260945] conn(0x7fc2ac03e470 0x7fc2ac040980 unknown :-1 s=NONE pgs=0 cs=0 l=1 rev1=0 crypto rx=0 tx=0 comp rx=0 tx=0).connect
2024-05-09T01:35:58.682 INFO:teuthology.orchestra.run.smithi046.stdout:/usr/bin/ceph: stderr
2024-05-09T01:35:57.763+0000 7fc2bea00700 1 -- 172.21.15.46:0/1527652249 <== mon.0 v2:172.21.15.46:3300/0 5 ==== osd_map(2..2 src has 1..2) ==== 940+0+0 (secure 0 0 0) 0x7fc2b80536d0 con 0x7fc2c810a620
2024-05-09T01:35:58.682 INFO:teuthology.orchestra.run.smithi046.stdout:/usr/bin/ceph: stderr
2024-05-09T01:35:57.763+0000 7fc2bfe00700 1 --2- 172.21.15.46:0/1527652249 >> [v2:172.21.15.46:6800/970260945,v1:172.21.15.46:6801/970260945] conn(0x7fc2ac03e470 0x7fc2ac040980 unknown :-1 s=BANNER_CONNECTING pgs=0 cs=0 l=1 rev1=0 crypto rx=0 tx=0 comp rx=0 tx=0)._handle_peer_banner_payload supported=3 required=0
2024-05-09T01:35:58.682 INFO:teuthology.orchestra.run.smithi046.stdout:/usr/bin/ceph: stderr
2024-05-09T01:35:57.764+0000 7fc2bfe00700 1 --2- 172.21.15.46:0/1527652249 >> [v2:172.21.15.46:6800/970260945,v1:172.21.15.46:6801/970260945] conn(0x7fc2ac03e470 0x7fc2ac040980 secure :-1 s=READY pgs=15 cs=0 l=1 rev1=1 crypto rx=0x7fc2b0006fd0 tx=0x7fc2b0006e40 comp rx=0 tx=0).ready entity=mgr.14120 client_cookie=0 server_cookie=0 in_seq=0 out_seq=0
2024-05-09T01:35:58.682 INFO:teuthology.orchestra.run.smithi046.stdout:/usr/bin/ceph: stderr
2024-05-09T01:35:57.769+0000 7fc2bea00700 1 -- 172.21.15.46:0/1527652249 <== mon.0 v2:172.21.15.46:3300/0 6 ==== mon_command_ack([{"prefix": "get_command_descriptions"}]=0 v0) ==== 72+0+191963 (secure 0 0 0) 0x7fc2b800b3e0 con 0x7fc2c810a620
2024-05-09T01:35:58.682 INFO:teuthology.orchestra.run.smithi046.stdout:/usr/bin/ceph: stderr
2024-05-09T01:35:58.008+0000 7fc2ccc00700 1 -- 172.21.15.46:0/1527652249 --> [v2:172.21.15.46:3300/0,v1:172.21.15.46:6789/0] -- mon_command([{prefix=config set, name=mgr/dashboard/ssl_server_port}] v 0) -- 0x7fc2c81a3720 con 0x7fc2c810a620
2024-05-09T01:35:58.683 INFO:teuthology.orchestra.run.smithi046.stdout:/usr/bin/ceph: stderr
2024-05-09T01:35:58.013+0000 7fc2bea00700 1 -- 172.21.15.46:0/1527652249 <== mon.0 v2:172.21.15.46:3300/0 7 ==== mon_command_ack([{prefix=config set, name=mgr/dashboard/ssl_server_port}]=0 v8)=0 v8) ==== 130+0+0 (secure 0 0 0) 0x7fc2b801a5e0 con 0x7fc2c810a620
2024-05-09T01:35:58.683 INFO:teuthology.orchestra.run.smithi046.stdout:/usr/bin/ceph: stderr
2024-05-09T01:35:58.016+0000 7fc2ccc00700 1 -- 172.21.15.46:0/1527652249 >> [v2:172.21.15.46:6800/970260945,v1:172.21.15.46:6801/970260945] conn(0x7fc2ac03e470 msgr2=0x7fc2ac040980 secure :-1 s=STATE_CONNECTION_ESTABLISHED l=1).mark_down
2024-05-09T01:35:58.683 INFO:teuthology.orchestra.run.smithi046.stdout:/usr/bin/ceph: stderr
2024-05-09T01:35:58.016+0000 7fc2ccc00700 1 --2- 172.21.15.46:0/1527652249 >> [v2:172.21.15.46:6800/970260945,v1:172.21.15.46:6801/970260945] conn(0x7fc2ac03e470 0x7fc2ac040980 secure :-1 s=READY pgs=15 cs=0 l=1 rev1=1 crypto rx=0x7fc2b0006fd0 tx=0x7fc2b0006e40 comp rx=0 tx=0).stop
2024-05-09T01:35:58.683 INFO:teuthology.orchestra.run.smithi046.stdout:/usr/bin/ceph: stderr
2024-05-09T01:35:58.016+0000 7fc2ccc00700 1 -- 172.21.15.46:0/1527652249 >> [v2:172.21.15.46:3300/0,v1:172.21.15.46:6789/0] conn(0x7fc2c810a620 msgr2=0x7fc2c81a0170 secure :-1 s=STATE_CONNECTION_ESTABLISHED l=1).mark_down
2024-05-09T01:35:58.683 INFO:teuthology.orchestra.run.smithi046.stdout:/usr/bin/ceph: stderr
2024-05-09T01:35:58.016+0000 7fc2ccc00700 1 --2- 172.21.15.46:0/1527652249 >> [v2:172.21.15.46:3300/0,v1:172.21.15.46:6789/0] conn(0x7fc2c810a620 0x7fc2c81a0170 secure :-1 s=READY pgs=54 cs=0 l=1 rev1=1 crypto rx=0x7fc2b8009520 tx=0x7fc2b80045f0 comp rx=0 tx=0).stop
2024-05-09T01:35:58.683 INFO:teuthology.orchestra.run.smithi046.stdout:/usr/bin/ceph: stderr
2024-05-09T01:35:58.016+0000 7fc2ccc00700 1 -- 172.21.15.46:0/1527652249 shutdown_connections
2024-05-09T01:35:58.683 INFO:teuthology.orchestra.run.smithi046.stdout:/usr/bin/ceph: stderr
2024-05-09T01:35:58.016+0000 7fc2ccc00700 1 --2- 172.21.15.46:0/1527652249 >> [v2:172.21.15.46:6800/970260945,v1:172.21.15.46:6801/970260945] conn(0x7fc2ac03e470 0x7fc2ac040980 unknown :-1 s=CLOSED pgs=15 cs=0 l=1 rev1=1 crypto rx=0 tx=0 comp rx=0 tx=0).stop
2024-05-09T01:35:58.683 INFO:teuthology.orchestra.run.smithi046.stdout:/usr/bin/ceph: stderr
2024-05-09T01:35:58.016+0000 7fc2ccc00700 1 --2- 172.21.15.46:0/1527652249 >> [v2:172.21.15.46:3300/0,v1:172.21.15.46:6789/0] conn(0x7fc2c810a620 0x7fc2c81a0170 unknown :-1 s=CLOSED pgs=54 cs=0 l=1 rev1=1 crypto rx=0 tx=0 comp rx=0 tx=0).stop
2024-05-09T01:35:58.683 INFO:teuthology.orchestra.run.smithi046.stdout:/usr/bin/ceph: stderr
2024-05-09T01:35:58.016+0000 7fc2ccc00700 1 -- 172.21.15.46:0/1527652249 >> 172.21.15.46:0/1527652249 conn(0x7fc2c8104180 msgr2=0x7fc2c8108560 unknown :-1 s=STATE_NONE l=0).mark_down
2024-05-09T01:35:58.683 INFO:teuthology.orchestra.run.smithi046.stdout:/usr/bin/ceph: stderr
2024-05-09T01:35:58.017+0000 7fc2ccc00700 1 -- 172.21.15.46:0/1527652249 shutdown_connections
2024-05-09T01:35:58.683 INFO:teuthology.orchestra.run.smithi046.stdout:/usr/bin/ceph: stderr
2024-05-09T01:35:58.017+0000 7fc2ccc00700 1 -- 172.21.15.46:0/1527652249 wait complete.
2024-05-09T01:35:58.683 INFO:teuthology.orchestra.run.smithi046.stdout:Enabling the dashboard module...
2024-05-09T01:35:59.627 INFO:journalctl@ceph.mon.a.smithi046.stdout:May 09 01:35:59 smithi046 ceph-mon[29828]: pgmap v5: 0 pgs: ; 0 B data, 0 B used, 0 B / 0 B avail
2024-05-09T01:36:00.950 INFO:journalctl@ceph.mon.a.smithi046.stdout:May 09 01:36:00 smithi046 ceph-mon[29828]: from='client.? 172.21.15.46:0/427801354' entity='client.admin' cmd=[{"prefix": "mgr module enable", "module": "dashboard"}]: dispatch
2024-05-09T01:36:00.950 INFO:journalctl@ceph.mon.a.smithi046.stdout:May 09 01:36:00 smithi046 ceph-mon[29828]: from='mgr.14120 172.21.15.46:0/2624059339' entity='mgr.x'
2024-05-09T01:36:00.951 INFO:journalctl@ceph.mgr.x.smithi046.stdout:May 09 01:36:00 smithi046 ceph-2d565e12-0da4-11ef-bc97-c7b262605968-mgr-x[30066]: ignoring --setuser ceph since I am not root
2024-05-09T01:36:00.951 INFO:journalctl@ceph.mgr.x.smithi046.stdout:May 09 01:36:00 smithi046 ceph-2d565e12-0da4-11ef-bc97-c7b262605968-mgr-x[30066]: ignoring --setgroup ceph since I am not root
2024-05-09T01:36:00.951 INFO:journalctl@ceph.mgr.x.smithi046.stdout:May 09 01:36:00 smithi046 ceph-2d565e12-0da4-11ef-bc97-c7b262605968-mgr-x[30066]:
2024-05-09T01:36:00.952+0000 7fc8fbc73200 -1 mgr[py] Module balancer has missing NOTIFY_TYPES member
2024-05-09T01:36:01.285 INFO:teuthology.orchestra.run.smithi046.stdout:/usr/bin/ceph: stderr
2024-05-09T01:35:59.353+0000 7f2a5fe00700 1 Processor -- start
2024-05-09T01:36:01.285 INFO:teuthology.orchestra.run.smithi046.stdout:/usr/bin/ceph: stderr
2024-05-09T01:35:59.353+0000 7f2a5fe00700 1 -- start start
2024-05-09T01:36:01.286 INFO:teuthology.orchestra.run.smithi046.stdout:/usr/bin/ceph: stderr
2024-05-09T01:35:59.354+0000 7f2a5fe00700 1 --2- >> [v2:172.21.15.46:3300/0,v1:172.21.15.46:6789/0] conn(0x7f2a6010bc60 0x7f2a6010c070 unknown :-1 s=NONE pgs=0 cs=0 l=0 rev1=0 crypto rx=0 tx=0 comp rx=0 tx=0).connect
2024-05-09T01:36:01.286 INFO:teuthology.orchestra.run.smithi046.stdout:/usr/bin/ceph: stderr
2024-05-09T01:35:59.354+0000 7f2a5fe00700 1 -- --> [v2:172.21.15.46:3300/0,v1:172.21.15.46:6789/0] -- mon_getmap magic: 0 -- 0x7f2a6010c660 con 0x7f2a6010bc60
2024-05-09T01:36:01.286 INFO:teuthology.orchestra.run.smithi046.stdout:/usr/bin/ceph: stderr
2024-05-09T01:35:59.354+0000 7f2a5ea00700 1 --2- >> [v2:172.21.15.46:3300/0,v1:172.21.15.46:6789/0] conn(0x7f2a6010bc60 0x7f2a6010c070 unknown :-1 s=BANNER_CONNECTING pgs=0 cs=0 l=0 rev1=0 crypto rx=0 tx=0 comp rx=0 tx=0)._handle_peer_banner_payload supported=3 required=0
2024-05-09T01:36:01.286 INFO:teuthology.orchestra.run.smithi046.stdout:/usr/bin/ceph: stderr
2024-05-09T01:35:59.354+0000 7f2a5ea00700 1 --2- >> [v2:172.21.15.46:3300/0,v1:172.21.15.46:6789/0] conn(0x7f2a6010bc60 0x7f2a6010c070 unknown :-1 s=HELLO_CONNECTING pgs=0 cs=0 l=0 rev1=1 crypto rx=0 tx=0 comp rx=0 tx=0).handle_hello peer v2:172.21.15.46:3300/0 says I am v2:172.21.15.46:45466/0 (socket says 172.21.15.46:45466)
2024-05-09T01:36:01.286 INFO:teuthology.orchestra.run.smithi046.stdout:/usr/bin/ceph: stderr
2024-05-09T01:35:59.354+0000 7f2a5ea00700 1 -- 172.21.15.46:0/3977005291 learned_addr learned my addr 172.21.15.46:0/3977005291 (peer_addr_for_me v2:172.21.15.46:0/0)
2024-05-09T01:36:01.286 INFO:teuthology.orchestra.run.smithi046.stdout:/usr/bin/ceph: stderr
2024-05-09T01:35:59.355+0000 7f2a5ea00700 1 -- 172.21.15.46:0/3977005291 --> [v2:172.21.15.46:3300/0,v1:172.21.15.46:6789/0] -- mon_subscribe({config=0+,monmap=0+}) -- 0x7f2a6010cd90 con 0x7f2a6010bc60
2024-05-09T01:36:01.286 INFO:teuthology.orchestra.run.smithi046.stdout:/usr/bin/ceph: stderr
2024-05-09T01:35:59.355+0000 7f2a5ea00700 1 --2- 172.21.15.46:0/3977005291 >> [v2:172.21.15.46:3300/0,v1:172.21.15.46:6789/0] conn(0x7f2a6010bc60 0x7f2a6010c070 secure :-1 s=READY pgs=55 cs=0 l=1 rev1=1 crypto rx=0x7f2a500098a0 tx=0x7f2a50009bb0 comp rx=0 tx=0).ready entity=mon.0 client_cookie=55c38a515a4f0ea1 server_cookie=0 in_seq=0 out_seq=0
2024-05-09T01:36:01.286 INFO:teuthology.orchestra.run.smithi046.stdout:/usr/bin/ceph: stderr
2024-05-09T01:35:59.356+0000 7f2a5d600700 1 -- 172.21.15.46:0/3977005291 <== mon.0 v2:172.21.15.46:3300/0 1 ==== mon_map magic: 0 ==== 205+0+0 (secure 0 0 0) 0x7f2a50004160 con 0x7f2a6010bc60
2024-05-09T01:36:01.286 INFO:teuthology.orchestra.run.smithi046.stdout:/usr/bin/ceph: stderr
2024-05-09T01:35:59.356+0000 7f2a5d600700 1 -- 172.21.15.46:0/3977005291 <== mon.0 v2:172.21.15.46:3300/0 2 ==== config(27 keys) ==== 1135+0+0 (secure 0 0 0) 0x7f2a50004300 con 0x7f2a6010bc60
2024-05-09T01:36:01.290 INFO:teuthology.orchestra.run.smithi046.stdout:/usr/bin/ceph: stderr
2024-05-09T01:35:59.356+0000 7f2a5d600700 1 -- 172.21.15.46:0/3977005291 <== mon.0 v2:172.21.15.46:3300/0 3 ==== mon_map magic: 0 ==== 205+0+0 (secure 0 0 0) 0x7f2a50011af0 con 0x7f2a6010bc60
2024-05-09T01:36:01.290 INFO:teuthology.orchestra.run.smithi046.stdout:/usr/bin/ceph: stderr
2024-05-09T01:35:59.356+0000 7f2a5fe00700 1 -- 172.21.15.46:0/3977005291 >> [v2:172.21.15.46:3300/0,v1:172.21.15.46:6789/0] conn(0x7f2a6010bc60 msgr2=0x7f2a6010c070 secure :-1 s=STATE_CONNECTION_ESTABLISHED l=1).mark_down
2024-05-09T01:36:01.290 INFO:teuthology.orchestra.run.smithi046.stdout:/usr/bin/ceph: stderr
2024-05-09T01:35:59.356+0000 7f2a5fe00700 1 --2- 172.21.15.46:0/3977005291 >> [v2:172.21.15.46:3300/0,v1:172.21.15.46:6789/0] conn(0x7f2a6010bc60 0x7f2a6010c070 secure :-1 s=READY pgs=55 cs=0 l=1 rev1=1 crypto rx=0x7f2a500098a0 tx=0x7f2a50009bb0 comp rx=0 tx=0).stop
2024-05-09T01:36:01.290 INFO:teuthology.orchestra.run.smithi046.stdout:/usr/bin/ceph: stderr
2024-05-09T01:35:59.357+0000 7f2a5fe00700 1 -- 172.21.15.46:0/3977005291 shutdown_connections
2024-05-09T01:36:01.290 INFO:teuthology.orchestra.run.smithi046.stdout:/usr/bin/ceph: stderr
2024-05-09T01:35:59.357+0000 7f2a5fe00700 1 --2- 172.21.15.46:0/3977005291 >> [v2:172.21.15.46:3300/0,v1:172.21.15.46:6789/0] conn(0x7f2a6010bc60 0x7f2a6010c070 unknown :-1 s=CLOSED pgs=55 cs=0 l=1 rev1=1 crypto rx=0 tx=0 comp rx=0 tx=0).stop
2024-05-09T01:36:01.290 INFO:teuthology.orchestra.run.smithi046.stdout:/usr/bin/ceph: stderr
2024-05-09T01:35:59.357+0000 7f2a5fe00700 1 -- 172.21.15.46:0/3977005291 >> 172.21.15.46:0/3977005291 conn(0x7f2a601074a0 msgr2=0x7f2a601098c0 unknown :-1 s=STATE_NONE l=0).mark_down
2024-05-09T01:36:01.290 INFO:teuthology.orchestra.run.smithi046.stdout:/usr/bin/ceph: stderr
2024-05-09T01:35:59.357+0000 7f2a5fe00700 1 -- 172.21.15.46:0/3977005291 shutdown_connections
2024-05-09T01:36:01.290 INFO:teuthology.orchestra.run.smithi046.stdout:/usr/bin/ceph: stderr
2024-05-09T01:35:59.357+0000 7f2a5fe00700 1 -- 172.21.15.46:0/3977005291 wait complete.
2024-05-09T01:36:01.290 INFO:teuthology.orchestra.run.smithi046.stdout:/usr/bin/ceph: stderr
2024-05-09T01:35:59.358+0000 7f2a5fe00700 1 Processor -- start
2024-05-09T01:36:01.290 INFO:teuthology.orchestra.run.smithi046.stdout:/usr/bin/ceph: stderr
2024-05-09T01:35:59.358+0000 7f2a5fe00700 1 -- start start
2024-05-09T01:36:01.291 INFO:teuthology.orchestra.run.smithi046.stdout:/usr/bin/ceph: stderr
2024-05-09T01:35:59.359+0000 7f2a5fe00700 1 --2- >> [v2:172.21.15.46:3300/0,v1:172.21.15.46:6789/0] conn(0x7f2a6010bc60 0x7f2a601a00d0 unknown :-1 s=NONE pgs=0 cs=0 l=1 rev1=0 crypto rx=0 tx=0 comp rx=0 tx=0).connect
2024-05-09T01:36:01.291 INFO:teuthology.orchestra.run.smithi046.stdout:/usr/bin/ceph: stderr
2024-05-09T01:35:59.359+0000 7f2a5fe00700 1 -- --> [v2:172.21.15.46:3300/0,v1:172.21.15.46:6789/0] -- mon_getmap magic: 0 -- 0x7f2a60110140 con 0x7f2a6010bc60
2024-05-09T01:36:01.291 INFO:teuthology.orchestra.run.smithi046.stdout:/usr/bin/ceph: stderr
2024-05-09T01:35:59.359+0000 7f2a5ea00700 1 --2- >> [v2:172.21.15.46:3300/0,v1:172.21.15.46:6789/0] conn(0x7f2a6010bc60 0x7f2a601a00d0 unknown :-1 s=BANNER_CONNECTING pgs=0 cs=0 l=1 rev1=0 crypto rx=0 tx=0 comp rx=0 tx=0)._handle_peer_banner_payload supported=3 required=0
2024-05-09T01:36:01.291 INFO:teuthology.orchestra.run.smithi046.stdout:/usr/bin/ceph: stderr
2024-05-09T01:35:59.359+0000 7f2a5ea00700 1 --2- >> [v2:172.21.15.46:3300/0,v1:172.21.15.46:6789/0] conn(0x7f2a6010bc60 0x7f2a601a00d0 unknown :-1 s=HELLO_CONNECTING pgs=0 cs=0 l=1 rev1=1 crypto rx=0 tx=0 comp rx=0 tx=0).handle_hello peer v2:172.21.15.46:3300/0 says I am v2:172.21.15.46:45482/0 (socket says 172.21.15.46:45482)
2024-05-09T01:36:01.291 INFO:teuthology.orchestra.run.smithi046.stdout:/usr/bin/ceph: stderr
2024-05-09T01:35:59.359+0000 7f2a5ea00700 1 -- 172.21.15.46:0/427801354 learned_addr learned my addr 172.21.15.46:0/427801354 (peer_addr_for_me v2:172.21.15.46:0/0)
2024-05-09T01:36:01.291 INFO:teuthology.orchestra.run.smithi046.stdout:/usr/bin/ceph: stderr
2024-05-09T01:35:59.359+0000 7f2a5ea00700 1 -- 172.21.15.46:0/427801354 --> [v2:172.21.15.46:3300/0,v1:172.21.15.46:6789/0] -- mon_subscribe({config=0+,monmap=0+}) -- 0x7f2a601a0610 con 0x7f2a6010bc60
2024-05-09T01:36:01.291 INFO:teuthology.orchestra.run.smithi046.stdout:/usr/bin/ceph: stderr
2024-05-09T01:35:59.359+0000 7f2a5ea00700 1 --2- 172.21.15.46:0/427801354 >> [v2:172.21.15.46:3300/0,v1:172.21.15.46:6789/0] conn(0x7f2a6010bc60 0x7f2a601a00d0 secure :-1 s=READY pgs=56 cs=0 l=1 rev1=1 crypto rx=0x7f2a50004230 tx=0x7f2a50004560 comp rx=0 tx=0).ready entity=mon.0 client_cookie=0 server_cookie=0 in_seq=0 out_seq=0
2024-05-09T01:36:01.291 INFO:teuthology.orchestra.run.smithi046.stdout:/usr/bin/ceph: stderr
2024-05-09T01:35:59.360+0000 7f2a64a00700 1 -- 172.21.15.46:0/427801354 <== mon.0 v2:172.21.15.46:3300/0 1 ==== mon_map magic: 0 ==== 205+0+0 (secure 0 0 0) 0x7f2a50011bf0 con 0x7f2a6010bc60
2024-05-09T01:36:01.291 INFO:teuthology.orchestra.run.smithi046.stdout:/usr/bin/ceph: stderr
2024-05-09T01:35:59.360+0000 7f2a64a00700 1 -- 172.21.15.46:0/427801354 <== mon.0 v2:172.21.15.46:3300/0 2 ==== config(27 keys) ==== 1135+0+0 (secure 0 0 0) 0x7f2a50003b70 con 0x7f2a6010bc60
2024-05-09T01:36:01.291 INFO:teuthology.orchestra.run.smithi046.stdout:/usr/bin/ceph: stderr
2024-05-09T01:35:59.360+0000 7f2a64a00700 1 -- 172.21.15.46:0/427801354 <== mon.0 v2:172.21.15.46:3300/0 3 ==== mon_map magic: 0 ==== 205+0+0 (secure 0 0 0) 0x7f2a500193c0 con 0x7f2a6010bc60
2024-05-09T01:36:01.291 INFO:teuthology.orchestra.run.smithi046.stdout:/usr/bin/ceph: stderr
2024-05-09T01:35:59.360+0000 7f2a5fe00700 1 -- 172.21.15.46:0/427801354 --> [v2:172.21.15.46:3300/0,v1:172.21.15.46:6789/0] -- mon_subscribe({mgrmap=0+}) -- 0x7f2a601a08a0 con 0x7f2a6010bc60
2024-05-09T01:36:01.291 INFO:teuthology.orchestra.run.smithi046.stdout:/usr/bin/ceph: stderr
2024-05-09T01:35:59.360+0000 7f2a5fe00700 1 -- 172.21.15.46:0/427801354 --> [v2:172.21.15.46:3300/0,v1:172.21.15.46:6789/0] -- mon_subscribe({osdmap=0}) -- 0x7f2a601a34b0 con 0x7f2a6010bc60
2024-05-09T01:36:01.291 INFO:teuthology.orchestra.run.smithi046.stdout:/usr/bin/ceph: stderr
2024-05-09T01:35:59.361+0000 7f2a5fe00700 1 -- 172.21.15.46:0/427801354 --> [v2:172.21.15.46:3300/0,v1:172.21.15.46:6789/0] -- mon_command({"prefix": "get_command_descriptions"} v 0) -- 0x7f2a601a0d00 con 0x7f2a6010bc60
2024-05-09T01:36:01.291 INFO:teuthology.orchestra.run.smithi046.stdout:/usr/bin/ceph: stderr
2024-05-09T01:35:59.362+0000 7f2a64a00700 1 -- 172.21.15.46:0/427801354 <== mon.0 v2:172.21.15.46:3300/0 4 ==== mgrmap(e 8) ==== 50222+0+0 (secure 0 0 0) 0x7f2a5001a6e0 con 0x7f2a6010bc60
2024-05-09T01:36:01.291 INFO:teuthology.orchestra.run.smithi046.stdout:/usr/bin/ceph: stderr
2024-05-09T01:35:59.362+0000 7f2a64a00700 1 --2- 172.21.15.46:0/427801354 >> [v2:172.21.15.46:6800/970260945,v1:172.21.15.46:6801/970260945] conn(0x7f2a4403e610 0x7f2a44040b20 unknown :-1 s=NONE pgs=0 cs=0 l=1 rev1=0 crypto rx=0 tx=0 comp rx=0 tx=0).connect
2024-05-09T01:36:01.292 INFO:teuthology.orchestra.run.smithi046.stdout:/usr/bin/ceph: stderr
2024-05-09T01:35:59.362+0000 7f2a64a00700 1 -- 172.21.15.46:0/427801354 <== mon.0 v2:172.21.15.46:3300/0 5 ==== osd_map(2..2 src has 1..2) ==== 940+0+0 (secure 0 0 0) 0x7f2a500536a0 con 0x7f2a6010bc60
2024-05-09T01:36:01.292 INFO:teuthology.orchestra.run.smithi046.stdout:/usr/bin/ceph: stderr
2024-05-09T01:35:59.363+0000 7f2a5e000700 1 --2- 172.21.15.46:0/427801354 >> [v2:172.21.15.46:6800/970260945,v1:172.21.15.46:6801/970260945] conn(0x7f2a4403e610 0x7f2a44040b20 unknown :-1 s=BANNER_CONNECTING pgs=0 cs=0 l=1 rev1=0 crypto rx=0 tx=0 comp rx=0 tx=0)._handle_peer_banner_payload supported=3 required=0
2024-05-09T01:36:01.292 INFO:teuthology.orchestra.run.smithi046.stdout:/usr/bin/ceph: stderr
2024-05-09T01:35:59.363+0000 7f2a5e000700 1 --2- 172.21.15.46:0/427801354 >> [v2:172.21.15.46:6800/970260945,v1:172.21.15.46:6801/970260945] conn(0x7f2a4403e610 0x7f2a44040b20 secure :-1 s=READY pgs=16 cs=0 l=1 rev1=1 crypto rx=0x7f2a4c006fd0 tx=0x7f2a4c006e40 comp rx=0 tx=0).ready entity=mgr.14120 client_cookie=0 server_cookie=0 in_seq=0 out_seq=0
2024-05-09T01:36:01.292 INFO:teuthology.orchestra.run.smithi046.stdout:/usr/bin/ceph: stderr
2024-05-09T01:35:59.368+0000 7f2a64a00700 1 -- 172.21.15.46:0/427801354 <== mon.0 v2:172.21.15.46:3300/0 6 ==== mon_command_ack([{"prefix": "get_command_descriptions"}]=0 v0) ==== 72+0+191963 (secure 0 0 0) 0x7f2a5001a4e0 con 0x7f2a6010bc60
2024-05-09T01:36:01.292 INFO:teuthology.orchestra.run.smithi046.stdout:/usr/bin/ceph: stderr
2024-05-09T01:35:59.684+0000 7f2a5fe00700 1 -- 172.21.15.46:0/427801354 --> [v2:172.21.15.46:3300/0,v1:172.21.15.46:6789/0] -- mon_command({"prefix": "mgr module enable", "module": "dashboard"} v 0) -- 0x7f2a601a3680 con 0x7f2a6010bc60
2024-05-09T01:36:01.292 INFO:teuthology.orchestra.run.smithi046.stdout:/usr/bin/ceph: stderr
2024-05-09T01:36:00.525+0000 7f2a64a00700 1 -- 172.21.15.46:0/427801354 <== mon.0 v2:172.21.15.46:3300/0 7 ==== mon_command_ack([{"prefix": "mgr module enable", "module": "dashboard"}]=0 v9) ==== 88+0+0 (secure 0 0 0) 0x7f2a5000e260 con 0x7f2a6010bc60
2024-05-09T01:36:01.292 INFO:teuthology.orchestra.run.smithi046.stdout:/usr/bin/ceph: stderr
2024-05-09T01:36:00.530+0000 7f2a64a00700 1 -- 172.21.15.46:0/427801354 <== mon.0 v2:172.21.15.46:3300/0 8 ==== mgrmap(e 9) ==== 50235+0+0 (secure 0 0 0) 0x7f2a500036a0 con 0x7f2a6010bc60
2024-05-09T01:36:01.292 INFO:teuthology.orchestra.run.smithi046.stdout:/usr/bin/ceph: stderr
2024-05-09T01:36:00.531+0000 7f2a5fe00700 1 -- 172.21.15.46:0/427801354 >> [v2:172.21.15.46:6800/970260945,v1:172.21.15.46:6801/970260945] conn(0x7f2a4403e610 msgr2=0x7f2a44040b20 secure :-1 s=STATE_CONNECTION_ESTABLISHED l=1).mark_down
2024-05-09T01:36:01.292 INFO:teuthology.orchestra.run.smithi046.stdout:/usr/bin/ceph: stderr
2024-05-09T01:36:00.531+0000 7f2a5fe00700 1 --2- 172.21.15.46:0/427801354 >> [v2:172.21.15.46:6800/970260945,v1:172.21.15.46:6801/970260945] conn(0x7f2a4403e610 0x7f2a44040b20 secure :-1 s=READY pgs=16 cs=0 l=1 rev1=1 crypto rx=0x7f2a4c006fd0 tx=0x7f2a4c006e40 comp rx=0 tx=0).stop
2024-05-09T01:36:01.292 INFO:teuthology.orchestra.run.smithi046.stdout:/usr/bin/ceph: stderr
2024-05-09T01:36:00.531+0000 7f2a5fe00700 1 -- 172.21.15.46:0/427801354 >> [v2:172.21.15.46:3300/0,v1:172.21.15.46:6789/0] conn(0x7f2a6010bc60 msgr2=0x7f2a601a00d0 secure :-1 s=STATE_CONNECTION_ESTABLISHED l=1).mark_down
2024-05-09T01:36:01.292 INFO:teuthology.orchestra.run.smithi046.stdout:/usr/bin/ceph: stderr
2024-05-09T01:36:00.531+0000 7f2a5fe00700 1 --2- 172.21.15.46:0/427801354 >> [v2:172.21.15.46:3300/0,v1:172.21.15.46:6789/0] conn(0x7f2a6010bc60 0x7f2a601a00d0 secure :-1 s=READY pgs=56 cs=0 l=1 rev1=1 crypto rx=0x7f2a50004230 tx=0x7f2a50004560 comp rx=0 tx=0).stop
2024-05-09T01:36:01.292 INFO:teuthology.orchestra.run.smithi046.stdout:/usr/bin/ceph: stderr
2024-05-09T01:36:00.531+0000 7f2a5fe00700 1 -- 172.21.15.46:0/427801354 shutdown_connections
2024-05-09T01:36:01.292 INFO:teuthology.orchestra.run.smithi046.stdout:/usr/bin/ceph: stderr
2024-05-09T01:36:00.531+0000 7f2a5fe00700 1 --2- 172.21.15.46:0/427801354 >> [v2:172.21.15.46:6800/970260945,v1:172.21.15.46:6801/970260945] conn(0x7f2a4403e610 0x7f2a44040b20 unknown :-1 s=CLOSED pgs=16 cs=0 l=1 rev1=1 crypto rx=0 tx=0 comp rx=0 tx=0).stop
2024-05-09T01:36:01.292 INFO:teuthology.orchestra.run.smithi046.stdout:/usr/bin/ceph: stderr
2024-05-09T01:36:00.531+0000 7f2a5fe00700 1 --2- 172.21.15.46:0/427801354 >> [v2:172.21.15.46:3300/0,v1:172.21.15.46:6789/0] conn(0x7f2a6010bc60 0x7f2a601a00d0 unknown :-1 s=CLOSED pgs=56 cs=0 l=1 rev1=1 crypto rx=0 tx=0 comp rx=0 tx=0).stop
2024-05-09T01:36:01.292 INFO:teuthology.orchestra.run.smithi046.stdout:/usr/bin/ceph: stderr
2024-05-09T01:36:00.531+0000 7f2a5fe00700 1 -- 172.21.15.46:0/427801354 >> 172.21.15.46:0/427801354 conn(0x7f2a601074a0 msgr2=0x7f2a60108dc0 unknown :-1 s=STATE_NONE l=0).mark_down
2024-05-09T01:36:01.293 INFO:teuthology.orchestra.run.smithi046.stdout:/usr/bin/ceph: stderr
2024-05-09T01:36:00.531+0000 7f2a5fe00700 1 -- 172.21.15.46:0/427801354 shutdown_connections
2024-05-09T01:36:01.293 INFO:teuthology.orchestra.run.smithi046.stdout:/usr/bin/ceph: stderr
2024-05-09T01:36:00.532+0000 7f2a5fe00700 1 -- 172.21.15.46:0/427801354 wait complete.
2024-05-09T01:36:01.474 INFO:journalctl@ceph.mgr.x.smithi046.stdout:May 09 01:36:01 smithi046 ceph-2d565e12-0da4-11ef-bc97-c7b262605968-mgr-x[30066]:
2024-05-09T01:36:01.209+0000 7fc8fbc73200 -1 mgr[py] Module orchestrator has missing NOTIFY_TYPES member
2024-05-09T01:36:01.474 INFO:journalctl@ceph.mgr.x.smithi046.stdout:May 09 01:36:01 smithi046 ceph-2d565e12-0da4-11ef-bc97-c7b262605968-mgr-x[30066]:
2024-05-09T01:36:01.350+0000 7fc8fbc73200 -1 mgr[py] Module snap_schedule has missing NOTIFY_TYPES member
2024-05-09T01:36:01.782 INFO:journalctl@ceph.mon.a.smithi046.stdout:May 09 01:36:01 smithi046 ceph-mon[29828]: from='client.? 172.21.15.46:0/427801354' entity='client.admin' cmd='[{"prefix": "mgr module enable", "module": "dashboard"}]': finished
2024-05-09T01:36:01.782 INFO:journalctl@ceph.mon.a.smithi046.stdout:May 09 01:36:01 smithi046 ceph-mon[29828]: mgrmap e9: x(active, since 25s)
2024-05-09T01:36:02.150 INFO:journalctl@ceph.mgr.x.smithi046.stdout:May 09 01:36:01 smithi046 ceph-2d565e12-0da4-11ef-bc97-c7b262605968-mgr-x[30066]:
2024-05-09T01:36:01.784+0000 7fc8fbc73200 -1 mgr[py] Module progress has missing NOTIFY_TYPES member
2024-05-09T01:36:02.150 INFO:journalctl@ceph.mgr.x.smithi046.stdout:May 09 01:36:01 smithi046 ceph-2d565e12-0da4-11ef-bc97-c7b262605968-mgr-x[30066]:
2024-05-09T01:36:01.908+0000 7fc8fbc73200 -1 mgr[py] Module influx has missing NOTIFY_TYPES member
2024-05-09T01:36:02.912 INFO:journalctl@ceph.mon.a.smithi046.stdout:May 09 01:36:02 smithi046 ceph-mon[29828]: from='client.? 172.21.15.46:0/4178085282' entity='client.admin' cmd=[{"prefix": "mgr stat"}]: dispatch
2024-05-09T01:36:02.919 INFO:teuthology.orchestra.run.smithi046.stdout:/usr/bin/ceph: stdout {
2024-05-09T01:36:02.927 INFO:teuthology.orchestra.run.smithi046.stdout:/usr/bin/ceph: stdout "epoch": 9,
2024-05-09T01:36:02.927 INFO:teuthology.orchestra.run.smithi046.stdout:/usr/bin/ceph: stdout "available": true,
2024-05-09T01:36:02.928 INFO:teuthology.orchestra.run.smithi046.stdout:/usr/bin/ceph: stdout "active_name": "x",
2024-05-09T01:36:02.928 INFO:teuthology.orchestra.run.smithi046.stdout:/usr/bin/ceph: stdout "num_standby": 0
2024-05-09T01:36:02.928 INFO:teuthology.orchestra.run.smithi046.stdout:/usr/bin/ceph: stdout }
2024-05-09T01:36:02.928 INFO:teuthology.orchestra.run.smithi046.stdout:/usr/bin/ceph: stderr
2024-05-09T01:36:01.941+0000 7f4509e00700 1 Processor -- start
2024-05-09T01:36:02.928 INFO:teuthology.orchestra.run.smithi046.stdout:/usr/bin/ceph: stderr
2024-05-09T01:36:01.942+0000 7f4509e00700 1 -- start start
2024-05-09T01:36:02.928 INFO:teuthology.orchestra.run.smithi046.stdout:/usr/bin/ceph: stderr
2024-05-09T01:36:01.942+0000 7f4509e00700 1 --2- >> [v2:172.21.15.46:3300/0,v1:172.21.15.46:6789/0] conn(0x7f450407edd0 0x7f450407d200 unknown :-1 s=NONE pgs=0 cs=0 l=0 rev1=0 crypto rx=0 tx=0 comp rx=0 tx=0).connect
2024-05-09T01:36:02.928 INFO:teuthology.orchestra.run.smithi046.stdout:/usr/bin/ceph: stderr
2024-05-09T01:36:01.942+0000 7f4509e00700 1 -- --> [v2:172.21.15.46:3300/0,v1:172.21.15.46:6789/0] -- mon_getmap magic: 0 -- 0x7f450407d740 con 0x7f450407edd0
2024-05-09T01:36:02.928 INFO:teuthology.orchestra.run.smithi046.stdout:/usr/bin/ceph: stderr
2024-05-09T01:36:01.943+0000 7f4502a00700 1 --2- >> [v2:172.21.15.46:3300/0,v1:172.21.15.46:6789/0] conn(0x7f450407edd0 0x7f450407d200 unknown :-1 s=BANNER_CONNECTING pgs=0 cs=0 l=0 rev1=0 crypto rx=0 tx=0 comp rx=0 tx=0)._handle_peer_banner_payload supported=3 required=0
2024-05-09T01:36:02.928 INFO:teuthology.orchestra.run.smithi046.stdout:/usr/bin/ceph: stderr
2024-05-09T01:36:01.943+0000 7f4502a00700 1 --2- >> [v2:172.21.15.46:3300/0,v1:172.21.15.46:6789/0] conn(0x7f450407edd0 0x7f450407d200 unknown :-1 s=HELLO_CONNECTING pgs=0 cs=0 l=0 rev1=1 crypto rx=0 tx=0 comp rx=0 tx=0).handle_hello peer v2:172.21.15.46:3300/0 says I am v2:172.21.15.46:45506/0 (socket says 172.21.15.46:45506)
2024-05-09T01:36:02.928 INFO:teuthology.orchestra.run.smithi046.stdout:/usr/bin/ceph: stderr
2024-05-09T01:36:01.943+0000 7f4502a00700 1 -- 172.21.15.46:0/3074568573 learned_addr learned my addr 172.21.15.46:0/3074568573 (peer_addr_for_me v2:172.21.15.46:0/0)
2024-05-09T01:36:02.928 INFO:teuthology.orchestra.run.smithi046.stdout:/usr/bin/ceph: stderr
2024-05-09T01:36:01.943+0000 7f4502a00700 1 -- 172.21.15.46:0/3074568573 --> [v2:172.21.15.46:3300/0,v1:172.21.15.46:6789/0] -- mon_subscribe({config=0+,monmap=0+}) -- 0x7f450407d8c0 con 0x7f450407edd0
2024-05-09T01:36:02.928 INFO:teuthology.orchestra.run.smithi046.stdout:/usr/bin/ceph: stderr
2024-05-09T01:36:01.944+0000 7f4502a00700 1 --2- 172.21.15.46:0/3074568573 >> [v2:172.21.15.46:3300/0,v1:172.21.15.46:6789/0] conn(0x7f450407edd0 0x7f450407d200 secure :-1 s=READY pgs=59 cs=0 l=1 rev1=1 crypto rx=0x7f44f40098a0 tx=0x7f44f4009bb0 comp rx=0 tx=0).ready entity=mon.0 client_cookie=226f8a0607df9e5b server_cookie=0 in_seq=0 out_seq=0
2024-05-09T01:36:02.928 INFO:teuthology.orchestra.run.smithi046.stdout:/usr/bin/ceph: stderr
2024-05-09T01:36:01.944+0000 7f4501600700 1 -- 172.21.15.46:0/3074568573 <== mon.0 v2:172.21.15.46:3300/0 1 ==== mon_map magic: 0 ==== 205+0+0 (secure 0 0 0) 0x7f44f4004160 con 0x7f450407edd0
2024-05-09T01:36:02.928 INFO:teuthology.orchestra.run.smithi046.stdout:/usr/bin/ceph: stderr
2024-05-09T01:36:01.944+0000 7f4501600700 1 -- 172.21.15.46:0/3074568573 <== mon.0 v2:172.21.15.46:3300/0 2 ==== config(27 keys) ==== 1135+0+0 (secure 0 0 0) 0x7f44f4004300 con 0x7f450407edd0
2024-05-09T01:36:02.928 INFO:teuthology.orchestra.run.smithi046.stdout:/usr/bin/ceph: stderr
2024-05-09T01:36:01.944+0000 7f4501600700 1 -- 172.21.15.46:0/3074568573 <== mon.0 v2:172.21.15.46:3300/0 3 ==== mon_map magic: 0 ==== 205+0+0 (secure 0 0 0) 0x7f44f4011af0 con 0x7f450407edd0
2024-05-09T01:36:02.928 INFO:teuthology.orchestra.run.smithi046.stdout:/usr/bin/ceph: stderr
2024-05-09T01:36:01.945+0000 7f4509e00700 1 -- 172.21.15.46:0/3074568573 >> [v2:172.21.15.46:3300/0,v1:172.21.15.46:6789/0] conn(0x7f450407edd0 msgr2=0x7f450407d200 secure :-1 s=STATE_CONNECTION_ESTABLISHED l=1).mark_down
2024-05-09T01:36:02.929 INFO:teuthology.orchestra.run.smithi046.stdout:/usr/bin/ceph: stderr
2024-05-09T01:36:01.945+0000 7f4509e00700 1 --2- 172.21.15.46:0/3074568573 >> [v2:172.21.15.46:3300/0,v1:172.21.15.46:6789/0] conn(0x7f450407edd0 0x7f450407d200 secure :-1 s=READY pgs=59 cs=0 l=1 rev1=1 crypto rx=0x7f44f40098a0 tx=0x7f44f4009bb0 comp rx=0 tx=0).stop
2024-05-09T01:36:02.929 INFO:teuthology.orchestra.run.smithi046.stdout:/usr/bin/ceph: stderr
2024-05-09T01:36:01.945+0000 7f4509e00700 1 -- 172.21.15.46:0/3074568573 shutdown_connections
2024-05-09T01:36:02.929 INFO:teuthology.orchestra.run.smithi046.stdout:/usr/bin/ceph: stderr
2024-05-09T01:36:01.945+0000 7f4509e00700 1 --2- 172.21.15.46:0/3074568573 >> [v2:172.21.15.46:3300/0,v1:172.21.15.46:6789/0] conn(0x7f450407edd0 0x7f450407d200 unknown :-1 s=CLOSED pgs=59 cs=0 l=1 rev1=1 crypto rx=0 tx=0 comp rx=0 tx=0).stop
2024-05-09T01:36:02.929 INFO:teuthology.orchestra.run.smithi046.stdout:/usr/bin/ceph: stderr
2024-05-09T01:36:01.945+0000 7f4509e00700 1 -- 172.21.15.46:0/3074568573 >> 172.21.15.46:0/3074568573 conn(0x7f45041051c0 msgr2=0x7f4504107630 unknown :-1 s=STATE_NONE l=0).mark_down
2024-05-09T01:36:02.929 INFO:teuthology.orchestra.run.smithi046.stdout:/usr/bin/ceph: stderr
2024-05-09T01:36:01.945+0000 7f4509e00700 1 -- 172.21.15.46:0/3074568573 shutdown_connections
2024-05-09T01:36:02.929 INFO:teuthology.orchestra.run.smithi046.stdout:/usr/bin/ceph: stderr
2024-05-09T01:36:01.945+0000 7f4509e00700 1 -- 172.21.15.46:0/3074568573 wait complete.
2024-05-09T01:36:02.929 INFO:teuthology.orchestra.run.smithi046.stdout:/usr/bin/ceph: stderr
2024-05-09T01:36:01.947+0000 7f4509e00700 1 Processor -- start
2024-05-09T01:36:02.929 INFO:teuthology.orchestra.run.smithi046.stdout:/usr/bin/ceph: stderr
2024-05-09T01:36:01.947+0000 7f4509e00700 1 -- start start
2024-05-09T01:36:02.929 INFO:teuthology.orchestra.run.smithi046.stdout:/usr/bin/ceph: stderr
2024-05-09T01:36:01.947+0000 7f4509e00700 1 --2- >> [v2:172.21.15.46:3300/0,v1:172.21.15.46:6789/0] conn(0x7f450407edd0 0x7f45041a01f0 unknown :-1 s=NONE pgs=0 cs=0 l=1 rev1=0 crypto rx=0 tx=0 comp rx=0 tx=0).connect
2024-05-09T01:36:02.929 INFO:teuthology.orchestra.run.smithi046.stdout:/usr/bin/ceph: stderr
2024-05-09T01:36:01.947+0000 7f4509e00700 1 -- --> [v2:172.21.15.46:3300/0,v1:172.21.15.46:6789/0] -- mon_getmap magic: 0 -- 0x7f45041101e0 con 0x7f450407edd0
2024-05-09T01:36:02.929 INFO:teuthology.orchestra.run.smithi046.stdout:/usr/bin/ceph: stderr
2024-05-09T01:36:01.948+0000 7f4502a00700 1 --2- >> [v2:172.21.15.46:3300/0,v1:172.21.15.46:6789/0] conn(0x7f450407edd0 0x7f45041a01f0 unknown :-1 s=BANNER_CONNECTING pgs=0 cs=0 l=1 rev1=0 crypto rx=0 tx=0 comp rx=0 tx=0)._handle_peer_banner_payload supported=3 required=0
2024-05-09T01:36:02.929 INFO:teuthology.orchestra.run.smithi046.stdout:/usr/bin/ceph: stderr
2024-05-09T01:36:01.948+0000 7f4502a00700 1 --2- >> [v2:172.21.15.46:3300/0,v1:172.21.15.46:6789/0] conn(0x7f450407edd0 0x7f45041a01f0 unknown :-1 s=HELLO_CONNECTING pgs=0 cs=0 l=1 rev1=1 crypto rx=0 tx=0 comp rx=0 tx=0).handle_hello peer v2:172.21.15.46:3300/0 says I am v2:172.21.15.46:45512/0 (socket says 172.21.15.46:45512)
2024-05-09T01:36:02.929 INFO:teuthology.orchestra.run.smithi046.stdout:/usr/bin/ceph: stderr
2024-05-09T01:36:01.948+0000 7f4502a00700 1 -- 172.21.15.46:0/4178085282 learned_addr learned my addr 172.21.15.46:0/4178085282 (peer_addr_for_me v2:172.21.15.46:0/0)
2024-05-09T01:36:02.930 INFO:teuthology.orchestra.run.smithi046.stdout:/usr/bin/ceph: stderr
2024-05-09T01:36:01.948+0000 7f4502a00700 1 -- 172.21.15.46:0/4178085282 --> [v2:172.21.15.46:3300/0,v1:172.21.15.46:6789/0] -- mon_subscribe({config=0+,monmap=0+}) -- 0x7f45041a0730 con 0x7f450407edd0
2024-05-09T01:36:02.930 INFO:teuthology.orchestra.run.smithi046.stdout:/usr/bin/ceph: stderr
2024-05-09T01:36:01.948+0000 7f4502a00700 1 --2- 172.21.15.46:0/4178085282 >> [v2:172.21.15.46:3300/0,v1:172.21.15.46:6789/0] conn(0x7f450407edd0 0x7f45041a01f0 secure :-1 s=READY pgs=60 cs=0 l=1 rev1=1 crypto rx=0x7f44f40117b0 tx=0x7f44f4011b70 comp rx=0 tx=0).ready entity=mon.0 client_cookie=0 server_cookie=0 in_seq=0 out_seq=0
2024-05-09T01:36:02.930 INFO:teuthology.orchestra.run.smithi046.stdout:/usr/bin/ceph: stderr
2024-05-09T01:36:01.948+0000 7f4508a00700 1 -- 172.21.15.46:0/4178085282 <== mon.0 v2:172.21.15.46:3300/0 1 ==== mon_map magic: 0 ==== 205+0+0 (secure 0 0 0) 0x7f44f40038b0 con 0x7f450407edd0
2024-05-09T01:36:02.930 INFO:teuthology.orchestra.run.smithi046.stdout:/usr/bin/ceph: stderr
2024-05-09T01:36:01.949+0000 7f4508a00700 1 -- 172.21.15.46:0/4178085282 <== mon.0 v2:172.21.15.46:3300/0 2 ==== config(27 keys) ==== 1135+0+0 (secure 0 0 0) 0x7f44f4003a50 con 0x7f450407edd0
2024-05-09T01:36:02.930 INFO:teuthology.orchestra.run.smithi046.stdout:/usr/bin/ceph: stderr
2024-05-09T01:36:01.949+0000 7f4508a00700 1 -- 172.21.15.46:0/4178085282 <== mon.0 v2:172.21.15.46:3300/0 3 ==== mon_map magic: 0 ==== 205+0+0 (secure 0 0 0) 0x7f44f40246e0 con 0x7f450407edd0
2024-05-09T01:36:02.930 INFO:teuthology.orchestra.run.smithi046.stdout:/usr/bin/ceph: stderr
2024-05-09T01:36:01.949+0000 7f4509e00700 1 -- 172.21.15.46:0/4178085282 --> [v2:172.21.15.46:3300/0,v1:172.21.15.46:6789/0] -- mon_subscribe({mgrmap=0+}) -- 0x7f45041a09c0 con 0x7f450407edd0
2024-05-09T01:36:02.930 INFO:teuthology.orchestra.run.smithi046.stdout:/usr/bin/ceph: stderr
2024-05-09T01:36:01.949+0000 7f4509e00700 1 -- 172.21.15.46:0/4178085282 --> [v2:172.21.15.46:3300/0,v1:172.21.15.46:6789/0] -- mon_subscribe({osdmap=0}) -- 0x7f45041a35d0 con 0x7f450407edd0
2024-05-09T01:36:02.930 INFO:teuthology.orchestra.run.smithi046.stdout:/usr/bin/ceph: stderr
2024-05-09T01:36:01.950+0000 7f4509e00700 1 -- 172.21.15.46:0/4178085282 --> [v2:172.21.15.46:3300/0,v1:172.21.15.46:6789/0] -- mon_command({"prefix": "get_command_descriptions"} v 0) -- 0x7f4504064e20 con 0x7f450407edd0
2024-05-09T01:36:02.930 INFO:teuthology.orchestra.run.smithi046.stdout:/usr/bin/ceph: stderr
2024-05-09T01:36:01.950+0000 7f4508a00700 1 -- 172.21.15.46:0/4178085282 <== mon.0 v2:172.21.15.46:3300/0 4 ==== mgrmap(e 9) ==== 50235+0+0 (secure 0 0 0) 0x7f44f4022020 con 0x7f450407edd0
2024-05-09T01:36:02.930 INFO:teuthology.orchestra.run.smithi046.stdout:/usr/bin/ceph: stderr
2024-05-09T01:36:01.951+0000 7f4508a00700 1 --2- 172.21.15.46:0/4178085282 >> [v2:172.21.15.46:6800/970260945,v1:172.21.15.46:6801/970260945] conn(0x7f44e803e510 0x7f44e8040a20 unknown :-1 s=NONE pgs=0 cs=0 l=1 rev1=0 crypto rx=0 tx=0 comp rx=0 tx=0).connect
2024-05-09T01:36:02.930 INFO:teuthology.orchestra.run.smithi046.stdout:/usr/bin/ceph: stderr
2024-05-09T01:36:01.951+0000 7f4508a00700 1 -- 172.21.15.46:0/4178085282 <== mon.0 v2:172.21.15.46:3300/0 5 ==== osd_map(2..2 src has 1..2) ==== 940+0+0 (secure 0 0 0) 0x7f44f40536f0 con 0x7f450407edd0
2024-05-09T01:36:02.930 INFO:teuthology.orchestra.run.smithi046.stdout:/usr/bin/ceph: stderr
2024-05-09T01:36:01.951+0000 7f4502000700 1 -- 172.21.15.46:0/4178085282 >> [v2:172.21.15.46:6800/970260945,v1:172.21.15.46:6801/970260945] conn(0x7f44e803e510 msgr2=0x7f44e8040a20 unknown :-1 s=STATE_CONNECTING_RE l=1).process reconnect failed to v2:172.21.15.46:6800/970260945
2024-05-09T01:36:02.930 INFO:teuthology.orchestra.run.smithi046.stdout:/usr/bin/ceph: stderr
2024-05-09T01:36:01.951+0000 7f4502000700 1 --2- 172.21.15.46:0/4178085282 >> [v2:172.21.15.46:6800/970260945,v1:172.21.15.46:6801/970260945] conn(0x7f44e803e510 0x7f44e8040a20 unknown :-1 s=START_CONNECT pgs=0 cs=0 l=1 rev1=0 crypto rx=0 tx=0 comp rx=0 tx=0)._fault waiting 0.200000
2024-05-09T01:36:02.930 INFO:teuthology.orchestra.run.smithi046.stdout:/usr/bin/ceph: stderr
2024-05-09T01:36:01.956+0000 7f4508a00700 1 -- 172.21.15.46:0/4178085282 <== mon.0 v2:172.21.15.46:3300/0 6 ==== mon_command_ack([{"prefix": "get_command_descriptions"}]=0 v0) ==== 72+0+191963 (secure 0 0 0) 0x7f44f400b3e0 con 0x7f450407edd0
2024-05-09T01:36:02.930 INFO:teuthology.orchestra.run.smithi046.stdout:/usr/bin/ceph: stderr
2024-05-09T01:36:02.152+0000 7f4502000700 1 -- 172.21.15.46:0/4178085282 >> [v2:172.21.15.46:6800/970260945,v1:172.21.15.46:6801/970260945] conn(0x7f44e803e510 msgr2=0x7f44e8040a20 unknown :-1 s=STATE_CONNECTING_RE l=1).process reconnect failed to v2:172.21.15.46:6800/970260945
2024-05-09T01:36:02.930 INFO:teuthology.orchestra.run.smithi046.stdout:/usr/bin/ceph: stderr
2024-05-09T01:36:02.152+0000 7f4502000700 1 --2- 172.21.15.46:0/4178085282 >> [v2:172.21.15.46:6800/970260945,v1:172.21.15.46:6801/970260945] conn(0x7f44e803e510 0x7f44e8040a20 unknown :-1 s=START_CONNECT pgs=0 cs=0 l=1 rev1=0 crypto rx=0 tx=0 comp rx=0 tx=0)._fault waiting 0.400000
2024-05-09T01:36:02.931 INFO:teuthology.orchestra.run.smithi046.stdout:/usr/bin/ceph: stderr
2024-05-09T01:36:02.250+0000 7f4509e00700 1 -- 172.21.15.46:0/4178085282 --> [v2:172.21.15.46:3300/0,v1:172.21.15.46:6789/0] -- mon_command({"prefix": "mgr stat"} v 0) -- 0x7f45041a37a0 con 0x7f450407edd0
2024-05-09T01:36:02.931 INFO:teuthology.orchestra.run.smithi046.stdout:/usr/bin/ceph: stderr
2024-05-09T01:36:02.251+0000 7f4508a00700 1 -- 172.21.15.46:0/4178085282 <== mon.0 v2:172.21.15.46:3300/0 7 ==== mon_command_ack([{"prefix": "mgr stat"}]=0 v9) ==== 56+0+88 (secure 0 0 0) 0x7f45041a37a0 con 0x7f450407edd0
2024-05-09T01:36:02.931 INFO:teuthology.orchestra.run.smithi046.stdout:/usr/bin/ceph: stderr
2024-05-09T01:36:02.254+0000 7f4509e00700 1 -- 172.21.15.46:0/4178085282 >> [v2:172.21.15.46:6800/970260945,v1:172.21.15.46:6801/970260945] conn(0x7f44e803e510 msgr2=0x7f44e8040a20 unknown :-1 s=STATE_CONNECTING l=1).mark_down
2024-05-09T01:36:02.931 INFO:teuthology.orchestra.run.smithi046.stdout:/usr/bin/ceph: stderr
2024-05-09T01:36:02.255+0000 7f4509e00700 1 --2- 172.21.15.46:0/4178085282 >> [v2:172.21.15.46:6800/970260945,v1:172.21.15.46:6801/970260945] conn(0x7f44e803e510 0x7f44e8040a20 unknown :-1 s=START_CONNECT pgs=0 cs=0 l=1 rev1=0 crypto rx=0 tx=0 comp rx=0 tx=0).stop
2024-05-09T01:36:02.931 INFO:teuthology.orchestra.run.smithi046.stdout:/usr/bin/ceph: stderr
2024-05-09T01:36:02.255+0000 7f4509e00700 1 -- 172.21.15.46:0/4178085282 >> [v2:172.21.15.46:3300/0,v1:172.21.15.46:6789/0] conn(0x7f450407edd0 msgr2=0x7f45041a01f0 secure :-1 s=STATE_CONNECTION_ESTABLISHED l=1).mark_down
2024-05-09T01:36:02.931 INFO:teuthology.orchestra.run.smithi046.stdout:/usr/bin/ceph: stderr
2024-05-09T01:36:02.255+0000 7f4509e00700 1 --2- 172.21.15.46:0/4178085282 >> [v2:172.21.15.46:3300/0,v1:172.21.15.46:6789/0] conn(0x7f450407edd0 0x7f45041a01f0 secure :-1 s=READY pgs=60 cs=0 l=1 rev1=1 crypto rx=0x7f44f40117b0 tx=0x7f44f4011b70 comp rx=0 tx=0).stop
2024-05-09T01:36:02.931 INFO:teuthology.orchestra.run.smithi046.stdout:/usr/bin/ceph: stderr
2024-05-09T01:36:02.255+0000 7f4509e00700 1 -- 172.21.15.46:0/4178085282 shutdown_connections
2024-05-09T01:36:02.931 INFO:teuthology.orchestra.run.smithi046.stdout:/usr/bin/ceph: stderr
2024-05-09T01:36:02.255+0000 7f4509e00700 1 --2- 172.21.15.46:0/4178085282 >> [v2:172.21.15.46:6800/970260945,v1:172.21.15.46:6801/970260945] conn(0x7f44e803e510 0x7f44e8040a20 unknown :-1 s=CLOSED pgs=0 cs=0 l=1 rev1=0 crypto rx=0 tx=0 comp rx=0 tx=0).stop
2024-05-09T01:36:02.931 INFO:teuthology.orchestra.run.smithi046.stdout:/usr/bin/ceph: stderr
2024-05-09T01:36:02.255+0000 7f4509e00700 1 --2- 172.21.15.46:0/4178085282 >> [v2:172.21.15.46:3300/0,v1:172.21.15.46:6789/0] conn(0x7f450407edd0 0x7f45041a01f0 unknown :-1 s=CLOSED pgs=60 cs=0 l=1 rev1=1 crypto rx=0 tx=0 comp rx=0 tx=0).stop
2024-05-09T01:36:02.931 INFO:teuthology.orchestra.run.smithi046.stdout:/usr/bin/ceph: stderr
2024-05-09T01:36:02.255+0000 7f4509e00700 1 -- 172.21.15.46:0/4178085282 >> 172.21.15.46:0/4178085282 conn(0x7f45041051c0 msgr2=0x7f4504105ad0 unknown :-1 s=STATE_NONE l=0).mark_down
2024-05-09T01:36:02.931 INFO:teuthology.orchestra.run.smithi046.stdout:/usr/bin/ceph: stderr
2024-05-09T01:36:02.255+0000 7f4509e00700 1 -- 172.21.15.46:0/4178085282 shutdown_connections
2024-05-09T01:36:02.931 INFO:teuthology.orchestra.run.smithi046.stdout:/usr/bin/ceph: stderr
2024-05-09T01:36:02.255+0000 7f4509e00700 1 -- 172.21.15.46:0/4178085282 wait complete.
2024-05-09T01:36:02.931 INFO:teuthology.orchestra.run.smithi046.stdout:Waiting for the mgr to restart...
2024-05-09T01:36:02.931 INFO:teuthology.orchestra.run.smithi046.stdout:Waiting for mgr epoch 9...
2024-05-09T01:36:03.974 INFO:journalctl@ceph.mgr.x.smithi046.stdout:May 09 01:36:03 smithi046 ceph-2d565e12-0da4-11ef-bc97-c7b262605968-mgr-x[30066]:
2024-05-09T01:36:03.549+0000 7fc8fbc73200 -1 mgr[py] Module telegraf has missing NOTIFY_TYPES member
2024-05-09T01:36:03.974 INFO:journalctl@ceph.mgr.x.smithi046.stdout:May 09 01:36:03 smithi046 ceph-2d565e12-0da4-11ef-bc97-c7b262605968-mgr-x[30066]:
2024-05-09T01:36:03.791+0000 7fc8fbc73200 -1 mgr[py] Module osd_support has missing NOTIFY_TYPES member
2024-05-09T01:36:04.412 INFO:journalctl@ceph.mgr.x.smithi046.stdout:May 09 01:36:04 smithi046 ceph-2d565e12-0da4-11ef-bc97-c7b262605968-mgr-x[30066]:
2024-05-09T01:36:04.014+0000 7fc8fbc73200 -1 mgr[py] Module iostat has missing NOTIFY_TYPES member
2024-05-09T01:36:04.412 INFO:journalctl@ceph.mgr.x.smithi046.stdout:May 09 01:36:04 smithi046 ceph-2d565e12-0da4-11ef-bc97-c7b262605968-mgr-x[30066]:
2024-05-09T01:36:04.414+0000 7fc8fbc73200 -1 mgr[py] Module alerts has missing NOTIFY_TYPES member
2024-05-09T01:36:04.724 INFO:journalctl@ceph.mgr.x.smithi046.stdout:May 09 01:36:04 smithi046 ceph-2d565e12-0da4-11ef-bc97-c7b262605968-mgr-x[30066]:
2024-05-09T01:36:04.545+0000 7fc8fbc73200 -1 mgr[py] Module selftest has missing NOTIFY_TYPES member
2024-05-09T01:36:05.071 INFO:journalctl@ceph.mgr.x.smithi046.stdout:May 09 01:36:04 smithi046 ceph-2d565e12-0da4-11ef-bc97-c7b262605968-mgr-x[30066]:
2024-05-09T01:36:04.805+0000 7fc8fbc73200 -1 mgr[py] Module pg_autoscaler has missing NOTIFY_TYPES member
2024-05-09T01:36:05.071 INFO:journalctl@ceph.mgr.x.smithi046.stdout:May 09 01:36:05 smithi046 ceph-2d565e12-0da4-11ef-bc97-c7b262605968-mgr-x[30066]:
2024-05-09T01:36:05.073+0000 7fc8fbc73200 -1 mgr[py] Module test_orchestrator has missing NOTIFY_TYPES member
2024-05-09T01:36:06.194 INFO:journalctl@ceph.mgr.x.smithi046.stdout:May 09 01:36:05 smithi046 ceph-2d565e12-0da4-11ef-bc97-c7b262605968-mgr-x[30066]:
2024-05-09T01:36:05.894+0000 7fc8fbc73200 -1 mgr[py] Module rook has missing NOTIFY_TYPES member
2024-05-09T01:36:06.194 INFO:journalctl@ceph.mgr.x.smithi046.stdout:May 09 01:36:06 smithi046 ceph-2d565e12-0da4-11ef-bc97-c7b262605968-mgr-x[30066]:
