2024-05-09T02:05:40.716+0000 7fe9f2a00700 1 --2- >> [v2:172.21.15.94:3300/0,v1:172.21.15.94:6789/0] conn(0x7fe9f4109ac0 0x7fe9f4109ed0 unknown :-1 s=HELLO_CONNECTING pgs=0 cs=0 l=0 rev1=1 crypto rx=0 tx=0 comp rx=0 tx=0).handle_hello peer v2:172.21.15.94:3300/0 says I am v2:172.21.15.94:46950/0 (socket says 172.21.15.94:46950)
2024-05-09T02:05:42.432 INFO:teuthology.orchestra.run.smithi094.stdout:/usr/bin/ceph: stderr
2024-05-09T02:05:40.716+0000 7fe9f2a00700 1 -- 172.21.15.94:0/2809419166 learned_addr learned my addr 172.21.15.94:0/2809419166 (peer_addr_for_me v2:172.21.15.94:0/0)
2024-05-09T02:05:42.432 INFO:teuthology.orchestra.run.smithi094.stdout:/usr/bin/ceph: stderr
2024-05-09T02:05:40.717+0000 7fe9f2a00700 1 -- 172.21.15.94:0/2809419166 --> [v2:172.21.15.94:3300/0,v1:172.21.15.94:6789/0] -- mon_subscribe({config=0+,monmap=0+}) -- 0x7fe9f410ac90 con 0x7fe9f4109ac0
2024-05-09T02:05:42.432 INFO:teuthology.orchestra.run.smithi094.stdout:/usr/bin/ceph: stderr
2024-05-09T02:05:40.717+0000 7fe9f2a00700 1 --2- 172.21.15.94:0/2809419166 >> [v2:172.21.15.94:3300/0,v1:172.21.15.94:6789/0] conn(0x7fe9f4109ac0 0x7fe9f4109ed0 secure :-1 s=READY pgs=41 cs=0 l=1 rev1=1 crypto rx=0x7fe9e40098a0 tx=0x7fe9e4009bb0 comp rx=0 tx=0).ready entity=mon.0 client_cookie=8c38f3e9ad49595f server_cookie=0 in_seq=0 out_seq=0
2024-05-09T02:05:42.432 INFO:teuthology.orchestra.run.smithi094.stdout:/usr/bin/ceph: stderr
2024-05-09T02:05:40.717+0000 7fe9f1600700 1 -- 172.21.15.94:0/2809419166 <== mon.0 v2:172.21.15.94:3300/0 1 ==== mon_map magic: 0 ==== 205+0+0 (secure 0 0 0) 0x7fe9e4004160 con 0x7fe9f4109ac0
2024-05-09T02:05:42.432 INFO:teuthology.orchestra.run.smithi094.stdout:/usr/bin/ceph: stderr
2024-05-09T02:05:40.717+0000 7fe9f1600700 1 -- 172.21.15.94:0/2809419166 <== mon.0 v2:172.21.15.94:3300/0 2 ==== config(26 keys) ==== 1070+0+0 (secure 0 0 0) 0x7fe9e4004300 con 0x7fe9f4109ac0
2024-05-09T02:05:42.432 INFO:teuthology.orchestra.run.smithi094.stdout:/usr/bin/ceph: stderr
2024-05-09T02:05:40.717+0000 7fe9f1600700 1 -- 172.21.15.94:0/2809419166 <== mon.0 v2:172.21.15.94:3300/0 3 ==== mon_map magic: 0 ==== 205+0+0 (secure 0 0 0) 0x7fe9e4011af0 con 0x7fe9f4109ac0
2024-05-09T02:05:42.432 INFO:teuthology.orchestra.run.smithi094.stdout:/usr/bin/ceph: stderr
2024-05-09T02:05:40.718+0000 7fe9f9a00700 1 -- 172.21.15.94:0/2809419166 >> [v2:172.21.15.94:3300/0,v1:172.21.15.94:6789/0] conn(0x7fe9f4109ac0 msgr2=0x7fe9f4109ed0 secure :-1 s=STATE_CONNECTION_ESTABLISHED l=1).mark_down
2024-05-09T02:05:42.432 INFO:teuthology.orchestra.run.smithi094.stdout:/usr/bin/ceph: stderr
2024-05-09T02:05:40.718+0000 7fe9f9a00700 1 --2- 172.21.15.94:0/2809419166 >> [v2:172.21.15.94:3300/0,v1:172.21.15.94:6789/0] conn(0x7fe9f4109ac0 0x7fe9f4109ed0 secure :-1 s=READY pgs=41 cs=0 l=1 rev1=1 crypto rx=0x7fe9e40098a0 tx=0x7fe9e4009bb0 comp rx=0 tx=0).stop
2024-05-09T02:05:42.432 INFO:teuthology.orchestra.run.smithi094.stdout:/usr/bin/ceph: stderr
2024-05-09T02:05:40.718+0000 7fe9f9a00700 1 -- 172.21.15.94:0/2809419166 shutdown_connections
2024-05-09T02:05:42.432 INFO:teuthology.orchestra.run.smithi094.stdout:/usr/bin/ceph: stderr
2024-05-09T02:05:40.718+0000 7fe9f9a00700 1 --2- 172.21.15.94:0/2809419166 >> [v2:172.21.15.94:3300/0,v1:172.21.15.94:6789/0] conn(0x7fe9f4109ac0 0x7fe9f4109ed0 unknown :-1 s=CLOSED pgs=41 cs=0 l=1 rev1=1 crypto rx=0 tx=0 comp rx=0 tx=0).stop
2024-05-09T02:05:42.432 INFO:teuthology.orchestra.run.smithi094.stdout:/usr/bin/ceph: stderr
2024-05-09T02:05:40.718+0000 7fe9f9a00700 1 -- 172.21.15.94:0/2809419166 >> 172.21.15.94:0/2809419166 conn(0x7fe9f4105180 msgr2=0x7fe9f41075d0 unknown :-1 s=STATE_NONE l=0).mark_down
2024-05-09T02:05:42.432 INFO:teuthology.orchestra.run.smithi094.stdout:/usr/bin/ceph: stderr
2024-05-09T02:05:40.719+0000 7fe9f9a00700 1 -- 172.21.15.94:0/2809419166 shutdown_connections
2024-05-09T02:05:42.432 INFO:teuthology.orchestra.run.smithi094.stdout:/usr/bin/ceph: stderr
2024-05-09T02:05:40.719+0000 7fe9f9a00700 1 -- 172.21.15.94:0/2809419166 wait complete.
2024-05-09T02:05:42.433 INFO:teuthology.orchestra.run.smithi094.stdout:/usr/bin/ceph: stderr
2024-05-09T02:05:40.720+0000 7fe9f9a00700 1 Processor -- start
2024-05-09T02:05:42.433 INFO:teuthology.orchestra.run.smithi094.stdout:/usr/bin/ceph: stderr
2024-05-09T02:05:40.720+0000 7fe9f9a00700 1 -- start start
2024-05-09T02:05:42.433 INFO:teuthology.orchestra.run.smithi094.stdout:/usr/bin/ceph: stderr
2024-05-09T02:05:40.720+0000 7fe9f9a00700 1 --2- >> [v2:172.21.15.94:3300/0,v1:172.21.15.94:6789/0] conn(0x7fe9f4109ac0 0x7fe9f419dfb0 unknown :-1 s=NONE pgs=0 cs=0 l=1 rev1=0 crypto rx=0 tx=0 comp rx=0 tx=0).connect
2024-05-09T02:05:42.433 INFO:teuthology.orchestra.run.smithi094.stdout:/usr/bin/ceph: stderr
2024-05-09T02:05:40.720+0000 7fe9f9a00700 1 -- --> [v2:172.21.15.94:3300/0,v1:172.21.15.94:6789/0] -- mon_getmap magic: 0 -- 0x7fe9f410e040 con 0x7fe9f4109ac0
2024-05-09T02:05:42.433 INFO:teuthology.orchestra.run.smithi094.stdout:/usr/bin/ceph: stderr
2024-05-09T02:05:40.720+0000 7fe9f2a00700 1 --2- >> [v2:172.21.15.94:3300/0,v1:172.21.15.94:6789/0] conn(0x7fe9f4109ac0 0x7fe9f419dfb0 unknown :-1 s=BANNER_CONNECTING pgs=0 cs=0 l=1 rev1=0 crypto rx=0 tx=0 comp rx=0 tx=0)._handle_peer_banner_payload supported=3 required=0
2024-05-09T02:05:42.433 INFO:teuthology.orchestra.run.smithi094.stdout:/usr/bin/ceph: stderr
2024-05-09T02:05:40.720+0000 7fe9f2a00700 1 --2- >> [v2:172.21.15.94:3300/0,v1:172.21.15.94:6789/0] conn(0x7fe9f4109ac0 0x7fe9f419dfb0 unknown :-1 s=HELLO_CONNECTING pgs=0 cs=0 l=1 rev1=1 crypto rx=0 tx=0 comp rx=0 tx=0).handle_hello peer v2:172.21.15.94:3300/0 says I am v2:172.21.15.94:46962/0 (socket says 172.21.15.94:46962)
2024-05-09T02:05:42.433 INFO:teuthology.orchestra.run.smithi094.stdout:/usr/bin/ceph: stderr
2024-05-09T02:05:40.720+0000 7fe9f2a00700 1 -- 172.21.15.94:0/3377346695 learned_addr learned my addr 172.21.15.94:0/3377346695 (peer_addr_for_me v2:172.21.15.94:0/0)
2024-05-09T02:05:42.433 INFO:teuthology.orchestra.run.smithi094.stdout:/usr/bin/ceph: stderr
2024-05-09T02:05:40.721+0000 7fe9f2a00700 1 -- 172.21.15.94:0/3377346695 --> [v2:172.21.15.94:3300/0,v1:172.21.15.94:6789/0] -- mon_subscribe({config=0+,monmap=0+}) -- 0x7fe9f419e4f0 con 0x7fe9f4109ac0
2024-05-09T02:05:42.433 INFO:teuthology.orchestra.run.smithi094.stdout:/usr/bin/ceph: stderr
2024-05-09T02:05:40.721+0000 7fe9f2a00700 1 --2- 172.21.15.94:0/3377346695 >> [v2:172.21.15.94:3300/0,v1:172.21.15.94:6789/0] conn(0x7fe9f4109ac0 0x7fe9f419dfb0 secure :-1 s=READY pgs=42 cs=0 l=1 rev1=1 crypto rx=0x7fe9e40090e0 tx=0x7fe9e4011940 comp rx=0 tx=0).ready entity=mon.0 client_cookie=0 server_cookie=0 in_seq=0 out_seq=0
2024-05-09T02:05:42.433 INFO:teuthology.orchestra.run.smithi094.stdout:/usr/bin/ceph: stderr
2024-05-09T02:05:40.721+0000 7fe9eb400700 1 -- 172.21.15.94:0/3377346695 <== mon.0 v2:172.21.15.94:3300/0 1 ==== mon_map magic: 0 ==== 205+0+0 (secure 0 0 0) 0x7fe9e40039e0 con 0x7fe9f4109ac0
2024-05-09T02:05:42.433 INFO:teuthology.orchestra.run.smithi094.stdout:/usr/bin/ceph: stderr
2024-05-09T02:05:40.721+0000 7fe9eb400700 1 -- 172.21.15.94:0/3377346695 <== mon.0 v2:172.21.15.94:3300/0 2 ==== config(26 keys) ==== 1070+0+0 (secure 0 0 0) 0x7fe9e4003b80 con 0x7fe9f4109ac0
2024-05-09T02:05:42.433 INFO:teuthology.orchestra.run.smithi094.stdout:/usr/bin/ceph: stderr
2024-05-09T02:05:40.721+0000 7fe9eb400700 1 -- 172.21.15.94:0/3377346695 <== mon.0 v2:172.21.15.94:3300/0 3 ==== mon_map magic: 0 ==== 205+0+0 (secure 0 0 0) 0x7fe9e4024690 con 0x7fe9f4109ac0
2024-05-09T02:05:42.433 INFO:teuthology.orchestra.run.smithi094.stdout:/usr/bin/ceph: stderr
2024-05-09T02:05:40.721+0000 7fe9f9a00700 1 -- 172.21.15.94:0/3377346695 --> [v2:172.21.15.94:3300/0,v1:172.21.15.94:6789/0] -- mon_subscribe({mgrmap=0+}) -- 0x7fe9f419e780 con 0x7fe9f4109ac0
2024-05-09T02:05:42.433 INFO:teuthology.orchestra.run.smithi094.stdout:/usr/bin/ceph: stderr
2024-05-09T02:05:40.722+0000 7fe9f9a00700 1 -- 172.21.15.94:0/3377346695 --> [v2:172.21.15.94:3300/0,v1:172.21.15.94:6789/0] -- mon_subscribe({osdmap=0}) -- 0x7fe9f41a1390 con 0x7fe9f4109ac0
2024-05-09T02:05:42.434 INFO:teuthology.orchestra.run.smithi094.stdout:/usr/bin/ceph: stderr
2024-05-09T02:05:40.723+0000 7fe9eb400700 1 -- 172.21.15.94:0/3377346695 <== mon.0 v2:172.21.15.94:3300/0 4 ==== mgrmap(e 8) ==== 50222+0+0 (secure 0 0 0) 0x7fe9e4022020 con 0x7fe9f4109ac0
2024-05-09T02:05:42.434 INFO:teuthology.orchestra.run.smithi094.stdout:/usr/bin/ceph: stderr
2024-05-09T02:05:40.723+0000 7fe9f9a00700 1 -- 172.21.15.94:0/3377346695 --> [v2:172.21.15.94:3300/0,v1:172.21.15.94:6789/0] -- mon_command({"prefix": "get_command_descriptions"} v 0) -- 0x7fe9f4064e20 con 0x7fe9f4109ac0
2024-05-09T02:05:42.434 INFO:teuthology.orchestra.run.smithi094.stdout:/usr/bin/ceph: stderr
2024-05-09T02:05:40.723+0000 7fe9eb400700 1 --2- 172.21.15.94:0/3377346695 >> [v2:172.21.15.94:6800/2068370295,v1:172.21.15.94:6801/2068370295] conn(0x7fe9d803e4c0 0x7fe9d80409d0 unknown :-1 s=NONE pgs=0 cs=0 l=1 rev1=0 crypto rx=0 tx=0 comp rx=0 tx=0).connect
2024-05-09T02:05:42.434 INFO:teuthology.orchestra.run.smithi094.stdout:/usr/bin/ceph: stderr
2024-05-09T02:05:40.723+0000 7fe9eb400700 1 -- 172.21.15.94:0/3377346695 <== mon.0 v2:172.21.15.94:3300/0 5 ==== osd_map(2..2 src has 1..2) ==== 940+0+0 (secure 0 0 0) 0x7fe9e4053720 con 0x7fe9f4109ac0
2024-05-09T02:05:42.434 INFO:teuthology.orchestra.run.smithi094.stdout:/usr/bin/ceph: stderr
2024-05-09T02:05:40.724+0000 7fe9f2000700 1 --2- 172.21.15.94:0/3377346695 >> [v2:172.21.15.94:6800/2068370295,v1:172.21.15.94:6801/2068370295] conn(0x7fe9d803e4c0 0x7fe9d80409d0 unknown :-1 s=BANNER_CONNECTING pgs=0 cs=0 l=1 rev1=0 crypto rx=0 tx=0 comp rx=0 tx=0)._handle_peer_banner_payload supported=3 required=0
2024-05-09T02:05:42.434 INFO:teuthology.orchestra.run.smithi094.stdout:/usr/bin/ceph: stderr
2024-05-09T02:05:40.724+0000 7fe9f2000700 1 --2- 172.21.15.94:0/3377346695 >> [v2:172.21.15.94:6800/2068370295,v1:172.21.15.94:6801/2068370295] conn(0x7fe9d803e4c0 0x7fe9d80409d0 secure :-1 s=READY pgs=9 cs=0 l=1 rev1=1 crypto rx=0x7fe9e0006fd0 tx=0x7fe9e0006e40 comp rx=0 tx=0).ready entity=mgr.14120 client_cookie=0 server_cookie=0 in_seq=0 out_seq=0
2024-05-09T02:05:42.434 INFO:teuthology.orchestra.run.smithi094.stdout:/usr/bin/ceph: stderr
2024-05-09T02:05:40.729+0000 7fe9eb400700 1 -- 172.21.15.94:0/3377346695 <== mon.0 v2:172.21.15.94:3300/0 6 ==== mon_command_ack([{"prefix": "get_command_descriptions"}]=0 v0) ==== 72+0+191963 (secure 0 0 0) 0x7fe9e4016260 con 0x7fe9f4109ac0
2024-05-09T02:05:42.434 INFO:teuthology.orchestra.run.smithi094.stdout:/usr/bin/ceph: stderr
2024-05-09T02:05:40.963+0000 7fe9f9a00700 1 -- 172.21.15.94:0/3377346695 --> [v2:172.21.15.94:6800/2068370295,v1:172.21.15.94:6801/2068370295] -- mgr_command(tid 0: {"prefix": "cephadm generate-key", "target": ["mon-mgr", ""]}) -- 0x7fe9f4107250 con 0x7fe9d803e4c0
2024-05-09T02:05:42.434 INFO:teuthology.orchestra.run.smithi094.stdout:/usr/bin/ceph: stderr
2024-05-09T02:05:41.695+0000 7fe9eb400700 1 -- 172.21.15.94:0/3377346695 <== mgr.14120 v2:172.21.15.94:6800/2068370295 1 ==== mgr_command_reply(tid 0: 0 ) ==== 8+0+0 (secure 0 0 0) 0x7fe9f4107250 con 0x7fe9d803e4c0
2024-05-09T02:05:42.434 INFO:teuthology.orchestra.run.smithi094.stdout:/usr/bin/ceph: stderr
2024-05-09T02:05:41.698+0000 7fe9f9a00700 1 -- 172.21.15.94:0/3377346695 >> [v2:172.21.15.94:6800/2068370295,v1:172.21.15.94:6801/2068370295] conn(0x7fe9d803e4c0 msgr2=0x7fe9d80409d0 secure :-1 s=STATE_CONNECTION_ESTABLISHED l=1).mark_down
2024-05-09T02:05:42.434 INFO:teuthology.orchestra.run.smithi094.stdout:/usr/bin/ceph: stderr
2024-05-09T02:05:41.698+0000 7fe9f9a00700 1 --2- 172.21.15.94:0/3377346695 >> [v2:172.21.15.94:6800/2068370295,v1:172.21.15.94:6801/2068370295] conn(0x7fe9d803e4c0 0x7fe9d80409d0 secure :-1 s=READY pgs=9 cs=0 l=1 rev1=1 crypto rx=0x7fe9e0006fd0 tx=0x7fe9e0006e40 comp rx=0 tx=0).stop
2024-05-09T02:05:42.434 INFO:teuthology.orchestra.run.smithi094.stdout:/usr/bin/ceph: stderr
2024-05-09T02:05:41.698+0000 7fe9f9a00700 1 -- 172.21.15.94:0/3377346695 >> [v2:172.21.15.94:3300/0,v1:172.21.15.94:6789/0] conn(0x7fe9f4109ac0 msgr2=0x7fe9f419dfb0 secure :-1 s=STATE_CONNECTION_ESTABLISHED l=1).mark_down
2024-05-09T02:05:42.434 INFO:teuthology.orchestra.run.smithi094.stdout:/usr/bin/ceph: stderr
2024-05-09T02:05:41.698+0000 7fe9f9a00700 1 --2- 172.21.15.94:0/3377346695 >> [v2:172.21.15.94:3300/0,v1:172.21.15.94:6789/0] conn(0x7fe9f4109ac0 0x7fe9f419dfb0 secure :-1 s=READY pgs=42 cs=0 l=1 rev1=1 crypto rx=0x7fe9e40090e0 tx=0x7fe9e4011940 comp rx=0 tx=0).stop
2024-05-09T02:05:42.435 INFO:teuthology.orchestra.run.smithi094.stdout:/usr/bin/ceph: stderr
2024-05-09T02:05:41.698+0000 7fe9f9a00700 1 -- 172.21.15.94:0/3377346695 shutdown_connections
2024-05-09T02:05:42.435 INFO:teuthology.orchestra.run.smithi094.stdout:/usr/bin/ceph: stderr
2024-05-09T02:05:41.698+0000 7fe9f9a00700 1 --2- 172.21.15.94:0/3377346695 >> [v2:172.21.15.94:6800/2068370295,v1:172.21.15.94:6801/2068370295] conn(0x7fe9d803e4c0 0x7fe9d80409d0 unknown :-1 s=CLOSED pgs=9 cs=0 l=1 rev1=1 crypto rx=0 tx=0 comp rx=0 tx=0).stop
2024-05-09T02:05:42.435 INFO:teuthology.orchestra.run.smithi094.stdout:/usr/bin/ceph: stderr
2024-05-09T02:05:41.698+0000 7fe9f9a00700 1 --2- 172.21.15.94:0/3377346695 >> [v2:172.21.15.94:3300/0,v1:172.21.15.94:6789/0] conn(0x7fe9f4109ac0 0x7fe9f419dfb0 unknown :-1 s=CLOSED pgs=42 cs=0 l=1 rev1=1 crypto rx=0 tx=0 comp rx=0 tx=0).stop
2024-05-09T02:05:42.435 INFO:teuthology.orchestra.run.smithi094.stdout:/usr/bin/ceph: stderr
2024-05-09T02:05:41.698+0000 7fe9f9a00700 1 -- 172.21.15.94:0/3377346695 >> 172.21.15.94:0/3377346695 conn(0x7fe9f4105180 msgr2=0x7fe9f4106ac0 unknown :-1 s=STATE_NONE l=0).mark_down
2024-05-09T02:05:42.435 INFO:teuthology.orchestra.run.smithi094.stdout:/usr/bin/ceph: stderr
2024-05-09T02:05:41.698+0000 7fe9f9a00700 1 -- 172.21.15.94:0/3377346695 shutdown_connections
2024-05-09T02:05:42.435 INFO:teuthology.orchestra.run.smithi094.stdout:/usr/bin/ceph: stderr
2024-05-09T02:05:41.699+0000 7fe9f9a00700 1 -- 172.21.15.94:0/3377346695 wait complete.
2024-05-09T02:05:42.952 INFO:journalctl@ceph.mon.a.smithi094.stdout:May 09 02:05:42 smithi094 ceph-mon[29736]: from='mgr.14120 172.21.15.94:0/1594135478' entity='mgr.x'
2024-05-09T02:05:42.952 INFO:journalctl@ceph.mon.a.smithi094.stdout:May 09 02:05:42 smithi094 ceph-mon[29736]: from='mgr.14120 172.21.15.94:0/1594135478' entity='mgr.x'
2024-05-09T02:05:43.952 INFO:journalctl@ceph.mon.a.smithi094.stdout:May 09 02:05:43 smithi094 ceph-mon[29736]: from='client.14138 -' entity='client.admin' cmd=[{"prefix": "cephadm get-pub-key", "target": ["mon-mgr", ""]}]: dispatch
2024-05-09T02:05:44.080 INFO:teuthology.orchestra.run.smithi094.stdout:/usr/bin/ceph: stdout ssh-rsa AAAAB3NzaC1yc2EAAAADAQABAAABgQDhwqqxX4D+ZObIjg/p/lhJHT3HS3um2hL+4mEdGpdnQ3VVPqIAD8s4AZS0316qOA0x4qCfpHqjaKcL3NpiyB3oyzKDTJkmfwVtdCRAn/hqyG+ZzHHtJDErseaqiD4IRicHAKul5AQH5zoFS+8v8NNQhAX2WwJjhkY2c+1EfShKonbOMXHbkUhqH4aLYY8P3SY5wvH67wTaXkB7VyHwbolkVMRwFv483DQ6c/sAcUO+514lh1AOebJdK1FA3Y/aQG1/RmH0OzVD3qF9Cm2wwqdVnBUXpudR4j2BFIqcVfeahNMxg9TpW4wHVtHPZnXaqEiOLr77HVbLGtOiYufsAi5ESz3iupvN5clfCHynSWxVKJqb6cLvuG4Fm1G5LHbu27nKt3hJNYyUbTkHCcx0vxJz+CMu64gmGr8A/RSHvuj/ZDXsVMxHDvWNHHwFG9MWiBWcCilUjNaJSjAh3b/29+vxj3YB2E8q71t+fmAqwqS1BzKr/GJVjoPYYOUrrTGDtnM= ceph-5eeb5474-0da8-11ef-bc97-c7b262605968
2024-05-09T02:05:44.080 INFO:teuthology.orchestra.run.smithi094.stdout:/usr/bin/ceph: stderr
2024-05-09T02:05:43.104+0000 7fc1d7200700 1 Processor -- start
2024-05-09T02:05:44.080 INFO:teuthology.orchestra.run.smithi094.stdout:/usr/bin/ceph: stderr
2024-05-09T02:05:43.104+0000 7fc1d7200700 1 -- start start
2024-05-09T02:05:44.080 INFO:teuthology.orchestra.run.smithi094.stdout:/usr/bin/ceph: stderr
2024-05-09T02:05:43.105+0000 7fc1d7200700 1 --2- >> [v2:172.21.15.94:3300/0,v1:172.21.15.94:6789/0] conn(0x7fc1d010bb20 0x7fc1d010bf30 unknown :-1 s=NONE pgs=0 cs=0 l=0 rev1=0 crypto rx=0 tx=0 comp rx=0 tx=0).connect
2024-05-09T02:05:44.080 INFO:teuthology.orchestra.run.smithi094.stdout:/usr/bin/ceph: stderr
2024-05-09T02:05:43.105+0000 7fc1d7200700 1 -- --> [v2:172.21.15.94:3300/0,v1:172.21.15.94:6789/0] -- mon_getmap magic: 0 -- 0x7fc1d010c520 con 0x7fc1d010bb20
2024-05-09T02:05:44.080 INFO:teuthology.orchestra.run.smithi094.stdout:/usr/bin/ceph: stderr
2024-05-09T02:05:43.105+0000 7fc1d5e00700 1 --2- >> [v2:172.21.15.94:3300/0,v1:172.21.15.94:6789/0] conn(0x7fc1d010bb20 0x7fc1d010bf30 unknown :-1 s=BANNER_CONNECTING pgs=0 cs=0 l=0 rev1=0 crypto rx=0 tx=0 comp rx=0 tx=0)._handle_peer_banner_payload supported=3 required=0
2024-05-09T02:05:44.080 INFO:teuthology.orchestra.run.smithi094.stdout:/usr/bin/ceph: stderr
2024-05-09T02:05:43.106+0000 7fc1d5e00700 1 --2- >> [v2:172.21.15.94:3300/0,v1:172.21.15.94:6789/0] conn(0x7fc1d010bb20 0x7fc1d010bf30 unknown :-1 s=HELLO_CONNECTING pgs=0 cs=0 l=0 rev1=1 crypto rx=0 tx=0 comp rx=0 tx=0).handle_hello peer v2:172.21.15.94:3300/0 says I am v2:172.21.15.94:46972/0 (socket says 172.21.15.94:46972)
2024-05-09T02:05:44.080 INFO:teuthology.orchestra.run.smithi094.stdout:/usr/bin/ceph: stderr
2024-05-09T02:05:43.106+0000 7fc1d5e00700 1 -- 172.21.15.94:0/1474702051 learned_addr learned my addr 172.21.15.94:0/1474702051 (peer_addr_for_me v2:172.21.15.94:0/0)
2024-05-09T02:05:44.080 INFO:teuthology.orchestra.run.smithi094.stdout:/usr/bin/ceph: stderr
2024-05-09T02:05:43.106+0000 7fc1d5e00700 1 -- 172.21.15.94:0/1474702051 --> [v2:172.21.15.94:3300/0,v1:172.21.15.94:6789/0] -- mon_subscribe({config=0+,monmap=0+}) -- 0x7fc1d010ccf0 con 0x7fc1d010bb20
2024-05-09T02:05:44.080 INFO:teuthology.orchestra.run.smithi094.stdout:/usr/bin/ceph: stderr
2024-05-09T02:05:43.106+0000 7fc1d5e00700 1 --2- 172.21.15.94:0/1474702051 >> [v2:172.21.15.94:3300/0,v1:172.21.15.94:6789/0] conn(0x7fc1d010bb20 0x7fc1d010bf30 secure :-1 s=READY pgs=43 cs=0 l=1 rev1=1 crypto rx=0x7fc1c40098a0 tx=0x7fc1c4009bb0 comp rx=0 tx=0).ready entity=mon.0 client_cookie=4a8da3568787cd93 server_cookie=0 in_seq=0 out_seq=0
2024-05-09T02:05:44.081 INFO:teuthology.orchestra.run.smithi094.stdout:/usr/bin/ceph: stderr
2024-05-09T02:05:43.107+0000 7fc1d4a00700 1 -- 172.21.15.94:0/1474702051 <== mon.0 v2:172.21.15.94:3300/0 1 ==== mon_map magic: 0 ==== 205+0+0 (secure 0 0 0) 0x7fc1c4004160 con 0x7fc1d010bb20
2024-05-09T02:05:44.081 INFO:teuthology.orchestra.run.smithi094.stdout:/usr/bin/ceph: stderr
2024-05-09T02:05:43.107+0000 7fc1d4a00700 1 -- 172.21.15.94:0/1474702051 <== mon.0 v2:172.21.15.94:3300/0 2 ==== config(26 keys) ==== 1070+0+0 (secure 0 0 0) 0x7fc1c4004300 con 0x7fc1d010bb20
2024-05-09T02:05:44.081 INFO:teuthology.orchestra.run.smithi094.stdout:/usr/bin/ceph: stderr
2024-05-09T02:05:43.107+0000 7fc1d4a00700 1 -- 172.21.15.94:0/1474702051 <== mon.0 v2:172.21.15.94:3300/0 3 ==== mon_map magic: 0 ==== 205+0+0 (secure 0 0 0) 0x7fc1c4011af0 con 0x7fc1d010bb20
2024-05-09T02:05:44.081 INFO:teuthology.orchestra.run.smithi094.stdout:/usr/bin/ceph: stderr
2024-05-09T02:05:43.108+0000 7fc1d7200700 1 -- 172.21.15.94:0/1474702051 >> [v2:172.21.15.94:3300/0,v1:172.21.15.94:6789/0] conn(0x7fc1d010bb20 msgr2=0x7fc1d010bf30 secure :-1 s=STATE_CONNECTION_ESTABLISHED l=1).mark_down
2024-05-09T02:05:44.081 INFO:teuthology.orchestra.run.smithi094.stdout:/usr/bin/ceph: stderr
2024-05-09T02:05:43.108+0000 7fc1d7200700 1 --2- 172.21.15.94:0/1474702051 >> [v2:172.21.15.94:3300/0,v1:172.21.15.94:6789/0] conn(0x7fc1d010bb20 0x7fc1d010bf30 secure :-1 s=READY pgs=43 cs=0 l=1 rev1=1 crypto rx=0x7fc1c40098a0 tx=0x7fc1c4009bb0 comp rx=0 tx=0).stop
2024-05-09T02:05:44.081 INFO:teuthology.orchestra.run.smithi094.stdout:/usr/bin/ceph: stderr
2024-05-09T02:05:43.108+0000 7fc1d7200700 1 -- 172.21.15.94:0/1474702051 shutdown_connections
2024-05-09T02:05:44.081 INFO:teuthology.orchestra.run.smithi094.stdout:/usr/bin/ceph: stderr
2024-05-09T02:05:43.108+0000 7fc1d7200700 1 --2- 172.21.15.94:0/1474702051 >> [v2:172.21.15.94:3300/0,v1:172.21.15.94:6789/0] conn(0x7fc1d010bb20 0x7fc1d010bf30 unknown :-1 s=CLOSED pgs=43 cs=0 l=1 rev1=1 crypto rx=0 tx=0 comp rx=0 tx=0).stop
2024-05-09T02:05:44.081 INFO:teuthology.orchestra.run.smithi094.stdout:/usr/bin/ceph: stderr
2024-05-09T02:05:43.108+0000 7fc1d7200700 1 -- 172.21.15.94:0/1474702051 >> 172.21.15.94:0/1474702051 conn(0x7fc1d007f080 msgr2=0x7fc1d0109d70 unknown :-1 s=STATE_NONE l=0).mark_down
2024-05-09T02:05:44.081 INFO:teuthology.orchestra.run.smithi094.stdout:/usr/bin/ceph: stderr
2024-05-09T02:05:43.108+0000 7fc1d7200700 1 -- 172.21.15.94:0/1474702051 shutdown_connections
2024-05-09T02:05:44.081 INFO:teuthology.orchestra.run.smithi094.stdout:/usr/bin/ceph: stderr
2024-05-09T02:05:43.108+0000 7fc1d7200700 1 -- 172.21.15.94:0/1474702051 wait complete.
2024-05-09T02:05:44.081 INFO:teuthology.orchestra.run.smithi094.stdout:/usr/bin/ceph: stderr
2024-05-09T02:05:43.109+0000 7fc1d7200700 1 Processor -- start
2024-05-09T02:05:44.081 INFO:teuthology.orchestra.run.smithi094.stdout:/usr/bin/ceph: stderr
2024-05-09T02:05:43.109+0000 7fc1d7200700 1 -- start start
2024-05-09T02:05:44.081 INFO:teuthology.orchestra.run.smithi094.stdout:/usr/bin/ceph: stderr
2024-05-09T02:05:43.110+0000 7fc1d7200700 1 --2- >> [v2:172.21.15.94:3300/0,v1:172.21.15.94:6789/0] conn(0x7fc1d010bb20 0x7fc1d01a0010 unknown :-1 s=NONE pgs=0 cs=0 l=1 rev1=0 crypto rx=0 tx=0 comp rx=0 tx=0).connect
2024-05-09T02:05:44.081 INFO:teuthology.orchestra.run.smithi094.stdout:/usr/bin/ceph: stderr
2024-05-09T02:05:43.110+0000 7fc1d7200700 1 -- --> [v2:172.21.15.94:3300/0,v1:172.21.15.94:6789/0] -- mon_getmap magic: 0 -- 0x7fc1d01100a0 con 0x7fc1d010bb20
2024-05-09T02:05:44.082 INFO:teuthology.orchestra.run.smithi094.stdout:/usr/bin/ceph: stderr
2024-05-09T02:05:43.110+0000 7fc1d5e00700 1 --2- >> [v2:172.21.15.94:3300/0,v1:172.21.15.94:6789/0] conn(0x7fc1d010bb20 0x7fc1d01a0010 unknown :-1 s=BANNER_CONNECTING pgs=0 cs=0 l=1 rev1=0 crypto rx=0 tx=0 comp rx=0 tx=0)._handle_peer_banner_payload supported=3 required=0
2024-05-09T02:05:44.082 INFO:teuthology.orchestra.run.smithi094.stdout:/usr/bin/ceph: stderr
2024-05-09T02:05:43.110+0000 7fc1d5e00700 1 --2- >> [v2:172.21.15.94:3300/0,v1:172.21.15.94:6789/0] conn(0x7fc1d010bb20 0x7fc1d01a0010 unknown :-1 s=HELLO_CONNECTING pgs=0 cs=0 l=1 rev1=1 crypto rx=0 tx=0 comp rx=0 tx=0).handle_hello peer v2:172.21.15.94:3300/0 says I am v2:172.21.15.94:46986/0 (socket says 172.21.15.94:46986)
2024-05-09T02:05:44.082 INFO:teuthology.orchestra.run.smithi094.stdout:/usr/bin/ceph: stderr
2024-05-09T02:05:43.110+0000 7fc1d5e00700 1 -- 172.21.15.94:0/259234262 learned_addr learned my addr 172.21.15.94:0/259234262 (peer_addr_for_me v2:172.21.15.94:0/0)
2024-05-09T02:05:44.082 INFO:teuthology.orchestra.run.smithi094.stdout:/usr/bin/ceph: stderr
2024-05-09T02:05:43.110+0000 7fc1d5e00700 1 -- 172.21.15.94:0/259234262 --> [v2:172.21.15.94:3300/0,v1:172.21.15.94:6789/0] -- mon_subscribe({config=0+,monmap=0+}) -- 0x7fc1d01a0550 con 0x7fc1d010bb20
2024-05-09T02:05:44.082 INFO:teuthology.orchestra.run.smithi094.stdout:/usr/bin/ceph: stderr
2024-05-09T02:05:43.111+0000 7fc1d5e00700 1 --2- 172.21.15.94:0/259234262 >> [v2:172.21.15.94:3300/0,v1:172.21.15.94:6789/0] conn(0x7fc1d010bb20 0x7fc1d01a0010 secure :-1 s=READY pgs=44 cs=0 l=1 rev1=1 crypto rx=0x7fc1c4011670 tx=0x7fc1c4004280 comp rx=0 tx=0).ready entity=mon.0 client_cookie=0 server_cookie=0 in_seq=0 out_seq=0
2024-05-09T02:05:44.082 INFO:teuthology.orchestra.run.smithi094.stdout:/usr/bin/ceph: stderr
2024-05-09T02:05:43.111+0000 7fc1caa00700 1 -- 172.21.15.94:0/259234262 <== mon.0 v2:172.21.15.94:3300/0 1 ==== mon_map magic: 0 ==== 205+0+0 (secure 0 0 0) 0x7fc1c40036a0 con 0x7fc1d010bb20
2024-05-09T02:05:44.082 INFO:teuthology.orchestra.run.smithi094.stdout:/usr/bin/ceph: stderr
2024-05-09T02:05:43.111+0000 7fc1caa00700 1 -- 172.21.15.94:0/259234262 <== mon.0 v2:172.21.15.94:3300/0 2 ==== config(26 keys) ==== 1070+0+0 (secure 0 0 0) 0x7fc1c4003cd0 con 0x7fc1d010bb20
2024-05-09T02:05:44.082 INFO:teuthology.orchestra.run.smithi094.stdout:/usr/bin/ceph: stderr
2024-05-09T02:05:43.111+0000 7fc1d7200700 1 -- 172.21.15.94:0/259234262 --> [v2:172.21.15.94:3300/0,v1:172.21.15.94:6789/0] -- mon_subscribe({mgrmap=0+}) -- 0x7fc1d01a07e0 con 0x7fc1d010bb20
2024-05-09T02:05:44.084 INFO:teuthology.orchestra.run.smithi094.stdout:/usr/bin/ceph: stderr
2024-05-09T02:05:43.111+0000 7fc1caa00700 1 -- 172.21.15.94:0/259234262 <== mon.0 v2:172.21.15.94:3300/0 3 ==== mon_map magic: 0 ==== 205+0+0 (secure 0 0 0) 0x7fc1c40193c0 con 0x7fc1d010bb20
2024-05-09T02:05:44.084 INFO:teuthology.orchestra.run.smithi094.stdout:/usr/bin/ceph: stderr
2024-05-09T02:05:43.111+0000 7fc1d7200700 1 -- 172.21.15.94:0/259234262 --> [v2:172.21.15.94:3300/0,v1:172.21.15.94:6789/0] -- mon_subscribe({osdmap=0}) -- 0x7fc1d01a33f0 con 0x7fc1d010bb20
2024-05-09T02:05:44.085 INFO:teuthology.orchestra.run.smithi094.stdout:/usr/bin/ceph: stderr
2024-05-09T02:05:43.112+0000 7fc1d7200700 1 -- 172.21.15.94:0/259234262 --> [v2:172.21.15.94:3300/0,v1:172.21.15.94:6789/0] -- mon_command({"prefix": "get_command_descriptions"} v 0) -- 0x7fc1d0064e20 con 0x7fc1d010bb20
2024-05-09T02:05:44.085 INFO:teuthology.orchestra.run.smithi094.stdout:/usr/bin/ceph: stderr
2024-05-09T02:05:43.113+0000 7fc1caa00700 1 -- 172.21.15.94:0/259234262 <== mon.0 v2:172.21.15.94:3300/0 4 ==== mgrmap(e 8) ==== 50222+0+0 (secure 0 0 0) 0x7fc1c401a6c0 con 0x7fc1d010bb20
2024-05-09T02:05:44.085 INFO:teuthology.orchestra.run.smithi094.stdout:/usr/bin/ceph: stderr
2024-05-09T02:05:43.113+0000 7fc1caa00700 1 --2- 172.21.15.94:0/259234262 >> [v2:172.21.15.94:6800/2068370295,v1:172.21.15.94:6801/2068370295] conn(0x7fc1b803e420 0x7fc1b8040930 unknown :-1 s=NONE pgs=0 cs=0 l=1 rev1=0 crypto rx=0 tx=0 comp rx=0 tx=0).connect
2024-05-09T02:05:44.085 INFO:teuthology.orchestra.run.smithi094.stdout:/usr/bin/ceph: stderr
2024-05-09T02:05:43.113+0000 7fc1caa00700 1 -- 172.21.15.94:0/259234262 <== mon.0 v2:172.21.15.94:3300/0 5 ==== osd_map(2..2 src has 1..2) ==== 940+0+0 (secure 0 0 0) 0x7fc1c4053770 con 0x7fc1d010bb20
2024-05-09T02:05:44.085 INFO:teuthology.orchestra.run.smithi094.stdout:/usr/bin/ceph: stderr
2024-05-09T02:05:43.113+0000 7fc1d5400700 1 --2- 172.21.15.94:0/259234262 >> [v2:172.21.15.94:6800/2068370295,v1:172.21.15.94:6801/2068370295] conn(0x7fc1b803e420 0x7fc1b8040930 unknown :-1 s=BANNER_CONNECTING pgs=0 cs=0 l=1 rev1=0 crypto rx=0 tx=0 comp rx=0 tx=0)._handle_peer_banner_payload supported=3 required=0
2024-05-09T02:05:44.085 INFO:teuthology.orchestra.run.smithi094.stdout:/usr/bin/ceph: stderr
2024-05-09T02:05:43.114+0000 7fc1d5400700 1 --2- 172.21.15.94:0/259234262 >> [v2:172.21.15.94:6800/2068370295,v1:172.21.15.94:6801/2068370295] conn(0x7fc1b803e420 0x7fc1b8040930 secure :-1 s=READY pgs=10 cs=0 l=1 rev1=1 crypto rx=0x7fc1c0006fd0 tx=0x7fc1c0006e40 comp rx=0 tx=0).ready entity=mgr.14120 client_cookie=0 server_cookie=0 in_seq=0 out_seq=0
2024-05-09T02:05:44.085 INFO:teuthology.orchestra.run.smithi094.stdout:/usr/bin/ceph: stderr
2024-05-09T02:05:43.120+0000 7fc1caa00700 1 -- 172.21.15.94:0/259234262 <== mon.0 v2:172.21.15.94:3300/0 6 ==== mon_command_ack([{"prefix": "get_command_descriptions"}]=0 v0) ==== 72+0+191963 (secure 0 0 0) 0x7fc1c4023e00 con 0x7fc1d010bb20
2024-05-09T02:05:44.085 INFO:teuthology.orchestra.run.smithi094.stdout:/usr/bin/ceph: stderr
2024-05-09T02:05:43.351+0000 7fc1d7200700 1 -- 172.21.15.94:0/259234262 --> [v2:172.21.15.94:6800/2068370295,v1:172.21.15.94:6801/2068370295] -- mgr_command(tid 0: {"prefix": "cephadm get-pub-key", "target": ["mon-mgr", ""]}) -- 0x7fc1d0109a50 con 0x7fc1b803e420
2024-05-09T02:05:44.085 INFO:teuthology.orchestra.run.smithi094.stdout:/usr/bin/ceph: stderr
2024-05-09T02:05:43.352+0000 7fc1caa00700 1 -- 172.21.15.94:0/259234262 <== mgr.14120 v2:172.21.15.94:6800/2068370295 1 ==== mgr_command_reply(tid 0: 0 ) ==== 8+0+595 (secure 0 0 0) 0x7fc1d0109a50 con 0x7fc1b803e420
2024-05-09T02:05:44.085 INFO:teuthology.orchestra.run.smithi094.stdout:/usr/bin/ceph: stderr
2024-05-09T02:05:43.355+0000 7fc1d7200700 1 -- 172.21.15.94:0/259234262 >> [v2:172.21.15.94:6800/2068370295,v1:172.21.15.94:6801/2068370295] conn(0x7fc1b803e420 msgr2=0x7fc1b8040930 secure :-1 s=STATE_CONNECTION_ESTABLISHED l=1).mark_down
2024-05-09T02:05:44.085 INFO:teuthology.orchestra.run.smithi094.stdout:/usr/bin/ceph: stderr
2024-05-09T02:05:43.355+0000 7fc1d7200700 1 --2- 172.21.15.94:0/259234262 >> [v2:172.21.15.94:6800/2068370295,v1:172.21.15.94:6801/2068370295] conn(0x7fc1b803e420 0x7fc1b8040930 secure :-1 s=READY pgs=10 cs=0 l=1 rev1=1 crypto rx=0x7fc1c0006fd0 tx=0x7fc1c0006e40 comp rx=0 tx=0).stop
2024-05-09T02:05:44.085 INFO:teuthology.orchestra.run.smithi094.stdout:/usr/bin/ceph: stderr
2024-05-09T02:05:43.355+0000 7fc1d7200700 1 -- 172.21.15.94:0/259234262 >> [v2:172.21.15.94:3300/0,v1:172.21.15.94:6789/0] conn(0x7fc1d010bb20 msgr2=0x7fc1d01a0010 secure :-1 s=STATE_CONNECTION_ESTABLISHED l=1).mark_down
2024-05-09T02:05:44.086 INFO:teuthology.orchestra.run.smithi094.stdout:/usr/bin/ceph: stderr
2024-05-09T02:05:43.355+0000 7fc1d7200700 1 --2- 172.21.15.94:0/259234262 >> [v2:172.21.15.94:3300/0,v1:172.21.15.94:6789/0] conn(0x7fc1d010bb20 0x7fc1d01a0010 secure :-1 s=READY pgs=44 cs=0 l=1 rev1=1 crypto rx=0x7fc1c4011670 tx=0x7fc1c4004280 comp rx=0 tx=0).stop
2024-05-09T02:05:44.086 INFO:teuthology.orchestra.run.smithi094.stdout:/usr/bin/ceph: stderr
2024-05-09T02:05:43.356+0000 7fc1d7200700 1 -- 172.21.15.94:0/259234262 shutdown_connections
2024-05-09T02:05:44.086 INFO:teuthology.orchestra.run.smithi094.stdout:/usr/bin/ceph: stderr
2024-05-09T02:05:43.356+0000 7fc1d7200700 1 --2- 172.21.15.94:0/259234262 >> [v2:172.21.15.94:6800/2068370295,v1:172.21.15.94:6801/2068370295] conn(0x7fc1b803e420 0x7fc1b8040930 unknown :-1 s=CLOSED pgs=10 cs=0 l=1 rev1=1 crypto rx=0 tx=0 comp rx=0 tx=0).stop
2024-05-09T02:05:44.086 INFO:teuthology.orchestra.run.smithi094.stdout:/usr/bin/ceph: stderr
2024-05-09T02:05:43.356+0000 7fc1d7200700 1 --2- 172.21.15.94:0/259234262 >> [v2:172.21.15.94:3300/0,v1:172.21.15.94:6789/0] conn(0x7fc1d010bb20 0x7fc1d01a0010 unknown :-1 s=CLOSED pgs=44 cs=0 l=1 rev1=1 crypto rx=0 tx=0 comp rx=0 tx=0).stop
2024-05-09T02:05:44.086 INFO:teuthology.orchestra.run.smithi094.stdout:/usr/bin/ceph: stderr
2024-05-09T02:05:43.356+0000 7fc1d7200700 1 -- 172.21.15.94:0/259234262 >> 172.21.15.94:0/259234262 conn(0x7fc1d007f080 msgr2=0x7fc1d01092c0 unknown :-1 s=STATE_NONE l=0).mark_down
2024-05-09T02:05:44.086 INFO:teuthology.orchestra.run.smithi094.stdout:/usr/bin/ceph: stderr
2024-05-09T02:05:43.356+0000 7fc1d7200700 1 -- 172.21.15.94:0/259234262 shutdown_connections
2024-05-09T02:05:44.086 INFO:teuthology.orchestra.run.smithi094.stdout:/usr/bin/ceph: stderr
2024-05-09T02:05:43.356+0000 7fc1d7200700 1 -- 172.21.15.94:0/259234262 wait complete.
2024-05-09T02:05:44.086 INFO:teuthology.orchestra.run.smithi094.stdout:Wrote public SSH key to /home/ubuntu/cephtest/ceph.pub
2024-05-09T02:05:44.086 INFO:teuthology.orchestra.run.smithi094.stdout:Adding key to root@localhost authorized_keys...
2024-05-09T02:05:44.086 INFO:teuthology.orchestra.run.smithi094.stdout:Adding host smithi094...
2024-05-09T02:05:45.952 INFO:journalctl@ceph.mon.a.smithi094.stdout:May 09 02:05:45 smithi094 ceph-mon[29736]: from='client.14140 -' entity='client.admin' cmd=[{"prefix": "orch host add", "hostname": "smithi094", "addr": "172.21.15.94", "target": ["mon-mgr", ""]}]: dispatch
2024-05-09T02:05:46.868 INFO:journalctl@ceph.mon.a.smithi094.stdout:May 09 02:05:46 smithi094 ceph-mon[29736]: Deploying cephadm binary to smithi094
2024-05-09T02:05:51.771 INFO:teuthology.orchestra.run.smithi094.stdout:/usr/bin/ceph: stdout Added host 'smithi094' with addr '172.21.15.94'
2024-05-09T02:05:51.771 INFO:teuthology.orchestra.run.smithi094.stdout:/usr/bin/ceph: stderr
2024-05-09T02:05:44.799+0000 7f4da3c00700 1 Processor -- start
2024-05-09T02:05:51.773 INFO:teuthology.orchestra.run.smithi094.stdout:/usr/bin/ceph: stderr
2024-05-09T02:05:44.799+0000 7f4da3c00700 1 -- start start
2024-05-09T02:05:51.773 INFO:teuthology.orchestra.run.smithi094.stdout:/usr/bin/ceph: stderr
2024-05-09T02:05:44.800+0000 7f4da3c00700 1 --2- >> [v2:172.21.15.94:3300/0,v1:172.21.15.94:6789/0] conn(0x7f4d9c10a580 0x7f4d9c10c9a0 unknown :-1 s=NONE pgs=0 cs=0 l=0 rev1=0 crypto rx=0 tx=0 comp rx=0 tx=0).connect
2024-05-09T02:05:51.773 INFO:teuthology.orchestra.run.smithi094.stdout:/usr/bin/ceph: stderr
2024-05-09T02:05:44.800+0000 7f4da3c00700 1 -- --> [v2:172.21.15.94:3300/0,v1:172.21.15.94:6789/0] -- mon_getmap magic: 0 -- 0x7f4d9c07ce90 con 0x7f4d9c10a580
2024-05-09T02:05:51.773 INFO:teuthology.orchestra.run.smithi094.stdout:/usr/bin/ceph: stderr
2024-05-09T02:05:44.800+0000 7f4da1200700 1 --2- >> [v2:172.21.15.94:3300/0,v1:172.21.15.94:6789/0] conn(0x7f4d9c10a580 0x7f4d9c10c9a0 unknown :-1 s=BANNER_CONNECTING pgs=0 cs=0 l=0 rev1=0 crypto rx=0 tx=0 comp rx=0 tx=0)._handle_peer_banner_payload supported=3 required=0
2024-05-09T02:05:51.773 INFO:teuthology.orchestra.run.smithi094.stdout:/usr/bin/ceph: stderr
2024-05-09T02:05:44.800+0000 7f4da1200700 1 --2- >> [v2:172.21.15.94:3300/0,v1:172.21.15.94:6789/0] conn(0x7f4d9c10a580 0x7f4d9c10c9a0 unknown :-1 s=HELLO_CONNECTING pgs=0 cs=0 l=0 rev1=1 crypto rx=0 tx=0 comp rx=0 tx=0).handle_hello peer v2:172.21.15.94:3300/0 says I am v2:172.21.15.94:46992/0 (socket says 172.21.15.94:46992)
2024-05-09T02:05:51.773 INFO:teuthology.orchestra.run.smithi094.stdout:/usr/bin/ceph: stderr
2024-05-09T02:05:44.800+0000 7f4da1200700 1 -- 172.21.15.94:0/3001132449 learned_addr learned my addr 172.21.15.94:0/3001132449 (peer_addr_for_me v2:172.21.15.94:0/0)
2024-05-09T02:05:51.773 INFO:teuthology.orchestra.run.smithi094.stdout:/usr/bin/ceph: stderr
2024-05-09T02:05:44.801+0000 7f4da1200700 1 -- 172.21.15.94:0/3001132449 --> [v2:172.21.15.94:3300/0,v1:172.21.15.94:6789/0] -- mon_subscribe({config=0+,monmap=0+}) -- 0x7f4d9c10cee0 con 0x7f4d9c10a580
2024-05-09T02:05:51.773 INFO:teuthology.orchestra.run.smithi094.stdout:/usr/bin/ceph: stderr
2024-05-09T02:05:44.801+0000 7f4da1200700 1 --2- 172.21.15.94:0/3001132449 >> [v2:172.21.15.94:3300/0,v1:172.21.15.94:6789/0] conn(0x7f4d9c10a580 0x7f4d9c10c9a0 secure :-1 s=READY pgs=45 cs=0 l=1 rev1=1 crypto rx=0x7f4d900098a0 tx=0x7f4d90009bb0 comp rx=0 tx=0).ready entity=mon.0 client_cookie=e4010612ee6af4db server_cookie=0 in_seq=0 out_seq=0
2024-05-09T02:05:51.773 INFO:teuthology.orchestra.run.smithi094.stdout:/usr/bin/ceph: stderr
2024-05-09T02:05:44.801+0000 7f4d9b400700 1 -- 172.21.15.94:0/3001132449 <== mon.0 v2:172.21.15.94:3300/0 1 ==== mon_map magic: 0 ==== 205+0+0 (secure 0 0 0) 0x7f4d90004160 con 0x7f4d9c10a580
2024-05-09T02:05:51.773 INFO:teuthology.orchestra.run.smithi094.stdout:/usr/bin/ceph: stderr
2024-05-09T02:05:44.802+0000 7f4d9b400700 1 -- 172.21.15.94:0/3001132449 <== mon.0 v2:172.21.15.94:3300/0 2 ==== config(26 keys) ==== 1070+0+0 (secure 0 0 0) 0x7f4d90004300 con 0x7f4d9c10a580
2024-05-09T02:05:51.773 INFO:teuthology.orchestra.run.smithi094.stdout:/usr/bin/ceph: stderr
2024-05-09T02:05:44.802+0000 7f4d9b400700 1 -- 172.21.15.94:0/3001132449 <== mon.0 v2:172.21.15.94:3300/0 3 ==== mon_map magic: 0 ==== 205+0+0 (secure 0 0 0) 0x7f4d90011af0 con 0x7f4d9c10a580
2024-05-09T02:05:51.774 INFO:teuthology.orchestra.run.smithi094.stdout:/usr/bin/ceph: stderr
2024-05-09T02:05:44.802+0000 7f4da3c00700 1 -- 172.21.15.94:0/3001132449 >> [v2:172.21.15.94:3300/0,v1:172.21.15.94:6789/0] conn(0x7f4d9c10a580 msgr2=0x7f4d9c10c9a0 secure :-1 s=STATE_CONNECTION_ESTABLISHED l=1).mark_down
2024-05-09T02:05:51.774 INFO:teuthology.orchestra.run.smithi094.stdout:/usr/bin/ceph: stderr
2024-05-09T02:05:44.802+0000 7f4da3c00700 1 --2- 172.21.15.94:0/3001132449 >> [v2:172.21.15.94:3300/0,v1:172.21.15.94:6789/0] conn(0x7f4d9c10a580 0x7f4d9c10c9a0 secure :-1 s=READY pgs=45 cs=0 l=1 rev1=1 crypto rx=0x7f4d900098a0 tx=0x7f4d90009bb0 comp rx=0 tx=0).stop
2024-05-09T02:05:51.774 INFO:teuthology.orchestra.run.smithi094.stdout:/usr/bin/ceph: stderr
2024-05-09T02:05:44.803+0000 7f4da3c00700 1 -- 172.21.15.94:0/3001132449 shutdown_connections
2024-05-09T02:05:51.774 INFO:teuthology.orchestra.run.smithi094.stdout:/usr/bin/ceph: stderr
2024-05-09T02:05:44.803+0000 7f4da3c00700 1 --2- 172.21.15.94:0/3001132449 >> [v2:172.21.15.94:3300/0,v1:172.21.15.94:6789/0] conn(0x7f4d9c10a580 0x7f4d9c10c9a0 unknown :-1 s=CLOSED pgs=45 cs=0 l=1 rev1=1 crypto rx=0 tx=0 comp rx=0 tx=0).stop
2024-05-09T02:05:51.777 INFO:teuthology.orchestra.run.smithi094.stdout:/usr/bin/ceph: stderr
2024-05-09T02:05:44.803+0000 7f4da3c00700 1 -- 172.21.15.94:0/3001132449 >> 172.21.15.94:0/3001132449 conn(0x7f4d9c103fe0 msgr2=0x7f4d9c106490 unknown :-1 s=STATE_NONE l=0).mark_down
2024-05-09T02:05:51.777 INFO:teuthology.orchestra.run.smithi094.stdout:/usr/bin/ceph: stderr
2024-05-09T02:05:44.803+0000 7f4da3c00700 1 -- 172.21.15.94:0/3001132449 shutdown_connections
2024-05-09T02:05:51.778 INFO:teuthology.orchestra.run.smithi094.stdout:/usr/bin/ceph: stderr
2024-05-09T02:05:44.803+0000 7f4da3c00700 1 -- 172.21.15.94:0/3001132449 wait complete.
2024-05-09T02:05:51.778 INFO:teuthology.orchestra.run.smithi094.stdout:/usr/bin/ceph: stderr
2024-05-09T02:05:44.804+0000 7f4da3c00700 1 Processor -- start
2024-05-09T02:05:51.778 INFO:teuthology.orchestra.run.smithi094.stdout:/usr/bin/ceph: stderr
2024-05-09T02:05:44.804+0000 7f4da3c00700 1 -- start start
2024-05-09T02:05:51.778 INFO:teuthology.orchestra.run.smithi094.stdout:/usr/bin/ceph: stderr
2024-05-09T02:05:44.805+0000 7f4da3c00700 1 --2- >> [v2:172.21.15.94:3300/0,v1:172.21.15.94:6789/0] conn(0x7f4d9c10a580 0x7f4d9c19df70 unknown :-1 s=NONE pgs=0 cs=0 l=1 rev1=0 crypto rx=0 tx=0 comp rx=0 tx=0).connect
2024-05-09T02:05:51.778 INFO:teuthology.orchestra.run.smithi094.stdout:/usr/bin/ceph: stderr
2024-05-09T02:05:44.805+0000 7f4da3c00700 1 -- --> [v2:172.21.15.94:3300/0,v1:172.21.15.94:6789/0] -- mon_getmap magic: 0 -- 0x7f4d9c10dea0 con 0x7f4d9c10a580
2024-05-09T02:05:51.778 INFO:teuthology.orchestra.run.smithi094.stdout:/usr/bin/ceph: stderr
2024-05-09T02:05:44.805+0000 7f4da1200700 1 --2- >> [v2:172.21.15.94:3300/0,v1:172.21.15.94:6789/0] conn(0x7f4d9c10a580 0x7f4d9c19df70 unknown :-1 s=BANNER_CONNECTING pgs=0 cs=0 l=1 rev1=0 crypto rx=0 tx=0 comp rx=0 tx=0)._handle_peer_banner_payload supported=3 required=0
2024-05-09T02:05:51.778 INFO:teuthology.orchestra.run.smithi094.stdout:/usr/bin/ceph: stderr
2024-05-09T02:05:44.805+0000 7f4da1200700 1 --2- >> [v2:172.21.15.94:3300/0,v1:172.21.15.94:6789/0] conn(0x7f4d9c10a580 0x7f4d9c19df70 unknown :-1 s=HELLO_CONNECTING pgs=0 cs=0 l=1 rev1=1 crypto rx=0 tx=0 comp rx=0 tx=0).handle_hello peer v2:172.21.15.94:3300/0 says I am v2:172.21.15.94:47006/0 (socket says 172.21.15.94:47006)
2024-05-09T02:05:51.778 INFO:teuthology.orchestra.run.smithi094.stdout:/usr/bin/ceph: stderr
2024-05-09T02:05:44.805+0000 7f4da1200700 1 -- 172.21.15.94:0/1690878958 learned_addr learned my addr 172.21.15.94:0/1690878958 (peer_addr_for_me v2:172.21.15.94:0/0)
2024-05-09T02:05:51.778 INFO:teuthology.orchestra.run.smithi094.stdout:/usr/bin/ceph: stderr
2024-05-09T02:05:44.806+0000 7f4da1200700 1 -- 172.21.15.94:0/1690878958 --> [v2:172.21.15.94:3300/0,v1:172.21.15.94:6789/0] -- mon_subscribe({config=0+,monmap=0+}) -- 0x7f4d9c19e4b0 con 0x7f4d9c10a580
2024-05-09T02:05:51.778 INFO:teuthology.orchestra.run.smithi094.stdout:/usr/bin/ceph: stderr
2024-05-09T02:05:44.806+0000 7f4da1200700 1 --2- 172.21.15.94:0/1690878958 >> [v2:172.21.15.94:3300/0,v1:172.21.15.94:6789/0] conn(0x7f4d9c10a580 0x7f4d9c19df70 secure :-1 s=READY pgs=46 cs=0 l=1 rev1=1 crypto rx=0x7f4d900117b0 tx=0x7f4d90011b70 comp rx=0 tx=0).ready entity=mon.0 client_cookie=0 server_cookie=0 in_seq=0 out_seq=0
2024-05-09T02:05:51.778 INFO:teuthology.orchestra.run.smithi094.stdout:/usr/bin/ceph: stderr
2024-05-09T02:05:44.806+0000 7f4d99600700 1 -- 172.21.15.94:0/1690878958 <== mon.0 v2:172.21.15.94:3300/0 1 ==== mon_map magic: 0 ==== 205+0+0 (secure 0 0 0) 0x7f4d900039c0 con 0x7f4d9c10a580
2024-05-09T02:05:51.778 INFO:teuthology.orchestra.run.smithi094.stdout:/usr/bin/ceph: stderr
2024-05-09T02:05:44.806+0000 7f4d99600700 1 -- 172.21.15.94:0/1690878958 <== mon.0 v2:172.21.15.94:3300/0 2 ==== config(26 keys) ==== 1070+0+0 (secure 0 0 0) 0x7f4d90003b60 con 0x7f4d9c10a580
2024-05-09T02:05:51.778 INFO:teuthology.orchestra.run.smithi094.stdout:/usr/bin/ceph: stderr
2024-05-09T02:05:44.806+0000 7f4da3c00700 1 -- 172.21.15.94:0/1690878958 --> [v2:172.21.15.94:3300/0,v1:172.21.15.94:6789/0] -- mon_subscribe({mgrmap=0+}) -- 0x7f4d9c19e740 con 0x7f4d9c10a580
2024-05-09T02:05:51.779 INFO:teuthology.orchestra.run.smithi094.stdout:/usr/bin/ceph: stderr
2024-05-09T02:05:44.806+0000 7f4d99600700 1 -- 172.21.15.94:0/1690878958 <== mon.0 v2:172.21.15.94:3300/0 3 ==== mon_map magic: 0 ==== 205+0+0 (secure 0 0 0) 0x7f4d900196a0 con 0x7f4d9c10a580
2024-05-09T02:05:51.779 INFO:teuthology.orchestra.run.smithi094.stdout:/usr/bin/ceph: stderr
2024-05-09T02:05:44.807+0000 7f4da3c00700 1 -- 172.21.15.94:0/1690878958 --> [v2:172.21.15.94:3300/0,v1:172.21.15.94:6789/0] -- mon_subscribe({osdmap=0}) -- 0x7f4d9c1a1350 con 0x7f4d9c10a580
2024-05-09T02:05:51.779 INFO:teuthology.orchestra.run.smithi094.stdout:/usr/bin/ceph: stderr
2024-05-09T02:05:44.808+0000 7f4d99600700 1 -- 172.21.15.94:0/1690878958 <== mon.0 v2:172.21.15.94:3300/0 4 ==== mgrmap(e 8) ==== 50222+0+0 (secure 0 0 0) 0x7f4d90019910 con 0x7f4d9c10a580
2024-05-09T02:05:51.779 INFO:teuthology.orchestra.run.smithi094.stdout:/usr/bin/ceph: stderr
2024-05-09T02:05:44.808+0000 7f4da3c00700 1 -- 172.21.15.94:0/1690878958 --> [v2:172.21.15.94:3300/0,v1:172.21.15.94:6789/0] -- mon_command({"prefix": "get_command_descriptions"} v 0) -- 0x7f4d9c064e20 con 0x7f4d9c10a580
2024-05-09T02:05:51.779 INFO:teuthology.orchestra.run.smithi094.stdout:/usr/bin/ceph: stderr
2024-05-09T02:05:44.808+0000 7f4d99600700 1 --2- 172.21.15.94:0/1690878958 >> [v2:172.21.15.94:6800/2068370295,v1:172.21.15.94:6801/2068370295] conn(0x7f4d8403e4c0 0x7f4d840409d0 unknown :-1 s=NONE pgs=0 cs=0 l=1 rev1=0 crypto rx=0 tx=0 comp rx=0 tx=0).connect
2024-05-09T02:05:51.779 INFO:teuthology.orchestra.run.smithi094.stdout:/usr/bin/ceph: stderr
2024-05-09T02:05:44.808+0000 7f4d99600700 1 -- 172.21.15.94:0/1690878958 <== mon.0 v2:172.21.15.94:3300/0 5 ==== osd_map(2..2 src has 1..2) ==== 940+0+0 (secure 0 0 0) 0x7f4d90053ac0 con 0x7f4d9c10a580
2024-05-09T02:05:51.779 INFO:teuthology.orchestra.run.smithi094.stdout:/usr/bin/ceph: stderr
2024-05-09T02:05:44.809+0000 7f4d9be00700 1 --2- 172.21.15.94:0/1690878958 >> [v2:172.21.15.94:6800/2068370295,v1:172.21.15.94:6801/2068370295] conn(0x7f4d8403e4c0 0x7f4d840409d0 unknown :-1 s=BANNER_CONNECTING pgs=0 cs=0 l=1 rev1=0 crypto rx=0 tx=0 comp rx=0 tx=0)._handle_peer_banner_payload supported=3 required=0
2024-05-09T02:05:51.779 INFO:teuthology.orchestra.run.smithi094.stdout:/usr/bin/ceph: stderr
2024-05-09T02:05:44.809+0000 7f4d9be00700 1 --2- 172.21.15.94:0/1690878958 >> [v2:172.21.15.94:6800/2068370295,v1:172.21.15.94:6801/2068370295] conn(0x7f4d8403e4c0 0x7f4d840409d0 secure :-1 s=READY pgs=11 cs=0 l=1 rev1=1 crypto rx=0x7f4d88006fd0 tx=0x7f4d88006e40 comp rx=0 tx=0).ready entity=mgr.14120 client_cookie=0 server_cookie=0 in_seq=0 out_seq=0
2024-05-09T02:05:51.779 INFO:teuthology.orchestra.run.smithi094.stdout:/usr/bin/ceph: stderr
2024-05-09T02:05:44.814+0000 7f4d99600700 1 -- 172.21.15.94:0/1690878958 <== mon.0 v2:172.21.15.94:3300/0 6 ==== mon_command_ack([{"prefix": "get_command_descriptions"}]=0 v0) ==== 72+0+191963 (secure 0 0 0) 0x7f4d90017e90 con 0x7f4d9c10a580
2024-05-09T02:05:51.779 INFO:teuthology.orchestra.run.smithi094.stdout:/usr/bin/ceph: stderr
2024-05-09T02:05:45.042+0000 7f4da3c00700 1 -- 172.21.15.94:0/1690878958 --> [v2:172.21.15.94:6800/2068370295,v1:172.21.15.94:6801/2068370295] -- mgr_command(tid 0: {"prefix": "orch host add", "hostname": "smithi094", "addr": "172.21.15.94", "target": ["mon-mgr", ""]}) -- 0x7f4d9c105220 con 0x7f4d8403e4c0
2024-05-09T02:05:51.779 INFO:teuthology.orchestra.run.smithi094.stdout:/usr/bin/ceph: stderr
2024-05-09T02:05:50.993+0000 7f4d99600700 1 -- 172.21.15.94:0/1690878958 <== mgr.14120 v2:172.21.15.94:6800/2068370295 1 ==== mgr_command_reply(tid 0: 0 ) ==== 8+0+48 (secure 0 0 0) 0x7f4d9c105220 con 0x7f4d8403e4c0
2024-05-09T02:05:51.779 INFO:teuthology.orchestra.run.smithi094.stdout:/usr/bin/ceph: stderr
2024-05-09T02:05:50.997+0000 7f4da3c00700 1 -- 172.21.15.94:0/1690878958 >> [v2:172.21.15.94:6800/2068370295,v1:172.21.15.94:6801/2068370295] conn(0x7f4d8403e4c0 msgr2=0x7f4d840409d0 secure :-1 s=STATE_CONNECTION_ESTABLISHED l=1).mark_down
2024-05-09T02:05:51.779 INFO:teuthology.orchestra.run.smithi094.stdout:/usr/bin/ceph: stderr
2024-05-09T02:05:50.997+0000 7f4da3c00700 1 --2- 172.21.15.94:0/1690878958 >> [v2:172.21.15.94:6800/2068370295,v1:172.21.15.94:6801/2068370295] conn(0x7f4d8403e4c0 0x7f4d840409d0 secure :-1 s=READY pgs=11 cs=0 l=1 rev1=1 crypto rx=0x7f4d88006fd0 tx=0x7f4d88006e40 comp rx=0 tx=0).stop
2024-05-09T02:05:51.779 INFO:teuthology.orchestra.run.smithi094.stdout:/usr/bin/ceph: stderr
2024-05-09T02:05:50.997+0000 7f4da3c00700 1 -- 172.21.15.94:0/1690878958 >> [v2:172.21.15.94:3300/0,v1:172.21.15.94:6789/0] conn(0x7f4d9c10a580 msgr2=0x7f4d9c19df70 secure :-1 s=STATE_CONNECTION_ESTABLISHED l=1).mark_down
2024-05-09T02:05:51.779 INFO:teuthology.orchestra.run.smithi094.stdout:/usr/bin/ceph: stderr
2024-05-09T02:05:50.997+0000 7f4da3c00700 1 --2- 172.21.15.94:0/1690878958 >> [v2:172.21.15.94:3300/0,v1:172.21.15.94:6789/0] conn(0x7f4d9c10a580 0x7f4d9c19df70 secure :-1 s=READY pgs=46 cs=0 l=1 rev1=1 crypto rx=0x7f4d900117b0 tx=0x7f4d90011b70 comp rx=0 tx=0).stop
2024-05-09T02:05:51.779 INFO:teuthology.orchestra.run.smithi094.stdout:/usr/bin/ceph: stderr
2024-05-09T02:05:50.998+0000 7f4da3c00700 1 -- 172.21.15.94:0/1690878958 shutdown_connections
2024-05-09T02:05:51.780 INFO:teuthology.orchestra.run.smithi094.stdout:/usr/bin/ceph: stderr
2024-05-09T02:05:50.998+0000 7f4da3c00700 1 --2- 172.21.15.94:0/1690878958 >> [v2:172.21.15.94:6800/2068370295,v1:172.21.15.94:6801/2068370295] conn(0x7f4d8403e4c0 0x7f4d840409d0 unknown :-1 s=CLOSED pgs=11 cs=0 l=1 rev1=1 crypto rx=0 tx=0 comp rx=0 tx=0).stop
2024-05-09T02:05:51.780 INFO:teuthology.orchestra.run.smithi094.stdout:/usr/bin/ceph: stderr
2024-05-09T02:05:50.998+0000 7f4da3c00700 1 --2- 172.21.15.94:0/1690878958 >> [v2:172.21.15.94:3300/0,v1:172.21.15.94:6789/0] conn(0x7f4d9c10a580 0x7f4d9c19df70 unknown :-1 s=CLOSED pgs=46 cs=0 l=1 rev1=1 crypto rx=0 tx=0 comp rx=0 tx=0).stop
2024-05-09T02:05:51.780 INFO:teuthology.orchestra.run.smithi094.stdout:/usr/bin/ceph: stderr
2024-05-09T02:05:50.998+0000 7f4da3c00700 1 -- 172.21.15.94:0/1690878958 >> 172.21.15.94:0/1690878958 conn(0x7f4d9c103fe0 msgr2=0x7f4d9c104af0 unknown :-1 s=STATE_NONE l=0).mark_down
2024-05-09T02:05:51.780 INFO:teuthology.orchestra.run.smithi094.stdout:/usr/bin/ceph: stderr
2024-05-09T02:05:50.998+0000 7f4da3c00700 1 -- 172.21.15.94:0/1690878958 shutdown_connections
2024-05-09T02:05:51.780 INFO:teuthology.orchestra.run.smithi094.stdout:/usr/bin/ceph: stderr
2024-05-09T02:05:50.998+0000 7f4da3c00700 1 -- 172.21.15.94:0/1690878958 wait complete.
2024-05-09T02:05:51.780 INFO:teuthology.orchestra.run.smithi094.stdout:Deploying unmanaged mon service...
2024-05-09T02:05:52.102 INFO:journalctl@ceph.mon.a.smithi094.stdout:May 09 02:05:51 smithi094 ceph-mon[29736]: from='mgr.14120 172.21.15.94:0/1594135478' entity='mgr.x'
2024-05-09T02:05:52.102 INFO:journalctl@ceph.mon.a.smithi094.stdout:May 09 02:05:51 smithi094 ceph-mon[29736]: Added host smithi094
2024-05-09T02:05:52.102 INFO:journalctl@ceph.mon.a.smithi094.stdout:May 09 02:05:51 smithi094 ceph-mon[29736]: from='mgr.14120 172.21.15.94:0/1594135478' entity='mgr.x' cmd=[{"prefix": "config dump", "format": "json"}]: dispatch
2024-05-09T02:05:53.598 INFO:teuthology.orchestra.run.smithi094.stdout:/usr/bin/ceph: stdout Scheduled mon update...
2024-05-09T02:05:53.599 INFO:teuthology.orchestra.run.smithi094.stdout:/usr/bin/ceph: stderr
2024-05-09T02:05:52.576+0000 7f3468a00700 1 Processor -- start
2024-05-09T02:05:53.599 INFO:teuthology.orchestra.run.smithi094.stdout:/usr/bin/ceph: stderr
2024-05-09T02:05:52.576+0000 7f3468a00700 1 -- start start
2024-05-09T02:05:53.599 INFO:teuthology.orchestra.run.smithi094.stdout:/usr/bin/ceph: stderr
2024-05-09T02:05:52.576+0000 7f3468a00700 1 --2- >> [v2:172.21.15.94:3300/0,v1:172.21.15.94:6789/0] conn(0x7f346410bb20 0x7f346410bf30 unknown :-1 s=NONE pgs=0 cs=0 l=0 rev1=0 crypto rx=0 tx=0 comp rx=0 tx=0).connect
2024-05-09T02:05:53.599 INFO:teuthology.orchestra.run.smithi094.stdout:/usr/bin/ceph: stderr
2024-05-09T02:05:52.577+0000 7f3468a00700 1 -- --> [v2:172.21.15.94:3300/0,v1:172.21.15.94:6789/0] -- mon_getmap magic: 0 -- 0x7f346410c520 con 0x7f346410bb20
2024-05-09T02:05:53.599 INFO:teuthology.orchestra.run.smithi094.stdout:/usr/bin/ceph: stderr
2024-05-09T02:05:52.577+0000 7f3463400700 1 --2- >> [v2:172.21.15.94:3300/0,v1:172.21.15.94:6789/0] conn(0x7f346410bb20 0x7f346410bf30 unknown :-1 s=BANNER_CONNECTING pgs=0 cs=0 l=0 rev1=0 crypto rx=0 tx=0 comp rx=0 tx=0)._handle_peer_banner_payload supported=3 required=0
2024-05-09T02:05:53.599 INFO:teuthology.orchestra.run.smithi094.stdout:/usr/bin/ceph: stderr
2024-05-09T02:05:52.577+0000 7f3463400700 1 --2- >> [v2:172.21.15.94:3300/0,v1:172.21.15.94:6789/0] conn(0x7f346410bb20 0x7f346410bf30 unknown :-1 s=HELLO_CONNECTING pgs=0 cs=0 l=0 rev1=1 crypto rx=0 tx=0 comp rx=0 tx=0).handle_hello peer v2:172.21.15.94:3300/0 says I am v2:172.21.15.94:52628/0 (socket says 172.21.15.94:52628)
2024-05-09T02:05:53.599 INFO:teuthology.orchestra.run.smithi094.stdout:/usr/bin/ceph: stderr
2024-05-09T02:05:52.577+0000 7f3463400700 1 -- 172.21.15.94:0/3233696257 learned_addr learned my addr 172.21.15.94:0/3233696257 (peer_addr_for_me v2:172.21.15.94:0/0)
2024-05-09T02:05:53.599 INFO:teuthology.orchestra.run.smithi094.stdout:/usr/bin/ceph: stderr
