2024-05-09T02:05:26.714+0000 7f4ad9d9b700 1 --2- 172.21.15.7:0/1673212968 >> [v2:172.21.15.7:6800/2863162518,v1:172.21.15.7:6801/2863162518] conn(0x7f4acc053a90 0x7f4ac4043fc0 secure :-1 s=READY pgs=2 cs=0 l=1 rev1=1 crypto rx=0x7f4ad0003a10 tx=0x7f4ad00092b0 comp rx=0 tx=0).ready entity=mgr.14150 client_cookie=0 server_cookie=0 in_seq=0 out_seq=0
2024-05-09T02:05:27.728 INFO:teuthology.orchestra.run.smithi007.stdout:/usr/bin/ceph: stderr
2024-05-09T02:05:26.715+0000 7f4acb7fe700 1 -- 172.21.15.7:0/1673212968 <== mgr.14150 v2:172.21.15.7:6800/2863162518 1 ==== command_reply(tid 0: 0 ) ==== 8+0+9564 (secure 0 0 0) 0x7f4ac4041150 con 0x7f4acc053a90
2024-05-09T02:05:27.728 INFO:teuthology.orchestra.run.smithi007.stdout:/usr/bin/ceph: stderr
2024-05-09T02:05:26.723+0000 7f4ae08c3700 1 -- 172.21.15.7:0/1673212968 --> [v2:172.21.15.7:6800/2863162518,v1:172.21.15.7:6801/2863162518] -- command(tid 1: {"prefix": "mgr_status"}) -- 0x7f4adc064e20 con 0x7f4acc053a90
2024-05-09T02:05:27.728 INFO:teuthology.orchestra.run.smithi007.stdout:/usr/bin/ceph: stderr
2024-05-09T02:05:26.723+0000 7f4acb7fe700 1 -- 172.21.15.7:0/1673212968 <== mgr.14150 v2:172.21.15.7:6800/2863162518 2 ==== command_reply(tid 1: 0 ) ==== 8+0+52 (secure 0 0 0) 0x7f4adc064e20 con 0x7f4acc053a90
2024-05-09T02:05:27.728 INFO:teuthology.orchestra.run.smithi007.stdout:/usr/bin/ceph: stderr
2024-05-09T02:05:26.724+0000 7f4ae08c3700 1 -- 172.21.15.7:0/1673212968 >> [v2:172.21.15.7:6800/2863162518,v1:172.21.15.7:6801/2863162518] conn(0x7f4acc053a90 msgr2=0x7f4ac4043fc0 secure :-1 s=STATE_CONNECTION_ESTABLISHED l=1).mark_down
2024-05-09T02:05:27.728 INFO:teuthology.orchestra.run.smithi007.stdout:/usr/bin/ceph: stderr
2024-05-09T02:05:26.724+0000 7f4ae08c3700 1 --2- 172.21.15.7:0/1673212968 >> [v2:172.21.15.7:6800/2863162518,v1:172.21.15.7:6801/2863162518] conn(0x7f4acc053a90 0x7f4ac4043fc0 secure :-1 s=READY pgs=2 cs=0 l=1 rev1=1 crypto rx=0x7f4ad0003a10 tx=0x7f4ad00092b0 comp rx=0 tx=0).stop
2024-05-09T02:05:27.728 INFO:teuthology.orchestra.run.smithi007.stdout:/usr/bin/ceph: stderr
2024-05-09T02:05:26.724+0000 7f4ae08c3700 1 -- 172.21.15.7:0/1673212968 >> [v2:172.21.15.7:3300/0,v1:172.21.15.7:6789/0] conn(0x7f4adc07f880 msgr2=0x7f4adc19fe90 secure :-1 s=STATE_CONNECTION_ESTABLISHED l=1).mark_down
2024-05-09T02:05:27.728 INFO:teuthology.orchestra.run.smithi007.stdout:/usr/bin/ceph: stderr
2024-05-09T02:05:26.724+0000 7f4ae08c3700 1 --2- 172.21.15.7:0/1673212968 >> [v2:172.21.15.7:3300/0,v1:172.21.15.7:6789/0] conn(0x7f4adc07f880 0x7f4adc19fe90 secure :-1 s=READY pgs=60 cs=0 l=1 rev1=1 crypto rx=0x7f4acc011670 tx=0x7f4acc011a30 comp rx=0 tx=0).stop
2024-05-09T02:05:27.728 INFO:teuthology.orchestra.run.smithi007.stdout:/usr/bin/ceph: stderr
2024-05-09T02:05:26.724+0000 7f4ae08c3700 1 -- 172.21.15.7:0/1673212968 shutdown_connections
2024-05-09T02:05:27.728 INFO:teuthology.orchestra.run.smithi007.stdout:/usr/bin/ceph: stderr
2024-05-09T02:05:26.724+0000 7f4ae08c3700 1 --2- 172.21.15.7:0/1673212968 >> [v2:172.21.15.7:6800/2863162518,v1:172.21.15.7:6801/2863162518] conn(0x7f4acc053a90 0x7f4ac4043fc0 unknown :-1 s=CLOSED pgs=2 cs=0 l=1 rev1=1 crypto rx=0 tx=0 comp rx=0 tx=0).stop
2024-05-09T02:05:27.728 INFO:teuthology.orchestra.run.smithi007.stdout:/usr/bin/ceph: stderr
2024-05-09T02:05:26.724+0000 7f4ae08c3700 1 --2- 172.21.15.7:0/1673212968 >> [v2:172.21.15.7:3300/0,v1:172.21.15.7:6789/0] conn(0x7f4adc07f880 0x7f4adc19fe90 unknown :-1 s=CLOSED pgs=60 cs=0 l=1 rev1=1 crypto rx=0 tx=0 comp rx=0 tx=0).stop
2024-05-09T02:05:27.728 INFO:teuthology.orchestra.run.smithi007.stdout:/usr/bin/ceph: stderr
2024-05-09T02:05:26.724+0000 7f4ae08c3700 1 --2- 172.21.15.7:0/1673212968 >> [v2:172.21.15.7:6800/1713796939,v1:172.21.15.7:6801/1713796939] conn(0x7f4ac403e530 0x7f4ac4040a40 unknown :-1 s=CLOSED pgs=0 cs=0 l=1 rev1=0 crypto rx=0 tx=0 comp rx=0 tx=0).stop
2024-05-09T02:05:27.728 INFO:teuthology.orchestra.run.smithi007.stdout:/usr/bin/ceph: stderr
2024-05-09T02:05:26.724+0000 7f4ae08c3700 1 -- 172.21.15.7:0/1673212968 >> 172.21.15.7:0/1673212968 conn(0x7f4adc1050e0 msgr2=0x7f4adc1068d0 unknown :-1 s=STATE_NONE l=0).mark_down
2024-05-09T02:05:27.729 INFO:teuthology.orchestra.run.smithi007.stdout:/usr/bin/ceph: stderr
2024-05-09T02:05:26.724+0000 7f4ae08c3700 1 -- 172.21.15.7:0/1673212968 shutdown_connections
2024-05-09T02:05:27.729 INFO:teuthology.orchestra.run.smithi007.stdout:/usr/bin/ceph: stderr
2024-05-09T02:05:26.724+0000 7f4ae08c3700 1 -- 172.21.15.7:0/1673212968 wait complete.
2024-05-09T02:05:27.729 INFO:teuthology.orchestra.run.smithi007.stdout:mgr epoch 9 is available
2024-05-09T02:05:27.729 INFO:teuthology.orchestra.run.smithi007.stdout:Generating a dashboard self-signed certificate...
2024-05-09T02:05:28.025 INFO:journalctl@ceph.mon.a.smithi007.stdout:May 09 02:05:27 smithi007 ceph-mon[30155]: [09/May/2024:02:05:26] ENGINE Bus STARTING
2024-05-09T02:05:28.025 INFO:journalctl@ceph.mon.a.smithi007.stdout:May 09 02:05:27 smithi007 ceph-mon[30155]: [09/May/2024:02:05:26] ENGINE Serving on http://172.21.15.7:8765
2024-05-09T02:05:28.026 INFO:journalctl@ceph.mon.a.smithi007.stdout:May 09 02:05:27 smithi007 ceph-mon[30155]: [09/May/2024:02:05:26] ENGINE Serving on https://172.21.15.7:7150
2024-05-09T02:05:28.026 INFO:journalctl@ceph.mon.a.smithi007.stdout:May 09 02:05:27 smithi007 ceph-mon[30155]: [09/May/2024:02:05:26] ENGINE Bus STARTED
2024-05-09T02:05:28.026 INFO:journalctl@ceph.mon.a.smithi007.stdout:May 09 02:05:27 smithi007 ceph-mon[30155]: from='mgr.14150 172.21.15.7:0/1372031687' entity='mgr.x'
2024-05-09T02:05:29.179 INFO:teuthology.orchestra.run.smithi007.stdout:/usr/bin/ceph: stdout Self-signed certificate created
2024-05-09T02:05:29.179 INFO:teuthology.orchestra.run.smithi007.stdout:/usr/bin/ceph: stderr
2024-05-09T02:05:28.142+0000 7fbd44f71700 1 Processor -- start
2024-05-09T02:05:29.179 INFO:teuthology.orchestra.run.smithi007.stdout:/usr/bin/ceph: stderr
2024-05-09T02:05:28.142+0000 7fbd44f71700 1 -- start start
2024-05-09T02:05:29.179 INFO:teuthology.orchestra.run.smithi007.stdout:/usr/bin/ceph: stderr
2024-05-09T02:05:28.143+0000 7fbd44f71700 1 --2- >> [v2:172.21.15.7:3300/0,v1:172.21.15.7:6789/0] conn(0x7fbd40109ea0 0x7fbd4010a2b0 unknown :-1 s=NONE pgs=0 cs=0 l=0 rev1=0 crypto rx=0 tx=0 comp rx=0 tx=0).connect
2024-05-09T02:05:29.179 INFO:teuthology.orchestra.run.smithi007.stdout:/usr/bin/ceph: stderr
2024-05-09T02:05:28.143+0000 7fbd44f71700 1 -- --> [v2:172.21.15.7:3300/0,v1:172.21.15.7:6789/0] -- mon_getmap magic: 0 -- 0x7fbd4010a8c0 con 0x7fbd40109ea0
2024-05-09T02:05:29.179 INFO:teuthology.orchestra.run.smithi007.stdout:/usr/bin/ceph: stderr
2024-05-09T02:05:28.143+0000 7fbd3e59c700 1 --2- >> [v2:172.21.15.7:3300/0,v1:172.21.15.7:6789/0] conn(0x7fbd40109ea0 0x7fbd4010a2b0 unknown :-1 s=BANNER_CONNECTING pgs=0 cs=0 l=0 rev1=0 crypto rx=0 tx=0 comp rx=0 tx=0)._handle_peer_banner_payload supported=3 required=0
2024-05-09T02:05:29.179 INFO:teuthology.orchestra.run.smithi007.stdout:/usr/bin/ceph: stderr
2024-05-09T02:05:28.143+0000 7fbd3e59c700 1 --2- >> [v2:172.21.15.7:3300/0,v1:172.21.15.7:6789/0] conn(0x7fbd40109ea0 0x7fbd4010a2b0 unknown :-1 s=HELLO_CONNECTING pgs=0 cs=0 l=0 rev1=1 crypto rx=0 tx=0 comp rx=0 tx=0).handle_hello peer v2:172.21.15.7:3300/0 says I am v2:172.21.15.7:58788/0 (socket says 172.21.15.7:58788)
2024-05-09T02:05:29.180 INFO:teuthology.orchestra.run.smithi007.stdout:/usr/bin/ceph: stderr
2024-05-09T02:05:28.143+0000 7fbd3e59c700 1 -- 172.21.15.7:0/1555546837 learned_addr learned my addr 172.21.15.7:0/1555546837 (peer_addr_for_me v2:172.21.15.7:0/0)
2024-05-09T02:05:29.180 INFO:teuthology.orchestra.run.smithi007.stdout:/usr/bin/ceph: stderr
2024-05-09T02:05:28.144+0000 7fbd3e59c700 1 -- 172.21.15.7:0/1555546837 --> [v2:172.21.15.7:3300/0,v1:172.21.15.7:6789/0] -- mon_subscribe({config=0+,monmap=0+}) -- 0x7fbd40108ad0 con 0x7fbd40109ea0
2024-05-09T02:05:29.180 INFO:teuthology.orchestra.run.smithi007.stdout:/usr/bin/ceph: stderr
2024-05-09T02:05:28.144+0000 7fbd3e59c700 1 --2- 172.21.15.7:0/1555546837 >> [v2:172.21.15.7:3300/0,v1:172.21.15.7:6789/0] conn(0x7fbd40109ea0 0x7fbd4010a2b0 secure :-1 s=READY pgs=68 cs=0 l=1 rev1=1 crypto rx=0x7fbd300098a0 tx=0x7fbd30009bb0 comp rx=0 tx=0).ready entity=mon.0 client_cookie=a9cdcf8466b1852b server_cookie=0 in_seq=0 out_seq=0
2024-05-09T02:05:29.180 INFO:teuthology.orchestra.run.smithi007.stdout:/usr/bin/ceph: stderr
2024-05-09T02:05:28.144+0000 7fbd3d59a700 1 -- 172.21.15.7:0/1555546837 <== mon.0 v2:172.21.15.7:3300/0 1 ==== mon_map magic: 0 ==== 205+0+0 (secure 0 0 0) 0x7fbd30004160 con 0x7fbd40109ea0
2024-05-09T02:05:29.180 INFO:teuthology.orchestra.run.smithi007.stdout:/usr/bin/ceph: stderr
2024-05-09T02:05:28.144+0000 7fbd3d59a700 1 -- 172.21.15.7:0/1555546837 <== mon.0 v2:172.21.15.7:3300/0 2 ==== config(25 keys) ==== 1063+0+0 (secure 0 0 0) 0x7fbd30004300 con 0x7fbd40109ea0
2024-05-09T02:05:29.180 INFO:teuthology.orchestra.run.smithi007.stdout:/usr/bin/ceph: stderr
2024-05-09T02:05:28.144+0000 7fbd3d59a700 1 -- 172.21.15.7:0/1555546837 <== mon.0 v2:172.21.15.7:3300/0 3 ==== mon_map magic: 0 ==== 205+0+0 (secure 0 0 0) 0x7fbd30011960 con 0x7fbd40109ea0
2024-05-09T02:05:29.180 INFO:teuthology.orchestra.run.smithi007.stdout:/usr/bin/ceph: stderr
2024-05-09T02:05:28.145+0000 7fbd44f71700 1 -- 172.21.15.7:0/1555546837 >> [v2:172.21.15.7:3300/0,v1:172.21.15.7:6789/0] conn(0x7fbd40109ea0 msgr2=0x7fbd4010a2b0 secure :-1 s=STATE_CONNECTION_ESTABLISHED l=1).mark_down
2024-05-09T02:05:29.180 INFO:teuthology.orchestra.run.smithi007.stdout:/usr/bin/ceph: stderr
2024-05-09T02:05:28.145+0000 7fbd44f71700 1 --2- 172.21.15.7:0/1555546837 >> [v2:172.21.15.7:3300/0,v1:172.21.15.7:6789/0] conn(0x7fbd40109ea0 0x7fbd4010a2b0 secure :-1 s=READY pgs=68 cs=0 l=1 rev1=1 crypto rx=0x7fbd300098a0 tx=0x7fbd30009bb0 comp rx=0 tx=0).stop
2024-05-09T02:05:29.180 INFO:teuthology.orchestra.run.smithi007.stdout:/usr/bin/ceph: stderr
2024-05-09T02:05:28.145+0000 7fbd44f71700 1 -- 172.21.15.7:0/1555546837 shutdown_connections
2024-05-09T02:05:29.180 INFO:teuthology.orchestra.run.smithi007.stdout:/usr/bin/ceph: stderr
2024-05-09T02:05:28.145+0000 7fbd44f71700 1 --2- 172.21.15.7:0/1555546837 >> [v2:172.21.15.7:3300/0,v1:172.21.15.7:6789/0] conn(0x7fbd40109ea0 0x7fbd4010a2b0 unknown :-1 s=CLOSED pgs=68 cs=0 l=1 rev1=1 crypto rx=0 tx=0 comp rx=0 tx=0).stop
2024-05-09T02:05:29.180 INFO:teuthology.orchestra.run.smithi007.stdout:/usr/bin/ceph: stderr
2024-05-09T02:05:28.145+0000 7fbd44f71700 1 -- 172.21.15.7:0/1555546837 >> 172.21.15.7:0/1555546837 conn(0x7fbd40103710 msgr2=0x7fbd40105b60 unknown :-1 s=STATE_NONE l=0).mark_down
2024-05-09T02:05:29.180 INFO:teuthology.orchestra.run.smithi007.stdout:/usr/bin/ceph: stderr
2024-05-09T02:05:28.145+0000 7fbd44f71700 1 -- 172.21.15.7:0/1555546837 shutdown_connections
2024-05-09T02:05:29.180 INFO:teuthology.orchestra.run.smithi007.stdout:/usr/bin/ceph: stderr
2024-05-09T02:05:28.145+0000 7fbd44f71700 1 -- 172.21.15.7:0/1555546837 wait complete.
2024-05-09T02:05:29.180 INFO:teuthology.orchestra.run.smithi007.stdout:/usr/bin/ceph: stderr
2024-05-09T02:05:28.146+0000 7fbd44f71700 1 Processor -- start
2024-05-09T02:05:29.181 INFO:teuthology.orchestra.run.smithi007.stdout:/usr/bin/ceph: stderr
2024-05-09T02:05:28.146+0000 7fbd44f71700 1 -- start start
2024-05-09T02:05:29.181 INFO:teuthology.orchestra.run.smithi007.stdout:/usr/bin/ceph: stderr
2024-05-09T02:05:28.146+0000 7fbd44f71700 1 --2- >> [v2:172.21.15.7:3300/0,v1:172.21.15.7:6789/0] conn(0x7fbd40109ea0 0x7fbd40108340 unknown :-1 s=NONE pgs=0 cs=0 l=1 rev1=0 crypto rx=0 tx=0 comp rx=0 tx=0).connect
2024-05-09T02:05:29.181 INFO:teuthology.orchestra.run.smithi007.stdout:/usr/bin/ceph: stderr
2024-05-09T02:05:28.146+0000 7fbd44f71700 1 -- --> [v2:172.21.15.7:3300/0,v1:172.21.15.7:6789/0] -- mon_getmap magic: 0 -- 0x7fbd4010ce90 con 0x7fbd40109ea0
2024-05-09T02:05:29.181 INFO:teuthology.orchestra.run.smithi007.stdout:/usr/bin/ceph: stderr
2024-05-09T02:05:28.147+0000 7fbd3e59c700 1 --2- >> [v2:172.21.15.7:3300/0,v1:172.21.15.7:6789/0] conn(0x7fbd40109ea0 0x7fbd40108340 unknown :-1 s=BANNER_CONNECTING pgs=0 cs=0 l=1 rev1=0 crypto rx=0 tx=0 comp rx=0 tx=0)._handle_peer_banner_payload supported=3 required=0
2024-05-09T02:05:29.181 INFO:teuthology.orchestra.run.smithi007.stdout:/usr/bin/ceph: stderr
2024-05-09T02:05:28.147+0000 7fbd3e59c700 1 --2- >> [v2:172.21.15.7:3300/0,v1:172.21.15.7:6789/0] conn(0x7fbd40109ea0 0x7fbd40108340 unknown :-1 s=HELLO_CONNECTING pgs=0 cs=0 l=1 rev1=1 crypto rx=0 tx=0 comp rx=0 tx=0).handle_hello peer v2:172.21.15.7:3300/0 says I am v2:172.21.15.7:58798/0 (socket says 172.21.15.7:58798)
2024-05-09T02:05:29.181 INFO:teuthology.orchestra.run.smithi007.stdout:/usr/bin/ceph: stderr
2024-05-09T02:05:28.147+0000 7fbd3e59c700 1 -- 172.21.15.7:0/2968628406 learned_addr learned my addr 172.21.15.7:0/2968628406 (peer_addr_for_me v2:172.21.15.7:0/0)
2024-05-09T02:05:29.181 INFO:teuthology.orchestra.run.smithi007.stdout:/usr/bin/ceph: stderr
2024-05-09T02:05:28.147+0000 7fbd3e59c700 1 -- 172.21.15.7:0/2968628406 --> [v2:172.21.15.7:3300/0,v1:172.21.15.7:6789/0] -- mon_subscribe({config=0+,monmap=0+}) -- 0x7fbd40108880 con 0x7fbd40109ea0
2024-05-09T02:05:29.181 INFO:teuthology.orchestra.run.smithi007.stdout:/usr/bin/ceph: stderr
2024-05-09T02:05:28.147+0000 7fbd3e59c700 1 --2- 172.21.15.7:0/2968628406 >> [v2:172.21.15.7:3300/0,v1:172.21.15.7:6789/0] conn(0x7fbd40109ea0 0x7fbd40108340 secure :-1 s=READY pgs=69 cs=0 l=1 rev1=1 crypto rx=0x7fbd30011670 tx=0x7fbd30011a30 comp rx=0 tx=0).ready entity=mon.0 client_cookie=0 server_cookie=0 in_seq=0 out_seq=0
2024-05-09T02:05:29.181 INFO:teuthology.orchestra.run.smithi007.stdout:/usr/bin/ceph: stderr
2024-05-09T02:05:28.147+0000 7fbd2f7fe700 1 -- 172.21.15.7:0/2968628406 <== mon.0 v2:172.21.15.7:3300/0 1 ==== mon_map magic: 0 ==== 205+0+0 (secure 0 0 0) 0x7fbd30003a60 con 0x7fbd40109ea0
2024-05-09T02:05:29.181 INFO:teuthology.orchestra.run.smithi007.stdout:/usr/bin/ceph: stderr
2024-05-09T02:05:28.147+0000 7fbd2f7fe700 1 -- 172.21.15.7:0/2968628406 <== mon.0 v2:172.21.15.7:3300/0 2 ==== config(25 keys) ==== 1063+0+0 (secure 0 0 0) 0x7fbd3001b8d0 con 0x7fbd40109ea0
2024-05-09T02:05:29.181 INFO:teuthology.orchestra.run.smithi007.stdout:/usr/bin/ceph: stderr
2024-05-09T02:05:28.147+0000 7fbd44f71700 1 -- 172.21.15.7:0/2968628406 --> [v2:172.21.15.7:3300/0,v1:172.21.15.7:6789/0] -- mon_subscribe({mgrmap=0+}) -- 0x7fbd401a0b00 con 0x7fbd40109ea0
2024-05-09T02:05:29.181 INFO:teuthology.orchestra.run.smithi007.stdout:/usr/bin/ceph: stderr
2024-05-09T02:05:28.147+0000 7fbd2f7fe700 1 -- 172.21.15.7:0/2968628406 <== mon.0 v2:172.21.15.7:3300/0 3 ==== mon_map magic: 0 ==== 205+0+0 (secure 0 0 0) 0x7fbd30023790 con 0x7fbd40109ea0
2024-05-09T02:05:29.181 INFO:teuthology.orchestra.run.smithi007.stdout:/usr/bin/ceph: stderr
2024-05-09T02:05:28.148+0000 7fbd44f71700 1 -- 172.21.15.7:0/2968628406 --> [v2:172.21.15.7:3300/0,v1:172.21.15.7:6789/0] -- mon_subscribe({osdmap=0}) -- 0x7fbd401a0f80 con 0x7fbd40109ea0
2024-05-09T02:05:29.181 INFO:teuthology.orchestra.run.smithi007.stdout:/usr/bin/ceph: stderr
2024-05-09T02:05:28.149+0000 7fbd44f71700 1 -- 172.21.15.7:0/2968628406 --> [v2:172.21.15.7:3300/0,v1:172.21.15.7:6789/0] -- mon_command({"prefix": "get_command_descriptions"} v 0) -- 0x7fbd40064e20 con 0x7fbd40109ea0
2024-05-09T02:05:29.182 INFO:teuthology.orchestra.run.smithi007.stdout:/usr/bin/ceph: stderr
2024-05-09T02:05:28.149+0000 7fbd2f7fe700 1 -- 172.21.15.7:0/2968628406 <== mon.0 v2:172.21.15.7:3300/0 4 ==== mgrmap(e 11) ==== 50129+0+0 (secure 0 0 0) 0x7fbd30023a40 con 0x7fbd40109ea0
2024-05-09T02:05:29.182 INFO:teuthology.orchestra.run.smithi007.stdout:/usr/bin/ceph: stderr
2024-05-09T02:05:28.149+0000 7fbd2f7fe700 1 --2- 172.21.15.7:0/2968628406 >> [v2:172.21.15.7:6800/2863162518,v1:172.21.15.7:6801/2863162518] conn(0x7fbd2803e4d0 0x7fbd280409e0 unknown :-1 s=NONE pgs=0 cs=0 l=1 rev1=0 crypto rx=0 tx=0 comp rx=0 tx=0).connect
2024-05-09T02:05:29.182 INFO:teuthology.orchestra.run.smithi007.stdout:/usr/bin/ceph: stderr
2024-05-09T02:05:28.149+0000 7fbd2f7fe700 1 -- 172.21.15.7:0/2968628406 <== mon.0 v2:172.21.15.7:3300/0 5 ==== osd_map(3..3 src has 1..3) ==== 1155+0+0 (secure 0 0 0) 0x7fbd30053e90 con 0x7fbd40109ea0
2024-05-09T02:05:29.182 INFO:teuthology.orchestra.run.smithi007.stdout:/usr/bin/ceph: stderr
2024-05-09T02:05:28.149+0000 7fbd3dd9b700 1 --2- 172.21.15.7:0/2968628406 >> [v2:172.21.15.7:6800/2863162518,v1:172.21.15.7:6801/2863162518] conn(0x7fbd2803e4d0 0x7fbd280409e0 unknown :-1 s=BANNER_CONNECTING pgs=0 cs=0 l=1 rev1=0 crypto rx=0 tx=0 comp rx=0 tx=0)._handle_peer_banner_payload supported=3 required=0
2024-05-09T02:05:29.182 INFO:teuthology.orchestra.run.smithi007.stdout:/usr/bin/ceph: stderr
2024-05-09T02:05:28.150+0000 7fbd3dd9b700 1 --2- 172.21.15.7:0/2968628406 >> [v2:172.21.15.7:6800/2863162518,v1:172.21.15.7:6801/2863162518] conn(0x7fbd2803e4d0 0x7fbd280409e0 secure :-1 s=READY pgs=7 cs=0 l=1 rev1=1 crypto rx=0x7fbd34006fd0 tx=0x7fbd34006e40 comp rx=0 tx=0).ready entity=mgr.14150 client_cookie=0 server_cookie=0 in_seq=0 out_seq=0
2024-05-09T02:05:29.182 INFO:teuthology.orchestra.run.smithi007.stdout:/usr/bin/ceph: stderr
2024-05-09T02:05:28.155+0000 7fbd2f7fe700 1 -- 172.21.15.7:0/2968628406 <== mon.0 v2:172.21.15.7:3300/0 6 ==== mon_command_ack([{"prefix": "get_command_descriptions"}]=0 v0) ==== 72+0+191963 (secure 0 0 0) 0x7fbd3001f030 con 0x7fbd40109ea0
2024-05-09T02:05:29.182 INFO:teuthology.orchestra.run.smithi007.stdout:/usr/bin/ceph: stderr
2024-05-09T02:05:28.374+0000 7fbd44f71700 1 -- 172.21.15.7:0/2968628406 --> [v2:172.21.15.7:6800/2863162518,v1:172.21.15.7:6801/2863162518] -- mgr_command(tid 0: {"prefix": "dashboard create-self-signed-cert", "target": ["mon-mgr", ""]}) -- 0x7fbd40104670 con 0x7fbd2803e4d0
2024-05-09T02:05:29.182 INFO:teuthology.orchestra.run.smithi007.stdout:/usr/bin/ceph: stderr
2024-05-09T02:05:28.421+0000 7fbd2f7fe700 1 -- 172.21.15.7:0/2968628406 <== mon.0 v2:172.21.15.7:3300/0 7 ==== mgrmap(e 12) ==== 50235+0+0 (secure 0 0 0) 0x7fbd3002c3f0 con 0x7fbd40109ea0
2024-05-09T02:05:29.183 INFO:teuthology.orchestra.run.smithi007.stdout:/usr/bin/ceph: stderr
2024-05-09T02:05:28.606+0000 7fbd2f7fe700 1 -- 172.21.15.7:0/2968628406 <== mgr.14150 v2:172.21.15.7:6800/2863162518 1 ==== mgr_command_reply(tid 0: 0 ) ==== 8+0+32 (secure 0 0 0) 0x7fbd40104670 con 0x7fbd2803e4d0
2024-05-09T02:05:29.183 INFO:teuthology.orchestra.run.smithi007.stdout:/usr/bin/ceph: stderr
2024-05-09T02:05:28.608+0000 7fbd44f71700 1 -- 172.21.15.7:0/2968628406 >> [v2:172.21.15.7:6800/2863162518,v1:172.21.15.7:6801/2863162518] conn(0x7fbd2803e4d0 msgr2=0x7fbd280409e0 secure :-1 s=STATE_CONNECTION_ESTABLISHED l=1).mark_down
2024-05-09T02:05:29.183 INFO:teuthology.orchestra.run.smithi007.stdout:/usr/bin/ceph: stderr
2024-05-09T02:05:28.608+0000 7fbd44f71700 1 --2- 172.21.15.7:0/2968628406 >> [v2:172.21.15.7:6800/2863162518,v1:172.21.15.7:6801/2863162518] conn(0x7fbd2803e4d0 0x7fbd280409e0 secure :-1 s=READY pgs=7 cs=0 l=1 rev1=1 crypto rx=0x7fbd34006fd0 tx=0x7fbd34006e40 comp rx=0 tx=0).stop
2024-05-09T02:05:29.183 INFO:teuthology.orchestra.run.smithi007.stdout:/usr/bin/ceph: stderr
2024-05-09T02:05:28.608+0000 7fbd44f71700 1 -- 172.21.15.7:0/2968628406 >> [v2:172.21.15.7:3300/0,v1:172.21.15.7:6789/0] conn(0x7fbd40109ea0 msgr2=0x7fbd40108340 secure :-1 s=STATE_CONNECTION_ESTABLISHED l=1).mark_down
2024-05-09T02:05:29.183 INFO:teuthology.orchestra.run.smithi007.stdout:/usr/bin/ceph: stderr
2024-05-09T02:05:28.608+0000 7fbd44f71700 1 --2- 172.21.15.7:0/2968628406 >> [v2:172.21.15.7:3300/0,v1:172.21.15.7:6789/0] conn(0x7fbd40109ea0 0x7fbd40108340 secure :-1 s=READY pgs=69 cs=0 l=1 rev1=1 crypto rx=0x7fbd30011670 tx=0x7fbd30011a30 comp rx=0 tx=0).stop
2024-05-09T02:05:29.183 INFO:teuthology.orchestra.run.smithi007.stdout:/usr/bin/ceph: stderr
2024-05-09T02:05:28.609+0000 7fbd44f71700 1 -- 172.21.15.7:0/2968628406 shutdown_connections
2024-05-09T02:05:29.183 INFO:teuthology.orchestra.run.smithi007.stdout:/usr/bin/ceph: stderr
2024-05-09T02:05:28.609+0000 7fbd44f71700 1 --2- 172.21.15.7:0/2968628406 >> [v2:172.21.15.7:6800/2863162518,v1:172.21.15.7:6801/2863162518] conn(0x7fbd2803e4d0 0x7fbd280409e0 unknown :-1 s=CLOSED pgs=7 cs=0 l=1 rev1=1 crypto rx=0 tx=0 comp rx=0 tx=0).stop
2024-05-09T02:05:29.183 INFO:teuthology.orchestra.run.smithi007.stdout:/usr/bin/ceph: stderr
2024-05-09T02:05:28.609+0000 7fbd44f71700 1 --2- 172.21.15.7:0/2968628406 >> [v2:172.21.15.7:3300/0,v1:172.21.15.7:6789/0] conn(0x7fbd40109ea0 0x7fbd40108340 unknown :-1 s=CLOSED pgs=69 cs=0 l=1 rev1=1 crypto rx=0 tx=0 comp rx=0 tx=0).stop
2024-05-09T02:05:29.183 INFO:teuthology.orchestra.run.smithi007.stdout:/usr/bin/ceph: stderr
2024-05-09T02:05:28.609+0000 7fbd44f71700 1 -- 172.21.15.7:0/2968628406 >> 172.21.15.7:0/2968628406 conn(0x7fbd40103710 msgr2=0x7fbd40103f60 unknown :-1 s=STATE_NONE l=0).mark_down
2024-05-09T02:05:29.183 INFO:teuthology.orchestra.run.smithi007.stdout:/usr/bin/ceph: stderr
2024-05-09T02:05:28.609+0000 7fbd44f71700 1 -- 172.21.15.7:0/2968628406 shutdown_connections
2024-05-09T02:05:29.183 INFO:teuthology.orchestra.run.smithi007.stdout:/usr/bin/ceph: stderr
2024-05-09T02:05:28.609+0000 7fbd44f71700 1 -- 172.21.15.7:0/2968628406 wait complete.
2024-05-09T02:05:29.183 INFO:teuthology.orchestra.run.smithi007.stdout:Creating initial admin user...
2024-05-09T02:05:29.718 INFO:journalctl@ceph.mon.a.smithi007.stdout:May 09 02:05:29 smithi007 ceph-mon[30155]: from='client.14162 -' entity='client.admin' cmd=[{"prefix": "dashboard create-self-signed-cert", "target": ["mon-mgr", ""]}]: dispatch
2024-05-09T02:05:29.718 INFO:journalctl@ceph.mon.a.smithi007.stdout:May 09 02:05:29 smithi007 ceph-mon[30155]: mgrmap e12: x(active, since 2s)
2024-05-09T02:05:29.719 INFO:journalctl@ceph.mon.a.smithi007.stdout:May 09 02:05:29 smithi007 ceph-mon[30155]: from='mgr.14150 172.21.15.7:0/1372031687' entity='mgr.x'
2024-05-09T02:05:29.719 INFO:journalctl@ceph.mon.a.smithi007.stdout:May 09 02:05:29 smithi007 ceph-mon[30155]: from='mgr.14150 172.21.15.7:0/1372031687' entity='mgr.x'
2024-05-09T02:05:29.719 INFO:journalctl@ceph.mon.a.smithi007.stdout:May 09 02:05:29 smithi007 ceph-mon[30155]: from='mgr.14150 172.21.15.7:0/1372031687' entity='mgr.x'
2024-05-09T02:05:30.758 INFO:teuthology.orchestra.run.smithi007.stdout:/usr/bin/ceph: stdout {"username": "admin", "password": "$2b$12$6yDJ/92gUTsK/nwI0EG5B.3TTxOyFQIeIlfqHU4MfQqJf8Hi3oI4e", "roles": ["administrator"], "name": null, "email": null, "lastUpdate": 1715220330, "enabled": true, "pwdExpirationDate": null, "pwdUpdateRequired": true}
2024-05-09T02:05:30.758 INFO:teuthology.orchestra.run.smithi007.stdout:/usr/bin/ceph: stderr
2024-05-09T02:05:29.627+0000 7fc71b4a5700 1 Processor -- start
2024-05-09T02:05:30.758 INFO:teuthology.orchestra.run.smithi007.stdout:/usr/bin/ceph: stderr
2024-05-09T02:05:29.627+0000 7fc71b4a5700 1 -- start start
2024-05-09T02:05:30.758 INFO:teuthology.orchestra.run.smithi007.stdout:/usr/bin/ceph: stderr
2024-05-09T02:05:29.627+0000 7fc71b4a5700 1 --2- >> [v2:172.21.15.7:3300/0,v1:172.21.15.7:6789/0] conn(0x7fc7141088f0 0x7fc714108d00 unknown :-1 s=NONE pgs=0 cs=0 l=0 rev1=0 crypto rx=0 tx=0 comp rx=0 tx=0).connect
2024-05-09T02:05:30.758 INFO:teuthology.orchestra.run.smithi007.stdout:/usr/bin/ceph: stderr
2024-05-09T02:05:29.627+0000 7fc71b4a5700 1 -- --> [v2:172.21.15.7:3300/0,v1:172.21.15.7:6789/0] -- mon_getmap magic: 0 -- 0x7fc7141092f0 con 0x7fc7141088f0
2024-05-09T02:05:30.758 INFO:teuthology.orchestra.run.smithi007.stdout:/usr/bin/ceph: stderr
2024-05-09T02:05:29.627+0000 7fc719241700 1 --2- >> [v2:172.21.15.7:3300/0,v1:172.21.15.7:6789/0] conn(0x7fc7141088f0 0x7fc714108d00 unknown :-1 s=BANNER_CONNECTING pgs=0 cs=0 l=0 rev1=0 crypto rx=0 tx=0 comp rx=0 tx=0)._handle_peer_banner_payload supported=3 required=0
2024-05-09T02:05:30.758 INFO:teuthology.orchestra.run.smithi007.stdout:/usr/bin/ceph: stderr
2024-05-09T02:05:29.627+0000 7fc719241700 1 --2- >> [v2:172.21.15.7:3300/0,v1:172.21.15.7:6789/0] conn(0x7fc7141088f0 0x7fc714108d00 unknown :-1 s=HELLO_CONNECTING pgs=0 cs=0 l=0 rev1=1 crypto rx=0 tx=0 comp rx=0 tx=0).handle_hello peer v2:172.21.15.7:3300/0 says I am v2:172.21.15.7:57170/0 (socket says 172.21.15.7:57170)
2024-05-09T02:05:30.758 INFO:teuthology.orchestra.run.smithi007.stdout:/usr/bin/ceph: stderr
2024-05-09T02:05:29.628+0000 7fc719241700 1 -- 172.21.15.7:0/3888606527 learned_addr learned my addr 172.21.15.7:0/3888606527 (peer_addr_for_me v2:172.21.15.7:0/0)
2024-05-09T02:05:30.759 INFO:teuthology.orchestra.run.smithi007.stdout:/usr/bin/ceph: stderr
2024-05-09T02:05:29.628+0000 7fc719241700 1 -- 172.21.15.7:0/3888606527 --> [v2:172.21.15.7:3300/0,v1:172.21.15.7:6789/0] -- mon_subscribe({config=0+,monmap=0+}) -- 0x7fc714109ac0 con 0x7fc7141088f0
2024-05-09T02:05:30.759 INFO:teuthology.orchestra.run.smithi007.stdout:/usr/bin/ceph: stderr
2024-05-09T02:05:29.628+0000 7fc719241700 1 --2- 172.21.15.7:0/3888606527 >> [v2:172.21.15.7:3300/0,v1:172.21.15.7:6789/0] conn(0x7fc7141088f0 0x7fc714108d00 secure :-1 s=READY pgs=70 cs=0 l=1 rev1=1 crypto rx=0x7fc71000bb40 tx=0x7fc71000be50 comp rx=0 tx=0).ready entity=mon.0 client_cookie=4f983df269b657d7 server_cookie=0 in_seq=0 out_seq=0
2024-05-09T02:05:30.759 INFO:teuthology.orchestra.run.smithi007.stdout:/usr/bin/ceph: stderr
2024-05-09T02:05:29.628+0000 7fc70bfff700 1 -- 172.21.15.7:0/3888606527 <== mon.0 v2:172.21.15.7:3300/0 1 ==== mon_map magic: 0 ==== 205+0+0 (secure 0 0 0) 0x7fc71000dbe0 con 0x7fc7141088f0
2024-05-09T02:05:30.759 INFO:teuthology.orchestra.run.smithi007.stdout:/usr/bin/ceph: stderr
2024-05-09T02:05:29.628+0000 7fc70bfff700 1 -- 172.21.15.7:0/3888606527 <== mon.0 v2:172.21.15.7:3300/0 2 ==== config(25 keys) ==== 1063+0+0 (secure 0 0 0) 0x7fc7100044c0 con 0x7fc7141088f0
2024-05-09T02:05:30.759 INFO:teuthology.orchestra.run.smithi007.stdout:/usr/bin/ceph: stderr
2024-05-09T02:05:29.628+0000 7fc70bfff700 1 -- 172.21.15.7:0/3888606527 <== mon.0 v2:172.21.15.7:3300/0 3 ==== mon_map magic: 0 ==== 205+0+0 (secure 0 0 0) 0x7fc710003e20 con 0x7fc7141088f0
2024-05-09T02:05:30.759 INFO:teuthology.orchestra.run.smithi007.stdout:/usr/bin/ceph: stderr
2024-05-09T02:05:29.629+0000 7fc71b4a5700 1 -- 172.21.15.7:0/3888606527 >> [v2:172.21.15.7:3300/0,v1:172.21.15.7:6789/0] conn(0x7fc7141088f0 msgr2=0x7fc714108d00 secure :-1 s=STATE_CONNECTION_ESTABLISHED l=1).mark_down
2024-05-09T02:05:30.759 INFO:teuthology.orchestra.run.smithi007.stdout:/usr/bin/ceph: stderr
2024-05-09T02:05:29.629+0000 7fc71b4a5700 1 --2- 172.21.15.7:0/3888606527 >> [v2:172.21.15.7:3300/0,v1:172.21.15.7:6789/0] conn(0x7fc7141088f0 0x7fc714108d00 secure :-1 s=READY pgs=70 cs=0 l=1 rev1=1 crypto rx=0x7fc71000bb40 tx=0x7fc71000be50 comp rx=0 tx=0).stop
2024-05-09T02:05:30.759 INFO:teuthology.orchestra.run.smithi007.stdout:/usr/bin/ceph: stderr
2024-05-09T02:05:29.629+0000 7fc71b4a5700 1 -- 172.21.15.7:0/3888606527 shutdown_connections
2024-05-09T02:05:30.759 INFO:teuthology.orchestra.run.smithi007.stdout:/usr/bin/ceph: stderr
2024-05-09T02:05:29.629+0000 7fc71b4a5700 1 --2- 172.21.15.7:0/3888606527 >> [v2:172.21.15.7:3300/0,v1:172.21.15.7:6789/0] conn(0x7fc7141088f0 0x7fc714108d00 unknown :-1 s=CLOSED pgs=70 cs=0 l=1 rev1=1 crypto rx=0 tx=0 comp rx=0 tx=0).stop
2024-05-09T02:05:30.759 INFO:teuthology.orchestra.run.smithi007.stdout:/usr/bin/ceph: stderr
2024-05-09T02:05:29.629+0000 7fc71b4a5700 1 -- 172.21.15.7:0/3888606527 >> 172.21.15.7:0/3888606527 conn(0x7fc714103f90 msgr2=0x7fc7141063e0 unknown :-1 s=STATE_NONE l=0).mark_down
2024-05-09T02:05:30.759 INFO:teuthology.orchestra.run.smithi007.stdout:/usr/bin/ceph: stderr
2024-05-09T02:05:29.629+0000 7fc71b4a5700 1 -- 172.21.15.7:0/3888606527 shutdown_connections
2024-05-09T02:05:30.759 INFO:teuthology.orchestra.run.smithi007.stdout:/usr/bin/ceph: stderr
2024-05-09T02:05:29.629+0000 7fc71b4a5700 1 -- 172.21.15.7:0/3888606527 wait complete.
2024-05-09T02:05:30.760 INFO:teuthology.orchestra.run.smithi007.stdout:/usr/bin/ceph: stderr
2024-05-09T02:05:29.630+0000 7fc71b4a5700 1 Processor -- start
2024-05-09T02:05:30.760 INFO:teuthology.orchestra.run.smithi007.stdout:/usr/bin/ceph: stderr
2024-05-09T02:05:29.630+0000 7fc71b4a5700 1 -- start start
2024-05-09T02:05:30.760 INFO:teuthology.orchestra.run.smithi007.stdout:/usr/bin/ceph: stderr
2024-05-09T02:05:29.630+0000 7fc71b4a5700 1 --2- >> [v2:172.21.15.7:3300/0,v1:172.21.15.7:6789/0] conn(0x7fc7141088f0 0x7fc71419bd00 unknown :-1 s=NONE pgs=0 cs=0 l=1 rev1=0 crypto rx=0 tx=0 comp rx=0 tx=0).connect
2024-05-09T02:05:30.760 INFO:teuthology.orchestra.run.smithi007.stdout:/usr/bin/ceph: stderr
2024-05-09T02:05:29.630+0000 7fc71b4a5700 1 -- --> [v2:172.21.15.7:3300/0,v1:172.21.15.7:6789/0] -- mon_getmap magic: 0 -- 0x7fc71407bfd0 con 0x7fc7141088f0
2024-05-09T02:05:30.760 INFO:teuthology.orchestra.run.smithi007.stdout:/usr/bin/ceph: stderr
2024-05-09T02:05:29.630+0000 7fc719241700 1 --2- >> [v2:172.21.15.7:3300/0,v1:172.21.15.7:6789/0] conn(0x7fc7141088f0 0x7fc71419bd00 unknown :-1 s=BANNER_CONNECTING pgs=0 cs=0 l=1 rev1=0 crypto rx=0 tx=0 comp rx=0 tx=0)._handle_peer_banner_payload supported=3 required=0
2024-05-09T02:05:30.760 INFO:teuthology.orchestra.run.smithi007.stdout:/usr/bin/ceph: stderr
2024-05-09T02:05:29.630+0000 7fc719241700 1 --2- >> [v2:172.21.15.7:3300/0,v1:172.21.15.7:6789/0] conn(0x7fc7141088f0 0x7fc71419bd00 unknown :-1 s=HELLO_CONNECTING pgs=0 cs=0 l=1 rev1=1 crypto rx=0 tx=0 comp rx=0 tx=0).handle_hello peer v2:172.21.15.7:3300/0 says I am v2:172.21.15.7:57178/0 (socket says 172.21.15.7:57178)
2024-05-09T02:05:30.760 INFO:teuthology.orchestra.run.smithi007.stdout:/usr/bin/ceph: stderr
2024-05-09T02:05:29.630+0000 7fc719241700 1 -- 172.21.15.7:0/3604984230 learned_addr learned my addr 172.21.15.7:0/3604984230 (peer_addr_for_me v2:172.21.15.7:0/0)
2024-05-09T02:05:30.760 INFO:teuthology.orchestra.run.smithi007.stdout:/usr/bin/ceph: stderr
2024-05-09T02:05:29.630+0000 7fc719241700 1 -- 172.21.15.7:0/3604984230 --> [v2:172.21.15.7:3300/0,v1:172.21.15.7:6789/0] -- mon_subscribe({config=0+,monmap=0+}) -- 0x7fc71419c240 con 0x7fc7141088f0
2024-05-09T02:05:30.760 INFO:teuthology.orchestra.run.smithi007.stdout:/usr/bin/ceph: stderr
2024-05-09T02:05:29.631+0000 7fc719241700 1 --2- 172.21.15.7:0/3604984230 >> [v2:172.21.15.7:3300/0,v1:172.21.15.7:6789/0] conn(0x7fc7141088f0 0x7fc71419bd00 secure :-1 s=READY pgs=71 cs=0 l=1 rev1=1 crypto rx=0x7fc7100046b0 tx=0x7fc710003b20 comp rx=0 tx=0).ready entity=mon.0 client_cookie=0 server_cookie=0 in_seq=0 out_seq=0
2024-05-09T02:05:30.760 INFO:teuthology.orchestra.run.smithi007.stdout:/usr/bin/ceph: stderr
2024-05-09T02:05:29.631+0000 7fc70a7fc700 1 -- 172.21.15.7:0/3604984230 <== mon.0 v2:172.21.15.7:3300/0 1 ==== mon_map magic: 0 ==== 205+0+0 (secure 0 0 0) 0x7fc710027070 con 0x7fc7141088f0
2024-05-09T02:05:30.760 INFO:teuthology.orchestra.run.smithi007.stdout:/usr/bin/ceph: stderr
2024-05-09T02:05:29.631+0000 7fc70a7fc700 1 -- 172.21.15.7:0/3604984230 <== mon.0 v2:172.21.15.7:3300/0 2 ==== config(25 keys) ==== 1063+0+0 (secure 0 0 0) 0x7fc710004310 con 0x7fc7141088f0
2024-05-09T02:05:30.761 INFO:teuthology.orchestra.run.smithi007.stdout:/usr/bin/ceph: stderr
2024-05-09T02:05:29.631+0000 7fc71b4a5700 1 -- 172.21.15.7:0/3604984230 --> [v2:172.21.15.7:3300/0,v1:172.21.15.7:6789/0] -- mon_subscribe({mgrmap=0+}) -- 0x7fc71419c4d0 con 0x7fc7141088f0
2024-05-09T02:05:30.761 INFO:teuthology.orchestra.run.smithi007.stdout:/usr/bin/ceph: stderr
2024-05-09T02:05:29.631+0000 7fc71b4a5700 1 -- 172.21.15.7:0/3604984230 --> [v2:172.21.15.7:3300/0,v1:172.21.15.7:6789/0] -- mon_subscribe({osdmap=0}) -- 0x7fc71419f0e0 con 0x7fc7141088f0
2024-05-09T02:05:30.761 INFO:teuthology.orchestra.run.smithi007.stdout:/usr/bin/ceph: stderr
2024-05-09T02:05:29.631+0000 7fc70a7fc700 1 -- 172.21.15.7:0/3604984230 <== mon.0 v2:172.21.15.7:3300/0 3 ==== mon_map magic: 0 ==== 205+0+0 (secure 0 0 0) 0x7fc710022730 con 0x7fc7141088f0
2024-05-09T02:05:30.761 INFO:teuthology.orchestra.run.smithi007.stdout:/usr/bin/ceph: stderr
2024-05-09T02:05:29.632+0000 7fc71b4a5700 1 -- 172.21.15.7:0/3604984230 --> [v2:172.21.15.7:3300/0,v1:172.21.15.7:6789/0] -- mon_command({"prefix": "get_command_descriptions"} v 0) -- 0x7fc714064e20 con 0x7fc7141088f0
2024-05-09T02:05:30.761 INFO:teuthology.orchestra.run.smithi007.stdout:/usr/bin/ceph: stderr
2024-05-09T02:05:29.632+0000 7fc70a7fc700 1 -- 172.21.15.7:0/3604984230 <== mon.0 v2:172.21.15.7:3300/0 4 ==== mgrmap(e 12) ==== 50235+0+0 (secure 0 0 0) 0x7fc71002a070 con 0x7fc7141088f0
2024-05-09T02:05:30.761 INFO:teuthology.orchestra.run.smithi007.stdout:/usr/bin/ceph: stderr
2024-05-09T02:05:29.632+0000 7fc70a7fc700 1 --2- 172.21.15.7:0/3604984230 >> [v2:172.21.15.7:6800/2863162518,v1:172.21.15.7:6801/2863162518] conn(0x7fc70003e580 0x7fc700040a90 unknown :-1 s=NONE pgs=0 cs=0 l=1 rev1=0 crypto rx=0 tx=0 comp rx=0 tx=0).connect
2024-05-09T02:05:30.761 INFO:teuthology.orchestra.run.smithi007.stdout:/usr/bin/ceph: stderr
2024-05-09T02:05:29.632+0000 7fc70a7fc700 1 -- 172.21.15.7:0/3604984230 <== mon.0 v2:172.21.15.7:3300/0 5 ==== osd_map(3..3 src has 1..3) ==== 1155+0+0 (secure 0 0 0) 0x7fc71001f070 con 0x7fc7141088f0
2024-05-09T02:05:30.761 INFO:teuthology.orchestra.run.smithi007.stdout:/usr/bin/ceph: stderr
2024-05-09T02:05:29.633+0000 7fc718a40700 1 --2- 172.21.15.7:0/3604984230 >> [v2:172.21.15.7:6800/2863162518,v1:172.21.15.7:6801/2863162518] conn(0x7fc70003e580 0x7fc700040a90 unknown :-1 s=BANNER_CONNECTING pgs=0 cs=0 l=1 rev1=0 crypto rx=0 tx=0 comp rx=0 tx=0)._handle_peer_banner_payload supported=3 required=0
2024-05-09T02:05:30.761 INFO:teuthology.orchestra.run.smithi007.stdout:/usr/bin/ceph: stderr
2024-05-09T02:05:29.633+0000 7fc718a40700 1 --2- 172.21.15.7:0/3604984230 >> [v2:172.21.15.7:6800/2863162518,v1:172.21.15.7:6801/2863162518] conn(0x7fc70003e580 0x7fc700040a90 secure :-1 s=READY pgs=8 cs=0 l=1 rev1=1 crypto rx=0x7fc704006fd0 tx=0x7fc704006e40 comp rx=0 tx=0).ready entity=mgr.14150 client_cookie=0 server_cookie=0 in_seq=0 out_seq=0
2024-05-09T02:05:30.761 INFO:teuthology.orchestra.run.smithi007.stdout:/usr/bin/ceph: stderr
2024-05-09T02:05:29.638+0000 7fc70a7fc700 1 -- 172.21.15.7:0/3604984230 <== mon.0 v2:172.21.15.7:3300/0 6 ==== mon_command_ack([{"prefix": "get_command_descriptions"}]=0 v0) ==== 72+0+191963 (secure 0 0 0) 0x7fc710015070 con 0x7fc7141088f0
2024-05-09T02:05:30.762 INFO:teuthology.orchestra.run.smithi007.stdout:/usr/bin/ceph: stderr
2024-05-09T02:05:29.872+0000 7fc71b4a5700 1 -- 172.21.15.7:0/3604984230 --> [v2:172.21.15.7:6800/2863162518,v1:172.21.15.7:6801/2863162518] -- mgr_command(tid 0: {"prefix": "dashboard ac-user-create", "username": "admin", "rolename": "administrator", "force_password": true, "pwd_update_required": true, "target": ["mon-mgr", ""]}) -- 0x7fc71407c150 con 0x7fc70003e580
2024-05-09T02:05:30.762 INFO:teuthology.orchestra.run.smithi007.stdout:/usr/bin/ceph: stderr
2024-05-09T02:05:30.119+0000 7fc70a7fc700 1 -- 172.21.15.7:0/3604984230 <== mgr.14150 v2:172.21.15.7:6800/2863162518 1 ==== mgr_command_reply(tid 0: 0 ) ==== 8+0+252 (secure 0 0 0) 0x7fc71407c150 con 0x7fc70003e580
2024-05-09T02:05:30.762 INFO:teuthology.orchestra.run.smithi007.stdout:/usr/bin/ceph: stderr
2024-05-09T02:05:30.121+0000 7fc71b4a5700 1 -- 172.21.15.7:0/3604984230 >> [v2:172.21.15.7:6800/2863162518,v1:172.21.15.7:6801/2863162518] conn(0x7fc70003e580 msgr2=0x7fc700040a90 secure :-1 s=STATE_CONNECTION_ESTABLISHED l=1).mark_down
2024-05-09T02:05:30.762 INFO:teuthology.orchestra.run.smithi007.stdout:/usr/bin/ceph: stderr
2024-05-09T02:05:30.121+0000 7fc71b4a5700 1 --2- 172.21.15.7:0/3604984230 >> [v2:172.21.15.7:6800/2863162518,v1:172.21.15.7:6801/2863162518] conn(0x7fc70003e580 0x7fc700040a90 secure :-1 s=READY pgs=8 cs=0 l=1 rev1=1 crypto rx=0x7fc704006fd0 tx=0x7fc704006e40 comp rx=0 tx=0).stop
2024-05-09T02:05:30.762 INFO:teuthology.orchestra.run.smithi007.stdout:/usr/bin/ceph: stderr
2024-05-09T02:05:30.121+0000 7fc71b4a5700 1 -- 172.21.15.7:0/3604984230 >> [v2:172.21.15.7:3300/0,v1:172.21.15.7:6789/0] conn(0x7fc7141088f0 msgr2=0x7fc71419bd00 secure :-1 s=STATE_CONNECTION_ESTABLISHED l=1).mark_down
2024-05-09T02:05:30.762 INFO:teuthology.orchestra.run.smithi007.stdout:/usr/bin/ceph: stderr
2024-05-09T02:05:30.121+0000 7fc71b4a5700 1 --2- 172.21.15.7:0/3604984230 >> [v2:172.21.15.7:3300/0,v1:172.21.15.7:6789/0] conn(0x7fc7141088f0 0x7fc71419bd00 secure :-1 s=READY pgs=71 cs=0 l=1 rev1=1 crypto rx=0x7fc7100046b0 tx=0x7fc710003b20 comp rx=0 tx=0).stop
2024-05-09T02:05:30.762 INFO:teuthology.orchestra.run.smithi007.stdout:/usr/bin/ceph: stderr
2024-05-09T02:05:30.121+0000 7fc71b4a5700 1 -- 172.21.15.7:0/3604984230 shutdown_connections
2024-05-09T02:05:30.762 INFO:teuthology.orchestra.run.smithi007.stdout:/usr/bin/ceph: stderr
2024-05-09T02:05:30.121+0000 7fc71b4a5700 1 --2- 172.21.15.7:0/3604984230 >> [v2:172.21.15.7:6800/2863162518,v1:172.21.15.7:6801/2863162518] conn(0x7fc70003e580 0x7fc700040a90 unknown :-1 s=CLOSED pgs=8 cs=0 l=1 rev1=1 crypto rx=0 tx=0 comp rx=0 tx=0).stop
2024-05-09T02:05:30.762 INFO:teuthology.orchestra.run.smithi007.stdout:/usr/bin/ceph: stderr
2024-05-09T02:05:30.121+0000 7fc71b4a5700 1 --2- 172.21.15.7:0/3604984230 >> [v2:172.21.15.7:3300/0,v1:172.21.15.7:6789/0] conn(0x7fc7141088f0 0x7fc71419bd00 unknown :-1 s=CLOSED pgs=71 cs=0 l=1 rev1=1 crypto rx=0 tx=0 comp rx=0 tx=0).stop
2024-05-09T02:05:30.762 INFO:teuthology.orchestra.run.smithi007.stdout:/usr/bin/ceph: stderr
2024-05-09T02:05:30.121+0000 7fc71b4a5700 1 -- 172.21.15.7:0/3604984230 >> 172.21.15.7:0/3604984230 conn(0x7fc714103f90 msgr2=0x7fc714192040 unknown :-1 s=STATE_NONE l=0).mark_down
2024-05-09T02:05:30.762 INFO:teuthology.orchestra.run.smithi007.stdout:/usr/bin/ceph: stderr
2024-05-09T02:05:30.121+0000 7fc71b4a5700 1 -- 172.21.15.7:0/3604984230 shutdown_connections
2024-05-09T02:05:30.762 INFO:teuthology.orchestra.run.smithi007.stdout:/usr/bin/ceph: stderr
2024-05-09T02:05:30.121+0000 7fc71b4a5700 1 -- 172.21.15.7:0/3604984230 wait complete.
2024-05-09T02:05:30.763 INFO:teuthology.orchestra.run.smithi007.stdout:Fetching dashboard port number...
2024-05-09T02:05:31.409 INFO:journalctl@ceph.mon.a.smithi007.stdout:May 09 02:05:31 smithi007 ceph-mon[30155]: from='client.14164 -' entity='client.admin' cmd=[{"prefix": "dashboard ac-user-create", "username": "admin", "rolename": "administrator", "force_password": true, "pwd_update_required": true, "target": ["mon-mgr", ""]}]: dispatch
2024-05-09T02:05:31.409 INFO:journalctl@ceph.mon.a.smithi007.stdout:May 09 02:05:31 smithi007 ceph-mon[30155]: from='mgr.14150 172.21.15.7:0/1372031687' entity='mgr.x'
2024-05-09T02:05:32.098 INFO:teuthology.orchestra.run.smithi007.stdout:/usr/bin/ceph: stdout 8443
2024-05-09T02:05:32.098 INFO:teuthology.orchestra.run.smithi007.stdout:/usr/bin/ceph: stderr
2024-05-09T02:05:31.181+0000 7fc7c13a8700 1 Processor -- start
2024-05-09T02:05:32.098 INFO:teuthology.orchestra.run.smithi007.stdout:/usr/bin/ceph: stderr
2024-05-09T02:05:31.181+0000 7fc7c13a8700 1 -- start start
2024-05-09T02:05:32.098 INFO:teuthology.orchestra.run.smithi007.stdout:/usr/bin/ceph: stderr
2024-05-09T02:05:31.181+0000 7fc7c13a8700 1 --2- >> [v2:172.21.15.7:3300/0,v1:172.21.15.7:6789/0] conn(0x7fc7bc108930 0x7fc7bc108d40 unknown :-1 s=NONE pgs=0 cs=0 l=0 rev1=0 crypto rx=0 tx=0 comp rx=0 tx=0).connect
2024-05-09T02:05:32.098 INFO:teuthology.orchestra.run.smithi007.stdout:/usr/bin/ceph: stderr
2024-05-09T02:05:31.181+0000 7fc7c13a8700 1 -- --> [v2:172.21.15.7:3300/0,v1:172.21.15.7:6789/0] -- mon_getmap magic: 0 -- 0x7fc7bc109330 con 0x7fc7bc108930
2024-05-09T02:05:32.099 INFO:teuthology.orchestra.run.smithi007.stdout:/usr/bin/ceph: stderr
2024-05-09T02:05:31.181+0000 7fc7baffd700 1 --2- >> [v2:172.21.15.7:3300/0,v1:172.21.15.7:6789/0] conn(0x7fc7bc108930 0x7fc7bc108d40 unknown :-1 s=BANNER_CONNECTING pgs=0 cs=0 l=0 rev1=0 crypto rx=0 tx=0 comp rx=0 tx=0)._handle_peer_banner_payload supported=3 required=0
2024-05-09T02:05:32.099 INFO:teuthology.orchestra.run.smithi007.stdout:/usr/bin/ceph: stderr
2024-05-09T02:05:31.181+0000 7fc7baffd700 1 --2- >> [v2:172.21.15.7:3300/0,v1:172.21.15.7:6789/0] conn(0x7fc7bc108930 0x7fc7bc108d40 unknown :-1 s=HELLO_CONNECTING pgs=0 cs=0 l=0 rev1=1 crypto rx=0 tx=0 comp rx=0 tx=0).handle_hello peer v2:172.21.15.7:3300/0 says I am v2:172.21.15.7:57186/0 (socket says 172.21.15.7:57186)
2024-05-09T02:05:32.099 INFO:teuthology.orchestra.run.smithi007.stdout:/usr/bin/ceph: stderr
2024-05-09T02:05:31.181+0000 7fc7baffd700 1 -- 172.21.15.7:0/3143973480 learned_addr learned my addr 172.21.15.7:0/3143973480 (peer_addr_for_me v2:172.21.15.7:0/0)
2024-05-09T02:05:32.099 INFO:teuthology.orchestra.run.smithi007.stdout:/usr/bin/ceph: stderr
2024-05-09T02:05:31.182+0000 7fc7baffd700 1 -- 172.21.15.7:0/3143973480 --> [v2:172.21.15.7:3300/0,v1:172.21.15.7:6789/0] -- mon_subscribe({config=0+,monmap=0+}) -- 0x7fc7bc109b00 con 0x7fc7bc108930
2024-05-09T02:05:32.099 INFO:teuthology.orchestra.run.smithi007.stdout:/usr/bin/ceph: stderr
2024-05-09T02:05:31.182+0000 7fc7baffd700 1 --2- 172.21.15.7:0/3143973480 >> [v2:172.21.15.7:3300/0,v1:172.21.15.7:6789/0] conn(0x7fc7bc108930 0x7fc7bc108d40 secure :-1 s=READY pgs=72 cs=0 l=1 rev1=1 crypto rx=0x7fc7ac0098a0 tx=0x7fc7ac009bb0 comp rx=0 tx=0).ready entity=mon.0 client_cookie=967d996245ce23e2 server_cookie=0 in_seq=0 out_seq=0
2024-05-09T02:05:32.099 INFO:teuthology.orchestra.run.smithi007.stdout:/usr/bin/ceph: stderr
2024-05-09T02:05:31.182+0000 7fc7b9ffb700 1 -- 172.21.15.7:0/3143973480 <== mon.0 v2:172.21.15.7:3300/0 1 ==== mon_map magic: 0 ==== 205+0+0 (secure 0 0 0) 0x7fc7ac004160 con 0x7fc7bc108930
2024-05-09T02:05:32.099 INFO:teuthology.orchestra.run.smithi007.stdout:/usr/bin/ceph: stderr
2024-05-09T02:05:31.182+0000 7fc7b9ffb700 1 -- 172.21.15.7:0/3143973480 <== mon.0 v2:172.21.15.7:3300/0 2 ==== config(25 keys) ==== 1063+0+0 (secure 0 0 0) 0x7fc7ac004300 con 0x7fc7bc108930
2024-05-09T02:05:32.099 INFO:teuthology.orchestra.run.smithi007.stdout:/usr/bin/ceph: stderr
2024-05-09T02:05:31.182+0000 7fc7b9ffb700 1 -- 172.21.15.7:0/3143973480 <== mon.0 v2:172.21.15.7:3300/0 3 ==== mon_map magic: 0 ==== 205+0+0 (secure 0 0 0) 0x7fc7ac011960 con 0x7fc7bc108930
2024-05-09T02:05:32.099 INFO:teuthology.orchestra.run.smithi007.stdout:/usr/bin/ceph: stderr
2024-05-09T02:05:31.183+0000 7fc7c13a8700 1 -- 172.21.15.7:0/3143973480 >> [v2:172.21.15.7:3300/0,v1:172.21.15.7:6789/0] conn(0x7fc7bc108930 msgr2=0x7fc7bc108d40 secure :-1 s=STATE_CONNECTION_ESTABLISHED l=1).mark_down
2024-05-09T02:05:32.099 INFO:teuthology.orchestra.run.smithi007.stdout:/usr/bin/ceph: stderr
2024-05-09T02:05:31.183+0000 7fc7c13a8700 1 --2- 172.21.15.7:0/3143973480 >> [v2:172.21.15.7:3300/0,v1:172.21.15.7:6789/0] conn(0x7fc7bc108930 0x7fc7bc108d40 secure :-1 s=READY pgs=72 cs=0 l=1 rev1=1 crypto rx=0x7fc7ac0098a0 tx=0x7fc7ac009bb0 comp rx=0 tx=0).stop
2024-05-09T02:05:32.099 INFO:teuthology.orchestra.run.smithi007.stdout:/usr/bin/ceph: stderr
2024-05-09T02:05:31.183+0000 7fc7c13a8700 1 -- 172.21.15.7:0/3143973480 shutdown_connections
2024-05-09T02:05:32.099 INFO:teuthology.orchestra.run.smithi007.stdout:/usr/bin/ceph: stderr
2024-05-09T02:05:31.183+0000 7fc7c13a8700 1 --2- 172.21.15.7:0/3143973480 >> [v2:172.21.15.7:3300/0,v1:172.21.15.7:6789/0] conn(0x7fc7bc108930 0x7fc7bc108d40 unknown :-1 s=CLOSED pgs=72 cs=0 l=1 rev1=1 crypto rx=0 tx=0 comp rx=0 tx=0).stop
2024-05-09T02:05:32.099 INFO:teuthology.orchestra.run.smithi007.stdout:/usr/bin/ceph: stderr
2024-05-09T02:05:31.183+0000 7fc7c13a8700 1 -- 172.21.15.7:0/3143973480 >> 172.21.15.7:0/3143973480 conn(0x7fc7bc103fb0 msgr2=0x7fc7bc106420 unknown :-1 s=STATE_NONE l=0).mark_down
2024-05-09T02:05:32.099 INFO:teuthology.orchestra.run.smithi007.stdout:/usr/bin/ceph: stderr
2024-05-09T02:05:31.183+0000 7fc7c13a8700 1 -- 172.21.15.7:0/3143973480 shutdown_connections
2024-05-09T02:05:32.100 INFO:teuthology.orchestra.run.smithi007.stdout:/usr/bin/ceph: stderr
2024-05-09T02:05:31.183+0000 7fc7c13a8700 1 -- 172.21.15.7:0/3143973480 wait complete.
2024-05-09T02:05:32.100 INFO:teuthology.orchestra.run.smithi007.stdout:/usr/bin/ceph: stderr
2024-05-09T02:05:31.184+0000 7fc7c13a8700 1 Processor -- start
2024-05-09T02:05:32.100 INFO:teuthology.orchestra.run.smithi007.stdout:/usr/bin/ceph: stderr
2024-05-09T02:05:31.184+0000 7fc7c13a8700 1 -- start start
2024-05-09T02:05:32.100 INFO:teuthology.orchestra.run.smithi007.stdout:/usr/bin/ceph: stderr
2024-05-09T02:05:31.184+0000 7fc7c13a8700 1 --2- >> [v2:172.21.15.7:3300/0,v1:172.21.15.7:6789/0] conn(0x7fc7bc108930 0x7fc7bc19dda0 unknown :-1 s=NONE pgs=0 cs=0 l=1 rev1=0 crypto rx=0 tx=0 comp rx=0 tx=0).connect
2024-05-09T02:05:32.100 INFO:teuthology.orchestra.run.smithi007.stdout:/usr/bin/ceph: stderr
2024-05-09T02:05:31.184+0000 7fc7c13a8700 1 -- --> [v2:172.21.15.7:3300/0,v1:172.21.15.7:6789/0] -- mon_getmap magic: 0 -- 0x7fc7bc10ceb0 con 0x7fc7bc108930
2024-05-09T02:05:32.100 INFO:teuthology.orchestra.run.smithi007.stdout:/usr/bin/ceph: stderr
2024-05-09T02:05:31.184+0000 7fc7baffd700 1 --2- >> [v2:172.21.15.7:3300/0,v1:172.21.15.7:6789/0] conn(0x7fc7bc108930 0x7fc7bc19dda0 unknown :-1 s=BANNER_CONNECTING pgs=0 cs=0 l=1 rev1=0 crypto rx=0 tx=0 comp rx=0 tx=0)._handle_peer_banner_payload supported=3 required=0
2024-05-09T02:05:32.100 INFO:teuthology.orchestra.run.smithi007.stdout:/usr/bin/ceph: stderr
2024-05-09T02:05:31.184+0000 7fc7baffd700 1 --2- >> [v2:172.21.15.7:3300/0,v1:172.21.15.7:6789/0] conn(0x7fc7bc108930 0x7fc7bc19dda0 unknown :-1 s=HELLO_CONNECTING pgs=0 cs=0 l=1 rev1=1 crypto rx=0 tx=0 comp rx=0 tx=0).handle_hello peer v2:172.21.15.7:3300/0 says I am v2:172.21.15.7:57200/0 (socket says 172.21.15.7:57200)
2024-05-09T02:05:32.100 INFO:teuthology.orchestra.run.smithi007.stdout:/usr/bin/ceph: stderr
2024-05-09T02:05:31.184+0000 7fc7baffd700 1 -- 172.21.15.7:0/35178596 learned_addr learned my addr 172.21.15.7:0/35178596 (peer_addr_for_me v2:172.21.15.7:0/0)
2024-05-09T02:05:32.100 INFO:teuthology.orchestra.run.smithi007.stdout:/usr/bin/ceph: stderr
2024-05-09T02:05:31.185+0000 7fc7baffd700 1 -- 172.21.15.7:0/35178596 --> [v2:172.21.15.7:3300/0,v1:172.21.15.7:6789/0] -- mon_subscribe({config=0+,monmap=0+}) -- 0x7fc7bc19e2e0 con 0x7fc7bc108930
2024-05-09T02:05:32.100 INFO:teuthology.orchestra.run.smithi007.stdout:/usr/bin/ceph: stderr
2024-05-09T02:05:31.185+0000 7fc7baffd700 1 --2- 172.21.15.7:0/35178596 >> [v2:172.21.15.7:3300/0,v1:172.21.15.7:6789/0] conn(0x7fc7bc108930 0x7fc7bc19dda0 secure :-1 s=READY pgs=73 cs=0 l=1 rev1=1 crypto rx=0x7fc7ac0119b0 tx=0x7fc7ac011a90 comp rx=0 tx=0).ready entity=mon.0 client_cookie=0 server_cookie=0 in_seq=0 out_seq=0
2024-05-09T02:05:32.100 INFO:teuthology.orchestra.run.smithi007.stdout:/usr/bin/ceph: stderr
2024-05-09T02:05:31.185+0000 7fc7a3fff700 1 -- 172.21.15.7:0/35178596 <== mon.0 v2:172.21.15.7:3300/0 1 ==== mon_map magic: 0 ==== 205+0+0 (secure 0 0 0) 0x7fc7ac003aa0 con 0x7fc7bc108930
2024-05-09T02:05:32.100 INFO:teuthology.orchestra.run.smithi007.stdout:/usr/bin/ceph: stderr
2024-05-09T02:05:31.185+0000 7fc7c13a8700 1 -- 172.21.15.7:0/35178596 --> [v2:172.21.15.7:3300/0,v1:172.21.15.7:6789/0] -- mon_subscribe({mgrmap=0+}) -- 0x7fc7bc19e570 con 0x7fc7bc108930
2024-05-09T02:05:32.100 INFO:teuthology.orchestra.run.smithi007.stdout:/usr/bin/ceph: stderr
2024-05-09T02:05:31.185+0000 7fc7a3fff700 1 -- 172.21.15.7:0/35178596 <== mon.0 v2:172.21.15.7:3300/0 2 ==== config(25 keys) ==== 1063+0+0 (secure 0 0 0) 0x7fc7ac01b8d0 con 0x7fc7bc108930
2024-05-09T02:05:32.100 INFO:teuthology.orchestra.run.smithi007.stdout:/usr/bin/ceph: stderr
2024-05-09T02:05:31.185+0000 7fc7a3fff700 1 -- 172.21.15.7:0/35178596 <== mon.0 v2:172.21.15.7:3300/0 3 ==== mon_map magic: 0 ==== 205+0+0 (secure 0 0 0) 0x7fc7ac023860 con 0x7fc7bc108930
2024-05-09T02:05:32.101 INFO:teuthology.orchestra.run.smithi007.stdout:/usr/bin/ceph: stderr
2024-05-09T02:05:31.185+0000 7fc7c13a8700 1 -- 172.21.15.7:0/35178596 --> [v2:172.21.15.7:3300/0,v1:172.21.15.7:6789/0] -- mon_subscribe({osdmap=0}) -- 0x7fc7bc1a1180 con 0x7fc7bc108930
2024-05-09T02:05:32.101 INFO:teuthology.orchestra.run.smithi007.stdout:/usr/bin/ceph: stderr
2024-05-09T02:05:31.186+0000 7fc7a3fff700 1 -- 172.21.15.7:0/35178596 <== mon.0 v2:172.21.15.7:3300/0 4 ==== mgrmap(e 12) ==== 50235+0+0 (secure 0 0 0) 0x7fc7ac02c3f0 con 0x7fc7bc108930
2024-05-09T02:05:32.101 INFO:teuthology.orchestra.run.smithi007.stdout:/usr/bin/ceph: stderr
2024-05-09T02:05:31.186+0000 7fc7a3fff700 1 --2- 172.21.15.7:0/35178596 >> [v2:172.21.15.7:6800/2863162518,v1:172.21.15.7:6801/2863162518] conn(0x7fc7a403e530 0x7fc7a4040a40 unknown :-1 s=NONE pgs=0 cs=0 l=1 rev1=0 crypto rx=0 tx=0 comp rx=0 tx=0).connect
2024-05-09T02:05:32.101 INFO:teuthology.orchestra.run.smithi007.stdout:/usr/bin/ceph: stderr
2024-05-09T02:05:31.186+0000 7fc7a3fff700 1 -- 172.21.15.7:0/35178596 <== mon.0 v2:172.21.15.7:3300/0 5 ==== osd_map(3..3 src has 1..3) ==== 1155+0+0 (secure 0 0 0) 0x7fc7ac054e30 con 0x7fc7bc108930
2024-05-09T02:05:32.101 INFO:teuthology.orchestra.run.smithi007.stdout:/usr/bin/ceph: stderr
2024-05-09T02:05:31.186+0000 7fc7c13a8700 1 -- 172.21.15.7:0/35178596 --> [v2:172.21.15.7:3300/0,v1:172.21.15.7:6789/0] -- mon_command({"prefix": "get_command_descriptions"} v 0) -- 0x7fc7bc064e20 con 0x7fc7bc108930
2024-05-09T02:05:32.101 INFO:teuthology.orchestra.run.smithi007.stdout:/usr/bin/ceph: stderr
2024-05-09T02:05:31.186+0000 7fc7ba7fc700 1 --2- 172.21.15.7:0/35178596 >> [v2:172.21.15.7:6800/2863162518,v1:172.21.15.7:6801/2863162518] conn(0x7fc7a403e530 0x7fc7a4040a40 unknown :-1 s=BANNER_CONNECTING pgs=0 cs=0 l=1 rev1=0 crypto rx=0 tx=0 comp rx=0 tx=0)._handle_peer_banner_payload supported=3 required=0
2024-05-09T02:05:32.101 INFO:teuthology.orchestra.run.smithi007.stdout:/usr/bin/ceph: stderr
