2024-05-09T02:36:44.273 INFO:teuthology.orchestra.run.smithi060.stdout:/usr/bin/ceph: stderr
2024-05-09T02:36:43.495+0000 7fd908428700 1 Processor -- start
2024-05-09T02:36:44.273 INFO:teuthology.orchestra.run.smithi060.stdout:/usr/bin/ceph: stderr
2024-05-09T02:36:43.495+0000 7fd908428700 1 -- start start
2024-05-09T02:36:44.273 INFO:teuthology.orchestra.run.smithi060.stdout:/usr/bin/ceph: stderr
2024-05-09T02:36:43.496+0000 7fd908428700 1 --2- >> [v2:172.21.15.60:3300/0,v1:172.21.15.60:6789/0] conn(0x7fd900109c20 0x7fd90010a030 unknown :-1 s=NONE pgs=0 cs=0 l=0 rev1=0 crypto rx=0 tx=0 comp rx=0 tx=0).connect
2024-05-09T02:36:44.273 INFO:teuthology.orchestra.run.smithi060.stdout:/usr/bin/ceph: stderr
2024-05-09T02:36:43.496+0000 7fd908428700 1 -- --> [v2:172.21.15.60:3300/0,v1:172.21.15.60:6789/0] -- mon_getmap magic: 0 -- 0x7fd90010a620 con 0x7fd900109c20
2024-05-09T02:36:44.274 INFO:teuthology.orchestra.run.smithi060.stdout:/usr/bin/ceph: stderr
2024-05-09T02:36:43.496+0000 7fd9061c4700 1 --2- >> [v2:172.21.15.60:3300/0,v1:172.21.15.60:6789/0] conn(0x7fd900109c20 0x7fd90010a030 unknown :-1 s=BANNER_CONNECTING pgs=0 cs=0 l=0 rev1=0 crypto rx=0 tx=0 comp rx=0 tx=0)._handle_peer_banner_payload supported=3 required=0
2024-05-09T02:36:44.274 INFO:teuthology.orchestra.run.smithi060.stdout:/usr/bin/ceph: stderr
2024-05-09T02:36:43.496+0000 7fd9061c4700 1 --2- >> [v2:172.21.15.60:3300/0,v1:172.21.15.60:6789/0] conn(0x7fd900109c20 0x7fd90010a030 unknown :-1 s=HELLO_CONNECTING pgs=0 cs=0 l=0 rev1=1 crypto rx=0 tx=0 comp rx=0 tx=0).handle_hello peer v2:172.21.15.60:3300/0 says I am v2:172.21.15.60:49666/0 (socket says 172.21.15.60:49666)
2024-05-09T02:36:44.274 INFO:teuthology.orchestra.run.smithi060.stdout:/usr/bin/ceph: stderr
2024-05-09T02:36:43.496+0000 7fd9061c4700 1 -- 172.21.15.60:0/1006317913 learned_addr learned my addr 172.21.15.60:0/1006317913 (peer_addr_for_me v2:172.21.15.60:0/0)
2024-05-09T02:36:44.274 INFO:teuthology.orchestra.run.smithi060.stdout:/usr/bin/ceph: stderr
2024-05-09T02:36:43.496+0000 7fd9061c4700 1 -- 172.21.15.60:0/1006317913 --> [v2:172.21.15.60:3300/0,v1:172.21.15.60:6789/0] -- mon_subscribe({config=0+,monmap=0+}) -- 0x7fd90010ad00 con 0x7fd900109c20
2024-05-09T02:36:44.274 INFO:teuthology.orchestra.run.smithi060.stdout:/usr/bin/ceph: stderr
2024-05-09T02:36:43.496+0000 7fd9061c4700 1 --2- 172.21.15.60:0/1006317913 >> [v2:172.21.15.60:3300/0,v1:172.21.15.60:6789/0] conn(0x7fd900109c20 0x7fd90010a030 secure :-1 s=READY pgs=76 cs=0 l=1 rev1=1 crypto rx=0x7fd8fc009e80 tx=0x7fd8fc00b330 comp rx=0 tx=0).ready entity=mon.0 client_cookie=5f20de49515c34 server_cookie=0 in_seq=0 out_seq=0
2024-05-09T02:36:44.274 INFO:teuthology.orchestra.run.smithi060.stdout:/usr/bin/ceph: stderr
2024-05-09T02:36:43.496+0000 7fd9051c2700 1 -- 172.21.15.60:0/1006317913 <== mon.0 v2:172.21.15.60:3300/0 1 ==== mon_map magic: 0 ==== 205+0+0 (secure 0 0 0) 0x7fd8fc017070 con 0x7fd900109c20
2024-05-09T02:36:44.274 INFO:teuthology.orchestra.run.smithi060.stdout:/usr/bin/ceph: stderr
2024-05-09T02:36:43.496+0000 7fd9051c2700 1 -- 172.21.15.60:0/1006317913 <== mon.0 v2:172.21.15.60:3300/0 2 ==== config(26 keys) ==== 1101+0+0 (secure 0 0 0) 0x7fd8fc00b8c0 con 0x7fd900109c20
2024-05-09T02:36:44.274 INFO:teuthology.orchestra.run.smithi060.stdout:/usr/bin/ceph: stderr
2024-05-09T02:36:43.496+0000 7fd9051c2700 1 -- 172.21.15.60:0/1006317913 <== mon.0 v2:172.21.15.60:3300/0 3 ==== mon_map magic: 0 ==== 205+0+0 (secure 0 0 0) 0x7fd8fc004490 con 0x7fd900109c20
2024-05-09T02:36:44.274 INFO:teuthology.orchestra.run.smithi060.stdout:/usr/bin/ceph: stderr
2024-05-09T02:36:43.497+0000 7fd908428700 1 -- 172.21.15.60:0/1006317913 >> [v2:172.21.15.60:3300/0,v1:172.21.15.60:6789/0] conn(0x7fd900109c20 msgr2=0x7fd90010a030 secure :-1 s=STATE_CONNECTION_ESTABLISHED l=1).mark_down
2024-05-09T02:36:44.274 INFO:teuthology.orchestra.run.smithi060.stdout:/usr/bin/ceph: stderr
2024-05-09T02:36:43.497+0000 7fd908428700 1 --2- 172.21.15.60:0/1006317913 >> [v2:172.21.15.60:3300/0,v1:172.21.15.60:6789/0] conn(0x7fd900109c20 0x7fd90010a030 secure :-1 s=READY pgs=76 cs=0 l=1 rev1=1 crypto rx=0x7fd8fc009e80 tx=0x7fd8fc00b330 comp rx=0 tx=0).stop
2024-05-09T02:36:44.274 INFO:teuthology.orchestra.run.smithi060.stdout:/usr/bin/ceph: stderr
2024-05-09T02:36:43.497+0000 7fd908428700 1 -- 172.21.15.60:0/1006317913 shutdown_connections
2024-05-09T02:36:44.274 INFO:teuthology.orchestra.run.smithi060.stdout:/usr/bin/ceph: stderr
2024-05-09T02:36:43.497+0000 7fd908428700 1 --2- 172.21.15.60:0/1006317913 >> [v2:172.21.15.60:3300/0,v1:172.21.15.60:6789/0] conn(0x7fd900109c20 0x7fd90010a030 unknown :-1 s=CLOSED pgs=76 cs=0 l=1 rev1=1 crypto rx=0 tx=0 comp rx=0 tx=0).stop
2024-05-09T02:36:44.274 INFO:teuthology.orchestra.run.smithi060.stdout:/usr/bin/ceph: stderr
2024-05-09T02:36:43.497+0000 7fd908428700 1 -- 172.21.15.60:0/1006317913 >> 172.21.15.60:0/1006317913 conn(0x7fd900105260 msgr2=0x7fd900107710 unknown :-1 s=STATE_NONE l=0).mark_down
2024-05-09T02:36:44.274 INFO:teuthology.orchestra.run.smithi060.stdout:/usr/bin/ceph: stderr
2024-05-09T02:36:43.497+0000 7fd908428700 1 -- 172.21.15.60:0/1006317913 shutdown_connections
2024-05-09T02:36:44.275 INFO:teuthology.orchestra.run.smithi060.stdout:/usr/bin/ceph: stderr
2024-05-09T02:36:43.497+0000 7fd908428700 1 -- 172.21.15.60:0/1006317913 wait complete.
2024-05-09T02:36:44.275 INFO:teuthology.orchestra.run.smithi060.stdout:/usr/bin/ceph: stderr
2024-05-09T02:36:43.498+0000 7fd908428700 1 Processor -- start
2024-05-09T02:36:44.275 INFO:teuthology.orchestra.run.smithi060.stdout:/usr/bin/ceph: stderr
2024-05-09T02:36:43.498+0000 7fd908428700 1 -- start start
2024-05-09T02:36:44.275 INFO:teuthology.orchestra.run.smithi060.stdout:/usr/bin/ceph: stderr
2024-05-09T02:36:43.498+0000 7fd908428700 1 --2- >> [v2:172.21.15.60:3300/0,v1:172.21.15.60:6789/0] conn(0x7fd900109c20 0x7fd90019df90 unknown :-1 s=NONE pgs=0 cs=0 l=1 rev1=0 crypto rx=0 tx=0 comp rx=0 tx=0).connect
2024-05-09T02:36:44.275 INFO:teuthology.orchestra.run.smithi060.stdout:/usr/bin/ceph: stderr
2024-05-09T02:36:43.498+0000 7fd908428700 1 -- --> [v2:172.21.15.60:3300/0,v1:172.21.15.60:6789/0] -- mon_getmap magic: 0 -- 0x7fd90010e0b0 con 0x7fd900109c20
2024-05-09T02:36:44.275 INFO:teuthology.orchestra.run.smithi060.stdout:/usr/bin/ceph: stderr
2024-05-09T02:36:43.498+0000 7fd9061c4700 1 --2- >> [v2:172.21.15.60:3300/0,v1:172.21.15.60:6789/0] conn(0x7fd900109c20 0x7fd90019df90 unknown :-1 s=BANNER_CONNECTING pgs=0 cs=0 l=1 rev1=0 crypto rx=0 tx=0 comp rx=0 tx=0)._handle_peer_banner_payload supported=3 required=0
2024-05-09T02:36:44.275 INFO:teuthology.orchestra.run.smithi060.stdout:/usr/bin/ceph: stderr
2024-05-09T02:36:43.498+0000 7fd9061c4700 1 --2- >> [v2:172.21.15.60:3300/0,v1:172.21.15.60:6789/0] conn(0x7fd900109c20 0x7fd90019df90 unknown :-1 s=HELLO_CONNECTING pgs=0 cs=0 l=1 rev1=1 crypto rx=0 tx=0 comp rx=0 tx=0).handle_hello peer v2:172.21.15.60:3300/0 says I am v2:172.21.15.60:49674/0 (socket says 172.21.15.60:49674)
2024-05-09T02:36:44.275 INFO:teuthology.orchestra.run.smithi060.stdout:/usr/bin/ceph: stderr
2024-05-09T02:36:43.498+0000 7fd9061c4700 1 -- 172.21.15.60:0/2276610194 learned_addr learned my addr 172.21.15.60:0/2276610194 (peer_addr_for_me v2:172.21.15.60:0/0)
2024-05-09T02:36:44.275 INFO:teuthology.orchestra.run.smithi060.stdout:/usr/bin/ceph: stderr
2024-05-09T02:36:43.499+0000 7fd9061c4700 1 -- 172.21.15.60:0/2276610194 --> [v2:172.21.15.60:3300/0,v1:172.21.15.60:6789/0] -- mon_subscribe({config=0+,monmap=0+}) -- 0x7fd90019e4d0 con 0x7fd900109c20
2024-05-09T02:36:44.275 INFO:teuthology.orchestra.run.smithi060.stdout:/usr/bin/ceph: stderr
2024-05-09T02:36:43.499+0000 7fd9061c4700 1 --2- 172.21.15.60:0/2276610194 >> [v2:172.21.15.60:3300/0,v1:172.21.15.60:6789/0] conn(0x7fd900109c20 0x7fd90019df90 secure :-1 s=READY pgs=77 cs=0 l=1 rev1=1 crypto rx=0x7fd8fc009fd0 tx=0x7fd8fc00bd30 comp rx=0 tx=0).ready entity=mon.0 client_cookie=0 server_cookie=0 in_seq=0 out_seq=0
2024-05-09T02:36:44.275 INFO:teuthology.orchestra.run.smithi060.stdout:/usr/bin/ceph: stderr
2024-05-09T02:36:43.499+0000 7fd8f77fe700 1 -- 172.21.15.60:0/2276610194 <== mon.0 v2:172.21.15.60:3300/0 1 ==== mon_map magic: 0 ==== 205+0+0 (secure 0 0 0) 0x7fd8fc020020 con 0x7fd900109c20
2024-05-09T02:36:44.275 INFO:teuthology.orchestra.run.smithi060.stdout:/usr/bin/ceph: stderr
2024-05-09T02:36:43.499+0000 7fd908428700 1 -- 172.21.15.60:0/2276610194 --> [v2:172.21.15.60:3300/0,v1:172.21.15.60:6789/0] -- mon_subscribe({mgrmap=0+}) -- 0x7fd90019e760 con 0x7fd900109c20
2024-05-09T02:36:44.275 INFO:teuthology.orchestra.run.smithi060.stdout:/usr/bin/ceph: stderr
2024-05-09T02:36:43.499+0000 7fd8f77fe700 1 -- 172.21.15.60:0/2276610194 <== mon.0 v2:172.21.15.60:3300/0 2 ==== config(26 keys) ==== 1101+0+0 (secure 0 0 0) 0x7fd8fc003b50 con 0x7fd900109c20
2024-05-09T02:36:44.275 INFO:teuthology.orchestra.run.smithi060.stdout:/usr/bin/ceph: stderr
2024-05-09T02:36:43.499+0000 7fd8f77fe700 1 -- 172.21.15.60:0/2276610194 <== mon.0 v2:172.21.15.60:3300/0 3 ==== mon_map magic: 0 ==== 205+0+0 (secure 0 0 0) 0x7fd8fc017040 con 0x7fd900109c20
2024-05-09T02:36:44.275 INFO:teuthology.orchestra.run.smithi060.stdout:/usr/bin/ceph: stderr
2024-05-09T02:36:43.499+0000 7fd908428700 1 -- 172.21.15.60:0/2276610194 --> [v2:172.21.15.60:3300/0,v1:172.21.15.60:6789/0] -- mon_subscribe({osdmap=0}) -- 0x7fd9001a1370 con 0x7fd900109c20
2024-05-09T02:36:44.276 INFO:teuthology.orchestra.run.smithi060.stdout:/usr/bin/ceph: stderr
2024-05-09T02:36:43.500+0000 7fd908428700 1 -- 172.21.15.60:0/2276610194 --> [v2:172.21.15.60:3300/0,v1:172.21.15.60:6789/0] -- mon_command({"prefix": "get_command_descriptions"} v 0) -- 0x7fd900064e20 con 0x7fd900109c20
2024-05-09T02:36:44.276 INFO:teuthology.orchestra.run.smithi060.stdout:/usr/bin/ceph: stderr
2024-05-09T02:36:43.500+0000 7fd8f77fe700 1 -- 172.21.15.60:0/2276610194 <== mon.0 v2:172.21.15.60:3300/0 4 ==== mgrmap(e 13) ==== 50278+0+0 (secure 0 0 0) 0x7fd8fc023020 con 0x7fd900109c20
2024-05-09T02:36:44.276 INFO:teuthology.orchestra.run.smithi060.stdout:/usr/bin/ceph: stderr
2024-05-09T02:36:43.501+0000 7fd8f77fe700 1 --2- 172.21.15.60:0/2276610194 >> [v2:172.21.15.60:6800/3214028785,v1:172.21.15.60:6801/3214028785] conn(0x7fd8ec03e4c0 0x7fd8ec0409d0 unknown :-1 s=NONE pgs=0 cs=0 l=1 rev1=0 crypto rx=0 tx=0 comp rx=0 tx=0).connect
2024-05-09T02:36:44.276 INFO:teuthology.orchestra.run.smithi060.stdout:/usr/bin/ceph: stderr
2024-05-09T02:36:43.501+0000 7fd8f77fe700 1 -- 172.21.15.60:0/2276610194 <== mon.0 v2:172.21.15.60:3300/0 5 ==== osd_map(3..3 src has 1..3) ==== 1155+0+0 (secure 0 0 0) 0x7fd8fc00f050 con 0x7fd900109c20
2024-05-09T02:36:44.276 INFO:teuthology.orchestra.run.smithi060.stdout:/usr/bin/ceph: stderr
2024-05-09T02:36:43.501+0000 7fd9059c3700 1 --2- 172.21.15.60:0/2276610194 >> [v2:172.21.15.60:6800/3214028785,v1:172.21.15.60:6801/3214028785] conn(0x7fd8ec03e4c0 0x7fd8ec0409d0 unknown :-1 s=BANNER_CONNECTING pgs=0 cs=0 l=1 rev1=0 crypto rx=0 tx=0 comp rx=0 tx=0)._handle_peer_banner_payload supported=3 required=0
2024-05-09T02:36:44.276 INFO:teuthology.orchestra.run.smithi060.stdout:/usr/bin/ceph: stderr
2024-05-09T02:36:43.501+0000 7fd9059c3700 1 --2- 172.21.15.60:0/2276610194 >> [v2:172.21.15.60:6800/3214028785,v1:172.21.15.60:6801/3214028785] conn(0x7fd8ec03e4c0 0x7fd8ec0409d0 secure :-1 s=READY pgs=10 cs=0 l=1 rev1=1 crypto rx=0x7fd8f0006fd0 tx=0x7fd8f0006e40 comp rx=0 tx=0).ready entity=mgr.14152 client_cookie=0 server_cookie=0 in_seq=0 out_seq=0
2024-05-09T02:36:44.276 INFO:teuthology.orchestra.run.smithi060.stdout:/usr/bin/ceph: stderr
2024-05-09T02:36:43.506+0000 7fd8f77fe700 1 -- 172.21.15.60:0/2276610194 <== mon.0 v2:172.21.15.60:3300/0 6 ==== mon_command_ack([{"prefix": "get_command_descriptions"}]=0 v0) ==== 72+0+191963 (secure 0 0 0) 0x7fd8fc02a020 con 0x7fd900109c20
2024-05-09T02:36:44.276 INFO:teuthology.orchestra.run.smithi060.stdout:/usr/bin/ceph: stderr
2024-05-09T02:36:43.719+0000 7fd908428700 1 -- 172.21.15.60:0/2276610194 --> [v2:172.21.15.60:3300/0,v1:172.21.15.60:6789/0] -- mon_command([{prefix=config set, name=osd_memory_target_autotune}] v 0) -- 0x7fd9001a1540 con 0x7fd900109c20
2024-05-09T02:36:44.276 INFO:teuthology.orchestra.run.smithi060.stdout:/usr/bin/ceph: stderr
2024-05-09T02:36:43.719+0000 7fd8f77fe700 1 -- 172.21.15.60:0/2276610194 <== mon.0 v2:172.21.15.60:3300/0 7 ==== mon_command_ack([{prefix=config set, name=osd_memory_target_autotune}]=0 v8)=0 v8) ==== 127+0+0 (secure 0 0 0) 0x7fd9001a1540 con 0x7fd900109c20
2024-05-09T02:36:44.276 INFO:teuthology.orchestra.run.smithi060.stdout:/usr/bin/ceph: stderr
2024-05-09T02:36:43.722+0000 7fd908428700 1 -- 172.21.15.60:0/2276610194 >> [v2:172.21.15.60:6800/3214028785,v1:172.21.15.60:6801/3214028785] conn(0x7fd8ec03e4c0 msgr2=0x7fd8ec0409d0 secure :-1 s=STATE_CONNECTION_ESTABLISHED l=1).mark_down
2024-05-09T02:36:44.276 INFO:teuthology.orchestra.run.smithi060.stdout:/usr/bin/ceph: stderr
2024-05-09T02:36:43.722+0000 7fd908428700 1 --2- 172.21.15.60:0/2276610194 >> [v2:172.21.15.60:6800/3214028785,v1:172.21.15.60:6801/3214028785] conn(0x7fd8ec03e4c0 0x7fd8ec0409d0 secure :-1 s=READY pgs=10 cs=0 l=1 rev1=1 crypto rx=0x7fd8f0006fd0 tx=0x7fd8f0006e40 comp rx=0 tx=0).stop
2024-05-09T02:36:44.276 INFO:teuthology.orchestra.run.smithi060.stdout:/usr/bin/ceph: stderr
2024-05-09T02:36:43.722+0000 7fd908428700 1 -- 172.21.15.60:0/2276610194 >> [v2:172.21.15.60:3300/0,v1:172.21.15.60:6789/0] conn(0x7fd900109c20 msgr2=0x7fd90019df90 secure :-1 s=STATE_CONNECTION_ESTABLISHED l=1).mark_down
2024-05-09T02:36:44.276 INFO:teuthology.orchestra.run.smithi060.stdout:/usr/bin/ceph: stderr
2024-05-09T02:36:43.722+0000 7fd908428700 1 --2- 172.21.15.60:0/2276610194 >> [v2:172.21.15.60:3300/0,v1:172.21.15.60:6789/0] conn(0x7fd900109c20 0x7fd90019df90 secure :-1 s=READY pgs=77 cs=0 l=1 rev1=1 crypto rx=0x7fd8fc009fd0 tx=0x7fd8fc00bd30 comp rx=0 tx=0).stop
2024-05-09T02:36:44.276 INFO:teuthology.orchestra.run.smithi060.stdout:/usr/bin/ceph: stderr
2024-05-09T02:36:43.722+0000 7fd908428700 1 -- 172.21.15.60:0/2276610194 shutdown_connections
2024-05-09T02:36:44.277 INFO:teuthology.orchestra.run.smithi060.stdout:/usr/bin/ceph: stderr
2024-05-09T02:36:43.722+0000 7fd908428700 1 --2- 172.21.15.60:0/2276610194 >> [v2:172.21.15.60:6800/3214028785,v1:172.21.15.60:6801/3214028785] conn(0x7fd8ec03e4c0 0x7fd8ec0409d0 unknown :-1 s=CLOSED pgs=10 cs=0 l=1 rev1=1 crypto rx=0 tx=0 comp rx=0 tx=0).stop
2024-05-09T02:36:44.277 INFO:teuthology.orchestra.run.smithi060.stdout:/usr/bin/ceph: stderr
2024-05-09T02:36:43.722+0000 7fd908428700 1 --2- 172.21.15.60:0/2276610194 >> [v2:172.21.15.60:3300/0,v1:172.21.15.60:6789/0] conn(0x7fd900109c20 0x7fd90019df90 unknown :-1 s=CLOSED pgs=77 cs=0 l=1 rev1=1 crypto rx=0 tx=0 comp rx=0 tx=0).stop
2024-05-09T02:36:44.277 INFO:teuthology.orchestra.run.smithi060.stdout:/usr/bin/ceph: stderr
2024-05-09T02:36:43.722+0000 7fd908428700 1 -- 172.21.15.60:0/2276610194 >> 172.21.15.60:0/2276610194 conn(0x7fd900105260 msgr2=0x7fd900105b20 unknown :-1 s=STATE_NONE l=0).mark_down
2024-05-09T02:36:44.277 INFO:teuthology.orchestra.run.smithi060.stdout:/usr/bin/ceph: stderr
2024-05-09T02:36:43.722+0000 7fd908428700 1 -- 172.21.15.60:0/2276610194 shutdown_connections
2024-05-09T02:36:44.277 INFO:teuthology.orchestra.run.smithi060.stdout:/usr/bin/ceph: stderr
2024-05-09T02:36:43.722+0000 7fd908428700 1 -- 172.21.15.60:0/2276610194 wait complete.
2024-05-09T02:36:45.680 INFO:teuthology.orchestra.run.smithi060.stdout:/usr/bin/ceph: stderr
2024-05-09T02:36:44.711+0000 7fcd177e7700 1 Processor -- start
2024-05-09T02:36:45.681 INFO:teuthology.orchestra.run.smithi060.stdout:/usr/bin/ceph: stderr
2024-05-09T02:36:44.711+0000 7fcd177e7700 1 -- start start
2024-05-09T02:36:45.681 INFO:teuthology.orchestra.run.smithi060.stdout:/usr/bin/ceph: stderr
2024-05-09T02:36:44.711+0000 7fcd177e7700 1 --2- >> [v2:172.21.15.60:3300/0,v1:172.21.15.60:6789/0] conn(0x7fcd1007d570 0x7fcd1010c710 unknown :-1 s=NONE pgs=0 cs=0 l=0 rev1=0 crypto rx=0 tx=0 comp rx=0 tx=0).connect
2024-05-09T02:36:45.681 INFO:teuthology.orchestra.run.smithi060.stdout:/usr/bin/ceph: stderr
2024-05-09T02:36:44.712+0000 7fcd177e7700 1 -- --> [v2:172.21.15.60:3300/0,v1:172.21.15.60:6789/0] -- mon_getmap magic: 0 -- 0x7fcd1010cd20 con 0x7fcd1007d570
2024-05-09T02:36:45.681 INFO:teuthology.orchestra.run.smithi060.stdout:/usr/bin/ceph: stderr
2024-05-09T02:36:44.712+0000 7fcd15583700 1 --2- >> [v2:172.21.15.60:3300/0,v1:172.21.15.60:6789/0] conn(0x7fcd1007d570 0x7fcd1010c710 unknown :-1 s=BANNER_CONNECTING pgs=0 cs=0 l=0 rev1=0 crypto rx=0 tx=0 comp rx=0 tx=0)._handle_peer_banner_payload supported=3 required=0
2024-05-09T02:36:45.681 INFO:teuthology.orchestra.run.smithi060.stdout:/usr/bin/ceph: stderr
2024-05-09T02:36:44.712+0000 7fcd15583700 1 --2- >> [v2:172.21.15.60:3300/0,v1:172.21.15.60:6789/0] conn(0x7fcd1007d570 0x7fcd1010c710 unknown :-1 s=HELLO_CONNECTING pgs=0 cs=0 l=0 rev1=1 crypto rx=0 tx=0 comp rx=0 tx=0).handle_hello peer v2:172.21.15.60:3300/0 says I am v2:172.21.15.60:39066/0 (socket says 172.21.15.60:39066)
2024-05-09T02:36:45.681 INFO:teuthology.orchestra.run.smithi060.stdout:/usr/bin/ceph: stderr
2024-05-09T02:36:44.712+0000 7fcd15583700 1 -- 172.21.15.60:0/1692293498 learned_addr learned my addr 172.21.15.60:0/1692293498 (peer_addr_for_me v2:172.21.15.60:0/0)
2024-05-09T02:36:45.681 INFO:teuthology.orchestra.run.smithi060.stdout:/usr/bin/ceph: stderr
2024-05-09T02:36:44.712+0000 7fcd15583700 1 -- 172.21.15.60:0/1692293498 --> [v2:172.21.15.60:3300/0,v1:172.21.15.60:6789/0] -- mon_subscribe({config=0+,monmap=0+}) -- 0x7fcd1010cea0 con 0x7fcd1007d570
2024-05-09T02:36:45.681 INFO:teuthology.orchestra.run.smithi060.stdout:/usr/bin/ceph: stderr
2024-05-09T02:36:44.712+0000 7fcd15583700 1 --2- 172.21.15.60:0/1692293498 >> [v2:172.21.15.60:3300/0,v1:172.21.15.60:6789/0] conn(0x7fcd1007d570 0x7fcd1010c710 secure :-1 s=READY pgs=78 cs=0 l=1 rev1=1 crypto rx=0x7fcd0c0098a0 tx=0x7fcd0c009bb0 comp rx=0 tx=0).ready entity=mon.0 client_cookie=91053c80997b9ef1 server_cookie=0 in_seq=0 out_seq=0
2024-05-09T02:36:45.682 INFO:teuthology.orchestra.run.smithi060.stdout:/usr/bin/ceph: stderr
2024-05-09T02:36:44.712+0000 7fcd07fff700 1 -- 172.21.15.60:0/1692293498 <== mon.0 v2:172.21.15.60:3300/0 1 ==== mon_map magic: 0 ==== 205+0+0 (secure 0 0 0) 0x7fcd0c004160 con 0x7fcd1007d570
2024-05-09T02:36:45.682 INFO:teuthology.orchestra.run.smithi060.stdout:/usr/bin/ceph: stderr
2024-05-09T02:36:44.712+0000 7fcd07fff700 1 -- 172.21.15.60:0/1692293498 <== mon.0 v2:172.21.15.60:3300/0 2 ==== config(26 keys) ==== 1101+0+0 (secure 0 0 0) 0x7fcd0c004300 con 0x7fcd1007d570
2024-05-09T02:36:45.682 INFO:teuthology.orchestra.run.smithi060.stdout:/usr/bin/ceph: stderr
2024-05-09T02:36:44.712+0000 7fcd07fff700 1 -- 172.21.15.60:0/1692293498 <== mon.0 v2:172.21.15.60:3300/0 3 ==== mon_map magic: 0 ==== 205+0+0 (secure 0 0 0) 0x7fcd0c011a20 con 0x7fcd1007d570
2024-05-09T02:36:45.682 INFO:teuthology.orchestra.run.smithi060.stdout:/usr/bin/ceph: stderr
2024-05-09T02:36:44.713+0000 7fcd177e7700 1 -- 172.21.15.60:0/1692293498 >> [v2:172.21.15.60:3300/0,v1:172.21.15.60:6789/0] conn(0x7fcd1007d570 msgr2=0x7fcd1010c710 secure :-1 s=STATE_CONNECTION_ESTABLISHED l=1).mark_down
2024-05-09T02:36:45.682 INFO:teuthology.orchestra.run.smithi060.stdout:/usr/bin/ceph: stderr
2024-05-09T02:36:44.713+0000 7fcd177e7700 1 --2- 172.21.15.60:0/1692293498 >> [v2:172.21.15.60:3300/0,v1:172.21.15.60:6789/0] conn(0x7fcd1007d570 0x7fcd1010c710 secure :-1 s=READY pgs=78 cs=0 l=1 rev1=1 crypto rx=0x7fcd0c0098a0 tx=0x7fcd0c009bb0 comp rx=0 tx=0).stop
2024-05-09T02:36:45.682 INFO:teuthology.orchestra.run.smithi060.stdout:/usr/bin/ceph: stderr
2024-05-09T02:36:44.713+0000 7fcd177e7700 1 -- 172.21.15.60:0/1692293498 shutdown_connections
2024-05-09T02:36:45.682 INFO:teuthology.orchestra.run.smithi060.stdout:/usr/bin/ceph: stderr
2024-05-09T02:36:44.713+0000 7fcd177e7700 1 --2- 172.21.15.60:0/1692293498 >> [v2:172.21.15.60:3300/0,v1:172.21.15.60:6789/0] conn(0x7fcd1007d570 0x7fcd1010c710 unknown :-1 s=CLOSED pgs=78 cs=0 l=1 rev1=1 crypto rx=0 tx=0 comp rx=0 tx=0).stop
2024-05-09T02:36:45.682 INFO:teuthology.orchestra.run.smithi060.stdout:/usr/bin/ceph: stderr
2024-05-09T02:36:44.713+0000 7fcd177e7700 1 -- 172.21.15.60:0/1692293498 >> 172.21.15.60:0/1692293498 conn(0x7fcd10104100 msgr2=0x7fcd101065d0 unknown :-1 s=STATE_NONE l=0).mark_down
2024-05-09T02:36:45.682 INFO:teuthology.orchestra.run.smithi060.stdout:/usr/bin/ceph: stderr
2024-05-09T02:36:44.713+0000 7fcd177e7700 1 -- 172.21.15.60:0/1692293498 shutdown_connections
2024-05-09T02:36:45.682 INFO:teuthology.orchestra.run.smithi060.stdout:/usr/bin/ceph: stderr
2024-05-09T02:36:44.713+0000 7fcd177e7700 1 -- 172.21.15.60:0/1692293498 wait complete.
2024-05-09T02:36:45.682 INFO:teuthology.orchestra.run.smithi060.stdout:/usr/bin/ceph: stderr
2024-05-09T02:36:44.714+0000 7fcd177e7700 1 Processor -- start
2024-05-09T02:36:45.682 INFO:teuthology.orchestra.run.smithi060.stdout:/usr/bin/ceph: stderr
2024-05-09T02:36:44.714+0000 7fcd177e7700 1 -- start start
2024-05-09T02:36:45.682 INFO:teuthology.orchestra.run.smithi060.stdout:/usr/bin/ceph: stderr
2024-05-09T02:36:44.714+0000 7fcd177e7700 1 --2- >> [v2:172.21.15.60:3300/0,v1:172.21.15.60:6789/0] conn(0x7fcd1007d570 0x7fcd1019df00 unknown :-1 s=NONE pgs=0 cs=0 l=1 rev1=0 crypto rx=0 tx=0 comp rx=0 tx=0).connect
2024-05-09T02:36:45.683 INFO:teuthology.orchestra.run.smithi060.stdout:/usr/bin/ceph: stderr
2024-05-09T02:36:44.714+0000 7fcd177e7700 1 -- --> [v2:172.21.15.60:3300/0,v1:172.21.15.60:6789/0] -- mon_getmap magic: 0 -- 0x7fcd1010df60 con 0x7fcd1007d570
2024-05-09T02:36:45.683 INFO:teuthology.orchestra.run.smithi060.stdout:/usr/bin/ceph: stderr
2024-05-09T02:36:44.715+0000 7fcd15583700 1 --2- >> [v2:172.21.15.60:3300/0,v1:172.21.15.60:6789/0] conn(0x7fcd1007d570 0x7fcd1019df00 unknown :-1 s=BANNER_CONNECTING pgs=0 cs=0 l=1 rev1=0 crypto rx=0 tx=0 comp rx=0 tx=0)._handle_peer_banner_payload supported=3 required=0
2024-05-09T02:36:45.683 INFO:teuthology.orchestra.run.smithi060.stdout:/usr/bin/ceph: stderr
2024-05-09T02:36:44.715+0000 7fcd15583700 1 --2- >> [v2:172.21.15.60:3300/0,v1:172.21.15.60:6789/0] conn(0x7fcd1007d570 0x7fcd1019df00 unknown :-1 s=HELLO_CONNECTING pgs=0 cs=0 l=1 rev1=1 crypto rx=0 tx=0 comp rx=0 tx=0).handle_hello peer v2:172.21.15.60:3300/0 says I am v2:172.21.15.60:39070/0 (socket says 172.21.15.60:39070)
2024-05-09T02:36:45.683 INFO:teuthology.orchestra.run.smithi060.stdout:/usr/bin/ceph: stderr
2024-05-09T02:36:44.715+0000 7fcd15583700 1 -- 172.21.15.60:0/1057343525 learned_addr learned my addr 172.21.15.60:0/1057343525 (peer_addr_for_me v2:172.21.15.60:0/0)
2024-05-09T02:36:45.683 INFO:teuthology.orchestra.run.smithi060.stdout:/usr/bin/ceph: stderr
2024-05-09T02:36:44.715+0000 7fcd15583700 1 -- 172.21.15.60:0/1057343525 --> [v2:172.21.15.60:3300/0,v1:172.21.15.60:6789/0] -- mon_subscribe({config=0+,monmap=0+}) -- 0x7fcd1019e440 con 0x7fcd1007d570
2024-05-09T02:36:45.683 INFO:teuthology.orchestra.run.smithi060.stdout:/usr/bin/ceph: stderr
2024-05-09T02:36:44.715+0000 7fcd15583700 1 --2- 172.21.15.60:0/1057343525 >> [v2:172.21.15.60:3300/0,v1:172.21.15.60:6789/0] conn(0x7fcd1007d570 0x7fcd1019df00 secure :-1 s=READY pgs=79 cs=0 l=1 rev1=1 crypto rx=0x7fcd0c000c00 tx=0x7fcd0c011aa0 comp rx=0 tx=0).ready entity=mon.0 client_cookie=0 server_cookie=0 in_seq=0 out_seq=0
2024-05-09T02:36:45.683 INFO:teuthology.orchestra.run.smithi060.stdout:/usr/bin/ceph: stderr
2024-05-09T02:36:44.715+0000 7fcd067fc700 1 -- 172.21.15.60:0/1057343525 <== mon.0 v2:172.21.15.60:3300/0 1 ==== mon_map magic: 0 ==== 205+0+0 (secure 0 0 0) 0x7fcd0c003aa0 con 0x7fcd1007d570
2024-05-09T02:36:45.683 INFO:teuthology.orchestra.run.smithi060.stdout:/usr/bin/ceph: stderr
2024-05-09T02:36:44.715+0000 7fcd177e7700 1 -- 172.21.15.60:0/1057343525 --> [v2:172.21.15.60:3300/0,v1:172.21.15.60:6789/0] -- mon_subscribe({mgrmap=0+}) -- 0x7fcd1019e6d0 con 0x7fcd1007d570
2024-05-09T02:36:45.683 INFO:teuthology.orchestra.run.smithi060.stdout:/usr/bin/ceph: stderr
2024-05-09T02:36:44.715+0000 7fcd067fc700 1 -- 172.21.15.60:0/1057343525 <== mon.0 v2:172.21.15.60:3300/0 2 ==== config(26 keys) ==== 1101+0+0 (secure 0 0 0) 0x7fcd0c01b8f0 con 0x7fcd1007d570
2024-05-09T02:36:45.683 INFO:teuthology.orchestra.run.smithi060.stdout:/usr/bin/ceph: stderr
2024-05-09T02:36:44.715+0000 7fcd067fc700 1 -- 172.21.15.60:0/1057343525 <== mon.0 v2:172.21.15.60:3300/0 3 ==== mon_map magic: 0 ==== 205+0+0 (secure 0 0 0) 0x7fcd0c023890 con 0x7fcd1007d570
2024-05-09T02:36:45.683 INFO:teuthology.orchestra.run.smithi060.stdout:/usr/bin/ceph: stderr
2024-05-09T02:36:44.715+0000 7fcd177e7700 1 -- 172.21.15.60:0/1057343525 --> [v2:172.21.15.60:3300/0,v1:172.21.15.60:6789/0] -- mon_subscribe({osdmap=0}) -- 0x7fcd101a12e0 con 0x7fcd1007d570
2024-05-09T02:36:45.683 INFO:teuthology.orchestra.run.smithi060.stdout:/usr/bin/ceph: stderr
2024-05-09T02:36:44.716+0000 7fcd177e7700 1 -- 172.21.15.60:0/1057343525 --> [v2:172.21.15.60:3300/0,v1:172.21.15.60:6789/0] -- mon_command({"prefix": "get_command_descriptions"} v 0) -- 0x7fcd10064e20 con 0x7fcd1007d570
2024-05-09T02:36:45.683 INFO:teuthology.orchestra.run.smithi060.stdout:/usr/bin/ceph: stderr
2024-05-09T02:36:44.716+0000 7fcd067fc700 1 -- 172.21.15.60:0/1057343525 <== mon.0 v2:172.21.15.60:3300/0 4 ==== mgrmap(e 13) ==== 50278+0+0 (secure 0 0 0) 0x7fcd0c02c3f0 con 0x7fcd1007d570
2024-05-09T02:36:45.684 INFO:teuthology.orchestra.run.smithi060.stdout:/usr/bin/ceph: stderr
2024-05-09T02:36:44.717+0000 7fcd067fc700 1 --2- 172.21.15.60:0/1057343525 >> [v2:172.21.15.60:6800/3214028785,v1:172.21.15.60:6801/3214028785] conn(0x7fccfc03e560 0x7fccfc040a70 unknown :-1 s=NONE pgs=0 cs=0 l=1 rev1=0 crypto rx=0 tx=0 comp rx=0 tx=0).connect
2024-05-09T02:36:45.684 INFO:teuthology.orchestra.run.smithi060.stdout:/usr/bin/ceph: stderr
2024-05-09T02:36:44.717+0000 7fcd067fc700 1 -- 172.21.15.60:0/1057343525 <== mon.0 v2:172.21.15.60:3300/0 5 ==== osd_map(3..3 src has 1..3) ==== 1155+0+0 (secure 0 0 0) 0x7fcd0c054010 con 0x7fcd1007d570
2024-05-09T02:36:45.684 INFO:teuthology.orchestra.run.smithi060.stdout:/usr/bin/ceph: stderr
2024-05-09T02:36:44.717+0000 7fcd14d82700 1 --2- 172.21.15.60:0/1057343525 >> [v2:172.21.15.60:6800/3214028785,v1:172.21.15.60:6801/3214028785] conn(0x7fccfc03e560 0x7fccfc040a70 unknown :-1 s=BANNER_CONNECTING pgs=0 cs=0 l=1 rev1=0 crypto rx=0 tx=0 comp rx=0 tx=0)._handle_peer_banner_payload supported=3 required=0
2024-05-09T02:36:45.684 INFO:teuthology.orchestra.run.smithi060.stdout:/usr/bin/ceph: stderr
2024-05-09T02:36:44.717+0000 7fcd14d82700 1 --2- 172.21.15.60:0/1057343525 >> [v2:172.21.15.60:6800/3214028785,v1:172.21.15.60:6801/3214028785] conn(0x7fccfc03e560 0x7fccfc040a70 secure :-1 s=READY pgs=11 cs=0 l=1 rev1=1 crypto rx=0x7fcd00006fd0 tx=0x7fcd00006e40 comp rx=0 tx=0).ready entity=mgr.14152 client_cookie=0 server_cookie=0 in_seq=0 out_seq=0
2024-05-09T02:36:45.684 INFO:teuthology.orchestra.run.smithi060.stdout:/usr/bin/ceph: stderr
2024-05-09T02:36:44.722+0000 7fcd067fc700 1 -- 172.21.15.60:0/1057343525 <== mon.0 v2:172.21.15.60:3300/0 6 ==== mon_command_ack([{"prefix": "get_command_descriptions"}]=0 v0) ==== 72+0+191963 (secure 0 0 0) 0x7fcd0c01f030 con 0x7fcd1007d570
2024-05-09T02:36:45.684 INFO:teuthology.orchestra.run.smithi060.stdout:/usr/bin/ceph: stderr
2024-05-09T02:36:45.052+0000 7fcd177e7700 1 -- 172.21.15.60:0/1057343525 --> [v2:172.21.15.60:3300/0,v1:172.21.15.60:6789/0] -- mon_command([{prefix=config-key set, key=mgr/dashboard/cluster/status}] v 0) -- 0x7fcd101a14b0 con 0x7fcd1007d570
2024-05-09T02:36:45.684 INFO:teuthology.orchestra.run.smithi060.stdout:/usr/bin/ceph: stderr
2024-05-09T02:36:45.055+0000 7fcd067fc700 1 -- 172.21.15.60:0/1057343525 <== mon.0 v2:172.21.15.60:3300/0 7 ==== mon_command_ack([{prefix=config-key set, key=mgr/dashboard/cluster/status}]=0 set mgr/dashboard/cluster/status v26)=0 set mgr/dashboard/cluster/status v26) ==== 153+0+0 (secure 0 0 0) 0x7fcd0c010380 con 0x7fcd1007d570
2024-05-09T02:36:45.684 INFO:teuthology.orchestra.run.smithi060.stdout:/usr/bin/ceph: stderr
2024-05-09T02:36:45.057+0000 7fcd177e7700 1 -- 172.21.15.60:0/1057343525 >> [v2:172.21.15.60:6800/3214028785,v1:172.21.15.60:6801/3214028785] conn(0x7fccfc03e560 msgr2=0x7fccfc040a70 secure :-1 s=STATE_CONNECTION_ESTABLISHED l=1).mark_down
2024-05-09T02:36:45.684 INFO:teuthology.orchestra.run.smithi060.stdout:/usr/bin/ceph: stderr
2024-05-09T02:36:45.057+0000 7fcd177e7700 1 --2- 172.21.15.60:0/1057343525 >> [v2:172.21.15.60:6800/3214028785,v1:172.21.15.60:6801/3214028785] conn(0x7fccfc03e560 0x7fccfc040a70 secure :-1 s=READY pgs=11 cs=0 l=1 rev1=1 crypto rx=0x7fcd00006fd0 tx=0x7fcd00006e40 comp rx=0 tx=0).stop
2024-05-09T02:36:45.684 INFO:teuthology.orchestra.run.smithi060.stdout:/usr/bin/ceph: stderr
2024-05-09T02:36:45.057+0000 7fcd177e7700 1 -- 172.21.15.60:0/1057343525 >> [v2:172.21.15.60:3300/0,v1:172.21.15.60:6789/0] conn(0x7fcd1007d570 msgr2=0x7fcd1019df00 secure :-1 s=STATE_CONNECTION_ESTABLISHED l=1).mark_down
2024-05-09T02:36:45.684 INFO:teuthology.orchestra.run.smithi060.stdout:/usr/bin/ceph: stderr
2024-05-09T02:36:45.057+0000 7fcd177e7700 1 --2- 172.21.15.60:0/1057343525 >> [v2:172.21.15.60:3300/0,v1:172.21.15.60:6789/0] conn(0x7fcd1007d570 0x7fcd1019df00 secure :-1 s=READY pgs=79 cs=0 l=1 rev1=1 crypto rx=0x7fcd0c000c00 tx=0x7fcd0c011aa0 comp rx=0 tx=0).stop
2024-05-09T02:36:45.684 INFO:teuthology.orchestra.run.smithi060.stdout:/usr/bin/ceph: stderr
2024-05-09T02:36:45.057+0000 7fcd177e7700 1 -- 172.21.15.60:0/1057343525 shutdown_connections
2024-05-09T02:36:45.684 INFO:teuthology.orchestra.run.smithi060.stdout:/usr/bin/ceph: stderr
2024-05-09T02:36:45.057+0000 7fcd177e7700 1 --2- 172.21.15.60:0/1057343525 >> [v2:172.21.15.60:6800/3214028785,v1:172.21.15.60:6801/3214028785] conn(0x7fccfc03e560 0x7fccfc040a70 unknown :-1 s=CLOSED pgs=11 cs=0 l=1 rev1=1 crypto rx=0 tx=0 comp rx=0 tx=0).stop
2024-05-09T02:36:45.685 INFO:teuthology.orchestra.run.smithi060.stdout:/usr/bin/ceph: stderr
2024-05-09T02:36:45.057+0000 7fcd177e7700 1 --2- 172.21.15.60:0/1057343525 >> [v2:172.21.15.60:3300/0,v1:172.21.15.60:6789/0] conn(0x7fcd1007d570 0x7fcd1019df00 unknown :-1 s=CLOSED pgs=79 cs=0 l=1 rev1=1 crypto rx=0 tx=0 comp rx=0 tx=0).stop
2024-05-09T02:36:45.685 INFO:teuthology.orchestra.run.smithi060.stdout:/usr/bin/ceph: stderr
2024-05-09T02:36:45.057+0000 7fcd177e7700 1 -- 172.21.15.60:0/1057343525 >> 172.21.15.60:0/1057343525 conn(0x7fcd10104100 msgr2=0x7fcd10104990 unknown :-1 s=STATE_NONE l=0).mark_down
2024-05-09T02:36:45.685 INFO:teuthology.orchestra.run.smithi060.stdout:/usr/bin/ceph: stderr
2024-05-09T02:36:45.058+0000 7fcd177e7700 1 -- 172.21.15.60:0/1057343525 shutdown_connections
2024-05-09T02:36:45.685 INFO:teuthology.orchestra.run.smithi060.stdout:/usr/bin/ceph: stderr
2024-05-09T02:36:45.058+0000 7fcd177e7700 1 -- 172.21.15.60:0/1057343525 wait complete.
2024-05-09T02:36:45.685 INFO:teuthology.orchestra.run.smithi060.stdout:/usr/bin/ceph: stderr set mgr/dashboard/cluster/status
2024-05-09T02:36:45.685 INFO:teuthology.orchestra.run.smithi060.stdout:You can access the Ceph CLI as following in case of multi-cluster or non-default config:
2024-05-09T02:36:45.685 INFO:teuthology.orchestra.run.smithi060.stdout:
2024-05-09T02:36:45.685 INFO:teuthology.orchestra.run.smithi060.stdout: sudo /home/ubuntu/cephtest/cephadm shell --fsid a8350c7a-0dac-11ef-bc97-c7b262605968 -c /etc/ceph/ceph.conf -k /etc/ceph/ceph.client.admin.keyring
2024-05-09T02:36:45.685 INFO:teuthology.orchestra.run.smithi060.stdout:
2024-05-09T02:36:45.685 INFO:teuthology.orchestra.run.smithi060.stdout:Or, if you are only running a single cluster on this host:
2024-05-09T02:36:45.685 INFO:teuthology.orchestra.run.smithi060.stdout:
2024-05-09T02:36:45.685 INFO:teuthology.orchestra.run.smithi060.stdout: sudo /home/ubuntu/cephtest/cephadm shell
2024-05-09T02:36:45.685 INFO:teuthology.orchestra.run.smithi060.stdout:
2024-05-09T02:36:45.685 INFO:teuthology.orchestra.run.smithi060.stdout:Please consider enabling telemetry to help improve Ceph:
2024-05-09T02:36:45.685 INFO:teuthology.orchestra.run.smithi060.stdout:
2024-05-09T02:36:45.686 INFO:teuthology.orchestra.run.smithi060.stdout: ceph telemetry on
2024-05-09T02:36:45.686 INFO:teuthology.orchestra.run.smithi060.stdout:
2024-05-09T02:36:45.686 INFO:teuthology.orchestra.run.smithi060.stdout:For more information see:
2024-05-09T02:36:45.686 INFO:teuthology.orchestra.run.smithi060.stdout:
2024-05-09T02:36:45.686 INFO:teuthology.orchestra.run.smithi060.stdout: https://docs.ceph.com/en/latest/mgr/telemetry/
2024-05-09T02:36:45.686 INFO:teuthology.orchestra.run.smithi060.stdout:
2024-05-09T02:36:45.686 INFO:teuthology.orchestra.run.smithi060.stdout:Bootstrap complete.
2024-05-09T02:36:45.722 INFO:tasks.cephadm:Fetching config...
2024-05-09T02:36:45.723 DEBUG:teuthology.orchestra.run.smithi060:> set -ex
2024-05-09T02:36:45.723 DEBUG:teuthology.orchestra.run.smithi060:> dd if=/etc/ceph/ceph.conf of=/dev/stdout
2024-05-09T02:36:45.741 INFO:tasks.cephadm:Fetching client.admin keyring...
2024-05-09T02:36:45.742 DEBUG:teuthology.orchestra.run.smithi060:> set -ex
2024-05-09T02:36:45.742 DEBUG:teuthology.orchestra.run.smithi060:> dd if=/etc/ceph/ceph.client.admin.keyring of=/dev/stdout
2024-05-09T02:36:45.799 INFO:tasks.cephadm:Fetching mon keyring...
2024-05-09T02:36:45.799 DEBUG:teuthology.orchestra.run.smithi060:> set -ex
2024-05-09T02:36:45.799 DEBUG:teuthology.orchestra.run.smithi060:> sudo dd if=/var/lib/ceph/a8350c7a-0dac-11ef-bc97-c7b262605968/mon.a/keyring of=/dev/stdout
2024-05-09T02:36:45.865 INFO:tasks.cephadm:Fetching pub ssh key...
2024-05-09T02:36:45.866 DEBUG:teuthology.orchestra.run.smithi060:> set -ex
2024-05-09T02:36:45.866 DEBUG:teuthology.orchestra.run.smithi060:> dd if=/home/ubuntu/cephtest/ceph.pub of=/dev/stdout
2024-05-09T02:36:45.922 INFO:tasks.cephadm:Installing pub ssh key for root users...
2024-05-09T02:36:45.923 DEBUG:teuthology.orchestra.run.smithi060:> sudo install -d -m 0700 /root/.ssh && echo 'ssh-rsa AAAAB3NzaC1yc2EAAAADAQABAAABgQC4Bsc7aqqY3eQJNhjGSKag7ANM0ON1jSDPS0ndOPqf35ESX7iSl0560P2mFkUxJEu/2tib7kip66Ks0W0fNWyRfMxWbGBGFyn8Hg+GVvKUk5hBPhjCyEqskcu+ttDQYzYz2brGXnZxjG2A560CtFNt674j+AkA87vK3jW+Om4DQkcLxgWI9zAQaKQ78PHhYl+0LlfuaJjxamjbwdwAALMKOvAp8ZW2rW8UkcPURgKFb8BxO94qvQ0HDY4DOuiDjrPBu0OP4cFUo4TnFeyg36xZzIl7M8msqQFlaiRDi09Y7UyKAtA0UCmwVOgB86i0cL2MflAXUZeQ9fMD3PdlW1ae97NWriL+q/45RN/Zfu9oS+yQ/3gK0y/2mqaVSYhLZraoSaMVWx4Ycf/7mmzNIdOm5crS4m6uiei1qnD0FbOtK6vExwOdDsEu5jhhCyfzyeCwhsz2m0yAMXaTeyXWM37BwVSR7EIN8fyUX/nTauVZXLMqn8++zHMkemlFziz81vk= ceph-a8350c7a-0dac-11ef-bc97-c7b262605968' | sudo tee -a /root/.ssh/authorized_keys && sudo chmod 0600 /root/.ssh/authorized_keys
2024-05-09T02:36:45.999 INFO:teuthology.orchestra.run.smithi060.stdout:ssh-rsa AAAAB3NzaC1yc2EAAAADAQABAAABgQC4Bsc7aqqY3eQJNhjGSKag7ANM0ON1jSDPS0ndOPqf35ESX7iSl0560P2mFkUxJEu/2tib7kip66Ks0W0fNWyRfMxWbGBGFyn8Hg+GVvKUk5hBPhjCyEqskcu+ttDQYzYz2brGXnZxjG2A560CtFNt674j+AkA87vK3jW+Om4DQkcLxgWI9zAQaKQ78PHhYl+0LlfuaJjxamjbwdwAALMKOvAp8ZW2rW8UkcPURgKFb8BxO94qvQ0HDY4DOuiDjrPBu0OP4cFUo4TnFeyg36xZzIl7M8msqQFlaiRDi09Y7UyKAtA0UCmwVOgB86i0cL2MflAXUZeQ9fMD3PdlW1ae97NWriL+q/45RN/Zfu9oS+yQ/3gK0y/2mqaVSYhLZraoSaMVWx4Ycf/7mmzNIdOm5crS4m6uiei1qnD0FbOtK6vExwOdDsEu5jhhCyfzyeCwhsz2m0yAMXaTeyXWM37BwVSR7EIN8fyUX/nTauVZXLMqn8++zHMkemlFziz81vk= ceph-a8350c7a-0dac-11ef-bc97-c7b262605968
2024-05-09T02:36:46.019 DEBUG:teuthology.orchestra.run.smithi123:> sudo install -d -m 0700 /root/.ssh && echo 'ssh-rsa AAAAB3NzaC1yc2EAAAADAQABAAABgQC4Bsc7aqqY3eQJNhjGSKag7ANM0ON1jSDPS0ndOPqf35ESX7iSl0560P2mFkUxJEu/2tib7kip66Ks0W0fNWyRfMxWbGBGFyn8Hg+GVvKUk5hBPhjCyEqskcu+ttDQYzYz2brGXnZxjG2A560CtFNt674j+AkA87vK3jW+Om4DQkcLxgWI9zAQaKQ78PHhYl+0LlfuaJjxamjbwdwAALMKOvAp8ZW2rW8UkcPURgKFb8BxO94qvQ0HDY4DOuiDjrPBu0OP4cFUo4TnFeyg36xZzIl7M8msqQFlaiRDi09Y7UyKAtA0UCmwVOgB86i0cL2MflAXUZeQ9fMD3PdlW1ae97NWriL+q/45RN/Zfu9oS+yQ/3gK0y/2mqaVSYhLZraoSaMVWx4Ycf/7mmzNIdOm5crS4m6uiei1qnD0FbOtK6vExwOdDsEu5jhhCyfzyeCwhsz2m0yAMXaTeyXWM37BwVSR7EIN8fyUX/nTauVZXLMqn8++zHMkemlFziz81vk= ceph-a8350c7a-0dac-11ef-bc97-c7b262605968' | sudo tee -a /root/.ssh/authorized_keys && sudo chmod 0600 /root/.ssh/authorized_keys
2024-05-09T02:36:46.059 INFO:teuthology.orchestra.run.smithi123.stdout:ssh-rsa AAAAB3NzaC1yc2EAAAADAQABAAABgQC4Bsc7aqqY3eQJNhjGSKag7ANM0ON1jSDPS0ndOPqf35ESX7iSl0560P2mFkUxJEu/2tib7kip66Ks0W0fNWyRfMxWbGBGFyn8Hg+GVvKUk5hBPhjCyEqskcu+ttDQYzYz2brGXnZxjG2A560CtFNt674j+AkA87vK3jW+Om4DQkcLxgWI9zAQaKQ78PHhYl+0LlfuaJjxamjbwdwAALMKOvAp8ZW2rW8UkcPURgKFb8BxO94qvQ0HDY4DOuiDjrPBu0OP4cFUo4TnFeyg36xZzIl7M8msqQFlaiRDi09Y7UyKAtA0UCmwVOgB86i0cL2MflAXUZeQ9fMD3PdlW1ae97NWriL+q/45RN/Zfu9oS+yQ/3gK0y/2mqaVSYhLZraoSaMVWx4Ycf/7mmzNIdOm5crS4m6uiei1qnD0FbOtK6vExwOdDsEu5jhhCyfzyeCwhsz2m0yAMXaTeyXWM37BwVSR7EIN8fyUX/nTauVZXLMqn8++zHMkemlFziz81vk= ceph-a8350c7a-0dac-11ef-bc97-c7b262605968
2024-05-09T02:36:46.070 DEBUG:teuthology.orchestra.run.smithi156:> sudo install -d -m 0700 /root/.ssh && echo 'ssh-rsa AAAAB3NzaC1yc2EAAAADAQABAAABgQC4Bsc7aqqY3eQJNhjGSKag7ANM0ON1jSDPS0ndOPqf35ESX7iSl0560P2mFkUxJEu/2tib7kip66Ks0W0fNWyRfMxWbGBGFyn8Hg+GVvKUk5hBPhjCyEqskcu+ttDQYzYz2brGXnZxjG2A560CtFNt674j+AkA87vK3jW+Om4DQkcLxgWI9zAQaKQ78PHhYl+0LlfuaJjxamjbwdwAALMKOvAp8ZW2rW8UkcPURgKFb8BxO94qvQ0HDY4DOuiDjrPBu0OP4cFUo4TnFeyg36xZzIl7M8msqQFlaiRDi09Y7UyKAtA0UCmwVOgB86i0cL2MflAXUZeQ9fMD3PdlW1ae97NWriL+q/45RN/Zfu9oS+yQ/3gK0y/2mqaVSYhLZraoSaMVWx4Ycf/7mmzNIdOm5crS4m6uiei1qnD0FbOtK6vExwOdDsEu5jhhCyfzyeCwhsz2m0yAMXaTeyXWM37BwVSR7EIN8fyUX/nTauVZXLMqn8++zHMkemlFziz81vk= ceph-a8350c7a-0dac-11ef-bc97-c7b262605968' | sudo tee -a /root/.ssh/authorized_keys && sudo chmod 0600 /root/.ssh/authorized_keys
2024-05-09T02:36:46.109 INFO:teuthology.orchestra.run.smithi156.stdout:ssh-rsa AAAAB3NzaC1yc2EAAAADAQABAAABgQC4Bsc7aqqY3eQJNhjGSKag7ANM0ON1jSDPS0ndOPqf35ESX7iSl0560P2mFkUxJEu/2tib7kip66Ks0W0fNWyRfMxWbGBGFyn8Hg+GVvKUk5hBPhjCyEqskcu+ttDQYzYz2brGXnZxjG2A560CtFNt674j+AkA87vK3jW+Om4DQkcLxgWI9zAQaKQ78PHhYl+0LlfuaJjxamjbwdwAALMKOvAp8ZW2rW8UkcPURgKFb8BxO94qvQ0HDY4DOuiDjrPBu0OP4cFUo4TnFeyg36xZzIl7M8msqQFlaiRDi09Y7UyKAtA0UCmwVOgB86i0cL2MflAXUZeQ9fMD3PdlW1ae97NWriL+q/45RN/Zfu9oS+yQ/3gK0y/2mqaVSYhLZraoSaMVWx4Ycf/7mmzNIdOm5crS4m6uiei1qnD0FbOtK6vExwOdDsEu5jhhCyfzyeCwhsz2m0yAMXaTeyXWM37BwVSR7EIN8fyUX/nTauVZXLMqn8++zHMkemlFziz81vk= ceph-a8350c7a-0dac-11ef-bc97-c7b262605968
2024-05-09T02:36:46.121 DEBUG:teuthology.orchestra.run.smithi060:> sudo /home/ubuntu/cephtest/cephadm --image quay-quay-quay.apps.os.sepia.ceph.com/ceph-ci/ceph:c9da4049f638c0f84bdd9b4e33c42e86046ac554 shell -c /etc/ceph/ceph.conf -k /etc/ceph/ceph.client.admin.keyring --fsid a8350c7a-0dac-11ef-bc97-c7b262605968 -- ceph config set mgr mgr/cephadm/allow_ptrace true
2024-05-09T02:36:46.144 INFO:journalctl@ceph.mon.a.smithi060.stdout:May 09 02:36:46 smithi060 ceph-mon[30410]: from='client.? 172.21.15.60:0/1057343525' entity='client.admin'
2024-05-09T02:36:46.382 INFO:teuthology.orchestra.run.smithi060.stderr:Inferring config /var/lib/ceph/a8350c7a-0dac-11ef-bc97-c7b262605968/mon.a/config
2024-05-09T02:36:48.543 INFO:teuthology.orchestra.run.smithi060.stderr:2024-05-09T02:36:48.538+0000 7fe3f8236700 1 -- 172.21.15.60:0/2467730693 >> [v2:172.21.15.60:3300/0,v1:172.21.15.60:6789/0] conn(0x7fe3f0102b00 msgr2=0x7fe3f0102f10 secure :-1 s=STATE_CONNECTION_ESTABLISHED l=1).mark_down
2024-05-09T02:36:48.544 INFO:teuthology.orchestra.run.smithi060.stderr:2024-05-09T02:36:48.538+0000 7fe3f8236700 1 --2- 172.21.15.60:0/2467730693 >> [v2:172.21.15.60:3300/0,v1:172.21.15.60:6789/0] conn(0x7fe3f0102b00 0x7fe3f0102f10 secure :-1 s=READY pgs=80 cs=0 l=1 rev1=1 crypto rx=0x7fe3ec009910 tx=0x7fe3ec009c20 comp rx=0 tx=0).stop
2024-05-09T02:36:48.544 INFO:teuthology.orchestra.run.smithi060.stderr:2024-05-09T02:36:48.538+0000 7fe3f8236700 1 -- 172.21.15.60:0/2467730693 shutdown_connections
2024-05-09T02:36:48.544 INFO:teuthology.orchestra.run.smithi060.stderr:2024-05-09T02:36:48.538+0000 7fe3f8236700 1 --2- 172.21.15.60:0/2467730693 >> [v2:172.21.15.60:3300/0,v1:172.21.15.60:6789/0] conn(0x7fe3f0102b00 0x7fe3f0102f10 unknown :-1 s=CLOSED pgs=80 cs=0 l=1 rev1=1 crypto rx=0 tx=0 comp rx=0 tx=0).stop
2024-05-09T02:36:48.544 INFO:teuthology.orchestra.run.smithi060.stderr:2024-05-09T02:36:48.538+0000 7fe3f8236700 1 -- 172.21.15.60:0/2467730693 >> 172.21.15.60:0/2467730693 conn(0x7fe3f00fe140 msgr2=0x7fe3f01005f0 unknown :-1 s=STATE_NONE l=0).mark_down
2024-05-09T02:36:48.544 INFO:teuthology.orchestra.run.smithi060.stderr:2024-05-09T02:36:48.538+0000 7fe3f8236700 1 -- 172.21.15.60:0/2467730693 shutdown_connections
2024-05-09T02:36:48.544 INFO:teuthology.orchestra.run.smithi060.stderr:2024-05-09T02:36:48.538+0000 7fe3f8236700 1 -- 172.21.15.60:0/2467730693 wait complete.
2024-05-09T02:36:48.544 INFO:teuthology.orchestra.run.smithi060.stderr:2024-05-09T02:36:48.539+0000 7fe3f8236700 1 Processor -- start
2024-05-09T02:36:48.544 INFO:teuthology.orchestra.run.smithi060.stderr:2024-05-09T02:36:48.539+0000 7fe3f8236700 1 -- start start
2024-05-09T02:36:48.544 INFO:teuthology.orchestra.run.smithi060.stderr:2024-05-09T02:36:48.540+0000 7fe3f8236700 1 --2- >> [v2:172.21.15.60:3300/0,v1:172.21.15.60:6789/0] conn(0x7fe3f0102b00 0x7fe3f006c4c0 unknown :-1 s=NONE pgs=0 cs=0 l=1 rev1=0 crypto rx=0 tx=0 comp rx=0 tx=0).connect
2024-05-09T02:36:48.545 INFO:teuthology.orchestra.run.smithi060.stderr:2024-05-09T02:36:48.540+0000 7fe3f8236700 1 -- --> [v2:172.21.15.60:3300/0,v1:172.21.15.60:6789/0] -- mon_getmap magic: 0 -- 0x7fe3f0108ac0 con 0x7fe3f0102b00
2024-05-09T02:36:48.545 INFO:teuthology.orchestra.run.smithi060.stderr:2024-05-09T02:36:48.540+0000 7fe3f5fd2700 1 --2- >> [v2:172.21.15.60:3300/0,v1:172.21.15.60:6789/0] conn(0x7fe3f0102b00 0x7fe3f006c4c0 unknown :-1 s=BANNER_CONNECTING pgs=0 cs=0 l=1 rev1=0 crypto rx=0 tx=0 comp rx=0 tx=0)._handle_peer_banner_payload supported=3 required=0
2024-05-09T02:36:48.545 INFO:teuthology.orchestra.run.smithi060.stderr:2024-05-09T02:36:48.540+0000 7fe3f5fd2700 1 --2- >> [v2:172.21.15.60:3300/0,v1:172.21.15.60:6789/0] conn(0x7fe3f0102b00 0x7fe3f006c4c0 unknown :-1 s=HELLO_CONNECTING pgs=0 cs=0 l=1 rev1=1 crypto rx=0 tx=0 comp rx=0 tx=0).handle_hello peer v2:172.21.15.60:3300/0 says I am v2:172.21.15.60:39088/0 (socket says 172.21.15.60:39088)
2024-05-09T02:36:48.545 INFO:teuthology.orchestra.run.smithi060.stderr:2024-05-09T02:36:48.540+0000 7fe3f5fd2700 1 -- 172.21.15.60:0/231974751 learned_addr learned my addr 172.21.15.60:0/231974751 (peer_addr_for_me v2:172.21.15.60:0/0)
2024-05-09T02:36:48.545 INFO:teuthology.orchestra.run.smithi060.stderr:2024-05-09T02:36:48.540+0000 7fe3f5fd2700 1 -- 172.21.15.60:0/231974751 --> [v2:172.21.15.60:3300/0,v1:172.21.15.60:6789/0] -- mon_subscribe({config=0+,monmap=0+}) -- 0x7fe3f006ca00 con 0x7fe3f0102b00
2024-05-09T02:36:48.545 INFO:teuthology.orchestra.run.smithi060.stderr:2024-05-09T02:36:48.540+0000 7fe3f5fd2700 1 --2- 172.21.15.60:0/231974751 >> [v2:172.21.15.60:3300/0,v1:172.21.15.60:6789/0] conn(0x7fe3f0102b00 0x7fe3f006c4c0 secure :-1 s=READY pgs=81 cs=0 l=1 rev1=1 crypto rx=0x7fe3ec0057d0 tx=0x7fe3ec005800 comp rx=0 tx=0).ready entity=mon.0 client_cookie=0 server_cookie=0 in_seq=0 out_seq=0
2024-05-09T02:36:48.545 INFO:teuthology.orchestra.run.smithi060.stderr:2024-05-09T02:36:48.540+0000 7fe3e6ffd700 1 -- 172.21.15.60:0/231974751 <== mon.0 v2:172.21.15.60:3300/0 1 ==== mon_map magic: 0 ==== 205+0+0 (secure 0 0 0) 0x7fe3ec027070 con 0x7fe3f0102b00
2024-05-09T02:36:48.545 INFO:teuthology.orchestra.run.smithi060.stderr:2024-05-09T02:36:48.540+0000 7fe3e6ffd700 1 -- 172.21.15.60:0/231974751 <== mon.0 v2:172.21.15.60:3300/0 2 ==== config(26 keys) ==== 1101+0+0 (secure 0 0 0) 0x7fe3ec00be10 con 0x7fe3f0102b00
2024-05-09T02:36:48.545 INFO:teuthology.orchestra.run.smithi060.stderr:2024-05-09T02:36:48.541+0000 7fe3f8236700 1 -- 172.21.15.60:0/231974751 --> [v2:172.21.15.60:3300/0,v1:172.21.15.60:6789/0] -- mon_subscribe({mgrmap=0+}) -- 0x7fe3f019c470 con 0x7fe3f0102b00
2024-05-09T02:36:48.545 INFO:teuthology.orchestra.run.smithi060.stderr:2024-05-09T02:36:48.541+0000 7fe3f8236700 1 -- 172.21.15.60:0/231974751 --> [v2:172.21.15.60:3300/0,v1:172.21.15.60:6789/0] -- mon_subscribe({osdmap=0}) -- 0x7fe3f019c950 con 0x7fe3f0102b00
2024-05-09T02:36:48.545 INFO:teuthology.orchestra.run.smithi060.stderr:2024-05-09T02:36:48.541+0000 7fe3e6ffd700 1 -- 172.21.15.60:0/231974751 <== mon.0 v2:172.21.15.60:3300/0 3 ==== mon_map magic: 0 ==== 205+0+0 (secure 0 0 0) 0x7fe3ec022dd0 con 0x7fe3f0102b00
2024-05-09T02:36:48.547 INFO:teuthology.orchestra.run.smithi060.stderr:2024-05-09T02:36:48.541+0000 7fe3e6ffd700 1 -- 172.21.15.60:0/231974751 <== mon.0 v2:172.21.15.60:3300/0 4 ==== mgrmap(e 13) ==== 50278+0+0 (secure 0 0 0) 0x7fe3ec02a070 con 0x7fe3f0102b00
2024-05-09T02:36:48.547 INFO:teuthology.orchestra.run.smithi060.stderr:2024-05-09T02:36:48.542+0000 7fe3e6ffd700 1 --2- 172.21.15.60:0/231974751 >> [v2:172.21.15.60:6800/3214028785,v1:172.21.15.60:6801/3214028785] conn(0x7fe3dc03e4c0 0x7fe3dc0409d0 unknown :-1 s=NONE pgs=0 cs=0 l=1 rev1=0 crypto rx=0 tx=0 comp rx=0 tx=0).connect
2024-05-09T02:36:48.547 INFO:teuthology.orchestra.run.smithi060.stderr:2024-05-09T02:36:48.542+0000 7fe3e6ffd700 1 -- 172.21.15.60:0/231974751 <== mon.0 v2:172.21.15.60:3300/0 5 ==== osd_map(3..3 src has 1..3) ==== 1155+0+0 (secure 0 0 0) 0x7fe3ec01e030 con 0x7fe3f0102b00
2024-05-09T02:36:48.547 INFO:teuthology.orchestra.run.smithi060.stderr:2024-05-09T02:36:48.542+0000 7fe3f8236700 1 -- 172.21.15.60:0/231974751 --> [v2:172.21.15.60:3300/0,v1:172.21.15.60:6789/0] -- mon_command({"prefix": "get_command_descriptions"} v 0) -- 0x7fe3f0109240 con 0x7fe3f0102b00
2024-05-09T02:36:48.547 INFO:teuthology.orchestra.run.smithi060.stderr:2024-05-09T02:36:48.542+0000 7fe3f57d1700 1 --2- 172.21.15.60:0/231974751 >> [v2:172.21.15.60:6800/3214028785,v1:172.21.15.60:6801/3214028785] conn(0x7fe3dc03e4c0 0x7fe3dc0409d0 unknown :-1 s=BANNER_CONNECTING pgs=0 cs=0 l=1 rev1=0 crypto rx=0 tx=0 comp rx=0 tx=0)._handle_peer_banner_payload supported=3 required=0
2024-05-09T02:36:48.547 INFO:teuthology.orchestra.run.smithi060.stderr:2024-05-09T02:36:48.542+0000 7fe3f57d1700 1 --2- 172.21.15.60:0/231974751 >> [v2:172.21.15.60:6800/3214028785,v1:172.21.15.60:6801/3214028785] conn(0x7fe3dc03e4c0 0x7fe3dc0409d0 secure :-1 s=READY pgs=12 cs=0 l=1 rev1=1 crypto rx=0x7fe3e0006fd0 tx=0x7fe3e0006e40 comp rx=0 tx=0).ready entity=mgr.14152 client_cookie=0 server_cookie=0 in_seq=0 out_seq=0
2024-05-09T02:36:48.550 INFO:teuthology.orchestra.run.smithi060.stderr:2024-05-09T02:36:48.547+0000 7fe3e6ffd700 1 -- 172.21.15.60:0/231974751 <== mon.0 v2:172.21.15.60:3300/0 6 ==== mon_command_ack([{"prefix": "get_command_descriptions"}]=0 v0) ==== 72+0+191963 (secure 0 0 0) 0x7fe3ec013070 con 0x7fe3f0102b00
2024-05-09T02:36:48.764 INFO:teuthology.orchestra.run.smithi060.stderr:2024-05-09T02:36:48.761+0000 7fe3f8236700 1 -- 172.21.15.60:0/231974751 --> [v2:172.21.15.60:3300/0,v1:172.21.15.60:6789/0] -- mon_command([{prefix=config set, name=mgr/cephadm/allow_ptrace}] v 0) -- 0x7fe3f002e760 con 0x7fe3f0102b00
2024-05-09T02:36:48.764 INFO:journalctl@ceph.mon.a.smithi060.stdout:May 09 02:36:48 smithi060 ceph-mon[30410]: from='mgr.14152 172.21.15.60:0/3232258148' entity='mgr.x'
2024-05-09T02:36:48.764 INFO:journalctl@ceph.mon.a.smithi060.stdout:May 09 02:36:48 smithi060 ceph-mon[30410]: from='mgr.14152 172.21.15.60:0/3232258148' entity='mgr.x'
2024-05-09T02:36:48.764 INFO:journalctl@ceph.mon.a.smithi060.stdout:May 09 02:36:48 smithi060 ceph-mon[30410]: from='mgr.14152 172.21.15.60:0/3232258148' entity='mgr.x' cmd=[{"prefix": "config rm", "who": "osd/host:smithi060", "name": "osd_memory_target"}]: dispatch
2024-05-09T02:36:48.764 INFO:journalctl@ceph.mon.a.smithi060.stdout:May 09 02:36:48 smithi060 ceph-mon[30410]: from='mgr.14152 172.21.15.60:0/3232258148' entity='mgr.x'
2024-05-09T02:36:48.764 INFO:journalctl@ceph.mon.a.smithi060.stdout:May 09 02:36:48 smithi060 ceph-mon[30410]: from='mgr.14152 172.21.15.60:0/3232258148' entity='mgr.x' cmd=[{"prefix": "config dump", "format": "json"}]: dispatch
2024-05-09T02:36:48.764 INFO:journalctl@ceph.mon.a.smithi060.stdout:May 09 02:36:48 smithi060 ceph-mon[30410]: from='mgr.14152 172.21.15.60:0/3232258148' entity='mgr.x'
2024-05-09T02:36:48.766 INFO:teuthology.orchestra.run.smithi060.stderr:2024-05-09T02:36:48.764+0000 7fe3e6ffd700 1 -- 172.21.15.60:0/231974751 <== mon.0 v2:172.21.15.60:3300/0 7 ==== mon_command_ack([{prefix=config set, name=mgr/cephadm/allow_ptrace}]=0 v9)=0 v9) ==== 125+0+0 (secure 0 0 0) 0x7fe3ec020e00 con 0x7fe3f0102b00
2024-05-09T02:36:48.770 INFO:teuthology.orchestra.run.smithi060.stderr:2024-05-09T02:36:48.767+0000 7fe3f8236700 1 -- 172.21.15.60:0/231974751 >> [v2:172.21.15.60:6800/3214028785,v1:172.21.15.60:6801/3214028785] conn(0x7fe3dc03e4c0 msgr2=0x7fe3dc0409d0 secure :-1 s=STATE_CONNECTION_ESTABLISHED l=1).mark_down
2024-05-09T02:36:48.770 INFO:teuthology.orchestra.run.smithi060.stderr:2024-05-09T02:36:48.767+0000 7fe3f8236700 1 --2- 172.21.15.60:0/231974751 >> [v2:172.21.15.60:6800/3214028785,v1:172.21.15.60:6801/3214028785] conn(0x7fe3dc03e4c0 0x7fe3dc0409d0 secure :-1 s=READY pgs=12 cs=0 l=1 rev1=1 crypto rx=0x7fe3e0006fd0 tx=0x7fe3e0006e40 comp rx=0 tx=0).stop
2024-05-09T02:36:48.770 INFO:teuthology.orchestra.run.smithi060.stderr:2024-05-09T02:36:48.767+0000 7fe3f8236700 1 -- 172.21.15.60:0/231974751 >> [v2:172.21.15.60:3300/0,v1:172.21.15.60:6789/0] conn(0x7fe3f0102b00 msgr2=0x7fe3f006c4c0 secure :-1 s=STATE_CONNECTION_ESTABLISHED l=1).mark_down
2024-05-09T02:36:48.770 INFO:teuthology.orchestra.run.smithi060.stderr:2024-05-09T02:36:48.767+0000 7fe3f8236700 1 --2- 172.21.15.60:0/231974751 >> [v2:172.21.15.60:3300/0,v1:172.21.15.60:6789/0] conn(0x7fe3f0102b00 0x7fe3f006c4c0 secure :-1 s=READY pgs=81 cs=0 l=1 rev1=1 crypto rx=0x7fe3ec0057d0 tx=0x7fe3ec005800 comp rx=0 tx=0).stop
