2024-05-09T03:13:59.484+0000 7f06e4fa1700 1 --2- >> [v2:172.21.15.57:3300/0,v1:172.21.15.57:6789/0] conn(0x7f06e0108640 0x7f06e0105d70 unknown :-1 s=NONE pgs=0 cs=0 l=1 rev1=0 crypto rx=0 tx=0 comp rx=0 tx=0).connect
2024-05-09T03:14:00.549 INFO:teuthology.orchestra.run.smithi057.stdout:/usr/bin/ceph: stderr
2024-05-09T03:13:59.484+0000 7f06e4fa1700 1 -- --> [v2:172.21.15.57:3300/0,v1:172.21.15.57:6789/0] -- mon_getmap magic: 0 -- 0x7f06e010cbc0 con 0x7f06e0108640
2024-05-09T03:14:00.550 INFO:teuthology.orchestra.run.smithi057.stdout:/usr/bin/ceph: stderr
2024-05-09T03:13:59.485+0000 7f06df7fe700 1 --2- >> [v2:172.21.15.57:3300/0,v1:172.21.15.57:6789/0] conn(0x7f06e0108640 0x7f06e0105d70 unknown :-1 s=BANNER_CONNECTING pgs=0 cs=0 l=1 rev1=0 crypto rx=0 tx=0 comp rx=0 tx=0)._handle_peer_banner_payload supported=3 required=0
2024-05-09T03:14:00.550 INFO:teuthology.orchestra.run.smithi057.stdout:/usr/bin/ceph: stderr
2024-05-09T03:13:59.485+0000 7f06df7fe700 1 --2- >> [v2:172.21.15.57:3300/0,v1:172.21.15.57:6789/0] conn(0x7f06e0108640 0x7f06e0105d70 unknown :-1 s=HELLO_CONNECTING pgs=0 cs=0 l=1 rev1=1 crypto rx=0 tx=0 comp rx=0 tx=0).handle_hello peer v2:172.21.15.57:3300/0 says I am v2:172.21.15.57:41264/0 (socket says 172.21.15.57:41264)
2024-05-09T03:14:00.550 INFO:teuthology.orchestra.run.smithi057.stdout:/usr/bin/ceph: stderr
2024-05-09T03:13:59.485+0000 7f06df7fe700 1 -- 172.21.15.57:0/1247374237 learned_addr learned my addr 172.21.15.57:0/1247374237 (peer_addr_for_me v2:172.21.15.57:0/0)
2024-05-09T03:14:00.550 INFO:teuthology.orchestra.run.smithi057.stdout:/usr/bin/ceph: stderr
2024-05-09T03:13:59.485+0000 7f06df7fe700 1 -- 172.21.15.57:0/1247374237 --> [v2:172.21.15.57:3300/0,v1:172.21.15.57:6789/0] -- mon_subscribe({config=0+,monmap=0+}) -- 0x7f06e01062b0 con 0x7f06e0108640
2024-05-09T03:14:00.550 INFO:teuthology.orchestra.run.smithi057.stdout:/usr/bin/ceph: stderr
2024-05-09T03:13:59.485+0000 7f06df7fe700 1 --2- 172.21.15.57:0/1247374237 >> [v2:172.21.15.57:3300/0,v1:172.21.15.57:6789/0] conn(0x7f06e0108640 0x7f06e0105d70 secure :-1 s=READY pgs=42 cs=0 l=1 rev1=1 crypto rx=0x7f06d0009fb0 tx=0x7f06d0011a60 comp rx=0 tx=0).ready entity=mon.0 client_cookie=0 server_cookie=0 in_seq=0 out_seq=0
2024-05-09T03:14:00.550 INFO:teuthology.orchestra.run.smithi057.stdout:/usr/bin/ceph: stderr
2024-05-09T03:13:59.485+0000 7f06dcff9700 1 -- 172.21.15.57:0/1247374237 <== mon.0 v2:172.21.15.57:3300/0 1 ==== mon_map magic: 0 ==== 205+0+0 (secure 0 0 0) 0x7f06d00038b0 con 0x7f06e0108640
2024-05-09T03:14:00.550 INFO:teuthology.orchestra.run.smithi057.stdout:/usr/bin/ceph: stderr
2024-05-09T03:13:59.485+0000 7f06dcff9700 1 -- 172.21.15.57:0/1247374237 <== mon.0 v2:172.21.15.57:3300/0 2 ==== config(25 keys) ==== 1032+0+0 (secure 0 0 0) 0x7f06d0003a50 con 0x7f06e0108640
2024-05-09T03:14:00.550 INFO:teuthology.orchestra.run.smithi057.stdout:/usr/bin/ceph: stderr
2024-05-09T03:13:59.485+0000 7f06e4fa1700 1 -- 172.21.15.57:0/1247374237 --> [v2:172.21.15.57:3300/0,v1:172.21.15.57:6789/0] -- mon_subscribe({mgrmap=0+}) -- 0x7f06e0104500 con 0x7f06e0108640
2024-05-09T03:14:00.550 INFO:teuthology.orchestra.run.smithi057.stdout:/usr/bin/ceph: stderr
2024-05-09T03:13:59.485+0000 7f06dcff9700 1 -- 172.21.15.57:0/1247374237 <== mon.0 v2:172.21.15.57:3300/0 3 ==== mon_map magic: 0 ==== 205+0+0 (secure 0 0 0) 0x7f06d001a5c0 con 0x7f06e0108640
2024-05-09T03:14:00.550 INFO:teuthology.orchestra.run.smithi057.stdout:/usr/bin/ceph: stderr
2024-05-09T03:13:59.485+0000 7f06e4fa1700 1 -- 172.21.15.57:0/1247374237 --> [v2:172.21.15.57:3300/0,v1:172.21.15.57:6789/0] -- mon_subscribe({osdmap=0}) -- 0x7f06e01049e0 con 0x7f06e0108640
2024-05-09T03:14:00.550 INFO:teuthology.orchestra.run.smithi057.stdout:/usr/bin/ceph: stderr
2024-05-09T03:13:59.486+0000 7f06dcff9700 1 -- 172.21.15.57:0/1247374237 <== mon.0 v2:172.21.15.57:3300/0 4 ==== mgrmap(e 8) ==== 50222+0+0 (secure 0 0 0) 0x7f06d001a870 con 0x7f06e0108640
2024-05-09T03:14:00.550 INFO:teuthology.orchestra.run.smithi057.stdout:/usr/bin/ceph: stderr
2024-05-09T03:13:59.486+0000 7f06e4fa1700 1 -- 172.21.15.57:0/1247374237 --> [v2:172.21.15.57:3300/0,v1:172.21.15.57:6789/0] -- mon_command({"prefix": "get_command_descriptions"} v 0) -- 0x7f06e0064e20 con 0x7f06e0108640
2024-05-09T03:14:00.550 INFO:teuthology.orchestra.run.smithi057.stdout:/usr/bin/ceph: stderr
2024-05-09T03:13:59.486+0000 7f06dcff9700 1 --2- 172.21.15.57:0/1247374237 >> [v2:172.21.15.57:6800/2210120621,v1:172.21.15.57:6801/2210120621] conn(0x7f06c803e530 0x7f06c8040a40 unknown :-1 s=NONE pgs=0 cs=0 l=1 rev1=0 crypto rx=0 tx=0 comp rx=0 tx=0).connect
2024-05-09T03:14:00.550 INFO:teuthology.orchestra.run.smithi057.stdout:/usr/bin/ceph: stderr
2024-05-09T03:13:59.487+0000 7f06dcff9700 1 -- 172.21.15.57:0/1247374237 <== mon.0 v2:172.21.15.57:3300/0 5 ==== osd_map(2..2 src has 1..2) ==== 940+0+0 (secure 0 0 0) 0x7f06d0053ae0 con 0x7f06e0108640
2024-05-09T03:14:00.551 INFO:teuthology.orchestra.run.smithi057.stdout:/usr/bin/ceph: stderr
2024-05-09T03:13:59.487+0000 7f06deffd700 1 --2- 172.21.15.57:0/1247374237 >> [v2:172.21.15.57:6800/2210120621,v1:172.21.15.57:6801/2210120621] conn(0x7f06c803e530 0x7f06c8040a40 unknown :-1 s=BANNER_CONNECTING pgs=0 cs=0 l=1 rev1=0 crypto rx=0 tx=0 comp rx=0 tx=0)._handle_peer_banner_payload supported=3 required=0
2024-05-09T03:14:00.551 INFO:teuthology.orchestra.run.smithi057.stdout:/usr/bin/ceph: stderr
2024-05-09T03:13:59.487+0000 7f06deffd700 1 --2- 172.21.15.57:0/1247374237 >> [v2:172.21.15.57:6800/2210120621,v1:172.21.15.57:6801/2210120621] conn(0x7f06c803e530 0x7f06c8040a40 secure :-1 s=READY pgs=9 cs=0 l=1 rev1=1 crypto rx=0x7f06d4006fd0 tx=0x7f06d4006e40 comp rx=0 tx=0).ready entity=mgr.14120 client_cookie=0 server_cookie=0 in_seq=0 out_seq=0
2024-05-09T03:14:00.551 INFO:teuthology.orchestra.run.smithi057.stdout:/usr/bin/ceph: stderr
2024-05-09T03:13:59.492+0000 7f06dcff9700 1 -- 172.21.15.57:0/1247374237 <== mon.0 v2:172.21.15.57:3300/0 6 ==== mon_command_ack([{"prefix": "get_command_descriptions"}]=0 v0) ==== 72+0+191963 (secure 0 0 0) 0x7f06d0017e90 con 0x7f06e0108640
2024-05-09T03:14:00.551 INFO:teuthology.orchestra.run.smithi057.stdout:/usr/bin/ceph: stderr
2024-05-09T03:13:59.707+0000 7f06e4fa1700 1 -- 172.21.15.57:0/1247374237 --> [v2:172.21.15.57:6800/2210120621,v1:172.21.15.57:6801/2210120621] -- mgr_command(tid 0: {"prefix": "cephadm generate-key", "target": ["mon-mgr", ""]}) -- 0x7f06e0196cc0 con 0x7f06c803e530
2024-05-09T03:14:00.551 INFO:teuthology.orchestra.run.smithi057.stdout:/usr/bin/ceph: stderr
2024-05-09T03:13:59.986+0000 7f06dcff9700 1 -- 172.21.15.57:0/1247374237 <== mgr.14120 v2:172.21.15.57:6800/2210120621 1 ==== mgr_command_reply(tid 0: 0 ) ==== 8+0+0 (secure 0 0 0) 0x7f06e0196cc0 con 0x7f06c803e530
2024-05-09T03:14:00.551 INFO:teuthology.orchestra.run.smithi057.stdout:/usr/bin/ceph: stderr
2024-05-09T03:13:59.988+0000 7f06e4fa1700 1 -- 172.21.15.57:0/1247374237 >> [v2:172.21.15.57:6800/2210120621,v1:172.21.15.57:6801/2210120621] conn(0x7f06c803e530 msgr2=0x7f06c8040a40 secure :-1 s=STATE_CONNECTION_ESTABLISHED l=1).mark_down
2024-05-09T03:14:00.551 INFO:teuthology.orchestra.run.smithi057.stdout:/usr/bin/ceph: stderr
2024-05-09T03:13:59.988+0000 7f06e4fa1700 1 --2- 172.21.15.57:0/1247374237 >> [v2:172.21.15.57:6800/2210120621,v1:172.21.15.57:6801/2210120621] conn(0x7f06c803e530 0x7f06c8040a40 secure :-1 s=READY pgs=9 cs=0 l=1 rev1=1 crypto rx=0x7f06d4006fd0 tx=0x7f06d4006e40 comp rx=0 tx=0).stop
2024-05-09T03:14:00.551 INFO:teuthology.orchestra.run.smithi057.stdout:/usr/bin/ceph: stderr
2024-05-09T03:13:59.988+0000 7f06e4fa1700 1 -- 172.21.15.57:0/1247374237 >> [v2:172.21.15.57:3300/0,v1:172.21.15.57:6789/0] conn(0x7f06e0108640 msgr2=0x7f06e0105d70 secure :-1 s=STATE_CONNECTION_ESTABLISHED l=1).mark_down
2024-05-09T03:14:00.551 INFO:teuthology.orchestra.run.smithi057.stdout:/usr/bin/ceph: stderr
2024-05-09T03:13:59.988+0000 7f06e4fa1700 1 --2- 172.21.15.57:0/1247374237 >> [v2:172.21.15.57:3300/0,v1:172.21.15.57:6789/0] conn(0x7f06e0108640 0x7f06e0105d70 secure :-1 s=READY pgs=42 cs=0 l=1 rev1=1 crypto rx=0x7f06d0009fb0 tx=0x7f06d0011a60 comp rx=0 tx=0).stop
2024-05-09T03:14:00.551 INFO:teuthology.orchestra.run.smithi057.stdout:/usr/bin/ceph: stderr
2024-05-09T03:13:59.988+0000 7f06e4fa1700 1 -- 172.21.15.57:0/1247374237 shutdown_connections
2024-05-09T03:14:00.551 INFO:teuthology.orchestra.run.smithi057.stdout:/usr/bin/ceph: stderr
2024-05-09T03:13:59.988+0000 7f06e4fa1700 1 --2- 172.21.15.57:0/1247374237 >> [v2:172.21.15.57:6800/2210120621,v1:172.21.15.57:6801/2210120621] conn(0x7f06c803e530 0x7f06c8040a40 unknown :-1 s=CLOSED pgs=9 cs=0 l=1 rev1=1 crypto rx=0 tx=0 comp rx=0 tx=0).stop
2024-05-09T03:14:00.551 INFO:teuthology.orchestra.run.smithi057.stdout:/usr/bin/ceph: stderr
2024-05-09T03:13:59.988+0000 7f06e4fa1700 1 --2- 172.21.15.57:0/1247374237 >> [v2:172.21.15.57:3300/0,v1:172.21.15.57:6789/0] conn(0x7f06e0108640 0x7f06e0105d70 unknown :-1 s=CLOSED pgs=42 cs=0 l=1 rev1=1 crypto rx=0 tx=0 comp rx=0 tx=0).stop
2024-05-09T03:14:00.551 INFO:teuthology.orchestra.run.smithi057.stdout:/usr/bin/ceph: stderr
2024-05-09T03:13:59.988+0000 7f06e4fa1700 1 -- 172.21.15.57:0/1247374237 >> 172.21.15.57:0/1247374237 conn(0x7f06e0103cc0 msgr2=0x7f06e0193fc0 unknown :-1 s=STATE_NONE l=0).mark_down
2024-05-09T03:14:00.551 INFO:teuthology.orchestra.run.smithi057.stdout:/usr/bin/ceph: stderr
2024-05-09T03:13:59.989+0000 7f06e4fa1700 1 -- 172.21.15.57:0/1247374237 shutdown_connections
2024-05-09T03:14:00.552 INFO:teuthology.orchestra.run.smithi057.stdout:/usr/bin/ceph: stderr
2024-05-09T03:13:59.989+0000 7f06e4fa1700 1 -- 172.21.15.57:0/1247374237 wait complete.
2024-05-09T03:14:01.110 INFO:journalctl@ceph.mon.a.smithi057.stdout:May 09 03:14:00 smithi057 ceph-mon[30114]: from='client.14136 -' entity='client.admin' cmd=[{"prefix": "cephadm generate-key", "target": ["mon-mgr", ""]}]: dispatch
2024-05-09T03:14:01.110 INFO:journalctl@ceph.mon.a.smithi057.stdout:May 09 03:14:00 smithi057 ceph-mon[30114]: Generating ssh key...
2024-05-09T03:14:01.110 INFO:journalctl@ceph.mon.a.smithi057.stdout:May 09 03:14:00 smithi057 ceph-mon[30114]: from='mgr.14120 172.21.15.57:0/1381344559' entity='mgr.x'
2024-05-09T03:14:01.110 INFO:journalctl@ceph.mon.a.smithi057.stdout:May 09 03:14:00 smithi057 ceph-mon[30114]: from='mgr.14120 172.21.15.57:0/1381344559' entity='mgr.x'
2024-05-09T03:14:01.712 INFO:teuthology.orchestra.run.smithi057.stdout:/usr/bin/ceph: stdout ssh-rsa AAAAB3NzaC1yc2EAAAADAQABAAABgQCrMBkKazgeE1h1UMS7maL06Vgl4+v/Ah2smODXv56hGBjRsmpFnhiZVNJ05CZ+3evX2IbtFlxNRBoiYC60vocfQCguwMIIMbno+LRrFvmSq/nb0pSp6OTRESO2V0lHWDUNuv4IOnuOtj5jkbVbqzChM1x23ng97te+ds7Eo2qDPnPTB0kzywfFrGo2eNp7msvXuXbY2Q6pL8XH53faGvgV6VitVvqlaJJB1YxIoxag4vBMurf3tO0nbEWVUKeqijTnZXWrlexRnGGIYV8VhVBRcXxTTuHjGTi+P5LHyGRpPjiLfrwxnBQ+HHjkVOFLNOLngAcV9uTy8AmmKsyHydwmyakkCXG7Maz2f3LcDCQfeUbHt9FixVXqeWRsGrzZPaWmBBWgF6VNrb/5ny72Pm8Cnw3L0YPUtrgltKcuidS2udrevhEsXiTrePY+ENSofxOGYZJ3IiI3aH+sHIhU/y2GeEXbcLnkbgZhuVceKVdoTkHYb9XEGenueC38CZiZ/Zk= ceph-f5e77b6a-0db1-11ef-bc97-c7b262605968
2024-05-09T03:14:01.712 INFO:teuthology.orchestra.run.smithi057.stdout:/usr/bin/ceph: stderr
2024-05-09T03:14:00.969+0000 7f54797b4700 1 Processor -- start
2024-05-09T03:14:01.712 INFO:teuthology.orchestra.run.smithi057.stdout:/usr/bin/ceph: stderr
2024-05-09T03:14:00.969+0000 7f54797b4700 1 -- start start
2024-05-09T03:14:01.712 INFO:teuthology.orchestra.run.smithi057.stdout:/usr/bin/ceph: stderr
2024-05-09T03:14:00.969+0000 7f54797b4700 1 --2- >> [v2:172.21.15.57:3300/0,v1:172.21.15.57:6789/0] conn(0x7f547407f700 0x7f547407db30 unknown :-1 s=NONE pgs=0 cs=0 l=0 rev1=0 crypto rx=0 tx=0 comp rx=0 tx=0).connect
2024-05-09T03:14:01.712 INFO:teuthology.orchestra.run.smithi057.stdout:/usr/bin/ceph: stderr
2024-05-09T03:14:00.969+0000 7f54797b4700 1 -- --> [v2:172.21.15.57:3300/0,v1:172.21.15.57:6789/0] -- mon_getmap magic: 0 -- 0x7f547407e100 con 0x7f547407f700
2024-05-09T03:14:01.712 INFO:teuthology.orchestra.run.smithi057.stdout:/usr/bin/ceph: stderr
2024-05-09T03:14:00.969+0000 7f5472ffd700 1 --2- >> [v2:172.21.15.57:3300/0,v1:172.21.15.57:6789/0] conn(0x7f547407f700 0x7f547407db30 unknown :-1 s=BANNER_CONNECTING pgs=0 cs=0 l=0 rev1=0 crypto rx=0 tx=0 comp rx=0 tx=0)._handle_peer_banner_payload supported=3 required=0
2024-05-09T03:14:01.713 INFO:teuthology.orchestra.run.smithi057.stdout:/usr/bin/ceph: stderr
2024-05-09T03:14:00.969+0000 7f5472ffd700 1 --2- >> [v2:172.21.15.57:3300/0,v1:172.21.15.57:6789/0] conn(0x7f547407f700 0x7f547407db30 unknown :-1 s=HELLO_CONNECTING pgs=0 cs=0 l=0 rev1=1 crypto rx=0 tx=0 comp rx=0 tx=0).handle_hello peer v2:172.21.15.57:3300/0 says I am v2:172.21.15.57:41266/0 (socket says 172.21.15.57:41266)
2024-05-09T03:14:01.713 INFO:teuthology.orchestra.run.smithi057.stdout:/usr/bin/ceph: stderr
2024-05-09T03:14:00.969+0000 7f5472ffd700 1 -- 172.21.15.57:0/2964277274 learned_addr learned my addr 172.21.15.57:0/2964277274 (peer_addr_for_me v2:172.21.15.57:0/0)
2024-05-09T03:14:01.713 INFO:teuthology.orchestra.run.smithi057.stdout:/usr/bin/ceph: stderr
2024-05-09T03:14:00.970+0000 7f5472ffd700 1 -- 172.21.15.57:0/2964277274 --> [v2:172.21.15.57:3300/0,v1:172.21.15.57:6789/0] -- mon_subscribe({config=0+,monmap=0+}) -- 0x7f547407e280 con 0x7f547407f700
2024-05-09T03:14:01.713 INFO:teuthology.orchestra.run.smithi057.stdout:/usr/bin/ceph: stderr
2024-05-09T03:14:00.970+0000 7f5472ffd700 1 --2- 172.21.15.57:0/2964277274 >> [v2:172.21.15.57:3300/0,v1:172.21.15.57:6789/0] conn(0x7f547407f700 0x7f547407db30 secure :-1 s=READY pgs=43 cs=0 l=1 rev1=1 crypto rx=0x7f54640098a0 tx=0x7f5464009bb0 comp rx=0 tx=0).ready entity=mon.0 client_cookie=867e8b0721bb1a86 server_cookie=0 in_seq=0 out_seq=0
2024-05-09T03:14:01.713 INFO:teuthology.orchestra.run.smithi057.stdout:/usr/bin/ceph: stderr
2024-05-09T03:14:00.970+0000 7f5471ffb700 1 -- 172.21.15.57:0/2964277274 <== mon.0 v2:172.21.15.57:3300/0 1 ==== mon_map magic: 0 ==== 205+0+0 (secure 0 0 0) 0x7f5464004160 con 0x7f547407f700
2024-05-09T03:14:01.713 INFO:teuthology.orchestra.run.smithi057.stdout:/usr/bin/ceph: stderr
2024-05-09T03:14:00.970+0000 7f5471ffb700 1 -- 172.21.15.57:0/2964277274 <== mon.0 v2:172.21.15.57:3300/0 2 ==== config(25 keys) ==== 1032+0+0 (secure 0 0 0) 0x7f5464004300 con 0x7f547407f700
2024-05-09T03:14:01.713 INFO:teuthology.orchestra.run.smithi057.stdout:/usr/bin/ceph: stderr
2024-05-09T03:14:00.970+0000 7f5471ffb700 1 -- 172.21.15.57:0/2964277274 <== mon.0 v2:172.21.15.57:3300/0 3 ==== mon_map magic: 0 ==== 205+0+0 (secure 0 0 0) 0x7f54640119e0 con 0x7f547407f700
2024-05-09T03:14:01.713 INFO:teuthology.orchestra.run.smithi057.stdout:/usr/bin/ceph: stderr
2024-05-09T03:14:00.971+0000 7f54797b4700 1 -- 172.21.15.57:0/2964277274 >> [v2:172.21.15.57:3300/0,v1:172.21.15.57:6789/0] conn(0x7f547407f700 msgr2=0x7f547407db30 secure :-1 s=STATE_CONNECTION_ESTABLISHED l=1).mark_down
2024-05-09T03:14:01.713 INFO:teuthology.orchestra.run.smithi057.stdout:/usr/bin/ceph: stderr
2024-05-09T03:14:00.971+0000 7f54797b4700 1 --2- 172.21.15.57:0/2964277274 >> [v2:172.21.15.57:3300/0,v1:172.21.15.57:6789/0] conn(0x7f547407f700 0x7f547407db30 secure :-1 s=READY pgs=43 cs=0 l=1 rev1=1 crypto rx=0x7f54640098a0 tx=0x7f5464009bb0 comp rx=0 tx=0).stop
2024-05-09T03:14:01.713 INFO:teuthology.orchestra.run.smithi057.stdout:/usr/bin/ceph: stderr
2024-05-09T03:14:00.971+0000 7f54797b4700 1 -- 172.21.15.57:0/2964277274 shutdown_connections
2024-05-09T03:14:01.713 INFO:teuthology.orchestra.run.smithi057.stdout:/usr/bin/ceph: stderr
2024-05-09T03:14:00.971+0000 7f54797b4700 1 --2- 172.21.15.57:0/2964277274 >> [v2:172.21.15.57:3300/0,v1:172.21.15.57:6789/0] conn(0x7f547407f700 0x7f547407db30 unknown :-1 s=CLOSED pgs=43 cs=0 l=1 rev1=1 crypto rx=0 tx=0 comp rx=0 tx=0).stop
2024-05-09T03:14:01.713 INFO:teuthology.orchestra.run.smithi057.stdout:/usr/bin/ceph: stderr
2024-05-09T03:14:00.971+0000 7f54797b4700 1 -- 172.21.15.57:0/2964277274 >> 172.21.15.57:0/2964277274 conn(0x7f5474104f70 msgr2=0x7f54741073c0 unknown :-1 s=STATE_NONE l=0).mark_down
2024-05-09T03:14:01.713 INFO:teuthology.orchestra.run.smithi057.stdout:/usr/bin/ceph: stderr
2024-05-09T03:14:00.971+0000 7f54797b4700 1 -- 172.21.15.57:0/2964277274 shutdown_connections
2024-05-09T03:14:01.713 INFO:teuthology.orchestra.run.smithi057.stdout:/usr/bin/ceph: stderr
2024-05-09T03:14:00.971+0000 7f54797b4700 1 -- 172.21.15.57:0/2964277274 wait complete.
2024-05-09T03:14:01.713 INFO:teuthology.orchestra.run.smithi057.stdout:/usr/bin/ceph: stderr
2024-05-09T03:14:00.971+0000 7f54797b4700 1 Processor -- start
2024-05-09T03:14:01.714 INFO:teuthology.orchestra.run.smithi057.stdout:/usr/bin/ceph: stderr
2024-05-09T03:14:00.972+0000 7f54797b4700 1 -- start start
2024-05-09T03:14:01.714 INFO:teuthology.orchestra.run.smithi057.stdout:/usr/bin/ceph: stderr
2024-05-09T03:14:00.972+0000 7f54797b4700 1 --2- >> [v2:172.21.15.57:3300/0,v1:172.21.15.57:6789/0] conn(0x7f547407f700 0x7f547419fd40 unknown :-1 s=NONE pgs=0 cs=0 l=1 rev1=0 crypto rx=0 tx=0 comp rx=0 tx=0).connect
2024-05-09T03:14:01.714 INFO:teuthology.orchestra.run.smithi057.stdout:/usr/bin/ceph: stderr
2024-05-09T03:14:00.972+0000 7f54797b4700 1 -- --> [v2:172.21.15.57:3300/0,v1:172.21.15.57:6789/0] -- mon_getmap magic: 0 -- 0x7f547410fe80 con 0x7f547407f700
2024-05-09T03:14:01.714 INFO:teuthology.orchestra.run.smithi057.stdout:/usr/bin/ceph: stderr
2024-05-09T03:14:00.972+0000 7f5472ffd700 1 --2- >> [v2:172.21.15.57:3300/0,v1:172.21.15.57:6789/0] conn(0x7f547407f700 0x7f547419fd40 unknown :-1 s=BANNER_CONNECTING pgs=0 cs=0 l=1 rev1=0 crypto rx=0 tx=0 comp rx=0 tx=0)._handle_peer_banner_payload supported=3 required=0
2024-05-09T03:14:01.714 INFO:teuthology.orchestra.run.smithi057.stdout:/usr/bin/ceph: stderr
2024-05-09T03:14:00.972+0000 7f5472ffd700 1 --2- >> [v2:172.21.15.57:3300/0,v1:172.21.15.57:6789/0] conn(0x7f547407f700 0x7f547419fd40 unknown :-1 s=HELLO_CONNECTING pgs=0 cs=0 l=1 rev1=1 crypto rx=0 tx=0 comp rx=0 tx=0).handle_hello peer v2:172.21.15.57:3300/0 says I am v2:172.21.15.57:41276/0 (socket says 172.21.15.57:41276)
2024-05-09T03:14:01.714 INFO:teuthology.orchestra.run.smithi057.stdout:/usr/bin/ceph: stderr
2024-05-09T03:14:00.972+0000 7f5472ffd700 1 -- 172.21.15.57:0/397228968 learned_addr learned my addr 172.21.15.57:0/397228968 (peer_addr_for_me v2:172.21.15.57:0/0)
2024-05-09T03:14:01.714 INFO:teuthology.orchestra.run.smithi057.stdout:/usr/bin/ceph: stderr
2024-05-09T03:14:00.972+0000 7f5472ffd700 1 -- 172.21.15.57:0/397228968 --> [v2:172.21.15.57:3300/0,v1:172.21.15.57:6789/0] -- mon_subscribe({config=0+,monmap=0+}) -- 0x7f54741a0280 con 0x7f547407f700
2024-05-09T03:14:01.714 INFO:teuthology.orchestra.run.smithi057.stdout:/usr/bin/ceph: stderr
2024-05-09T03:14:00.972+0000 7f5472ffd700 1 --2- 172.21.15.57:0/397228968 >> [v2:172.21.15.57:3300/0,v1:172.21.15.57:6789/0] conn(0x7f547407f700 0x7f547419fd40 secure :-1 s=READY pgs=44 cs=0 l=1 rev1=1 crypto rx=0x7f54640116a0 tx=0x7f5464011a60 comp rx=0 tx=0).ready entity=mon.0 client_cookie=0 server_cookie=0 in_seq=0 out_seq=0
2024-05-09T03:14:01.714 INFO:teuthology.orchestra.run.smithi057.stdout:/usr/bin/ceph: stderr
2024-05-09T03:14:00.973+0000 7f545bfff700 1 -- 172.21.15.57:0/397228968 <== mon.0 v2:172.21.15.57:3300/0 1 ==== mon_map magic: 0 ==== 205+0+0 (secure 0 0 0) 0x7f5464003970 con 0x7f547407f700
2024-05-09T03:14:01.714 INFO:teuthology.orchestra.run.smithi057.stdout:/usr/bin/ceph: stderr
2024-05-09T03:14:00.973+0000 7f545bfff700 1 -- 172.21.15.57:0/397228968 <== mon.0 v2:172.21.15.57:3300/0 2 ==== config(25 keys) ==== 1032+0+0 (secure 0 0 0) 0x7f5464003b10 con 0x7f547407f700
2024-05-09T03:14:01.714 INFO:teuthology.orchestra.run.smithi057.stdout:/usr/bin/ceph: stderr
2024-05-09T03:14:00.973+0000 7f54797b4700 1 -- 172.21.15.57:0/397228968 --> [v2:172.21.15.57:3300/0,v1:172.21.15.57:6789/0] -- mon_subscribe({mgrmap=0+}) -- 0x7f54741a0510 con 0x7f547407f700
2024-05-09T03:14:01.714 INFO:teuthology.orchestra.run.smithi057.stdout:/usr/bin/ceph: stderr
2024-05-09T03:14:00.973+0000 7f545bfff700 1 -- 172.21.15.57:0/397228968 <== mon.0 v2:172.21.15.57:3300/0 3 ==== mon_map magic: 0 ==== 205+0+0 (secure 0 0 0) 0x7f5464019550 con 0x7f547407f700
2024-05-09T03:14:01.714 INFO:teuthology.orchestra.run.smithi057.stdout:/usr/bin/ceph: stderr
2024-05-09T03:14:00.973+0000 7f54797b4700 1 -- 172.21.15.57:0/397228968 --> [v2:172.21.15.57:3300/0,v1:172.21.15.57:6789/0] -- mon_subscribe({osdmap=0}) -- 0x7f54741a3110 con 0x7f547407f700
2024-05-09T03:14:01.714 INFO:teuthology.orchestra.run.smithi057.stdout:/usr/bin/ceph: stderr
2024-05-09T03:14:00.974+0000 7f545bfff700 1 -- 172.21.15.57:0/397228968 <== mon.0 v2:172.21.15.57:3300/0 4 ==== mgrmap(e 8) ==== 50222+0+0 (secure 0 0 0) 0x7f5464019810 con 0x7f547407f700
2024-05-09T03:14:01.715 INFO:teuthology.orchestra.run.smithi057.stdout:/usr/bin/ceph: stderr
2024-05-09T03:14:00.974+0000 7f545bfff700 1 --2- 172.21.15.57:0/397228968 >> [v2:172.21.15.57:6800/2210120621,v1:172.21.15.57:6801/2210120621] conn(0x7f545c03e530 0x7f545c040a40 unknown :-1 s=NONE pgs=0 cs=0 l=1 rev1=0 crypto rx=0 tx=0 comp rx=0 tx=0).connect
2024-05-09T03:14:01.715 INFO:teuthology.orchestra.run.smithi057.stdout:/usr/bin/ceph: stderr
2024-05-09T03:14:00.974+0000 7f54797b4700 1 -- 172.21.15.57:0/397228968 --> [v2:172.21.15.57:3300/0,v1:172.21.15.57:6789/0] -- mon_command({"prefix": "get_command_descriptions"} v 0) -- 0x7f5474064e20 con 0x7f547407f700
2024-05-09T03:14:01.715 INFO:teuthology.orchestra.run.smithi057.stdout:/usr/bin/ceph: stderr
2024-05-09T03:14:00.974+0000 7f545bfff700 1 -- 172.21.15.57:0/397228968 <== mon.0 v2:172.21.15.57:3300/0 5 ==== osd_map(2..2 src has 1..2) ==== 940+0+0 (secure 0 0 0) 0x7f5464054700 con 0x7f547407f700
2024-05-09T03:14:01.715 INFO:teuthology.orchestra.run.smithi057.stdout:/usr/bin/ceph: stderr
2024-05-09T03:14:00.974+0000 7f54727fc700 1 --2- 172.21.15.57:0/397228968 >> [v2:172.21.15.57:6800/2210120621,v1:172.21.15.57:6801/2210120621] conn(0x7f545c03e530 0x7f545c040a40 unknown :-1 s=BANNER_CONNECTING pgs=0 cs=0 l=1 rev1=0 crypto rx=0 tx=0 comp rx=0 tx=0)._handle_peer_banner_payload supported=3 required=0
2024-05-09T03:14:01.715 INFO:teuthology.orchestra.run.smithi057.stdout:/usr/bin/ceph: stderr
2024-05-09T03:14:00.975+0000 7f54727fc700 1 --2- 172.21.15.57:0/397228968 >> [v2:172.21.15.57:6800/2210120621,v1:172.21.15.57:6801/2210120621] conn(0x7f545c03e530 0x7f545c040a40 secure :-1 s=READY pgs=10 cs=0 l=1 rev1=1 crypto rx=0x7f5468006fd0 tx=0x7f5468006e40 comp rx=0 tx=0).ready entity=mgr.14120 client_cookie=0 server_cookie=0 in_seq=0 out_seq=0
2024-05-09T03:14:01.715 INFO:teuthology.orchestra.run.smithi057.stdout:/usr/bin/ceph: stderr
2024-05-09T03:14:00.980+0000 7f545bfff700 1 -- 172.21.15.57:0/397228968 <== mon.0 v2:172.21.15.57:3300/0 6 ==== mon_command_ack([{"prefix": "get_command_descriptions"}]=0 v0) ==== 72+0+191963 (secure 0 0 0) 0x7f5464016260 con 0x7f547407f700
2024-05-09T03:14:01.715 INFO:teuthology.orchestra.run.smithi057.stdout:/usr/bin/ceph: stderr
2024-05-09T03:14:01.196+0000 7f54797b4700 1 -- 172.21.15.57:0/397228968 --> [v2:172.21.15.57:6800/2210120621,v1:172.21.15.57:6801/2210120621] -- mgr_command(tid 0: {"prefix": "cephadm get-pub-key", "target": ["mon-mgr", ""]}) -- 0x7f5474106ea0 con 0x7f545c03e530
2024-05-09T03:14:01.715 INFO:teuthology.orchestra.run.smithi057.stdout:/usr/bin/ceph: stderr
2024-05-09T03:14:01.196+0000 7f545bfff700 1 -- 172.21.15.57:0/397228968 <== mgr.14120 v2:172.21.15.57:6800/2210120621 1 ==== mgr_command_reply(tid 0: 0 ) ==== 8+0+595 (secure 0 0 0) 0x7f5474106ea0 con 0x7f545c03e530
2024-05-09T03:14:01.715 INFO:teuthology.orchestra.run.smithi057.stdout:/usr/bin/ceph: stderr
2024-05-09T03:14:01.199+0000 7f54797b4700 1 -- 172.21.15.57:0/397228968 >> [v2:172.21.15.57:6800/2210120621,v1:172.21.15.57:6801/2210120621] conn(0x7f545c03e530 msgr2=0x7f545c040a40 secure :-1 s=STATE_CONNECTION_ESTABLISHED l=1).mark_down
2024-05-09T03:14:01.715 INFO:teuthology.orchestra.run.smithi057.stdout:/usr/bin/ceph: stderr
2024-05-09T03:14:01.199+0000 7f54797b4700 1 --2- 172.21.15.57:0/397228968 >> [v2:172.21.15.57:6800/2210120621,v1:172.21.15.57:6801/2210120621] conn(0x7f545c03e530 0x7f545c040a40 secure :-1 s=READY pgs=10 cs=0 l=1 rev1=1 crypto rx=0x7f5468006fd0 tx=0x7f5468006e40 comp rx=0 tx=0).stop
2024-05-09T03:14:01.715 INFO:teuthology.orchestra.run.smithi057.stdout:/usr/bin/ceph: stderr
2024-05-09T03:14:01.199+0000 7f54797b4700 1 -- 172.21.15.57:0/397228968 >> [v2:172.21.15.57:3300/0,v1:172.21.15.57:6789/0] conn(0x7f547407f700 msgr2=0x7f547419fd40 secure :-1 s=STATE_CONNECTION_ESTABLISHED l=1).mark_down
2024-05-09T03:14:01.715 INFO:teuthology.orchestra.run.smithi057.stdout:/usr/bin/ceph: stderr
2024-05-09T03:14:01.199+0000 7f54797b4700 1 --2- 172.21.15.57:0/397228968 >> [v2:172.21.15.57:3300/0,v1:172.21.15.57:6789/0] conn(0x7f547407f700 0x7f547419fd40 secure :-1 s=READY pgs=44 cs=0 l=1 rev1=1 crypto rx=0x7f54640116a0 tx=0x7f5464011a60 comp rx=0 tx=0).stop
2024-05-09T03:14:01.715 INFO:teuthology.orchestra.run.smithi057.stdout:/usr/bin/ceph: stderr
2024-05-09T03:14:01.199+0000 7f54797b4700 1 -- 172.21.15.57:0/397228968 shutdown_connections
2024-05-09T03:14:01.715 INFO:teuthology.orchestra.run.smithi057.stdout:/usr/bin/ceph: stderr
2024-05-09T03:14:01.199+0000 7f54797b4700 1 --2- 172.21.15.57:0/397228968 >> [v2:172.21.15.57:6800/2210120621,v1:172.21.15.57:6801/2210120621] conn(0x7f545c03e530 0x7f545c040a40 unknown :-1 s=CLOSED pgs=10 cs=0 l=1 rev1=1 crypto rx=0 tx=0 comp rx=0 tx=0).stop
2024-05-09T03:14:01.715 INFO:teuthology.orchestra.run.smithi057.stdout:/usr/bin/ceph: stderr
2024-05-09T03:14:01.199+0000 7f54797b4700 1 --2- 172.21.15.57:0/397228968 >> [v2:172.21.15.57:3300/0,v1:172.21.15.57:6789/0] conn(0x7f547407f700 0x7f547419fd40 unknown :-1 s=CLOSED pgs=44 cs=0 l=1 rev1=1 crypto rx=0 tx=0 comp rx=0 tx=0).stop
2024-05-09T03:14:01.716 INFO:teuthology.orchestra.run.smithi057.stdout:/usr/bin/ceph: stderr
2024-05-09T03:14:01.199+0000 7f54797b4700 1 -- 172.21.15.57:0/397228968 >> 172.21.15.57:0/397228968 conn(0x7f5474104f70 msgr2=0x7f5474106790 unknown :-1 s=STATE_NONE l=0).mark_down
2024-05-09T03:14:01.716 INFO:teuthology.orchestra.run.smithi057.stdout:/usr/bin/ceph: stderr
2024-05-09T03:14:01.199+0000 7f54797b4700 1 -- 172.21.15.57:0/397228968 shutdown_connections
2024-05-09T03:14:01.716 INFO:teuthology.orchestra.run.smithi057.stdout:/usr/bin/ceph: stderr
2024-05-09T03:14:01.199+0000 7f54797b4700 1 -- 172.21.15.57:0/397228968 wait complete.
2024-05-09T03:14:01.716 INFO:teuthology.orchestra.run.smithi057.stdout:Wrote public SSH key to /home/ubuntu/cephtest/ceph.pub
2024-05-09T03:14:01.716 INFO:teuthology.orchestra.run.smithi057.stdout:Adding key to root@localhost authorized_keys...
2024-05-09T03:14:01.716 INFO:teuthology.orchestra.run.smithi057.stdout:Adding host smithi057...
2024-05-09T03:14:02.360 INFO:journalctl@ceph.mon.a.smithi057.stdout:May 09 03:14:01 smithi057 ceph-mon[30114]: from='client.14138 -' entity='client.admin' cmd=[{"prefix": "cephadm get-pub-key", "target": ["mon-mgr", ""]}]: dispatch
2024-05-09T03:14:03.273 INFO:journalctl@ceph.mon.a.smithi057.stdout:May 09 03:14:02 smithi057 ceph-mon[30114]: from='client.14140 -' entity='client.admin' cmd=[{"prefix": "orch host add", "hostname": "smithi057", "addr": "172.21.15.57", "target": ["mon-mgr", ""]}]: dispatch
2024-05-09T03:14:04.360 INFO:journalctl@ceph.mon.a.smithi057.stdout:May 09 03:14:03 smithi057 ceph-mon[30114]: Deploying cephadm binary to smithi057
2024-05-09T03:14:07.260 INFO:teuthology.orchestra.run.smithi057.stdout:/usr/bin/ceph: stdout Added host 'smithi057' with addr '172.21.15.57'
2024-05-09T03:14:07.261 INFO:teuthology.orchestra.run.smithi057.stdout:/usr/bin/ceph: stderr
2024-05-09T03:14:02.131+0000 7f450e0dd700 1 Processor -- start
2024-05-09T03:14:07.261 INFO:teuthology.orchestra.run.smithi057.stdout:/usr/bin/ceph: stderr
2024-05-09T03:14:02.131+0000 7f450e0dd700 1 -- start start
2024-05-09T03:14:07.261 INFO:teuthology.orchestra.run.smithi057.stdout:/usr/bin/ceph: stderr
2024-05-09T03:14:02.132+0000 7f450e0dd700 1 --2- >> [v2:172.21.15.57:3300/0,v1:172.21.15.57:6789/0] conn(0x7f45081087d0 0x7f4508108be0 unknown :-1 s=NONE pgs=0 cs=0 l=0 rev1=0 crypto rx=0 tx=0 comp rx=0 tx=0).connect
2024-05-09T03:14:07.261 INFO:teuthology.orchestra.run.smithi057.stdout:/usr/bin/ceph: stderr
2024-05-09T03:14:02.132+0000 7f450e0dd700 1 -- --> [v2:172.21.15.57:3300/0,v1:172.21.15.57:6789/0] -- mon_getmap magic: 0 -- 0x7f45081091d0 con 0x7f45081087d0
2024-05-09T03:14:07.261 INFO:teuthology.orchestra.run.smithi057.stdout:/usr/bin/ceph: stderr
2024-05-09T03:14:02.132+0000 7f45077fe700 1 --2- >> [v2:172.21.15.57:3300/0,v1:172.21.15.57:6789/0] conn(0x7f45081087d0 0x7f4508108be0 unknown :-1 s=BANNER_CONNECTING pgs=0 cs=0 l=0 rev1=0 crypto rx=0 tx=0 comp rx=0 tx=0)._handle_peer_banner_payload supported=3 required=0
2024-05-09T03:14:07.261 INFO:teuthology.orchestra.run.smithi057.stdout:/usr/bin/ceph: stderr
2024-05-09T03:14:02.132+0000 7f45077fe700 1 --2- >> [v2:172.21.15.57:3300/0,v1:172.21.15.57:6789/0] conn(0x7f45081087d0 0x7f4508108be0 unknown :-1 s=HELLO_CONNECTING pgs=0 cs=0 l=0 rev1=1 crypto rx=0 tx=0 comp rx=0 tx=0).handle_hello peer v2:172.21.15.57:3300/0 says I am v2:172.21.15.57:41284/0 (socket says 172.21.15.57:41284)
2024-05-09T03:14:07.261 INFO:teuthology.orchestra.run.smithi057.stdout:/usr/bin/ceph: stderr
2024-05-09T03:14:02.132+0000 7f45077fe700 1 -- 172.21.15.57:0/1529634739 learned_addr learned my addr 172.21.15.57:0/1529634739 (peer_addr_for_me v2:172.21.15.57:0/0)
2024-05-09T03:14:07.261 INFO:teuthology.orchestra.run.smithi057.stdout:/usr/bin/ceph: stderr
2024-05-09T03:14:02.132+0000 7f45077fe700 1 -- 172.21.15.57:0/1529634739 --> [v2:172.21.15.57:3300/0,v1:172.21.15.57:6789/0] -- mon_subscribe({config=0+,monmap=0+}) -- 0x7f45081099a0 con 0x7f45081087d0
2024-05-09T03:14:07.261 INFO:teuthology.orchestra.run.smithi057.stdout:/usr/bin/ceph: stderr
2024-05-09T03:14:02.132+0000 7f45077fe700 1 --2- 172.21.15.57:0/1529634739 >> [v2:172.21.15.57:3300/0,v1:172.21.15.57:6789/0] conn(0x7f45081087d0 0x7f4508108be0 secure :-1 s=READY pgs=45 cs=0 l=1 rev1=1 crypto rx=0x7f44f8009e80 tx=0x7f44f800b330 comp rx=0 tx=0).ready entity=mon.0 client_cookie=7370b2e70a21aa6e server_cookie=0 in_seq=0 out_seq=0
2024-05-09T03:14:07.261 INFO:teuthology.orchestra.run.smithi057.stdout:/usr/bin/ceph: stderr
2024-05-09T03:14:02.132+0000 7f45067fc700 1 -- 172.21.15.57:0/1529634739 <== mon.0 v2:172.21.15.57:3300/0 1 ==== mon_map magic: 0 ==== 205+0+0 (secure 0 0 0) 0x7f44f8017070 con 0x7f45081087d0
2024-05-09T03:14:07.261 INFO:teuthology.orchestra.run.smithi057.stdout:/usr/bin/ceph: stderr
2024-05-09T03:14:02.132+0000 7f45067fc700 1 -- 172.21.15.57:0/1529634739 <== mon.0 v2:172.21.15.57:3300/0 2 ==== config(25 keys) ==== 1032+0+0 (secure 0 0 0) 0x7f44f800b8c0 con 0x7f45081087d0
2024-05-09T03:14:07.261 INFO:teuthology.orchestra.run.smithi057.stdout:/usr/bin/ceph: stderr
2024-05-09T03:14:02.132+0000 7f45067fc700 1 -- 172.21.15.57:0/1529634739 <== mon.0 v2:172.21.15.57:3300/0 3 ==== mon_map magic: 0 ==== 205+0+0 (secure 0 0 0) 0x7f44f8004420 con 0x7f45081087d0
2024-05-09T03:14:07.261 INFO:teuthology.orchestra.run.smithi057.stdout:/usr/bin/ceph: stderr
2024-05-09T03:14:02.133+0000 7f450e0dd700 1 -- 172.21.15.57:0/1529634739 >> [v2:172.21.15.57:3300/0,v1:172.21.15.57:6789/0] conn(0x7f45081087d0 msgr2=0x7f4508108be0 secure :-1 s=STATE_CONNECTION_ESTABLISHED l=1).mark_down
2024-05-09T03:14:07.262 INFO:teuthology.orchestra.run.smithi057.stdout:/usr/bin/ceph: stderr
2024-05-09T03:14:02.133+0000 7f450e0dd700 1 --2- 172.21.15.57:0/1529634739 >> [v2:172.21.15.57:3300/0,v1:172.21.15.57:6789/0] conn(0x7f45081087d0 0x7f4508108be0 secure :-1 s=READY pgs=45 cs=0 l=1 rev1=1 crypto rx=0x7f44f8009e80 tx=0x7f44f800b330 comp rx=0 tx=0).stop
2024-05-09T03:14:07.262 INFO:teuthology.orchestra.run.smithi057.stdout:/usr/bin/ceph: stderr
2024-05-09T03:14:02.133+0000 7f450e0dd700 1 -- 172.21.15.57:0/1529634739 shutdown_connections
2024-05-09T03:14:07.262 INFO:teuthology.orchestra.run.smithi057.stdout:/usr/bin/ceph: stderr
2024-05-09T03:14:02.133+0000 7f450e0dd700 1 --2- 172.21.15.57:0/1529634739 >> [v2:172.21.15.57:3300/0,v1:172.21.15.57:6789/0] conn(0x7f45081087d0 0x7f4508108be0 unknown :-1 s=CLOSED pgs=45 cs=0 l=1 rev1=1 crypto rx=0 tx=0 comp rx=0 tx=0).stop
2024-05-09T03:14:07.262 INFO:teuthology.orchestra.run.smithi057.stdout:/usr/bin/ceph: stderr
2024-05-09T03:14:02.133+0000 7f450e0dd700 1 -- 172.21.15.57:0/1529634739 >> 172.21.15.57:0/1529634739 conn(0x7f4508103e10 msgr2=0x7f45081062c0 unknown :-1 s=STATE_NONE l=0).mark_down
2024-05-09T03:14:07.262 INFO:teuthology.orchestra.run.smithi057.stdout:/usr/bin/ceph: stderr
2024-05-09T03:14:02.133+0000 7f450e0dd700 1 -- 172.21.15.57:0/1529634739 shutdown_connections
2024-05-09T03:14:07.262 INFO:teuthology.orchestra.run.smithi057.stdout:/usr/bin/ceph: stderr
2024-05-09T03:14:02.133+0000 7f450e0dd700 1 -- 172.21.15.57:0/1529634739 wait complete.
2024-05-09T03:14:07.262 INFO:teuthology.orchestra.run.smithi057.stdout:/usr/bin/ceph: stderr
2024-05-09T03:14:02.134+0000 7f450e0dd700 1 Processor -- start
2024-05-09T03:14:07.262 INFO:teuthology.orchestra.run.smithi057.stdout:/usr/bin/ceph: stderr
2024-05-09T03:14:02.134+0000 7f450e0dd700 1 -- start start
2024-05-09T03:14:07.262 INFO:teuthology.orchestra.run.smithi057.stdout:/usr/bin/ceph: stderr
2024-05-09T03:14:02.135+0000 7f450e0dd700 1 --2- >> [v2:172.21.15.57:3300/0,v1:172.21.15.57:6789/0] conn(0x7f45081087d0 0x7f450807d1e0 unknown :-1 s=NONE pgs=0 cs=0 l=1 rev1=0 crypto rx=0 tx=0 comp rx=0 tx=0).connect
2024-05-09T03:14:07.262 INFO:teuthology.orchestra.run.smithi057.stdout:/usr/bin/ceph: stderr
2024-05-09T03:14:02.135+0000 7f450e0dd700 1 -- --> [v2:172.21.15.57:3300/0,v1:172.21.15.57:6789/0] -- mon_getmap magic: 0 -- 0x7f450810cd50 con 0x7f45081087d0
2024-05-09T03:14:07.262 INFO:teuthology.orchestra.run.smithi057.stdout:/usr/bin/ceph: stderr
2024-05-09T03:14:02.135+0000 7f45077fe700 1 --2- >> [v2:172.21.15.57:3300/0,v1:172.21.15.57:6789/0] conn(0x7f45081087d0 0x7f450807d1e0 unknown :-1 s=BANNER_CONNECTING pgs=0 cs=0 l=1 rev1=0 crypto rx=0 tx=0 comp rx=0 tx=0)._handle_peer_banner_payload supported=3 required=0
2024-05-09T03:14:07.262 INFO:teuthology.orchestra.run.smithi057.stdout:/usr/bin/ceph: stderr
2024-05-09T03:14:02.135+0000 7f45077fe700 1 --2- >> [v2:172.21.15.57:3300/0,v1:172.21.15.57:6789/0] conn(0x7f45081087d0 0x7f450807d1e0 unknown :-1 s=HELLO_CONNECTING pgs=0 cs=0 l=1 rev1=1 crypto rx=0 tx=0 comp rx=0 tx=0).handle_hello peer v2:172.21.15.57:3300/0 says I am v2:172.21.15.57:41300/0 (socket says 172.21.15.57:41300)
2024-05-09T03:14:07.262 INFO:teuthology.orchestra.run.smithi057.stdout:/usr/bin/ceph: stderr
2024-05-09T03:14:02.135+0000 7f45077fe700 1 -- 172.21.15.57:0/614770654 learned_addr learned my addr 172.21.15.57:0/614770654 (peer_addr_for_me v2:172.21.15.57:0/0)
2024-05-09T03:14:07.262 INFO:teuthology.orchestra.run.smithi057.stdout:/usr/bin/ceph: stderr
2024-05-09T03:14:02.135+0000 7f45077fe700 1 -- 172.21.15.57:0/614770654 --> [v2:172.21.15.57:3300/0,v1:172.21.15.57:6789/0] -- mon_subscribe({config=0+,monmap=0+}) -- 0x7f450807d720 con 0x7f45081087d0
2024-05-09T03:14:07.263 INFO:teuthology.orchestra.run.smithi057.stdout:/usr/bin/ceph: stderr
2024-05-09T03:14:02.135+0000 7f45077fe700 1 --2- 172.21.15.57:0/614770654 >> [v2:172.21.15.57:3300/0,v1:172.21.15.57:6789/0] conn(0x7f45081087d0 0x7f450807d1e0 secure :-1 s=READY pgs=46 cs=0 l=1 rev1=1 crypto rx=0x7f44f8004000 tx=0x7f44f80093b0 comp rx=0 tx=0).ready entity=mon.0 client_cookie=0 server_cookie=0 in_seq=0 out_seq=0
2024-05-09T03:14:07.263 INFO:teuthology.orchestra.run.smithi057.stdout:/usr/bin/ceph: stderr
2024-05-09T03:14:02.135+0000 7f4504ff9700 1 -- 172.21.15.57:0/614770654 <== mon.0 v2:172.21.15.57:3300/0 1 ==== mon_map magic: 0 ==== 205+0+0 (secure 0 0 0) 0x7f44f8020020 con 0x7f45081087d0
2024-05-09T03:14:07.263 INFO:teuthology.orchestra.run.smithi057.stdout:/usr/bin/ceph: stderr
2024-05-09T03:14:02.135+0000 7f4504ff9700 1 -- 172.21.15.57:0/614770654 <== mon.0 v2:172.21.15.57:3300/0 2 ==== config(25 keys) ==== 1032+0+0 (secure 0 0 0) 0x7f44f8003d00 con 0x7f45081087d0
2024-05-09T03:14:07.263 INFO:teuthology.orchestra.run.smithi057.stdout:/usr/bin/ceph: stderr
2024-05-09T03:14:02.135+0000 7f450e0dd700 1 -- 172.21.15.57:0/614770654 --> [v2:172.21.15.57:3300/0,v1:172.21.15.57:6789/0] -- mon_subscribe({mgrmap=0+}) -- 0x7f45081a0980 con 0x7f45081087d0
2024-05-09T03:14:07.263 INFO:teuthology.orchestra.run.smithi057.stdout:/usr/bin/ceph: stderr
2024-05-09T03:14:02.135+0000 7f4504ff9700 1 -- 172.21.15.57:0/614770654 <== mon.0 v2:172.21.15.57:3300/0 3 ==== mon_map magic: 0 ==== 205+0+0 (secure 0 0 0) 0x7f44f8017040 con 0x7f45081087d0
2024-05-09T03:14:07.263 INFO:teuthology.orchestra.run.smithi057.stdout:/usr/bin/ceph: stderr
2024-05-09T03:14:02.135+0000 7f450e0dd700 1 -- 172.21.15.57:0/614770654 --> [v2:172.21.15.57:3300/0,v1:172.21.15.57:6789/0] -- mon_subscribe({osdmap=0}) -- 0x7f45081a0e60 con 0x7f45081087d0
2024-05-09T03:14:07.263 INFO:teuthology.orchestra.run.smithi057.stdout:/usr/bin/ceph: stderr
2024-05-09T03:14:02.136+0000 7f4504ff9700 1 -- 172.21.15.57:0/614770654 <== mon.0 v2:172.21.15.57:3300/0 4 ==== mgrmap(e 8) ==== 50222+0+0 (secure 0 0 0) 0x7f44f8023020 con 0x7f45081087d0
2024-05-09T03:14:07.263 INFO:teuthology.orchestra.run.smithi057.stdout:/usr/bin/ceph: stderr
2024-05-09T03:14:02.137+0000 7f4504ff9700 1 --2- 172.21.15.57:0/614770654 >> [v2:172.21.15.57:6800/2210120621,v1:172.21.15.57:6801/2210120621] conn(0x7f44f403e530 0x7f44f4040a40 unknown :-1 s=NONE pgs=0 cs=0 l=1 rev1=0 crypto rx=0 tx=0 comp rx=0 tx=0).connect
2024-05-09T03:14:07.263 INFO:teuthology.orchestra.run.smithi057.stdout:/usr/bin/ceph: stderr
2024-05-09T03:14:02.137+0000 7f450e0dd700 1 -- 172.21.15.57:0/614770654 --> [v2:172.21.15.57:3300/0,v1:172.21.15.57:6789/0] -- mon_command({"prefix": "get_command_descriptions"} v 0) -- 0x7f4508064e20 con 0x7f45081087d0
2024-05-09T03:14:07.263 INFO:teuthology.orchestra.run.smithi057.stdout:/usr/bin/ceph: stderr
2024-05-09T03:14:02.137+0000 7f4504ff9700 1 -- 172.21.15.57:0/614770654 <== mon.0 v2:172.21.15.57:3300/0 5 ==== osd_map(2..2 src has 1..2) ==== 940+0+0 (secure 0 0 0) 0x7f44f800f050 con 0x7f45081087d0
2024-05-09T03:14:07.263 INFO:teuthology.orchestra.run.smithi057.stdout:/usr/bin/ceph: stderr
2024-05-09T03:14:02.137+0000 7f4506ffd700 1 --2- 172.21.15.57:0/614770654 >> [v2:172.21.15.57:6800/2210120621,v1:172.21.15.57:6801/2210120621] conn(0x7f44f403e530 0x7f44f4040a40 unknown :-1 s=BANNER_CONNECTING pgs=0 cs=0 l=1 rev1=0 crypto rx=0 tx=0 comp rx=0 tx=0)._handle_peer_banner_payload supported=3 required=0
2024-05-09T03:14:07.263 INFO:teuthology.orchestra.run.smithi057.stdout:/usr/bin/ceph: stderr
2024-05-09T03:14:02.137+0000 7f4506ffd700 1 --2- 172.21.15.57:0/614770654 >> [v2:172.21.15.57:6800/2210120621,v1:172.21.15.57:6801/2210120621] conn(0x7f44f403e530 0x7f44f4040a40 secure :-1 s=READY pgs=11 cs=0 l=1 rev1=1 crypto rx=0x7f44f0006fd0 tx=0x7f44f0006e40 comp rx=0 tx=0).ready entity=mgr.14120 client_cookie=0 server_cookie=0 in_seq=0 out_seq=0
2024-05-09T03:14:07.263 INFO:teuthology.orchestra.run.smithi057.stdout:/usr/bin/ceph: stderr
2024-05-09T03:14:02.142+0000 7f4504ff9700 1 -- 172.21.15.57:0/614770654 <== mon.0 v2:172.21.15.57:3300/0 6 ==== mon_command_ack([{"prefix": "get_command_descriptions"}]=0 v0) ==== 72+0+191963 (secure 0 0 0) 0x7f44f802a020 con 0x7f45081087d0
2024-05-09T03:14:07.263 INFO:teuthology.orchestra.run.smithi057.stdout:/usr/bin/ceph: stderr
2024-05-09T03:14:02.362+0000 7f450e0dd700 1 -- 172.21.15.57:0/614770654 --> [v2:172.21.15.57:6800/2210120621,v1:172.21.15.57:6801/2210120621] -- mgr_command(tid 0: {"prefix": "orch host add", "hostname": "smithi057", "addr": "172.21.15.57", "target": ["mon-mgr", ""]}) -- 0x7f4508104db0 con 0x7f44f403e530
2024-05-09T03:14:07.263 INFO:teuthology.orchestra.run.smithi057.stdout:/usr/bin/ceph: stderr
2024-05-09T03:14:06.654+0000 7f4504ff9700 1 -- 172.21.15.57:0/614770654 <== mgr.14120 v2:172.21.15.57:6800/2210120621 1 ==== mgr_command_reply(tid 0: 0 ) ==== 8+0+48 (secure 0 0 0) 0x7f4508104db0 con 0x7f44f403e530
2024-05-09T03:14:07.264 INFO:teuthology.orchestra.run.smithi057.stdout:/usr/bin/ceph: stderr
2024-05-09T03:14:06.657+0000 7f450e0dd700 1 -- 172.21.15.57:0/614770654 >> [v2:172.21.15.57:6800/2210120621,v1:172.21.15.57:6801/2210120621] conn(0x7f44f403e530 msgr2=0x7f44f4040a40 secure :-1 s=STATE_CONNECTION_ESTABLISHED l=1).mark_down
2024-05-09T03:14:07.264 INFO:teuthology.orchestra.run.smithi057.stdout:/usr/bin/ceph: stderr
2024-05-09T03:14:06.657+0000 7f450e0dd700 1 --2- 172.21.15.57:0/614770654 >> [v2:172.21.15.57:6800/2210120621,v1:172.21.15.57:6801/2210120621] conn(0x7f44f403e530 0x7f44f4040a40 secure :-1 s=READY pgs=11 cs=0 l=1 rev1=1 crypto rx=0x7f44f0006fd0 tx=0x7f44f0006e40 comp rx=0 tx=0).stop
2024-05-09T03:14:07.264 INFO:teuthology.orchestra.run.smithi057.stdout:/usr/bin/ceph: stderr
2024-05-09T03:14:06.657+0000 7f450e0dd700 1 -- 172.21.15.57:0/614770654 >> [v2:172.21.15.57:3300/0,v1:172.21.15.57:6789/0] conn(0x7f45081087d0 msgr2=0x7f450807d1e0 secure :-1 s=STATE_CONNECTION_ESTABLISHED l=1).mark_down
2024-05-09T03:14:07.264 INFO:teuthology.orchestra.run.smithi057.stdout:/usr/bin/ceph: stderr
2024-05-09T03:14:06.657+0000 7f450e0dd700 1 --2- 172.21.15.57:0/614770654 >> [v2:172.21.15.57:3300/0,v1:172.21.15.57:6789/0] conn(0x7f45081087d0 0x7f450807d1e0 secure :-1 s=READY pgs=46 cs=0 l=1 rev1=1 crypto rx=0x7f44f8004000 tx=0x7f44f80093b0 comp rx=0 tx=0).stop
2024-05-09T03:14:07.264 INFO:teuthology.orchestra.run.smithi057.stdout:/usr/bin/ceph: stderr
2024-05-09T03:14:06.657+0000 7f450e0dd700 1 -- 172.21.15.57:0/614770654 shutdown_connections
2024-05-09T03:14:07.264 INFO:teuthology.orchestra.run.smithi057.stdout:/usr/bin/ceph: stderr
2024-05-09T03:14:06.657+0000 7f450e0dd700 1 --2- 172.21.15.57:0/614770654 >> [v2:172.21.15.57:6800/2210120621,v1:172.21.15.57:6801/2210120621] conn(0x7f44f403e530 0x7f44f4040a40 unknown :-1 s=CLOSED pgs=11 cs=0 l=1 rev1=1 crypto rx=0 tx=0 comp rx=0 tx=0).stop
2024-05-09T03:14:07.264 INFO:teuthology.orchestra.run.smithi057.stdout:/usr/bin/ceph: stderr
2024-05-09T03:14:06.657+0000 7f450e0dd700 1 --2- 172.21.15.57:0/614770654 >> [v2:172.21.15.57:3300/0,v1:172.21.15.57:6789/0] conn(0x7f45081087d0 0x7f450807d1e0 unknown :-1 s=CLOSED pgs=46 cs=0 l=1 rev1=1 crypto rx=0 tx=0 comp rx=0 tx=0).stop
2024-05-09T03:14:07.264 INFO:teuthology.orchestra.run.smithi057.stdout:/usr/bin/ceph: stderr
2024-05-09T03:14:06.657+0000 7f450e0dd700 1 -- 172.21.15.57:0/614770654 >> 172.21.15.57:0/614770654 conn(0x7f4508103e10 msgr2=0x7f45081046a0 unknown :-1 s=STATE_NONE l=0).mark_down
2024-05-09T03:14:07.264 INFO:teuthology.orchestra.run.smithi057.stdout:/usr/bin/ceph: stderr
2024-05-09T03:14:06.657+0000 7f450e0dd700 1 -- 172.21.15.57:0/614770654 shutdown_connections
2024-05-09T03:14:07.264 INFO:teuthology.orchestra.run.smithi057.stdout:/usr/bin/ceph: stderr
2024-05-09T03:14:06.657+0000 7f450e0dd700 1 -- 172.21.15.57:0/614770654 wait complete.
2024-05-09T03:14:07.264 INFO:teuthology.orchestra.run.smithi057.stdout:Deploying unmanaged mon service...
2024-05-09T03:14:07.860 INFO:journalctl@ceph.mon.a.smithi057.stdout:May 09 03:14:07 smithi057 ceph-mon[30114]: from='mgr.14120 172.21.15.57:0/1381344559' entity='mgr.x'
2024-05-09T03:14:07.860 INFO:journalctl@ceph.mon.a.smithi057.stdout:May 09 03:14:07 smithi057 ceph-mon[30114]: Added host smithi057
2024-05-09T03:14:07.861 INFO:journalctl@ceph.mon.a.smithi057.stdout:May 09 03:14:07 smithi057 ceph-mon[30114]: from='mgr.14120 172.21.15.57:0/1381344559' entity='mgr.x' cmd=[{"prefix": "config dump", "format": "json"}]: dispatch
2024-05-09T03:14:08.585 INFO:teuthology.orchestra.run.smithi057.stdout:/usr/bin/ceph: stdout Scheduled mon update...
2024-05-09T03:14:08.585 INFO:teuthology.orchestra.run.smithi057.stdout:/usr/bin/ceph: stderr
2024-05-09T03:14:07.666+0000 7fc9e52e2700 1 Processor -- start
2024-05-09T03:14:08.585 INFO:teuthology.orchestra.run.smithi057.stdout:/usr/bin/ceph: stderr
2024-05-09T03:14:07.666+0000 7fc9e52e2700 1 -- start start
2024-05-09T03:14:08.585 INFO:teuthology.orchestra.run.smithi057.stdout:/usr/bin/ceph: stderr
2024-05-09T03:14:07.666+0000 7fc9e52e2700 1 --2- >> [v2:172.21.15.57:3300/0,v1:172.21.15.57:6789/0] conn(0x7fc9e0109dc0 0x7fc9e010a1d0 unknown :-1 s=NONE pgs=0 cs=0 l=0 rev1=0 crypto rx=0 tx=0 comp rx=0 tx=0).connect
2024-05-09T03:14:08.585 INFO:teuthology.orchestra.run.smithi057.stdout:/usr/bin/ceph: stderr
2024-05-09T03:14:07.666+0000 7fc9e52e2700 1 -- --> [v2:172.21.15.57:3300/0,v1:172.21.15.57:6789/0] -- mon_getmap magic: 0 -- 0x7fc9e010a7a0 con 0x7fc9e0109dc0
2024-05-09T03:14:08.585 INFO:teuthology.orchestra.run.smithi057.stdout:/usr/bin/ceph: stderr
2024-05-09T03:14:07.667+0000 7fc9deffd700 1 --2- >> [v2:172.21.15.57:3300/0,v1:172.21.15.57:6789/0] conn(0x7fc9e0109dc0 0x7fc9e010a1d0 unknown :-1 s=BANNER_CONNECTING pgs=0 cs=0 l=0 rev1=0 crypto rx=0 tx=0 comp rx=0 tx=0)._handle_peer_banner_payload supported=3 required=0
2024-05-09T03:14:08.585 INFO:teuthology.orchestra.run.smithi057.stdout:/usr/bin/ceph: stderr
2024-05-09T03:14:07.667+0000 7fc9deffd700 1 --2- >> [v2:172.21.15.57:3300/0,v1:172.21.15.57:6789/0] conn(0x7fc9e0109dc0 0x7fc9e010a1d0 unknown :-1 s=HELLO_CONNECTING pgs=0 cs=0 l=0 rev1=1 crypto rx=0 tx=0 comp rx=0 tx=0).handle_hello peer v2:172.21.15.57:3300/0 says I am v2:172.21.15.57:45150/0 (socket says 172.21.15.57:45150)
2024-05-09T03:14:08.585 INFO:teuthology.orchestra.run.smithi057.stdout:/usr/bin/ceph: stderr
2024-05-09T03:14:07.667+0000 7fc9deffd700 1 -- 172.21.15.57:0/926352345 learned_addr learned my addr 172.21.15.57:0/926352345 (peer_addr_for_me v2:172.21.15.57:0/0)
2024-05-09T03:14:08.585 INFO:teuthology.orchestra.run.smithi057.stdout:/usr/bin/ceph: stderr
2024-05-09T03:14:07.667+0000 7fc9deffd700 1 -- 172.21.15.57:0/926352345 --> [v2:172.21.15.57:3300/0,v1:172.21.15.57:6789/0] -- mon_subscribe({config=0+,monmap=0+}) -- 0x7fc9e01089f0 con 0x7fc9e0109dc0
2024-05-09T03:14:08.586 INFO:teuthology.orchestra.run.smithi057.stdout:/usr/bin/ceph: stderr
2024-05-09T03:14:07.667+0000 7fc9deffd700 1 --2- 172.21.15.57:0/926352345 >> [v2:172.21.15.57:3300/0,v1:172.21.15.57:6789/0] conn(0x7fc9e0109dc0 0x7fc9e010a1d0 secure :-1 s=READY pgs=47 cs=0 l=1 rev1=1 crypto rx=0x7fc9d00098a0 tx=0x7fc9d0009bb0 comp rx=0 tx=0).ready entity=mon.0 client_cookie=15b80576f1fdd154 server_cookie=0 in_seq=0 out_seq=0
2024-05-09T03:14:08.586 INFO:teuthology.orchestra.run.smithi057.stdout:/usr/bin/ceph: stderr
2024-05-09T03:14:07.667+0000 7fc9ddffb700 1 -- 172.21.15.57:0/926352345 <== mon.0 v2:172.21.15.57:3300/0 1 ==== mon_map magic: 0 ==== 205+0+0 (secure 0 0 0) 0x7fc9d0004160 con 0x7fc9e0109dc0
2024-05-09T03:14:08.586 INFO:teuthology.orchestra.run.smithi057.stdout:/usr/bin/ceph: stderr
2024-05-09T03:14:07.667+0000 7fc9ddffb700 1 -- 172.21.15.57:0/926352345 <== mon.0 v2:172.21.15.57:3300/0 2 ==== config(25 keys) ==== 1032+0+0 (secure 0 0 0) 0x7fc9d0004300 con 0x7fc9e0109dc0
2024-05-09T03:14:08.586 INFO:teuthology.orchestra.run.smithi057.stdout:/usr/bin/ceph: stderr
2024-05-09T03:14:07.667+0000 7fc9ddffb700 1 -- 172.21.15.57:0/926352345 <== mon.0 v2:172.21.15.57:3300/0 3 ==== mon_map magic: 0 ==== 205+0+0 (secure 0 0 0) 0x7fc9d00119e0 con 0x7fc9e0109dc0
2024-05-09T03:14:08.586 INFO:teuthology.orchestra.run.smithi057.stdout:/usr/bin/ceph: stderr
2024-05-09T03:14:07.668+0000 7fc9e52e2700 1 -- 172.21.15.57:0/926352345 >> [v2:172.21.15.57:3300/0,v1:172.21.15.57:6789/0] conn(0x7fc9e0109dc0 msgr2=0x7fc9e010a1d0 secure :-1 s=STATE_CONNECTION_ESTABLISHED l=1).mark_down
2024-05-09T03:14:08.586 INFO:teuthology.orchestra.run.smithi057.stdout:/usr/bin/ceph: stderr
2024-05-09T03:14:07.668+0000 7fc9e52e2700 1 --2- 172.21.15.57:0/926352345 >> [v2:172.21.15.57:3300/0,v1:172.21.15.57:6789/0] conn(0x7fc9e0109dc0 0x7fc9e010a1d0 secure :-1 s=READY pgs=47 cs=0 l=1 rev1=1 crypto rx=0x7fc9d00098a0 tx=0x7fc9d0009bb0 comp rx=0 tx=0).stop
2024-05-09T03:14:08.586 INFO:teuthology.orchestra.run.smithi057.stdout:/usr/bin/ceph: stderr
2024-05-09T03:14:07.668+0000 7fc9e52e2700 1 -- 172.21.15.57:0/926352345 shutdown_connections
2024-05-09T03:14:08.586 INFO:teuthology.orchestra.run.smithi057.stdout:/usr/bin/ceph: stderr
2024-05-09T03:14:07.668+0000 7fc9e52e2700 1 --2- 172.21.15.57:0/926352345 >> [v2:172.21.15.57:3300/0,v1:172.21.15.57:6789/0] conn(0x7fc9e0109dc0 0x7fc9e010a1d0 unknown :-1 s=CLOSED pgs=47 cs=0 l=1 rev1=1 crypto rx=0 tx=0 comp rx=0 tx=0).stop
2024-05-09T03:14:08.586 INFO:teuthology.orchestra.run.smithi057.stdout:/usr/bin/ceph: stderr
2024-05-09T03:14:07.668+0000 7fc9e52e2700 1 -- 172.21.15.57:0/926352345 >> 172.21.15.57:0/926352345 conn(0x7fc9e01035b0 msgr2=0x7fc9e0105a60 unknown :-1 s=STATE_NONE l=0).mark_down
2024-05-09T03:14:08.586 INFO:teuthology.orchestra.run.smithi057.stdout:/usr/bin/ceph: stderr
2024-05-09T03:14:07.668+0000 7fc9e52e2700 1 -- 172.21.15.57:0/926352345 shutdown_connections
2024-05-09T03:14:08.586 INFO:teuthology.orchestra.run.smithi057.stdout:/usr/bin/ceph: stderr
2024-05-09T03:14:07.668+0000 7fc9e52e2700 1 -- 172.21.15.57:0/926352345 wait complete.
2024-05-09T03:14:08.586 INFO:teuthology.orchestra.run.smithi057.stdout:/usr/bin/ceph: stderr
2024-05-09T03:14:07.669+0000 7fc9e52e2700 1 Processor -- start
2024-05-09T03:14:08.586 INFO:teuthology.orchestra.run.smithi057.stdout:/usr/bin/ceph: stderr
2024-05-09T03:14:07.670+0000 7fc9e52e2700 1 -- start start
2024-05-09T03:14:08.587 INFO:teuthology.orchestra.run.smithi057.stdout:/usr/bin/ceph: stderr
2024-05-09T03:14:07.670+0000 7fc9e52e2700 1 --2- >> [v2:172.21.15.57:3300/0,v1:172.21.15.57:6789/0] conn(0x7fc9e0109dc0 0x7fc9e0193870 unknown :-1 s=NONE pgs=0 cs=0 l=1 rev1=0 crypto rx=0 tx=0 comp rx=0 tx=0).connect
2024-05-09T03:14:08.587 INFO:teuthology.orchestra.run.smithi057.stdout:/usr/bin/ceph: stderr
2024-05-09T03:14:07.670+0000 7fc9e52e2700 1 -- --> [v2:172.21.15.57:3300/0,v1:172.21.15.57:6789/0] -- mon_getmap magic: 0 -- 0x7fc9e010cdb0 con 0x7fc9e0109dc0
