2024-05-09T03:14:08.587 INFO:teuthology.orchestra.run.smithi057.stdout:/usr/bin/ceph: stderr
2024-05-09T03:14:07.670+0000 7fc9deffd700 1 --2- >> [v2:172.21.15.57:3300/0,v1:172.21.15.57:6789/0] conn(0x7fc9e0109dc0 0x7fc9e0193870 unknown :-1 s=BANNER_CONNECTING pgs=0 cs=0 l=1 rev1=0 crypto rx=0 tx=0 comp rx=0 tx=0)._handle_peer_banner_payload supported=3 required=0
2024-05-09T03:14:08.587 INFO:teuthology.orchestra.run.smithi057.stdout:/usr/bin/ceph: stderr
2024-05-09T03:14:07.670+0000 7fc9deffd700 1 --2- >> [v2:172.21.15.57:3300/0,v1:172.21.15.57:6789/0] conn(0x7fc9e0109dc0 0x7fc9e0193870 unknown :-1 s=HELLO_CONNECTING pgs=0 cs=0 l=1 rev1=1 crypto rx=0 tx=0 comp rx=0 tx=0).handle_hello peer v2:172.21.15.57:3300/0 says I am v2:172.21.15.57:45160/0 (socket says 172.21.15.57:45160)
2024-05-09T03:14:08.587 INFO:teuthology.orchestra.run.smithi057.stdout:/usr/bin/ceph: stderr
2024-05-09T03:14:07.670+0000 7fc9deffd700 1 -- 172.21.15.57:0/1762251545 learned_addr learned my addr 172.21.15.57:0/1762251545 (peer_addr_for_me v2:172.21.15.57:0/0)
2024-05-09T03:14:08.587 INFO:teuthology.orchestra.run.smithi057.stdout:/usr/bin/ceph: stderr
2024-05-09T03:14:07.670+0000 7fc9deffd700 1 -- 172.21.15.57:0/1762251545 --> [v2:172.21.15.57:3300/0,v1:172.21.15.57:6789/0] -- mon_subscribe({config=0+,monmap=0+}) -- 0x7fc9e0193db0 con 0x7fc9e0109dc0
2024-05-09T03:14:08.587 INFO:teuthology.orchestra.run.smithi057.stdout:/usr/bin/ceph: stderr
2024-05-09T03:14:07.670+0000 7fc9deffd700 1 --2- 172.21.15.57:0/1762251545 >> [v2:172.21.15.57:3300/0,v1:172.21.15.57:6789/0] conn(0x7fc9e0109dc0 0x7fc9e0193870 secure :-1 s=READY pgs=48 cs=0 l=1 rev1=1 crypto rx=0x7fc9d0000c00 tx=0x7fc9d0011a60 comp rx=0 tx=0).ready entity=mon.0 client_cookie=0 server_cookie=0 in_seq=0 out_seq=0
2024-05-09T03:14:08.587 INFO:teuthology.orchestra.run.smithi057.stdout:/usr/bin/ceph: stderr
2024-05-09T03:14:07.671+0000 7fc9c7fff700 1 -- 172.21.15.57:0/1762251545 <== mon.0 v2:172.21.15.57:3300/0 1 ==== mon_map magic: 0 ==== 205+0+0 (secure 0 0 0) 0x7fc9d0003970 con 0x7fc9e0109dc0
2024-05-09T03:14:08.587 INFO:teuthology.orchestra.run.smithi057.stdout:/usr/bin/ceph: stderr
2024-05-09T03:14:07.671+0000 7fc9e52e2700 1 -- 172.21.15.57:0/1762251545 --> [v2:172.21.15.57:3300/0,v1:172.21.15.57:6789/0] -- mon_subscribe({mgrmap=0+}) -- 0x7fc9e0192000 con 0x7fc9e0109dc0
2024-05-09T03:14:08.587 INFO:teuthology.orchestra.run.smithi057.stdout:/usr/bin/ceph: stderr
2024-05-09T03:14:07.671+0000 7fc9e52e2700 1 -- 172.21.15.57:0/1762251545 --> [v2:172.21.15.57:3300/0,v1:172.21.15.57:6789/0] -- mon_subscribe({osdmap=0}) -- 0x7fc9e01924e0 con 0x7fc9e0109dc0
2024-05-09T03:14:08.587 INFO:teuthology.orchestra.run.smithi057.stdout:/usr/bin/ceph: stderr
2024-05-09T03:14:07.671+0000 7fc9c7fff700 1 -- 172.21.15.57:0/1762251545 <== mon.0 v2:172.21.15.57:3300/0 2 ==== config(25 keys) ==== 1032+0+0 (secure 0 0 0) 0x7fc9d0003b10 con 0x7fc9e0109dc0
2024-05-09T03:14:08.587 INFO:teuthology.orchestra.run.smithi057.stdout:/usr/bin/ceph: stderr
2024-05-09T03:14:07.671+0000 7fc9c7fff700 1 -- 172.21.15.57:0/1762251545 <== mon.0 v2:172.21.15.57:3300/0 3 ==== mon_map magic: 0 ==== 205+0+0 (secure 0 0 0) 0x7fc9d001a690 con 0x7fc9e0109dc0
2024-05-09T03:14:08.588 INFO:teuthology.orchestra.run.smithi057.stdout:/usr/bin/ceph: stderr
2024-05-09T03:14:07.672+0000 7fc9c7fff700 1 -- 172.21.15.57:0/1762251545 <== mon.0 v2:172.21.15.57:3300/0 4 ==== mgrmap(e 8) ==== 50222+0+0 (secure 0 0 0) 0x7fc9d001a830 con 0x7fc9e0109dc0
2024-05-09T03:14:08.588 INFO:teuthology.orchestra.run.smithi057.stdout:/usr/bin/ceph: stderr
2024-05-09T03:14:07.672+0000 7fc9e52e2700 1 -- 172.21.15.57:0/1762251545 --> [v2:172.21.15.57:3300/0,v1:172.21.15.57:6789/0] -- mon_command({"prefix": "get_command_descriptions"} v 0) -- 0x7fc9cc005360 con 0x7fc9e0109dc0
2024-05-09T03:14:08.588 INFO:teuthology.orchestra.run.smithi057.stdout:/usr/bin/ceph: stderr
2024-05-09T03:14:07.673+0000 7fc9c7fff700 1 --2- 172.21.15.57:0/1762251545 >> [v2:172.21.15.57:6800/2210120621,v1:172.21.15.57:6801/2210120621] conn(0x7fc9c803e4e0 0x7fc9c80409f0 unknown :-1 s=NONE pgs=0 cs=0 l=1 rev1=0 crypto rx=0 tx=0 comp rx=0 tx=0).connect
2024-05-09T03:14:08.588 INFO:teuthology.orchestra.run.smithi057.stdout:/usr/bin/ceph: stderr
2024-05-09T03:14:07.673+0000 7fc9c7fff700 1 -- 172.21.15.57:0/1762251545 <== mon.0 v2:172.21.15.57:3300/0 5 ==== osd_map(2..2 src has 1..2) ==== 940+0+0 (secure 0 0 0) 0x7fc9d0053b20 con 0x7fc9e0109dc0
2024-05-09T03:14:08.588 INFO:teuthology.orchestra.run.smithi057.stdout:/usr/bin/ceph: stderr
2024-05-09T03:14:07.673+0000 7fc9de7fc700 1 --2- 172.21.15.57:0/1762251545 >> [v2:172.21.15.57:6800/2210120621,v1:172.21.15.57:6801/2210120621] conn(0x7fc9c803e4e0 0x7fc9c80409f0 unknown :-1 s=BANNER_CONNECTING pgs=0 cs=0 l=1 rev1=0 crypto rx=0 tx=0 comp rx=0 tx=0)._handle_peer_banner_payload supported=3 required=0
2024-05-09T03:14:08.588 INFO:teuthology.orchestra.run.smithi057.stdout:/usr/bin/ceph: stderr
2024-05-09T03:14:07.673+0000 7fc9de7fc700 1 --2- 172.21.15.57:0/1762251545 >> [v2:172.21.15.57:6800/2210120621,v1:172.21.15.57:6801/2210120621] conn(0x7fc9c803e4e0 0x7fc9c80409f0 secure :-1 s=READY pgs=12 cs=0 l=1 rev1=1 crypto rx=0x7fc9d4006fd0 tx=0x7fc9d4006e40 comp rx=0 tx=0).ready entity=mgr.14120 client_cookie=0 server_cookie=0 in_seq=0 out_seq=0
2024-05-09T03:14:08.588 INFO:teuthology.orchestra.run.smithi057.stdout:/usr/bin/ceph: stderr
2024-05-09T03:14:07.679+0000 7fc9c7fff700 1 -- 172.21.15.57:0/1762251545 <== mon.0 v2:172.21.15.57:3300/0 6 ==== mon_command_ack([{"prefix": "get_command_descriptions"}]=0 v0) ==== 72+0+191963 (secure 0 0 0) 0x7fc9d0017e90 con 0x7fc9e0109dc0
2024-05-09T03:14:08.588 INFO:teuthology.orchestra.run.smithi057.stdout:/usr/bin/ceph: stderr
2024-05-09T03:14:07.916+0000 7fc9e52e2700 1 -- 172.21.15.57:0/1762251545 --> [v2:172.21.15.57:6800/2210120621,v1:172.21.15.57:6801/2210120621] -- mgr_command(tid 0: {"prefix": "orch apply", "service_type": "mon", "unmanaged": true, "target": ["mon-mgr", ""]}) -- 0x7fc9cc000bf0 con 0x7fc9c803e4e0
2024-05-09T03:14:08.588 INFO:teuthology.orchestra.run.smithi057.stdout:/usr/bin/ceph: stderr
2024-05-09T03:14:07.922+0000 7fc9c7fff700 1 -- 172.21.15.57:0/1762251545 <== mgr.14120 v2:172.21.15.57:6800/2210120621 1 ==== mgr_command_reply(tid 0: 0 ) ==== 8+0+24 (secure 0 0 0) 0x7fc9cc000bf0 con 0x7fc9c803e4e0
2024-05-09T03:14:08.588 INFO:teuthology.orchestra.run.smithi057.stdout:/usr/bin/ceph: stderr
2024-05-09T03:14:07.924+0000 7fc9e52e2700 1 -- 172.21.15.57:0/1762251545 >> [v2:172.21.15.57:6800/2210120621,v1:172.21.15.57:6801/2210120621] conn(0x7fc9c803e4e0 msgr2=0x7fc9c80409f0 secure :-1 s=STATE_CONNECTION_ESTABLISHED l=1).mark_down
2024-05-09T03:14:08.588 INFO:teuthology.orchestra.run.smithi057.stdout:/usr/bin/ceph: stderr
2024-05-09T03:14:07.924+0000 7fc9e52e2700 1 --2- 172.21.15.57:0/1762251545 >> [v2:172.21.15.57:6800/2210120621,v1:172.21.15.57:6801/2210120621] conn(0x7fc9c803e4e0 0x7fc9c80409f0 secure :-1 s=READY pgs=12 cs=0 l=1 rev1=1 crypto rx=0x7fc9d4006fd0 tx=0x7fc9d4006e40 comp rx=0 tx=0).stop
2024-05-09T03:14:08.588 INFO:teuthology.orchestra.run.smithi057.stdout:/usr/bin/ceph: stderr
2024-05-09T03:14:07.924+0000 7fc9e52e2700 1 -- 172.21.15.57:0/1762251545 >> [v2:172.21.15.57:3300/0,v1:172.21.15.57:6789/0] conn(0x7fc9e0109dc0 msgr2=0x7fc9e0193870 secure :-1 s=STATE_CONNECTION_ESTABLISHED l=1).mark_down
2024-05-09T03:14:08.588 INFO:teuthology.orchestra.run.smithi057.stdout:/usr/bin/ceph: stderr
2024-05-09T03:14:07.924+0000 7fc9e52e2700 1 --2- 172.21.15.57:0/1762251545 >> [v2:172.21.15.57:3300/0,v1:172.21.15.57:6789/0] conn(0x7fc9e0109dc0 0x7fc9e0193870 secure :-1 s=READY pgs=48 cs=0 l=1 rev1=1 crypto rx=0x7fc9d0000c00 tx=0x7fc9d0011a60 comp rx=0 tx=0).stop
2024-05-09T03:14:08.588 INFO:teuthology.orchestra.run.smithi057.stdout:/usr/bin/ceph: stderr
2024-05-09T03:14:07.924+0000 7fc9e52e2700 1 -- 172.21.15.57:0/1762251545 shutdown_connections
2024-05-09T03:14:08.589 INFO:teuthology.orchestra.run.smithi057.stdout:/usr/bin/ceph: stderr
2024-05-09T03:14:07.924+0000 7fc9e52e2700 1 --2- 172.21.15.57:0/1762251545 >> [v2:172.21.15.57:6800/2210120621,v1:172.21.15.57:6801/2210120621] conn(0x7fc9c803e4e0 0x7fc9c80409f0 unknown :-1 s=CLOSED pgs=12 cs=0 l=1 rev1=1 crypto rx=0 tx=0 comp rx=0 tx=0).stop
2024-05-09T03:14:08.589 INFO:teuthology.orchestra.run.smithi057.stdout:/usr/bin/ceph: stderr
2024-05-09T03:14:07.924+0000 7fc9e52e2700 1 --2- 172.21.15.57:0/1762251545 >> [v2:172.21.15.57:3300/0,v1:172.21.15.57:6789/0] conn(0x7fc9e0109dc0 0x7fc9e0193870 unknown :-1 s=CLOSED pgs=48 cs=0 l=1 rev1=1 crypto rx=0 tx=0 comp rx=0 tx=0).stop
2024-05-09T03:14:08.589 INFO:teuthology.orchestra.run.smithi057.stdout:/usr/bin/ceph: stderr
2024-05-09T03:14:07.924+0000 7fc9e52e2700 1 -- 172.21.15.57:0/1762251545 >> 172.21.15.57:0/1762251545 conn(0x7fc9e01035b0 msgr2=0x7fc9e0103e20 unknown :-1 s=STATE_NONE l=0).mark_down
2024-05-09T03:14:08.589 INFO:teuthology.orchestra.run.smithi057.stdout:/usr/bin/ceph: stderr
2024-05-09T03:14:07.925+0000 7fc9e52e2700 1 -- 172.21.15.57:0/1762251545 shutdown_connections
2024-05-09T03:14:08.589 INFO:teuthology.orchestra.run.smithi057.stdout:/usr/bin/ceph: stderr
2024-05-09T03:14:07.925+0000 7fc9e52e2700 1 -- 172.21.15.57:0/1762251545 wait complete.
2024-05-09T03:14:08.589 INFO:teuthology.orchestra.run.smithi057.stdout:Deploying unmanaged mgr service...
2024-05-09T03:14:09.173 INFO:journalctl@ceph.mon.a.smithi057.stdout:May 09 03:14:08 smithi057 ceph-mon[30114]: from='client.14142 -' entity='client.admin' cmd=[{"prefix": "orch apply", "service_type": "mon", "unmanaged": true, "target": ["mon-mgr", ""]}]: dispatch
2024-05-09T03:14:09.173 INFO:journalctl@ceph.mon.a.smithi057.stdout:May 09 03:14:08 smithi057 ceph-mon[30114]: Saving service mon spec with placement count:5
2024-05-09T03:14:09.174 INFO:journalctl@ceph.mon.a.smithi057.stdout:May 09 03:14:08 smithi057 ceph-mon[30114]: from='mgr.14120 172.21.15.57:0/1381344559' entity='mgr.x'
2024-05-09T03:14:09.963 INFO:teuthology.orchestra.run.smithi057.stdout:/usr/bin/ceph: stdout Scheduled mgr update...
2024-05-09T03:14:09.963 INFO:teuthology.orchestra.run.smithi057.stdout:/usr/bin/ceph: stderr
2024-05-09T03:14:08.996+0000 7fa9c5a3c700 1 Processor -- start
2024-05-09T03:14:09.963 INFO:teuthology.orchestra.run.smithi057.stdout:/usr/bin/ceph: stderr
2024-05-09T03:14:08.996+0000 7fa9c5a3c700 1 -- start start
2024-05-09T03:14:09.963 INFO:teuthology.orchestra.run.smithi057.stdout:/usr/bin/ceph: stderr
2024-05-09T03:14:08.997+0000 7fa9c5a3c700 1 --2- >> [v2:172.21.15.57:3300/0,v1:172.21.15.57:6789/0] conn(0x7fa9c010a420 0x7fa9c010c840 unknown :-1 s=NONE pgs=0 cs=0 l=0 rev1=0 crypto rx=0 tx=0 comp rx=0 tx=0).connect
2024-05-09T03:14:09.964 INFO:teuthology.orchestra.run.smithi057.stdout:/usr/bin/ceph: stderr
2024-05-09T03:14:08.997+0000 7fa9c5a3c700 1 -- --> [v2:172.21.15.57:3300/0,v1:172.21.15.57:6789/0] -- mon_getmap magic: 0 -- 0x7fa9c007d8b0 con 0x7fa9c010a420
2024-05-09T03:14:09.964 INFO:teuthology.orchestra.run.smithi057.stdout:/usr/bin/ceph: stderr
2024-05-09T03:14:08.997+0000 7fa9beffd700 1 --2- >> [v2:172.21.15.57:3300/0,v1:172.21.15.57:6789/0] conn(0x7fa9c010a420 0x7fa9c010c840 unknown :-1 s=BANNER_CONNECTING pgs=0 cs=0 l=0 rev1=0 crypto rx=0 tx=0 comp rx=0 tx=0)._handle_peer_banner_payload supported=3 required=0
2024-05-09T03:14:09.964 INFO:teuthology.orchestra.run.smithi057.stdout:/usr/bin/ceph: stderr
2024-05-09T03:14:08.997+0000 7fa9beffd700 1 --2- >> [v2:172.21.15.57:3300/0,v1:172.21.15.57:6789/0] conn(0x7fa9c010a420 0x7fa9c010c840 unknown :-1 s=HELLO_CONNECTING pgs=0 cs=0 l=0 rev1=1 crypto rx=0 tx=0 comp rx=0 tx=0).handle_hello peer v2:172.21.15.57:3300/0 says I am v2:172.21.15.57:45164/0 (socket says 172.21.15.57:45164)
2024-05-09T03:14:09.964 INFO:teuthology.orchestra.run.smithi057.stdout:/usr/bin/ceph: stderr
2024-05-09T03:14:08.997+0000 7fa9beffd700 1 -- 172.21.15.57:0/4189386461 learned_addr learned my addr 172.21.15.57:0/4189386461 (peer_addr_for_me v2:172.21.15.57:0/0)
2024-05-09T03:14:09.964 INFO:teuthology.orchestra.run.smithi057.stdout:/usr/bin/ceph: stderr
2024-05-09T03:14:08.997+0000 7fa9beffd700 1 -- 172.21.15.57:0/4189386461 --> [v2:172.21.15.57:3300/0,v1:172.21.15.57:6789/0] -- mon_subscribe({config=0+,monmap=0+}) -- 0x7fa9c010cd80 con 0x7fa9c010a420
2024-05-09T03:14:09.964 INFO:teuthology.orchestra.run.smithi057.stdout:/usr/bin/ceph: stderr
2024-05-09T03:14:08.997+0000 7fa9beffd700 1 --2- 172.21.15.57:0/4189386461 >> [v2:172.21.15.57:3300/0,v1:172.21.15.57:6789/0] conn(0x7fa9c010a420 0x7fa9c010c840 secure :-1 s=READY pgs=49 cs=0 l=1 rev1=1 crypto rx=0x7fa9b00098a0 tx=0x7fa9b0009bb0 comp rx=0 tx=0).ready entity=mon.0 client_cookie=ca523e8b11ca9533 server_cookie=0 in_seq=0 out_seq=0
2024-05-09T03:14:09.964 INFO:teuthology.orchestra.run.smithi057.stdout:/usr/bin/ceph: stderr
2024-05-09T03:14:08.997+0000 7fa9bdffb700 1 -- 172.21.15.57:0/4189386461 <== mon.0 v2:172.21.15.57:3300/0 1 ==== mon_map magic: 0 ==== 205+0+0 (secure 0 0 0) 0x7fa9b0004160 con 0x7fa9c010a420
2024-05-09T03:14:09.964 INFO:teuthology.orchestra.run.smithi057.stdout:/usr/bin/ceph: stderr
2024-05-09T03:14:08.998+0000 7fa9bdffb700 1 -- 172.21.15.57:0/4189386461 <== mon.0 v2:172.21.15.57:3300/0 2 ==== config(25 keys) ==== 1032+0+0 (secure 0 0 0) 0x7fa9b0004300 con 0x7fa9c010a420
2024-05-09T03:14:09.964 INFO:teuthology.orchestra.run.smithi057.stdout:/usr/bin/ceph: stderr
2024-05-09T03:14:08.998+0000 7fa9bdffb700 1 -- 172.21.15.57:0/4189386461 <== mon.0 v2:172.21.15.57:3300/0 3 ==== mon_map magic: 0 ==== 205+0+0 (secure 0 0 0) 0x7fa9b00119e0 con 0x7fa9c010a420
2024-05-09T03:14:09.964 INFO:teuthology.orchestra.run.smithi057.stdout:/usr/bin/ceph: stderr
2024-05-09T03:14:08.998+0000 7fa9c5a3c700 1 -- 172.21.15.57:0/4189386461 >> [v2:172.21.15.57:3300/0,v1:172.21.15.57:6789/0] conn(0x7fa9c010a420 msgr2=0x7fa9c010c840 secure :-1 s=STATE_CONNECTION_ESTABLISHED l=1).mark_down
2024-05-09T03:14:09.964 INFO:teuthology.orchestra.run.smithi057.stdout:/usr/bin/ceph: stderr
2024-05-09T03:14:08.998+0000 7fa9c5a3c700 1 --2- 172.21.15.57:0/4189386461 >> [v2:172.21.15.57:3300/0,v1:172.21.15.57:6789/0] conn(0x7fa9c010a420 0x7fa9c010c840 secure :-1 s=READY pgs=49 cs=0 l=1 rev1=1 crypto rx=0x7fa9b00098a0 tx=0x7fa9b0009bb0 comp rx=0 tx=0).stop
2024-05-09T03:14:09.964 INFO:teuthology.orchestra.run.smithi057.stdout:/usr/bin/ceph: stderr
2024-05-09T03:14:08.998+0000 7fa9c5a3c700 1 -- 172.21.15.57:0/4189386461 shutdown_connections
2024-05-09T03:14:09.964 INFO:teuthology.orchestra.run.smithi057.stdout:/usr/bin/ceph: stderr
2024-05-09T03:14:08.998+0000 7fa9c5a3c700 1 --2- 172.21.15.57:0/4189386461 >> [v2:172.21.15.57:3300/0,v1:172.21.15.57:6789/0] conn(0x7fa9c010a420 0x7fa9c010c840 unknown :-1 s=CLOSED pgs=49 cs=0 l=1 rev1=1 crypto rx=0 tx=0 comp rx=0 tx=0).stop
2024-05-09T03:14:09.964 INFO:teuthology.orchestra.run.smithi057.stdout:/usr/bin/ceph: stderr
2024-05-09T03:14:08.998+0000 7fa9c5a3c700 1 -- 172.21.15.57:0/4189386461 >> 172.21.15.57:0/4189386461 conn(0x7fa9c0103ea0 msgr2=0x7fa9c0106330 unknown :-1 s=STATE_NONE l=0).mark_down
2024-05-09T03:14:09.964 INFO:teuthology.orchestra.run.smithi057.stdout:/usr/bin/ceph: stderr
2024-05-09T03:14:08.998+0000 7fa9c5a3c700 1 -- 172.21.15.57:0/4189386461 shutdown_connections
2024-05-09T03:14:09.965 INFO:teuthology.orchestra.run.smithi057.stdout:/usr/bin/ceph: stderr
2024-05-09T03:14:08.998+0000 7fa9c5a3c700 1 -- 172.21.15.57:0/4189386461 wait complete.
2024-05-09T03:14:09.965 INFO:teuthology.orchestra.run.smithi057.stdout:/usr/bin/ceph: stderr
2024-05-09T03:14:08.999+0000 7fa9c5a3c700 1 Processor -- start
2024-05-09T03:14:09.965 INFO:teuthology.orchestra.run.smithi057.stdout:/usr/bin/ceph: stderr
2024-05-09T03:14:08.999+0000 7fa9c5a3c700 1 -- start start
2024-05-09T03:14:09.965 INFO:teuthology.orchestra.run.smithi057.stdout:/usr/bin/ceph: stderr
2024-05-09T03:14:08.999+0000 7fa9c5a3c700 1 --2- >> [v2:172.21.15.57:3300/0,v1:172.21.15.57:6789/0] conn(0x7fa9c010a420 0x7fa9c019db80 unknown :-1 s=NONE pgs=0 cs=0 l=1 rev1=0 crypto rx=0 tx=0 comp rx=0 tx=0).connect
2024-05-09T03:14:09.965 INFO:teuthology.orchestra.run.smithi057.stdout:/usr/bin/ceph: stderr
2024-05-09T03:14:08.999+0000 7fa9c5a3c700 1 -- --> [v2:172.21.15.57:3300/0,v1:172.21.15.57:6789/0] -- mon_getmap magic: 0 -- 0x7fa9c010dc70 con 0x7fa9c010a420
2024-05-09T03:14:09.965 INFO:teuthology.orchestra.run.smithi057.stdout:/usr/bin/ceph: stderr
2024-05-09T03:14:09.000+0000 7fa9beffd700 1 --2- >> [v2:172.21.15.57:3300/0,v1:172.21.15.57:6789/0] conn(0x7fa9c010a420 0x7fa9c019db80 unknown :-1 s=BANNER_CONNECTING pgs=0 cs=0 l=1 rev1=0 crypto rx=0 tx=0 comp rx=0 tx=0)._handle_peer_banner_payload supported=3 required=0
2024-05-09T03:14:09.965 INFO:teuthology.orchestra.run.smithi057.stdout:/usr/bin/ceph: stderr
2024-05-09T03:14:09.000+0000 7fa9beffd700 1 --2- >> [v2:172.21.15.57:3300/0,v1:172.21.15.57:6789/0] conn(0x7fa9c010a420 0x7fa9c019db80 unknown :-1 s=HELLO_CONNECTING pgs=0 cs=0 l=1 rev1=1 crypto rx=0 tx=0 comp rx=0 tx=0).handle_hello peer v2:172.21.15.57:3300/0 says I am v2:172.21.15.57:45174/0 (socket says 172.21.15.57:45174)
2024-05-09T03:14:09.965 INFO:teuthology.orchestra.run.smithi057.stdout:/usr/bin/ceph: stderr
2024-05-09T03:14:09.000+0000 7fa9beffd700 1 -- 172.21.15.57:0/617199361 learned_addr learned my addr 172.21.15.57:0/617199361 (peer_addr_for_me v2:172.21.15.57:0/0)
2024-05-09T03:14:09.965 INFO:teuthology.orchestra.run.smithi057.stdout:/usr/bin/ceph: stderr
2024-05-09T03:14:09.000+0000 7fa9beffd700 1 -- 172.21.15.57:0/617199361 --> [v2:172.21.15.57:3300/0,v1:172.21.15.57:6789/0] -- mon_subscribe({config=0+,monmap=0+}) -- 0x7fa9c019e0c0 con 0x7fa9c010a420
2024-05-09T03:14:09.965 INFO:teuthology.orchestra.run.smithi057.stdout:/usr/bin/ceph: stderr
2024-05-09T03:14:09.000+0000 7fa9beffd700 1 --2- 172.21.15.57:0/617199361 >> [v2:172.21.15.57:3300/0,v1:172.21.15.57:6789/0] conn(0x7fa9c010a420 0x7fa9c019db80 secure :-1 s=READY pgs=50 cs=0 l=1 rev1=1 crypto rx=0x7fa9b00116a0 tx=0x7fa9b0011a60 comp rx=0 tx=0).ready entity=mon.0 client_cookie=0 server_cookie=0 in_seq=0 out_seq=0
2024-05-09T03:14:09.965 INFO:teuthology.orchestra.run.smithi057.stdout:/usr/bin/ceph: stderr
2024-05-09T03:14:09.000+0000 7fa9c4a3a700 1 -- 172.21.15.57:0/617199361 <== mon.0 v2:172.21.15.57:3300/0 1 ==== mon_map magic: 0 ==== 205+0+0 (secure 0 0 0) 0x7fa9b0003970 con 0x7fa9c010a420
2024-05-09T03:14:09.965 INFO:teuthology.orchestra.run.smithi057.stdout:/usr/bin/ceph: stderr
2024-05-09T03:14:09.000+0000 7fa9c4a3a700 1 -- 172.21.15.57:0/617199361 <== mon.0 v2:172.21.15.57:3300/0 2 ==== config(25 keys) ==== 1032+0+0 (secure 0 0 0) 0x7fa9b0003b10 con 0x7fa9c010a420
2024-05-09T03:14:09.965 INFO:teuthology.orchestra.run.smithi057.stdout:/usr/bin/ceph: stderr
2024-05-09T03:14:09.000+0000 7fa9c5a3c700 1 -- 172.21.15.57:0/617199361 --> [v2:172.21.15.57:3300/0,v1:172.21.15.57:6789/0] -- mon_subscribe({mgrmap=0+}) -- 0x7fa9c019e350 con 0x7fa9c010a420
2024-05-09T03:14:09.965 INFO:teuthology.orchestra.run.smithi057.stdout:/usr/bin/ceph: stderr
2024-05-09T03:14:09.000+0000 7fa9c4a3a700 1 -- 172.21.15.57:0/617199361 <== mon.0 v2:172.21.15.57:3300/0 3 ==== mon_map magic: 0 ==== 205+0+0 (secure 0 0 0) 0x7fa9b0019550 con 0x7fa9c010a420
2024-05-09T03:14:09.965 INFO:teuthology.orchestra.run.smithi057.stdout:/usr/bin/ceph: stderr
2024-05-09T03:14:09.000+0000 7fa9c5a3c700 1 -- 172.21.15.57:0/617199361 --> [v2:172.21.15.57:3300/0,v1:172.21.15.57:6789/0] -- mon_subscribe({osdmap=0}) -- 0x7fa9c01a0f60 con 0x7fa9c010a420
2024-05-09T03:14:09.966 INFO:teuthology.orchestra.run.smithi057.stdout:/usr/bin/ceph: stderr
2024-05-09T03:14:09.001+0000 7fa9c5a3c700 1 -- 172.21.15.57:0/617199361 --> [v2:172.21.15.57:3300/0,v1:172.21.15.57:6789/0] -- mon_command({"prefix": "get_command_descriptions"} v 0) -- 0x7fa9c0064e20 con 0x7fa9c010a420
2024-05-09T03:14:09.966 INFO:teuthology.orchestra.run.smithi057.stdout:/usr/bin/ceph: stderr
2024-05-09T03:14:09.002+0000 7fa9c4a3a700 1 -- 172.21.15.57:0/617199361 <== mon.0 v2:172.21.15.57:3300/0 4 ==== mgrmap(e 8) ==== 50222+0+0 (secure 0 0 0) 0x7fa9b0019810 con 0x7fa9c010a420
2024-05-09T03:14:09.966 INFO:teuthology.orchestra.run.smithi057.stdout:/usr/bin/ceph: stderr
2024-05-09T03:14:09.002+0000 7fa9c4a3a700 1 --2- 172.21.15.57:0/617199361 >> [v2:172.21.15.57:6800/2210120621,v1:172.21.15.57:6801/2210120621] conn(0x7fa9ac03e530 0x7fa9ac040a40 unknown :-1 s=NONE pgs=0 cs=0 l=1 rev1=0 crypto rx=0 tx=0 comp rx=0 tx=0).connect
2024-05-09T03:14:09.966 INFO:teuthology.orchestra.run.smithi057.stdout:/usr/bin/ceph: stderr
2024-05-09T03:14:09.002+0000 7fa9c4a3a700 1 -- 172.21.15.57:0/617199361 <== mon.0 v2:172.21.15.57:3300/0 5 ==== osd_map(2..2 src has 1..2) ==== 940+0+0 (secure 0 0 0) 0x7fa9b0053890 con 0x7fa9c010a420
2024-05-09T03:14:09.966 INFO:teuthology.orchestra.run.smithi057.stdout:/usr/bin/ceph: stderr
2024-05-09T03:14:09.002+0000 7fa9be7fc700 1 --2- 172.21.15.57:0/617199361 >> [v2:172.21.15.57:6800/2210120621,v1:172.21.15.57:6801/2210120621] conn(0x7fa9ac03e530 0x7fa9ac040a40 unknown :-1 s=BANNER_CONNECTING pgs=0 cs=0 l=1 rev1=0 crypto rx=0 tx=0 comp rx=0 tx=0)._handle_peer_banner_payload supported=3 required=0
2024-05-09T03:14:09.966 INFO:teuthology.orchestra.run.smithi057.stdout:/usr/bin/ceph: stderr
2024-05-09T03:14:09.002+0000 7fa9be7fc700 1 --2- 172.21.15.57:0/617199361 >> [v2:172.21.15.57:6800/2210120621,v1:172.21.15.57:6801/2210120621] conn(0x7fa9ac03e530 0x7fa9ac040a40 secure :-1 s=READY pgs=13 cs=0 l=1 rev1=1 crypto rx=0x7fa9a8006fd0 tx=0x7fa9a8006e40 comp rx=0 tx=0).ready entity=mgr.14120 client_cookie=0 server_cookie=0 in_seq=0 out_seq=0
2024-05-09T03:14:09.966 INFO:teuthology.orchestra.run.smithi057.stdout:/usr/bin/ceph: stderr
2024-05-09T03:14:09.007+0000 7fa9c4a3a700 1 -- 172.21.15.57:0/617199361 <== mon.0 v2:172.21.15.57:3300/0 6 ==== mon_command_ack([{"prefix": "get_command_descriptions"}]=0 v0) ==== 72+0+191963 (secure 0 0 0) 0x7fa9b0016260 con 0x7fa9c010a420
2024-05-09T03:14:09.966 INFO:teuthology.orchestra.run.smithi057.stdout:/usr/bin/ceph: stderr
2024-05-09T03:14:09.243+0000 7fa9c5a3c700 1 -- 172.21.15.57:0/617199361 --> [v2:172.21.15.57:6800/2210120621,v1:172.21.15.57:6801/2210120621] -- mgr_command(tid 0: {"prefix": "orch apply", "service_type": "mgr", "unmanaged": true, "target": ["mon-mgr", ""]}) -- 0x7fa9c0104df0 con 0x7fa9ac03e530
2024-05-09T03:14:09.966 INFO:teuthology.orchestra.run.smithi057.stdout:/usr/bin/ceph: stderr
2024-05-09T03:14:09.250+0000 7fa9c4a3a700 1 -- 172.21.15.57:0/617199361 <== mgr.14120 v2:172.21.15.57:6800/2210120621 1 ==== mgr_command_reply(tid 0: 0 ) ==== 8+0+24 (secure 0 0 0) 0x7fa9c0104df0 con 0x7fa9ac03e530
2024-05-09T03:14:09.966 INFO:teuthology.orchestra.run.smithi057.stdout:/usr/bin/ceph: stderr
2024-05-09T03:14:09.252+0000 7fa9c5a3c700 1 -- 172.21.15.57:0/617199361 >> [v2:172.21.15.57:6800/2210120621,v1:172.21.15.57:6801/2210120621] conn(0x7fa9ac03e530 msgr2=0x7fa9ac040a40 secure :-1 s=STATE_CONNECTION_ESTABLISHED l=1).mark_down
2024-05-09T03:14:09.966 INFO:teuthology.orchestra.run.smithi057.stdout:/usr/bin/ceph: stderr
2024-05-09T03:14:09.252+0000 7fa9c5a3c700 1 --2- 172.21.15.57:0/617199361 >> [v2:172.21.15.57:6800/2210120621,v1:172.21.15.57:6801/2210120621] conn(0x7fa9ac03e530 0x7fa9ac040a40 secure :-1 s=READY pgs=13 cs=0 l=1 rev1=1 crypto rx=0x7fa9a8006fd0 tx=0x7fa9a8006e40 comp rx=0 tx=0).stop
2024-05-09T03:14:09.966 INFO:teuthology.orchestra.run.smithi057.stdout:/usr/bin/ceph: stderr
2024-05-09T03:14:09.252+0000 7fa9c5a3c700 1 -- 172.21.15.57:0/617199361 >> [v2:172.21.15.57:3300/0,v1:172.21.15.57:6789/0] conn(0x7fa9c010a420 msgr2=0x7fa9c019db80 secure :-1 s=STATE_CONNECTION_ESTABLISHED l=1).mark_down
2024-05-09T03:14:09.966 INFO:teuthology.orchestra.run.smithi057.stdout:/usr/bin/ceph: stderr
2024-05-09T03:14:09.252+0000 7fa9c5a3c700 1 --2- 172.21.15.57:0/617199361 >> [v2:172.21.15.57:3300/0,v1:172.21.15.57:6789/0] conn(0x7fa9c010a420 0x7fa9c019db80 secure :-1 s=READY pgs=50 cs=0 l=1 rev1=1 crypto rx=0x7fa9b00116a0 tx=0x7fa9b0011a60 comp rx=0 tx=0).stop
2024-05-09T03:14:09.966 INFO:teuthology.orchestra.run.smithi057.stdout:/usr/bin/ceph: stderr
2024-05-09T03:14:09.252+0000 7fa9c5a3c700 1 -- 172.21.15.57:0/617199361 shutdown_connections
2024-05-09T03:14:09.967 INFO:teuthology.orchestra.run.smithi057.stdout:/usr/bin/ceph: stderr
2024-05-09T03:14:09.252+0000 7fa9c5a3c700 1 --2- 172.21.15.57:0/617199361 >> [v2:172.21.15.57:6800/2210120621,v1:172.21.15.57:6801/2210120621] conn(0x7fa9ac03e530 0x7fa9ac040a40 unknown :-1 s=CLOSED pgs=13 cs=0 l=1 rev1=1 crypto rx=0 tx=0 comp rx=0 tx=0).stop
2024-05-09T03:14:09.967 INFO:teuthology.orchestra.run.smithi057.stdout:/usr/bin/ceph: stderr
2024-05-09T03:14:09.252+0000 7fa9c5a3c700 1 --2- 172.21.15.57:0/617199361 >> [v2:172.21.15.57:3300/0,v1:172.21.15.57:6789/0] conn(0x7fa9c010a420 0x7fa9c019db80 unknown :-1 s=CLOSED pgs=50 cs=0 l=1 rev1=1 crypto rx=0 tx=0 comp rx=0 tx=0).stop
2024-05-09T03:14:09.967 INFO:teuthology.orchestra.run.smithi057.stdout:/usr/bin/ceph: stderr
2024-05-09T03:14:09.252+0000 7fa9c5a3c700 1 -- 172.21.15.57:0/617199361 >> 172.21.15.57:0/617199361 conn(0x7fa9c0103ea0 msgr2=0x7fa9c01046e0 unknown :-1 s=STATE_NONE l=0).mark_down
2024-05-09T03:14:09.967 INFO:teuthology.orchestra.run.smithi057.stdout:/usr/bin/ceph: stderr
2024-05-09T03:14:09.252+0000 7fa9c5a3c700 1 -- 172.21.15.57:0/617199361 shutdown_connections
2024-05-09T03:14:09.967 INFO:teuthology.orchestra.run.smithi057.stdout:/usr/bin/ceph: stderr
2024-05-09T03:14:09.252+0000 7fa9c5a3c700 1 -- 172.21.15.57:0/617199361 wait complete.
2024-05-09T03:14:10.610 INFO:journalctl@ceph.mon.a.smithi057.stdout:May 09 03:14:10 smithi057 ceph-mon[30114]: from='client.14144 -' entity='client.admin' cmd=[{"prefix": "orch apply", "service_type": "mgr", "unmanaged": true, "target": ["mon-mgr", ""]}]: dispatch
2024-05-09T03:14:10.610 INFO:journalctl@ceph.mon.a.smithi057.stdout:May 09 03:14:10 smithi057 ceph-mon[30114]: Saving service mgr spec with placement count:2
2024-05-09T03:14:10.610 INFO:journalctl@ceph.mon.a.smithi057.stdout:May 09 03:14:10 smithi057 ceph-mon[30114]: from='mgr.14120 172.21.15.57:0/1381344559' entity='mgr.x'
2024-05-09T03:14:11.565 INFO:teuthology.orchestra.run.smithi057.stdout:/usr/bin/ceph: stderr
2024-05-09T03:14:10.385+0000 7faeff6d5700 1 Processor -- start
2024-05-09T03:14:11.565 INFO:teuthology.orchestra.run.smithi057.stdout:/usr/bin/ceph: stderr
2024-05-09T03:14:10.386+0000 7faeff6d5700 1 -- start start
2024-05-09T03:14:11.565 INFO:teuthology.orchestra.run.smithi057.stdout:/usr/bin/ceph: stderr
2024-05-09T03:14:10.386+0000 7faeff6d5700 1 --2- >> [v2:172.21.15.57:3300/0,v1:172.21.15.57:6789/0] conn(0x7faef81087d0 0x7faef8108be0 unknown :-1 s=NONE pgs=0 cs=0 l=0 rev1=0 crypto rx=0 tx=0 comp rx=0 tx=0).connect
2024-05-09T03:14:11.565 INFO:teuthology.orchestra.run.smithi057.stdout:/usr/bin/ceph: stderr
2024-05-09T03:14:10.386+0000 7faeff6d5700 1 -- --> [v2:172.21.15.57:3300/0,v1:172.21.15.57:6789/0] -- mon_getmap magic: 0 -- 0x7faef81091d0 con 0x7faef81087d0
2024-05-09T03:14:11.565 INFO:teuthology.orchestra.run.smithi057.stdout:/usr/bin/ceph: stderr
2024-05-09T03:14:10.386+0000 7faefd471700 1 --2- >> [v2:172.21.15.57:3300/0,v1:172.21.15.57:6789/0] conn(0x7faef81087d0 0x7faef8108be0 unknown :-1 s=BANNER_CONNECTING pgs=0 cs=0 l=0 rev1=0 crypto rx=0 tx=0 comp rx=0 tx=0)._handle_peer_banner_payload supported=3 required=0
2024-05-09T03:14:11.565 INFO:teuthology.orchestra.run.smithi057.stdout:/usr/bin/ceph: stderr
2024-05-09T03:14:10.386+0000 7faefd471700 1 --2- >> [v2:172.21.15.57:3300/0,v1:172.21.15.57:6789/0] conn(0x7faef81087d0 0x7faef8108be0 unknown :-1 s=HELLO_CONNECTING pgs=0 cs=0 l=0 rev1=1 crypto rx=0 tx=0 comp rx=0 tx=0).handle_hello peer v2:172.21.15.57:3300/0 says I am v2:172.21.15.57:45178/0 (socket says 172.21.15.57:45178)
2024-05-09T03:14:11.565 INFO:teuthology.orchestra.run.smithi057.stdout:/usr/bin/ceph: stderr
2024-05-09T03:14:10.386+0000 7faefd471700 1 -- 172.21.15.57:0/2660229338 learned_addr learned my addr 172.21.15.57:0/2660229338 (peer_addr_for_me v2:172.21.15.57:0/0)
2024-05-09T03:14:11.566 INFO:teuthology.orchestra.run.smithi057.stdout:/usr/bin/ceph: stderr
2024-05-09T03:14:10.386+0000 7faefd471700 1 -- 172.21.15.57:0/2660229338 --> [v2:172.21.15.57:3300/0,v1:172.21.15.57:6789/0] -- mon_subscribe({config=0+,monmap=0+}) -- 0x7faef81099a0 con 0x7faef81087d0
2024-05-09T03:14:11.566 INFO:teuthology.orchestra.run.smithi057.stdout:/usr/bin/ceph: stderr
2024-05-09T03:14:10.386+0000 7faefd471700 1 --2- 172.21.15.57:0/2660229338 >> [v2:172.21.15.57:3300/0,v1:172.21.15.57:6789/0] conn(0x7faef81087d0 0x7faef8108be0 secure :-1 s=READY pgs=51 cs=0 l=1 rev1=1 crypto rx=0x7faef0009e80 tx=0x7faef000b330 comp rx=0 tx=0).ready entity=mon.0 client_cookie=9c7aa702feed3beb server_cookie=0 in_seq=0 out_seq=0
2024-05-09T03:14:11.566 INFO:teuthology.orchestra.run.smithi057.stdout:/usr/bin/ceph: stderr
2024-05-09T03:14:10.387+0000 7faef7fff700 1 -- 172.21.15.57:0/2660229338 <== mon.0 v2:172.21.15.57:3300/0 1 ==== mon_map magic: 0 ==== 205+0+0 (secure 0 0 0) 0x7faef0017070 con 0x7faef81087d0
2024-05-09T03:14:11.566 INFO:teuthology.orchestra.run.smithi057.stdout:/usr/bin/ceph: stderr
2024-05-09T03:14:10.387+0000 7faef7fff700 1 -- 172.21.15.57:0/2660229338 <== mon.0 v2:172.21.15.57:3300/0 2 ==== config(25 keys) ==== 1032+0+0 (secure 0 0 0) 0x7faef000b8c0 con 0x7faef81087d0
2024-05-09T03:14:11.566 INFO:teuthology.orchestra.run.smithi057.stdout:/usr/bin/ceph: stderr
2024-05-09T03:14:10.387+0000 7faef7fff700 1 -- 172.21.15.57:0/2660229338 <== mon.0 v2:172.21.15.57:3300/0 3 ==== mon_map magic: 0 ==== 205+0+0 (secure 0 0 0) 0x7faef0004420 con 0x7faef81087d0
2024-05-09T03:14:11.566 INFO:teuthology.orchestra.run.smithi057.stdout:/usr/bin/ceph: stderr
2024-05-09T03:14:10.387+0000 7faeff6d5700 1 -- 172.21.15.57:0/2660229338 >> [v2:172.21.15.57:3300/0,v1:172.21.15.57:6789/0] conn(0x7faef81087d0 msgr2=0x7faef8108be0 secure :-1 s=STATE_CONNECTION_ESTABLISHED l=1).mark_down
2024-05-09T03:14:11.566 INFO:teuthology.orchestra.run.smithi057.stdout:/usr/bin/ceph: stderr
2024-05-09T03:14:10.387+0000 7faeff6d5700 1 --2- 172.21.15.57:0/2660229338 >> [v2:172.21.15.57:3300/0,v1:172.21.15.57:6789/0] conn(0x7faef81087d0 0x7faef8108be0 secure :-1 s=READY pgs=51 cs=0 l=1 rev1=1 crypto rx=0x7faef0009e80 tx=0x7faef000b330 comp rx=0 tx=0).stop
2024-05-09T03:14:11.566 INFO:teuthology.orchestra.run.smithi057.stdout:/usr/bin/ceph: stderr
2024-05-09T03:14:10.387+0000 7faeff6d5700 1 -- 172.21.15.57:0/2660229338 shutdown_connections
2024-05-09T03:14:11.566 INFO:teuthology.orchestra.run.smithi057.stdout:/usr/bin/ceph: stderr
2024-05-09T03:14:10.387+0000 7faeff6d5700 1 --2- 172.21.15.57:0/2660229338 >> [v2:172.21.15.57:3300/0,v1:172.21.15.57:6789/0] conn(0x7faef81087d0 0x7faef8108be0 unknown :-1 s=CLOSED pgs=51 cs=0 l=1 rev1=1 crypto rx=0 tx=0 comp rx=0 tx=0).stop
2024-05-09T03:14:11.566 INFO:teuthology.orchestra.run.smithi057.stdout:/usr/bin/ceph: stderr
2024-05-09T03:14:10.387+0000 7faeff6d5700 1 -- 172.21.15.57:0/2660229338 >> 172.21.15.57:0/2660229338 conn(0x7faef8103e10 msgr2=0x7faef81062c0 unknown :-1 s=STATE_NONE l=0).mark_down
2024-05-09T03:14:11.566 INFO:teuthology.orchestra.run.smithi057.stdout:/usr/bin/ceph: stderr
2024-05-09T03:14:10.388+0000 7faeff6d5700 1 -- 172.21.15.57:0/2660229338 shutdown_connections
2024-05-09T03:14:11.566 INFO:teuthology.orchestra.run.smithi057.stdout:/usr/bin/ceph: stderr
2024-05-09T03:14:10.388+0000 7faeff6d5700 1 -- 172.21.15.57:0/2660229338 wait complete.
2024-05-09T03:14:11.566 INFO:teuthology.orchestra.run.smithi057.stdout:/usr/bin/ceph: stderr
2024-05-09T03:14:10.388+0000 7faeff6d5700 1 Processor -- start
2024-05-09T03:14:11.566 INFO:teuthology.orchestra.run.smithi057.stdout:/usr/bin/ceph: stderr
2024-05-09T03:14:10.388+0000 7faeff6d5700 1 -- start start
2024-05-09T03:14:11.567 INFO:teuthology.orchestra.run.smithi057.stdout:/usr/bin/ceph: stderr
2024-05-09T03:14:10.388+0000 7faeff6d5700 1 --2- >> [v2:172.21.15.57:3300/0,v1:172.21.15.57:6789/0] conn(0x7faef81087d0 0x7faef819b990 unknown :-1 s=NONE pgs=0 cs=0 l=1 rev1=0 crypto rx=0 tx=0 comp rx=0 tx=0).connect
2024-05-09T03:14:11.567 INFO:teuthology.orchestra.run.smithi057.stdout:/usr/bin/ceph: stderr
2024-05-09T03:14:10.388+0000 7faeff6d5700 1 -- --> [v2:172.21.15.57:3300/0,v1:172.21.15.57:6789/0] -- mon_getmap magic: 0 -- 0x7faef807c860 con 0x7faef81087d0
2024-05-09T03:14:11.567 INFO:teuthology.orchestra.run.smithi057.stdout:/usr/bin/ceph: stderr
2024-05-09T03:14:10.389+0000 7faefd471700 1 --2- >> [v2:172.21.15.57:3300/0,v1:172.21.15.57:6789/0] conn(0x7faef81087d0 0x7faef819b990 unknown :-1 s=BANNER_CONNECTING pgs=0 cs=0 l=1 rev1=0 crypto rx=0 tx=0 comp rx=0 tx=0)._handle_peer_banner_payload supported=3 required=0
2024-05-09T03:14:11.567 INFO:teuthology.orchestra.run.smithi057.stdout:/usr/bin/ceph: stderr
2024-05-09T03:14:10.389+0000 7faefd471700 1 --2- >> [v2:172.21.15.57:3300/0,v1:172.21.15.57:6789/0] conn(0x7faef81087d0 0x7faef819b990 unknown :-1 s=HELLO_CONNECTING pgs=0 cs=0 l=1 rev1=1 crypto rx=0 tx=0 comp rx=0 tx=0).handle_hello peer v2:172.21.15.57:3300/0 says I am v2:172.21.15.57:45188/0 (socket says 172.21.15.57:45188)
2024-05-09T03:14:11.567 INFO:teuthology.orchestra.run.smithi057.stdout:/usr/bin/ceph: stderr
2024-05-09T03:14:10.389+0000 7faefd471700 1 -- 172.21.15.57:0/3834018493 learned_addr learned my addr 172.21.15.57:0/3834018493 (peer_addr_for_me v2:172.21.15.57:0/0)
2024-05-09T03:14:11.567 INFO:teuthology.orchestra.run.smithi057.stdout:/usr/bin/ceph: stderr
2024-05-09T03:14:10.389+0000 7faefd471700 1 -- 172.21.15.57:0/3834018493 --> [v2:172.21.15.57:3300/0,v1:172.21.15.57:6789/0] -- mon_subscribe({config=0+,monmap=0+}) -- 0x7faef819bed0 con 0x7faef81087d0
2024-05-09T03:14:11.567 INFO:teuthology.orchestra.run.smithi057.stdout:/usr/bin/ceph: stderr
2024-05-09T03:14:10.389+0000 7faefd471700 1 --2- 172.21.15.57:0/3834018493 >> [v2:172.21.15.57:3300/0,v1:172.21.15.57:6789/0] conn(0x7faef81087d0 0x7faef819b990 secure :-1 s=READY pgs=52 cs=0 l=1 rev1=1 crypto rx=0x7faef0009e50 tx=0x7faef000bd50 comp rx=0 tx=0).ready entity=mon.0 client_cookie=0 server_cookie=0 in_seq=0 out_seq=0
2024-05-09T03:14:11.567 INFO:teuthology.orchestra.run.smithi057.stdout:/usr/bin/ceph: stderr
2024-05-09T03:14:10.389+0000 7faef67fc700 1 -- 172.21.15.57:0/3834018493 <== mon.0 v2:172.21.15.57:3300/0 1 ==== mon_map magic: 0 ==== 205+0+0 (secure 0 0 0) 0x7faef0020020 con 0x7faef81087d0
2024-05-09T03:14:11.567 INFO:teuthology.orchestra.run.smithi057.stdout:/usr/bin/ceph: stderr
2024-05-09T03:14:10.389+0000 7faef67fc700 1 -- 172.21.15.57:0/3834018493 <== mon.0 v2:172.21.15.57:3300/0 2 ==== config(25 keys) ==== 1032+0+0 (secure 0 0 0) 0x7faef0012430 con 0x7faef81087d0
2024-05-09T03:14:11.567 INFO:teuthology.orchestra.run.smithi057.stdout:/usr/bin/ceph: stderr
2024-05-09T03:14:10.389+0000 7faeff6d5700 1 -- 172.21.15.57:0/3834018493 --> [v2:172.21.15.57:3300/0,v1:172.21.15.57:6789/0] -- mon_subscribe({mgrmap=0+}) -- 0x7faef819c160 con 0x7faef81087d0
2024-05-09T03:14:11.567 INFO:teuthology.orchestra.run.smithi057.stdout:/usr/bin/ceph: stderr
2024-05-09T03:14:10.389+0000 7faef67fc700 1 -- 172.21.15.57:0/3834018493 <== mon.0 v2:172.21.15.57:3300/0 3 ==== mon_map magic: 0 ==== 205+0+0 (secure 0 0 0) 0x7faef0017040 con 0x7faef81087d0
2024-05-09T03:14:11.567 INFO:teuthology.orchestra.run.smithi057.stdout:/usr/bin/ceph: stderr
2024-05-09T03:14:10.389+0000 7faeff6d5700 1 -- 172.21.15.57:0/3834018493 --> [v2:172.21.15.57:3300/0,v1:172.21.15.57:6789/0] -- mon_subscribe({osdmap=0}) -- 0x7faef819ed70 con 0x7faef81087d0
2024-05-09T03:14:11.567 INFO:teuthology.orchestra.run.smithi057.stdout:/usr/bin/ceph: stderr
2024-05-09T03:14:10.390+0000 7faeff6d5700 1 -- 172.21.15.57:0/3834018493 --> [v2:172.21.15.57:3300/0,v1:172.21.15.57:6789/0] -- mon_command({"prefix": "get_command_descriptions"} v 0) -- 0x7faef8064e20 con 0x7faef81087d0
2024-05-09T03:14:11.567 INFO:teuthology.orchestra.run.smithi057.stdout:/usr/bin/ceph: stderr
2024-05-09T03:14:10.390+0000 7faef67fc700 1 -- 172.21.15.57:0/3834018493 <== mon.0 v2:172.21.15.57:3300/0 4 ==== mgrmap(e 8) ==== 50222+0+0 (secure 0 0 0) 0x7faef0023020 con 0x7faef81087d0
2024-05-09T03:14:11.568 INFO:teuthology.orchestra.run.smithi057.stdout:/usr/bin/ceph: stderr
2024-05-09T03:14:10.391+0000 7faef67fc700 1 --2- 172.21.15.57:0/3834018493 >> [v2:172.21.15.57:6800/2210120621,v1:172.21.15.57:6801/2210120621] conn(0x7faee00406f0 0x7faee0042c00 unknown :-1 s=NONE pgs=0 cs=0 l=1 rev1=0 crypto rx=0 tx=0 comp rx=0 tx=0).connect
2024-05-09T03:14:11.568 INFO:teuthology.orchestra.run.smithi057.stdout:/usr/bin/ceph: stderr
2024-05-09T03:14:10.391+0000 7faef67fc700 1 -- 172.21.15.57:0/3834018493 <== mon.0 v2:172.21.15.57:3300/0 5 ==== osd_map(2..2 src has 1..2) ==== 940+0+0 (secure 0 0 0) 0x7faef000f050 con 0x7faef81087d0
2024-05-09T03:14:11.568 INFO:teuthology.orchestra.run.smithi057.stdout:/usr/bin/ceph: stderr
2024-05-09T03:14:10.391+0000 7faefcc70700 1 --2- 172.21.15.57:0/3834018493 >> [v2:172.21.15.57:6800/2210120621,v1:172.21.15.57:6801/2210120621] conn(0x7faee00406f0 0x7faee0042c00 unknown :-1 s=BANNER_CONNECTING pgs=0 cs=0 l=1 rev1=0 crypto rx=0 tx=0 comp rx=0 tx=0)._handle_peer_banner_payload supported=3 required=0
2024-05-09T03:14:11.568 INFO:teuthology.orchestra.run.smithi057.stdout:/usr/bin/ceph: stderr
2024-05-09T03:14:10.391+0000 7faefcc70700 1 --2- 172.21.15.57:0/3834018493 >> [v2:172.21.15.57:6800/2210120621,v1:172.21.15.57:6801/2210120621] conn(0x7faee00406f0 0x7faee0042c00 secure :-1 s=READY pgs=14 cs=0 l=1 rev1=1 crypto rx=0x7faeec006fd0 tx=0x7faeec006e40 comp rx=0 tx=0).ready entity=mgr.14120 client_cookie=0 server_cookie=0 in_seq=0 out_seq=0
2024-05-09T03:14:11.568 INFO:teuthology.orchestra.run.smithi057.stdout:/usr/bin/ceph: stderr
2024-05-09T03:14:10.396+0000 7faef67fc700 1 -- 172.21.15.57:0/3834018493 <== mon.0 v2:172.21.15.57:3300/0 6 ==== mon_command_ack([{"prefix": "get_command_descriptions"}]=0 v0) ==== 72+0+191963 (secure 0 0 0) 0x7faef002a020 con 0x7faef81087d0
2024-05-09T03:14:11.568 INFO:teuthology.orchestra.run.smithi057.stdout:/usr/bin/ceph: stderr
2024-05-09T03:14:10.609+0000 7faeff6d5700 1 -- 172.21.15.57:0/3834018493 --> [v2:172.21.15.57:3300/0,v1:172.21.15.57:6789/0] -- mon_command([{prefix=config set, name=mgr/cephadm/container_init}] v 0) -- 0x7faef8194ba0 con 0x7faef81087d0
2024-05-09T03:14:11.568 INFO:teuthology.orchestra.run.smithi057.stdout:/usr/bin/ceph: stderr
2024-05-09T03:14:10.612+0000 7faef67fc700 1 -- 172.21.15.57:0/3834018493 <== mon.0 v2:172.21.15.57:3300/0 7 ==== mon_command_ack([{prefix=config set, name=mgr/cephadm/container_init}]=0 v6)=0 v6) ==== 142+0+0 (secure 0 0 0) 0x7faef8194ba0 con 0x7faef81087d0
2024-05-09T03:14:11.568 INFO:teuthology.orchestra.run.smithi057.stdout:/usr/bin/ceph: stderr
2024-05-09T03:14:10.615+0000 7faeff6d5700 1 -- 172.21.15.57:0/3834018493 >> [v2:172.21.15.57:6800/2210120621,v1:172.21.15.57:6801/2210120621] conn(0x7faee00406f0 msgr2=0x7faee0042c00 secure :-1 s=STATE_CONNECTION_ESTABLISHED l=1).mark_down
2024-05-09T03:14:11.568 INFO:teuthology.orchestra.run.smithi057.stdout:/usr/bin/ceph: stderr
2024-05-09T03:14:10.615+0000 7faeff6d5700 1 --2- 172.21.15.57:0/3834018493 >> [v2:172.21.15.57:6800/2210120621,v1:172.21.15.57:6801/2210120621] conn(0x7faee00406f0 0x7faee0042c00 secure :-1 s=READY pgs=14 cs=0 l=1 rev1=1 crypto rx=0x7faeec006fd0 tx=0x7faeec006e40 comp rx=0 tx=0).stop
2024-05-09T03:14:11.568 INFO:teuthology.orchestra.run.smithi057.stdout:/usr/bin/ceph: stderr
2024-05-09T03:14:10.615+0000 7faeff6d5700 1 -- 172.21.15.57:0/3834018493 >> [v2:172.21.15.57:3300/0,v1:172.21.15.57:6789/0] conn(0x7faef81087d0 msgr2=0x7faef819b990 secure :-1 s=STATE_CONNECTION_ESTABLISHED l=1).mark_down
2024-05-09T03:14:11.568 INFO:teuthology.orchestra.run.smithi057.stdout:/usr/bin/ceph: stderr
2024-05-09T03:14:10.615+0000 7faeff6d5700 1 --2- 172.21.15.57:0/3834018493 >> [v2:172.21.15.57:3300/0,v1:172.21.15.57:6789/0] conn(0x7faef81087d0 0x7faef819b990 secure :-1 s=READY pgs=52 cs=0 l=1 rev1=1 crypto rx=0x7faef0009e50 tx=0x7faef000bd50 comp rx=0 tx=0).stop
2024-05-09T03:14:11.568 INFO:teuthology.orchestra.run.smithi057.stdout:/usr/bin/ceph: stderr
2024-05-09T03:14:10.615+0000 7faeff6d5700 1 -- 172.21.15.57:0/3834018493 shutdown_connections
2024-05-09T03:14:11.568 INFO:teuthology.orchestra.run.smithi057.stdout:/usr/bin/ceph: stderr
2024-05-09T03:14:10.615+0000 7faeff6d5700 1 --2- 172.21.15.57:0/3834018493 >> [v2:172.21.15.57:6800/2210120621,v1:172.21.15.57:6801/2210120621] conn(0x7faee00406f0 0x7faee0042c00 unknown :-1 s=CLOSED pgs=14 cs=0 l=1 rev1=1 crypto rx=0 tx=0 comp rx=0 tx=0).stop
2024-05-09T03:14:11.568 INFO:teuthology.orchestra.run.smithi057.stdout:/usr/bin/ceph: stderr
2024-05-09T03:14:10.615+0000 7faeff6d5700 1 --2- 172.21.15.57:0/3834018493 >> [v2:172.21.15.57:3300/0,v1:172.21.15.57:6789/0] conn(0x7faef81087d0 0x7faef819b990 unknown :-1 s=CLOSED pgs=52 cs=0 l=1 rev1=1 crypto rx=0 tx=0 comp rx=0 tx=0).stop
2024-05-09T03:14:11.568 INFO:teuthology.orchestra.run.smithi057.stdout:/usr/bin/ceph: stderr
2024-05-09T03:14:10.615+0000 7faeff6d5700 1 -- 172.21.15.57:0/3834018493 >> 172.21.15.57:0/3834018493 conn(0x7faef8103e10 msgr2=0x7faef8191c60 unknown :-1 s=STATE_NONE l=0).mark_down
2024-05-09T03:14:11.569 INFO:teuthology.orchestra.run.smithi057.stdout:/usr/bin/ceph: stderr
2024-05-09T03:14:10.615+0000 7faeff6d5700 1 -- 172.21.15.57:0/3834018493 shutdown_connections
2024-05-09T03:14:11.569 INFO:teuthology.orchestra.run.smithi057.stdout:/usr/bin/ceph: stderr
2024-05-09T03:14:10.615+0000 7faeff6d5700 1 -- 172.21.15.57:0/3834018493 wait complete.
2024-05-09T03:14:11.813 INFO:journalctl@ceph.mon.a.smithi057.stdout:May 09 03:14:11 smithi057 ceph-mon[30114]: from='client.? 172.21.15.57:0/3834018493' entity='client.admin'
2024-05-09T03:14:11.813 INFO:journalctl@ceph.mon.a.smithi057.stdout:May 09 03:14:11 smithi057 ceph-mon[30114]: from='mgr.14120 172.21.15.57:0/1381344559' entity='mgr.x'
2024-05-09T03:14:12.755 INFO:teuthology.orchestra.run.smithi057.stdout:/usr/bin/ceph: stderr
2024-05-09T03:14:12.012+0000 7f4f884fa700 1 Processor -- start
2024-05-09T03:14:12.756 INFO:teuthology.orchestra.run.smithi057.stdout:/usr/bin/ceph: stderr
2024-05-09T03:14:12.012+0000 7f4f884fa700 1 -- start start
2024-05-09T03:14:12.756 INFO:teuthology.orchestra.run.smithi057.stdout:/usr/bin/ceph: stderr
2024-05-09T03:14:12.012+0000 7f4f884fa700 1 --2- >> [v2:172.21.15.57:3300/0,v1:172.21.15.57:6789/0] conn(0x7f4f8010a400 0x7f4f8010c820 unknown :-1 s=NONE pgs=0 cs=0 l=0 rev1=0 crypto rx=0 tx=0 comp rx=0 tx=0).connect
2024-05-09T03:14:12.756 INFO:teuthology.orchestra.run.smithi057.stdout:/usr/bin/ceph: stderr
2024-05-09T03:14:12.012+0000 7f4f884fa700 1 -- --> [v2:172.21.15.57:3300/0,v1:172.21.15.57:6789/0] -- mon_getmap magic: 0 -- 0x7f4f8007ce40 con 0x7f4f8010a400
2024-05-09T03:14:12.756 INFO:teuthology.orchestra.run.smithi057.stdout:/usr/bin/ceph: stderr
2024-05-09T03:14:12.012+0000 7f4f86296700 1 --2- >> [v2:172.21.15.57:3300/0,v1:172.21.15.57:6789/0] conn(0x7f4f8010a400 0x7f4f8010c820 unknown :-1 s=BANNER_CONNECTING pgs=0 cs=0 l=0 rev1=0 crypto rx=0 tx=0 comp rx=0 tx=0)._handle_peer_banner_payload supported=3 required=0
2024-05-09T03:14:12.756 INFO:teuthology.orchestra.run.smithi057.stdout:/usr/bin/ceph: stderr
2024-05-09T03:14:12.012+0000 7f4f86296700 1 --2- >> [v2:172.21.15.57:3300/0,v1:172.21.15.57:6789/0] conn(0x7f4f8010a400 0x7f4f8010c820 unknown :-1 s=HELLO_CONNECTING pgs=0 cs=0 l=0 rev1=1 crypto rx=0 tx=0 comp rx=0 tx=0).handle_hello peer v2:172.21.15.57:3300/0 says I am v2:172.21.15.57:45202/0 (socket says 172.21.15.57:45202)
2024-05-09T03:14:12.756 INFO:teuthology.orchestra.run.smithi057.stdout:/usr/bin/ceph: stderr
2024-05-09T03:14:12.012+0000 7f4f86296700 1 -- 172.21.15.57:0/174623534 learned_addr learned my addr 172.21.15.57:0/174623534 (peer_addr_for_me v2:172.21.15.57:0/0)
2024-05-09T03:14:12.756 INFO:teuthology.orchestra.run.smithi057.stdout:/usr/bin/ceph: stderr
2024-05-09T03:14:12.013+0000 7f4f86296700 1 -- 172.21.15.57:0/174623534 --> [v2:172.21.15.57:3300/0,v1:172.21.15.57:6789/0] -- mon_subscribe({config=0+,monmap=0+}) -- 0x7f4f8010cd60 con 0x7f4f8010a400
2024-05-09T03:14:12.756 INFO:teuthology.orchestra.run.smithi057.stdout:/usr/bin/ceph: stderr
2024-05-09T03:14:12.013+0000 7f4f86296700 1 --2- 172.21.15.57:0/174623534 >> [v2:172.21.15.57:3300/0,v1:172.21.15.57:6789/0] conn(0x7f4f8010a400 0x7f4f8010c820 secure :-1 s=READY pgs=53 cs=0 l=1 rev1=1 crypto rx=0x7f4f7c0098a0 tx=0x7f4f7c009bb0 comp rx=0 tx=0).ready entity=mon.0 client_cookie=ba4cf50b3ba6c5d server_cookie=0 in_seq=0 out_seq=0
2024-05-09T03:14:12.756 INFO:teuthology.orchestra.run.smithi057.stdout:/usr/bin/ceph: stderr
2024-05-09T03:14:12.013+0000 7f4f85294700 1 -- 172.21.15.57:0/174623534 <== mon.0 v2:172.21.15.57:3300/0 1 ==== mon_map magic: 0 ==== 205+0+0 (secure 0 0 0) 0x7f4f7c004160 con 0x7f4f8010a400
2024-05-09T03:14:12.756 INFO:teuthology.orchestra.run.smithi057.stdout:/usr/bin/ceph: stderr
2024-05-09T03:14:12.013+0000 7f4f85294700 1 -- 172.21.15.57:0/174623534 <== mon.0 v2:172.21.15.57:3300/0 2 ==== config(25 keys) ==== 1063+0+0 (secure 0 0 0) 0x7f4f7c004300 con 0x7f4f8010a400
2024-05-09T03:14:12.756 INFO:teuthology.orchestra.run.smithi057.stdout:/usr/bin/ceph: stderr
2024-05-09T03:14:12.013+0000 7f4f85294700 1 -- 172.21.15.57:0/174623534 <== mon.0 v2:172.21.15.57:3300/0 3 ==== mon_map magic: 0 ==== 205+0+0 (secure 0 0 0) 0x7f4f7c011960 con 0x7f4f8010a400
2024-05-09T03:14:12.756 INFO:teuthology.orchestra.run.smithi057.stdout:/usr/bin/ceph: stderr
2024-05-09T03:14:12.014+0000 7f4f884fa700 1 -- 172.21.15.57:0/174623534 >> [v2:172.21.15.57:3300/0,v1:172.21.15.57:6789/0] conn(0x7f4f8010a400 msgr2=0x7f4f8010c820 secure :-1 s=STATE_CONNECTION_ESTABLISHED l=1).mark_down
2024-05-09T03:14:12.756 INFO:teuthology.orchestra.run.smithi057.stdout:/usr/bin/ceph: stderr
2024-05-09T03:14:12.014+0000 7f4f884fa700 1 --2- 172.21.15.57:0/174623534 >> [v2:172.21.15.57:3300/0,v1:172.21.15.57:6789/0] conn(0x7f4f8010a400 0x7f4f8010c820 secure :-1 s=READY pgs=53 cs=0 l=1 rev1=1 crypto rx=0x7f4f7c0098a0 tx=0x7f4f7c009bb0 comp rx=0 tx=0).stop
2024-05-09T03:14:12.756 INFO:teuthology.orchestra.run.smithi057.stdout:/usr/bin/ceph: stderr
2024-05-09T03:14:12.014+0000 7f4f884fa700 1 -- 172.21.15.57:0/174623534 shutdown_connections
2024-05-09T03:14:12.756 INFO:teuthology.orchestra.run.smithi057.stdout:/usr/bin/ceph: stderr
2024-05-09T03:14:12.014+0000 7f4f884fa700 1 --2- 172.21.15.57:0/174623534 >> [v2:172.21.15.57:3300/0,v1:172.21.15.57:6789/0] conn(0x7f4f8010a400 0x7f4f8010c820 unknown :-1 s=CLOSED pgs=53 cs=0 l=1 rev1=1 crypto rx=0 tx=0 comp rx=0 tx=0).stop
2024-05-09T03:14:12.757 INFO:teuthology.orchestra.run.smithi057.stdout:/usr/bin/ceph: stderr
2024-05-09T03:14:12.014+0000 7f4f884fa700 1 -- 172.21.15.57:0/174623534 >> 172.21.15.57:0/174623534 conn(0x7f4f80103e80 msgr2=0x7f4f801062d0 unknown :-1 s=STATE_NONE l=0).mark_down
2024-05-09T03:14:12.757 INFO:teuthology.orchestra.run.smithi057.stdout:/usr/bin/ceph: stderr
2024-05-09T03:14:12.014+0000 7f4f884fa700 1 -- 172.21.15.57:0/174623534 shutdown_connections
2024-05-09T03:14:12.757 INFO:teuthology.orchestra.run.smithi057.stdout:/usr/bin/ceph: stderr
2024-05-09T03:14:12.014+0000 7f4f884fa700 1 -- 172.21.15.57:0/174623534 wait complete.
2024-05-09T03:14:12.757 INFO:teuthology.orchestra.run.smithi057.stdout:/usr/bin/ceph: stderr
2024-05-09T03:14:12.015+0000 7f4f884fa700 1 Processor -- start
2024-05-09T03:14:12.757 INFO:teuthology.orchestra.run.smithi057.stdout:/usr/bin/ceph: stderr
2024-05-09T03:14:12.015+0000 7f4f884fa700 1 -- start start
2024-05-09T03:14:12.757 INFO:teuthology.orchestra.run.smithi057.stdout:/usr/bin/ceph: stderr
2024-05-09T03:14:12.015+0000 7f4f884fa700 1 --2- >> [v2:172.21.15.57:3300/0,v1:172.21.15.57:6789/0] conn(0x7f4f8010a400 0x7f4f8019db10 unknown :-1 s=NONE pgs=0 cs=0 l=1 rev1=0 crypto rx=0 tx=0 comp rx=0 tx=0).connect
2024-05-09T03:14:12.757 INFO:teuthology.orchestra.run.smithi057.stdout:/usr/bin/ceph: stderr
2024-05-09T03:14:12.015+0000 7f4f884fa700 1 -- --> [v2:172.21.15.57:3300/0,v1:172.21.15.57:6789/0] -- mon_getmap magic: 0 -- 0x7f4f8010dca0 con 0x7f4f8010a400
2024-05-09T03:14:12.757 INFO:teuthology.orchestra.run.smithi057.stdout:/usr/bin/ceph: stderr
2024-05-09T03:14:12.015+0000 7f4f86296700 1 --2- >> [v2:172.21.15.57:3300/0,v1:172.21.15.57:6789/0] conn(0x7f4f8010a400 0x7f4f8019db10 unknown :-1 s=BANNER_CONNECTING pgs=0 cs=0 l=1 rev1=0 crypto rx=0 tx=0 comp rx=0 tx=0)._handle_peer_banner_payload supported=3 required=0
2024-05-09T03:14:12.757 INFO:teuthology.orchestra.run.smithi057.stdout:/usr/bin/ceph: stderr
2024-05-09T03:14:12.015+0000 7f4f86296700 1 --2- >> [v2:172.21.15.57:3300/0,v1:172.21.15.57:6789/0] conn(0x7f4f8010a400 0x7f4f8019db10 unknown :-1 s=HELLO_CONNECTING pgs=0 cs=0 l=1 rev1=1 crypto rx=0 tx=0 comp rx=0 tx=0).handle_hello peer v2:172.21.15.57:3300/0 says I am v2:172.21.15.57:45204/0 (socket says 172.21.15.57:45204)
2024-05-09T03:14:12.757 INFO:teuthology.orchestra.run.smithi057.stdout:/usr/bin/ceph: stderr
2024-05-09T03:14:12.015+0000 7f4f86296700 1 -- 172.21.15.57:0/819625982 learned_addr learned my addr 172.21.15.57:0/819625982 (peer_addr_for_me v2:172.21.15.57:0/0)
2024-05-09T03:14:12.757 INFO:teuthology.orchestra.run.smithi057.stdout:/usr/bin/ceph: stderr
2024-05-09T03:14:12.016+0000 7f4f86296700 1 -- 172.21.15.57:0/819625982 --> [v2:172.21.15.57:3300/0,v1:172.21.15.57:6789/0] -- mon_subscribe({config=0+,monmap=0+}) -- 0x7f4f8019e050 con 0x7f4f8010a400
2024-05-09T03:14:12.757 INFO:teuthology.orchestra.run.smithi057.stdout:/usr/bin/ceph: stderr
2024-05-09T03:14:12.016+0000 7f4f86296700 1 --2- 172.21.15.57:0/819625982 >> [v2:172.21.15.57:3300/0,v1:172.21.15.57:6789/0] conn(0x7f4f8010a400 0x7f4f8019db10 secure :-1 s=READY pgs=54 cs=0 l=1 rev1=1 crypto rx=0x7f4f7c011670 tx=0x7f4f7c011a30 comp rx=0 tx=0).ready entity=mon.0 client_cookie=0 server_cookie=0 in_seq=0 out_seq=0
2024-05-09T03:14:12.757 INFO:teuthology.orchestra.run.smithi057.stdout:/usr/bin/ceph: stderr
