2024-05-09T04:29:44.260+0000 7fdf84257700 1 Processor -- start
2024-05-09T04:29:45.018 INFO:teuthology.orchestra.run.smithi052.stdout:/usr/bin/ceph: stderr
2024-05-09T04:29:44.261+0000 7fdf84257700 1 -- start start
2024-05-09T04:29:45.018 INFO:teuthology.orchestra.run.smithi052.stdout:/usr/bin/ceph: stderr
2024-05-09T04:29:44.261+0000 7fdf84257700 1 --2- >> [v2:172.21.15.52:3300/0,v1:172.21.15.52:6789/0] conn(0x7fdf7c108e40 0x7fdf7c109250 unknown :-1 s=NONE pgs=0 cs=0 l=0 rev1=0 crypto rx=0 tx=0 comp rx=0 tx=0).connect
2024-05-09T04:29:45.018 INFO:teuthology.orchestra.run.smithi052.stdout:/usr/bin/ceph: stderr
2024-05-09T04:29:44.261+0000 7fdf84257700 1 -- --> [v2:172.21.15.52:3300/0,v1:172.21.15.52:6789/0] -- mon_getmap magic: 0 -- 0x7fdf7c109840 con 0x7fdf7c108e40
2024-05-09T04:29:45.018 INFO:teuthology.orchestra.run.smithi052.stdout:/usr/bin/ceph: stderr
2024-05-09T04:29:44.261+0000 7fdf81ff3700 1 --2- >> [v2:172.21.15.52:3300/0,v1:172.21.15.52:6789/0] conn(0x7fdf7c108e40 0x7fdf7c109250 unknown :-1 s=BANNER_CONNECTING pgs=0 cs=0 l=0 rev1=0 crypto rx=0 tx=0 comp rx=0 tx=0)._handle_peer_banner_payload supported=3 required=0
2024-05-09T04:29:45.018 INFO:teuthology.orchestra.run.smithi052.stdout:/usr/bin/ceph: stderr
2024-05-09T04:29:44.261+0000 7fdf81ff3700 1 --2- >> [v2:172.21.15.52:3300/0,v1:172.21.15.52:6789/0] conn(0x7fdf7c108e40 0x7fdf7c109250 unknown :-1 s=HELLO_CONNECTING pgs=0 cs=0 l=0 rev1=1 crypto rx=0 tx=0 comp rx=0 tx=0).handle_hello peer v2:172.21.15.52:3300/0 says I am v2:172.21.15.52:58132/0 (socket says 172.21.15.52:58132)
2024-05-09T04:29:45.018 INFO:teuthology.orchestra.run.smithi052.stdout:/usr/bin/ceph: stderr
2024-05-09T04:29:44.261+0000 7fdf81ff3700 1 -- 172.21.15.52:0/3010448830 learned_addr learned my addr 172.21.15.52:0/3010448830 (peer_addr_for_me v2:172.21.15.52:0/0)
2024-05-09T04:29:45.018 INFO:teuthology.orchestra.run.smithi052.stdout:/usr/bin/ceph: stderr
2024-05-09T04:29:44.261+0000 7fdf81ff3700 1 -- 172.21.15.52:0/3010448830 --> [v2:172.21.15.52:3300/0,v1:172.21.15.52:6789/0] -- mon_subscribe({config=0+,monmap=0+}) -- 0x7fdf7c109f70 con 0x7fdf7c108e40
2024-05-09T04:29:45.018 INFO:teuthology.orchestra.run.smithi052.stdout:/usr/bin/ceph: stderr
2024-05-09T04:29:44.262+0000 7fdf81ff3700 1 --2- 172.21.15.52:0/3010448830 >> [v2:172.21.15.52:3300/0,v1:172.21.15.52:6789/0] conn(0x7fdf7c108e40 0x7fdf7c109250 secure :-1 s=READY pgs=39 cs=0 l=1 rev1=1 crypto rx=0x7fdf780098a0 tx=0x7fdf78009bb0 comp rx=0 tx=0).ready entity=mon.0 client_cookie=4ff557e728e7f663 server_cookie=0 in_seq=0 out_seq=0
2024-05-09T04:29:45.018 INFO:teuthology.orchestra.run.smithi052.stdout:/usr/bin/ceph: stderr
2024-05-09T04:29:44.262+0000 7fdf80ff1700 1 -- 172.21.15.52:0/3010448830 <== mon.0 v2:172.21.15.52:3300/0 1 ==== mon_map magic: 0 ==== 205+0+0 (secure 0 0 0) 0x7fdf78004160 con 0x7fdf7c108e40
2024-05-09T04:29:45.019 INFO:teuthology.orchestra.run.smithi052.stdout:/usr/bin/ceph: stderr
2024-05-09T04:29:44.262+0000 7fdf80ff1700 1 -- 172.21.15.52:0/3010448830 <== mon.0 v2:172.21.15.52:3300/0 2 ==== config(27 keys) ==== 1104+0+0 (secure 0 0 0) 0x7fdf78004300 con 0x7fdf7c108e40
2024-05-09T04:29:45.019 INFO:teuthology.orchestra.run.smithi052.stdout:/usr/bin/ceph: stderr
2024-05-09T04:29:44.262+0000 7fdf80ff1700 1 -- 172.21.15.52:0/3010448830 <== mon.0 v2:172.21.15.52:3300/0 3 ==== mon_map magic: 0 ==== 205+0+0 (secure 0 0 0) 0x7fdf78011b20 con 0x7fdf7c108e40
2024-05-09T04:29:45.019 INFO:teuthology.orchestra.run.smithi052.stdout:/usr/bin/ceph: stderr
2024-05-09T04:29:44.263+0000 7fdf84257700 1 -- 172.21.15.52:0/3010448830 >> [v2:172.21.15.52:3300/0,v1:172.21.15.52:6789/0] conn(0x7fdf7c108e40 msgr2=0x7fdf7c109250 secure :-1 s=STATE_CONNECTION_ESTABLISHED l=1).mark_down
2024-05-09T04:29:45.019 INFO:teuthology.orchestra.run.smithi052.stdout:/usr/bin/ceph: stderr
2024-05-09T04:29:44.263+0000 7fdf84257700 1 --2- 172.21.15.52:0/3010448830 >> [v2:172.21.15.52:3300/0,v1:172.21.15.52:6789/0] conn(0x7fdf7c108e40 0x7fdf7c109250 secure :-1 s=READY pgs=39 cs=0 l=1 rev1=1 crypto rx=0x7fdf780098a0 tx=0x7fdf78009bb0 comp rx=0 tx=0).stop
2024-05-09T04:29:45.019 INFO:teuthology.orchestra.run.smithi052.stdout:/usr/bin/ceph: stderr
2024-05-09T04:29:44.263+0000 7fdf84257700 1 -- 172.21.15.52:0/3010448830 shutdown_connections
2024-05-09T04:29:45.019 INFO:teuthology.orchestra.run.smithi052.stdout:/usr/bin/ceph: stderr
2024-05-09T04:29:44.263+0000 7fdf84257700 1 --2- 172.21.15.52:0/3010448830 >> [v2:172.21.15.52:3300/0,v1:172.21.15.52:6789/0] conn(0x7fdf7c108e40 0x7fdf7c109250 unknown :-1 s=CLOSED pgs=39 cs=0 l=1 rev1=1 crypto rx=0 tx=0 comp rx=0 tx=0).stop
2024-05-09T04:29:45.019 INFO:teuthology.orchestra.run.smithi052.stdout:/usr/bin/ceph: stderr
2024-05-09T04:29:44.263+0000 7fdf84257700 1 -- 172.21.15.52:0/3010448830 >> 172.21.15.52:0/3010448830 conn(0x7fdf7c104560 msgr2=0x7fdf7c1069b0 unknown :-1 s=STATE_NONE l=0).mark_down
2024-05-09T04:29:45.019 INFO:teuthology.orchestra.run.smithi052.stdout:/usr/bin/ceph: stderr
2024-05-09T04:29:44.263+0000 7fdf84257700 1 -- 172.21.15.52:0/3010448830 shutdown_connections
2024-05-09T04:29:45.019 INFO:teuthology.orchestra.run.smithi052.stdout:/usr/bin/ceph: stderr
2024-05-09T04:29:44.263+0000 7fdf84257700 1 -- 172.21.15.52:0/3010448830 wait complete.
2024-05-09T04:29:45.019 INFO:teuthology.orchestra.run.smithi052.stdout:/usr/bin/ceph: stderr
2024-05-09T04:29:44.263+0000 7fdf84257700 1 Processor -- start
2024-05-09T04:29:45.019 INFO:teuthology.orchestra.run.smithi052.stdout:/usr/bin/ceph: stderr
2024-05-09T04:29:44.264+0000 7fdf84257700 1 -- start start
2024-05-09T04:29:45.019 INFO:teuthology.orchestra.run.smithi052.stdout:/usr/bin/ceph: stderr
2024-05-09T04:29:44.264+0000 7fdf84257700 1 --2- >> [v2:172.21.15.52:3300/0,v1:172.21.15.52:6789/0] conn(0x7fdf7c108e40 0x7fdf7c07c940 unknown :-1 s=NONE pgs=0 cs=0 l=1 rev1=0 crypto rx=0 tx=0 comp rx=0 tx=0).connect
2024-05-09T04:29:45.019 INFO:teuthology.orchestra.run.smithi052.stdout:/usr/bin/ceph: stderr
2024-05-09T04:29:44.264+0000 7fdf84257700 1 -- --> [v2:172.21.15.52:3300/0,v1:172.21.15.52:6789/0] -- mon_getmap magic: 0 -- 0x7fdf7c10d320 con 0x7fdf7c108e40
2024-05-09T04:29:45.020 INFO:teuthology.orchestra.run.smithi052.stdout:/usr/bin/ceph: stderr
2024-05-09T04:29:44.264+0000 7fdf81ff3700 1 --2- >> [v2:172.21.15.52:3300/0,v1:172.21.15.52:6789/0] conn(0x7fdf7c108e40 0x7fdf7c07c940 unknown :-1 s=BANNER_CONNECTING pgs=0 cs=0 l=1 rev1=0 crypto rx=0 tx=0 comp rx=0 tx=0)._handle_peer_banner_payload supported=3 required=0
2024-05-09T04:29:45.020 INFO:teuthology.orchestra.run.smithi052.stdout:/usr/bin/ceph: stderr
2024-05-09T04:29:44.264+0000 7fdf81ff3700 1 --2- >> [v2:172.21.15.52:3300/0,v1:172.21.15.52:6789/0] conn(0x7fdf7c108e40 0x7fdf7c07c940 unknown :-1 s=HELLO_CONNECTING pgs=0 cs=0 l=1 rev1=1 crypto rx=0 tx=0 comp rx=0 tx=0).handle_hello peer v2:172.21.15.52:3300/0 says I am v2:172.21.15.52:58148/0 (socket says 172.21.15.52:58148)
2024-05-09T04:29:45.020 INFO:teuthology.orchestra.run.smithi052.stdout:/usr/bin/ceph: stderr
2024-05-09T04:29:44.264+0000 7fdf81ff3700 1 -- 172.21.15.52:0/2263717615 learned_addr learned my addr 172.21.15.52:0/2263717615 (peer_addr_for_me v2:172.21.15.52:0/0)
2024-05-09T04:29:45.020 INFO:teuthology.orchestra.run.smithi052.stdout:/usr/bin/ceph: stderr
2024-05-09T04:29:44.264+0000 7fdf81ff3700 1 -- 172.21.15.52:0/2263717615 --> [v2:172.21.15.52:3300/0,v1:172.21.15.52:6789/0] -- mon_subscribe({config=0+,monmap=0+}) -- 0x7fdf7c07ce80 con 0x7fdf7c108e40
2024-05-09T04:29:45.020 INFO:teuthology.orchestra.run.smithi052.stdout:/usr/bin/ceph: stderr
2024-05-09T04:29:44.264+0000 7fdf81ff3700 1 --2- 172.21.15.52:0/2263717615 >> [v2:172.21.15.52:3300/0,v1:172.21.15.52:6789/0] conn(0x7fdf7c108e40 0x7fdf7c07c940 secure :-1 s=READY pgs=40 cs=0 l=1 rev1=1 crypto rx=0x7fdf78009fb0 tx=0x7fdf78004620 comp rx=0 tx=0).ready entity=mon.0 client_cookie=0 server_cookie=0 in_seq=0 out_seq=0
2024-05-09T04:29:45.020 INFO:teuthology.orchestra.run.smithi052.stdout:/usr/bin/ceph: stderr
2024-05-09T04:29:44.264+0000 7fdf72ffd700 1 -- 172.21.15.52:0/2263717615 <== mon.0 v2:172.21.15.52:3300/0 1 ==== mon_map magic: 0 ==== 205+0+0 (secure 0 0 0) 0x7fdf78003af0 con 0x7fdf7c108e40
2024-05-09T04:29:45.020 INFO:teuthology.orchestra.run.smithi052.stdout:/usr/bin/ceph: stderr
2024-05-09T04:29:44.264+0000 7fdf72ffd700 1 -- 172.21.15.52:0/2263717615 <== mon.0 v2:172.21.15.52:3300/0 2 ==== config(27 keys) ==== 1104+0+0 (secure 0 0 0) 0x7fdf78020070 con 0x7fdf7c108e40
2024-05-09T04:29:45.020 INFO:teuthology.orchestra.run.smithi052.stdout:/usr/bin/ceph: stderr
2024-05-09T04:29:44.264+0000 7fdf84257700 1 -- 172.21.15.52:0/2263717615 --> [v2:172.21.15.52:3300/0,v1:172.21.15.52:6789/0] -- mon_subscribe({mgrmap=0+}) -- 0x7fdf7c1a10d0 con 0x7fdf7c108e40
2024-05-09T04:29:45.020 INFO:teuthology.orchestra.run.smithi052.stdout:/usr/bin/ceph: stderr
2024-05-09T04:29:44.264+0000 7fdf72ffd700 1 -- 172.21.15.52:0/2263717615 <== mon.0 v2:172.21.15.52:3300/0 3 ==== mon_map magic: 0 ==== 205+0+0 (secure 0 0 0) 0x7fdf78019580 con 0x7fdf7c108e40
2024-05-09T04:29:45.020 INFO:teuthology.orchestra.run.smithi052.stdout:/usr/bin/ceph: stderr
2024-05-09T04:29:44.265+0000 7fdf84257700 1 -- 172.21.15.52:0/2263717615 --> [v2:172.21.15.52:3300/0,v1:172.21.15.52:6789/0] -- mon_subscribe({osdmap=0}) -- 0x7fdf7c1a14d0 con 0x7fdf7c108e40
2024-05-09T04:29:45.020 INFO:teuthology.orchestra.run.smithi052.stdout:/usr/bin/ceph: stderr
2024-05-09T04:29:44.266+0000 7fdf84257700 1 -- 172.21.15.52:0/2263717615 --> [v2:172.21.15.52:3300/0,v1:172.21.15.52:6789/0] -- mon_command({"prefix": "get_command_descriptions"} v 0) -- 0x7fdf7c064e20 con 0x7fdf7c108e40
2024-05-09T04:29:45.020 INFO:teuthology.orchestra.run.smithi052.stdout:/usr/bin/ceph: stderr
2024-05-09T04:29:44.266+0000 7fdf72ffd700 1 -- 172.21.15.52:0/2263717615 <== mon.0 v2:172.21.15.52:3300/0 4 ==== mgrmap(e 8) ==== 50222+0+0 (secure 0 0 0) 0x7fdf780197b0 con 0x7fdf7c108e40
2024-05-09T04:29:45.020 INFO:teuthology.orchestra.run.smithi052.stdout:/usr/bin/ceph: stderr
2024-05-09T04:29:44.266+0000 7fdf72ffd700 1 --2- 172.21.15.52:0/2263717615 >> [v2:172.21.15.52:6800/3477564043,v1:172.21.15.52:6801/3477564043] conn(0x7fdf6803e4c0 0x7fdf680409d0 unknown :-1 s=NONE pgs=0 cs=0 l=1 rev1=0 crypto rx=0 tx=0 comp rx=0 tx=0).connect
2024-05-09T04:29:45.020 INFO:teuthology.orchestra.run.smithi052.stdout:/usr/bin/ceph: stderr
2024-05-09T04:29:44.266+0000 7fdf72ffd700 1 -- 172.21.15.52:0/2263717615 <== mon.0 v2:172.21.15.52:3300/0 5 ==== osd_map(2..2 src has 1..2) ==== 940+0+0 (secure 0 0 0) 0x7fdf78053c60 con 0x7fdf7c108e40
2024-05-09T04:29:45.021 INFO:teuthology.orchestra.run.smithi052.stdout:/usr/bin/ceph: stderr
2024-05-09T04:29:44.266+0000 7fdf817f2700 1 --2- 172.21.15.52:0/2263717615 >> [v2:172.21.15.52:6800/3477564043,v1:172.21.15.52:6801/3477564043] conn(0x7fdf6803e4c0 0x7fdf680409d0 unknown :-1 s=BANNER_CONNECTING pgs=0 cs=0 l=1 rev1=0 crypto rx=0 tx=0 comp rx=0 tx=0)._handle_peer_banner_payload supported=3 required=0
2024-05-09T04:29:45.021 INFO:teuthology.orchestra.run.smithi052.stdout:/usr/bin/ceph: stderr
2024-05-09T04:29:44.267+0000 7fdf817f2700 1 --2- 172.21.15.52:0/2263717615 >> [v2:172.21.15.52:6800/3477564043,v1:172.21.15.52:6801/3477564043] conn(0x7fdf6803e4c0 0x7fdf680409d0 secure :-1 s=READY pgs=8 cs=0 l=1 rev1=1 crypto rx=0x7fdf6c006fd0 tx=0x7fdf6c006e40 comp rx=0 tx=0).ready entity=mgr.14120 client_cookie=0 server_cookie=0 in_seq=0 out_seq=0
2024-05-09T04:29:45.021 INFO:teuthology.orchestra.run.smithi052.stdout:/usr/bin/ceph: stderr
2024-05-09T04:29:44.271+0000 7fdf72ffd700 1 -- 172.21.15.52:0/2263717615 <== mon.0 v2:172.21.15.52:3300/0 6 ==== mon_command_ack([{"prefix": "get_command_descriptions"}]=0 v0) ==== 72+0+191963 (secure 0 0 0) 0x7fdf7800e260 con 0x7fdf7c108e40
2024-05-09T04:29:45.021 INFO:teuthology.orchestra.run.smithi052.stdout:/usr/bin/ceph: stderr
2024-05-09T04:29:44.488+0000 7fdf84257700 1 -- 172.21.15.52:0/2263717615 --> [v2:172.21.15.52:6800/3477564043,v1:172.21.15.52:6801/3477564043] -- mgr_command(tid 0: {"prefix": "cephadm set-user", "user": "root", "target": ["mon-mgr", ""]}) -- 0x7fdf7c1065b0 con 0x7fdf6803e4c0
2024-05-09T04:29:45.021 INFO:teuthology.orchestra.run.smithi052.stdout:/usr/bin/ceph: stderr
2024-05-09T04:29:44.489+0000 7fdf72ffd700 1 -- 172.21.15.52:0/2263717615 <== mgr.14120 v2:172.21.15.52:6800/3477564043 1 ==== mgr_command_reply(tid 0: 0 ) ==== 8+0+16 (secure 0 0 0) 0x7fdf7c1065b0 con 0x7fdf6803e4c0
2024-05-09T04:29:45.021 INFO:teuthology.orchestra.run.smithi052.stdout:/usr/bin/ceph: stderr
2024-05-09T04:29:44.491+0000 7fdf84257700 1 -- 172.21.15.52:0/2263717615 >> [v2:172.21.15.52:6800/3477564043,v1:172.21.15.52:6801/3477564043] conn(0x7fdf6803e4c0 msgr2=0x7fdf680409d0 secure :-1 s=STATE_CONNECTION_ESTABLISHED l=1).mark_down
2024-05-09T04:29:45.021 INFO:teuthology.orchestra.run.smithi052.stdout:/usr/bin/ceph: stderr
2024-05-09T04:29:44.491+0000 7fdf84257700 1 --2- 172.21.15.52:0/2263717615 >> [v2:172.21.15.52:6800/3477564043,v1:172.21.15.52:6801/3477564043] conn(0x7fdf6803e4c0 0x7fdf680409d0 secure :-1 s=READY pgs=8 cs=0 l=1 rev1=1 crypto rx=0x7fdf6c006fd0 tx=0x7fdf6c006e40 comp rx=0 tx=0).stop
2024-05-09T04:29:45.021 INFO:teuthology.orchestra.run.smithi052.stdout:/usr/bin/ceph: stderr
2024-05-09T04:29:44.491+0000 7fdf84257700 1 -- 172.21.15.52:0/2263717615 >> [v2:172.21.15.52:3300/0,v1:172.21.15.52:6789/0] conn(0x7fdf7c108e40 msgr2=0x7fdf7c07c940 secure :-1 s=STATE_CONNECTION_ESTABLISHED l=1).mark_down
2024-05-09T04:29:45.021 INFO:teuthology.orchestra.run.smithi052.stdout:/usr/bin/ceph: stderr
2024-05-09T04:29:44.491+0000 7fdf84257700 1 --2- 172.21.15.52:0/2263717615 >> [v2:172.21.15.52:3300/0,v1:172.21.15.52:6789/0] conn(0x7fdf7c108e40 0x7fdf7c07c940 secure :-1 s=READY pgs=40 cs=0 l=1 rev1=1 crypto rx=0x7fdf78009fb0 tx=0x7fdf78004620 comp rx=0 tx=0).stop
2024-05-09T04:29:45.021 INFO:teuthology.orchestra.run.smithi052.stdout:/usr/bin/ceph: stderr
2024-05-09T04:29:44.491+0000 7fdf84257700 1 -- 172.21.15.52:0/2263717615 shutdown_connections
2024-05-09T04:29:45.021 INFO:teuthology.orchestra.run.smithi052.stdout:/usr/bin/ceph: stderr
2024-05-09T04:29:44.491+0000 7fdf84257700 1 --2- 172.21.15.52:0/2263717615 >> [v2:172.21.15.52:6800/3477564043,v1:172.21.15.52:6801/3477564043] conn(0x7fdf6803e4c0 0x7fdf680409d0 unknown :-1 s=CLOSED pgs=8 cs=0 l=1 rev1=1 crypto rx=0 tx=0 comp rx=0 tx=0).stop
2024-05-09T04:29:45.021 INFO:teuthology.orchestra.run.smithi052.stdout:/usr/bin/ceph: stderr
2024-05-09T04:29:44.491+0000 7fdf84257700 1 --2- 172.21.15.52:0/2263717615 >> [v2:172.21.15.52:3300/0,v1:172.21.15.52:6789/0] conn(0x7fdf7c108e40 0x7fdf7c07c940 unknown :-1 s=CLOSED pgs=40 cs=0 l=1 rev1=1 crypto rx=0 tx=0 comp rx=0 tx=0).stop
2024-05-09T04:29:45.022 INFO:teuthology.orchestra.run.smithi052.stdout:/usr/bin/ceph: stderr
2024-05-09T04:29:44.491+0000 7fdf84257700 1 -- 172.21.15.52:0/2263717615 >> 172.21.15.52:0/2263717615 conn(0x7fdf7c104560 msgr2=0x7fdf7c105e80 unknown :-1 s=STATE_NONE l=0).mark_down
2024-05-09T04:29:45.022 INFO:teuthology.orchestra.run.smithi052.stdout:/usr/bin/ceph: stderr
2024-05-09T04:29:44.491+0000 7fdf84257700 1 -- 172.21.15.52:0/2263717615 shutdown_connections
2024-05-09T04:29:45.022 INFO:teuthology.orchestra.run.smithi052.stdout:/usr/bin/ceph: stderr
2024-05-09T04:29:44.491+0000 7fdf84257700 1 -- 172.21.15.52:0/2263717615 wait complete.
2024-05-09T04:29:45.022 INFO:teuthology.orchestra.run.smithi052.stdout:Generating ssh key...
2024-05-09T04:29:45.662 INFO:journalctl@ceph.mon.a.smithi052.stdout:May 09 04:29:45 smithi052 ceph-mon[30152]: from='client.14134 -' entity='client.admin' cmd=[{"prefix": "cephadm set-user", "user": "root", "target": ["mon-mgr", ""]}]: dispatch
2024-05-09T04:29:45.945 INFO:journalctl@ceph.mgr.x.smithi052.stdout:May 09 04:29:45 smithi052 ceph-8c126cda-0dbc-11ef-bc97-c7b262605968-mgr-x[30386]: Generating public/private rsa key pair.
2024-05-09T04:29:45.946 INFO:journalctl@ceph.mgr.x.smithi052.stdout:May 09 04:29:45 smithi052 ceph-8c126cda-0dbc-11ef-bc97-c7b262605968-mgr-x[30386]: Your identification has been saved in /tmp/tmp0qumws2b/key.
2024-05-09T04:29:45.946 INFO:journalctl@ceph.mgr.x.smithi052.stdout:May 09 04:29:45 smithi052 ceph-8c126cda-0dbc-11ef-bc97-c7b262605968-mgr-x[30386]: Your public key has been saved in /tmp/tmp0qumws2b/key.pub.
2024-05-09T04:29:45.946 INFO:journalctl@ceph.mgr.x.smithi052.stdout:May 09 04:29:45 smithi052 ceph-8c126cda-0dbc-11ef-bc97-c7b262605968-mgr-x[30386]: The key fingerprint is:
2024-05-09T04:29:45.946 INFO:journalctl@ceph.mgr.x.smithi052.stdout:May 09 04:29:45 smithi052 ceph-8c126cda-0dbc-11ef-bc97-c7b262605968-mgr-x[30386]: SHA256:tpevicvuO4Ch2dHyK4c9sYVVzkiTAyOkbXTyn20+pYg ceph-8c126cda-0dbc-11ef-bc97-c7b262605968
2024-05-09T04:29:45.946 INFO:journalctl@ceph.mgr.x.smithi052.stdout:May 09 04:29:45 smithi052 ceph-8c126cda-0dbc-11ef-bc97-c7b262605968-mgr-x[30386]: The key's randomart image is:
2024-05-09T04:29:45.946 INFO:journalctl@ceph.mgr.x.smithi052.stdout:May 09 04:29:45 smithi052 ceph-8c126cda-0dbc-11ef-bc97-c7b262605968-mgr-x[30386]: +---[RSA 3072]----+
2024-05-09T04:29:45.946 INFO:journalctl@ceph.mgr.x.smithi052.stdout:May 09 04:29:45 smithi052 ceph-8c126cda-0dbc-11ef-bc97-c7b262605968-mgr-x[30386]: | .= +. . |
2024-05-09T04:29:45.946 INFO:journalctl@ceph.mgr.x.smithi052.stdout:May 09 04:29:45 smithi052 ceph-8c126cda-0dbc-11ef-bc97-c7b262605968-mgr-x[30386]: | + = .= . |
2024-05-09T04:29:45.946 INFO:journalctl@ceph.mgr.x.smithi052.stdout:May 09 04:29:45 smithi052 ceph-8c126cda-0dbc-11ef-bc97-c7b262605968-mgr-x[30386]: | . o... B |
2024-05-09T04:29:45.946 INFO:journalctl@ceph.mgr.x.smithi052.stdout:May 09 04:29:45 smithi052 ceph-8c126cda-0dbc-11ef-bc97-c7b262605968-mgr-x[30386]: | .+ ..ooo |
2024-05-09T04:29:45.946 INFO:journalctl@ceph.mgr.x.smithi052.stdout:May 09 04:29:45 smithi052 ceph-8c126cda-0dbc-11ef-bc97-c7b262605968-mgr-x[30386]: | + * oS o . |
2024-05-09T04:29:45.947 INFO:journalctl@ceph.mgr.x.smithi052.stdout:May 09 04:29:45 smithi052 ceph-8c126cda-0dbc-11ef-bc97-c7b262605968-mgr-x[30386]: | o o =o.= + |
2024-05-09T04:29:45.947 INFO:journalctl@ceph.mgr.x.smithi052.stdout:May 09 04:29:45 smithi052 ceph-8c126cda-0dbc-11ef-bc97-c7b262605968-mgr-x[30386]: | oE*o * |
2024-05-09T04:29:45.947 INFO:journalctl@ceph.mgr.x.smithi052.stdout:May 09 04:29:45 smithi052 ceph-8c126cda-0dbc-11ef-bc97-c7b262605968-mgr-x[30386]: | o *..o + |
2024-05-09T04:29:45.947 INFO:journalctl@ceph.mgr.x.smithi052.stdout:May 09 04:29:45 smithi052 ceph-8c126cda-0dbc-11ef-bc97-c7b262605968-mgr-x[30386]: | o +B+o.. |
2024-05-09T04:29:45.947 INFO:journalctl@ceph.mgr.x.smithi052.stdout:May 09 04:29:45 smithi052 ceph-8c126cda-0dbc-11ef-bc97-c7b262605968-mgr-x[30386]: +----[SHA256]-----+
2024-05-09T04:29:46.475 INFO:teuthology.orchestra.run.smithi052.stdout:/usr/bin/ceph: stderr
2024-05-09T04:29:45.437+0000 7fb8472ec700 1 Processor -- start
2024-05-09T04:29:46.475 INFO:teuthology.orchestra.run.smithi052.stdout:/usr/bin/ceph: stderr
2024-05-09T04:29:45.437+0000 7fb8472ec700 1 -- start start
2024-05-09T04:29:46.475 INFO:teuthology.orchestra.run.smithi052.stdout:/usr/bin/ceph: stderr
2024-05-09T04:29:45.437+0000 7fb8472ec700 1 --2- >> [v2:172.21.15.52:3300/0,v1:172.21.15.52:6789/0] conn(0x7fb840109fd0 0x7fb84010a3e0 unknown :-1 s=NONE pgs=0 cs=0 l=0 rev1=0 crypto rx=0 tx=0 comp rx=0 tx=0).connect
2024-05-09T04:29:46.475 INFO:teuthology.orchestra.run.smithi052.stdout:/usr/bin/ceph: stderr
2024-05-09T04:29:45.437+0000 7fb8472ec700 1 -- --> [v2:172.21.15.52:3300/0,v1:172.21.15.52:6789/0] -- mon_getmap magic: 0 -- 0x7fb84010a9d0 con 0x7fb840109fd0
2024-05-09T04:29:46.475 INFO:teuthology.orchestra.run.smithi052.stdout:/usr/bin/ceph: stderr
2024-05-09T04:29:45.437+0000 7fb845088700 1 --2- >> [v2:172.21.15.52:3300/0,v1:172.21.15.52:6789/0] conn(0x7fb840109fd0 0x7fb84010a3e0 unknown :-1 s=BANNER_CONNECTING pgs=0 cs=0 l=0 rev1=0 crypto rx=0 tx=0 comp rx=0 tx=0)._handle_peer_banner_payload supported=3 required=0
2024-05-09T04:29:46.475 INFO:teuthology.orchestra.run.smithi052.stdout:/usr/bin/ceph: stderr
2024-05-09T04:29:45.438+0000 7fb845088700 1 --2- >> [v2:172.21.15.52:3300/0,v1:172.21.15.52:6789/0] conn(0x7fb840109fd0 0x7fb84010a3e0 unknown :-1 s=HELLO_CONNECTING pgs=0 cs=0 l=0 rev1=1 crypto rx=0 tx=0 comp rx=0 tx=0).handle_hello peer v2:172.21.15.52:3300/0 says I am v2:172.21.15.52:58154/0 (socket says 172.21.15.52:58154)
2024-05-09T04:29:46.476 INFO:teuthology.orchestra.run.smithi052.stdout:/usr/bin/ceph: stderr
2024-05-09T04:29:45.438+0000 7fb845088700 1 -- 172.21.15.52:0/3875684835 learned_addr learned my addr 172.21.15.52:0/3875684835 (peer_addr_for_me v2:172.21.15.52:0/0)
2024-05-09T04:29:46.476 INFO:teuthology.orchestra.run.smithi052.stdout:/usr/bin/ceph: stderr
2024-05-09T04:29:45.438+0000 7fb845088700 1 -- 172.21.15.52:0/3875684835 --> [v2:172.21.15.52:3300/0,v1:172.21.15.52:6789/0] -- mon_subscribe({config=0+,monmap=0+}) -- 0x7fb84010b100 con 0x7fb840109fd0
2024-05-09T04:29:46.476 INFO:teuthology.orchestra.run.smithi052.stdout:/usr/bin/ceph: stderr
2024-05-09T04:29:45.438+0000 7fb845088700 1 --2- 172.21.15.52:0/3875684835 >> [v2:172.21.15.52:3300/0,v1:172.21.15.52:6789/0] conn(0x7fb840109fd0 0x7fb84010a3e0 secure :-1 s=READY pgs=41 cs=0 l=1 rev1=1 crypto rx=0x7fb83c0098a0 tx=0x7fb83c009bb0 comp rx=0 tx=0).ready entity=mon.0 client_cookie=1fbbf225593d918b server_cookie=0 in_seq=0 out_seq=0
2024-05-09T04:29:46.476 INFO:teuthology.orchestra.run.smithi052.stdout:/usr/bin/ceph: stderr
2024-05-09T04:29:45.438+0000 7fb837fff700 1 -- 172.21.15.52:0/3875684835 <== mon.0 v2:172.21.15.52:3300/0 1 ==== mon_map magic: 0 ==== 205+0+0 (secure 0 0 0) 0x7fb83c004160 con 0x7fb840109fd0
2024-05-09T04:29:46.476 INFO:teuthology.orchestra.run.smithi052.stdout:/usr/bin/ceph: stderr
2024-05-09T04:29:45.438+0000 7fb837fff700 1 -- 172.21.15.52:0/3875684835 <== mon.0 v2:172.21.15.52:3300/0 2 ==== config(27 keys) ==== 1104+0+0 (secure 0 0 0) 0x7fb83c004300 con 0x7fb840109fd0
2024-05-09T04:29:46.476 INFO:teuthology.orchestra.run.smithi052.stdout:/usr/bin/ceph: stderr
2024-05-09T04:29:45.438+0000 7fb837fff700 1 -- 172.21.15.52:0/3875684835 <== mon.0 v2:172.21.15.52:3300/0 3 ==== mon_map magic: 0 ==== 205+0+0 (secure 0 0 0) 0x7fb83c011b20 con 0x7fb840109fd0
2024-05-09T04:29:46.476 INFO:teuthology.orchestra.run.smithi052.stdout:/usr/bin/ceph: stderr
2024-05-09T04:29:45.439+0000 7fb8472ec700 1 -- 172.21.15.52:0/3875684835 >> [v2:172.21.15.52:3300/0,v1:172.21.15.52:6789/0] conn(0x7fb840109fd0 msgr2=0x7fb84010a3e0 secure :-1 s=STATE_CONNECTION_ESTABLISHED l=1).mark_down
2024-05-09T04:29:46.476 INFO:teuthology.orchestra.run.smithi052.stdout:/usr/bin/ceph: stderr
2024-05-09T04:29:45.439+0000 7fb8472ec700 1 --2- 172.21.15.52:0/3875684835 >> [v2:172.21.15.52:3300/0,v1:172.21.15.52:6789/0] conn(0x7fb840109fd0 0x7fb84010a3e0 secure :-1 s=READY pgs=41 cs=0 l=1 rev1=1 crypto rx=0x7fb83c0098a0 tx=0x7fb83c009bb0 comp rx=0 tx=0).stop
2024-05-09T04:29:46.476 INFO:teuthology.orchestra.run.smithi052.stdout:/usr/bin/ceph: stderr
2024-05-09T04:29:45.439+0000 7fb8472ec700 1 -- 172.21.15.52:0/3875684835 shutdown_connections
2024-05-09T04:29:46.476 INFO:teuthology.orchestra.run.smithi052.stdout:/usr/bin/ceph: stderr
2024-05-09T04:29:45.439+0000 7fb8472ec700 1 --2- 172.21.15.52:0/3875684835 >> [v2:172.21.15.52:3300/0,v1:172.21.15.52:6789/0] conn(0x7fb840109fd0 0x7fb84010a3e0 unknown :-1 s=CLOSED pgs=41 cs=0 l=1 rev1=1 crypto rx=0 tx=0 comp rx=0 tx=0).stop
2024-05-09T04:29:46.476 INFO:teuthology.orchestra.run.smithi052.stdout:/usr/bin/ceph: stderr
2024-05-09T04:29:45.439+0000 7fb8472ec700 1 -- 172.21.15.52:0/3875684835 >> 172.21.15.52:0/3875684835 conn(0x7fb8401056b0 msgr2=0x7fb840107b00 unknown :-1 s=STATE_NONE l=0).mark_down
2024-05-09T04:29:46.476 INFO:teuthology.orchestra.run.smithi052.stdout:/usr/bin/ceph: stderr
2024-05-09T04:29:45.439+0000 7fb8472ec700 1 -- 172.21.15.52:0/3875684835 shutdown_connections
2024-05-09T04:29:46.476 INFO:teuthology.orchestra.run.smithi052.stdout:/usr/bin/ceph: stderr
2024-05-09T04:29:45.439+0000 7fb8472ec700 1 -- 172.21.15.52:0/3875684835 wait complete.
2024-05-09T04:29:46.476 INFO:teuthology.orchestra.run.smithi052.stdout:/usr/bin/ceph: stderr
2024-05-09T04:29:45.440+0000 7fb8472ec700 1 Processor -- start
2024-05-09T04:29:46.477 INFO:teuthology.orchestra.run.smithi052.stdout:/usr/bin/ceph: stderr
2024-05-09T04:29:45.440+0000 7fb8472ec700 1 -- start start
2024-05-09T04:29:46.477 INFO:teuthology.orchestra.run.smithi052.stdout:/usr/bin/ceph: stderr
2024-05-09T04:29:45.440+0000 7fb8472ec700 1 --2- >> [v2:172.21.15.52:3300/0,v1:172.21.15.52:6789/0] conn(0x7fb840109fd0 0x7fb84019e300 unknown :-1 s=NONE pgs=0 cs=0 l=1 rev1=0 crypto rx=0 tx=0 comp rx=0 tx=0).connect
2024-05-09T04:29:46.477 INFO:teuthology.orchestra.run.smithi052.stdout:/usr/bin/ceph: stderr
2024-05-09T04:29:45.440+0000 7fb8472ec700 1 -- --> [v2:172.21.15.52:3300/0,v1:172.21.15.52:6789/0] -- mon_getmap magic: 0 -- 0x7fb84010e4b0 con 0x7fb840109fd0
2024-05-09T04:29:46.477 INFO:teuthology.orchestra.run.smithi052.stdout:/usr/bin/ceph: stderr
2024-05-09T04:29:45.440+0000 7fb845088700 1 --2- >> [v2:172.21.15.52:3300/0,v1:172.21.15.52:6789/0] conn(0x7fb840109fd0 0x7fb84019e300 unknown :-1 s=BANNER_CONNECTING pgs=0 cs=0 l=1 rev1=0 crypto rx=0 tx=0 comp rx=0 tx=0)._handle_peer_banner_payload supported=3 required=0
2024-05-09T04:29:46.477 INFO:teuthology.orchestra.run.smithi052.stdout:/usr/bin/ceph: stderr
2024-05-09T04:29:45.440+0000 7fb845088700 1 --2- >> [v2:172.21.15.52:3300/0,v1:172.21.15.52:6789/0] conn(0x7fb840109fd0 0x7fb84019e300 unknown :-1 s=HELLO_CONNECTING pgs=0 cs=0 l=1 rev1=1 crypto rx=0 tx=0 comp rx=0 tx=0).handle_hello peer v2:172.21.15.52:3300/0 says I am v2:172.21.15.52:58168/0 (socket says 172.21.15.52:58168)
2024-05-09T04:29:46.477 INFO:teuthology.orchestra.run.smithi052.stdout:/usr/bin/ceph: stderr
2024-05-09T04:29:45.440+0000 7fb845088700 1 -- 172.21.15.52:0/3204303184 learned_addr learned my addr 172.21.15.52:0/3204303184 (peer_addr_for_me v2:172.21.15.52:0/0)
2024-05-09T04:29:46.477 INFO:teuthology.orchestra.run.smithi052.stdout:/usr/bin/ceph: stderr
2024-05-09T04:29:45.440+0000 7fb845088700 1 -- 172.21.15.52:0/3204303184 --> [v2:172.21.15.52:3300/0,v1:172.21.15.52:6789/0] -- mon_subscribe({config=0+,monmap=0+}) -- 0x7fb84019e840 con 0x7fb840109fd0
2024-05-09T04:29:46.477 INFO:teuthology.orchestra.run.smithi052.stdout:/usr/bin/ceph: stderr
2024-05-09T04:29:45.441+0000 7fb845088700 1 --2- 172.21.15.52:0/3204303184 >> [v2:172.21.15.52:3300/0,v1:172.21.15.52:6789/0] conn(0x7fb840109fd0 0x7fb84019e300 secure :-1 s=READY pgs=42 cs=0 l=1 rev1=1 crypto rx=0x7fb83c009fb0 tx=0x7fb83c004620 comp rx=0 tx=0).ready entity=mon.0 client_cookie=0 server_cookie=0 in_seq=0 out_seq=0
2024-05-09T04:29:46.477 INFO:teuthology.orchestra.run.smithi052.stdout:/usr/bin/ceph: stderr
2024-05-09T04:29:45.441+0000 7fb8367fc700 1 -- 172.21.15.52:0/3204303184 <== mon.0 v2:172.21.15.52:3300/0 1 ==== mon_map magic: 0 ==== 205+0+0 (secure 0 0 0) 0x7fb83c003af0 con 0x7fb840109fd0
2024-05-09T04:29:46.477 INFO:teuthology.orchestra.run.smithi052.stdout:/usr/bin/ceph: stderr
2024-05-09T04:29:45.441+0000 7fb8367fc700 1 -- 172.21.15.52:0/3204303184 <== mon.0 v2:172.21.15.52:3300/0 2 ==== config(27 keys) ==== 1104+0+0 (secure 0 0 0) 0x7fb83c020070 con 0x7fb840109fd0
2024-05-09T04:29:46.477 INFO:teuthology.orchestra.run.smithi052.stdout:/usr/bin/ceph: stderr
2024-05-09T04:29:45.441+0000 7fb8472ec700 1 -- 172.21.15.52:0/3204303184 --> [v2:172.21.15.52:3300/0,v1:172.21.15.52:6789/0] -- mon_subscribe({mgrmap=0+}) -- 0x7fb84019ead0 con 0x7fb840109fd0
2024-05-09T04:29:46.477 INFO:teuthology.orchestra.run.smithi052.stdout:/usr/bin/ceph: stderr
2024-05-09T04:29:45.441+0000 7fb8367fc700 1 -- 172.21.15.52:0/3204303184 <== mon.0 v2:172.21.15.52:3300/0 3 ==== mon_map magic: 0 ==== 205+0+0 (secure 0 0 0) 0x7fb83c019580 con 0x7fb840109fd0
2024-05-09T04:29:46.477 INFO:teuthology.orchestra.run.smithi052.stdout:/usr/bin/ceph: stderr
2024-05-09T04:29:45.441+0000 7fb8472ec700 1 -- 172.21.15.52:0/3204303184 --> [v2:172.21.15.52:3300/0,v1:172.21.15.52:6789/0] -- mon_subscribe({osdmap=0}) -- 0x7fb8401a16e0 con 0x7fb840109fd0
2024-05-09T04:29:46.477 INFO:teuthology.orchestra.run.smithi052.stdout:/usr/bin/ceph: stderr
2024-05-09T04:29:45.442+0000 7fb8367fc700 1 -- 172.21.15.52:0/3204303184 <== mon.0 v2:172.21.15.52:3300/0 4 ==== mgrmap(e 8) ==== 50222+0+0 (secure 0 0 0) 0x7fb83c0197b0 con 0x7fb840109fd0
2024-05-09T04:29:46.477 INFO:teuthology.orchestra.run.smithi052.stdout:/usr/bin/ceph: stderr
2024-05-09T04:29:45.442+0000 7fb8472ec700 1 -- 172.21.15.52:0/3204303184 --> [v2:172.21.15.52:3300/0,v1:172.21.15.52:6789/0] -- mon_command({"prefix": "get_command_descriptions"} v 0) -- 0x7fb84019ef30 con 0x7fb840109fd0
2024-05-09T04:29:46.478 INFO:teuthology.orchestra.run.smithi052.stdout:/usr/bin/ceph: stderr
2024-05-09T04:29:45.442+0000 7fb8367fc700 1 --2- 172.21.15.52:0/3204303184 >> [v2:172.21.15.52:6800/3477564043,v1:172.21.15.52:6801/3477564043] conn(0x7fb82c03e4c0 0x7fb82c0409d0 unknown :-1 s=NONE pgs=0 cs=0 l=1 rev1=0 crypto rx=0 tx=0 comp rx=0 tx=0).connect
2024-05-09T04:29:46.478 INFO:teuthology.orchestra.run.smithi052.stdout:/usr/bin/ceph: stderr
2024-05-09T04:29:45.443+0000 7fb8367fc700 1 -- 172.21.15.52:0/3204303184 <== mon.0 v2:172.21.15.52:3300/0 5 ==== osd_map(2..2 src has 1..2) ==== 940+0+0 (secure 0 0 0) 0x7fb83c053b90 con 0x7fb840109fd0
2024-05-09T04:29:46.478 INFO:teuthology.orchestra.run.smithi052.stdout:/usr/bin/ceph: stderr
2024-05-09T04:29:45.443+0000 7fb844887700 1 --2- 172.21.15.52:0/3204303184 >> [v2:172.21.15.52:6800/3477564043,v1:172.21.15.52:6801/3477564043] conn(0x7fb82c03e4c0 0x7fb82c0409d0 unknown :-1 s=BANNER_CONNECTING pgs=0 cs=0 l=1 rev1=0 crypto rx=0 tx=0 comp rx=0 tx=0)._handle_peer_banner_payload supported=3 required=0
2024-05-09T04:29:46.478 INFO:teuthology.orchestra.run.smithi052.stdout:/usr/bin/ceph: stderr
2024-05-09T04:29:45.443+0000 7fb844887700 1 --2- 172.21.15.52:0/3204303184 >> [v2:172.21.15.52:6800/3477564043,v1:172.21.15.52:6801/3477564043] conn(0x7fb82c03e4c0 0x7fb82c0409d0 secure :-1 s=READY pgs=9 cs=0 l=1 rev1=1 crypto rx=0x7fb830006fd0 tx=0x7fb830006e40 comp rx=0 tx=0).ready entity=mgr.14120 client_cookie=0 server_cookie=0 in_seq=0 out_seq=0
2024-05-09T04:29:46.478 INFO:teuthology.orchestra.run.smithi052.stdout:/usr/bin/ceph: stderr
2024-05-09T04:29:45.448+0000 7fb8367fc700 1 -- 172.21.15.52:0/3204303184 <== mon.0 v2:172.21.15.52:3300/0 6 ==== mon_command_ack([{"prefix": "get_command_descriptions"}]=0 v0) ==== 72+0+191963 (secure 0 0 0) 0x7fb83c003d00 con 0x7fb840109fd0
2024-05-09T04:29:46.478 INFO:teuthology.orchestra.run.smithi052.stdout:/usr/bin/ceph: stderr
2024-05-09T04:29:45.663+0000 7fb8472ec700 1 -- 172.21.15.52:0/3204303184 --> [v2:172.21.15.52:6800/3477564043,v1:172.21.15.52:6801/3477564043] -- mgr_command(tid 0: {"prefix": "cephadm generate-key", "target": ["mon-mgr", ""]}) -- 0x7fb840107720 con 0x7fb82c03e4c0
2024-05-09T04:29:46.478 INFO:teuthology.orchestra.run.smithi052.stdout:/usr/bin/ceph: stderr
2024-05-09T04:29:45.857+0000 7fb8367fc700 1 -- 172.21.15.52:0/3204303184 <== mgr.14120 v2:172.21.15.52:6800/3477564043 1 ==== mgr_command_reply(tid 0: 0 ) ==== 8+0+0 (secure 0 0 0) 0x7fb840107720 con 0x7fb82c03e4c0
2024-05-09T04:29:46.478 INFO:teuthology.orchestra.run.smithi052.stdout:/usr/bin/ceph: stderr
2024-05-09T04:29:45.859+0000 7fb8472ec700 1 -- 172.21.15.52:0/3204303184 >> [v2:172.21.15.52:6800/3477564043,v1:172.21.15.52:6801/3477564043] conn(0x7fb82c03e4c0 msgr2=0x7fb82c0409d0 secure :-1 s=STATE_CONNECTION_ESTABLISHED l=1).mark_down
2024-05-09T04:29:46.478 INFO:teuthology.orchestra.run.smithi052.stdout:/usr/bin/ceph: stderr
2024-05-09T04:29:45.859+0000 7fb8472ec700 1 --2- 172.21.15.52:0/3204303184 >> [v2:172.21.15.52:6800/3477564043,v1:172.21.15.52:6801/3477564043] conn(0x7fb82c03e4c0 0x7fb82c0409d0 secure :-1 s=READY pgs=9 cs=0 l=1 rev1=1 crypto rx=0x7fb830006fd0 tx=0x7fb830006e40 comp rx=0 tx=0).stop
2024-05-09T04:29:46.478 INFO:teuthology.orchestra.run.smithi052.stdout:/usr/bin/ceph: stderr
2024-05-09T04:29:45.859+0000 7fb8472ec700 1 -- 172.21.15.52:0/3204303184 >> [v2:172.21.15.52:3300/0,v1:172.21.15.52:6789/0] conn(0x7fb840109fd0 msgr2=0x7fb84019e300 secure :-1 s=STATE_CONNECTION_ESTABLISHED l=1).mark_down
2024-05-09T04:29:46.478 INFO:teuthology.orchestra.run.smithi052.stdout:/usr/bin/ceph: stderr
2024-05-09T04:29:45.859+0000 7fb8472ec700 1 --2- 172.21.15.52:0/3204303184 >> [v2:172.21.15.52:3300/0,v1:172.21.15.52:6789/0] conn(0x7fb840109fd0 0x7fb84019e300 secure :-1 s=READY pgs=42 cs=0 l=1 rev1=1 crypto rx=0x7fb83c009fb0 tx=0x7fb83c004620 comp rx=0 tx=0).stop
2024-05-09T04:29:46.478 INFO:teuthology.orchestra.run.smithi052.stdout:/usr/bin/ceph: stderr
2024-05-09T04:29:45.860+0000 7fb8472ec700 1 -- 172.21.15.52:0/3204303184 shutdown_connections
2024-05-09T04:29:46.479 INFO:teuthology.orchestra.run.smithi052.stdout:/usr/bin/ceph: stderr
2024-05-09T04:29:45.860+0000 7fb8472ec700 1 --2- 172.21.15.52:0/3204303184 >> [v2:172.21.15.52:6800/3477564043,v1:172.21.15.52:6801/3477564043] conn(0x7fb82c03e4c0 0x7fb82c0409d0 unknown :-1 s=CLOSED pgs=9 cs=0 l=1 rev1=1 crypto rx=0 tx=0 comp rx=0 tx=0).stop
2024-05-09T04:29:46.479 INFO:teuthology.orchestra.run.smithi052.stdout:/usr/bin/ceph: stderr
2024-05-09T04:29:45.860+0000 7fb8472ec700 1 --2- 172.21.15.52:0/3204303184 >> [v2:172.21.15.52:3300/0,v1:172.21.15.52:6789/0] conn(0x7fb840109fd0 0x7fb84019e300 unknown :-1 s=CLOSED pgs=42 cs=0 l=1 rev1=1 crypto rx=0 tx=0 comp rx=0 tx=0).stop
2024-05-09T04:29:46.479 INFO:teuthology.orchestra.run.smithi052.stdout:/usr/bin/ceph: stderr
2024-05-09T04:29:45.860+0000 7fb8472ec700 1 -- 172.21.15.52:0/3204303184 >> 172.21.15.52:0/3204303184 conn(0x7fb8401056b0 msgr2=0x7fb840107010 unknown :-1 s=STATE_NONE l=0).mark_down
2024-05-09T04:29:46.479 INFO:teuthology.orchestra.run.smithi052.stdout:/usr/bin/ceph: stderr
2024-05-09T04:29:45.860+0000 7fb8472ec700 1 -- 172.21.15.52:0/3204303184 shutdown_connections
2024-05-09T04:29:46.479 INFO:teuthology.orchestra.run.smithi052.stdout:/usr/bin/ceph: stderr
2024-05-09T04:29:45.860+0000 7fb8472ec700 1 -- 172.21.15.52:0/3204303184 wait complete.
2024-05-09T04:29:47.106 INFO:journalctl@ceph.mon.a.smithi052.stdout:May 09 04:29:46 smithi052 ceph-mon[30152]: from='client.14136 -' entity='client.admin' cmd=[{"prefix": "cephadm generate-key", "target": ["mon-mgr", ""]}]: dispatch
2024-05-09T04:29:47.107 INFO:journalctl@ceph.mon.a.smithi052.stdout:May 09 04:29:46 smithi052 ceph-mon[30152]: Generating ssh key...
2024-05-09T04:29:47.107 INFO:journalctl@ceph.mon.a.smithi052.stdout:May 09 04:29:46 smithi052 ceph-mon[30152]: from='mgr.14120 172.21.15.52:0/1013554299' entity='mgr.x'
2024-05-09T04:29:47.107 INFO:journalctl@ceph.mon.a.smithi052.stdout:May 09 04:29:46 smithi052 ceph-mon[30152]: from='mgr.14120 172.21.15.52:0/1013554299' entity='mgr.x'
2024-05-09T04:29:47.714 INFO:teuthology.orchestra.run.smithi052.stdout:/usr/bin/ceph: stdout ssh-rsa AAAAB3NzaC1yc2EAAAADAQABAAABgQDHS7/yGHP5ISAtnKKqpooh4CMOK9Sri/epUn+Rw4S9d5HLcFDvcNjtmgTFT6ZVWf8VeoVUjMLTe36HOaJYCaQ6PWkfgPRoPAXOQBfSMzJGT+LxwMnXC6DDpvZAvPEvnobIupoK/T8G8pS/m8ycuhYjZ6Dype8QDi9vDFrT4cgd1mIq9NKwXIvdjtCru1xxIK+cgXHU83dBuZTCVmgzbTSQXnZwwF4ewOzTjtNMQ0grNr3/cSALI49/VpJxMyfWVCXrkOBK3GHWFDl6DTjKv43BiBnIeh+LqNtJSIekSvhgvompQiFfKyuXCbKKFYWl5bC6/sOJo05SY6B7lL882nrobK1Ek4KUGkpVgh7qd+yxKTy3jvNrsgSGyYLO4Vvko+FAe96bAHwdBTHZSpc3G1CHWY6SDfAwU/i4Eu8KJP2r747nVGYL7TIGEGkMaG0Lxnxoe01hoguBnXkkx9b/nAyK1csMG84S6WKjsdc0HkNdHcn5boz3C0o0YGvvMRvEPhM= ceph-8c126cda-0dbc-11ef-bc97-c7b262605968
2024-05-09T04:29:47.714 INFO:teuthology.orchestra.run.smithi052.stdout:/usr/bin/ceph: stderr
2024-05-09T04:29:46.882+0000 7f2706433700 1 Processor -- start
2024-05-09T04:29:47.714 INFO:teuthology.orchestra.run.smithi052.stdout:/usr/bin/ceph: stderr
2024-05-09T04:29:46.882+0000 7f2706433700 1 -- start start
2024-05-09T04:29:47.714 INFO:teuthology.orchestra.run.smithi052.stdout:/usr/bin/ceph: stderr
2024-05-09T04:29:46.883+0000 7f2706433700 1 --2- >> [v2:172.21.15.52:3300/0,v1:172.21.15.52:6789/0] conn(0x7f270007cc20 0x7f270010cb10 unknown :-1 s=NONE pgs=0 cs=0 l=0 rev1=0 crypto rx=0 tx=0 comp rx=0 tx=0).connect
2024-05-09T04:29:47.714 INFO:teuthology.orchestra.run.smithi052.stdout:/usr/bin/ceph: stderr
2024-05-09T04:29:46.883+0000 7f2706433700 1 -- --> [v2:172.21.15.52:3300/0,v1:172.21.15.52:6789/0] -- mon_getmap magic: 0 -- 0x7f270010d0e0 con 0x7f270007cc20
2024-05-09T04:29:47.714 INFO:teuthology.orchestra.run.smithi052.stdout:/usr/bin/ceph: stderr
2024-05-09T04:29:46.883+0000 7f26fffff700 1 --2- >> [v2:172.21.15.52:3300/0,v1:172.21.15.52:6789/0] conn(0x7f270007cc20 0x7f270010cb10 unknown :-1 s=BANNER_CONNECTING pgs=0 cs=0 l=0 rev1=0 crypto rx=0 tx=0 comp rx=0 tx=0)._handle_peer_banner_payload supported=3 required=0
2024-05-09T04:29:47.714 INFO:teuthology.orchestra.run.smithi052.stdout:/usr/bin/ceph: stderr
2024-05-09T04:29:46.883+0000 7f26fffff700 1 --2- >> [v2:172.21.15.52:3300/0,v1:172.21.15.52:6789/0] conn(0x7f270007cc20 0x7f270010cb10 unknown :-1 s=HELLO_CONNECTING pgs=0 cs=0 l=0 rev1=1 crypto rx=0 tx=0 comp rx=0 tx=0).handle_hello peer v2:172.21.15.52:3300/0 says I am v2:172.21.15.52:58170/0 (socket says 172.21.15.52:58170)
2024-05-09T04:29:47.714 INFO:teuthology.orchestra.run.smithi052.stdout:/usr/bin/ceph: stderr
2024-05-09T04:29:46.883+0000 7f26fffff700 1 -- 172.21.15.52:0/3415110619 learned_addr learned my addr 172.21.15.52:0/3415110619 (peer_addr_for_me v2:172.21.15.52:0/0)
2024-05-09T04:29:47.714 INFO:teuthology.orchestra.run.smithi052.stdout:/usr/bin/ceph: stderr
2024-05-09T04:29:46.883+0000 7f26fffff700 1 -- 172.21.15.52:0/3415110619 --> [v2:172.21.15.52:3300/0,v1:172.21.15.52:6789/0] -- mon_subscribe({config=0+,monmap=0+}) -- 0x7f270010d260 con 0x7f270007cc20
2024-05-09T04:29:47.715 INFO:teuthology.orchestra.run.smithi052.stdout:/usr/bin/ceph: stderr
2024-05-09T04:29:46.883+0000 7f26fffff700 1 --2- 172.21.15.52:0/3415110619 >> [v2:172.21.15.52:3300/0,v1:172.21.15.52:6789/0] conn(0x7f270007cc20 0x7f270010cb10 secure :-1 s=READY pgs=43 cs=0 l=1 rev1=1 crypto rx=0x7f26f00098a0 tx=0x7f26f0009bb0 comp rx=0 tx=0).ready entity=mon.0 client_cookie=f1d375cf9c6d06ab server_cookie=0 in_seq=0 out_seq=0
2024-05-09T04:29:47.715 INFO:teuthology.orchestra.run.smithi052.stdout:/usr/bin/ceph: stderr
2024-05-09T04:29:46.884+0000 7f26ff7fe700 1 -- 172.21.15.52:0/3415110619 <== mon.0 v2:172.21.15.52:3300/0 1 ==== mon_map magic: 0 ==== 205+0+0 (secure 0 0 0) 0x7f26f0004160 con 0x7f270007cc20
2024-05-09T04:29:47.715 INFO:teuthology.orchestra.run.smithi052.stdout:/usr/bin/ceph: stderr
2024-05-09T04:29:46.884+0000 7f26ff7fe700 1 -- 172.21.15.52:0/3415110619 <== mon.0 v2:172.21.15.52:3300/0 2 ==== config(27 keys) ==== 1104+0+0 (secure 0 0 0) 0x7f26f0004300 con 0x7f270007cc20
2024-05-09T04:29:47.715 INFO:teuthology.orchestra.run.smithi052.stdout:/usr/bin/ceph: stderr
2024-05-09T04:29:46.884+0000 7f26ff7fe700 1 -- 172.21.15.52:0/3415110619 <== mon.0 v2:172.21.15.52:3300/0 3 ==== mon_map magic: 0 ==== 205+0+0 (secure 0 0 0) 0x7f26f0011b20 con 0x7f270007cc20
2024-05-09T04:29:47.715 INFO:teuthology.orchestra.run.smithi052.stdout:/usr/bin/ceph: stderr
2024-05-09T04:29:46.884+0000 7f2706433700 1 -- 172.21.15.52:0/3415110619 >> [v2:172.21.15.52:3300/0,v1:172.21.15.52:6789/0] conn(0x7f270007cc20 msgr2=0x7f270010cb10 secure :-1 s=STATE_CONNECTION_ESTABLISHED l=1).mark_down
2024-05-09T04:29:47.715 INFO:teuthology.orchestra.run.smithi052.stdout:/usr/bin/ceph: stderr
2024-05-09T04:29:46.884+0000 7f2706433700 1 --2- 172.21.15.52:0/3415110619 >> [v2:172.21.15.52:3300/0,v1:172.21.15.52:6789/0] conn(0x7f270007cc20 0x7f270010cb10 secure :-1 s=READY pgs=43 cs=0 l=1 rev1=1 crypto rx=0x7f26f00098a0 tx=0x7f26f0009bb0 comp rx=0 tx=0).stop
2024-05-09T04:29:47.715 INFO:teuthology.orchestra.run.smithi052.stdout:/usr/bin/ceph: stderr
2024-05-09T04:29:46.884+0000 7f2706433700 1 -- 172.21.15.52:0/3415110619 shutdown_connections
2024-05-09T04:29:47.715 INFO:teuthology.orchestra.run.smithi052.stdout:/usr/bin/ceph: stderr
2024-05-09T04:29:46.884+0000 7f2706433700 1 --2- 172.21.15.52:0/3415110619 >> [v2:172.21.15.52:3300/0,v1:172.21.15.52:6789/0] conn(0x7f270007cc20 0x7f270010cb10 unknown :-1 s=CLOSED pgs=43 cs=0 l=1 rev1=1 crypto rx=0 tx=0 comp rx=0 tx=0).stop
2024-05-09T04:29:47.715 INFO:teuthology.orchestra.run.smithi052.stdout:/usr/bin/ceph: stderr
2024-05-09T04:29:46.884+0000 7f2706433700 1 -- 172.21.15.52:0/3415110619 >> 172.21.15.52:0/3415110619 conn(0x7f2700104500 msgr2=0x7f2700106950 unknown :-1 s=STATE_NONE l=0).mark_down
2024-05-09T04:29:47.715 INFO:teuthology.orchestra.run.smithi052.stdout:/usr/bin/ceph: stderr
2024-05-09T04:29:46.885+0000 7f2706433700 1 -- 172.21.15.52:0/3415110619 shutdown_connections
2024-05-09T04:29:47.716 INFO:teuthology.orchestra.run.smithi052.stdout:/usr/bin/ceph: stderr
2024-05-09T04:29:46.885+0000 7f2706433700 1 -- 172.21.15.52:0/3415110619 wait complete.
2024-05-09T04:29:47.716 INFO:teuthology.orchestra.run.smithi052.stdout:/usr/bin/ceph: stderr
2024-05-09T04:29:46.885+0000 7f2706433700 1 Processor -- start
2024-05-09T04:29:47.716 INFO:teuthology.orchestra.run.smithi052.stdout:/usr/bin/ceph: stderr
2024-05-09T04:29:46.885+0000 7f2706433700 1 -- start start
2024-05-09T04:29:47.716 INFO:teuthology.orchestra.run.smithi052.stdout:/usr/bin/ceph: stderr
2024-05-09T04:29:46.886+0000 7f2706433700 1 --2- >> [v2:172.21.15.52:3300/0,v1:172.21.15.52:6789/0] conn(0x7f270007cc20 0x7f270019e2e0 unknown :-1 s=NONE pgs=0 cs=0 l=1 rev1=0 crypto rx=0 tx=0 comp rx=0 tx=0).connect
2024-05-09T04:29:47.716 INFO:teuthology.orchestra.run.smithi052.stdout:/usr/bin/ceph: stderr
2024-05-09T04:29:46.886+0000 7f2706433700 1 -- --> [v2:172.21.15.52:3300/0,v1:172.21.15.52:6789/0] -- mon_getmap magic: 0 -- 0x7f270010e2e0 con 0x7f270007cc20
2024-05-09T04:29:47.716 INFO:teuthology.orchestra.run.smithi052.stdout:/usr/bin/ceph: stderr
2024-05-09T04:29:46.886+0000 7f26fffff700 1 --2- >> [v2:172.21.15.52:3300/0,v1:172.21.15.52:6789/0] conn(0x7f270007cc20 0x7f270019e2e0 unknown :-1 s=BANNER_CONNECTING pgs=0 cs=0 l=1 rev1=0 crypto rx=0 tx=0 comp rx=0 tx=0)._handle_peer_banner_payload supported=3 required=0
2024-05-09T04:29:47.716 INFO:teuthology.orchestra.run.smithi052.stdout:/usr/bin/ceph: stderr
2024-05-09T04:29:46.886+0000 7f26fffff700 1 --2- >> [v2:172.21.15.52:3300/0,v1:172.21.15.52:6789/0] conn(0x7f270007cc20 0x7f270019e2e0 unknown :-1 s=HELLO_CONNECTING pgs=0 cs=0 l=1 rev1=1 crypto rx=0 tx=0 comp rx=0 tx=0).handle_hello peer v2:172.21.15.52:3300/0 says I am v2:172.21.15.52:58176/0 (socket says 172.21.15.52:58176)
2024-05-09T04:29:47.716 INFO:teuthology.orchestra.run.smithi052.stdout:/usr/bin/ceph: stderr
2024-05-09T04:29:46.886+0000 7f26fffff700 1 -- 172.21.15.52:0/3888071199 learned_addr learned my addr 172.21.15.52:0/3888071199 (peer_addr_for_me v2:172.21.15.52:0/0)
2024-05-09T04:29:47.716 INFO:teuthology.orchestra.run.smithi052.stdout:/usr/bin/ceph: stderr
2024-05-09T04:29:46.886+0000 7f26fffff700 1 -- 172.21.15.52:0/3888071199 --> [v2:172.21.15.52:3300/0,v1:172.21.15.52:6789/0] -- mon_subscribe({config=0+,monmap=0+}) -- 0x7f270019e820 con 0x7f270007cc20
2024-05-09T04:29:47.716 INFO:teuthology.orchestra.run.smithi052.stdout:/usr/bin/ceph: stderr
2024-05-09T04:29:46.886+0000 7f26fffff700 1 --2- 172.21.15.52:0/3888071199 >> [v2:172.21.15.52:3300/0,v1:172.21.15.52:6789/0] conn(0x7f270007cc20 0x7f270019e2e0 secure :-1 s=READY pgs=44 cs=0 l=1 rev1=1 crypto rx=0x7f26f0006af0 tx=0x7f26f0011c10 comp rx=0 tx=0).ready entity=mon.0 client_cookie=0 server_cookie=0 in_seq=0 out_seq=0
2024-05-09T04:29:47.716 INFO:teuthology.orchestra.run.smithi052.stdout:/usr/bin/ceph: stderr
2024-05-09T04:29:46.886+0000 7f26fdffb700 1 -- 172.21.15.52:0/3888071199 <== mon.0 v2:172.21.15.52:3300/0 1 ==== mon_map magic: 0 ==== 205+0+0 (secure 0 0 0) 0x7f26f0003930 con 0x7f270007cc20
2024-05-09T04:29:47.716 INFO:teuthology.orchestra.run.smithi052.stdout:/usr/bin/ceph: stderr
2024-05-09T04:29:46.886+0000 7f26fdffb700 1 -- 172.21.15.52:0/3888071199 <== mon.0 v2:172.21.15.52:3300/0 2 ==== config(27 keys) ==== 1104+0+0 (secure 0 0 0) 0x7f26f0003ad0 con 0x7f270007cc20
2024-05-09T04:29:47.716 INFO:teuthology.orchestra.run.smithi052.stdout:/usr/bin/ceph: stderr
2024-05-09T04:29:46.886+0000 7f2706433700 1 -- 172.21.15.52:0/3888071199 --> [v2:172.21.15.52:3300/0,v1:172.21.15.52:6789/0] -- mon_subscribe({mgrmap=0+}) -- 0x7f270019eab0 con 0x7f270007cc20
2024-05-09T04:29:47.716 INFO:teuthology.orchestra.run.smithi052.stdout:/usr/bin/ceph: stderr
2024-05-09T04:29:46.886+0000 7f2706433700 1 -- 172.21.15.52:0/3888071199 --> [v2:172.21.15.52:3300/0,v1:172.21.15.52:6789/0] -- mon_subscribe({osdmap=0}) -- 0x7f27001a16c0 con 0x7f270007cc20
2024-05-09T04:29:47.717 INFO:teuthology.orchestra.run.smithi052.stdout:/usr/bin/ceph: stderr
2024-05-09T04:29:46.886+0000 7f26fdffb700 1 -- 172.21.15.52:0/3888071199 <== mon.0 v2:172.21.15.52:3300/0 3 ==== mon_map magic: 0 ==== 205+0+0 (secure 0 0 0) 0x7f26f0019610 con 0x7f270007cc20
2024-05-09T04:29:47.717 INFO:teuthology.orchestra.run.smithi052.stdout:/usr/bin/ceph: stderr
2024-05-09T04:29:46.887+0000 7f26fdffb700 1 -- 172.21.15.52:0/3888071199 <== mon.0 v2:172.21.15.52:3300/0 4 ==== mgrmap(e 8) ==== 50222+0+0 (secure 0 0 0) 0x7f26f0019930 con 0x7f270007cc20
2024-05-09T04:29:47.717 INFO:teuthology.orchestra.run.smithi052.stdout:/usr/bin/ceph: stderr
2024-05-09T04:29:46.887+0000 7f2706433700 1 -- 172.21.15.52:0/3888071199 --> [v2:172.21.15.52:3300/0,v1:172.21.15.52:6789/0] -- mon_command({"prefix": "get_command_descriptions"} v 0) -- 0x7f26e0005360 con 0x7f270007cc20
2024-05-09T04:29:47.717 INFO:teuthology.orchestra.run.smithi052.stdout:/usr/bin/ceph: stderr
2024-05-09T04:29:46.888+0000 7f26fdffb700 1 --2- 172.21.15.52:0/3888071199 >> [v2:172.21.15.52:6800/3477564043,v1:172.21.15.52:6801/3477564043] conn(0x7f26ec03e420 0x7f26ec040930 unknown :-1 s=NONE pgs=0 cs=0 l=1 rev1=0 crypto rx=0 tx=0 comp rx=0 tx=0).connect
2024-05-09T04:29:47.717 INFO:teuthology.orchestra.run.smithi052.stdout:/usr/bin/ceph: stderr
2024-05-09T04:29:46.888+0000 7f26fdffb700 1 -- 172.21.15.52:0/3888071199 <== mon.0 v2:172.21.15.52:3300/0 5 ==== osd_map(2..2 src has 1..2) ==== 940+0+0 (secure 0 0 0) 0x7f26f0053a50 con 0x7f270007cc20
2024-05-09T04:29:47.717 INFO:teuthology.orchestra.run.smithi052.stdout:/usr/bin/ceph: stderr
2024-05-09T04:29:46.888+0000 7f26f7fff700 1 --2- 172.21.15.52:0/3888071199 >> [v2:172.21.15.52:6800/3477564043,v1:172.21.15.52:6801/3477564043] conn(0x7f26ec03e420 0x7f26ec040930 unknown :-1 s=BANNER_CONNECTING pgs=0 cs=0 l=1 rev1=0 crypto rx=0 tx=0 comp rx=0 tx=0)._handle_peer_banner_payload supported=3 required=0
2024-05-09T04:29:47.717 INFO:teuthology.orchestra.run.smithi052.stdout:/usr/bin/ceph: stderr
2024-05-09T04:29:46.888+0000 7f26f7fff700 1 --2- 172.21.15.52:0/3888071199 >> [v2:172.21.15.52:6800/3477564043,v1:172.21.15.52:6801/3477564043] conn(0x7f26ec03e420 0x7f26ec040930 secure :-1 s=READY pgs=10 cs=0 l=1 rev1=1 crypto rx=0x7f26e8006fd0 tx=0x7f26e8006e40 comp rx=0 tx=0).ready entity=mgr.14120 client_cookie=0 server_cookie=0 in_seq=0 out_seq=0
2024-05-09T04:29:47.717 INFO:teuthology.orchestra.run.smithi052.stdout:/usr/bin/ceph: stderr
2024-05-09T04:29:46.893+0000 7f26fdffb700 1 -- 172.21.15.52:0/3888071199 <== mon.0 v2:172.21.15.52:3300/0 6 ==== mon_command_ack([{"prefix": "get_command_descriptions"}]=0 v0) ==== 72+0+191963 (secure 0 0 0) 0x7f26f0011e20 con 0x7f270007cc20
2024-05-09T04:29:47.717 INFO:teuthology.orchestra.run.smithi052.stdout:/usr/bin/ceph: stderr
2024-05-09T04:29:47.107+0000 7f2706433700 1 -- 172.21.15.52:0/3888071199 --> [v2:172.21.15.52:6800/3477564043,v1:172.21.15.52:6801/3477564043] -- mgr_command(tid 0: {"prefix": "cephadm get-pub-key", "target": ["mon-mgr", ""]}) -- 0x7f26e0000bf0 con 0x7f26ec03e420
2024-05-09T04:29:47.717 INFO:teuthology.orchestra.run.smithi052.stdout:/usr/bin/ceph: stderr
2024-05-09T04:29:47.107+0000 7f26fdffb700 1 -- 172.21.15.52:0/3888071199 <== mgr.14120 v2:172.21.15.52:6800/3477564043 1 ==== mgr_command_reply(tid 0: 0 ) ==== 8+0+595 (secure 0 0 0) 0x7f26e0000bf0 con 0x7f26ec03e420
2024-05-09T04:29:47.717 INFO:teuthology.orchestra.run.smithi052.stdout:/usr/bin/ceph: stderr
2024-05-09T04:29:47.110+0000 7f2706433700 1 -- 172.21.15.52:0/3888071199 >> [v2:172.21.15.52:6800/3477564043,v1:172.21.15.52:6801/3477564043] conn(0x7f26ec03e420 msgr2=0x7f26ec040930 secure :-1 s=STATE_CONNECTION_ESTABLISHED l=1).mark_down
2024-05-09T04:29:47.717 INFO:teuthology.orchestra.run.smithi052.stdout:/usr/bin/ceph: stderr
2024-05-09T04:29:47.110+0000 7f2706433700 1 --2- 172.21.15.52:0/3888071199 >> [v2:172.21.15.52:6800/3477564043,v1:172.21.15.52:6801/3477564043] conn(0x7f26ec03e420 0x7f26ec040930 secure :-1 s=READY pgs=10 cs=0 l=1 rev1=1 crypto rx=0x7f26e8006fd0 tx=0x7f26e8006e40 comp rx=0 tx=0).stop
2024-05-09T04:29:47.717 INFO:teuthology.orchestra.run.smithi052.stdout:/usr/bin/ceph: stderr
2024-05-09T04:29:47.110+0000 7f2706433700 1 -- 172.21.15.52:0/3888071199 >> [v2:172.21.15.52:3300/0,v1:172.21.15.52:6789/0] conn(0x7f270007cc20 msgr2=0x7f270019e2e0 secure :-1 s=STATE_CONNECTION_ESTABLISHED l=1).mark_down
2024-05-09T04:29:47.717 INFO:teuthology.orchestra.run.smithi052.stdout:/usr/bin/ceph: stderr
2024-05-09T04:29:47.110+0000 7f2706433700 1 --2- 172.21.15.52:0/3888071199 >> [v2:172.21.15.52:3300/0,v1:172.21.15.52:6789/0] conn(0x7f270007cc20 0x7f270019e2e0 secure :-1 s=READY pgs=44 cs=0 l=1 rev1=1 crypto rx=0x7f26f0006af0 tx=0x7f26f0011c10 comp rx=0 tx=0).stop
2024-05-09T04:29:47.718 INFO:teuthology.orchestra.run.smithi052.stdout:/usr/bin/ceph: stderr
2024-05-09T04:29:47.110+0000 7f2706433700 1 -- 172.21.15.52:0/3888071199 shutdown_connections
2024-05-09T04:29:47.718 INFO:teuthology.orchestra.run.smithi052.stdout:/usr/bin/ceph: stderr
2024-05-09T04:29:47.110+0000 7f2706433700 1 --2- 172.21.15.52:0/3888071199 >> [v2:172.21.15.52:6800/3477564043,v1:172.21.15.52:6801/3477564043] conn(0x7f26ec03e420 0x7f26ec040930 unknown :-1 s=CLOSED pgs=10 cs=0 l=1 rev1=1 crypto rx=0 tx=0 comp rx=0 tx=0).stop
