2024-05-09T04:29:35.231 INFO:teuthology.orchestra.run.smithi052.stdout:/usr/bin/ceph: stderr
2024-05-09T04:29:34.628+0000 7fe3f9005700 1 -- 172.21.15.52:0/2796977140 shutdown_connections
2024-05-09T04:29:35.231 INFO:teuthology.orchestra.run.smithi052.stdout:/usr/bin/ceph: stderr
2024-05-09T04:29:34.628+0000 7fe3f9005700 1 -- 172.21.15.52:0/2796977140 wait complete.
2024-05-09T04:29:35.231 INFO:teuthology.orchestra.run.smithi052.stdout:Waiting for the mgr to restart...
2024-05-09T04:29:35.231 INFO:teuthology.orchestra.run.smithi052.stdout:Waiting for mgr epoch 5...
2024-05-09T04:29:35.619 INFO:journalctl@ceph.mon.a.smithi052.stdout:May 09 04:29:35 smithi052 ceph-mon[30152]: from='client.? 172.21.15.52:0/2796977140' entity='client.admin' cmd=[{"prefix": "mgr stat"}]: dispatch
2024-05-09T04:29:35.620 INFO:journalctl@ceph.mgr.x.smithi052.stdout:May 09 04:29:35 smithi052 ceph-8c126cda-0dbc-11ef-bc97-c7b262605968-mgr-x[30386]:
2024-05-09T04:29:35.560+0000 7f0c3206b200 -1 mgr[py] Module telegraf has missing NOTIFY_TYPES member
2024-05-09T04:29:35.927 INFO:journalctl@ceph.mgr.x.smithi052.stdout:May 09 04:29:35 smithi052 ceph-8c126cda-0dbc-11ef-bc97-c7b262605968-mgr-x[30386]:
2024-05-09T04:29:35.748+0000 7f0c3206b200 -1 mgr[py] Module osd_support has missing NOTIFY_TYPES member
2024-05-09T04:29:36.555 INFO:journalctl@ceph.mgr.x.smithi052.stdout:May 09 04:29:35 smithi052 ceph-8c126cda-0dbc-11ef-bc97-c7b262605968-mgr-x[30386]:
2024-05-09T04:29:35.927+0000 7f0c3206b200 -1 mgr[py] Module iostat has missing NOTIFY_TYPES member
2024-05-09T04:29:36.555 INFO:journalctl@ceph.mgr.x.smithi052.stdout:May 09 04:29:36 smithi052 ceph-8c126cda-0dbc-11ef-bc97-c7b262605968-mgr-x[30386]:
2024-05-09T04:29:36.235+0000 7f0c3206b200 -1 mgr[py] Module alerts has missing NOTIFY_TYPES member
2024-05-09T04:29:36.555 INFO:journalctl@ceph.mgr.x.smithi052.stdout:May 09 04:29:36 smithi052 ceph-8c126cda-0dbc-11ef-bc97-c7b262605968-mgr-x[30386]:
2024-05-09T04:29:36.336+0000 7f0c3206b200 -1 mgr[py] Module selftest has missing NOTIFY_TYPES member
2024-05-09T04:29:36.555 INFO:journalctl@ceph.mgr.x.smithi052.stdout:May 09 04:29:36 smithi052 ceph-8c126cda-0dbc-11ef-bc97-c7b262605968-mgr-x[30386]:
2024-05-09T04:29:36.554+0000 7f0c3206b200 -1 mgr[py] Module pg_autoscaler has missing NOTIFY_TYPES member
2024-05-09T04:29:36.945 INFO:journalctl@ceph.mgr.x.smithi052.stdout:May 09 04:29:36 smithi052 ceph-8c126cda-0dbc-11ef-bc97-c7b262605968-mgr-x[30386]:
2024-05-09T04:29:36.761+0000 7f0c3206b200 -1 mgr[py] Module test_orchestrator has missing NOTIFY_TYPES member
2024-05-09T04:29:37.695 INFO:journalctl@ceph.mgr.x.smithi052.stdout:May 09 04:29:37 smithi052 ceph-8c126cda-0dbc-11ef-bc97-c7b262605968-mgr-x[30386]:
2024-05-09T04:29:37.404+0000 7f0c3206b200 -1 mgr[py] Module rook has missing NOTIFY_TYPES member
2024-05-09T04:29:37.695 INFO:journalctl@ceph.mgr.x.smithi052.stdout:May 09 04:29:37 smithi052 ceph-8c126cda-0dbc-11ef-bc97-c7b262605968-mgr-x[30386]:
2024-05-09T04:29:37.639+0000 7f0c3206b200 -1 mgr[py] Module smb has missing NOTIFY_TYPES member
2024-05-09T04:29:38.360 INFO:journalctl@ceph.mgr.x.smithi052.stdout:May 09 04:29:38 smithi052 ceph-8c126cda-0dbc-11ef-bc97-c7b262605968-mgr-x[30386]:
2024-05-09T04:29:38.093+0000 7f0c3206b200 -1 mgr[py] Module volumes has missing NOTIFY_TYPES member
2024-05-09T04:29:38.360 INFO:journalctl@ceph.mgr.x.smithi052.stdout:May 09 04:29:38 smithi052 ceph-8c126cda-0dbc-11ef-bc97-c7b262605968-mgr-x[30386]:
2024-05-09T04:29:38.196+0000 7f0c3206b200 -1 mgr[py] Module crash has missing NOTIFY_TYPES member
2024-05-09T04:29:38.945 INFO:journalctl@ceph.mgr.x.smithi052.stdout:May 09 04:29:38 smithi052 ceph-8c126cda-0dbc-11ef-bc97-c7b262605968-mgr-x[30386]:
2024-05-09T04:29:38.613+0000 7f0c3206b200 -1 mgr[py] Module rgw has missing NOTIFY_TYPES member
2024-05-09T04:29:39.357 INFO:journalctl@ceph.mgr.x.smithi052.stdout:May 09 04:29:38 smithi052 ceph-8c126cda-0dbc-11ef-bc97-c7b262605968-mgr-x[30386]:
2024-05-09T04:29:38.992+0000 7f0c3206b200 -1 mgr[py] Module prometheus has missing NOTIFY_TYPES member
2024-05-09T04:29:39.357 INFO:journalctl@ceph.mgr.x.smithi052.stdout:May 09 04:29:39 smithi052 ceph-8c126cda-0dbc-11ef-bc97-c7b262605968-mgr-x[30386]:
2024-05-09T04:29:39.092+0000 7f0c3206b200 -1 mgr[py] Module devicehealth has missing NOTIFY_TYPES member
2024-05-09T04:29:39.695 INFO:journalctl@ceph.mgr.x.smithi052.stdout:May 09 04:29:39 smithi052 ceph-8c126cda-0dbc-11ef-bc97-c7b262605968-mgr-x[30386]:
2024-05-09T04:29:39.356+0000 7f0c3206b200 -1 mgr[py] Module telemetry has missing NOTIFY_TYPES member
2024-05-09T04:29:39.695 INFO:journalctl@ceph.mgr.x.smithi052.stdout:May 09 04:29:39 smithi052 ceph-8c126cda-0dbc-11ef-bc97-c7b262605968-mgr-x[30386]:
2024-05-09T04:29:39.499+0000 7f0c3206b200 -1 mgr[py] Module diskprediction_local has missing NOTIFY_TYPES member
2024-05-09T04:29:39.696 INFO:journalctl@ceph.mgr.x.smithi052.stdout:May 09 04:29:39 smithi052 ceph-8c126cda-0dbc-11ef-bc97-c7b262605968-mgr-x[30386]:
2024-05-09T04:29:39.603+0000 7f0c3206b200 -1 mgr[py] Module osd_perf_query has missing NOTIFY_TYPES member
2024-05-09T04:29:40.195 INFO:journalctl@ceph.mgr.x.smithi052.stdout:May 09 04:29:39 smithi052 ceph-8c126cda-0dbc-11ef-bc97-c7b262605968-mgr-x[30386]:
2024-05-09T04:29:39.943+0000 7f0c3206b200 -1 mgr[py] Module rbd_support has missing NOTIFY_TYPES member
2024-05-09T04:29:40.195 INFO:journalctl@ceph.mgr.x.smithi052.stdout:May 09 04:29:40 smithi052 ceph-8c126cda-0dbc-11ef-bc97-c7b262605968-mgr-x[30386]:
2024-05-09T04:29:40.044+0000 7f0c3206b200 -1 mgr[py] Module zabbix has missing NOTIFY_TYPES member
2024-05-09T04:29:40.945 INFO:journalctl@ceph.mgr.x.smithi052.stdout:May 09 04:29:40 smithi052 ceph-8c126cda-0dbc-11ef-bc97-c7b262605968-mgr-x[30386]:
2024-05-09T04:29:40.692+0000 7f0c3206b200 -1 mgr[py] Module status has missing NOTIFY_TYPES member
2024-05-09T04:29:40.946 INFO:journalctl@ceph.mgr.x.smithi052.stdout:May 09 04:29:40 smithi052 ceph-8c126cda-0dbc-11ef-bc97-c7b262605968-mgr-x[30386]:
2024-05-09T04:29:40.923+0000 7f0c3206b200 -1 mgr[py] Module nfs has missing NOTIFY_TYPES member
2024-05-09T04:29:41.445 INFO:journalctl@ceph.mon.a.smithi052.stdout:May 09 04:29:40 smithi052 ceph-mon[30152]: Active manager daemon x restarted
2024-05-09T04:29:41.445 INFO:journalctl@ceph.mon.a.smithi052.stdout:May 09 04:29:40 smithi052 ceph-mon[30152]: Activating manager daemon x
2024-05-09T04:29:41.446 INFO:journalctl@ceph.mon.a.smithi052.stdout:May 09 04:29:40 smithi052 ceph-mon[30152]: osdmap e2: 0 total, 0 up, 0 in
2024-05-09T04:29:41.446 INFO:journalctl@ceph.mon.a.smithi052.stdout:May 09 04:29:40 smithi052 ceph-mon[30152]: mgrmap e6: x(active, starting, since 0.00387304s)
2024-05-09T04:29:41.446 INFO:journalctl@ceph.mon.a.smithi052.stdout:May 09 04:29:40 smithi052 ceph-mon[30152]: from='mgr.14120 172.21.15.52:0/1013554299' entity='mgr.x' cmd=[{"prefix": "mon metadata", "id": "a"}]: dispatch
2024-05-09T04:29:41.446 INFO:journalctl@ceph.mon.a.smithi052.stdout:May 09 04:29:40 smithi052 ceph-mon[30152]: from='mgr.14120 172.21.15.52:0/1013554299' entity='mgr.x' cmd=[{"prefix": "mgr metadata", "who": "x", "id": "x"}]: dispatch
2024-05-09T04:29:41.446 INFO:journalctl@ceph.mon.a.smithi052.stdout:May 09 04:29:40 smithi052 ceph-mon[30152]: from='mgr.14120 172.21.15.52:0/1013554299' entity='mgr.x' cmd=[{"prefix": "mds metadata"}]: dispatch
2024-05-09T04:29:41.446 INFO:journalctl@ceph.mon.a.smithi052.stdout:May 09 04:29:40 smithi052 ceph-mon[30152]: from='mgr.14120 172.21.15.52:0/1013554299' entity='mgr.x' cmd=[{"prefix": "osd metadata"}]: dispatch
2024-05-09T04:29:41.446 INFO:journalctl@ceph.mon.a.smithi052.stdout:May 09 04:29:40 smithi052 ceph-mon[30152]: from='mgr.14120 172.21.15.52:0/1013554299' entity='mgr.x' cmd=[{"prefix": "mon metadata"}]: dispatch
2024-05-09T04:29:41.446 INFO:journalctl@ceph.mon.a.smithi052.stdout:May 09 04:29:40 smithi052 ceph-mon[30152]: Manager daemon x is now available
2024-05-09T04:29:41.446 INFO:journalctl@ceph.mon.a.smithi052.stdout:May 09 04:29:40 smithi052 ceph-mon[30152]: from='mgr.14120 172.21.15.52:0/1013554299' entity='mgr.x'
2024-05-09T04:29:41.446 INFO:journalctl@ceph.mon.a.smithi052.stdout:May 09 04:29:40 smithi052 ceph-mon[30152]: from='mgr.14120 172.21.15.52:0/1013554299' entity='mgr.x'
2024-05-09T04:29:41.446 INFO:journalctl@ceph.mon.a.smithi052.stdout:May 09 04:29:40 smithi052 ceph-mon[30152]: from='mgr.14120 172.21.15.52:0/1013554299' entity='mgr.x' cmd=[{"prefix": "config dump", "format": "json"}]: dispatch
2024-05-09T04:29:41.446 INFO:journalctl@ceph.mon.a.smithi052.stdout:May 09 04:29:40 smithi052 ceph-mon[30152]: from='mgr.14120 172.21.15.52:0/1013554299' entity='mgr.x' cmd=[{"prefix": "config dump", "format": "json"}]: dispatch
2024-05-09T04:29:42.195 INFO:journalctl@ceph.mon.a.smithi052.stdout:May 09 04:29:41 smithi052 ceph-mon[30152]: Found migration_current of "None". Setting to last migration.
2024-05-09T04:29:42.195 INFO:journalctl@ceph.mon.a.smithi052.stdout:May 09 04:29:41 smithi052 ceph-mon[30152]: from='mgr.14120 172.21.15.52:0/1013554299' entity='mgr.x' cmd=[{"prefix":"config rm","who":"mgr","name":"mgr/rbd_support/x/mirror_snapshot_schedule"}]: dispatch
2024-05-09T04:29:42.195 INFO:journalctl@ceph.mon.a.smithi052.stdout:May 09 04:29:41 smithi052 ceph-mon[30152]: from='mgr.14120 172.21.15.52:0/1013554299' entity='mgr.x' cmd=[{"prefix":"config rm","who":"mgr","name":"mgr/rbd_support/x/trash_purge_schedule"}]: dispatch
2024-05-09T04:29:42.195 INFO:journalctl@ceph.mon.a.smithi052.stdout:May 09 04:29:41 smithi052 ceph-mon[30152]: mgrmap e7: x(active, since 1.00638s)
2024-05-09T04:29:42.583 INFO:teuthology.orchestra.run.smithi052.stdout:/usr/bin/ceph: stdout {
2024-05-09T04:29:42.583 INFO:teuthology.orchestra.run.smithi052.stdout:/usr/bin/ceph: stdout "mgrmap_epoch": 7,
2024-05-09T04:29:42.583 INFO:teuthology.orchestra.run.smithi052.stdout:/usr/bin/ceph: stdout "initialized": true
2024-05-09T04:29:42.583 INFO:teuthology.orchestra.run.smithi052.stdout:/usr/bin/ceph: stdout }
2024-05-09T04:29:42.583 INFO:teuthology.orchestra.run.smithi052.stdout:/usr/bin/ceph: stderr
2024-05-09T04:29:35.659+0000 7f84d8210700 1 Processor -- start
2024-05-09T04:29:42.583 INFO:teuthology.orchestra.run.smithi052.stdout:/usr/bin/ceph: stderr
2024-05-09T04:29:35.659+0000 7f84d8210700 1 -- start start
2024-05-09T04:29:42.583 INFO:teuthology.orchestra.run.smithi052.stdout:/usr/bin/ceph: stderr
2024-05-09T04:29:35.659+0000 7f84d8210700 1 --2- >> [v2:172.21.15.52:3300/0,v1:172.21.15.52:6789/0] conn(0x7f84d010b510 0x7f84d010b920 unknown :-1 s=NONE pgs=0 cs=0 l=0 rev1=0 crypto rx=0 tx=0 comp rx=0 tx=0).connect
2024-05-09T04:29:42.583 INFO:teuthology.orchestra.run.smithi052.stdout:/usr/bin/ceph: stderr
2024-05-09T04:29:35.659+0000 7f84d8210700 1 -- --> [v2:172.21.15.52:3300/0,v1:172.21.15.52:6789/0] -- mon_getmap magic: 0 -- 0x7f84d010bef0 con 0x7f84d010b510
2024-05-09T04:29:42.583 INFO:teuthology.orchestra.run.smithi052.stdout:/usr/bin/ceph: stderr
2024-05-09T04:29:35.659+0000 7f84d5fac700 1 --2- >> [v2:172.21.15.52:3300/0,v1:172.21.15.52:6789/0] conn(0x7f84d010b510 0x7f84d010b920 unknown :-1 s=BANNER_CONNECTING pgs=0 cs=0 l=0 rev1=0 crypto rx=0 tx=0 comp rx=0 tx=0)._handle_peer_banner_payload supported=3 required=0
2024-05-09T04:29:42.583 INFO:teuthology.orchestra.run.smithi052.stdout:/usr/bin/ceph: stderr
2024-05-09T04:29:35.659+0000 7f84d5fac700 1 --2- >> [v2:172.21.15.52:3300/0,v1:172.21.15.52:6789/0] conn(0x7f84d010b510 0x7f84d010b920 unknown :-1 s=HELLO_CONNECTING pgs=0 cs=0 l=0 rev1=1 crypto rx=0 tx=0 comp rx=0 tx=0).handle_hello peer v2:172.21.15.52:3300/0 says I am v2:172.21.15.52:48310/0 (socket says 172.21.15.52:48310)
2024-05-09T04:29:42.583 INFO:teuthology.orchestra.run.smithi052.stdout:/usr/bin/ceph: stderr
2024-05-09T04:29:35.659+0000 7f84d5fac700 1 -- 172.21.15.52:0/3552760038 learned_addr learned my addr 172.21.15.52:0/3552760038 (peer_addr_for_me v2:172.21.15.52:0/0)
2024-05-09T04:29:42.583 INFO:teuthology.orchestra.run.smithi052.stdout:/usr/bin/ceph: stderr
2024-05-09T04:29:35.660+0000 7f84d5fac700 1 -- 172.21.15.52:0/3552760038 --> [v2:172.21.15.52:3300/0,v1:172.21.15.52:6789/0] -- mon_subscribe({config=0+,monmap=0+}) -- 0x7f84d010c070 con 0x7f84d010b510
2024-05-09T04:29:42.583 INFO:teuthology.orchestra.run.smithi052.stdout:/usr/bin/ceph: stderr
2024-05-09T04:29:35.660+0000 7f84d5fac700 1 --2- 172.21.15.52:0/3552760038 >> [v2:172.21.15.52:3300/0,v1:172.21.15.52:6789/0] conn(0x7f84d010b510 0x7f84d010b920 secure :-1 s=READY pgs=28 cs=0 l=1 rev1=1 crypto rx=0x7f84c40098a0 tx=0x7f84c4009bb0 comp rx=0 tx=0).ready entity=mon.0 client_cookie=9e041ff1c98c7f95 server_cookie=0 in_seq=0 out_seq=0
2024-05-09T04:29:42.584 INFO:teuthology.orchestra.run.smithi052.stdout:/usr/bin/ceph: stderr
2024-05-09T04:29:35.660+0000 7f84d4faa700 1 -- 172.21.15.52:0/3552760038 <== mon.0 v2:172.21.15.52:3300/0 1 ==== mon_map magic: 0 ==== 205+0+0 (secure 0 0 0) 0x7f84c4004160 con 0x7f84d010b510
2024-05-09T04:29:42.584 INFO:teuthology.orchestra.run.smithi052.stdout:/usr/bin/ceph: stderr
2024-05-09T04:29:35.660+0000 7f84d4faa700 1 -- 172.21.15.52:0/3552760038 <== mon.0 v2:172.21.15.52:3300/0 2 ==== config(27 keys) ==== 1104+0+0 (secure 0 0 0) 0x7f84c4004300 con 0x7f84d010b510
2024-05-09T04:29:42.584 INFO:teuthology.orchestra.run.smithi052.stdout:/usr/bin/ceph: stderr
2024-05-09T04:29:35.660+0000 7f84d4faa700 1 -- 172.21.15.52:0/3552760038 <== mon.0 v2:172.21.15.52:3300/0 3 ==== mon_map magic: 0 ==== 205+0+0 (secure 0 0 0) 0x7f84c4011b20 con 0x7f84d010b510
2024-05-09T04:29:42.584 INFO:teuthology.orchestra.run.smithi052.stdout:/usr/bin/ceph: stderr
2024-05-09T04:29:35.661+0000 7f84d8210700 1 -- 172.21.15.52:0/3552760038 >> [v2:172.21.15.52:3300/0,v1:172.21.15.52:6789/0] conn(0x7f84d010b510 msgr2=0x7f84d010b920 secure :-1 s=STATE_CONNECTION_ESTABLISHED l=1).mark_down
2024-05-09T04:29:42.584 INFO:teuthology.orchestra.run.smithi052.stdout:/usr/bin/ceph: stderr
2024-05-09T04:29:35.661+0000 7f84d8210700 1 --2- 172.21.15.52:0/3552760038 >> [v2:172.21.15.52:3300/0,v1:172.21.15.52:6789/0] conn(0x7f84d010b510 0x7f84d010b920 secure :-1 s=READY pgs=28 cs=0 l=1 rev1=1 crypto rx=0x7f84c40098a0 tx=0x7f84c4009bb0 comp rx=0 tx=0).stop
2024-05-09T04:29:42.584 INFO:teuthology.orchestra.run.smithi052.stdout:/usr/bin/ceph: stderr
2024-05-09T04:29:35.661+0000 7f84d8210700 1 -- 172.21.15.52:0/3552760038 shutdown_connections
2024-05-09T04:29:42.584 INFO:teuthology.orchestra.run.smithi052.stdout:/usr/bin/ceph: stderr
2024-05-09T04:29:35.661+0000 7f84d8210700 1 --2- 172.21.15.52:0/3552760038 >> [v2:172.21.15.52:3300/0,v1:172.21.15.52:6789/0] conn(0x7f84d010b510 0x7f84d010b920 unknown :-1 s=CLOSED pgs=28 cs=0 l=1 rev1=1 crypto rx=0 tx=0 comp rx=0 tx=0).stop
2024-05-09T04:29:42.584 INFO:teuthology.orchestra.run.smithi052.stdout:/usr/bin/ceph: stderr
2024-05-09T04:29:35.661+0000 7f84d8210700 1 -- 172.21.15.52:0/3552760038 >> 172.21.15.52:0/3552760038 conn(0x7f84d0103d10 msgr2=0x7f84d0106160 unknown :-1 s=STATE_NONE l=0).mark_down
2024-05-09T04:29:42.584 INFO:teuthology.orchestra.run.smithi052.stdout:/usr/bin/ceph: stderr
2024-05-09T04:29:35.662+0000 7f84d8210700 1 -- 172.21.15.52:0/3552760038 shutdown_connections
2024-05-09T04:29:42.584 INFO:teuthology.orchestra.run.smithi052.stdout:/usr/bin/ceph: stderr
2024-05-09T04:29:35.662+0000 7f84d8210700 1 -- 172.21.15.52:0/3552760038 wait complete.
2024-05-09T04:29:42.584 INFO:teuthology.orchestra.run.smithi052.stdout:/usr/bin/ceph: stderr
2024-05-09T04:29:35.662+0000 7f84d8210700 1 Processor -- start
2024-05-09T04:29:42.584 INFO:teuthology.orchestra.run.smithi052.stdout:/usr/bin/ceph: stderr
2024-05-09T04:29:35.663+0000 7f84d8210700 1 -- start start
2024-05-09T04:29:42.584 INFO:teuthology.orchestra.run.smithi052.stdout:/usr/bin/ceph: stderr
2024-05-09T04:29:35.663+0000 7f84d8210700 1 --2- >> [v2:172.21.15.52:3300/0,v1:172.21.15.52:6789/0] conn(0x7f84d010b510 0x7f84d019e370 unknown :-1 s=NONE pgs=0 cs=0 l=1 rev1=0 crypto rx=0 tx=0 comp rx=0 tx=0).connect
2024-05-09T04:29:42.584 INFO:teuthology.orchestra.run.smithi052.stdout:/usr/bin/ceph: stderr
2024-05-09T04:29:35.663+0000 7f84d8210700 1 -- --> [v2:172.21.15.52:3300/0,v1:172.21.15.52:6789/0] -- mon_getmap magic: 0 -- 0x7f84d010e4b0 con 0x7f84d010b510
2024-05-09T04:29:42.585 INFO:teuthology.orchestra.run.smithi052.stdout:/usr/bin/ceph: stderr
2024-05-09T04:29:35.663+0000 7f84d5fac700 1 --2- >> [v2:172.21.15.52:3300/0,v1:172.21.15.52:6789/0] conn(0x7f84d010b510 0x7f84d019e370 unknown :-1 s=BANNER_CONNECTING pgs=0 cs=0 l=1 rev1=0 crypto rx=0 tx=0 comp rx=0 tx=0)._handle_peer_banner_payload supported=3 required=0
2024-05-09T04:29:42.585 INFO:teuthology.orchestra.run.smithi052.stdout:/usr/bin/ceph: stderr
2024-05-09T04:29:35.663+0000 7f84d5fac700 1 --2- >> [v2:172.21.15.52:3300/0,v1:172.21.15.52:6789/0] conn(0x7f84d010b510 0x7f84d019e370 unknown :-1 s=HELLO_CONNECTING pgs=0 cs=0 l=1 rev1=1 crypto rx=0 tx=0 comp rx=0 tx=0).handle_hello peer v2:172.21.15.52:3300/0 says I am v2:172.21.15.52:48320/0 (socket says 172.21.15.52:48320)
2024-05-09T04:29:42.585 INFO:teuthology.orchestra.run.smithi052.stdout:/usr/bin/ceph: stderr
2024-05-09T04:29:35.663+0000 7f84d5fac700 1 -- 172.21.15.52:0/1848014187 learned_addr learned my addr 172.21.15.52:0/1848014187 (peer_addr_for_me v2:172.21.15.52:0/0)
2024-05-09T04:29:42.585 INFO:teuthology.orchestra.run.smithi052.stdout:/usr/bin/ceph: stderr
2024-05-09T04:29:35.663+0000 7f84d5fac700 1 -- 172.21.15.52:0/1848014187 --> [v2:172.21.15.52:3300/0,v1:172.21.15.52:6789/0] -- mon_subscribe({config=0+,monmap=0+}) -- 0x7f84d019e8b0 con 0x7f84d010b510
2024-05-09T04:29:42.585 INFO:teuthology.orchestra.run.smithi052.stdout:/usr/bin/ceph: stderr
2024-05-09T04:29:35.663+0000 7f84d5fac700 1 --2- 172.21.15.52:0/1848014187 >> [v2:172.21.15.52:3300/0,v1:172.21.15.52:6789/0] conn(0x7f84d010b510 0x7f84d019e370 secure :-1 s=READY pgs=29 cs=0 l=1 rev1=1 crypto rx=0x7f84c4006af0 tx=0x7f84c4011c10 comp rx=0 tx=0).ready entity=mon.0 client_cookie=0 server_cookie=0 in_seq=0 out_seq=0
2024-05-09T04:29:42.585 INFO:teuthology.orchestra.run.smithi052.stdout:/usr/bin/ceph: stderr
2024-05-09T04:29:35.664+0000 7f84c2ffd700 1 -- 172.21.15.52:0/1848014187 <== mon.0 v2:172.21.15.52:3300/0 1 ==== mon_map magic: 0 ==== 205+0+0 (secure 0 0 0) 0x7f84c4003930 con 0x7f84d010b510
2024-05-09T04:29:42.585 INFO:teuthology.orchestra.run.smithi052.stdout:/usr/bin/ceph: stderr
2024-05-09T04:29:35.664+0000 7f84c2ffd700 1 -- 172.21.15.52:0/1848014187 <== mon.0 v2:172.21.15.52:3300/0 2 ==== config(27 keys) ==== 1104+0+0 (secure 0 0 0) 0x7f84c4003ad0 con 0x7f84d010b510
2024-05-09T04:29:42.585 INFO:teuthology.orchestra.run.smithi052.stdout:/usr/bin/ceph: stderr
2024-05-09T04:29:35.664+0000 7f84d8210700 1 -- 172.21.15.52:0/1848014187 --> [v2:172.21.15.52:3300/0,v1:172.21.15.52:6789/0] -- mon_subscribe({mgrmap=0+}) -- 0x7f84d019eb40 con 0x7f84d010b510
2024-05-09T04:29:42.585 INFO:teuthology.orchestra.run.smithi052.stdout:/usr/bin/ceph: stderr
2024-05-09T04:29:35.664+0000 7f84c2ffd700 1 -- 172.21.15.52:0/1848014187 <== mon.0 v2:172.21.15.52:3300/0 3 ==== mon_map magic: 0 ==== 205+0+0 (secure 0 0 0) 0x7f84c4019610 con 0x7f84d010b510
2024-05-09T04:29:42.585 INFO:teuthology.orchestra.run.smithi052.stdout:/usr/bin/ceph: stderr
2024-05-09T04:29:35.664+0000 7f84d8210700 1 -- 172.21.15.52:0/1848014187 --> [v2:172.21.15.52:3300/0,v1:172.21.15.52:6789/0] -- mon_subscribe({osdmap=0}) -- 0x7f84d01a1750 con 0x7f84d010b510
2024-05-09T04:29:42.585 INFO:teuthology.orchestra.run.smithi052.stdout:/usr/bin/ceph: stderr
2024-05-09T04:29:35.665+0000 7f84c2ffd700 1 -- 172.21.15.52:0/1848014187 <== mon.0 v2:172.21.15.52:3300/0 4 ==== mgrmap(e 5) ==== 50222+0+0 (secure 0 0 0) 0x7f84c40198a0 con 0x7f84d010b510
2024-05-09T04:29:42.585 INFO:teuthology.orchestra.run.smithi052.stdout:/usr/bin/ceph: stderr
2024-05-09T04:29:35.665+0000 7f84c2ffd700 1 --2- 172.21.15.52:0/1848014187 >> [v2:172.21.15.52:6800/2375357215,v1:172.21.15.52:6801/2375357215] conn(0x7f84bc03e470 0x7f84bc040980 unknown :-1 s=NONE pgs=0 cs=0 l=1 rev1=0 crypto rx=0 tx=0 comp rx=0 tx=0).connect
2024-05-09T04:29:42.585 INFO:teuthology.orchestra.run.smithi052.stdout:/usr/bin/ceph: stderr
2024-05-09T04:29:35.665+0000 7f84c2ffd700 1 -- 172.21.15.52:0/1848014187 --> [v2:172.21.15.52:6800/2375357215,v1:172.21.15.52:6801/2375357215] -- command(tid 0: {"prefix": "get_command_descriptions"}) -- 0x7f84bc041090 con 0x7f84bc03e470
2024-05-09T04:29:42.585 INFO:teuthology.orchestra.run.smithi052.stdout:/usr/bin/ceph: stderr
2024-05-09T04:29:35.665+0000 7f84c2ffd700 1 -- 172.21.15.52:0/1848014187 <== mon.0 v2:172.21.15.52:3300/0 5 ==== osd_map(1..1 src has 1..1) ==== 725+0+0 (secure 0 0 0) 0x7f84c4054ab0 con 0x7f84d010b510
2024-05-09T04:29:42.586 INFO:teuthology.orchestra.run.smithi052.stdout:/usr/bin/ceph: stderr
2024-05-09T04:29:35.665+0000 7f84d57ab700 1 -- 172.21.15.52:0/1848014187 >> [v2:172.21.15.52:6800/2375357215,v1:172.21.15.52:6801/2375357215] conn(0x7f84bc03e470 msgr2=0x7f84bc040980 unknown :-1 s=STATE_CONNECTING_RE l=1).process reconnect failed to v2:172.21.15.52:6800/2375357215
2024-05-09T04:29:42.586 INFO:teuthology.orchestra.run.smithi052.stdout:/usr/bin/ceph: stderr
2024-05-09T04:29:35.665+0000 7f84d57ab700 1 --2- 172.21.15.52:0/1848014187 >> [v2:172.21.15.52:6800/2375357215,v1:172.21.15.52:6801/2375357215] conn(0x7f84bc03e470 0x7f84bc040980 unknown :-1 s=START_CONNECT pgs=0 cs=0 l=1 rev1=0 crypto rx=0 tx=0 comp rx=0 tx=0)._fault waiting 0.200000
2024-05-09T04:29:42.586 INFO:teuthology.orchestra.run.smithi052.stdout:/usr/bin/ceph: stderr
2024-05-09T04:29:35.866+0000 7f84d57ab700 1 -- 172.21.15.52:0/1848014187 >> [v2:172.21.15.52:6800/2375357215,v1:172.21.15.52:6801/2375357215] conn(0x7f84bc03e470 msgr2=0x7f84bc040980 unknown :-1 s=STATE_CONNECTING_RE l=1).process reconnect failed to v2:172.21.15.52:6800/2375357215
2024-05-09T04:29:42.586 INFO:teuthology.orchestra.run.smithi052.stdout:/usr/bin/ceph: stderr
2024-05-09T04:29:35.866+0000 7f84d57ab700 1 --2- 172.21.15.52:0/1848014187 >> [v2:172.21.15.52:6800/2375357215,v1:172.21.15.52:6801/2375357215] conn(0x7f84bc03e470 0x7f84bc040980 unknown :-1 s=START_CONNECT pgs=0 cs=0 l=1 rev1=0 crypto rx=0 tx=0 comp rx=0 tx=0)._fault waiting 0.400000
2024-05-09T04:29:42.586 INFO:teuthology.orchestra.run.smithi052.stdout:/usr/bin/ceph: stderr
2024-05-09T04:29:36.267+0000 7f84d57ab700 1 -- 172.21.15.52:0/1848014187 >> [v2:172.21.15.52:6800/2375357215,v1:172.21.15.52:6801/2375357215] conn(0x7f84bc03e470 msgr2=0x7f84bc040980 unknown :-1 s=STATE_CONNECTING_RE l=1).process reconnect failed to v2:172.21.15.52:6800/2375357215
2024-05-09T04:29:42.586 INFO:teuthology.orchestra.run.smithi052.stdout:/usr/bin/ceph: stderr
2024-05-09T04:29:36.267+0000 7f84d57ab700 1 --2- 172.21.15.52:0/1848014187 >> [v2:172.21.15.52:6800/2375357215,v1:172.21.15.52:6801/2375357215] conn(0x7f84bc03e470 0x7f84bc040980 unknown :-1 s=START_CONNECT pgs=0 cs=0 l=1 rev1=0 crypto rx=0 tx=0 comp rx=0 tx=0)._fault waiting 0.800000
2024-05-09T04:29:42.586 INFO:teuthology.orchestra.run.smithi052.stdout:/usr/bin/ceph: stderr
2024-05-09T04:29:37.068+0000 7f84d57ab700 1 -- 172.21.15.52:0/1848014187 >> [v2:172.21.15.52:6800/2375357215,v1:172.21.15.52:6801/2375357215] conn(0x7f84bc03e470 msgr2=0x7f84bc040980 unknown :-1 s=STATE_CONNECTING_RE l=1).process reconnect failed to v2:172.21.15.52:6800/2375357215
2024-05-09T04:29:42.586 INFO:teuthology.orchestra.run.smithi052.stdout:/usr/bin/ceph: stderr
2024-05-09T04:29:37.068+0000 7f84d57ab700 1 --2- 172.21.15.52:0/1848014187 >> [v2:172.21.15.52:6800/2375357215,v1:172.21.15.52:6801/2375357215] conn(0x7f84bc03e470 0x7f84bc040980 unknown :-1 s=START_CONNECT pgs=0 cs=0 l=1 rev1=0 crypto rx=0 tx=0 comp rx=0 tx=0)._fault waiting 1.600000
2024-05-09T04:29:42.586 INFO:teuthology.orchestra.run.smithi052.stdout:/usr/bin/ceph: stderr
2024-05-09T04:29:38.669+0000 7f84d57ab700 1 -- 172.21.15.52:0/1848014187 >> [v2:172.21.15.52:6800/2375357215,v1:172.21.15.52:6801/2375357215] conn(0x7f84bc03e470 msgr2=0x7f84bc040980 unknown :-1 s=STATE_CONNECTING_RE l=1).process reconnect failed to v2:172.21.15.52:6800/2375357215
2024-05-09T04:29:42.586 INFO:teuthology.orchestra.run.smithi052.stdout:/usr/bin/ceph: stderr
2024-05-09T04:29:38.669+0000 7f84d57ab700 1 --2- 172.21.15.52:0/1848014187 >> [v2:172.21.15.52:6800/2375357215,v1:172.21.15.52:6801/2375357215] conn(0x7f84bc03e470 0x7f84bc040980 unknown :-1 s=START_CONNECT pgs=0 cs=0 l=1 rev1=0 crypto rx=0 tx=0 comp rx=0 tx=0)._fault waiting 3.200000
2024-05-09T04:29:42.586 INFO:teuthology.orchestra.run.smithi052.stdout:/usr/bin/ceph: stderr
2024-05-09T04:29:40.927+0000 7f84c2ffd700 1 -- 172.21.15.52:0/1848014187 <== mon.0 v2:172.21.15.52:3300/0 6 ==== mgrmap(e 6) ==== 49989+0+0 (secure 0 0 0) 0x7f84c400fd80 con 0x7f84d010b510
2024-05-09T04:29:42.586 INFO:teuthology.orchestra.run.smithi052.stdout:/usr/bin/ceph: stderr
2024-05-09T04:29:40.927+0000 7f84c2ffd700 1 -- 172.21.15.52:0/1848014187 >> [v2:172.21.15.52:6800/2375357215,v1:172.21.15.52:6801/2375357215] conn(0x7f84bc03e470 msgr2=0x7f84bc040980 unknown :-1 s=STATE_CONNECTING l=1).mark_down
2024-05-09T04:29:42.586 INFO:teuthology.orchestra.run.smithi052.stdout:/usr/bin/ceph: stderr
2024-05-09T04:29:40.927+0000 7f84c2ffd700 1 --2- 172.21.15.52:0/1848014187 >> [v2:172.21.15.52:6800/2375357215,v1:172.21.15.52:6801/2375357215] conn(0x7f84bc03e470 0x7f84bc040980 unknown :-1 s=START_CONNECT pgs=0 cs=0 l=1 rev1=0 crypto rx=0 tx=0 comp rx=0 tx=0).stop
2024-05-09T04:29:42.587 INFO:teuthology.orchestra.run.smithi052.stdout:/usr/bin/ceph: stderr
2024-05-09T04:29:41.930+0000 7f84c2ffd700 1 -- 172.21.15.52:0/1848014187 <== mon.0 v2:172.21.15.52:3300/0 7 ==== mgrmap(e 7) ==== 50116+0+0 (secure 0 0 0) 0x7f84c4055ee0 con 0x7f84d010b510
2024-05-09T04:29:42.587 INFO:teuthology.orchestra.run.smithi052.stdout:/usr/bin/ceph: stderr
2024-05-09T04:29:41.930+0000 7f84c2ffd700 1 --2- 172.21.15.52:0/1848014187 >> [v2:172.21.15.52:6800/3477564043,v1:172.21.15.52:6801/3477564043] conn(0x7f84bc041db0 0x7f84bc0441d0 unknown :-1 s=NONE pgs=0 cs=0 l=1 rev1=0 crypto rx=0 tx=0 comp rx=0 tx=0).connect
2024-05-09T04:29:42.587 INFO:teuthology.orchestra.run.smithi052.stdout:/usr/bin/ceph: stderr
2024-05-09T04:29:41.930+0000 7f84c2ffd700 1 -- 172.21.15.52:0/1848014187 --> [v2:172.21.15.52:6800/3477564043,v1:172.21.15.52:6801/3477564043] -- command(tid 0: {"prefix": "get_command_descriptions"}) -- 0x7f84c401abd0 con 0x7f84bc041db0
2024-05-09T04:29:42.587 INFO:teuthology.orchestra.run.smithi052.stdout:/usr/bin/ceph: stderr
2024-05-09T04:29:41.930+0000 7f84d57ab700 1 --2- 172.21.15.52:0/1848014187 >> [v2:172.21.15.52:6800/3477564043,v1:172.21.15.52:6801/3477564043] conn(0x7f84bc041db0 0x7f84bc0441d0 unknown :-1 s=BANNER_CONNECTING pgs=0 cs=0 l=1 rev1=0 crypto rx=0 tx=0 comp rx=0 tx=0)._handle_peer_banner_payload supported=3 required=0
2024-05-09T04:29:42.587 INFO:teuthology.orchestra.run.smithi052.stdout:/usr/bin/ceph: stderr
2024-05-09T04:29:41.931+0000 7f84d57ab700 1 --2- 172.21.15.52:0/1848014187 >> [v2:172.21.15.52:6800/3477564043,v1:172.21.15.52:6801/3477564043] conn(0x7f84bc041db0 0x7f84bc0441d0 secure :-1 s=READY pgs=1 cs=0 l=1 rev1=1 crypto rx=0x7f84cc003a10 tx=0x7f84cc0092b0 comp rx=0 tx=0).ready entity=mgr.14120 client_cookie=0 server_cookie=0 in_seq=0 out_seq=0
2024-05-09T04:29:42.587 INFO:teuthology.orchestra.run.smithi052.stdout:/usr/bin/ceph: stderr
2024-05-09T04:29:41.932+0000 7f84c2ffd700 1 -- 172.21.15.52:0/1848014187 <== mgr.14120 v2:172.21.15.52:6800/3477564043 1 ==== command_reply(tid 0: 0 ) ==== 8+0+9564 (secure 0 0 0) 0x7f84c401abd0 con 0x7f84bc041db0
2024-05-09T04:29:42.587 INFO:teuthology.orchestra.run.smithi052.stdout:/usr/bin/ceph: stderr
2024-05-09T04:29:41.940+0000 7f84d8210700 1 -- 172.21.15.52:0/1848014187 --> [v2:172.21.15.52:6800/3477564043,v1:172.21.15.52:6801/3477564043] -- command(tid 1: {"prefix": "mgr_status"}) -- 0x7f84d0064e20 con 0x7f84bc041db0
2024-05-09T04:29:42.587 INFO:teuthology.orchestra.run.smithi052.stdout:/usr/bin/ceph: stderr
2024-05-09T04:29:41.940+0000 7f84c2ffd700 1 -- 172.21.15.52:0/1848014187 <== mgr.14120 v2:172.21.15.52:6800/3477564043 2 ==== command_reply(tid 1: 0 ) ==== 8+0+51 (secure 0 0 0) 0x7f84d0064e20 con 0x7f84bc041db0
2024-05-09T04:29:42.587 INFO:teuthology.orchestra.run.smithi052.stdout:/usr/bin/ceph: stderr
2024-05-09T04:29:41.941+0000 7f84d8210700 1 -- 172.21.15.52:0/1848014187 >> [v2:172.21.15.52:6800/3477564043,v1:172.21.15.52:6801/3477564043] conn(0x7f84bc041db0 msgr2=0x7f84bc0441d0 secure :-1 s=STATE_CONNECTION_ESTABLISHED l=1).mark_down
2024-05-09T04:29:42.587 INFO:teuthology.orchestra.run.smithi052.stdout:/usr/bin/ceph: stderr
2024-05-09T04:29:41.941+0000 7f84d8210700 1 --2- 172.21.15.52:0/1848014187 >> [v2:172.21.15.52:6800/3477564043,v1:172.21.15.52:6801/3477564043] conn(0x7f84bc041db0 0x7f84bc0441d0 secure :-1 s=READY pgs=1 cs=0 l=1 rev1=1 crypto rx=0x7f84cc003a10 tx=0x7f84cc0092b0 comp rx=0 tx=0).stop
2024-05-09T04:29:42.587 INFO:teuthology.orchestra.run.smithi052.stdout:/usr/bin/ceph: stderr
2024-05-09T04:29:41.941+0000 7f84d8210700 1 -- 172.21.15.52:0/1848014187 >> [v2:172.21.15.52:3300/0,v1:172.21.15.52:6789/0] conn(0x7f84d010b510 msgr2=0x7f84d019e370 secure :-1 s=STATE_CONNECTION_ESTABLISHED l=1).mark_down
2024-05-09T04:29:42.587 INFO:teuthology.orchestra.run.smithi052.stdout:/usr/bin/ceph: stderr
2024-05-09T04:29:41.941+0000 7f84d8210700 1 --2- 172.21.15.52:0/1848014187 >> [v2:172.21.15.52:3300/0,v1:172.21.15.52:6789/0] conn(0x7f84d010b510 0x7f84d019e370 secure :-1 s=READY pgs=29 cs=0 l=1 rev1=1 crypto rx=0x7f84c4006af0 tx=0x7f84c4011c10 comp rx=0 tx=0).stop
2024-05-09T04:29:42.587 INFO:teuthology.orchestra.run.smithi052.stdout:/usr/bin/ceph: stderr
2024-05-09T04:29:41.941+0000 7f84d8210700 1 -- 172.21.15.52:0/1848014187 shutdown_connections
2024-05-09T04:29:42.588 INFO:teuthology.orchestra.run.smithi052.stdout:/usr/bin/ceph: stderr
2024-05-09T04:29:41.941+0000 7f84d8210700 1 --2- 172.21.15.52:0/1848014187 >> [v2:172.21.15.52:6800/3477564043,v1:172.21.15.52:6801/3477564043] conn(0x7f84bc041db0 0x7f84bc0441d0 unknown :-1 s=CLOSED pgs=1 cs=0 l=1 rev1=1 crypto rx=0 tx=0 comp rx=0 tx=0).stop
2024-05-09T04:29:42.588 INFO:teuthology.orchestra.run.smithi052.stdout:/usr/bin/ceph: stderr
2024-05-09T04:29:41.941+0000 7f84d8210700 1 --2- 172.21.15.52:0/1848014187 >> [v2:172.21.15.52:3300/0,v1:172.21.15.52:6789/0] conn(0x7f84d010b510 0x7f84d019e370 unknown :-1 s=CLOSED pgs=29 cs=0 l=1 rev1=1 crypto rx=0 tx=0 comp rx=0 tx=0).stop
2024-05-09T04:29:42.588 INFO:teuthology.orchestra.run.smithi052.stdout:/usr/bin/ceph: stderr
2024-05-09T04:29:41.941+0000 7f84d8210700 1 --2- 172.21.15.52:0/1848014187 >> [v2:172.21.15.52:6800/2375357215,v1:172.21.15.52:6801/2375357215] conn(0x7f84bc03e470 0x7f84bc040980 unknown :-1 s=CLOSED pgs=0 cs=0 l=1 rev1=0 crypto rx=0 tx=0 comp rx=0 tx=0).stop
2024-05-09T04:29:42.588 INFO:teuthology.orchestra.run.smithi052.stdout:/usr/bin/ceph: stderr
2024-05-09T04:29:41.941+0000 7f84d8210700 1 -- 172.21.15.52:0/1848014187 >> 172.21.15.52:0/1848014187 conn(0x7f84d0103d10 msgr2=0x7f84d0105670 unknown :-1 s=STATE_NONE l=0).mark_down
2024-05-09T04:29:42.588 INFO:teuthology.orchestra.run.smithi052.stdout:/usr/bin/ceph: stderr
2024-05-09T04:29:41.941+0000 7f84d8210700 1 -- 172.21.15.52:0/1848014187 shutdown_connections
2024-05-09T04:29:42.588 INFO:teuthology.orchestra.run.smithi052.stdout:/usr/bin/ceph: stderr
2024-05-09T04:29:41.941+0000 7f84d8210700 1 -- 172.21.15.52:0/1848014187 wait complete.
2024-05-09T04:29:42.588 INFO:teuthology.orchestra.run.smithi052.stdout:mgr epoch 5 is available
2024-05-09T04:29:42.588 INFO:teuthology.orchestra.run.smithi052.stdout:Setting orchestrator backend to cephadm...
2024-05-09T04:29:43.695 INFO:journalctl@ceph.mon.a.smithi052.stdout:May 09 04:29:43 smithi052 ceph-mon[30152]: from='client.14124 -' entity='client.admin' cmd=[{"prefix": "get_command_descriptions"}]: dispatch
2024-05-09T04:29:43.696 INFO:journalctl@ceph.mon.a.smithi052.stdout:May 09 04:29:43 smithi052 ceph-mon[30152]: from='client.14124 -' entity='client.admin' cmd=[{"prefix": "mgr_status"}]: dispatch
2024-05-09T04:29:43.696 INFO:journalctl@ceph.mon.a.smithi052.stdout:May 09 04:29:43 smithi052 ceph-mon[30152]: from='mgr.14120 172.21.15.52:0/1013554299' entity='mgr.x'
2024-05-09T04:29:43.696 INFO:journalctl@ceph.mon.a.smithi052.stdout:May 09 04:29:43 smithi052 ceph-mon[30152]: from='mgr.14120 172.21.15.52:0/1013554299' entity='mgr.x'
2024-05-09T04:29:43.696 INFO:journalctl@ceph.mon.a.smithi052.stdout:May 09 04:29:43 smithi052 ceph-mon[30152]: from='mgr.14120 172.21.15.52:0/1013554299' entity='mgr.x' cmd=[{"prefix": "config dump", "format": "json"}]: dispatch
2024-05-09T04:29:43.823 INFO:teuthology.orchestra.run.smithi052.stdout:/usr/bin/ceph: stderr
2024-05-09T04:29:43.041+0000 7f64f1d9c700 1 Processor -- start
2024-05-09T04:29:43.823 INFO:teuthology.orchestra.run.smithi052.stdout:/usr/bin/ceph: stderr
2024-05-09T04:29:43.041+0000 7f64f1d9c700 1 -- start start
2024-05-09T04:29:43.823 INFO:teuthology.orchestra.run.smithi052.stdout:/usr/bin/ceph: stderr
2024-05-09T04:29:43.042+0000 7f64f1d9c700 1 --2- >> [v2:172.21.15.52:3300/0,v1:172.21.15.52:6789/0] conn(0x7f64ec108e40 0x7f64ec109250 unknown :-1 s=NONE pgs=0 cs=0 l=0 rev1=0 crypto rx=0 tx=0 comp rx=0 tx=0).connect
2024-05-09T04:29:43.823 INFO:teuthology.orchestra.run.smithi052.stdout:/usr/bin/ceph: stderr
2024-05-09T04:29:43.042+0000 7f64f1d9c700 1 -- --> [v2:172.21.15.52:3300/0,v1:172.21.15.52:6789/0] -- mon_getmap magic: 0 -- 0x7f64ec109840 con 0x7f64ec108e40
2024-05-09T04:29:43.823 INFO:teuthology.orchestra.run.smithi052.stdout:/usr/bin/ceph: stderr
2024-05-09T04:29:43.042+0000 7f64eb7fe700 1 --2- >> [v2:172.21.15.52:3300/0,v1:172.21.15.52:6789/0] conn(0x7f64ec108e40 0x7f64ec109250 unknown :-1 s=BANNER_CONNECTING pgs=0 cs=0 l=0 rev1=0 crypto rx=0 tx=0 comp rx=0 tx=0)._handle_peer_banner_payload supported=3 required=0
2024-05-09T04:29:43.823 INFO:teuthology.orchestra.run.smithi052.stdout:/usr/bin/ceph: stderr
2024-05-09T04:29:43.042+0000 7f64eb7fe700 1 --2- >> [v2:172.21.15.52:3300/0,v1:172.21.15.52:6789/0] conn(0x7f64ec108e40 0x7f64ec109250 unknown :-1 s=HELLO_CONNECTING pgs=0 cs=0 l=0 rev1=1 crypto rx=0 tx=0 comp rx=0 tx=0).handle_hello peer v2:172.21.15.52:3300/0 says I am v2:172.21.15.52:58108/0 (socket says 172.21.15.52:58108)
2024-05-09T04:29:43.823 INFO:teuthology.orchestra.run.smithi052.stdout:/usr/bin/ceph: stderr
2024-05-09T04:29:43.042+0000 7f64eb7fe700 1 -- 172.21.15.52:0/3132830102 learned_addr learned my addr 172.21.15.52:0/3132830102 (peer_addr_for_me v2:172.21.15.52:0/0)
2024-05-09T04:29:43.823 INFO:teuthology.orchestra.run.smithi052.stdout:/usr/bin/ceph: stderr
2024-05-09T04:29:43.042+0000 7f64eb7fe700 1 -- 172.21.15.52:0/3132830102 --> [v2:172.21.15.52:3300/0,v1:172.21.15.52:6789/0] -- mon_subscribe({config=0+,monmap=0+}) -- 0x7f64ec109f70 con 0x7f64ec108e40
2024-05-09T04:29:43.823 INFO:teuthology.orchestra.run.smithi052.stdout:/usr/bin/ceph: stderr
2024-05-09T04:29:43.042+0000 7f64eb7fe700 1 --2- 172.21.15.52:0/3132830102 >> [v2:172.21.15.52:3300/0,v1:172.21.15.52:6789/0] conn(0x7f64ec108e40 0x7f64ec109250 secure :-1 s=READY pgs=37 cs=0 l=1 rev1=1 crypto rx=0x7f64dc0098a0 tx=0x7f64dc009bb0 comp rx=0 tx=0).ready entity=mon.0 client_cookie=c9f6572e6fd55e98 server_cookie=0 in_seq=0 out_seq=0
2024-05-09T04:29:43.823 INFO:teuthology.orchestra.run.smithi052.stdout:/usr/bin/ceph: stderr
2024-05-09T04:29:43.043+0000 7f64ea7fc700 1 -- 172.21.15.52:0/3132830102 <== mon.0 v2:172.21.15.52:3300/0 1 ==== mon_map magic: 0 ==== 205+0+0 (secure 0 0 0) 0x7f64dc004160 con 0x7f64ec108e40
2024-05-09T04:29:43.824 INFO:teuthology.orchestra.run.smithi052.stdout:/usr/bin/ceph: stderr
2024-05-09T04:29:43.043+0000 7f64ea7fc700 1 -- 172.21.15.52:0/3132830102 <== mon.0 v2:172.21.15.52:3300/0 2 ==== config(27 keys) ==== 1104+0+0 (secure 0 0 0) 0x7f64dc004300 con 0x7f64ec108e40
2024-05-09T04:29:43.824 INFO:teuthology.orchestra.run.smithi052.stdout:/usr/bin/ceph: stderr
2024-05-09T04:29:43.043+0000 7f64ea7fc700 1 -- 172.21.15.52:0/3132830102 <== mon.0 v2:172.21.15.52:3300/0 3 ==== mon_map magic: 0 ==== 205+0+0 (secure 0 0 0) 0x7f64dc011b20 con 0x7f64ec108e40
2024-05-09T04:29:43.824 INFO:teuthology.orchestra.run.smithi052.stdout:/usr/bin/ceph: stderr
2024-05-09T04:29:43.043+0000 7f64f1d9c700 1 -- 172.21.15.52:0/3132830102 >> [v2:172.21.15.52:3300/0,v1:172.21.15.52:6789/0] conn(0x7f64ec108e40 msgr2=0x7f64ec109250 secure :-1 s=STATE_CONNECTION_ESTABLISHED l=1).mark_down
2024-05-09T04:29:43.824 INFO:teuthology.orchestra.run.smithi052.stdout:/usr/bin/ceph: stderr
2024-05-09T04:29:43.043+0000 7f64f1d9c700 1 --2- 172.21.15.52:0/3132830102 >> [v2:172.21.15.52:3300/0,v1:172.21.15.52:6789/0] conn(0x7f64ec108e40 0x7f64ec109250 secure :-1 s=READY pgs=37 cs=0 l=1 rev1=1 crypto rx=0x7f64dc0098a0 tx=0x7f64dc009bb0 comp rx=0 tx=0).stop
2024-05-09T04:29:43.824 INFO:teuthology.orchestra.run.smithi052.stdout:/usr/bin/ceph: stderr
2024-05-09T04:29:43.043+0000 7f64f1d9c700 1 -- 172.21.15.52:0/3132830102 shutdown_connections
2024-05-09T04:29:43.824 INFO:teuthology.orchestra.run.smithi052.stdout:/usr/bin/ceph: stderr
2024-05-09T04:29:43.043+0000 7f64f1d9c700 1 --2- 172.21.15.52:0/3132830102 >> [v2:172.21.15.52:3300/0,v1:172.21.15.52:6789/0] conn(0x7f64ec108e40 0x7f64ec109250 unknown :-1 s=CLOSED pgs=37 cs=0 l=1 rev1=1 crypto rx=0 tx=0 comp rx=0 tx=0).stop
2024-05-09T04:29:43.824 INFO:teuthology.orchestra.run.smithi052.stdout:/usr/bin/ceph: stderr
2024-05-09T04:29:43.043+0000 7f64f1d9c700 1 -- 172.21.15.52:0/3132830102 >> 172.21.15.52:0/3132830102 conn(0x7f64ec104500 msgr2=0x7f64ec106950 unknown :-1 s=STATE_NONE l=0).mark_down
2024-05-09T04:29:43.824 INFO:teuthology.orchestra.run.smithi052.stdout:/usr/bin/ceph: stderr
2024-05-09T04:29:43.043+0000 7f64f1d9c700 1 -- 172.21.15.52:0/3132830102 shutdown_connections
2024-05-09T04:29:43.824 INFO:teuthology.orchestra.run.smithi052.stdout:/usr/bin/ceph: stderr
2024-05-09T04:29:43.043+0000 7f64f1d9c700 1 -- 172.21.15.52:0/3132830102 wait complete.
2024-05-09T04:29:43.824 INFO:teuthology.orchestra.run.smithi052.stdout:/usr/bin/ceph: stderr
2024-05-09T04:29:43.044+0000 7f64f1d9c700 1 Processor -- start
2024-05-09T04:29:43.824 INFO:teuthology.orchestra.run.smithi052.stdout:/usr/bin/ceph: stderr
2024-05-09T04:29:43.044+0000 7f64f1d9c700 1 -- start start
2024-05-09T04:29:43.824 INFO:teuthology.orchestra.run.smithi052.stdout:/usr/bin/ceph: stderr
2024-05-09T04:29:43.044+0000 7f64f1d9c700 1 --2- >> [v2:172.21.15.52:3300/0,v1:172.21.15.52:6789/0] conn(0x7f64ec108e40 0x7f64ec07c940 unknown :-1 s=NONE pgs=0 cs=0 l=1 rev1=0 crypto rx=0 tx=0 comp rx=0 tx=0).connect
2024-05-09T04:29:43.824 INFO:teuthology.orchestra.run.smithi052.stdout:/usr/bin/ceph: stderr
2024-05-09T04:29:43.044+0000 7f64f1d9c700 1 -- --> [v2:172.21.15.52:3300/0,v1:172.21.15.52:6789/0] -- mon_getmap magic: 0 -- 0x7f64ec10d320 con 0x7f64ec108e40
2024-05-09T04:29:43.824 INFO:teuthology.orchestra.run.smithi052.stdout:/usr/bin/ceph: stderr
2024-05-09T04:29:43.045+0000 7f64eb7fe700 1 --2- >> [v2:172.21.15.52:3300/0,v1:172.21.15.52:6789/0] conn(0x7f64ec108e40 0x7f64ec07c940 unknown :-1 s=BANNER_CONNECTING pgs=0 cs=0 l=1 rev1=0 crypto rx=0 tx=0 comp rx=0 tx=0)._handle_peer_banner_payload supported=3 required=0
2024-05-09T04:29:43.825 INFO:teuthology.orchestra.run.smithi052.stdout:/usr/bin/ceph: stderr
2024-05-09T04:29:43.045+0000 7f64eb7fe700 1 --2- >> [v2:172.21.15.52:3300/0,v1:172.21.15.52:6789/0] conn(0x7f64ec108e40 0x7f64ec07c940 unknown :-1 s=HELLO_CONNECTING pgs=0 cs=0 l=1 rev1=1 crypto rx=0 tx=0 comp rx=0 tx=0).handle_hello peer v2:172.21.15.52:3300/0 says I am v2:172.21.15.52:58122/0 (socket says 172.21.15.52:58122)
2024-05-09T04:29:43.825 INFO:teuthology.orchestra.run.smithi052.stdout:/usr/bin/ceph: stderr
2024-05-09T04:29:43.045+0000 7f64eb7fe700 1 -- 172.21.15.52:0/2250467500 learned_addr learned my addr 172.21.15.52:0/2250467500 (peer_addr_for_me v2:172.21.15.52:0/0)
2024-05-09T04:29:43.825 INFO:teuthology.orchestra.run.smithi052.stdout:/usr/bin/ceph: stderr
2024-05-09T04:29:43.045+0000 7f64eb7fe700 1 -- 172.21.15.52:0/2250467500 --> [v2:172.21.15.52:3300/0,v1:172.21.15.52:6789/0] -- mon_subscribe({config=0+,monmap=0+}) -- 0x7f64ec19eee0 con 0x7f64ec108e40
2024-05-09T04:29:43.825 INFO:teuthology.orchestra.run.smithi052.stdout:/usr/bin/ceph: stderr
2024-05-09T04:29:43.045+0000 7f64eb7fe700 1 --2- 172.21.15.52:0/2250467500 >> [v2:172.21.15.52:3300/0,v1:172.21.15.52:6789/0] conn(0x7f64ec108e40 0x7f64ec07c940 secure :-1 s=READY pgs=38 cs=0 l=1 rev1=1 crypto rx=0x7f64dc009870 tx=0x7f64dc011c10 comp rx=0 tx=0).ready entity=mon.0 client_cookie=0 server_cookie=0 in_seq=0 out_seq=0
2024-05-09T04:29:43.825 INFO:teuthology.orchestra.run.smithi052.stdout:/usr/bin/ceph: stderr
2024-05-09T04:29:43.045+0000 7f64e8ff9700 1 -- 172.21.15.52:0/2250467500 <== mon.0 v2:172.21.15.52:3300/0 1 ==== mon_map magic: 0 ==== 205+0+0 (secure 0 0 0) 0x7f64dc003930 con 0x7f64ec108e40
2024-05-09T04:29:43.825 INFO:teuthology.orchestra.run.smithi052.stdout:/usr/bin/ceph: stderr
2024-05-09T04:29:43.045+0000 7f64e8ff9700 1 -- 172.21.15.52:0/2250467500 <== mon.0 v2:172.21.15.52:3300/0 2 ==== config(27 keys) ==== 1104+0+0 (secure 0 0 0) 0x7f64dc003ad0 con 0x7f64ec108e40
2024-05-09T04:29:43.825 INFO:teuthology.orchestra.run.smithi052.stdout:/usr/bin/ceph: stderr
2024-05-09T04:29:43.045+0000 7f64f1d9c700 1 -- 172.21.15.52:0/2250467500 --> [v2:172.21.15.52:3300/0,v1:172.21.15.52:6789/0] -- mon_subscribe({mgrmap=0+}) -- 0x7f64ec07ce80 con 0x7f64ec108e40
2024-05-09T04:29:43.825 INFO:teuthology.orchestra.run.smithi052.stdout:/usr/bin/ceph: stderr
2024-05-09T04:29:43.045+0000 7f64e8ff9700 1 -- 172.21.15.52:0/2250467500 <== mon.0 v2:172.21.15.52:3300/0 3 ==== mon_map magic: 0 ==== 205+0+0 (secure 0 0 0) 0x7f64dc019530 con 0x7f64ec108e40
2024-05-09T04:29:43.825 INFO:teuthology.orchestra.run.smithi052.stdout:/usr/bin/ceph: stderr
2024-05-09T04:29:43.045+0000 7f64f1d9c700 1 -- 172.21.15.52:0/2250467500 --> [v2:172.21.15.52:3300/0,v1:172.21.15.52:6789/0] -- mon_subscribe({osdmap=0}) -- 0x7f64ec1a3720 con 0x7f64ec108e40
2024-05-09T04:29:43.825 INFO:teuthology.orchestra.run.smithi052.stdout:/usr/bin/ceph: stderr
2024-05-09T04:29:43.046+0000 7f64e8ff9700 1 -- 172.21.15.52:0/2250467500 <== mon.0 v2:172.21.15.52:3300/0 4 ==== mgrmap(e 7) ==== 50116+0+0 (secure 0 0 0) 0x7f64dc019820 con 0x7f64ec108e40
2024-05-09T04:29:43.825 INFO:teuthology.orchestra.run.smithi052.stdout:/usr/bin/ceph: stderr
2024-05-09T04:29:43.046+0000 7f64f1d9c700 1 -- 172.21.15.52:0/2250467500 --> [v2:172.21.15.52:3300/0,v1:172.21.15.52:6789/0] -- mon_command({"prefix": "get_command_descriptions"} v 0) -- 0x7f64ec064e20 con 0x7f64ec108e40
2024-05-09T04:29:43.825 INFO:teuthology.orchestra.run.smithi052.stdout:/usr/bin/ceph: stderr
2024-05-09T04:29:43.047+0000 7f64e8ff9700 1 --2- 172.21.15.52:0/2250467500 >> [v2:172.21.15.52:6800/3477564043,v1:172.21.15.52:6801/3477564043] conn(0x7f64d403e340 0x7f64d4040850 unknown :-1 s=NONE pgs=0 cs=0 l=1 rev1=0 crypto rx=0 tx=0 comp rx=0 tx=0).connect
2024-05-09T04:29:43.825 INFO:teuthology.orchestra.run.smithi052.stdout:/usr/bin/ceph: stderr
2024-05-09T04:29:43.047+0000 7f64e8ff9700 1 -- 172.21.15.52:0/2250467500 <== mon.0 v2:172.21.15.52:3300/0 5 ==== osd_map(2..2 src has 1..2) ==== 940+0+0 (secure 0 0 0) 0x7f64dc053940 con 0x7f64ec108e40
2024-05-09T04:29:43.825 INFO:teuthology.orchestra.run.smithi052.stdout:/usr/bin/ceph: stderr
2024-05-09T04:29:43.047+0000 7f64eaffd700 1 --2- 172.21.15.52:0/2250467500 >> [v2:172.21.15.52:6800/3477564043,v1:172.21.15.52:6801/3477564043] conn(0x7f64d403e340 0x7f64d4040850 unknown :-1 s=BANNER_CONNECTING pgs=0 cs=0 l=1 rev1=0 crypto rx=0 tx=0 comp rx=0 tx=0)._handle_peer_banner_payload supported=3 required=0
2024-05-09T04:29:43.826 INFO:teuthology.orchestra.run.smithi052.stdout:/usr/bin/ceph: stderr
2024-05-09T04:29:43.047+0000 7f64eaffd700 1 --2- 172.21.15.52:0/2250467500 >> [v2:172.21.15.52:6800/3477564043,v1:172.21.15.52:6801/3477564043] conn(0x7f64d403e340 0x7f64d4040850 secure :-1 s=READY pgs=7 cs=0 l=1 rev1=1 crypto rx=0x7f64e0006fd0 tx=0x7f64e0006e40 comp rx=0 tx=0).ready entity=mgr.14120 client_cookie=0 server_cookie=0 in_seq=0 out_seq=0
2024-05-09T04:29:43.826 INFO:teuthology.orchestra.run.smithi052.stdout:/usr/bin/ceph: stderr
2024-05-09T04:29:43.052+0000 7f64e8ff9700 1 -- 172.21.15.52:0/2250467500 <== mon.0 v2:172.21.15.52:3300/0 6 ==== mon_command_ack([{"prefix": "get_command_descriptions"}]=0 v0) ==== 72+0+191963 (secure 0 0 0) 0x7f64dc011e20 con 0x7f64ec108e40
2024-05-09T04:29:43.826 INFO:teuthology.orchestra.run.smithi052.stdout:/usr/bin/ceph: stderr
2024-05-09T04:29:43.282+0000 7f64f1d9c700 1 -- 172.21.15.52:0/2250467500 --> [v2:172.21.15.52:6800/3477564043,v1:172.21.15.52:6801/3477564043] -- mgr_command(tid 0: {"prefix": "orch set backend", "module_name": "cephadm", "target": ["mon-mgr", ""]}) -- 0x7f64ec106580 con 0x7f64d403e340
2024-05-09T04:29:43.826 INFO:teuthology.orchestra.run.smithi052.stdout:/usr/bin/ceph: stderr
2024-05-09T04:29:43.288+0000 7f64e8ff9700 1 -- 172.21.15.52:0/2250467500 <== mgr.14120 v2:172.21.15.52:6800/3477564043 1 ==== mgr_command_reply(tid 0: 0 ) ==== 8+0+0 (secure 0 0 0) 0x7f64ec106580 con 0x7f64d403e340
2024-05-09T04:29:43.826 INFO:teuthology.orchestra.run.smithi052.stdout:/usr/bin/ceph: stderr
2024-05-09T04:29:43.290+0000 7f64f1d9c700 1 -- 172.21.15.52:0/2250467500 >> [v2:172.21.15.52:6800/3477564043,v1:172.21.15.52:6801/3477564043] conn(0x7f64d403e340 msgr2=0x7f64d4040850 secure :-1 s=STATE_CONNECTION_ESTABLISHED l=1).mark_down
2024-05-09T04:29:43.826 INFO:teuthology.orchestra.run.smithi052.stdout:/usr/bin/ceph: stderr
2024-05-09T04:29:43.290+0000 7f64f1d9c700 1 --2- 172.21.15.52:0/2250467500 >> [v2:172.21.15.52:6800/3477564043,v1:172.21.15.52:6801/3477564043] conn(0x7f64d403e340 0x7f64d4040850 secure :-1 s=READY pgs=7 cs=0 l=1 rev1=1 crypto rx=0x7f64e0006fd0 tx=0x7f64e0006e40 comp rx=0 tx=0).stop
2024-05-09T04:29:43.826 INFO:teuthology.orchestra.run.smithi052.stdout:/usr/bin/ceph: stderr
2024-05-09T04:29:43.291+0000 7f64f1d9c700 1 -- 172.21.15.52:0/2250467500 >> [v2:172.21.15.52:3300/0,v1:172.21.15.52:6789/0] conn(0x7f64ec108e40 msgr2=0x7f64ec07c940 secure :-1 s=STATE_CONNECTION_ESTABLISHED l=1).mark_down
2024-05-09T04:29:43.826 INFO:teuthology.orchestra.run.smithi052.stdout:/usr/bin/ceph: stderr
2024-05-09T04:29:43.291+0000 7f64e8ff9700 1 -- 172.21.15.52:0/2250467500 <== mon.0 v2:172.21.15.52:3300/0 7 ==== mgrmap(e 8) ==== 50222+0+0 (secure 0 0 0) 0x7f64dc00fd80 con 0x7f64ec108e40
2024-05-09T04:29:43.826 INFO:teuthology.orchestra.run.smithi052.stdout:/usr/bin/ceph: stderr
2024-05-09T04:29:43.291+0000 7f64f1d9c700 1 --2- 172.21.15.52:0/2250467500 >> [v2:172.21.15.52:3300/0,v1:172.21.15.52:6789/0] conn(0x7f64ec108e40 0x7f64ec07c940 secure :-1 s=READY pgs=38 cs=0 l=1 rev1=1 crypto rx=0x7f64dc009870 tx=0x7f64dc011c10 comp rx=0 tx=0).stop
2024-05-09T04:29:43.826 INFO:teuthology.orchestra.run.smithi052.stdout:/usr/bin/ceph: stderr
2024-05-09T04:29:43.291+0000 7f64f1d9c700 1 -- 172.21.15.52:0/2250467500 shutdown_connections
2024-05-09T04:29:43.826 INFO:teuthology.orchestra.run.smithi052.stdout:/usr/bin/ceph: stderr
2024-05-09T04:29:43.291+0000 7f64f1d9c700 1 --2- 172.21.15.52:0/2250467500 >> [v2:172.21.15.52:6800/3477564043,v1:172.21.15.52:6801/3477564043] conn(0x7f64d403e340 0x7f64d4040850 unknown :-1 s=CLOSED pgs=7 cs=0 l=1 rev1=1 crypto rx=0 tx=0 comp rx=0 tx=0).stop
2024-05-09T04:29:43.826 INFO:teuthology.orchestra.run.smithi052.stdout:/usr/bin/ceph: stderr
2024-05-09T04:29:43.291+0000 7f64f1d9c700 1 --2- 172.21.15.52:0/2250467500 >> [v2:172.21.15.52:3300/0,v1:172.21.15.52:6789/0] conn(0x7f64ec108e40 0x7f64ec07c940 unknown :-1 s=CLOSED pgs=38 cs=0 l=1 rev1=1 crypto rx=0 tx=0 comp rx=0 tx=0).stop
2024-05-09T04:29:43.826 INFO:teuthology.orchestra.run.smithi052.stdout:/usr/bin/ceph: stderr
2024-05-09T04:29:43.291+0000 7f64f1d9c700 1 -- 172.21.15.52:0/2250467500 >> 172.21.15.52:0/2250467500 conn(0x7f64ec104500 msgr2=0x7f64ec105e30 unknown :-1 s=STATE_NONE l=0).mark_down
2024-05-09T04:29:43.826 INFO:teuthology.orchestra.run.smithi052.stdout:/usr/bin/ceph: stderr
2024-05-09T04:29:43.291+0000 7f64f1d9c700 1 -- 172.21.15.52:0/2250467500 shutdown_connections
2024-05-09T04:29:43.827 INFO:teuthology.orchestra.run.smithi052.stdout:/usr/bin/ceph: stderr
2024-05-09T04:29:43.291+0000 7f64f1d9c700 1 -- 172.21.15.52:0/2250467500 wait complete.
2024-05-09T04:29:44.445 INFO:journalctl@ceph.mon.a.smithi052.stdout:May 09 04:29:44 smithi052 ceph-mon[30152]: [09/May/2024:04:29:42] ENGINE Bus STARTING
2024-05-09T04:29:44.445 INFO:journalctl@ceph.mon.a.smithi052.stdout:May 09 04:29:44 smithi052 ceph-mon[30152]: [09/May/2024:04:29:42] ENGINE Serving on http://172.21.15.52:8765
2024-05-09T04:29:44.446 INFO:journalctl@ceph.mon.a.smithi052.stdout:May 09 04:29:44 smithi052 ceph-mon[30152]: [09/May/2024:04:29:42] ENGINE Serving on https://172.21.15.52:7150
2024-05-09T04:29:44.446 INFO:journalctl@ceph.mon.a.smithi052.stdout:May 09 04:29:44 smithi052 ceph-mon[30152]: [09/May/2024:04:29:42] ENGINE Bus STARTED
2024-05-09T04:29:44.446 INFO:journalctl@ceph.mon.a.smithi052.stdout:May 09 04:29:44 smithi052 ceph-mon[30152]: from='client.14132 -' entity='client.admin' cmd=[{"prefix": "orch set backend", "module_name": "cephadm", "target": ["mon-mgr", ""]}]: dispatch
2024-05-09T04:29:44.446 INFO:journalctl@ceph.mon.a.smithi052.stdout:May 09 04:29:44 smithi052 ceph-mon[30152]: from='mgr.14120 172.21.15.52:0/1013554299' entity='mgr.x'
2024-05-09T04:29:44.446 INFO:journalctl@ceph.mon.a.smithi052.stdout:May 09 04:29:44 smithi052 ceph-mon[30152]: mgrmap e8: x(active, since 2s)
2024-05-09T04:29:44.446 INFO:journalctl@ceph.mon.a.smithi052.stdout:May 09 04:29:44 smithi052 ceph-mon[30152]: from='mgr.14120 172.21.15.52:0/1013554299' entity='mgr.x' cmd=[{"prefix": "config dump", "format": "json"}]: dispatch
2024-05-09T04:29:45.018 INFO:teuthology.orchestra.run.smithi052.stdout:/usr/bin/ceph: stdout value unchanged
2024-05-09T04:29:45.018 INFO:teuthology.orchestra.run.smithi052.stdout:/usr/bin/ceph: stderr
