2024-05-09T04:40:09.608+0000 7f87d1200700 1 -- 172.21.15.6:0/148072736 --> [v2:172.21.15.6:3300/0,v1:172.21.15.6:6789/0] -- mon_subscribe({config=0+,monmap=0+}) -- 0x7f87cc1a0680 con 0x7f87cc07ee00
2024-05-09T04:40:10.642 INFO:teuthology.orchestra.run.smithi006.stdout:/usr/bin/ceph: stderr
2024-05-09T04:40:09.609+0000 7f87d1200700 1 --2- 172.21.15.6:0/148072736 >> [v2:172.21.15.6:3300/0,v1:172.21.15.6:6789/0] conn(0x7f87cc07ee00 0x7f87cc1a0140 secure :-1 s=READY pgs=23 cs=0 l=1 rev1=1 crypto rx=0x7f87c00117b0 tx=0x7f87c0011b70 comp rx=0 tx=0).ready entity=mon.0 client_cookie=0 server_cookie=0 in_seq=0 out_seq=0
2024-05-09T04:40:10.643 INFO:teuthology.orchestra.run.smithi006.stdout:/usr/bin/ceph: stderr
2024-05-09T04:40:09.609+0000 7f87c9600700 1 -- 172.21.15.6:0/148072736 <== mon.0 v2:172.21.15.6:3300/0 1 ==== mon_map magic: 0 ==== 205+0+0 (secure 0 0 0) 0x7f87c0003af0 con 0x7f87cc07ee00
2024-05-09T04:40:10.643 INFO:teuthology.orchestra.run.smithi006.stdout:/usr/bin/ceph: stderr
2024-05-09T04:40:09.609+0000 7f87c9600700 1 -- 172.21.15.6:0/148072736 <== mon.0 v2:172.21.15.6:3300/0 2 ==== config(26 keys) ==== 1070+0+0 (secure 0 0 0) 0x7f87c0020070 con 0x7f87cc07ee00
2024-05-09T04:40:10.643 INFO:teuthology.orchestra.run.smithi006.stdout:/usr/bin/ceph: stderr
2024-05-09T04:40:09.609+0000 7f87d3c00700 1 -- 172.21.15.6:0/148072736 --> [v2:172.21.15.6:3300/0,v1:172.21.15.6:6789/0] -- mon_subscribe({mgrmap=0+}) -- 0x7f87cc1a0910 con 0x7f87cc07ee00
2024-05-09T04:40:10.643 INFO:teuthology.orchestra.run.smithi006.stdout:/usr/bin/ceph: stderr
2024-05-09T04:40:09.609+0000 7f87c9600700 1 -- 172.21.15.6:0/148072736 <== mon.0 v2:172.21.15.6:3300/0 3 ==== mon_map magic: 0 ==== 205+0+0 (secure 0 0 0) 0x7f87c0019630 con 0x7f87cc07ee00
2024-05-09T04:40:10.643 INFO:teuthology.orchestra.run.smithi006.stdout:/usr/bin/ceph: stderr
2024-05-09T04:40:09.609+0000 7f87d3c00700 1 -- 172.21.15.6:0/148072736 --> [v2:172.21.15.6:3300/0,v1:172.21.15.6:6789/0] -- mon_subscribe({osdmap=0}) -- 0x7f87cc1a3520 con 0x7f87cc07ee00
2024-05-09T04:40:10.643 INFO:teuthology.orchestra.run.smithi006.stdout:/usr/bin/ceph: stderr
2024-05-09T04:40:09.610+0000 7f87c9600700 1 -- 172.21.15.6:0/148072736 <== mon.0 v2:172.21.15.6:3300/0 4 ==== mgrmap(e 4) ==== 50211+0+0 (secure 0 0 0) 0x7f87c001a430 con 0x7f87cc07ee00
2024-05-09T04:40:10.643 INFO:teuthology.orchestra.run.smithi006.stdout:/usr/bin/ceph: stderr
2024-05-09T04:40:09.611+0000 7f87bea00700 1 -- 172.21.15.6:0/148072736 --> [v2:172.21.15.6:3300/0,v1:172.21.15.6:6789/0] -- mon_command({"prefix": "get_command_descriptions"} v 0) -- 0x7f87a8005330 con 0x7f87cc07ee00
2024-05-09T04:40:10.643 INFO:teuthology.orchestra.run.smithi006.stdout:/usr/bin/ceph: stderr
2024-05-09T04:40:09.611+0000 7f87c9600700 1 --2- 172.21.15.6:0/148072736 >> [v2:172.21.15.6:6800/3021503778,v1:172.21.15.6:6801/3021503778] conn(0x7f87b403e470 0x7f87b4040980 unknown :-1 s=NONE pgs=0 cs=0 l=1 rev1=0 crypto rx=0 tx=0 comp rx=0 tx=0).connect
2024-05-09T04:40:10.643 INFO:teuthology.orchestra.run.smithi006.stdout:/usr/bin/ceph: stderr
2024-05-09T04:40:09.611+0000 7f87c9600700 1 -- 172.21.15.6:0/148072736 <== mon.0 v2:172.21.15.6:3300/0 5 ==== osd_map(1..1 src has 1..1) ==== 725+0+0 (secure 0 0 0) 0x7f87c0053a60 con 0x7f87cc07ee00
2024-05-09T04:40:10.643 INFO:teuthology.orchestra.run.smithi006.stdout:/usr/bin/ceph: stderr
2024-05-09T04:40:09.611+0000 7f87cbe00700 1 --2- 172.21.15.6:0/148072736 >> [v2:172.21.15.6:6800/3021503778,v1:172.21.15.6:6801/3021503778] conn(0x7f87b403e470 0x7f87b4040980 unknown :-1 s=BANNER_CONNECTING pgs=0 cs=0 l=1 rev1=0 crypto rx=0 tx=0 comp rx=0 tx=0)._handle_peer_banner_payload supported=3 required=0
2024-05-09T04:40:10.643 INFO:teuthology.orchestra.run.smithi006.stdout:/usr/bin/ceph: stderr
2024-05-09T04:40:09.612+0000 7f87cbe00700 1 --2- 172.21.15.6:0/148072736 >> [v2:172.21.15.6:6800/3021503778,v1:172.21.15.6:6801/3021503778] conn(0x7f87b403e470 0x7f87b4040980 secure :-1 s=READY pgs=8 cs=0 l=1 rev1=1 crypto rx=0x7f87b8006fd0 tx=0x7f87b8006e40 comp rx=0 tx=0).ready entity=mgr.14100 client_cookie=0 server_cookie=0 in_seq=0 out_seq=0
2024-05-09T04:40:10.643 INFO:teuthology.orchestra.run.smithi006.stdout:/usr/bin/ceph: stderr
2024-05-09T04:40:09.617+0000 7f87c9600700 1 -- 172.21.15.6:0/148072736 <== mon.0 v2:172.21.15.6:3300/0 6 ==== mon_command_ack([{"prefix": "get_command_descriptions"}]=0 v0) ==== 72+0+191963 (secure 0 0 0) 0x7f87c0021de0 con 0x7f87cc07ee00
2024-05-09T04:40:10.643 INFO:teuthology.orchestra.run.smithi006.stdout:/usr/bin/ceph: stderr
2024-05-09T04:40:09.918+0000 7f87bea00700 1 -- 172.21.15.6:0/148072736 --> [v2:172.21.15.6:3300/0,v1:172.21.15.6:6789/0] -- mon_command({"prefix": "mgr module enable", "module": "cephadm"} v 0) -- 0x7f87a8005620 con 0x7f87cc07ee00
2024-05-09T04:40:10.644 INFO:teuthology.orchestra.run.smithi006.stdout:/usr/bin/ceph: stderr
2024-05-09T04:40:09.972+0000 7f87c9600700 1 -- 172.21.15.6:0/148072736 <== mon.0 v2:172.21.15.6:3300/0 7 ==== mon_command_ack([{"prefix": "mgr module enable", "module": "cephadm"}]=0 v5) ==== 86+0+0 (secure 0 0 0) 0x7f87c000be00 con 0x7f87cc07ee00
2024-05-09T04:40:10.644 INFO:teuthology.orchestra.run.smithi006.stdout:/usr/bin/ceph: stderr
2024-05-09T04:40:09.976+0000 7f87c9600700 1 -- 172.21.15.6:0/148072736 <== mon.0 v2:172.21.15.6:3300/0 8 ==== mgrmap(e 5) ==== 50222+0+0 (secure 0 0 0) 0x7f87c001a9c0 con 0x7f87cc07ee00
2024-05-09T04:40:10.644 INFO:teuthology.orchestra.run.smithi006.stdout:/usr/bin/ceph: stderr
2024-05-09T04:40:09.977+0000 7f87bea00700 1 -- 172.21.15.6:0/148072736 >> [v2:172.21.15.6:6800/3021503778,v1:172.21.15.6:6801/3021503778] conn(0x7f87b403e470 msgr2=0x7f87b4040980 secure :-1 s=STATE_CONNECTION_ESTABLISHED l=1).mark_down
2024-05-09T04:40:10.644 INFO:teuthology.orchestra.run.smithi006.stdout:/usr/bin/ceph: stderr
2024-05-09T04:40:09.977+0000 7f87bea00700 1 --2- 172.21.15.6:0/148072736 >> [v2:172.21.15.6:6800/3021503778,v1:172.21.15.6:6801/3021503778] conn(0x7f87b403e470 0x7f87b4040980 secure :-1 s=READY pgs=8 cs=0 l=1 rev1=1 crypto rx=0x7f87b8006fd0 tx=0x7f87b8006e40 comp rx=0 tx=0).stop
2024-05-09T04:40:10.644 INFO:teuthology.orchestra.run.smithi006.stdout:/usr/bin/ceph: stderr
2024-05-09T04:40:09.977+0000 7f87bea00700 1 -- 172.21.15.6:0/148072736 >> [v2:172.21.15.6:3300/0,v1:172.21.15.6:6789/0] conn(0x7f87cc07ee00 msgr2=0x7f87cc1a0140 secure :-1 s=STATE_CONNECTION_ESTABLISHED l=1).mark_down
2024-05-09T04:40:10.644 INFO:teuthology.orchestra.run.smithi006.stdout:/usr/bin/ceph: stderr
2024-05-09T04:40:09.977+0000 7f87bea00700 1 --2- 172.21.15.6:0/148072736 >> [v2:172.21.15.6:3300/0,v1:172.21.15.6:6789/0] conn(0x7f87cc07ee00 0x7f87cc1a0140 secure :-1 s=READY pgs=23 cs=0 l=1 rev1=1 crypto rx=0x7f87c00117b0 tx=0x7f87c0011b70 comp rx=0 tx=0).stop
2024-05-09T04:40:10.644 INFO:teuthology.orchestra.run.smithi006.stdout:/usr/bin/ceph: stderr
2024-05-09T04:40:09.978+0000 7f87bea00700 1 -- 172.21.15.6:0/148072736 shutdown_connections
2024-05-09T04:40:10.644 INFO:teuthology.orchestra.run.smithi006.stdout:/usr/bin/ceph: stderr
2024-05-09T04:40:09.978+0000 7f87bea00700 1 --2- 172.21.15.6:0/148072736 >> [v2:172.21.15.6:6800/3021503778,v1:172.21.15.6:6801/3021503778] conn(0x7f87b403e470 0x7f87b4040980 unknown :-1 s=CLOSED pgs=8 cs=0 l=1 rev1=1 crypto rx=0 tx=0 comp rx=0 tx=0).stop
2024-05-09T04:40:10.644 INFO:teuthology.orchestra.run.smithi006.stdout:/usr/bin/ceph: stderr
2024-05-09T04:40:09.978+0000 7f87bea00700 1 --2- 172.21.15.6:0/148072736 >> [v2:172.21.15.6:3300/0,v1:172.21.15.6:6789/0] conn(0x7f87cc07ee00 0x7f87cc1a0140 unknown :-1 s=CLOSED pgs=23 cs=0 l=1 rev1=1 crypto rx=0 tx=0 comp rx=0 tx=0).stop
2024-05-09T04:40:10.644 INFO:teuthology.orchestra.run.smithi006.stdout:/usr/bin/ceph: stderr
2024-05-09T04:40:09.978+0000 7f87bea00700 1 -- 172.21.15.6:0/148072736 >> 172.21.15.6:0/148072736 conn(0x7f87cc105120 msgr2=0x7f87cc105b40 unknown :-1 s=STATE_NONE l=0).mark_down
2024-05-09T04:40:10.644 INFO:teuthology.orchestra.run.smithi006.stdout:/usr/bin/ceph: stderr
2024-05-09T04:40:09.978+0000 7f87bea00700 1 -- 172.21.15.6:0/148072736 shutdown_connections
2024-05-09T04:40:10.644 INFO:teuthology.orchestra.run.smithi006.stdout:/usr/bin/ceph: stderr
2024-05-09T04:40:09.978+0000 7f87bea00700 1 -- 172.21.15.6:0/148072736 wait complete.
2024-05-09T04:40:10.931 INFO:journalctl@ceph.mgr.x.smithi006.stdout:May 09 04:40:10 smithi006 ceph-f74d813c-0dbd-11ef-bc97-c7b262605968-mgr-x[30063]:
2024-05-09T04:40:10.725+0000 7f48aec84200 -1 mgr[py] Module snap_schedule has missing NOTIFY_TYPES member
2024-05-09T04:40:11.196 INFO:journalctl@ceph.mgr.x.smithi006.stdout:May 09 04:40:11 smithi006 ceph-f74d813c-0dbd-11ef-bc97-c7b262605968-mgr-x[30063]:
2024-05-09T04:40:11.142+0000 7f48aec84200 -1 mgr[py] Module progress has missing NOTIFY_TYPES member
2024-05-09T04:40:11.196 INFO:journalctl@ceph.mon.a.smithi006.stdout:May 09 04:40:10 smithi006 ceph-mon[29835]: from='client.? 172.21.15.6:0/148072736' entity='client.admin' cmd='[{"prefix": "mgr module enable", "module": "cephadm"}]': finished
2024-05-09T04:40:11.196 INFO:journalctl@ceph.mon.a.smithi006.stdout:May 09 04:40:10 smithi006 ceph-mon[29835]: mgrmap e5: x(active, since 5s)
2024-05-09T04:40:11.563 INFO:journalctl@ceph.mgr.x.smithi006.stdout:May 09 04:40:11 smithi006 ceph-f74d813c-0dbd-11ef-bc97-c7b262605968-mgr-x[30063]:
2024-05-09T04:40:11.264+0000 7f48aec84200 -1 mgr[py] Module influx has missing NOTIFY_TYPES member
2024-05-09T04:40:12.373 INFO:journalctl@ceph.mon.a.smithi006.stdout:May 09 04:40:11 smithi006 ceph-mon[29835]: from='client.? 172.21.15.6:0/1243567483' entity='client.admin' cmd=[{"prefix": "mgr stat"}]: dispatch
2024-05-09T04:40:12.389 INFO:teuthology.orchestra.run.smithi006.stdout:/usr/bin/ceph: stdout {
2024-05-09T04:40:12.389 INFO:teuthology.orchestra.run.smithi006.stdout:/usr/bin/ceph: stdout "epoch": 5,
2024-05-09T04:40:12.389 INFO:teuthology.orchestra.run.smithi006.stdout:/usr/bin/ceph: stdout "available": true,
2024-05-09T04:40:12.389 INFO:teuthology.orchestra.run.smithi006.stdout:/usr/bin/ceph: stdout "active_name": "x",
2024-05-09T04:40:12.389 INFO:teuthology.orchestra.run.smithi006.stdout:/usr/bin/ceph: stdout "num_standby": 0
2024-05-09T04:40:12.389 INFO:teuthology.orchestra.run.smithi006.stdout:/usr/bin/ceph: stdout }
2024-05-09T04:40:12.389 INFO:teuthology.orchestra.run.smithi006.stdout:/usr/bin/ceph: stderr
2024-05-09T04:40:11.354+0000 7fc8f7c00700 1 Processor -- start
2024-05-09T04:40:12.389 INFO:teuthology.orchestra.run.smithi006.stdout:/usr/bin/ceph: stderr
2024-05-09T04:40:11.354+0000 7fc8f7c00700 1 -- start start
2024-05-09T04:40:12.389 INFO:teuthology.orchestra.run.smithi006.stdout:/usr/bin/ceph: stderr
2024-05-09T04:40:11.355+0000 7fc8f7c00700 1 --2- >> [v2:172.21.15.6:3300/0,v1:172.21.15.6:6789/0] conn(0x7fc8f007edc0 0x7fc8f007d240 unknown :-1 s=NONE pgs=0 cs=0 l=0 rev1=0 crypto rx=0 tx=0 comp rx=0 tx=0).connect
2024-05-09T04:40:12.389 INFO:teuthology.orchestra.run.smithi006.stdout:/usr/bin/ceph: stderr
2024-05-09T04:40:11.355+0000 7fc8f7c00700 1 -- --> [v2:172.21.15.6:3300/0,v1:172.21.15.6:6789/0] -- mon_getmap magic: 0 -- 0x7fc8f007d780 con 0x7fc8f007edc0
2024-05-09T04:40:12.389 INFO:teuthology.orchestra.run.smithi006.stdout:/usr/bin/ceph: stderr
2024-05-09T04:40:11.355+0000 7fc8f5200700 1 --2- >> [v2:172.21.15.6:3300/0,v1:172.21.15.6:6789/0] conn(0x7fc8f007edc0 0x7fc8f007d240 unknown :-1 s=BANNER_CONNECTING pgs=0 cs=0 l=0 rev1=0 crypto rx=0 tx=0 comp rx=0 tx=0)._handle_peer_banner_payload supported=3 required=0
2024-05-09T04:40:12.389 INFO:teuthology.orchestra.run.smithi006.stdout:/usr/bin/ceph: stderr
2024-05-09T04:40:11.355+0000 7fc8f5200700 1 --2- >> [v2:172.21.15.6:3300/0,v1:172.21.15.6:6789/0] conn(0x7fc8f007edc0 0x7fc8f007d240 unknown :-1 s=HELLO_CONNECTING pgs=0 cs=0 l=0 rev1=1 crypto rx=0 tx=0 comp rx=0 tx=0).handle_hello peer v2:172.21.15.6:3300/0 says I am v2:172.21.15.6:58316/0 (socket says 172.21.15.6:58316)
2024-05-09T04:40:12.390 INFO:teuthology.orchestra.run.smithi006.stdout:/usr/bin/ceph: stderr
2024-05-09T04:40:11.355+0000 7fc8f5200700 1 -- 172.21.15.6:0/3586852008 learned_addr learned my addr 172.21.15.6:0/3586852008 (peer_addr_for_me v2:172.21.15.6:0/0)
2024-05-09T04:40:12.390 INFO:teuthology.orchestra.run.smithi006.stdout:/usr/bin/ceph: stderr
2024-05-09T04:40:11.356+0000 7fc8f5200700 1 -- 172.21.15.6:0/3586852008 --> [v2:172.21.15.6:3300/0,v1:172.21.15.6:6789/0] -- mon_subscribe({config=0+,monmap=0+}) -- 0x7fc8f007d900 con 0x7fc8f007edc0
2024-05-09T04:40:12.390 INFO:teuthology.orchestra.run.smithi006.stdout:/usr/bin/ceph: stderr
2024-05-09T04:40:11.356+0000 7fc8f5200700 1 --2- 172.21.15.6:0/3586852008 >> [v2:172.21.15.6:3300/0,v1:172.21.15.6:6789/0] conn(0x7fc8f007edc0 0x7fc8f007d240 secure :-1 s=READY pgs=26 cs=0 l=1 rev1=1 crypto rx=0x7fc8e40098a0 tx=0x7fc8e4009bb0 comp rx=0 tx=0).ready entity=mon.0 client_cookie=74351e7ac5f58000 server_cookie=0 in_seq=0 out_seq=0
2024-05-09T04:40:12.390 INFO:teuthology.orchestra.run.smithi006.stdout:/usr/bin/ceph: stderr
2024-05-09T04:40:11.356+0000 7fc8ef400700 1 -- 172.21.15.6:0/3586852008 <== mon.0 v2:172.21.15.6:3300/0 1 ==== mon_map magic: 0 ==== 205+0+0 (secure 0 0 0) 0x7fc8e4004160 con 0x7fc8f007edc0
2024-05-09T04:40:12.390 INFO:teuthology.orchestra.run.smithi006.stdout:/usr/bin/ceph: stderr
2024-05-09T04:40:11.356+0000 7fc8ef400700 1 -- 172.21.15.6:0/3586852008 <== mon.0 v2:172.21.15.6:3300/0 2 ==== config(26 keys) ==== 1070+0+0 (secure 0 0 0) 0x7fc8e4004300 con 0x7fc8f007edc0
2024-05-09T04:40:12.390 INFO:teuthology.orchestra.run.smithi006.stdout:/usr/bin/ceph: stderr
2024-05-09T04:40:11.356+0000 7fc8ef400700 1 -- 172.21.15.6:0/3586852008 <== mon.0 v2:172.21.15.6:3300/0 3 ==== mon_map magic: 0 ==== 205+0+0 (secure 0 0 0) 0x7fc8e4011af0 con 0x7fc8f007edc0
2024-05-09T04:40:12.390 INFO:teuthology.orchestra.run.smithi006.stdout:/usr/bin/ceph: stderr
2024-05-09T04:40:11.357+0000 7fc8f7c00700 1 -- 172.21.15.6:0/3586852008 >> [v2:172.21.15.6:3300/0,v1:172.21.15.6:6789/0] conn(0x7fc8f007edc0 msgr2=0x7fc8f007d240 secure :-1 s=STATE_CONNECTION_ESTABLISHED l=1).mark_down
2024-05-09T04:40:12.390 INFO:teuthology.orchestra.run.smithi006.stdout:/usr/bin/ceph: stderr
2024-05-09T04:40:11.357+0000 7fc8f7c00700 1 --2- 172.21.15.6:0/3586852008 >> [v2:172.21.15.6:3300/0,v1:172.21.15.6:6789/0] conn(0x7fc8f007edc0 0x7fc8f007d240 secure :-1 s=READY pgs=26 cs=0 l=1 rev1=1 crypto rx=0x7fc8e40098a0 tx=0x7fc8e4009bb0 comp rx=0 tx=0).stop
2024-05-09T04:40:12.390 INFO:teuthology.orchestra.run.smithi006.stdout:/usr/bin/ceph: stderr
2024-05-09T04:40:11.357+0000 7fc8f7c00700 1 -- 172.21.15.6:0/3586852008 shutdown_connections
2024-05-09T04:40:12.390 INFO:teuthology.orchestra.run.smithi006.stdout:/usr/bin/ceph: stderr
2024-05-09T04:40:11.357+0000 7fc8f7c00700 1 --2- 172.21.15.6:0/3586852008 >> [v2:172.21.15.6:3300/0,v1:172.21.15.6:6789/0] conn(0x7fc8f007edc0 0x7fc8f007d240 unknown :-1 s=CLOSED pgs=26 cs=0 l=1 rev1=1 crypto rx=0 tx=0 comp rx=0 tx=0).stop
2024-05-09T04:40:12.390 INFO:teuthology.orchestra.run.smithi006.stdout:/usr/bin/ceph: stderr
2024-05-09T04:40:11.357+0000 7fc8f7c00700 1 -- 172.21.15.6:0/3586852008 >> 172.21.15.6:0/3586852008 conn(0x7fc8f0105120 msgr2=0x7fc8f01075f0 unknown :-1 s=STATE_NONE l=0).mark_down
2024-05-09T04:40:12.390 INFO:teuthology.orchestra.run.smithi006.stdout:/usr/bin/ceph: stderr
2024-05-09T04:40:11.358+0000 7fc8f7c00700 1 -- 172.21.15.6:0/3586852008 shutdown_connections
2024-05-09T04:40:12.390 INFO:teuthology.orchestra.run.smithi006.stdout:/usr/bin/ceph: stderr
2024-05-09T04:40:11.358+0000 7fc8f7c00700 1 -- 172.21.15.6:0/3586852008 wait complete.
2024-05-09T04:40:12.391 INFO:teuthology.orchestra.run.smithi006.stdout:/usr/bin/ceph: stderr
2024-05-09T04:40:11.359+0000 7fc8f7c00700 1 Processor -- start
2024-05-09T04:40:12.391 INFO:teuthology.orchestra.run.smithi006.stdout:/usr/bin/ceph: stderr
2024-05-09T04:40:11.359+0000 7fc8f7c00700 1 -- start start
2024-05-09T04:40:12.391 INFO:teuthology.orchestra.run.smithi006.stdout:/usr/bin/ceph: stderr
2024-05-09T04:40:11.359+0000 7fc8f7c00700 1 --2- >> [v2:172.21.15.6:3300/0,v1:172.21.15.6:6789/0] conn(0x7fc8f007edc0 0x7fc8f01a00e0 unknown :-1 s=NONE pgs=0 cs=0 l=1 rev1=0 crypto rx=0 tx=0 comp rx=0 tx=0).connect
2024-05-09T04:40:12.391 INFO:teuthology.orchestra.run.smithi006.stdout:/usr/bin/ceph: stderr
2024-05-09T04:40:11.359+0000 7fc8f7c00700 1 -- --> [v2:172.21.15.6:3300/0,v1:172.21.15.6:6789/0] -- mon_getmap magic: 0 -- 0x7fc8f01100e0 con 0x7fc8f007edc0
2024-05-09T04:40:12.391 INFO:teuthology.orchestra.run.smithi006.stdout:/usr/bin/ceph: stderr
2024-05-09T04:40:11.360+0000 7fc8f5200700 1 --2- >> [v2:172.21.15.6:3300/0,v1:172.21.15.6:6789/0] conn(0x7fc8f007edc0 0x7fc8f01a00e0 unknown :-1 s=BANNER_CONNECTING pgs=0 cs=0 l=1 rev1=0 crypto rx=0 tx=0 comp rx=0 tx=0)._handle_peer_banner_payload supported=3 required=0
2024-05-09T04:40:12.391 INFO:teuthology.orchestra.run.smithi006.stdout:/usr/bin/ceph: stderr
2024-05-09T04:40:11.360+0000 7fc8f5200700 1 --2- >> [v2:172.21.15.6:3300/0,v1:172.21.15.6:6789/0] conn(0x7fc8f007edc0 0x7fc8f01a00e0 unknown :-1 s=HELLO_CONNECTING pgs=0 cs=0 l=1 rev1=1 crypto rx=0 tx=0 comp rx=0 tx=0).handle_hello peer v2:172.21.15.6:3300/0 says I am v2:172.21.15.6:58332/0 (socket says 172.21.15.6:58332)
2024-05-09T04:40:12.391 INFO:teuthology.orchestra.run.smithi006.stdout:/usr/bin/ceph: stderr
2024-05-09T04:40:11.360+0000 7fc8f5200700 1 -- 172.21.15.6:0/1243567483 learned_addr learned my addr 172.21.15.6:0/1243567483 (peer_addr_for_me v2:172.21.15.6:0/0)
2024-05-09T04:40:12.391 INFO:teuthology.orchestra.run.smithi006.stdout:/usr/bin/ceph: stderr
2024-05-09T04:40:11.360+0000 7fc8f5200700 1 -- 172.21.15.6:0/1243567483 --> [v2:172.21.15.6:3300/0,v1:172.21.15.6:6789/0] -- mon_subscribe({config=0+,monmap=0+}) -- 0x7fc8f01a0620 con 0x7fc8f007edc0
2024-05-09T04:40:12.391 INFO:teuthology.orchestra.run.smithi006.stdout:/usr/bin/ceph: stderr
2024-05-09T04:40:11.360+0000 7fc8f5200700 1 --2- 172.21.15.6:0/1243567483 >> [v2:172.21.15.6:3300/0,v1:172.21.15.6:6789/0] conn(0x7fc8f007edc0 0x7fc8f01a00e0 secure :-1 s=READY pgs=27 cs=0 l=1 rev1=1 crypto rx=0x7fc8e4009fb0 tx=0x7fc8e4011940 comp rx=0 tx=0).ready entity=mon.0 client_cookie=0 server_cookie=0 in_seq=0 out_seq=0
2024-05-09T04:40:12.391 INFO:teuthology.orchestra.run.smithi006.stdout:/usr/bin/ceph: stderr
2024-05-09T04:40:11.360+0000 7fc8ed600700 1 -- 172.21.15.6:0/1243567483 <== mon.0 v2:172.21.15.6:3300/0 1 ==== mon_map magic: 0 ==== 205+0+0 (secure 0 0 0) 0x7fc8e40036a0 con 0x7fc8f007edc0
2024-05-09T04:40:12.391 INFO:teuthology.orchestra.run.smithi006.stdout:/usr/bin/ceph: stderr
2024-05-09T04:40:11.361+0000 7fc8f7c00700 1 -- 172.21.15.6:0/1243567483 --> [v2:172.21.15.6:3300/0,v1:172.21.15.6:6789/0] -- mon_subscribe({mgrmap=0+}) -- 0x7fc8f01a08b0 con 0x7fc8f007edc0
2024-05-09T04:40:12.391 INFO:teuthology.orchestra.run.smithi006.stdout:/usr/bin/ceph: stderr
2024-05-09T04:40:11.361+0000 7fc8ed600700 1 -- 172.21.15.6:0/1243567483 <== mon.0 v2:172.21.15.6:3300/0 2 ==== config(26 keys) ==== 1070+0+0 (secure 0 0 0) 0x7fc8e401a430 con 0x7fc8f007edc0
2024-05-09T04:40:12.391 INFO:teuthology.orchestra.run.smithi006.stdout:/usr/bin/ceph: stderr
2024-05-09T04:40:11.361+0000 7fc8ed600700 1 -- 172.21.15.6:0/1243567483 <== mon.0 v2:172.21.15.6:3300/0 3 ==== mon_map magic: 0 ==== 205+0+0 (secure 0 0 0) 0x7fc8e4019550 con 0x7fc8f007edc0
2024-05-09T04:40:12.391 INFO:teuthology.orchestra.run.smithi006.stdout:/usr/bin/ceph: stderr
2024-05-09T04:40:11.361+0000 7fc8f7c00700 1 -- 172.21.15.6:0/1243567483 --> [v2:172.21.15.6:3300/0,v1:172.21.15.6:6789/0] -- mon_subscribe({osdmap=0}) -- 0x7fc8f01a34c0 con 0x7fc8f007edc0
2024-05-09T04:40:12.391 INFO:teuthology.orchestra.run.smithi006.stdout:/usr/bin/ceph: stderr
2024-05-09T04:40:11.362+0000 7fc8ed600700 1 -- 172.21.15.6:0/1243567483 <== mon.0 v2:172.21.15.6:3300/0 4 ==== mgrmap(e 5) ==== 50222+0+0 (secure 0 0 0) 0x7fc8e4019850 con 0x7fc8f007edc0
2024-05-09T04:40:12.392 INFO:teuthology.orchestra.run.smithi006.stdout:/usr/bin/ceph: stderr
2024-05-09T04:40:11.362+0000 7fc8f7c00700 1 -- 172.21.15.6:0/1243567483 --> [v2:172.21.15.6:3300/0,v1:172.21.15.6:6789/0] -- mon_command({"prefix": "get_command_descriptions"} v 0) -- 0x7fc8f0064e20 con 0x7fc8f007edc0
2024-05-09T04:40:12.392 INFO:teuthology.orchestra.run.smithi006.stdout:/usr/bin/ceph: stderr
2024-05-09T04:40:11.363+0000 7fc8ed600700 1 --2- 172.21.15.6:0/1243567483 >> [v2:172.21.15.6:6800/3021503778,v1:172.21.15.6:6801/3021503778] conn(0x7fc8d803e420 0x7fc8d8040930 unknown :-1 s=NONE pgs=0 cs=0 l=1 rev1=0 crypto rx=0 tx=0 comp rx=0 tx=0).connect
2024-05-09T04:40:12.392 INFO:teuthology.orchestra.run.smithi006.stdout:/usr/bin/ceph: stderr
2024-05-09T04:40:11.363+0000 7fc8ed600700 1 -- 172.21.15.6:0/1243567483 <== mon.0 v2:172.21.15.6:3300/0 5 ==== osd_map(1..1 src has 1..1) ==== 725+0+0 (secure 0 0 0) 0x7fc8e4053890 con 0x7fc8f007edc0
2024-05-09T04:40:12.392 INFO:teuthology.orchestra.run.smithi006.stdout:/usr/bin/ceph: stderr
2024-05-09T04:40:11.363+0000 7fc8efe00700 1 -- 172.21.15.6:0/1243567483 >> [v2:172.21.15.6:6800/3021503778,v1:172.21.15.6:6801/3021503778] conn(0x7fc8d803e420 msgr2=0x7fc8d8040930 unknown :-1 s=STATE_CONNECTING_RE l=1).process reconnect failed to v2:172.21.15.6:6800/3021503778
2024-05-09T04:40:12.392 INFO:teuthology.orchestra.run.smithi006.stdout:/usr/bin/ceph: stderr
2024-05-09T04:40:11.363+0000 7fc8efe00700 1 --2- 172.21.15.6:0/1243567483 >> [v2:172.21.15.6:6800/3021503778,v1:172.21.15.6:6801/3021503778] conn(0x7fc8d803e420 0x7fc8d8040930 unknown :-1 s=START_CONNECT pgs=0 cs=0 l=1 rev1=0 crypto rx=0 tx=0 comp rx=0 tx=0)._fault waiting 0.200000
2024-05-09T04:40:12.392 INFO:teuthology.orchestra.run.smithi006.stdout:/usr/bin/ceph: stderr
2024-05-09T04:40:11.368+0000 7fc8ed600700 1 -- 172.21.15.6:0/1243567483 <== mon.0 v2:172.21.15.6:3300/0 6 ==== mon_command_ack([{"prefix": "get_command_descriptions"}]=0 v0) ==== 72+0+191963 (secure 0 0 0) 0x7fc8e4017e90 con 0x7fc8f007edc0
2024-05-09T04:40:12.392 INFO:teuthology.orchestra.run.smithi006.stdout:/usr/bin/ceph: stderr
2024-05-09T04:40:11.564+0000 7fc8efe00700 1 -- 172.21.15.6:0/1243567483 >> [v2:172.21.15.6:6800/3021503778,v1:172.21.15.6:6801/3021503778] conn(0x7fc8d803e420 msgr2=0x7fc8d8040930 unknown :-1 s=STATE_CONNECTING_RE l=1).process reconnect failed to v2:172.21.15.6:6800/3021503778
2024-05-09T04:40:12.392 INFO:teuthology.orchestra.run.smithi006.stdout:/usr/bin/ceph: stderr
2024-05-09T04:40:11.564+0000 7fc8efe00700 1 --2- 172.21.15.6:0/1243567483 >> [v2:172.21.15.6:6800/3021503778,v1:172.21.15.6:6801/3021503778] conn(0x7fc8d803e420 0x7fc8d8040930 unknown :-1 s=START_CONNECT pgs=0 cs=0 l=1 rev1=0 crypto rx=0 tx=0 comp rx=0 tx=0)._fault waiting 0.400000
2024-05-09T04:40:12.392 INFO:teuthology.orchestra.run.smithi006.stdout:/usr/bin/ceph: stderr
2024-05-09T04:40:11.662+0000 7fc8f7c00700 1 -- 172.21.15.6:0/1243567483 --> [v2:172.21.15.6:3300/0,v1:172.21.15.6:6789/0] -- mon_command({"prefix": "mgr stat"} v 0) -- 0x7fc8f01a3b40 con 0x7fc8f007edc0
2024-05-09T04:40:12.392 INFO:teuthology.orchestra.run.smithi006.stdout:/usr/bin/ceph: stderr
2024-05-09T04:40:11.663+0000 7fc8ed600700 1 -- 172.21.15.6:0/1243567483 <== mon.0 v2:172.21.15.6:3300/0 7 ==== mon_command_ack([{"prefix": "mgr stat"}]=0 v5) ==== 56+0+88 (secure 0 0 0) 0x7fc8e40532b0 con 0x7fc8f007edc0
2024-05-09T04:40:12.392 INFO:teuthology.orchestra.run.smithi006.stdout:/usr/bin/ceph: stderr
2024-05-09T04:40:11.666+0000 7fc8f7c00700 1 -- 172.21.15.6:0/1243567483 >> [v2:172.21.15.6:6800/3021503778,v1:172.21.15.6:6801/3021503778] conn(0x7fc8d803e420 msgr2=0x7fc8d8040930 unknown :-1 s=STATE_CONNECTING l=1).mark_down
2024-05-09T04:40:12.392 INFO:teuthology.orchestra.run.smithi006.stdout:/usr/bin/ceph: stderr
2024-05-09T04:40:11.666+0000 7fc8f7c00700 1 --2- 172.21.15.6:0/1243567483 >> [v2:172.21.15.6:6800/3021503778,v1:172.21.15.6:6801/3021503778] conn(0x7fc8d803e420 0x7fc8d8040930 unknown :-1 s=START_CONNECT pgs=0 cs=0 l=1 rev1=0 crypto rx=0 tx=0 comp rx=0 tx=0).stop
2024-05-09T04:40:12.392 INFO:teuthology.orchestra.run.smithi006.stdout:/usr/bin/ceph: stderr
2024-05-09T04:40:11.666+0000 7fc8f7c00700 1 -- 172.21.15.6:0/1243567483 >> [v2:172.21.15.6:3300/0,v1:172.21.15.6:6789/0] conn(0x7fc8f007edc0 msgr2=0x7fc8f01a00e0 secure :-1 s=STATE_CONNECTION_ESTABLISHED l=1).mark_down
2024-05-09T04:40:12.392 INFO:teuthology.orchestra.run.smithi006.stdout:/usr/bin/ceph: stderr
2024-05-09T04:40:11.666+0000 7fc8f7c00700 1 --2- 172.21.15.6:0/1243567483 >> [v2:172.21.15.6:3300/0,v1:172.21.15.6:6789/0] conn(0x7fc8f007edc0 0x7fc8f01a00e0 secure :-1 s=READY pgs=27 cs=0 l=1 rev1=1 crypto rx=0x7fc8e4009fb0 tx=0x7fc8e4011940 comp rx=0 tx=0).stop
2024-05-09T04:40:12.393 INFO:teuthology.orchestra.run.smithi006.stdout:/usr/bin/ceph: stderr
2024-05-09T04:40:11.666+0000 7fc8f7c00700 1 -- 172.21.15.6:0/1243567483 shutdown_connections
2024-05-09T04:40:12.393 INFO:teuthology.orchestra.run.smithi006.stdout:/usr/bin/ceph: stderr
2024-05-09T04:40:11.666+0000 7fc8f7c00700 1 --2- 172.21.15.6:0/1243567483 >> [v2:172.21.15.6:6800/3021503778,v1:172.21.15.6:6801/3021503778] conn(0x7fc8d803e420 0x7fc8d8040930 unknown :-1 s=CLOSED pgs=0 cs=0 l=1 rev1=0 crypto rx=0 tx=0 comp rx=0 tx=0).stop
2024-05-09T04:40:12.393 INFO:teuthology.orchestra.run.smithi006.stdout:/usr/bin/ceph: stderr
2024-05-09T04:40:11.666+0000 7fc8f7c00700 1 --2- 172.21.15.6:0/1243567483 >> [v2:172.21.15.6:3300/0,v1:172.21.15.6:6789/0] conn(0x7fc8f007edc0 0x7fc8f01a00e0 unknown :-1 s=CLOSED pgs=27 cs=0 l=1 rev1=1 crypto rx=0 tx=0 comp rx=0 tx=0).stop
2024-05-09T04:40:12.393 INFO:teuthology.orchestra.run.smithi006.stdout:/usr/bin/ceph: stderr
2024-05-09T04:40:11.666+0000 7fc8f7c00700 1 -- 172.21.15.6:0/1243567483 >> 172.21.15.6:0/1243567483 conn(0x7fc8f0105120 msgr2=0x7fc8f0105b10 unknown :-1 s=STATE_NONE l=0).mark_down
2024-05-09T04:40:12.393 INFO:teuthology.orchestra.run.smithi006.stdout:/usr/bin/ceph: stderr
2024-05-09T04:40:11.666+0000 7fc8f7c00700 1 -- 172.21.15.6:0/1243567483 shutdown_connections
2024-05-09T04:40:12.393 INFO:teuthology.orchestra.run.smithi006.stdout:/usr/bin/ceph: stderr
2024-05-09T04:40:11.666+0000 7fc8f7c00700 1 -- 172.21.15.6:0/1243567483 wait complete.
2024-05-09T04:40:12.393 INFO:teuthology.orchestra.run.smithi006.stdout:Waiting for the mgr to restart...
2024-05-09T04:40:12.393 INFO:teuthology.orchestra.run.smithi006.stdout:Waiting for mgr epoch 5...
2024-05-09T04:40:12.946 INFO:journalctl@ceph.mgr.x.smithi006.stdout:May 09 04:40:12 smithi006 ceph-f74d813c-0dbd-11ef-bc97-c7b262605968-mgr-x[30063]:
2024-05-09T04:40:12.880+0000 7f48aec84200 -1 mgr[py] Module telegraf has missing NOTIFY_TYPES member
2024-05-09T04:40:13.340 INFO:journalctl@ceph.mgr.x.smithi006.stdout:May 09 04:40:13 smithi006 ceph-f74d813c-0dbd-11ef-bc97-c7b262605968-mgr-x[30063]:
2024-05-09T04:40:13.121+0000 7f48aec84200 -1 mgr[py] Module osd_support has missing NOTIFY_TYPES member
2024-05-09T04:40:13.341 INFO:journalctl@ceph.mgr.x.smithi006.stdout:May 09 04:40:13 smithi006 ceph-f74d813c-0dbd-11ef-bc97-c7b262605968-mgr-x[30063]:
2024-05-09T04:40:13.341+0000 7f48aec84200 -1 mgr[py] Module iostat has missing NOTIFY_TYPES member
2024-05-09T04:40:13.866 INFO:journalctl@ceph.mgr.x.smithi006.stdout:May 09 04:40:13 smithi006 ceph-f74d813c-0dbd-11ef-bc97-c7b262605968-mgr-x[30063]:
2024-05-09T04:40:13.738+0000 7f48aec84200 -1 mgr[py] Module alerts has missing NOTIFY_TYPES member
2024-05-09T04:40:13.866 INFO:journalctl@ceph.mgr.x.smithi006.stdout:May 09 04:40:13 smithi006 ceph-f74d813c-0dbd-11ef-bc97-c7b262605968-mgr-x[30063]:
2024-05-09T04:40:13.866+0000 7f48aec84200 -1 mgr[py] Module selftest has missing NOTIFY_TYPES member
2024-05-09T04:40:14.387 INFO:journalctl@ceph.mgr.x.smithi006.stdout:May 09 04:40:14 smithi006 ceph-f74d813c-0dbd-11ef-bc97-c7b262605968-mgr-x[30063]:
2024-05-09T04:40:14.124+0000 7f48aec84200 -1 mgr[py] Module pg_autoscaler has missing NOTIFY_TYPES member
2024-05-09T04:40:14.696 INFO:journalctl@ceph.mgr.x.smithi006.stdout:May 09 04:40:14 smithi006 ceph-f74d813c-0dbd-11ef-bc97-c7b262605968-mgr-x[30063]:
2024-05-09T04:40:14.388+0000 7f48aec84200 -1 mgr[py] Module test_orchestrator has missing NOTIFY_TYPES member
2024-05-09T04:40:15.526 INFO:journalctl@ceph.mgr.x.smithi006.stdout:May 09 04:40:15 smithi006 ceph-f74d813c-0dbd-11ef-bc97-c7b262605968-mgr-x[30063]:
2024-05-09T04:40:15.225+0000 7f48aec84200 -1 mgr[py] Module rook has missing NOTIFY_TYPES member
2024-05-09T04:40:15.526 INFO:journalctl@ceph.mgr.x.smithi006.stdout:May 09 04:40:15 smithi006 ceph-f74d813c-0dbd-11ef-bc97-c7b262605968-mgr-x[30063]:
2024-05-09T04:40:15.526+0000 7f48aec84200 -1 mgr[py] Module smb has missing NOTIFY_TYPES member
2024-05-09T04:40:16.446 INFO:journalctl@ceph.mgr.x.smithi006.stdout:May 09 04:40:16 smithi006 ceph-f74d813c-0dbd-11ef-bc97-c7b262605968-mgr-x[30063]:
2024-05-09T04:40:16.100+0000 7f48aec84200 -1 mgr[py] Module volumes has missing NOTIFY_TYPES member
2024-05-09T04:40:16.446 INFO:journalctl@ceph.mgr.x.smithi006.stdout:May 09 04:40:16 smithi006 ceph-f74d813c-0dbd-11ef-bc97-c7b262605968-mgr-x[30063]:
2024-05-09T04:40:16.232+0000 7f48aec84200 -1 mgr[py] Module crash has missing NOTIFY_TYPES member
2024-05-09T04:40:17.196 INFO:journalctl@ceph.mgr.x.smithi006.stdout:May 09 04:40:16 smithi006 ceph-f74d813c-0dbd-11ef-bc97-c7b262605968-mgr-x[30063]:
2024-05-09T04:40:16.718+0000 7f48aec84200 -1 mgr[py] Module rgw has missing NOTIFY_TYPES member
2024-05-09T04:40:17.663 INFO:journalctl@ceph.mgr.x.smithi006.stdout:May 09 04:40:17 smithi006 ceph-f74d813c-0dbd-11ef-bc97-c7b262605968-mgr-x[30063]:
2024-05-09T04:40:17.198+0000 7f48aec84200 -1 mgr[py] Module prometheus has missing NOTIFY_TYPES member
2024-05-09T04:40:17.664 INFO:journalctl@ceph.mgr.x.smithi006.stdout:May 09 04:40:17 smithi006 ceph-f74d813c-0dbd-11ef-bc97-c7b262605968-mgr-x[30063]:
2024-05-09T04:40:17.329+0000 7f48aec84200 -1 mgr[py] Module devicehealth has missing NOTIFY_TYPES member
2024-05-09T04:40:17.946 INFO:journalctl@ceph.mgr.x.smithi006.stdout:May 09 04:40:17 smithi006 ceph-f74d813c-0dbd-11ef-bc97-c7b262605968-mgr-x[30063]:
2024-05-09T04:40:17.663+0000 7f48aec84200 -1 mgr[py] Module telemetry has missing NOTIFY_TYPES member
2024-05-09T04:40:17.946 INFO:journalctl@ceph.mgr.x.smithi006.stdout:May 09 04:40:17 smithi006 ceph-f74d813c-0dbd-11ef-bc97-c7b262605968-mgr-x[30063]:
2024-05-09T04:40:17.851+0000 7f48aec84200 -1 mgr[py] Module diskprediction_local has missing NOTIFY_TYPES member
2024-05-09T04:40:18.397 INFO:journalctl@ceph.mgr.x.smithi006.stdout:May 09 04:40:17 smithi006 ceph-f74d813c-0dbd-11ef-bc97-c7b262605968-mgr-x[30063]:
2024-05-09T04:40:17.983+0000 7f48aec84200 -1 mgr[py] Module osd_perf_query has missing NOTIFY_TYPES member
2024-05-09T04:40:18.696 INFO:journalctl@ceph.mgr.x.smithi006.stdout:May 09 04:40:18 smithi006 ceph-f74d813c-0dbd-11ef-bc97-c7b262605968-mgr-x[30063]:
2024-05-09T04:40:18.396+0000 7f48aec84200 -1 mgr[py] Module rbd_support has missing NOTIFY_TYPES member
2024-05-09T04:40:18.696 INFO:journalctl@ceph.mgr.x.smithi006.stdout:May 09 04:40:18 smithi006 ceph-f74d813c-0dbd-11ef-bc97-c7b262605968-mgr-x[30063]:
2024-05-09T04:40:18.527+0000 7f48aec84200 -1 mgr[py] Module zabbix has missing NOTIFY_TYPES member
2024-05-09T04:40:19.634 INFO:journalctl@ceph.mgr.x.smithi006.stdout:May 09 04:40:19 smithi006 ceph-f74d813c-0dbd-11ef-bc97-c7b262605968-mgr-x[30063]:
2024-05-09T04:40:19.336+0000 7f48aec84200 -1 mgr[py] Module status has missing NOTIFY_TYPES member
2024-05-09T04:40:19.946 INFO:journalctl@ceph.mgr.x.smithi006.stdout:May 09 04:40:19 smithi006 ceph-f74d813c-0dbd-11ef-bc97-c7b262605968-mgr-x[30063]:
2024-05-09T04:40:19.634+0000 7f48aec84200 -1 mgr[py] Module nfs has missing NOTIFY_TYPES member
2024-05-09T04:40:19.947 INFO:journalctl@ceph.mon.a.smithi006.stdout:May 09 04:40:19 smithi006 ceph-mon[29835]: Active manager daemon x restarted
2024-05-09T04:40:19.947 INFO:journalctl@ceph.mon.a.smithi006.stdout:May 09 04:40:19 smithi006 ceph-mon[29835]: Activating manager daemon x
2024-05-09T04:40:19.947 INFO:journalctl@ceph.mon.a.smithi006.stdout:May 09 04:40:19 smithi006 ceph-mon[29835]: osdmap e2: 0 total, 0 up, 0 in
2024-05-09T04:40:19.947 INFO:journalctl@ceph.mon.a.smithi006.stdout:May 09 04:40:19 smithi006 ceph-mon[29835]: mgrmap e6: x(active, starting, since 0.0118181s)
2024-05-09T04:40:19.947 INFO:journalctl@ceph.mon.a.smithi006.stdout:May 09 04:40:19 smithi006 ceph-mon[29835]: from='mgr.14120 172.21.15.6:0/4038153362' entity='mgr.x' cmd=[{"prefix": "mon metadata", "id": "a"}]: dispatch
2024-05-09T04:40:19.947 INFO:journalctl@ceph.mon.a.smithi006.stdout:May 09 04:40:19 smithi006 ceph-mon[29835]: from='mgr.14120 172.21.15.6:0/4038153362' entity='mgr.x' cmd=[{"prefix": "mgr metadata", "who": "x", "id": "x"}]: dispatch
2024-05-09T04:40:19.947 INFO:journalctl@ceph.mon.a.smithi006.stdout:May 09 04:40:19 smithi006 ceph-mon[29835]: from='mgr.14120 172.21.15.6:0/4038153362' entity='mgr.x' cmd=[{"prefix": "mds metadata"}]: dispatch
2024-05-09T04:40:19.947 INFO:journalctl@ceph.mon.a.smithi006.stdout:May 09 04:40:19 smithi006 ceph-mon[29835]: from='mgr.14120 172.21.15.6:0/4038153362' entity='mgr.x' cmd=[{"prefix": "osd metadata"}]: dispatch
2024-05-09T04:40:19.947 INFO:journalctl@ceph.mon.a.smithi006.stdout:May 09 04:40:19 smithi006 ceph-mon[29835]: from='mgr.14120 172.21.15.6:0/4038153362' entity='mgr.x' cmd=[{"prefix": "mon metadata"}]: dispatch
2024-05-09T04:40:19.947 INFO:journalctl@ceph.mon.a.smithi006.stdout:May 09 04:40:19 smithi006 ceph-mon[29835]: Manager daemon x is now available
2024-05-09T04:40:20.946 INFO:journalctl@ceph.mon.a.smithi006.stdout:May 09 04:40:20 smithi006 ceph-mon[29835]: Found migration_current of "None". Setting to last migration.
2024-05-09T04:40:20.946 INFO:journalctl@ceph.mon.a.smithi006.stdout:May 09 04:40:20 smithi006 ceph-mon[29835]: from='mgr.14120 172.21.15.6:0/4038153362' entity='mgr.x'
2024-05-09T04:40:20.946 INFO:journalctl@ceph.mon.a.smithi006.stdout:May 09 04:40:20 smithi006 ceph-mon[29835]: from='mgr.14120 172.21.15.6:0/4038153362' entity='mgr.x'
2024-05-09T04:40:20.946 INFO:journalctl@ceph.mon.a.smithi006.stdout:May 09 04:40:20 smithi006 ceph-mon[29835]: from='mgr.14120 172.21.15.6:0/4038153362' entity='mgr.x' cmd=[{"prefix": "config dump", "format": "json"}]: dispatch
2024-05-09T04:40:20.947 INFO:journalctl@ceph.mon.a.smithi006.stdout:May 09 04:40:20 smithi006 ceph-mon[29835]: from='mgr.14120 172.21.15.6:0/4038153362' entity='mgr.x' cmd=[{"prefix": "config dump", "format": "json"}]: dispatch
2024-05-09T04:40:20.947 INFO:journalctl@ceph.mon.a.smithi006.stdout:May 09 04:40:20 smithi006 ceph-mon[29835]: from='mgr.14120 172.21.15.6:0/4038153362' entity='mgr.x' cmd=[{"prefix":"config rm","who":"mgr","name":"mgr/rbd_support/x/mirror_snapshot_schedule"}]: dispatch
2024-05-09T04:40:20.947 INFO:journalctl@ceph.mon.a.smithi006.stdout:May 09 04:40:20 smithi006 ceph-mon[29835]: from='mgr.14120 172.21.15.6:0/4038153362' entity='mgr.x' cmd=[{"prefix":"config rm","who":"mgr","name":"mgr/rbd_support/x/trash_purge_schedule"}]: dispatch
2024-05-09T04:40:20.947 INFO:journalctl@ceph.mon.a.smithi006.stdout:May 09 04:40:20 smithi006 ceph-mon[29835]: mgrmap e7: x(active, since 1.01887s)
2024-05-09T04:40:21.363 INFO:teuthology.orchestra.run.smithi006.stdout:/usr/bin/ceph: stdout {
2024-05-09T04:40:21.368 INFO:teuthology.orchestra.run.smithi006.stdout:/usr/bin/ceph: stdout "mgrmap_epoch": 7,
2024-05-09T04:40:21.368 INFO:teuthology.orchestra.run.smithi006.stdout:/usr/bin/ceph: stdout "initialized": true
2024-05-09T04:40:21.368 INFO:teuthology.orchestra.run.smithi006.stdout:/usr/bin/ceph: stdout }
2024-05-09T04:40:21.368 INFO:teuthology.orchestra.run.smithi006.stdout:/usr/bin/ceph: stderr
2024-05-09T04:40:13.002+0000 7f4a64400700 1 Processor -- start
2024-05-09T04:40:21.368 INFO:teuthology.orchestra.run.smithi006.stdout:/usr/bin/ceph: stderr
2024-05-09T04:40:13.002+0000 7f4a64400700 1 -- start start
2024-05-09T04:40:21.368 INFO:teuthology.orchestra.run.smithi006.stdout:/usr/bin/ceph: stderr
2024-05-09T04:40:13.003+0000 7f4a64400700 1 --2- >> [v2:172.21.15.6:3300/0,v1:172.21.15.6:6789/0] conn(0x7f4a5c07ede0 0x7f4a5c07d260 unknown :-1 s=NONE pgs=0 cs=0 l=0 rev1=0 crypto rx=0 tx=0 comp rx=0 tx=0).connect
2024-05-09T04:40:21.369 INFO:teuthology.orchestra.run.smithi006.stdout:/usr/bin/ceph: stderr
2024-05-09T04:40:13.003+0000 7f4a64400700 1 -- --> [v2:172.21.15.6:3300/0,v1:172.21.15.6:6789/0] -- mon_getmap magic: 0 -- 0x7f4a5c07d7a0 con 0x7f4a5c07ede0
2024-05-09T04:40:21.369 INFO:teuthology.orchestra.run.smithi006.stdout:/usr/bin/ceph: stderr
2024-05-09T04:40:13.003+0000 7f4a61a00700 1 --2- >> [v2:172.21.15.6:3300/0,v1:172.21.15.6:6789/0] conn(0x7f4a5c07ede0 0x7f4a5c07d260 unknown :-1 s=BANNER_CONNECTING pgs=0 cs=0 l=0 rev1=0 crypto rx=0 tx=0 comp rx=0 tx=0)._handle_peer_banner_payload supported=3 required=0
2024-05-09T04:40:21.369 INFO:teuthology.orchestra.run.smithi006.stdout:/usr/bin/ceph: stderr
2024-05-09T04:40:13.003+0000 7f4a61a00700 1 --2- >> [v2:172.21.15.6:3300/0,v1:172.21.15.6:6789/0] conn(0x7f4a5c07ede0 0x7f4a5c07d260 unknown :-1 s=HELLO_CONNECTING pgs=0 cs=0 l=0 rev1=1 crypto rx=0 tx=0 comp rx=0 tx=0).handle_hello peer v2:172.21.15.6:3300/0 says I am v2:172.21.15.6:58340/0 (socket says 172.21.15.6:58340)
2024-05-09T04:40:21.369 INFO:teuthology.orchestra.run.smithi006.stdout:/usr/bin/ceph: stderr
2024-05-09T04:40:13.003+0000 7f4a61a00700 1 -- 172.21.15.6:0/1260859691 learned_addr learned my addr 172.21.15.6:0/1260859691 (peer_addr_for_me v2:172.21.15.6:0/0)
2024-05-09T04:40:21.369 INFO:teuthology.orchestra.run.smithi006.stdout:/usr/bin/ceph: stderr
2024-05-09T04:40:13.004+0000 7f4a61a00700 1 -- 172.21.15.6:0/1260859691 --> [v2:172.21.15.6:3300/0,v1:172.21.15.6:6789/0] -- mon_subscribe({config=0+,monmap=0+}) -- 0x7f4a5c07d920 con 0x7f4a5c07ede0
2024-05-09T04:40:21.369 INFO:teuthology.orchestra.run.smithi006.stdout:/usr/bin/ceph: stderr
2024-05-09T04:40:13.004+0000 7f4a61a00700 1 --2- 172.21.15.6:0/1260859691 >> [v2:172.21.15.6:3300/0,v1:172.21.15.6:6789/0] conn(0x7f4a5c07ede0 0x7f4a5c07d260 secure :-1 s=READY pgs=28 cs=0 l=1 rev1=1 crypto rx=0x7f4a50009e80 tx=0x7f4a5000b330 comp rx=0 tx=0).ready entity=mon.0 client_cookie=97cb30bd5aaf7686 server_cookie=0 in_seq=0 out_seq=0
2024-05-09T04:40:21.369 INFO:teuthology.orchestra.run.smithi006.stdout:/usr/bin/ceph: stderr
2024-05-09T04:40:13.004+0000 7f4a5be00700 1 -- 172.21.15.6:0/1260859691 <== mon.0 v2:172.21.15.6:3300/0 1 ==== mon_map magic: 0 ==== 205+0+0 (secure 0 0 0) 0x7f4a50017070 con 0x7f4a5c07ede0
2024-05-09T04:40:21.369 INFO:teuthology.orchestra.run.smithi006.stdout:/usr/bin/ceph: stderr
2024-05-09T04:40:13.004+0000 7f4a5be00700 1 -- 172.21.15.6:0/1260859691 <== mon.0 v2:172.21.15.6:3300/0 2 ==== config(26 keys) ==== 1070+0+0 (secure 0 0 0) 0x7f4a5000b8c0 con 0x7f4a5c07ede0
2024-05-09T04:40:21.369 INFO:teuthology.orchestra.run.smithi006.stdout:/usr/bin/ceph: stderr
2024-05-09T04:40:13.004+0000 7f4a5be00700 1 -- 172.21.15.6:0/1260859691 <== mon.0 v2:172.21.15.6:3300/0 3 ==== mon_map magic: 0 ==== 205+0+0 (secure 0 0 0) 0x7f4a50004490 con 0x7f4a5c07ede0
2024-05-09T04:40:21.369 INFO:teuthology.orchestra.run.smithi006.stdout:/usr/bin/ceph: stderr
2024-05-09T04:40:13.005+0000 7f4a64400700 1 -- 172.21.15.6:0/1260859691 >> [v2:172.21.15.6:3300/0,v1:172.21.15.6:6789/0] conn(0x7f4a5c07ede0 msgr2=0x7f4a5c07d260 secure :-1 s=STATE_CONNECTION_ESTABLISHED l=1).mark_down
2024-05-09T04:40:21.369 INFO:teuthology.orchestra.run.smithi006.stdout:/usr/bin/ceph: stderr
2024-05-09T04:40:13.005+0000 7f4a64400700 1 --2- 172.21.15.6:0/1260859691 >> [v2:172.21.15.6:3300/0,v1:172.21.15.6:6789/0] conn(0x7f4a5c07ede0 0x7f4a5c07d260 secure :-1 s=READY pgs=28 cs=0 l=1 rev1=1 crypto rx=0x7f4a50009e80 tx=0x7f4a5000b330 comp rx=0 tx=0).stop
2024-05-09T04:40:21.369 INFO:teuthology.orchestra.run.smithi006.stdout:/usr/bin/ceph: stderr
2024-05-09T04:40:13.006+0000 7f4a64400700 1 -- 172.21.15.6:0/1260859691 shutdown_connections
2024-05-09T04:40:21.369 INFO:teuthology.orchestra.run.smithi006.stdout:/usr/bin/ceph: stderr
2024-05-09T04:40:13.006+0000 7f4a64400700 1 --2- 172.21.15.6:0/1260859691 >> [v2:172.21.15.6:3300/0,v1:172.21.15.6:6789/0] conn(0x7f4a5c07ede0 0x7f4a5c07d260 unknown :-1 s=CLOSED pgs=28 cs=0 l=1 rev1=1 crypto rx=0 tx=0 comp rx=0 tx=0).stop
2024-05-09T04:40:21.369 INFO:teuthology.orchestra.run.smithi006.stdout:/usr/bin/ceph: stderr
2024-05-09T04:40:13.006+0000 7f4a64400700 1 -- 172.21.15.6:0/1260859691 >> 172.21.15.6:0/1260859691 conn(0x7f4a5c105120 msgr2=0x7f4a5c1075f0 unknown :-1 s=STATE_NONE l=0).mark_down
2024-05-09T04:40:21.370 INFO:teuthology.orchestra.run.smithi006.stdout:/usr/bin/ceph: stderr
2024-05-09T04:40:13.006+0000 7f4a64400700 1 -- 172.21.15.6:0/1260859691 shutdown_connections
2024-05-09T04:40:21.370 INFO:teuthology.orchestra.run.smithi006.stdout:/usr/bin/ceph: stderr
2024-05-09T04:40:13.006+0000 7f4a64400700 1 -- 172.21.15.6:0/1260859691 wait complete.
2024-05-09T04:40:21.370 INFO:teuthology.orchestra.run.smithi006.stdout:/usr/bin/ceph: stderr
2024-05-09T04:40:13.007+0000 7f4a64400700 1 Processor -- start
2024-05-09T04:40:21.370 INFO:teuthology.orchestra.run.smithi006.stdout:/usr/bin/ceph: stderr
2024-05-09T04:40:13.007+0000 7f4a64400700 1 -- start start
2024-05-09T04:40:21.370 INFO:teuthology.orchestra.run.smithi006.stdout:/usr/bin/ceph: stderr
2024-05-09T04:40:13.007+0000 7f4a64400700 1 --2- >> [v2:172.21.15.6:3300/0,v1:172.21.15.6:6789/0] conn(0x7f4a5c07ede0 0x7f4a5c1a00e0 unknown :-1 s=NONE pgs=0 cs=0 l=1 rev1=0 crypto rx=0 tx=0 comp rx=0 tx=0).connect
2024-05-09T04:40:21.370 INFO:teuthology.orchestra.run.smithi006.stdout:/usr/bin/ceph: stderr
2024-05-09T04:40:13.007+0000 7f4a64400700 1 -- --> [v2:172.21.15.6:3300/0,v1:172.21.15.6:6789/0] -- mon_getmap magic: 0 -- 0x7f4a5c1100c0 con 0x7f4a5c07ede0
2024-05-09T04:40:21.370 INFO:teuthology.orchestra.run.smithi006.stdout:/usr/bin/ceph: stderr
2024-05-09T04:40:13.008+0000 7f4a61a00700 1 --2- >> [v2:172.21.15.6:3300/0,v1:172.21.15.6:6789/0] conn(0x7f4a5c07ede0 0x7f4a5c1a00e0 unknown :-1 s=BANNER_CONNECTING pgs=0 cs=0 l=1 rev1=0 crypto rx=0 tx=0 comp rx=0 tx=0)._handle_peer_banner_payload supported=3 required=0
2024-05-09T04:40:21.370 INFO:teuthology.orchestra.run.smithi006.stdout:/usr/bin/ceph: stderr
2024-05-09T04:40:13.008+0000 7f4a61a00700 1 --2- >> [v2:172.21.15.6:3300/0,v1:172.21.15.6:6789/0] conn(0x7f4a5c07ede0 0x7f4a5c1a00e0 unknown :-1 s=HELLO_CONNECTING pgs=0 cs=0 l=1 rev1=1 crypto rx=0 tx=0 comp rx=0 tx=0).handle_hello peer v2:172.21.15.6:3300/0 says I am v2:172.21.15.6:58354/0 (socket says 172.21.15.6:58354)
2024-05-09T04:40:21.370 INFO:teuthology.orchestra.run.smithi006.stdout:/usr/bin/ceph: stderr
2024-05-09T04:40:13.008+0000 7f4a61a00700 1 -- 172.21.15.6:0/3231386976 learned_addr learned my addr 172.21.15.6:0/3231386976 (peer_addr_for_me v2:172.21.15.6:0/0)
2024-05-09T04:40:21.370 INFO:teuthology.orchestra.run.smithi006.stdout:/usr/bin/ceph: stderr
2024-05-09T04:40:13.008+0000 7f4a61a00700 1 -- 172.21.15.6:0/3231386976 --> [v2:172.21.15.6:3300/0,v1:172.21.15.6:6789/0] -- mon_subscribe({config=0+,monmap=0+}) -- 0x7f4a5c1a0620 con 0x7f4a5c07ede0
2024-05-09T04:40:21.370 INFO:teuthology.orchestra.run.smithi006.stdout:/usr/bin/ceph: stderr
2024-05-09T04:40:13.008+0000 7f4a61a00700 1 --2- 172.21.15.6:0/3231386976 >> [v2:172.21.15.6:3300/0,v1:172.21.15.6:6789/0] conn(0x7f4a5c07ede0 0x7f4a5c1a00e0 secure :-1 s=READY pgs=29 cs=0 l=1 rev1=1 crypto rx=0x7f4a50004220 tx=0x7f4a5000bd50 comp rx=0 tx=0).ready entity=mon.0 client_cookie=0 server_cookie=0 in_seq=0 out_seq=0
2024-05-09T04:40:21.370 INFO:teuthology.orchestra.run.smithi006.stdout:/usr/bin/ceph: stderr
2024-05-09T04:40:13.009+0000 7f4a5a000700 1 -- 172.21.15.6:0/3231386976 <== mon.0 v2:172.21.15.6:3300/0 1 ==== mon_map magic: 0 ==== 205+0+0 (secure 0 0 0) 0x7f4a50020020 con 0x7f4a5c07ede0
2024-05-09T04:40:21.370 INFO:teuthology.orchestra.run.smithi006.stdout:/usr/bin/ceph: stderr
2024-05-09T04:40:13.009+0000 7f4a5a000700 1 -- 172.21.15.6:0/3231386976 <== mon.0 v2:172.21.15.6:3300/0 2 ==== config(26 keys) ==== 1070+0+0 (secure 0 0 0) 0x7f4a50012430 con 0x7f4a5c07ede0
2024-05-09T04:40:21.371 INFO:teuthology.orchestra.run.smithi006.stdout:/usr/bin/ceph: stderr
2024-05-09T04:40:13.009+0000 7f4a64400700 1 -- 172.21.15.6:0/3231386976 --> [v2:172.21.15.6:3300/0,v1:172.21.15.6:6789/0] -- mon_subscribe({mgrmap=0+}) -- 0x7f4a5c1a08b0 con 0x7f4a5c07ede0
2024-05-09T04:40:21.371 INFO:teuthology.orchestra.run.smithi006.stdout:/usr/bin/ceph: stderr
2024-05-09T04:40:13.009+0000 7f4a5a000700 1 -- 172.21.15.6:0/3231386976 <== mon.0 v2:172.21.15.6:3300/0 3 ==== mon_map magic: 0 ==== 205+0+0 (secure 0 0 0) 0x7f4a50017040 con 0x7f4a5c07ede0
2024-05-09T04:40:21.371 INFO:teuthology.orchestra.run.smithi006.stdout:/usr/bin/ceph: stderr
2024-05-09T04:40:13.009+0000 7f4a64400700 1 -- 172.21.15.6:0/3231386976 --> [v2:172.21.15.6:3300/0,v1:172.21.15.6:6789/0] -- mon_subscribe({osdmap=0}) -- 0x7f4a5c1a34c0 con 0x7f4a5c07ede0
2024-05-09T04:40:21.371 INFO:teuthology.orchestra.run.smithi006.stdout:/usr/bin/ceph: stderr
2024-05-09T04:40:13.010+0000 7f4a5a000700 1 -- 172.21.15.6:0/3231386976 <== mon.0 v2:172.21.15.6:3300/0 4 ==== mgrmap(e 5) ==== 50222+0+0 (secure 0 0 0) 0x7f4a50023020 con 0x7f4a5c07ede0
2024-05-09T04:40:21.371 INFO:teuthology.orchestra.run.smithi006.stdout:/usr/bin/ceph: stderr
2024-05-09T04:40:13.011+0000 7f4a5a000700 1 --2- 172.21.15.6:0/3231386976 >> [v2:172.21.15.6:6800/3021503778,v1:172.21.15.6:6801/3021503778] conn(0x7f4a4403e4d0 0x7f4a440409e0 unknown :-1 s=NONE pgs=0 cs=0 l=1 rev1=0 crypto rx=0 tx=0 comp rx=0 tx=0).connect
2024-05-09T04:40:21.371 INFO:teuthology.orchestra.run.smithi006.stdout:/usr/bin/ceph: stderr
2024-05-09T04:40:13.011+0000 7f4a5a000700 1 -- 172.21.15.6:0/3231386976 --> [v2:172.21.15.6:6800/3021503778,v1:172.21.15.6:6801/3021503778] -- command(tid 0: {"prefix": "get_command_descriptions"}) -- 0x7f4a440410f0 con 0x7f4a4403e4d0
2024-05-09T04:40:21.371 INFO:teuthology.orchestra.run.smithi006.stdout:/usr/bin/ceph: stderr
2024-05-09T04:40:13.011+0000 7f4a5a000700 1 -- 172.21.15.6:0/3231386976 <== mon.0 v2:172.21.15.6:3300/0 5 ==== osd_map(1..1 src has 1..1) ==== 725+0+0 (secure 0 0 0) 0x7f4a5000f050 con 0x7f4a5c07ede0
2024-05-09T04:40:21.371 INFO:teuthology.orchestra.run.smithi006.stdout:/usr/bin/ceph: stderr
2024-05-09T04:40:13.011+0000 7f4a61000700 1 -- 172.21.15.6:0/3231386976 >> [v2:172.21.15.6:6800/3021503778,v1:172.21.15.6:6801/3021503778] conn(0x7f4a4403e4d0 msgr2=0x7f4a440409e0 unknown :-1 s=STATE_CONNECTING_RE l=1).process reconnect failed to v2:172.21.15.6:6800/3021503778
2024-05-09T04:40:21.371 INFO:teuthology.orchestra.run.smithi006.stdout:/usr/bin/ceph: stderr
2024-05-09T04:40:13.011+0000 7f4a61000700 1 --2- 172.21.15.6:0/3231386976 >> [v2:172.21.15.6:6800/3021503778,v1:172.21.15.6:6801/3021503778] conn(0x7f4a4403e4d0 0x7f4a440409e0 unknown :-1 s=START_CONNECT pgs=0 cs=0 l=1 rev1=0 crypto rx=0 tx=0 comp rx=0 tx=0)._fault waiting 0.200000
2024-05-09T04:40:21.374 INFO:teuthology.orchestra.run.smithi006.stdout:/usr/bin/ceph: stderr
2024-05-09T04:40:13.212+0000 7f4a61000700 1 -- 172.21.15.6:0/3231386976 >> [v2:172.21.15.6:6800/3021503778,v1:172.21.15.6:6801/3021503778] conn(0x7f4a4403e4d0 msgr2=0x7f4a440409e0 unknown :-1 s=STATE_CONNECTING_RE l=1).process reconnect failed to v2:172.21.15.6:6800/3021503778
2024-05-09T04:40:21.374 INFO:teuthology.orchestra.run.smithi006.stdout:/usr/bin/ceph: stderr
2024-05-09T04:40:13.212+0000 7f4a61000700 1 --2- 172.21.15.6:0/3231386976 >> [v2:172.21.15.6:6800/3021503778,v1:172.21.15.6:6801/3021503778] conn(0x7f4a4403e4d0 0x7f4a440409e0 unknown :-1 s=START_CONNECT pgs=0 cs=0 l=1 rev1=0 crypto rx=0 tx=0 comp rx=0 tx=0)._fault waiting 0.400000
2024-05-09T04:40:21.374 INFO:teuthology.orchestra.run.smithi006.stdout:/usr/bin/ceph: stderr
2024-05-09T04:40:13.613+0000 7f4a61000700 1 -- 172.21.15.6:0/3231386976 >> [v2:172.21.15.6:6800/3021503778,v1:172.21.15.6:6801/3021503778] conn(0x7f4a4403e4d0 msgr2=0x7f4a440409e0 unknown :-1 s=STATE_CONNECTING_RE l=1).process reconnect failed to v2:172.21.15.6:6800/3021503778
2024-05-09T04:40:21.374 INFO:teuthology.orchestra.run.smithi006.stdout:/usr/bin/ceph: stderr
2024-05-09T04:40:13.613+0000 7f4a61000700 1 --2- 172.21.15.6:0/3231386976 >> [v2:172.21.15.6:6800/3021503778,v1:172.21.15.6:6801/3021503778] conn(0x7f4a4403e4d0 0x7f4a440409e0 unknown :-1 s=START_CONNECT pgs=0 cs=0 l=1 rev1=0 crypto rx=0 tx=0 comp rx=0 tx=0)._fault waiting 0.800000
2024-05-09T04:40:21.374 INFO:teuthology.orchestra.run.smithi006.stdout:/usr/bin/ceph: stderr
2024-05-09T04:40:14.414+0000 7f4a61000700 1 -- 172.21.15.6:0/3231386976 >> [v2:172.21.15.6:6800/3021503778,v1:172.21.15.6:6801/3021503778] conn(0x7f4a4403e4d0 msgr2=0x7f4a440409e0 unknown :-1 s=STATE_CONNECTING_RE l=1).process reconnect failed to v2:172.21.15.6:6800/3021503778
2024-05-09T04:40:21.375 INFO:teuthology.orchestra.run.smithi006.stdout:/usr/bin/ceph: stderr
2024-05-09T04:40:14.414+0000 7f4a61000700 1 --2- 172.21.15.6:0/3231386976 >> [v2:172.21.15.6:6800/3021503778,v1:172.21.15.6:6801/3021503778] conn(0x7f4a4403e4d0 0x7f4a440409e0 unknown :-1 s=START_CONNECT pgs=0 cs=0 l=1 rev1=0 crypto rx=0 tx=0 comp rx=0 tx=0)._fault waiting 1.600000
2024-05-09T04:40:21.375 INFO:teuthology.orchestra.run.smithi006.stdout:/usr/bin/ceph: stderr
2024-05-09T04:40:16.016+0000 7f4a61000700 1 -- 172.21.15.6:0/3231386976 >> [v2:172.21.15.6:6800/3021503778,v1:172.21.15.6:6801/3021503778] conn(0x7f4a4403e4d0 msgr2=0x7f4a440409e0 unknown :-1 s=STATE_CONNECTING_RE l=1).process reconnect failed to v2:172.21.15.6:6800/3021503778
2024-05-09T04:40:21.375 INFO:teuthology.orchestra.run.smithi006.stdout:/usr/bin/ceph: stderr
2024-05-09T04:40:16.016+0000 7f4a61000700 1 --2- 172.21.15.6:0/3231386976 >> [v2:172.21.15.6:6800/3021503778,v1:172.21.15.6:6801/3021503778] conn(0x7f4a4403e4d0 0x7f4a440409e0 unknown :-1 s=START_CONNECT pgs=0 cs=0 l=1 rev1=0 crypto rx=0 tx=0 comp rx=0 tx=0)._fault waiting 3.200000
2024-05-09T04:40:21.375 INFO:teuthology.orchestra.run.smithi006.stdout:/usr/bin/ceph: stderr
