2024-05-09T04:40:02.037 INFO:teuthology.orchestra.run.smithi007.stdout:/usr/bin/ceph: stderr
2024-05-09T04:40:00.938+0000 7f7b34b42700 1 -- 172.21.15.7:0/2534353419 <== mon.0 v2:172.21.15.7:3300/0 2 ==== config(26 keys) ==== 1070+0+0 (secure 0 0 0) 0x7f7b2c00b8c0 con 0x7f7b3010a6a0
2024-05-09T04:40:02.037 INFO:teuthology.orchestra.run.smithi007.stdout:/usr/bin/ceph: stderr
2024-05-09T04:40:00.939+0000 7f7b34b42700 1 -- 172.21.15.7:0/2534353419 <== mon.0 v2:172.21.15.7:3300/0 3 ==== mon_map magic: 0 ==== 205+0+0 (secure 0 0 0) 0x7f7b2c004490 con 0x7f7b3010a6a0
2024-05-09T04:40:02.038 INFO:teuthology.orchestra.run.smithi007.stdout:/usr/bin/ceph: stderr
2024-05-09T04:40:00.939+0000 7f7b37da8700 1 -- 172.21.15.7:0/2534353419 >> [v2:172.21.15.7:3300/0,v1:172.21.15.7:6789/0] conn(0x7f7b3010a6a0 msgr2=0x7f7b3010cac0 secure :-1 s=STATE_CONNECTION_ESTABLISHED l=1).mark_down
2024-05-09T04:40:02.038 INFO:teuthology.orchestra.run.smithi007.stdout:/usr/bin/ceph: stderr
2024-05-09T04:40:00.939+0000 7f7b37da8700 1 --2- 172.21.15.7:0/2534353419 >> [v2:172.21.15.7:3300/0,v1:172.21.15.7:6789/0] conn(0x7f7b3010a6a0 0x7f7b3010cac0 secure :-1 s=READY pgs=45 cs=0 l=1 rev1=1 crypto rx=0x7f7b2c009e80 tx=0x7f7b2c00b330 comp rx=0 tx=0).stop
2024-05-09T04:40:02.038 INFO:teuthology.orchestra.run.smithi007.stdout:/usr/bin/ceph: stderr
2024-05-09T04:40:00.939+0000 7f7b37da8700 1 -- 172.21.15.7:0/2534353419 shutdown_connections
2024-05-09T04:40:02.038 INFO:teuthology.orchestra.run.smithi007.stdout:/usr/bin/ceph: stderr
2024-05-09T04:40:00.939+0000 7f7b37da8700 1 --2- 172.21.15.7:0/2534353419 >> [v2:172.21.15.7:3300/0,v1:172.21.15.7:6789/0] conn(0x7f7b3010a6a0 0x7f7b3010cac0 unknown :-1 s=CLOSED pgs=45 cs=0 l=1 rev1=1 crypto rx=0 tx=0 comp rx=0 tx=0).stop
2024-05-09T04:40:02.038 INFO:teuthology.orchestra.run.smithi007.stdout:/usr/bin/ceph: stderr
2024-05-09T04:40:00.939+0000 7f7b37da8700 1 -- 172.21.15.7:0/2534353419 >> 172.21.15.7:0/2534353419 conn(0x7f7b301041e0 msgr2=0x7f7b30106630 unknown :-1 s=STATE_NONE l=0).mark_down
2024-05-09T04:40:02.038 INFO:teuthology.orchestra.run.smithi007.stdout:/usr/bin/ceph: stderr
2024-05-09T04:40:00.939+0000 7f7b37da8700 1 -- 172.21.15.7:0/2534353419 shutdown_connections
2024-05-09T04:40:02.038 INFO:teuthology.orchestra.run.smithi007.stdout:/usr/bin/ceph: stderr
2024-05-09T04:40:00.939+0000 7f7b37da8700 1 -- 172.21.15.7:0/2534353419 wait complete.
2024-05-09T04:40:02.038 INFO:teuthology.orchestra.run.smithi007.stdout:/usr/bin/ceph: stderr
2024-05-09T04:40:00.940+0000 7f7b37da8700 1 Processor -- start
2024-05-09T04:40:02.038 INFO:teuthology.orchestra.run.smithi007.stdout:/usr/bin/ceph: stderr
2024-05-09T04:40:00.940+0000 7f7b37da8700 1 -- start start
2024-05-09T04:40:02.038 INFO:teuthology.orchestra.run.smithi007.stdout:/usr/bin/ceph: stderr
2024-05-09T04:40:00.940+0000 7f7b37da8700 1 --2- >> [v2:172.21.15.7:3300/0,v1:172.21.15.7:6789/0] conn(0x7f7b3010a6a0 0x7f7b30109e20 unknown :-1 s=NONE pgs=0 cs=0 l=1 rev1=0 crypto rx=0 tx=0 comp rx=0 tx=0).connect
2024-05-09T04:40:02.038 INFO:teuthology.orchestra.run.smithi007.stdout:/usr/bin/ceph: stderr
2024-05-09T04:40:00.940+0000 7f7b37da8700 1 -- --> [v2:172.21.15.7:3300/0,v1:172.21.15.7:6789/0] -- mon_getmap magic: 0 -- 0x7f7b3010dfc0 con 0x7f7b3010a6a0
2024-05-09T04:40:02.038 INFO:teuthology.orchestra.run.smithi007.stdout:/usr/bin/ceph: stderr
2024-05-09T04:40:00.940+0000 7f7b35b44700 1 --2- >> [v2:172.21.15.7:3300/0,v1:172.21.15.7:6789/0] conn(0x7f7b3010a6a0 0x7f7b30109e20 unknown :-1 s=BANNER_CONNECTING pgs=0 cs=0 l=1 rev1=0 crypto rx=0 tx=0 comp rx=0 tx=0)._handle_peer_banner_payload supported=3 required=0
2024-05-09T04:40:02.039 INFO:teuthology.orchestra.run.smithi007.stdout:/usr/bin/ceph: stderr
2024-05-09T04:40:00.940+0000 7f7b35b44700 1 --2- >> [v2:172.21.15.7:3300/0,v1:172.21.15.7:6789/0] conn(0x7f7b3010a6a0 0x7f7b30109e20 unknown :-1 s=HELLO_CONNECTING pgs=0 cs=0 l=1 rev1=1 crypto rx=0 tx=0 comp rx=0 tx=0).handle_hello peer v2:172.21.15.7:3300/0 says I am v2:172.21.15.7:37152/0 (socket says 172.21.15.7:37152)
2024-05-09T04:40:02.039 INFO:teuthology.orchestra.run.smithi007.stdout:/usr/bin/ceph: stderr
2024-05-09T04:40:00.940+0000 7f7b35b44700 1 -- 172.21.15.7:0/827853266 learned_addr learned my addr 172.21.15.7:0/827853266 (peer_addr_for_me v2:172.21.15.7:0/0)
2024-05-09T04:40:02.039 INFO:teuthology.orchestra.run.smithi007.stdout:/usr/bin/ceph: stderr
2024-05-09T04:40:00.941+0000 7f7b35b44700 1 -- 172.21.15.7:0/827853266 --> [v2:172.21.15.7:3300/0,v1:172.21.15.7:6789/0] -- mon_subscribe({config=0+,monmap=0+}) -- 0x7f7b3010a360 con 0x7f7b3010a6a0
2024-05-09T04:40:02.039 INFO:teuthology.orchestra.run.smithi007.stdout:/usr/bin/ceph: stderr
2024-05-09T04:40:00.941+0000 7f7b35b44700 1 --2- 172.21.15.7:0/827853266 >> [v2:172.21.15.7:3300/0,v1:172.21.15.7:6789/0] conn(0x7f7b3010a6a0 0x7f7b30109e20 secure :-1 s=READY pgs=46 cs=0 l=1 rev1=1 crypto rx=0x7f7b2c004220 tx=0x7f7b2c00bd50 comp rx=0 tx=0).ready entity=mon.0 client_cookie=0 server_cookie=0 in_seq=0 out_seq=0
2024-05-09T04:40:02.039 INFO:teuthology.orchestra.run.smithi007.stdout:/usr/bin/ceph: stderr
2024-05-09T04:40:00.941+0000 7f7b26ffd700 1 -- 172.21.15.7:0/827853266 <== mon.0 v2:172.21.15.7:3300/0 1 ==== mon_map magic: 0 ==== 205+0+0 (secure 0 0 0) 0x7f7b2c020020 con 0x7f7b3010a6a0
2024-05-09T04:40:02.039 INFO:teuthology.orchestra.run.smithi007.stdout:/usr/bin/ceph: stderr
2024-05-09T04:40:00.941+0000 7f7b26ffd700 1 -- 172.21.15.7:0/827853266 <== mon.0 v2:172.21.15.7:3300/0 2 ==== config(26 keys) ==== 1070+0+0 (secure 0 0 0) 0x7f7b2c012430 con 0x7f7b3010a6a0
2024-05-09T04:40:02.039 INFO:teuthology.orchestra.run.smithi007.stdout:/usr/bin/ceph: stderr
2024-05-09T04:40:00.941+0000 7f7b26ffd700 1 -- 172.21.15.7:0/827853266 <== mon.0 v2:172.21.15.7:3300/0 3 ==== mon_map magic: 0 ==== 205+0+0 (secure 0 0 0) 0x7f7b2c017040 con 0x7f7b3010a6a0
2024-05-09T04:40:02.039 INFO:teuthology.orchestra.run.smithi007.stdout:/usr/bin/ceph: stderr
2024-05-09T04:40:00.941+0000 7f7b37da8700 1 -- 172.21.15.7:0/827853266 --> [v2:172.21.15.7:3300/0,v1:172.21.15.7:6789/0] -- mon_subscribe({mgrmap=0+}) -- 0x7f7b301085b0 con 0x7f7b3010a6a0
2024-05-09T04:40:02.039 INFO:teuthology.orchestra.run.smithi007.stdout:/usr/bin/ceph: stderr
2024-05-09T04:40:00.941+0000 7f7b37da8700 1 -- 172.21.15.7:0/827853266 --> [v2:172.21.15.7:3300/0,v1:172.21.15.7:6789/0] -- mon_subscribe({osdmap=0}) -- 0x7f7b30108af0 con 0x7f7b3010a6a0
2024-05-09T04:40:02.039 INFO:teuthology.orchestra.run.smithi007.stdout:/usr/bin/ceph: stderr
2024-05-09T04:40:00.942+0000 7f7b26ffd700 1 -- 172.21.15.7:0/827853266 <== mon.0 v2:172.21.15.7:3300/0 4 ==== mgrmap(e 8) ==== 50222+0+0 (secure 0 0 0) 0x7f7b2c023020 con 0x7f7b3010a6a0
2024-05-09T04:40:02.039 INFO:teuthology.orchestra.run.smithi007.stdout:/usr/bin/ceph: stderr
2024-05-09T04:40:00.942+0000 7f7b37da8700 1 -- 172.21.15.7:0/827853266 --> [v2:172.21.15.7:3300/0,v1:172.21.15.7:6789/0] -- mon_command({"prefix": "get_command_descriptions"} v 0) -- 0x7f7b30064e20 con 0x7f7b3010a6a0
2024-05-09T04:40:02.039 INFO:teuthology.orchestra.run.smithi007.stdout:/usr/bin/ceph: stderr
2024-05-09T04:40:00.942+0000 7f7b26ffd700 1 --2- 172.21.15.7:0/827853266 >> [v2:172.21.15.7:6800/2249565077,v1:172.21.15.7:6801/2249565077] conn(0x7f7b1c03e470 0x7f7b1c040980 unknown :-1 s=NONE pgs=0 cs=0 l=1 rev1=0 crypto rx=0 tx=0 comp rx=0 tx=0).connect
2024-05-09T04:40:02.039 INFO:teuthology.orchestra.run.smithi007.stdout:/usr/bin/ceph: stderr
2024-05-09T04:40:00.942+0000 7f7b26ffd700 1 -- 172.21.15.7:0/827853266 <== mon.0 v2:172.21.15.7:3300/0 5 ==== osd_map(2..2 src has 1..2) ==== 940+0+0 (secure 0 0 0) 0x7f7b2c00f050 con 0x7f7b3010a6a0
2024-05-09T04:40:02.040 INFO:teuthology.orchestra.run.smithi007.stdout:/usr/bin/ceph: stderr
2024-05-09T04:40:00.942+0000 7f7b35343700 1 --2- 172.21.15.7:0/827853266 >> [v2:172.21.15.7:6800/2249565077,v1:172.21.15.7:6801/2249565077] conn(0x7f7b1c03e470 0x7f7b1c040980 unknown :-1 s=BANNER_CONNECTING pgs=0 cs=0 l=1 rev1=0 crypto rx=0 tx=0 comp rx=0 tx=0)._handle_peer_banner_payload supported=3 required=0
2024-05-09T04:40:02.040 INFO:teuthology.orchestra.run.smithi007.stdout:/usr/bin/ceph: stderr
2024-05-09T04:40:00.943+0000 7f7b35343700 1 --2- 172.21.15.7:0/827853266 >> [v2:172.21.15.7:6800/2249565077,v1:172.21.15.7:6801/2249565077] conn(0x7f7b1c03e470 0x7f7b1c040980 secure :-1 s=READY pgs=12 cs=0 l=1 rev1=1 crypto rx=0x7f7b20006fd0 tx=0x7f7b20006e40 comp rx=0 tx=0).ready entity=mgr.14118 client_cookie=0 server_cookie=0 in_seq=0 out_seq=0
2024-05-09T04:40:02.040 INFO:teuthology.orchestra.run.smithi007.stdout:/usr/bin/ceph: stderr
2024-05-09T04:40:00.948+0000 7f7b26ffd700 1 -- 172.21.15.7:0/827853266 <== mon.0 v2:172.21.15.7:3300/0 6 ==== mon_command_ack([{"prefix": "get_command_descriptions"}]=0 v0) ==== 72+0+191963 (secure 0 0 0) 0x7f7b2c02a020 con 0x7f7b3010a6a0
2024-05-09T04:40:02.040 INFO:teuthology.orchestra.run.smithi007.stdout:/usr/bin/ceph: stderr
2024-05-09T04:40:01.192+0000 7f7b37da8700 1 -- 172.21.15.7:0/827853266 --> [v2:172.21.15.7:6800/2249565077,v1:172.21.15.7:6801/2249565077] -- mgr_command(tid 0: {"prefix": "orch apply", "service_type": "mon", "unmanaged": true, "target": ["mon-mgr", ""]}) -- 0x7f7b30109250 con 0x7f7b1c03e470
2024-05-09T04:40:02.040 INFO:teuthology.orchestra.run.smithi007.stdout:/usr/bin/ceph: stderr
2024-05-09T04:40:01.197+0000 7f7b26ffd700 1 -- 172.21.15.7:0/827853266 <== mgr.14118 v2:172.21.15.7:6800/2249565077 1 ==== mgr_command_reply(tid 0: 0 ) ==== 8+0+24 (secure 0 0 0) 0x7f7b30109250 con 0x7f7b1c03e470
2024-05-09T04:40:02.040 INFO:teuthology.orchestra.run.smithi007.stdout:/usr/bin/ceph: stderr
2024-05-09T04:40:01.199+0000 7f7b37da8700 1 -- 172.21.15.7:0/827853266 >> [v2:172.21.15.7:6800/2249565077,v1:172.21.15.7:6801/2249565077] conn(0x7f7b1c03e470 msgr2=0x7f7b1c040980 secure :-1 s=STATE_CONNECTION_ESTABLISHED l=1).mark_down
2024-05-09T04:40:02.040 INFO:teuthology.orchestra.run.smithi007.stdout:/usr/bin/ceph: stderr
2024-05-09T04:40:01.199+0000 7f7b37da8700 1 --2- 172.21.15.7:0/827853266 >> [v2:172.21.15.7:6800/2249565077,v1:172.21.15.7:6801/2249565077] conn(0x7f7b1c03e470 0x7f7b1c040980 secure :-1 s=READY pgs=12 cs=0 l=1 rev1=1 crypto rx=0x7f7b20006fd0 tx=0x7f7b20006e40 comp rx=0 tx=0).stop
2024-05-09T04:40:02.040 INFO:teuthology.orchestra.run.smithi007.stdout:/usr/bin/ceph: stderr
2024-05-09T04:40:01.199+0000 7f7b37da8700 1 -- 172.21.15.7:0/827853266 >> [v2:172.21.15.7:3300/0,v1:172.21.15.7:6789/0] conn(0x7f7b3010a6a0 msgr2=0x7f7b30109e20 secure :-1 s=STATE_CONNECTION_ESTABLISHED l=1).mark_down
2024-05-09T04:40:02.040 INFO:teuthology.orchestra.run.smithi007.stdout:/usr/bin/ceph: stderr
2024-05-09T04:40:01.199+0000 7f7b37da8700 1 --2- 172.21.15.7:0/827853266 >> [v2:172.21.15.7:3300/0,v1:172.21.15.7:6789/0] conn(0x7f7b3010a6a0 0x7f7b30109e20 secure :-1 s=READY pgs=46 cs=0 l=1 rev1=1 crypto rx=0x7f7b2c004220 tx=0x7f7b2c00bd50 comp rx=0 tx=0).stop
2024-05-09T04:40:02.040 INFO:teuthology.orchestra.run.smithi007.stdout:/usr/bin/ceph: stderr
2024-05-09T04:40:01.199+0000 7f7b37da8700 1 -- 172.21.15.7:0/827853266 shutdown_connections
2024-05-09T04:40:02.040 INFO:teuthology.orchestra.run.smithi007.stdout:/usr/bin/ceph: stderr
2024-05-09T04:40:01.199+0000 7f7b37da8700 1 --2- 172.21.15.7:0/827853266 >> [v2:172.21.15.7:6800/2249565077,v1:172.21.15.7:6801/2249565077] conn(0x7f7b1c03e470 0x7f7b1c040980 unknown :-1 s=CLOSED pgs=12 cs=0 l=1 rev1=1 crypto rx=0 tx=0 comp rx=0 tx=0).stop
2024-05-09T04:40:02.041 INFO:teuthology.orchestra.run.smithi007.stdout:/usr/bin/ceph: stderr
2024-05-09T04:40:01.199+0000 7f7b37da8700 1 --2- 172.21.15.7:0/827853266 >> [v2:172.21.15.7:3300/0,v1:172.21.15.7:6789/0] conn(0x7f7b3010a6a0 0x7f7b30109e20 unknown :-1 s=CLOSED pgs=46 cs=0 l=1 rev1=1 crypto rx=0 tx=0 comp rx=0 tx=0).stop
2024-05-09T04:40:02.041 INFO:teuthology.orchestra.run.smithi007.stdout:/usr/bin/ceph: stderr
2024-05-09T04:40:01.199+0000 7f7b37da8700 1 -- 172.21.15.7:0/827853266 >> 172.21.15.7:0/827853266 conn(0x7f7b301041e0 msgr2=0x7f7b30105ba0 unknown :-1 s=STATE_NONE l=0).mark_down
2024-05-09T04:40:02.041 INFO:teuthology.orchestra.run.smithi007.stdout:/usr/bin/ceph: stderr
2024-05-09T04:40:01.200+0000 7f7b37da8700 1 -- 172.21.15.7:0/827853266 shutdown_connections
2024-05-09T04:40:02.041 INFO:teuthology.orchestra.run.smithi007.stdout:/usr/bin/ceph: stderr
2024-05-09T04:40:01.200+0000 7f7b37da8700 1 -- 172.21.15.7:0/827853266 wait complete.
2024-05-09T04:40:02.041 INFO:teuthology.orchestra.run.smithi007.stdout:Deploying unmanaged mgr service...
2024-05-09T04:40:02.331 INFO:journalctl@ceph.mon.a.smithi007.stdout:May 09 04:40:02 smithi007 ceph-mon[30167]: from='client.14140 -' entity='client.admin' cmd=[{"prefix": "orch apply", "service_type": "mon", "unmanaged": true, "target": ["mon-mgr", ""]}]: dispatch
2024-05-09T04:40:02.331 INFO:journalctl@ceph.mon.a.smithi007.stdout:May 09 04:40:02 smithi007 ceph-mon[30167]: Saving service mon spec with placement count:5
2024-05-09T04:40:02.331 INFO:journalctl@ceph.mon.a.smithi007.stdout:May 09 04:40:02 smithi007 ceph-mon[30167]: from='mgr.14118 172.21.15.7:0/3820505327' entity='mgr.x'
2024-05-09T04:40:03.454 INFO:teuthology.orchestra.run.smithi007.stdout:/usr/bin/ceph: stdout Scheduled mgr update...
2024-05-09T04:40:03.454 INFO:teuthology.orchestra.run.smithi007.stdout:/usr/bin/ceph: stderr
2024-05-09T04:40:02.452+0000 7f997d36a700 1 Processor -- start
2024-05-09T04:40:03.454 INFO:teuthology.orchestra.run.smithi007.stdout:/usr/bin/ceph: stderr
2024-05-09T04:40:02.452+0000 7f997d36a700 1 -- start start
2024-05-09T04:40:03.454 INFO:teuthology.orchestra.run.smithi007.stdout:/usr/bin/ceph: stderr
2024-05-09T04:40:02.452+0000 7f997d36a700 1 --2- >> [v2:172.21.15.7:3300/0,v1:172.21.15.7:6789/0] conn(0x7f997810a770 0x7f997810cb90 unknown :-1 s=NONE pgs=0 cs=0 l=0 rev1=0 crypto rx=0 tx=0 comp rx=0 tx=0).connect
2024-05-09T04:40:03.454 INFO:teuthology.orchestra.run.smithi007.stdout:/usr/bin/ceph: stderr
2024-05-09T04:40:02.452+0000 7f997d36a700 1 -- --> [v2:172.21.15.7:3300/0,v1:172.21.15.7:6789/0] -- mon_getmap magic: 0 -- 0x7f997807d870 con 0x7f997810a770
2024-05-09T04:40:03.454 INFO:teuthology.orchestra.run.smithi007.stdout:/usr/bin/ceph: stderr
2024-05-09T04:40:02.452+0000 7f9976ffd700 1 --2- >> [v2:172.21.15.7:3300/0,v1:172.21.15.7:6789/0] conn(0x7f997810a770 0x7f997810cb90 unknown :-1 s=BANNER_CONNECTING pgs=0 cs=0 l=0 rev1=0 crypto rx=0 tx=0 comp rx=0 tx=0)._handle_peer_banner_payload supported=3 required=0
2024-05-09T04:40:03.454 INFO:teuthology.orchestra.run.smithi007.stdout:/usr/bin/ceph: stderr
2024-05-09T04:40:02.452+0000 7f9976ffd700 1 --2- >> [v2:172.21.15.7:3300/0,v1:172.21.15.7:6789/0] conn(0x7f997810a770 0x7f997810cb90 unknown :-1 s=HELLO_CONNECTING pgs=0 cs=0 l=0 rev1=1 crypto rx=0 tx=0 comp rx=0 tx=0).handle_hello peer v2:172.21.15.7:3300/0 says I am v2:172.21.15.7:37168/0 (socket says 172.21.15.7:37168)
2024-05-09T04:40:03.455 INFO:teuthology.orchestra.run.smithi007.stdout:/usr/bin/ceph: stderr
2024-05-09T04:40:02.452+0000 7f9976ffd700 1 -- 172.21.15.7:0/1610805174 learned_addr learned my addr 172.21.15.7:0/1610805174 (peer_addr_for_me v2:172.21.15.7:0/0)
2024-05-09T04:40:03.455 INFO:teuthology.orchestra.run.smithi007.stdout:/usr/bin/ceph: stderr
2024-05-09T04:40:02.453+0000 7f9976ffd700 1 -- 172.21.15.7:0/1610805174 --> [v2:172.21.15.7:3300/0,v1:172.21.15.7:6789/0] -- mon_subscribe({config=0+,monmap=0+}) -- 0x7f997810d0d0 con 0x7f997810a770
2024-05-09T04:40:03.455 INFO:teuthology.orchestra.run.smithi007.stdout:/usr/bin/ceph: stderr
2024-05-09T04:40:02.453+0000 7f9976ffd700 1 --2- 172.21.15.7:0/1610805174 >> [v2:172.21.15.7:3300/0,v1:172.21.15.7:6789/0] conn(0x7f997810a770 0x7f997810cb90 secure :-1 s=READY pgs=47 cs=0 l=1 rev1=1 crypto rx=0x7f99680098a0 tx=0x7f9968009bb0 comp rx=0 tx=0).ready entity=mon.0 client_cookie=a8bb2e808eebb88 server_cookie=0 in_seq=0 out_seq=0
2024-05-09T04:40:03.455 INFO:teuthology.orchestra.run.smithi007.stdout:/usr/bin/ceph: stderr
2024-05-09T04:40:02.453+0000 7f9975ffb700 1 -- 172.21.15.7:0/1610805174 <== mon.0 v2:172.21.15.7:3300/0 1 ==== mon_map magic: 0 ==== 205+0+0 (secure 0 0 0) 0x7f9968004160 con 0x7f997810a770
2024-05-09T04:40:03.455 INFO:teuthology.orchestra.run.smithi007.stdout:/usr/bin/ceph: stderr
2024-05-09T04:40:02.453+0000 7f9975ffb700 1 -- 172.21.15.7:0/1610805174 <== mon.0 v2:172.21.15.7:3300/0 2 ==== config(26 keys) ==== 1070+0+0 (secure 0 0 0) 0x7f9968004300 con 0x7f997810a770
2024-05-09T04:40:03.455 INFO:teuthology.orchestra.run.smithi007.stdout:/usr/bin/ceph: stderr
2024-05-09T04:40:02.453+0000 7f9975ffb700 1 -- 172.21.15.7:0/1610805174 <== mon.0 v2:172.21.15.7:3300/0 3 ==== mon_map magic: 0 ==== 205+0+0 (secure 0 0 0) 0x7f9968011af0 con 0x7f997810a770
2024-05-09T04:40:03.455 INFO:teuthology.orchestra.run.smithi007.stdout:/usr/bin/ceph: stderr
2024-05-09T04:40:02.454+0000 7f997d36a700 1 -- 172.21.15.7:0/1610805174 >> [v2:172.21.15.7:3300/0,v1:172.21.15.7:6789/0] conn(0x7f997810a770 msgr2=0x7f997810cb90 secure :-1 s=STATE_CONNECTION_ESTABLISHED l=1).mark_down
2024-05-09T04:40:03.455 INFO:teuthology.orchestra.run.smithi007.stdout:/usr/bin/ceph: stderr
2024-05-09T04:40:02.454+0000 7f997d36a700 1 --2- 172.21.15.7:0/1610805174 >> [v2:172.21.15.7:3300/0,v1:172.21.15.7:6789/0] conn(0x7f997810a770 0x7f997810cb90 secure :-1 s=READY pgs=47 cs=0 l=1 rev1=1 crypto rx=0x7f99680098a0 tx=0x7f9968009bb0 comp rx=0 tx=0).stop
2024-05-09T04:40:03.455 INFO:teuthology.orchestra.run.smithi007.stdout:/usr/bin/ceph: stderr
2024-05-09T04:40:02.454+0000 7f997d36a700 1 -- 172.21.15.7:0/1610805174 shutdown_connections
2024-05-09T04:40:03.455 INFO:teuthology.orchestra.run.smithi007.stdout:/usr/bin/ceph: stderr
2024-05-09T04:40:02.454+0000 7f997d36a700 1 --2- 172.21.15.7:0/1610805174 >> [v2:172.21.15.7:3300/0,v1:172.21.15.7:6789/0] conn(0x7f997810a770 0x7f997810cb90 unknown :-1 s=CLOSED pgs=47 cs=0 l=1 rev1=1 crypto rx=0 tx=0 comp rx=0 tx=0).stop
2024-05-09T04:40:03.455 INFO:teuthology.orchestra.run.smithi007.stdout:/usr/bin/ceph: stderr
2024-05-09T04:40:02.454+0000 7f997d36a700 1 -- 172.21.15.7:0/1610805174 >> 172.21.15.7:0/1610805174 conn(0x7f99781041f0 msgr2=0x7f9978106640 unknown :-1 s=STATE_NONE l=0).mark_down
2024-05-09T04:40:03.455 INFO:teuthology.orchestra.run.smithi007.stdout:/usr/bin/ceph: stderr
2024-05-09T04:40:02.454+0000 7f997d36a700 1 -- 172.21.15.7:0/1610805174 shutdown_connections
2024-05-09T04:40:03.455 INFO:teuthology.orchestra.run.smithi007.stdout:/usr/bin/ceph: stderr
2024-05-09T04:40:02.454+0000 7f997d36a700 1 -- 172.21.15.7:0/1610805174 wait complete.
2024-05-09T04:40:03.456 INFO:teuthology.orchestra.run.smithi007.stdout:/usr/bin/ceph: stderr
2024-05-09T04:40:02.455+0000 7f997d36a700 1 Processor -- start
2024-05-09T04:40:03.456 INFO:teuthology.orchestra.run.smithi007.stdout:/usr/bin/ceph: stderr
2024-05-09T04:40:02.455+0000 7f997d36a700 1 -- start start
2024-05-09T04:40:03.456 INFO:teuthology.orchestra.run.smithi007.stdout:/usr/bin/ceph: stderr
2024-05-09T04:40:02.455+0000 7f997d36a700 1 --2- >> [v2:172.21.15.7:3300/0,v1:172.21.15.7:6789/0] conn(0x7f997810a770 0x7f997819e060 unknown :-1 s=NONE pgs=0 cs=0 l=1 rev1=0 crypto rx=0 tx=0 comp rx=0 tx=0).connect
2024-05-09T04:40:03.456 INFO:teuthology.orchestra.run.smithi007.stdout:/usr/bin/ceph: stderr
2024-05-09T04:40:02.455+0000 7f997d36a700 1 -- --> [v2:172.21.15.7:3300/0,v1:172.21.15.7:6789/0] -- mon_getmap magic: 0 -- 0x7f997810e030 con 0x7f997810a770
2024-05-09T04:40:03.456 INFO:teuthology.orchestra.run.smithi007.stdout:/usr/bin/ceph: stderr
2024-05-09T04:40:02.455+0000 7f9976ffd700 1 --2- >> [v2:172.21.15.7:3300/0,v1:172.21.15.7:6789/0] conn(0x7f997810a770 0x7f997819e060 unknown :-1 s=BANNER_CONNECTING pgs=0 cs=0 l=1 rev1=0 crypto rx=0 tx=0 comp rx=0 tx=0)._handle_peer_banner_payload supported=3 required=0
2024-05-09T04:40:03.456 INFO:teuthology.orchestra.run.smithi007.stdout:/usr/bin/ceph: stderr
2024-05-09T04:40:02.455+0000 7f9976ffd700 1 --2- >> [v2:172.21.15.7:3300/0,v1:172.21.15.7:6789/0] conn(0x7f997810a770 0x7f997819e060 unknown :-1 s=HELLO_CONNECTING pgs=0 cs=0 l=1 rev1=1 crypto rx=0 tx=0 comp rx=0 tx=0).handle_hello peer v2:172.21.15.7:3300/0 says I am v2:172.21.15.7:37172/0 (socket says 172.21.15.7:37172)
2024-05-09T04:40:03.456 INFO:teuthology.orchestra.run.smithi007.stdout:/usr/bin/ceph: stderr
2024-05-09T04:40:02.455+0000 7f9976ffd700 1 -- 172.21.15.7:0/4257356099 learned_addr learned my addr 172.21.15.7:0/4257356099 (peer_addr_for_me v2:172.21.15.7:0/0)
2024-05-09T04:40:03.456 INFO:teuthology.orchestra.run.smithi007.stdout:/usr/bin/ceph: stderr
2024-05-09T04:40:02.455+0000 7f9976ffd700 1 -- 172.21.15.7:0/4257356099 --> [v2:172.21.15.7:3300/0,v1:172.21.15.7:6789/0] -- mon_subscribe({config=0+,monmap=0+}) -- 0x7f997819e5a0 con 0x7f997810a770
2024-05-09T04:40:03.456 INFO:teuthology.orchestra.run.smithi007.stdout:/usr/bin/ceph: stderr
2024-05-09T04:40:02.456+0000 7f9976ffd700 1 --2- 172.21.15.7:0/4257356099 >> [v2:172.21.15.7:3300/0,v1:172.21.15.7:6789/0] conn(0x7f997810a770 0x7f997819e060 secure :-1 s=READY pgs=48 cs=0 l=1 rev1=1 crypto rx=0x7f9968009fb0 tx=0x7f9968011940 comp rx=0 tx=0).ready entity=mon.0 client_cookie=0 server_cookie=0 in_seq=0 out_seq=0
2024-05-09T04:40:03.456 INFO:teuthology.orchestra.run.smithi007.stdout:/usr/bin/ceph: stderr
2024-05-09T04:40:02.456+0000 7f995ffff700 1 -- 172.21.15.7:0/4257356099 <== mon.0 v2:172.21.15.7:3300/0 1 ==== mon_map magic: 0 ==== 205+0+0 (secure 0 0 0) 0x7f99680036a0 con 0x7f997810a770
2024-05-09T04:40:03.456 INFO:teuthology.orchestra.run.smithi007.stdout:/usr/bin/ceph: stderr
2024-05-09T04:40:02.456+0000 7f997d36a700 1 -- 172.21.15.7:0/4257356099 --> [v2:172.21.15.7:3300/0,v1:172.21.15.7:6789/0] -- mon_subscribe({mgrmap=0+}) -- 0x7f997819e830 con 0x7f997810a770
2024-05-09T04:40:03.456 INFO:teuthology.orchestra.run.smithi007.stdout:/usr/bin/ceph: stderr
2024-05-09T04:40:02.456+0000 7f995ffff700 1 -- 172.21.15.7:0/4257356099 <== mon.0 v2:172.21.15.7:3300/0 2 ==== config(26 keys) ==== 1070+0+0 (secure 0 0 0) 0x7f996801a430 con 0x7f997810a770
2024-05-09T04:40:03.457 INFO:teuthology.orchestra.run.smithi007.stdout:/usr/bin/ceph: stderr
2024-05-09T04:40:02.456+0000 7f995ffff700 1 -- 172.21.15.7:0/4257356099 <== mon.0 v2:172.21.15.7:3300/0 3 ==== mon_map magic: 0 ==== 205+0+0 (secure 0 0 0) 0x7f9968019550 con 0x7f997810a770
2024-05-09T04:40:03.457 INFO:teuthology.orchestra.run.smithi007.stdout:/usr/bin/ceph: stderr
2024-05-09T04:40:02.456+0000 7f997d36a700 1 -- 172.21.15.7:0/4257356099 --> [v2:172.21.15.7:3300/0,v1:172.21.15.7:6789/0] -- mon_subscribe({osdmap=0}) -- 0x7f99781a1440 con 0x7f997810a770
2024-05-09T04:40:03.457 INFO:teuthology.orchestra.run.smithi007.stdout:/usr/bin/ceph: stderr
2024-05-09T04:40:02.457+0000 7f995ffff700 1 -- 172.21.15.7:0/4257356099 <== mon.0 v2:172.21.15.7:3300/0 4 ==== mgrmap(e 8) ==== 50222+0+0 (secure 0 0 0) 0x7f9968019850 con 0x7f997810a770
2024-05-09T04:40:03.457 INFO:teuthology.orchestra.run.smithi007.stdout:/usr/bin/ceph: stderr
2024-05-09T04:40:02.457+0000 7f997d36a700 1 -- 172.21.15.7:0/4257356099 --> [v2:172.21.15.7:3300/0,v1:172.21.15.7:6789/0] -- mon_command({"prefix": "get_command_descriptions"} v 0) -- 0x7f9978064e20 con 0x7f997810a770
2024-05-09T04:40:03.457 INFO:teuthology.orchestra.run.smithi007.stdout:/usr/bin/ceph: stderr
2024-05-09T04:40:02.457+0000 7f995ffff700 1 --2- 172.21.15.7:0/4257356099 >> [v2:172.21.15.7:6800/2249565077,v1:172.21.15.7:6801/2249565077] conn(0x7f996003e420 0x7f9960040930 unknown :-1 s=NONE pgs=0 cs=0 l=1 rev1=0 crypto rx=0 tx=0 comp rx=0 tx=0).connect
2024-05-09T04:40:03.457 INFO:teuthology.orchestra.run.smithi007.stdout:/usr/bin/ceph: stderr
2024-05-09T04:40:02.457+0000 7f995ffff700 1 -- 172.21.15.7:0/4257356099 <== mon.0 v2:172.21.15.7:3300/0 5 ==== osd_map(2..2 src has 1..2) ==== 940+0+0 (secure 0 0 0) 0x7f9968053870 con 0x7f997810a770
2024-05-09T04:40:03.457 INFO:teuthology.orchestra.run.smithi007.stdout:/usr/bin/ceph: stderr
2024-05-09T04:40:02.457+0000 7f99767fc700 1 --2- 172.21.15.7:0/4257356099 >> [v2:172.21.15.7:6800/2249565077,v1:172.21.15.7:6801/2249565077] conn(0x7f996003e420 0x7f9960040930 unknown :-1 s=BANNER_CONNECTING pgs=0 cs=0 l=1 rev1=0 crypto rx=0 tx=0 comp rx=0 tx=0)._handle_peer_banner_payload supported=3 required=0
2024-05-09T04:40:03.457 INFO:teuthology.orchestra.run.smithi007.stdout:/usr/bin/ceph: stderr
2024-05-09T04:40:02.458+0000 7f99767fc700 1 --2- 172.21.15.7:0/4257356099 >> [v2:172.21.15.7:6800/2249565077,v1:172.21.15.7:6801/2249565077] conn(0x7f996003e420 0x7f9960040930 secure :-1 s=READY pgs=13 cs=0 l=1 rev1=1 crypto rx=0x7f996c006fd0 tx=0x7f996c006e40 comp rx=0 tx=0).ready entity=mgr.14118 client_cookie=0 server_cookie=0 in_seq=0 out_seq=0
2024-05-09T04:40:03.457 INFO:teuthology.orchestra.run.smithi007.stdout:/usr/bin/ceph: stderr
2024-05-09T04:40:02.462+0000 7f995ffff700 1 -- 172.21.15.7:0/4257356099 <== mon.0 v2:172.21.15.7:3300/0 6 ==== mon_command_ack([{"prefix": "get_command_descriptions"}]=0 v0) ==== 72+0+191963 (secure 0 0 0) 0x7f9968017e90 con 0x7f997810a770
2024-05-09T04:40:03.457 INFO:teuthology.orchestra.run.smithi007.stdout:/usr/bin/ceph: stderr
2024-05-09T04:40:02.691+0000 7f997d36a700 1 -- 172.21.15.7:0/4257356099 --> [v2:172.21.15.7:6800/2249565077,v1:172.21.15.7:6801/2249565077] -- mgr_command(tid 0: {"prefix": "orch apply", "service_type": "mgr", "unmanaged": true, "target": ["mon-mgr", ""]}) -- 0x7f9978106300 con 0x7f996003e420
2024-05-09T04:40:03.457 INFO:teuthology.orchestra.run.smithi007.stdout:/usr/bin/ceph: stderr
2024-05-09T04:40:02.696+0000 7f995ffff700 1 -- 172.21.15.7:0/4257356099 <== mgr.14118 v2:172.21.15.7:6800/2249565077 1 ==== mgr_command_reply(tid 0: 0 ) ==== 8+0+24 (secure 0 0 0) 0x7f9978106300 con 0x7f996003e420
2024-05-09T04:40:03.457 INFO:teuthology.orchestra.run.smithi007.stdout:/usr/bin/ceph: stderr
2024-05-09T04:40:02.698+0000 7f997d36a700 1 -- 172.21.15.7:0/4257356099 >> [v2:172.21.15.7:6800/2249565077,v1:172.21.15.7:6801/2249565077] conn(0x7f996003e420 msgr2=0x7f9960040930 secure :-1 s=STATE_CONNECTION_ESTABLISHED l=1).mark_down
2024-05-09T04:40:03.457 INFO:teuthology.orchestra.run.smithi007.stdout:/usr/bin/ceph: stderr
2024-05-09T04:40:02.698+0000 7f997d36a700 1 --2- 172.21.15.7:0/4257356099 >> [v2:172.21.15.7:6800/2249565077,v1:172.21.15.7:6801/2249565077] conn(0x7f996003e420 0x7f9960040930 secure :-1 s=READY pgs=13 cs=0 l=1 rev1=1 crypto rx=0x7f996c006fd0 tx=0x7f996c006e40 comp rx=0 tx=0).stop
2024-05-09T04:40:03.457 INFO:teuthology.orchestra.run.smithi007.stdout:/usr/bin/ceph: stderr
2024-05-09T04:40:02.698+0000 7f997d36a700 1 -- 172.21.15.7:0/4257356099 >> [v2:172.21.15.7:3300/0,v1:172.21.15.7:6789/0] conn(0x7f997810a770 msgr2=0x7f997819e060 secure :-1 s=STATE_CONNECTION_ESTABLISHED l=1).mark_down
2024-05-09T04:40:03.457 INFO:teuthology.orchestra.run.smithi007.stdout:/usr/bin/ceph: stderr
2024-05-09T04:40:02.698+0000 7f997d36a700 1 --2- 172.21.15.7:0/4257356099 >> [v2:172.21.15.7:3300/0,v1:172.21.15.7:6789/0] conn(0x7f997810a770 0x7f997819e060 secure :-1 s=READY pgs=48 cs=0 l=1 rev1=1 crypto rx=0x7f9968009fb0 tx=0x7f9968011940 comp rx=0 tx=0).stop
2024-05-09T04:40:03.458 INFO:teuthology.orchestra.run.smithi007.stdout:/usr/bin/ceph: stderr
2024-05-09T04:40:02.698+0000 7f997d36a700 1 -- 172.21.15.7:0/4257356099 shutdown_connections
2024-05-09T04:40:03.458 INFO:teuthology.orchestra.run.smithi007.stdout:/usr/bin/ceph: stderr
2024-05-09T04:40:02.698+0000 7f997d36a700 1 --2- 172.21.15.7:0/4257356099 >> [v2:172.21.15.7:6800/2249565077,v1:172.21.15.7:6801/2249565077] conn(0x7f996003e420 0x7f9960040930 unknown :-1 s=CLOSED pgs=13 cs=0 l=1 rev1=1 crypto rx=0 tx=0 comp rx=0 tx=0).stop
2024-05-09T04:40:03.458 INFO:teuthology.orchestra.run.smithi007.stdout:/usr/bin/ceph: stderr
2024-05-09T04:40:02.698+0000 7f997d36a700 1 --2- 172.21.15.7:0/4257356099 >> [v2:172.21.15.7:3300/0,v1:172.21.15.7:6789/0] conn(0x7f997810a770 0x7f997819e060 unknown :-1 s=CLOSED pgs=48 cs=0 l=1 rev1=1 crypto rx=0 tx=0 comp rx=0 tx=0).stop
2024-05-09T04:40:03.458 INFO:teuthology.orchestra.run.smithi007.stdout:/usr/bin/ceph: stderr
2024-05-09T04:40:02.698+0000 7f997d36a700 1 -- 172.21.15.7:0/4257356099 >> 172.21.15.7:0/4257356099 conn(0x7f99781041f0 msgr2=0x7f9978105b70 unknown :-1 s=STATE_NONE l=0).mark_down
2024-05-09T04:40:03.458 INFO:teuthology.orchestra.run.smithi007.stdout:/usr/bin/ceph: stderr
2024-05-09T04:40:02.699+0000 7f997d36a700 1 -- 172.21.15.7:0/4257356099 shutdown_connections
2024-05-09T04:40:03.458 INFO:teuthology.orchestra.run.smithi007.stdout:/usr/bin/ceph: stderr
2024-05-09T04:40:02.699+0000 7f997d36a700 1 -- 172.21.15.7:0/4257356099 wait complete.
2024-05-09T04:40:03.782 INFO:journalctl@ceph.mon.a.smithi007.stdout:May 09 04:40:03 smithi007 ceph-mon[30167]: from='client.14142 -' entity='client.admin' cmd=[{"prefix": "orch apply", "service_type": "mgr", "unmanaged": true, "target": ["mon-mgr", ""]}]: dispatch
2024-05-09T04:40:03.782 INFO:journalctl@ceph.mon.a.smithi007.stdout:May 09 04:40:03 smithi007 ceph-mon[30167]: Saving service mgr spec with placement count:2
2024-05-09T04:40:03.783 INFO:journalctl@ceph.mon.a.smithi007.stdout:May 09 04:40:03 smithi007 ceph-mon[30167]: from='mgr.14118 172.21.15.7:0/3820505327' entity='mgr.x'
2024-05-09T04:40:03.783 INFO:journalctl@ceph.mon.a.smithi007.stdout:May 09 04:40:03 smithi007 ceph-mon[30167]: from='mgr.14118 172.21.15.7:0/3820505327' entity='mgr.x'
2024-05-09T04:40:03.783 INFO:journalctl@ceph.mon.a.smithi007.stdout:May 09 04:40:03 smithi007 ceph-mon[30167]: from='mgr.14118 172.21.15.7:0/3820505327' entity='mgr.x'
2024-05-09T04:40:04.686 INFO:teuthology.orchestra.run.smithi007.stdout:/usr/bin/ceph: stderr
2024-05-09T04:40:03.901+0000 7fb9a414d700 1 Processor -- start
2024-05-09T04:40:04.686 INFO:teuthology.orchestra.run.smithi007.stdout:/usr/bin/ceph: stderr
2024-05-09T04:40:03.901+0000 7fb9a414d700 1 -- start start
2024-05-09T04:40:04.686 INFO:teuthology.orchestra.run.smithi007.stdout:/usr/bin/ceph: stderr
2024-05-09T04:40:03.902+0000 7fb9a414d700 1 --2- >> [v2:172.21.15.7:3300/0,v1:172.21.15.7:6789/0] conn(0x7fb99c108ac0 0x7fb99c108ed0 unknown :-1 s=NONE pgs=0 cs=0 l=0 rev1=0 crypto rx=0 tx=0 comp rx=0 tx=0).connect
2024-05-09T04:40:04.686 INFO:teuthology.orchestra.run.smithi007.stdout:/usr/bin/ceph: stderr
2024-05-09T04:40:03.902+0000 7fb9a414d700 1 -- --> [v2:172.21.15.7:3300/0,v1:172.21.15.7:6789/0] -- mon_getmap magic: 0 -- 0x7fb99c1094c0 con 0x7fb99c108ac0
2024-05-09T04:40:04.686 INFO:teuthology.orchestra.run.smithi007.stdout:/usr/bin/ceph: stderr
2024-05-09T04:40:03.902+0000 7fb9a1ee9700 1 --2- >> [v2:172.21.15.7:3300/0,v1:172.21.15.7:6789/0] conn(0x7fb99c108ac0 0x7fb99c108ed0 unknown :-1 s=BANNER_CONNECTING pgs=0 cs=0 l=0 rev1=0 crypto rx=0 tx=0 comp rx=0 tx=0)._handle_peer_banner_payload supported=3 required=0
2024-05-09T04:40:04.686 INFO:teuthology.orchestra.run.smithi007.stdout:/usr/bin/ceph: stderr
2024-05-09T04:40:03.902+0000 7fb9a1ee9700 1 --2- >> [v2:172.21.15.7:3300/0,v1:172.21.15.7:6789/0] conn(0x7fb99c108ac0 0x7fb99c108ed0 unknown :-1 s=HELLO_CONNECTING pgs=0 cs=0 l=0 rev1=1 crypto rx=0 tx=0 comp rx=0 tx=0).handle_hello peer v2:172.21.15.7:3300/0 says I am v2:172.21.15.7:37186/0 (socket says 172.21.15.7:37186)
2024-05-09T04:40:04.686 INFO:teuthology.orchestra.run.smithi007.stdout:/usr/bin/ceph: stderr
2024-05-09T04:40:03.902+0000 7fb9a1ee9700 1 -- 172.21.15.7:0/3001702978 learned_addr learned my addr 172.21.15.7:0/3001702978 (peer_addr_for_me v2:172.21.15.7:0/0)
2024-05-09T04:40:04.686 INFO:teuthology.orchestra.run.smithi007.stdout:/usr/bin/ceph: stderr
2024-05-09T04:40:03.902+0000 7fb9a1ee9700 1 -- 172.21.15.7:0/3001702978 --> [v2:172.21.15.7:3300/0,v1:172.21.15.7:6789/0] -- mon_subscribe({config=0+,monmap=0+}) -- 0x7fb99c109c90 con 0x7fb99c108ac0
2024-05-09T04:40:04.686 INFO:teuthology.orchestra.run.smithi007.stdout:/usr/bin/ceph: stderr
2024-05-09T04:40:03.902+0000 7fb9a1ee9700 1 --2- 172.21.15.7:0/3001702978 >> [v2:172.21.15.7:3300/0,v1:172.21.15.7:6789/0] conn(0x7fb99c108ac0 0x7fb99c108ed0 secure :-1 s=READY pgs=49 cs=0 l=1 rev1=1 crypto rx=0x7fb9980098a0 tx=0x7fb998009bb0 comp rx=0 tx=0).ready entity=mon.0 client_cookie=4eda1ea068ba5360 server_cookie=0 in_seq=0 out_seq=0
2024-05-09T04:40:04.687 INFO:teuthology.orchestra.run.smithi007.stdout:/usr/bin/ceph: stderr
2024-05-09T04:40:03.903+0000 7fb9a0ee7700 1 -- 172.21.15.7:0/3001702978 <== mon.0 v2:172.21.15.7:3300/0 1 ==== mon_map magic: 0 ==== 205+0+0 (secure 0 0 0) 0x7fb998004160 con 0x7fb99c108ac0
2024-05-09T04:40:04.687 INFO:teuthology.orchestra.run.smithi007.stdout:/usr/bin/ceph: stderr
2024-05-09T04:40:03.903+0000 7fb9a0ee7700 1 -- 172.21.15.7:0/3001702978 <== mon.0 v2:172.21.15.7:3300/0 2 ==== config(26 keys) ==== 1101+0+0 (secure 0 0 0) 0x7fb998004300 con 0x7fb99c108ac0
2024-05-09T04:40:04.687 INFO:teuthology.orchestra.run.smithi007.stdout:/usr/bin/ceph: stderr
2024-05-09T04:40:03.903+0000 7fb9a0ee7700 1 -- 172.21.15.7:0/3001702978 <== mon.0 v2:172.21.15.7:3300/0 3 ==== mon_map magic: 0 ==== 205+0+0 (secure 0 0 0) 0x7fb998011a20 con 0x7fb99c108ac0
2024-05-09T04:40:04.687 INFO:teuthology.orchestra.run.smithi007.stdout:/usr/bin/ceph: stderr
2024-05-09T04:40:03.903+0000 7fb9a414d700 1 -- 172.21.15.7:0/3001702978 >> [v2:172.21.15.7:3300/0,v1:172.21.15.7:6789/0] conn(0x7fb99c108ac0 msgr2=0x7fb99c108ed0 secure :-1 s=STATE_CONNECTION_ESTABLISHED l=1).mark_down
2024-05-09T04:40:04.687 INFO:teuthology.orchestra.run.smithi007.stdout:/usr/bin/ceph: stderr
2024-05-09T04:40:03.903+0000 7fb9a414d700 1 --2- 172.21.15.7:0/3001702978 >> [v2:172.21.15.7:3300/0,v1:172.21.15.7:6789/0] conn(0x7fb99c108ac0 0x7fb99c108ed0 secure :-1 s=READY pgs=49 cs=0 l=1 rev1=1 crypto rx=0x7fb9980098a0 tx=0x7fb998009bb0 comp rx=0 tx=0).stop
2024-05-09T04:40:04.687 INFO:teuthology.orchestra.run.smithi007.stdout:/usr/bin/ceph: stderr
2024-05-09T04:40:03.903+0000 7fb9a414d700 1 -- 172.21.15.7:0/3001702978 shutdown_connections
2024-05-09T04:40:04.687 INFO:teuthology.orchestra.run.smithi007.stdout:/usr/bin/ceph: stderr
2024-05-09T04:40:03.903+0000 7fb9a414d700 1 --2- 172.21.15.7:0/3001702978 >> [v2:172.21.15.7:3300/0,v1:172.21.15.7:6789/0] conn(0x7fb99c108ac0 0x7fb99c108ed0 unknown :-1 s=CLOSED pgs=49 cs=0 l=1 rev1=1 crypto rx=0 tx=0 comp rx=0 tx=0).stop
2024-05-09T04:40:04.687 INFO:teuthology.orchestra.run.smithi007.stdout:/usr/bin/ceph: stderr
2024-05-09T04:40:03.903+0000 7fb9a414d700 1 -- 172.21.15.7:0/3001702978 >> 172.21.15.7:0/3001702978 conn(0x7fb99c1041e0 msgr2=0x7fb99c106630 unknown :-1 s=STATE_NONE l=0).mark_down
2024-05-09T04:40:04.687 INFO:teuthology.orchestra.run.smithi007.stdout:/usr/bin/ceph: stderr
2024-05-09T04:40:03.904+0000 7fb9a414d700 1 -- 172.21.15.7:0/3001702978 shutdown_connections
2024-05-09T04:40:04.687 INFO:teuthology.orchestra.run.smithi007.stdout:/usr/bin/ceph: stderr
2024-05-09T04:40:03.904+0000 7fb9a414d700 1 -- 172.21.15.7:0/3001702978 wait complete.
2024-05-09T04:40:04.687 INFO:teuthology.orchestra.run.smithi007.stdout:/usr/bin/ceph: stderr
2024-05-09T04:40:03.904+0000 7fb9a414d700 1 Processor -- start
2024-05-09T04:40:04.687 INFO:teuthology.orchestra.run.smithi007.stdout:/usr/bin/ceph: stderr
2024-05-09T04:40:03.904+0000 7fb9a414d700 1 -- start start
2024-05-09T04:40:04.687 INFO:teuthology.orchestra.run.smithi007.stdout:/usr/bin/ceph: stderr
2024-05-09T04:40:03.905+0000 7fb9a414d700 1 --2- >> [v2:172.21.15.7:3300/0,v1:172.21.15.7:6789/0] conn(0x7fb99c108ac0 0x7fb99c19cf20 unknown :-1 s=NONE pgs=0 cs=0 l=1 rev1=0 crypto rx=0 tx=0 comp rx=0 tx=0).connect
2024-05-09T04:40:04.688 INFO:teuthology.orchestra.run.smithi007.stdout:/usr/bin/ceph: stderr
2024-05-09T04:40:03.905+0000 7fb9a414d700 1 -- --> [v2:172.21.15.7:3300/0,v1:172.21.15.7:6789/0] -- mon_getmap magic: 0 -- 0x7fb99c10d040 con 0x7fb99c108ac0
2024-05-09T04:40:04.688 INFO:teuthology.orchestra.run.smithi007.stdout:/usr/bin/ceph: stderr
2024-05-09T04:40:03.905+0000 7fb9a1ee9700 1 --2- >> [v2:172.21.15.7:3300/0,v1:172.21.15.7:6789/0] conn(0x7fb99c108ac0 0x7fb99c19cf20 unknown :-1 s=BANNER_CONNECTING pgs=0 cs=0 l=1 rev1=0 crypto rx=0 tx=0 comp rx=0 tx=0)._handle_peer_banner_payload supported=3 required=0
2024-05-09T04:40:04.688 INFO:teuthology.orchestra.run.smithi007.stdout:/usr/bin/ceph: stderr
2024-05-09T04:40:03.905+0000 7fb9a1ee9700 1 --2- >> [v2:172.21.15.7:3300/0,v1:172.21.15.7:6789/0] conn(0x7fb99c108ac0 0x7fb99c19cf20 unknown :-1 s=HELLO_CONNECTING pgs=0 cs=0 l=1 rev1=1 crypto rx=0 tx=0 comp rx=0 tx=0).handle_hello peer v2:172.21.15.7:3300/0 says I am v2:172.21.15.7:37194/0 (socket says 172.21.15.7:37194)
2024-05-09T04:40:04.688 INFO:teuthology.orchestra.run.smithi007.stdout:/usr/bin/ceph: stderr
2024-05-09T04:40:03.905+0000 7fb9a1ee9700 1 -- 172.21.15.7:0/3202759064 learned_addr learned my addr 172.21.15.7:0/3202759064 (peer_addr_for_me v2:172.21.15.7:0/0)
2024-05-09T04:40:04.688 INFO:teuthology.orchestra.run.smithi007.stdout:/usr/bin/ceph: stderr
2024-05-09T04:40:03.905+0000 7fb9a1ee9700 1 -- 172.21.15.7:0/3202759064 --> [v2:172.21.15.7:3300/0,v1:172.21.15.7:6789/0] -- mon_subscribe({config=0+,monmap=0+}) -- 0x7fb99c19d460 con 0x7fb99c108ac0
2024-05-09T04:40:04.688 INFO:teuthology.orchestra.run.smithi007.stdout:/usr/bin/ceph: stderr
2024-05-09T04:40:03.905+0000 7fb9a1ee9700 1 --2- 172.21.15.7:0/3202759064 >> [v2:172.21.15.7:3300/0,v1:172.21.15.7:6789/0] conn(0x7fb99c108ac0 0x7fb99c19cf20 secure :-1 s=READY pgs=50 cs=0 l=1 rev1=1 crypto rx=0x7fb998009130 tx=0x7fb998011aa0 comp rx=0 tx=0).ready entity=mon.0 client_cookie=0 server_cookie=0 in_seq=0 out_seq=0
2024-05-09T04:40:04.688 INFO:teuthology.orchestra.run.smithi007.stdout:/usr/bin/ceph: stderr
2024-05-09T04:40:03.905+0000 7fb98effd700 1 -- 172.21.15.7:0/3202759064 <== mon.0 v2:172.21.15.7:3300/0 1 ==== mon_map magic: 0 ==== 205+0+0 (secure 0 0 0) 0x7fb998003aa0 con 0x7fb99c108ac0
2024-05-09T04:40:04.688 INFO:teuthology.orchestra.run.smithi007.stdout:/usr/bin/ceph: stderr
2024-05-09T04:40:03.905+0000 7fb98effd700 1 -- 172.21.15.7:0/3202759064 <== mon.0 v2:172.21.15.7:3300/0 2 ==== config(26 keys) ==== 1101+0+0 (secure 0 0 0) 0x7fb99801a8e0 con 0x7fb99c108ac0
2024-05-09T04:40:04.688 INFO:teuthology.orchestra.run.smithi007.stdout:/usr/bin/ceph: stderr
2024-05-09T04:40:03.905+0000 7fb9a414d700 1 -- 172.21.15.7:0/3202759064 --> [v2:172.21.15.7:3300/0,v1:172.21.15.7:6789/0] -- mon_subscribe({mgrmap=0+}) -- 0x7fb99c19d6f0 con 0x7fb99c108ac0
2024-05-09T04:40:04.688 INFO:teuthology.orchestra.run.smithi007.stdout:/usr/bin/ceph: stderr
2024-05-09T04:40:03.906+0000 7fb9a414d700 1 -- 172.21.15.7:0/3202759064 --> [v2:172.21.15.7:3300/0,v1:172.21.15.7:6789/0] -- mon_subscribe({osdmap=0}) -- 0x7fb99c1a0300 con 0x7fb99c108ac0
2024-05-09T04:40:04.688 INFO:teuthology.orchestra.run.smithi007.stdout:/usr/bin/ceph: stderr
2024-05-09T04:40:03.906+0000 7fb98effd700 1 -- 172.21.15.7:0/3202759064 <== mon.0 v2:172.21.15.7:3300/0 3 ==== mon_map magic: 0 ==== 205+0+0 (secure 0 0 0) 0x7fb9980248f0 con 0x7fb99c108ac0
2024-05-09T04:40:04.688 INFO:teuthology.orchestra.run.smithi007.stdout:/usr/bin/ceph: stderr
2024-05-09T04:40:03.907+0000 7fb9a414d700 1 -- 172.21.15.7:0/3202759064 --> [v2:172.21.15.7:3300/0,v1:172.21.15.7:6789/0] -- mon_command({"prefix": "get_command_descriptions"} v 0) -- 0x7fb99c064e20 con 0x7fb99c108ac0
2024-05-09T04:40:04.688 INFO:teuthology.orchestra.run.smithi007.stdout:/usr/bin/ceph: stderr
2024-05-09T04:40:03.907+0000 7fb98effd700 1 -- 172.21.15.7:0/3202759064 <== mon.0 v2:172.21.15.7:3300/0 4 ==== mgrmap(e 8) ==== 50222+0+0 (secure 0 0 0) 0x7fb998022020 con 0x7fb99c108ac0
2024-05-09T04:40:04.688 INFO:teuthology.orchestra.run.smithi007.stdout:/usr/bin/ceph: stderr
2024-05-09T04:40:03.907+0000 7fb98effd700 1 --2- 172.21.15.7:0/3202759064 >> [v2:172.21.15.7:6800/2249565077,v1:172.21.15.7:6801/2249565077] conn(0x7fb98803e4c0 0x7fb9880409d0 unknown :-1 s=NONE pgs=0 cs=0 l=1 rev1=0 crypto rx=0 tx=0 comp rx=0 tx=0).connect
2024-05-09T04:40:04.689 INFO:teuthology.orchestra.run.smithi007.stdout:/usr/bin/ceph: stderr
2024-05-09T04:40:03.907+0000 7fb98effd700 1 -- 172.21.15.7:0/3202759064 <== mon.0 v2:172.21.15.7:3300/0 5 ==== osd_map(2..2 src has 1..2) ==== 940+0+0 (secure 0 0 0) 0x7fb998053800 con 0x7fb99c108ac0
2024-05-09T04:40:04.689 INFO:teuthology.orchestra.run.smithi007.stdout:/usr/bin/ceph: stderr
2024-05-09T04:40:03.907+0000 7fb9a16e8700 1 --2- 172.21.15.7:0/3202759064 >> [v2:172.21.15.7:6800/2249565077,v1:172.21.15.7:6801/2249565077] conn(0x7fb98803e4c0 0x7fb9880409d0 unknown :-1 s=BANNER_CONNECTING pgs=0 cs=0 l=1 rev1=0 crypto rx=0 tx=0 comp rx=0 tx=0)._handle_peer_banner_payload supported=3 required=0
2024-05-09T04:40:04.689 INFO:teuthology.orchestra.run.smithi007.stdout:/usr/bin/ceph: stderr
2024-05-09T04:40:03.908+0000 7fb9a16e8700 1 --2- 172.21.15.7:0/3202759064 >> [v2:172.21.15.7:6800/2249565077,v1:172.21.15.7:6801/2249565077] conn(0x7fb98803e4c0 0x7fb9880409d0 secure :-1 s=READY pgs=14 cs=0 l=1 rev1=1 crypto rx=0x7fb990006fd0 tx=0x7fb990006e40 comp rx=0 tx=0).ready entity=mgr.14118 client_cookie=0 server_cookie=0 in_seq=0 out_seq=0
2024-05-09T04:40:04.689 INFO:teuthology.orchestra.run.smithi007.stdout:/usr/bin/ceph: stderr
2024-05-09T04:40:03.912+0000 7fb98effd700 1 -- 172.21.15.7:0/3202759064 <== mon.0 v2:172.21.15.7:3300/0 6 ==== mon_command_ack([{"prefix": "get_command_descriptions"}]=0 v0) ==== 72+0+191963 (secure 0 0 0) 0x7fb99800f2e0 con 0x7fb99c108ac0
2024-05-09T04:40:04.689 INFO:teuthology.orchestra.run.smithi007.stdout:/usr/bin/ceph: stderr
2024-05-09T04:40:04.138+0000 7fb9a414d700 1 -- 172.21.15.7:0/3202759064 --> [v2:172.21.15.7:3300/0,v1:172.21.15.7:6789/0] -- mon_command([{prefix=config set, name=mgr/cephadm/container_init}] v 0) -- 0x7fb99c1a05f0 con 0x7fb99c108ac0
2024-05-09T04:40:04.689 INFO:teuthology.orchestra.run.smithi007.stdout:/usr/bin/ceph: stderr
2024-05-09T04:40:04.141+0000 7fb98effd700 1 -- 172.21.15.7:0/3202759064 <== mon.0 v2:172.21.15.7:3300/0 7 ==== mon_command_ack([{prefix=config set, name=mgr/cephadm/container_init}]=0 v7)=0 v7) ==== 142+0+0 (secure 0 0 0) 0x7fb99801ad40 con 0x7fb99c108ac0
2024-05-09T04:40:04.689 INFO:teuthology.orchestra.run.smithi007.stdout:/usr/bin/ceph: stderr
2024-05-09T04:40:04.144+0000 7fb9a414d700 1 -- 172.21.15.7:0/3202759064 >> [v2:172.21.15.7:6800/2249565077,v1:172.21.15.7:6801/2249565077] conn(0x7fb98803e4c0 msgr2=0x7fb9880409d0 secure :-1 s=STATE_CONNECTION_ESTABLISHED l=1).mark_down
2024-05-09T04:40:04.689 INFO:teuthology.orchestra.run.smithi007.stdout:/usr/bin/ceph: stderr
2024-05-09T04:40:04.144+0000 7fb9a414d700 1 --2- 172.21.15.7:0/3202759064 >> [v2:172.21.15.7:6800/2249565077,v1:172.21.15.7:6801/2249565077] conn(0x7fb98803e4c0 0x7fb9880409d0 secure :-1 s=READY pgs=14 cs=0 l=1 rev1=1 crypto rx=0x7fb990006fd0 tx=0x7fb990006e40 comp rx=0 tx=0).stop
2024-05-09T04:40:04.689 INFO:teuthology.orchestra.run.smithi007.stdout:/usr/bin/ceph: stderr
2024-05-09T04:40:04.144+0000 7fb9a414d700 1 -- 172.21.15.7:0/3202759064 >> [v2:172.21.15.7:3300/0,v1:172.21.15.7:6789/0] conn(0x7fb99c108ac0 msgr2=0x7fb99c19cf20 secure :-1 s=STATE_CONNECTION_ESTABLISHED l=1).mark_down
2024-05-09T04:40:04.689 INFO:teuthology.orchestra.run.smithi007.stdout:/usr/bin/ceph: stderr
2024-05-09T04:40:04.144+0000 7fb9a414d700 1 --2- 172.21.15.7:0/3202759064 >> [v2:172.21.15.7:3300/0,v1:172.21.15.7:6789/0] conn(0x7fb99c108ac0 0x7fb99c19cf20 secure :-1 s=READY pgs=50 cs=0 l=1 rev1=1 crypto rx=0x7fb998009130 tx=0x7fb998011aa0 comp rx=0 tx=0).stop
2024-05-09T04:40:04.689 INFO:teuthology.orchestra.run.smithi007.stdout:/usr/bin/ceph: stderr
2024-05-09T04:40:04.144+0000 7fb9a414d700 1 -- 172.21.15.7:0/3202759064 shutdown_connections
2024-05-09T04:40:04.689 INFO:teuthology.orchestra.run.smithi007.stdout:/usr/bin/ceph: stderr
2024-05-09T04:40:04.144+0000 7fb9a414d700 1 --2- 172.21.15.7:0/3202759064 >> [v2:172.21.15.7:6800/2249565077,v1:172.21.15.7:6801/2249565077] conn(0x7fb98803e4c0 0x7fb9880409d0 unknown :-1 s=CLOSED pgs=14 cs=0 l=1 rev1=1 crypto rx=0 tx=0 comp rx=0 tx=0).stop
2024-05-09T04:40:04.689 INFO:teuthology.orchestra.run.smithi007.stdout:/usr/bin/ceph: stderr
2024-05-09T04:40:04.144+0000 7fb9a414d700 1 --2- 172.21.15.7:0/3202759064 >> [v2:172.21.15.7:3300/0,v1:172.21.15.7:6789/0] conn(0x7fb99c108ac0 0x7fb99c19cf20 unknown :-1 s=CLOSED pgs=50 cs=0 l=1 rev1=1 crypto rx=0 tx=0 comp rx=0 tx=0).stop
2024-05-09T04:40:04.690 INFO:teuthology.orchestra.run.smithi007.stdout:/usr/bin/ceph: stderr
2024-05-09T04:40:04.144+0000 7fb9a414d700 1 -- 172.21.15.7:0/3202759064 >> 172.21.15.7:0/3202759064 conn(0x7fb99c1041e0 msgr2=0x7fb99c105b50 unknown :-1 s=STATE_NONE l=0).mark_down
2024-05-09T04:40:04.690 INFO:teuthology.orchestra.run.smithi007.stdout:/usr/bin/ceph: stderr
2024-05-09T04:40:04.144+0000 7fb9a414d700 1 -- 172.21.15.7:0/3202759064 shutdown_connections
2024-05-09T04:40:04.690 INFO:teuthology.orchestra.run.smithi007.stdout:/usr/bin/ceph: stderr
2024-05-09T04:40:04.144+0000 7fb9a414d700 1 -- 172.21.15.7:0/3202759064 wait complete.
2024-05-09T04:40:05.338 INFO:journalctl@ceph.mon.a.smithi007.stdout:May 09 04:40:05 smithi007 ceph-mon[30167]: from='client.? 172.21.15.7:0/3202759064' entity='client.admin'
2024-05-09T04:40:06.529 INFO:journalctl@ceph.mon.a.smithi007.stdout:May 09 04:40:06 smithi007 ceph-mon[30167]: from='mgr.14118 172.21.15.7:0/3820505327' entity='mgr.x'
2024-05-09T04:40:06.529 INFO:journalctl@ceph.mon.a.smithi007.stdout:May 09 04:40:06 smithi007 ceph-mon[30167]: from='client.? 172.21.15.7:0/3474882292' entity='client.admin'
2024-05-09T04:40:06.537 INFO:teuthology.orchestra.run.smithi007.stdout:/usr/bin/ceph: stderr
2024-05-09T04:40:05.676+0000 7facb4253700 1 Processor -- start
2024-05-09T04:40:06.537 INFO:teuthology.orchestra.run.smithi007.stdout:/usr/bin/ceph: stderr
2024-05-09T04:40:05.677+0000 7facb4253700 1 -- start start
2024-05-09T04:40:06.537 INFO:teuthology.orchestra.run.smithi007.stdout:/usr/bin/ceph: stderr
2024-05-09T04:40:05.677+0000 7facb4253700 1 --2- >> [v2:172.21.15.7:3300/0,v1:172.21.15.7:6789/0] conn(0x7facac108b10 0x7facac108f20 unknown :-1 s=NONE pgs=0 cs=0 l=0 rev1=0 crypto rx=0 tx=0 comp rx=0 tx=0).connect
2024-05-09T04:40:06.537 INFO:teuthology.orchestra.run.smithi007.stdout:/usr/bin/ceph: stderr
2024-05-09T04:40:05.677+0000 7facb4253700 1 -- --> [v2:172.21.15.7:3300/0,v1:172.21.15.7:6789/0] -- mon_getmap magic: 0 -- 0x7facac109510 con 0x7facac108b10
2024-05-09T04:40:06.537 INFO:teuthology.orchestra.run.smithi007.stdout:/usr/bin/ceph: stderr
2024-05-09T04:40:05.677+0000 7facb1fef700 1 --2- >> [v2:172.21.15.7:3300/0,v1:172.21.15.7:6789/0] conn(0x7facac108b10 0x7facac108f20 unknown :-1 s=BANNER_CONNECTING pgs=0 cs=0 l=0 rev1=0 crypto rx=0 tx=0 comp rx=0 tx=0)._handle_peer_banner_payload supported=3 required=0
2024-05-09T04:40:06.537 INFO:teuthology.orchestra.run.smithi007.stdout:/usr/bin/ceph: stderr
2024-05-09T04:40:05.677+0000 7facb1fef700 1 --2- >> [v2:172.21.15.7:3300/0,v1:172.21.15.7:6789/0] conn(0x7facac108b10 0x7facac108f20 unknown :-1 s=HELLO_CONNECTING pgs=0 cs=0 l=0 rev1=1 crypto rx=0 tx=0 comp rx=0 tx=0).handle_hello peer v2:172.21.15.7:3300/0 says I am v2:172.21.15.7:43314/0 (socket says 172.21.15.7:43314)
2024-05-09T04:40:06.537 INFO:teuthology.orchestra.run.smithi007.stdout:/usr/bin/ceph: stderr
2024-05-09T04:40:05.677+0000 7facb1fef700 1 -- 172.21.15.7:0/1870391237 learned_addr learned my addr 172.21.15.7:0/1870391237 (peer_addr_for_me v2:172.21.15.7:0/0)
2024-05-09T04:40:06.537 INFO:teuthology.orchestra.run.smithi007.stdout:/usr/bin/ceph: stderr
2024-05-09T04:40:05.678+0000 7facb1fef700 1 -- 172.21.15.7:0/1870391237 --> [v2:172.21.15.7:3300/0,v1:172.21.15.7:6789/0] -- mon_subscribe({config=0+,monmap=0+}) -- 0x7facac109ce0 con 0x7facac108b10
2024-05-09T04:40:06.537 INFO:teuthology.orchestra.run.smithi007.stdout:/usr/bin/ceph: stderr
2024-05-09T04:40:05.678+0000 7facb1fef700 1 --2- 172.21.15.7:0/1870391237 >> [v2:172.21.15.7:3300/0,v1:172.21.15.7:6789/0] conn(0x7facac108b10 0x7facac108f20 secure :-1 s=READY pgs=51 cs=0 l=1 rev1=1 crypto rx=0x7faca80098a0 tx=0x7faca8009bb0 comp rx=0 tx=0).ready entity=mon.0 client_cookie=cca6772457198076 server_cookie=0 in_seq=0 out_seq=0
2024-05-09T04:40:06.537 INFO:teuthology.orchestra.run.smithi007.stdout:/usr/bin/ceph: stderr
2024-05-09T04:40:05.678+0000 7facb0fed700 1 -- 172.21.15.7:0/1870391237 <== mon.0 v2:172.21.15.7:3300/0 1 ==== mon_map magic: 0 ==== 205+0+0 (secure 0 0 0) 0x7faca8004160 con 0x7facac108b10
2024-05-09T04:40:06.537 INFO:teuthology.orchestra.run.smithi007.stdout:/usr/bin/ceph: stderr
2024-05-09T04:40:05.678+0000 7facb0fed700 1 -- 172.21.15.7:0/1870391237 <== mon.0 v2:172.21.15.7:3300/0 2 ==== config(26 keys) ==== 1101+0+0 (secure 0 0 0) 0x7faca8004300 con 0x7facac108b10
2024-05-09T04:40:06.537 INFO:teuthology.orchestra.run.smithi007.stdout:/usr/bin/ceph: stderr
2024-05-09T04:40:05.678+0000 7facb0fed700 1 -- 172.21.15.7:0/1870391237 <== mon.0 v2:172.21.15.7:3300/0 3 ==== mon_map magic: 0 ==== 205+0+0 (secure 0 0 0) 0x7faca8011a20 con 0x7facac108b10
2024-05-09T04:40:06.537 INFO:teuthology.orchestra.run.smithi007.stdout:/usr/bin/ceph: stderr
2024-05-09T04:40:05.679+0000 7facb4253700 1 -- 172.21.15.7:0/1870391237 >> [v2:172.21.15.7:3300/0,v1:172.21.15.7:6789/0] conn(0x7facac108b10 msgr2=0x7facac108f20 secure :-1 s=STATE_CONNECTION_ESTABLISHED l=1).mark_down
2024-05-09T04:40:06.538 INFO:teuthology.orchestra.run.smithi007.stdout:/usr/bin/ceph: stderr
2024-05-09T04:40:05.679+0000 7facb4253700 1 --2- 172.21.15.7:0/1870391237 >> [v2:172.21.15.7:3300/0,v1:172.21.15.7:6789/0] conn(0x7facac108b10 0x7facac108f20 secure :-1 s=READY pgs=51 cs=0 l=1 rev1=1 crypto rx=0x7faca80098a0 tx=0x7faca8009bb0 comp rx=0 tx=0).stop
2024-05-09T04:40:06.538 INFO:teuthology.orchestra.run.smithi007.stdout:/usr/bin/ceph: stderr
2024-05-09T04:40:05.679+0000 7facb4253700 1 -- 172.21.15.7:0/1870391237 shutdown_connections
2024-05-09T04:40:06.538 INFO:teuthology.orchestra.run.smithi007.stdout:/usr/bin/ceph: stderr
2024-05-09T04:40:05.679+0000 7facb4253700 1 --2- 172.21.15.7:0/1870391237 >> [v2:172.21.15.7:3300/0,v1:172.21.15.7:6789/0] conn(0x7facac108b10 0x7facac108f20 unknown :-1 s=CLOSED pgs=51 cs=0 l=1 rev1=1 crypto rx=0 tx=0 comp rx=0 tx=0).stop
