2024-05-09T04:39:28.994+0000 7fe96a59c700 1 --2- 172.21.15.7:0/2720043092 >> [v2:172.21.15.7:3300/0,v1:172.21.15.7:6789/0] conn(0x7fe96c10a6a0 0x7fe96c109e20 secure :-1 s=READY pgs=8 cs=0 l=1 rev1=1 crypto rx=0x7fe95c009fb0 tx=0x7fe95c011890 comp rx=0 tx=0).ready entity=mon.0 client_cookie=0 server_cookie=0 in_seq=0 out_seq=0
2024-05-09T04:39:35.301 INFO:teuthology.orchestra.run.smithi007.stdout:/usr/bin/ceph: stderr
2024-05-09T04:39:28.994+0000 7fe95b7fe700 1 -- 172.21.15.7:0/2720043092 <== mon.0 v2:172.21.15.7:3300/0 1 ==== mon_map magic: 0 ==== 205+0+0 (secure 0 0 0) 0x7fe95c011bc0 con 0x7fe96c10a6a0
2024-05-09T04:39:35.301 INFO:teuthology.orchestra.run.smithi007.stdout:/usr/bin/ceph: stderr
2024-05-09T04:39:28.994+0000 7fe970ad2700 1 -- 172.21.15.7:0/2720043092 --> [v2:172.21.15.7:3300/0,v1:172.21.15.7:6789/0] -- mon_subscribe({mgrmap=0+}) -- 0x7fe96c1085b0 con 0x7fe96c10a6a0
2024-05-09T04:39:35.301 INFO:teuthology.orchestra.run.smithi007.stdout:/usr/bin/ceph: stderr
2024-05-09T04:39:28.994+0000 7fe95b7fe700 1 -- 172.21.15.7:0/2720043092 <== mon.0 v2:172.21.15.7:3300/0 2 ==== config(26 keys) ==== 1070+0+0 (secure 0 0 0) 0x7fe95c024440 con 0x7fe96c10a6a0
2024-05-09T04:39:35.301 INFO:teuthology.orchestra.run.smithi007.stdout:/usr/bin/ceph: stderr
2024-05-09T04:39:28.994+0000 7fe95b7fe700 1 -- 172.21.15.7:0/2720043092 <== mon.0 v2:172.21.15.7:3300/0 3 ==== mon_map magic: 0 ==== 205+0+0 (secure 0 0 0) 0x7fe95c01a5c0 con 0x7fe96c10a6a0
2024-05-09T04:39:35.302 INFO:teuthology.orchestra.run.smithi007.stdout:/usr/bin/ceph: stderr
2024-05-09T04:39:28.994+0000 7fe970ad2700 1 -- 172.21.15.7:0/2720043092 --> [v2:172.21.15.7:3300/0,v1:172.21.15.7:6789/0] -- mon_subscribe({osdmap=0}) -- 0x7fe96c108a90 con 0x7fe96c10a6a0
2024-05-09T04:39:35.302 INFO:teuthology.orchestra.run.smithi007.stdout:/usr/bin/ceph: stderr
2024-05-09T04:39:28.994+0000 7fe95b7fe700 1 -- 172.21.15.7:0/2720043092 <== mon.0 v2:172.21.15.7:3300/0 4 ==== mgrmap(e 1) ==== 807+0+0 (secure 0 0 0) 0x7fe95c01ac10 con 0x7fe96c10a6a0
2024-05-09T04:39:35.302 INFO:teuthology.orchestra.run.smithi007.stdout:/usr/bin/ceph: stderr
2024-05-09T04:39:28.995+0000 7fe95b7fe700 1 -- 172.21.15.7:0/2720043092 <== mon.0 v2:172.21.15.7:3300/0 5 ==== osd_map(1..1 src has 1..1) ==== 725+0+0 (secure 0 0 0) 0x7fe95c00ba20 con 0x7fe96c10a6a0
2024-05-09T04:39:35.302 INFO:teuthology.orchestra.run.smithi007.stdout:/usr/bin/ceph: stderr
2024-05-09T04:39:28.996+0000 7fe970ad2700 1 -- 172.21.15.7:0/2720043092 --> [v2:172.21.15.7:3300/0,v1:172.21.15.7:6789/0] -- mon_command({"prefix": "get_command_descriptions"} v 0) -- 0x7fe96c064e20 con 0x7fe96c10a6a0
2024-05-09T04:39:35.302 INFO:teuthology.orchestra.run.smithi007.stdout:/usr/bin/ceph: stderr
2024-05-09T04:39:28.998+0000 7fe95b7fe700 1 -- 172.21.15.7:0/2720043092 <== mon.0 v2:172.21.15.7:3300/0 6 ==== mon_command_ack([{"prefix": "get_command_descriptions"}]=0 v0) ==== 72+0+73389 (secure 0 0 0) 0x7fe95c043ec0 con 0x7fe96c10a6a0
2024-05-09T04:39:35.302 INFO:teuthology.orchestra.run.smithi007.stdout:/usr/bin/ceph: stderr
2024-05-09T04:39:29.075+0000 7fe970ad2700 1 -- 172.21.15.7:0/2720043092 --> [v2:172.21.15.7:3300/0,v1:172.21.15.7:6789/0] -- mon_command({"prefix": "status", "format": "json-pretty"} v 0) -- 0x7fe96c108d10 con 0x7fe96c10a6a0
2024-05-09T04:39:35.302 INFO:teuthology.orchestra.run.smithi007.stdout:/usr/bin/ceph: stderr
2024-05-09T04:39:29.075+0000 7fe95b7fe700 1 -- 172.21.15.7:0/2720043092 <== mon.0 v2:172.21.15.7:3300/0 7 ==== mon_command_ack([{"prefix": "status", "format": "json-pretty"}]=0 v0) ==== 79+0+1239 (secure 0 0 0) 0x7fe95c032070 con 0x7fe96c10a6a0
2024-05-09T04:39:35.302 INFO:teuthology.orchestra.run.smithi007.stdout:/usr/bin/ceph: stderr
2024-05-09T04:39:29.077+0000 7fe970ad2700 1 -- 172.21.15.7:0/2720043092 >> [v2:172.21.15.7:3300/0,v1:172.21.15.7:6789/0] conn(0x7fe96c10a6a0 msgr2=0x7fe96c109e20 secure :-1 s=STATE_CONNECTION_ESTABLISHED l=1).mark_down
2024-05-09T04:39:35.302 INFO:teuthology.orchestra.run.smithi007.stdout:/usr/bin/ceph: stderr
2024-05-09T04:39:29.077+0000 7fe970ad2700 1 --2- 172.21.15.7:0/2720043092 >> [v2:172.21.15.7:3300/0,v1:172.21.15.7:6789/0] conn(0x7fe96c10a6a0 0x7fe96c109e20 secure :-1 s=READY pgs=8 cs=0 l=1 rev1=1 crypto rx=0x7fe95c009fb0 tx=0x7fe95c011890 comp rx=0 tx=0).stop
2024-05-09T04:39:35.302 INFO:teuthology.orchestra.run.smithi007.stdout:/usr/bin/ceph: stderr
2024-05-09T04:39:29.077+0000 7fe970ad2700 1 -- 172.21.15.7:0/2720043092 shutdown_connections
2024-05-09T04:39:35.302 INFO:teuthology.orchestra.run.smithi007.stdout:/usr/bin/ceph: stderr
2024-05-09T04:39:29.077+0000 7fe970ad2700 1 --2- 172.21.15.7:0/2720043092 >> [v2:172.21.15.7:3300/0,v1:172.21.15.7:6789/0] conn(0x7fe96c10a6a0 0x7fe96c109e20 unknown :-1 s=CLOSED pgs=8 cs=0 l=1 rev1=1 crypto rx=0 tx=0 comp rx=0 tx=0).stop
2024-05-09T04:39:35.302 INFO:teuthology.orchestra.run.smithi007.stdout:/usr/bin/ceph: stderr
2024-05-09T04:39:29.077+0000 7fe970ad2700 1 -- 172.21.15.7:0/2720043092 >> 172.21.15.7:0/2720043092 conn(0x7fe96c1041e0 msgr2=0x7fe96c105ba0 unknown :-1 s=STATE_NONE l=0).mark_down
2024-05-09T04:39:35.302 INFO:teuthology.orchestra.run.smithi007.stdout:/usr/bin/ceph: stderr
2024-05-09T04:39:29.077+0000 7fe970ad2700 1 -- 172.21.15.7:0/2720043092 shutdown_connections
2024-05-09T04:39:35.302 INFO:teuthology.orchestra.run.smithi007.stdout:/usr/bin/ceph: stderr
2024-05-09T04:39:29.077+0000 7fe970ad2700 1 -- 172.21.15.7:0/2720043092 wait complete.
2024-05-09T04:39:35.303 INFO:teuthology.orchestra.run.smithi007.stdout:mgr not available, waiting (2/15)...
2024-05-09T04:39:38.370 INFO:journalctl@ceph.mon.a.smithi007.stdout:May 09 04:39:38 smithi007 ceph-mon[30167]: from='client.? 172.21.15.7:0/1834053997' entity='client.admin' cmd=[{"prefix": "status", "format": "json-pretty"}]: dispatch
2024-05-09T04:39:38.674 INFO:teuthology.orchestra.run.smithi007.stdout:/usr/bin/ceph: stdout
2024-05-09T04:39:38.677 INFO:teuthology.orchestra.run.smithi007.stdout:/usr/bin/ceph: stdout {
2024-05-09T04:39:38.677 INFO:teuthology.orchestra.run.smithi007.stdout:/usr/bin/ceph: stdout "fsid": "e8d79ef8-0dbd-11ef-bc97-c7b262605968",
2024-05-09T04:39:38.677 INFO:teuthology.orchestra.run.smithi007.stdout:/usr/bin/ceph: stdout "health": {
2024-05-09T04:39:38.677 INFO:teuthology.orchestra.run.smithi007.stdout:/usr/bin/ceph: stdout "status": "HEALTH_OK",
2024-05-09T04:39:38.677 INFO:teuthology.orchestra.run.smithi007.stdout:/usr/bin/ceph: stdout "checks": {},
2024-05-09T04:39:38.677 INFO:teuthology.orchestra.run.smithi007.stdout:/usr/bin/ceph: stdout "mutes": []
2024-05-09T04:39:38.678 INFO:teuthology.orchestra.run.smithi007.stdout:/usr/bin/ceph: stdout },
2024-05-09T04:39:38.678 INFO:teuthology.orchestra.run.smithi007.stdout:/usr/bin/ceph: stdout "election_epoch": 5,
2024-05-09T04:39:38.678 INFO:teuthology.orchestra.run.smithi007.stdout:/usr/bin/ceph: stdout "quorum": [
2024-05-09T04:39:38.678 INFO:teuthology.orchestra.run.smithi007.stdout:/usr/bin/ceph: stdout 0
2024-05-09T04:39:38.678 INFO:teuthology.orchestra.run.smithi007.stdout:/usr/bin/ceph: stdout ],
2024-05-09T04:39:38.678 INFO:teuthology.orchestra.run.smithi007.stdout:/usr/bin/ceph: stdout "quorum_names": [
2024-05-09T04:39:38.678 INFO:teuthology.orchestra.run.smithi007.stdout:/usr/bin/ceph: stdout "a"
2024-05-09T04:39:38.678 INFO:teuthology.orchestra.run.smithi007.stdout:/usr/bin/ceph: stdout ],
2024-05-09T04:39:38.678 INFO:teuthology.orchestra.run.smithi007.stdout:/usr/bin/ceph: stdout "quorum_age": 17,
2024-05-09T04:39:38.678 INFO:teuthology.orchestra.run.smithi007.stdout:/usr/bin/ceph: stdout "monmap": {
2024-05-09T04:39:38.678 INFO:teuthology.orchestra.run.smithi007.stdout:/usr/bin/ceph: stdout "epoch": 1,
2024-05-09T04:39:38.679 INFO:teuthology.orchestra.run.smithi007.stdout:/usr/bin/ceph: stdout "min_mon_release_name": "squid",
2024-05-09T04:39:38.679 INFO:teuthology.orchestra.run.smithi007.stdout:/usr/bin/ceph: stdout "num_mons": 1
2024-05-09T04:39:38.679 INFO:teuthology.orchestra.run.smithi007.stdout:/usr/bin/ceph: stdout },
2024-05-09T04:39:38.679 INFO:teuthology.orchestra.run.smithi007.stdout:/usr/bin/ceph: stdout "osdmap": {
2024-05-09T04:39:38.679 INFO:teuthology.orchestra.run.smithi007.stdout:/usr/bin/ceph: stdout "epoch": 1,
2024-05-09T04:39:38.679 INFO:teuthology.orchestra.run.smithi007.stdout:/usr/bin/ceph: stdout "num_osds": 0,
2024-05-09T04:39:38.679 INFO:teuthology.orchestra.run.smithi007.stdout:/usr/bin/ceph: stdout "num_up_osds": 0,
2024-05-09T04:39:38.679 INFO:teuthology.orchestra.run.smithi007.stdout:/usr/bin/ceph: stdout "osd_up_since": 0,
2024-05-09T04:39:38.695 INFO:teuthology.orchestra.run.smithi007.stdout:/usr/bin/ceph: stdout "num_in_osds": 0,
2024-05-09T04:39:38.695 INFO:teuthology.orchestra.run.smithi007.stdout:/usr/bin/ceph: stdout "osd_in_since": 0,
2024-05-09T04:39:38.697 INFO:teuthology.orchestra.run.smithi007.stdout:/usr/bin/ceph: stdout "num_remapped_pgs": 0
2024-05-09T04:39:38.697 INFO:teuthology.orchestra.run.smithi007.stdout:/usr/bin/ceph: stdout },
2024-05-09T04:39:38.697 INFO:teuthology.orchestra.run.smithi007.stdout:/usr/bin/ceph: stdout "pgmap": {
2024-05-09T04:39:38.698 INFO:teuthology.orchestra.run.smithi007.stdout:/usr/bin/ceph: stdout "pgs_by_state": [],
2024-05-09T04:39:38.698 INFO:teuthology.orchestra.run.smithi007.stdout:/usr/bin/ceph: stdout "num_pgs": 0,
2024-05-09T04:39:38.698 INFO:teuthology.orchestra.run.smithi007.stdout:/usr/bin/ceph: stdout "num_pools": 0,
2024-05-09T04:39:38.698 INFO:teuthology.orchestra.run.smithi007.stdout:/usr/bin/ceph: stdout "num_objects": 0,
2024-05-09T04:39:38.698 INFO:teuthology.orchestra.run.smithi007.stdout:/usr/bin/ceph: stdout "data_bytes": 0,
2024-05-09T04:39:38.699 INFO:teuthology.orchestra.run.smithi007.stdout:/usr/bin/ceph: stdout "bytes_used": 0,
2024-05-09T04:39:38.699 INFO:teuthology.orchestra.run.smithi007.stdout:/usr/bin/ceph: stdout "bytes_avail": 0,
2024-05-09T04:39:38.699 INFO:teuthology.orchestra.run.smithi007.stdout:/usr/bin/ceph: stdout "bytes_total": 0
2024-05-09T04:39:38.699 INFO:teuthology.orchestra.run.smithi007.stdout:/usr/bin/ceph: stdout },
2024-05-09T04:39:38.699 INFO:teuthology.orchestra.run.smithi007.stdout:/usr/bin/ceph: stdout "fsmap": {
2024-05-09T04:39:38.699 INFO:teuthology.orchestra.run.smithi007.stdout:/usr/bin/ceph: stdout "epoch": 1,
2024-05-09T04:39:38.699 INFO:teuthology.orchestra.run.smithi007.stdout:/usr/bin/ceph: stdout "by_rank": [],
2024-05-09T04:39:38.699 INFO:teuthology.orchestra.run.smithi007.stdout:/usr/bin/ceph: stdout "up:standby": 0
2024-05-09T04:39:38.699 INFO:teuthology.orchestra.run.smithi007.stdout:/usr/bin/ceph: stdout },
2024-05-09T04:39:38.699 INFO:teuthology.orchestra.run.smithi007.stdout:/usr/bin/ceph: stdout "mgrmap": {
2024-05-09T04:39:38.699 INFO:teuthology.orchestra.run.smithi007.stdout:/usr/bin/ceph: stdout "available": true,
2024-05-09T04:39:38.700 INFO:teuthology.orchestra.run.smithi007.stdout:/usr/bin/ceph: stdout "num_standbys": 0,
2024-05-09T04:39:38.700 INFO:teuthology.orchestra.run.smithi007.stdout:/usr/bin/ceph: stdout "modules": [
2024-05-09T04:39:38.700 INFO:teuthology.orchestra.run.smithi007.stdout:/usr/bin/ceph: stdout "iostat",
2024-05-09T04:39:38.700 INFO:teuthology.orchestra.run.smithi007.stdout:/usr/bin/ceph: stdout "nfs",
2024-05-09T04:39:38.700 INFO:teuthology.orchestra.run.smithi007.stdout:/usr/bin/ceph: stdout "restful"
2024-05-09T04:39:38.700 INFO:teuthology.orchestra.run.smithi007.stdout:/usr/bin/ceph: stdout ],
2024-05-09T04:39:38.701 INFO:teuthology.orchestra.run.smithi007.stdout:/usr/bin/ceph: stdout "services": {}
2024-05-09T04:39:38.701 INFO:teuthology.orchestra.run.smithi007.stdout:/usr/bin/ceph: stdout },
2024-05-09T04:39:38.701 INFO:teuthology.orchestra.run.smithi007.stdout:/usr/bin/ceph: stdout "servicemap": {
2024-05-09T04:39:38.701 INFO:teuthology.orchestra.run.smithi007.stdout:/usr/bin/ceph: stdout "epoch": 1,
2024-05-09T04:39:38.701 INFO:teuthology.orchestra.run.smithi007.stdout:/usr/bin/ceph: stdout "modified": "2024-05-09T04:39:15.887700+0000",
2024-05-09T04:39:38.701 INFO:teuthology.orchestra.run.smithi007.stdout:/usr/bin/ceph: stdout "services": {}
2024-05-09T04:39:38.701 INFO:teuthology.orchestra.run.smithi007.stdout:/usr/bin/ceph: stdout },
2024-05-09T04:39:38.701 INFO:teuthology.orchestra.run.smithi007.stdout:/usr/bin/ceph: stdout "progress_events": {}
2024-05-09T04:39:38.701 INFO:teuthology.orchestra.run.smithi007.stdout:/usr/bin/ceph: stdout }
2024-05-09T04:39:38.701 INFO:teuthology.orchestra.run.smithi007.stdout:/usr/bin/ceph: stderr
2024-05-09T04:39:37.752+0000 7fb0e02e1700 1 Processor -- start
2024-05-09T04:39:38.701 INFO:teuthology.orchestra.run.smithi007.stdout:/usr/bin/ceph: stderr
2024-05-09T04:39:37.752+0000 7fb0e02e1700 1 -- start start
2024-05-09T04:39:38.701 INFO:teuthology.orchestra.run.smithi007.stdout:/usr/bin/ceph: stderr
2024-05-09T04:39:37.753+0000 7fb0e02e1700 1 --2- >> [v2:172.21.15.7:3300/0,v1:172.21.15.7:6789/0] conn(0x7fb0d8109c20 0x7fb0d810a030 unknown :-1 s=NONE pgs=0 cs=0 l=0 rev1=0 crypto rx=0 tx=0 comp rx=0 tx=0).connect
2024-05-09T04:39:38.701 INFO:teuthology.orchestra.run.smithi007.stdout:/usr/bin/ceph: stderr
2024-05-09T04:39:37.753+0000 7fb0e02e1700 1 -- --> [v2:172.21.15.7:3300/0,v1:172.21.15.7:6789/0] -- mon_getmap magic: 0 -- 0x7fb0d810a620 con 0x7fb0d8109c20
2024-05-09T04:39:38.701 INFO:teuthology.orchestra.run.smithi007.stdout:/usr/bin/ceph: stderr
2024-05-09T04:39:37.753+0000 7fb0de07d700 1 --2- >> [v2:172.21.15.7:3300/0,v1:172.21.15.7:6789/0] conn(0x7fb0d8109c20 0x7fb0d810a030 unknown :-1 s=BANNER_CONNECTING pgs=0 cs=0 l=0 rev1=0 crypto rx=0 tx=0 comp rx=0 tx=0)._handle_peer_banner_payload supported=3 required=0
2024-05-09T04:39:38.701 INFO:teuthology.orchestra.run.smithi007.stdout:/usr/bin/ceph: stderr
2024-05-09T04:39:37.753+0000 7fb0de07d700 1 --2- >> [v2:172.21.15.7:3300/0,v1:172.21.15.7:6789/0] conn(0x7fb0d8109c20 0x7fb0d810a030 unknown :-1 s=HELLO_CONNECTING pgs=0 cs=0 l=0 rev1=1 crypto rx=0 tx=0 comp rx=0 tx=0).handle_hello peer v2:172.21.15.7:3300/0 says I am v2:172.21.15.7:51324/0 (socket says 172.21.15.7:51324)
2024-05-09T04:39:38.702 INFO:teuthology.orchestra.run.smithi007.stdout:/usr/bin/ceph: stderr
2024-05-09T04:39:37.753+0000 7fb0de07d700 1 -- 172.21.15.7:0/3297747034 learned_addr learned my addr 172.21.15.7:0/3297747034 (peer_addr_for_me v2:172.21.15.7:0/0)
2024-05-09T04:39:38.702 INFO:teuthology.orchestra.run.smithi007.stdout:/usr/bin/ceph: stderr
2024-05-09T04:39:37.753+0000 7fb0de07d700 1 -- 172.21.15.7:0/3297747034 --> [v2:172.21.15.7:3300/0,v1:172.21.15.7:6789/0] -- mon_subscribe({config=0+,monmap=0+}) -- 0x7fb0d810adf0 con 0x7fb0d8109c20
2024-05-09T04:39:38.702 INFO:teuthology.orchestra.run.smithi007.stdout:/usr/bin/ceph: stderr
2024-05-09T04:39:37.754+0000 7fb0de07d700 1 --2- 172.21.15.7:0/3297747034 >> [v2:172.21.15.7:3300/0,v1:172.21.15.7:6789/0] conn(0x7fb0d8109c20 0x7fb0d810a030 secure :-1 s=READY pgs=16 cs=0 l=1 rev1=1 crypto rx=0x7fb0d40098a0 tx=0x7fb0d4009bb0 comp rx=0 tx=0).ready entity=mon.0 client_cookie=57910b3588aafe62 server_cookie=0 in_seq=0 out_seq=0
2024-05-09T04:39:38.702 INFO:teuthology.orchestra.run.smithi007.stdout:/usr/bin/ceph: stderr
2024-05-09T04:39:37.754+0000 7fb0dd07b700 1 -- 172.21.15.7:0/3297747034 <== mon.0 v2:172.21.15.7:3300/0 1 ==== mon_map magic: 0 ==== 205+0+0 (secure 0 0 0) 0x7fb0d4004160 con 0x7fb0d8109c20
2024-05-09T04:39:38.702 INFO:teuthology.orchestra.run.smithi007.stdout:/usr/bin/ceph: stderr
2024-05-09T04:39:37.754+0000 7fb0dd07b700 1 -- 172.21.15.7:0/3297747034 <== mon.0 v2:172.21.15.7:3300/0 2 ==== config(26 keys) ==== 1070+0+0 (secure 0 0 0) 0x7fb0d4004300 con 0x7fb0d8109c20
2024-05-09T04:39:38.702 INFO:teuthology.orchestra.run.smithi007.stdout:/usr/bin/ceph: stderr
2024-05-09T04:39:37.754+0000 7fb0dd07b700 1 -- 172.21.15.7:0/3297747034 <== mon.0 v2:172.21.15.7:3300/0 3 ==== mon_map magic: 0 ==== 205+0+0 (secure 0 0 0) 0x7fb0d4011af0 con 0x7fb0d8109c20
2024-05-09T04:39:38.702 INFO:teuthology.orchestra.run.smithi007.stdout:/usr/bin/ceph: stderr
2024-05-09T04:39:37.755+0000 7fb0e02e1700 1 -- 172.21.15.7:0/3297747034 >> [v2:172.21.15.7:3300/0,v1:172.21.15.7:6789/0] conn(0x7fb0d8109c20 msgr2=0x7fb0d810a030 secure :-1 s=STATE_CONNECTION_ESTABLISHED l=1).mark_down
2024-05-09T04:39:38.702 INFO:teuthology.orchestra.run.smithi007.stdout:/usr/bin/ceph: stderr
2024-05-09T04:39:37.755+0000 7fb0e02e1700 1 --2- 172.21.15.7:0/3297747034 >> [v2:172.21.15.7:3300/0,v1:172.21.15.7:6789/0] conn(0x7fb0d8109c20 0x7fb0d810a030 secure :-1 s=READY pgs=16 cs=0 l=1 rev1=1 crypto rx=0x7fb0d40098a0 tx=0x7fb0d4009bb0 comp rx=0 tx=0).stop
2024-05-09T04:39:38.702 INFO:teuthology.orchestra.run.smithi007.stdout:/usr/bin/ceph: stderr
2024-05-09T04:39:37.755+0000 7fb0e02e1700 1 -- 172.21.15.7:0/3297747034 shutdown_connections
2024-05-09T04:39:38.702 INFO:teuthology.orchestra.run.smithi007.stdout:/usr/bin/ceph: stderr
2024-05-09T04:39:37.755+0000 7fb0e02e1700 1 --2- 172.21.15.7:0/3297747034 >> [v2:172.21.15.7:3300/0,v1:172.21.15.7:6789/0] conn(0x7fb0d8109c20 0x7fb0d810a030 unknown :-1 s=CLOSED pgs=16 cs=0 l=1 rev1=1 crypto rx=0 tx=0 comp rx=0 tx=0).stop
2024-05-09T04:39:38.702 INFO:teuthology.orchestra.run.smithi007.stdout:/usr/bin/ceph: stderr
2024-05-09T04:39:37.755+0000 7fb0e02e1700 1 -- 172.21.15.7:0/3297747034 >> 172.21.15.7:0/3297747034 conn(0x7fb0d8105280 msgr2=0x7fb0d8107710 unknown :-1 s=STATE_NONE l=0).mark_down
2024-05-09T04:39:38.702 INFO:teuthology.orchestra.run.smithi007.stdout:/usr/bin/ceph: stderr
2024-05-09T04:39:37.755+0000 7fb0e02e1700 1 -- 172.21.15.7:0/3297747034 shutdown_connections
2024-05-09T04:39:38.702 INFO:teuthology.orchestra.run.smithi007.stdout:/usr/bin/ceph: stderr
2024-05-09T04:39:37.755+0000 7fb0e02e1700 1 -- 172.21.15.7:0/3297747034 wait complete.
2024-05-09T04:39:38.703 INFO:teuthology.orchestra.run.smithi007.stdout:/usr/bin/ceph: stderr
2024-05-09T04:39:37.756+0000 7fb0e02e1700 1 Processor -- start
2024-05-09T04:39:38.703 INFO:teuthology.orchestra.run.smithi007.stdout:/usr/bin/ceph: stderr
2024-05-09T04:39:37.756+0000 7fb0e02e1700 1 -- start start
2024-05-09T04:39:38.703 INFO:teuthology.orchestra.run.smithi007.stdout:/usr/bin/ceph: stderr
2024-05-09T04:39:37.756+0000 7fb0e02e1700 1 --2- >> [v2:172.21.15.7:3300/0,v1:172.21.15.7:6789/0] conn(0x7fb0d8109c20 0x7fb0d819e0e0 unknown :-1 s=NONE pgs=0 cs=0 l=1 rev1=0 crypto rx=0 tx=0 comp rx=0 tx=0).connect
2024-05-09T04:39:38.703 INFO:teuthology.orchestra.run.smithi007.stdout:/usr/bin/ceph: stderr
2024-05-09T04:39:37.756+0000 7fb0e02e1700 1 -- --> [v2:172.21.15.7:3300/0,v1:172.21.15.7:6789/0] -- mon_getmap magic: 0 -- 0x7fb0d810e1a0 con 0x7fb0d8109c20
2024-05-09T04:39:38.703 INFO:teuthology.orchestra.run.smithi007.stdout:/usr/bin/ceph: stderr
2024-05-09T04:39:37.756+0000 7fb0de07d700 1 --2- >> [v2:172.21.15.7:3300/0,v1:172.21.15.7:6789/0] conn(0x7fb0d8109c20 0x7fb0d819e0e0 unknown :-1 s=BANNER_CONNECTING pgs=0 cs=0 l=1 rev1=0 crypto rx=0 tx=0 comp rx=0 tx=0)._handle_peer_banner_payload supported=3 required=0
2024-05-09T04:39:38.703 INFO:teuthology.orchestra.run.smithi007.stdout:/usr/bin/ceph: stderr
2024-05-09T04:39:37.756+0000 7fb0de07d700 1 --2- >> [v2:172.21.15.7:3300/0,v1:172.21.15.7:6789/0] conn(0x7fb0d8109c20 0x7fb0d819e0e0 unknown :-1 s=HELLO_CONNECTING pgs=0 cs=0 l=1 rev1=1 crypto rx=0 tx=0 comp rx=0 tx=0).handle_hello peer v2:172.21.15.7:3300/0 says I am v2:172.21.15.7:51338/0 (socket says 172.21.15.7:51338)
2024-05-09T04:39:38.703 INFO:teuthology.orchestra.run.smithi007.stdout:/usr/bin/ceph: stderr
2024-05-09T04:39:37.756+0000 7fb0de07d700 1 -- 172.21.15.7:0/1834053997 learned_addr learned my addr 172.21.15.7:0/1834053997 (peer_addr_for_me v2:172.21.15.7:0/0)
2024-05-09T04:39:38.703 INFO:teuthology.orchestra.run.smithi007.stdout:/usr/bin/ceph: stderr
2024-05-09T04:39:37.756+0000 7fb0de07d700 1 -- 172.21.15.7:0/1834053997 --> [v2:172.21.15.7:3300/0,v1:172.21.15.7:6789/0] -- mon_subscribe({config=0+,monmap=0+}) -- 0x7fb0d819e620 con 0x7fb0d8109c20
2024-05-09T04:39:38.703 INFO:teuthology.orchestra.run.smithi007.stdout:/usr/bin/ceph: stderr
2024-05-09T04:39:37.756+0000 7fb0de07d700 1 --2- 172.21.15.7:0/1834053997 >> [v2:172.21.15.7:3300/0,v1:172.21.15.7:6789/0] conn(0x7fb0d8109c20 0x7fb0d819e0e0 secure :-1 s=READY pgs=17 cs=0 l=1 rev1=1 crypto rx=0x7fb0d4011670 tx=0x7fb0d4004280 comp rx=0 tx=0).ready entity=mon.0 client_cookie=0 server_cookie=0 in_seq=0 out_seq=0
2024-05-09T04:39:38.703 INFO:teuthology.orchestra.run.smithi007.stdout:/usr/bin/ceph: stderr
2024-05-09T04:39:37.757+0000 7fb0cf7fe700 1 -- 172.21.15.7:0/1834053997 <== mon.0 v2:172.21.15.7:3300/0 1 ==== mon_map magic: 0 ==== 205+0+0 (secure 0 0 0) 0x7fb0d40036a0 con 0x7fb0d8109c20
2024-05-09T04:39:38.703 INFO:teuthology.orchestra.run.smithi007.stdout:/usr/bin/ceph: stderr
2024-05-09T04:39:37.757+0000 7fb0e02e1700 1 -- 172.21.15.7:0/1834053997 --> [v2:172.21.15.7:3300/0,v1:172.21.15.7:6789/0] -- mon_subscribe({mgrmap=0+}) -- 0x7fb0d819e8b0 con 0x7fb0d8109c20
2024-05-09T04:39:38.703 INFO:teuthology.orchestra.run.smithi007.stdout:/usr/bin/ceph: stderr
2024-05-09T04:39:37.757+0000 7fb0cf7fe700 1 -- 172.21.15.7:0/1834053997 <== mon.0 v2:172.21.15.7:3300/0 2 ==== config(26 keys) ==== 1070+0+0 (secure 0 0 0) 0x7fb0d4003cd0 con 0x7fb0d8109c20
2024-05-09T04:39:38.703 INFO:teuthology.orchestra.run.smithi007.stdout:/usr/bin/ceph: stderr
2024-05-09T04:39:37.757+0000 7fb0cf7fe700 1 -- 172.21.15.7:0/1834053997 <== mon.0 v2:172.21.15.7:3300/0 3 ==== mon_map magic: 0 ==== 205+0+0 (secure 0 0 0) 0x7fb0d40193c0 con 0x7fb0d8109c20
2024-05-09T04:39:38.703 INFO:teuthology.orchestra.run.smithi007.stdout:/usr/bin/ceph: stderr
2024-05-09T04:39:37.757+0000 7fb0e02e1700 1 -- 172.21.15.7:0/1834053997 --> [v2:172.21.15.7:3300/0,v1:172.21.15.7:6789/0] -- mon_subscribe({osdmap=0}) -- 0x7fb0d81a14c0 con 0x7fb0d8109c20
2024-05-09T04:39:38.704 INFO:teuthology.orchestra.run.smithi007.stdout:/usr/bin/ceph: stderr
2024-05-09T04:39:37.758+0000 7fb0cf7fe700 1 -- 172.21.15.7:0/1834053997 <== mon.0 v2:172.21.15.7:3300/0 4 ==== mgrmap(e 4) ==== 50211+0+0 (secure 0 0 0) 0x7fb0d4019630 con 0x7fb0d8109c20
2024-05-09T04:39:38.704 INFO:teuthology.orchestra.run.smithi007.stdout:/usr/bin/ceph: stderr
2024-05-09T04:39:37.758+0000 7fb0cf7fe700 1 --2- 172.21.15.7:0/1834053997 >> [v2:172.21.15.7:6800/71075981,v1:172.21.15.7:6801/71075981] conn(0x7fb0c403e420 0x7fb0c4040930 unknown :-1 s=NONE pgs=0 cs=0 l=1 rev1=0 crypto rx=0 tx=0 comp rx=0 tx=0).connect
2024-05-09T04:39:38.704 INFO:teuthology.orchestra.run.smithi007.stdout:/usr/bin/ceph: stderr
2024-05-09T04:39:37.758+0000 7fb0e02e1700 1 -- 172.21.15.7:0/1834053997 --> [v2:172.21.15.7:3300/0,v1:172.21.15.7:6789/0] -- mon_command({"prefix": "get_command_descriptions"} v 0) -- 0x7fb0d8064e20 con 0x7fb0d8109c20
2024-05-09T04:39:38.704 INFO:teuthology.orchestra.run.smithi007.stdout:/usr/bin/ceph: stderr
2024-05-09T04:39:37.758+0000 7fb0cf7fe700 1 -- 172.21.15.7:0/1834053997 <== mon.0 v2:172.21.15.7:3300/0 5 ==== osd_map(1..1 src has 1..1) ==== 725+0+0 (secure 0 0 0) 0x7fb0d4054620 con 0x7fb0d8109c20
2024-05-09T04:39:38.704 INFO:teuthology.orchestra.run.smithi007.stdout:/usr/bin/ceph: stderr
2024-05-09T04:39:37.758+0000 7fb0dd87c700 1 --2- 172.21.15.7:0/1834053997 >> [v2:172.21.15.7:6800/71075981,v1:172.21.15.7:6801/71075981] conn(0x7fb0c403e420 0x7fb0c4040930 unknown :-1 s=BANNER_CONNECTING pgs=0 cs=0 l=1 rev1=0 crypto rx=0 tx=0 comp rx=0 tx=0)._handle_peer_banner_payload supported=3 required=0
2024-05-09T04:39:38.704 INFO:teuthology.orchestra.run.smithi007.stdout:/usr/bin/ceph: stderr
2024-05-09T04:39:37.759+0000 7fb0dd87c700 1 --2- 172.21.15.7:0/1834053997 >> [v2:172.21.15.7:6800/71075981,v1:172.21.15.7:6801/71075981] conn(0x7fb0c403e420 0x7fb0c4040930 secure :-1 s=READY pgs=6 cs=0 l=1 rev1=1 crypto rx=0x7fb0c8006fd0 tx=0x7fb0c8006e40 comp rx=0 tx=0).ready entity=mgr.14100 client_cookie=0 server_cookie=0 in_seq=0 out_seq=0
2024-05-09T04:39:38.704 INFO:teuthology.orchestra.run.smithi007.stdout:/usr/bin/ceph: stderr
2024-05-09T04:39:37.764+0000 7fb0cf7fe700 1 -- 172.21.15.7:0/1834053997 <== mon.0 v2:172.21.15.7:3300/0 6 ==== mon_command_ack([{"prefix": "get_command_descriptions"}]=0 v0) ==== 72+0+191963 (secure 0 0 0) 0x7fb0d4016dd0 con 0x7fb0d8109c20
2024-05-09T04:39:38.704 INFO:teuthology.orchestra.run.smithi007.stdout:/usr/bin/ceph: stderr
2024-05-09T04:39:38.074+0000 7fb0e02e1700 1 -- 172.21.15.7:0/1834053997 --> [v2:172.21.15.7:3300/0,v1:172.21.15.7:6789/0] -- mon_command({"prefix": "status", "format": "json-pretty"} v 0) -- 0x7fb0d81a1c00 con 0x7fb0d8109c20
2024-05-09T04:39:38.704 INFO:teuthology.orchestra.run.smithi007.stdout:/usr/bin/ceph: stderr
2024-05-09T04:39:38.074+0000 7fb0cf7fe700 1 -- 172.21.15.7:0/1834053997 <== mon.0 v2:172.21.15.7:3300/0 7 ==== mon_command_ack([{"prefix": "status", "format": "json-pretty"}]=0 v0) ==== 79+0+1239 (secure 0 0 0) 0x7fb0d404e090 con 0x7fb0d8109c20
2024-05-09T04:39:38.704 INFO:teuthology.orchestra.run.smithi007.stdout:/usr/bin/ceph: stderr
2024-05-09T04:39:38.078+0000 7fb0e02e1700 1 -- 172.21.15.7:0/1834053997 >> [v2:172.21.15.7:6800/71075981,v1:172.21.15.7:6801/71075981] conn(0x7fb0c403e420 msgr2=0x7fb0c4040930 secure :-1 s=STATE_CONNECTION_ESTABLISHED l=1).mark_down
2024-05-09T04:39:38.704 INFO:teuthology.orchestra.run.smithi007.stdout:/usr/bin/ceph: stderr
2024-05-09T04:39:38.078+0000 7fb0e02e1700 1 --2- 172.21.15.7:0/1834053997 >> [v2:172.21.15.7:6800/71075981,v1:172.21.15.7:6801/71075981] conn(0x7fb0c403e420 0x7fb0c4040930 secure :-1 s=READY pgs=6 cs=0 l=1 rev1=1 crypto rx=0x7fb0c8006fd0 tx=0x7fb0c8006e40 comp rx=0 tx=0).stop
2024-05-09T04:39:38.704 INFO:teuthology.orchestra.run.smithi007.stdout:/usr/bin/ceph: stderr
2024-05-09T04:39:38.078+0000 7fb0e02e1700 1 -- 172.21.15.7:0/1834053997 >> [v2:172.21.15.7:3300/0,v1:172.21.15.7:6789/0] conn(0x7fb0d8109c20 msgr2=0x7fb0d819e0e0 secure :-1 s=STATE_CONNECTION_ESTABLISHED l=1).mark_down
2024-05-09T04:39:38.704 INFO:teuthology.orchestra.run.smithi007.stdout:/usr/bin/ceph: stderr
2024-05-09T04:39:38.078+0000 7fb0e02e1700 1 --2- 172.21.15.7:0/1834053997 >> [v2:172.21.15.7:3300/0,v1:172.21.15.7:6789/0] conn(0x7fb0d8109c20 0x7fb0d819e0e0 secure :-1 s=READY pgs=17 cs=0 l=1 rev1=1 crypto rx=0x7fb0d4011670 tx=0x7fb0d4004280 comp rx=0 tx=0).stop
2024-05-09T04:39:38.704 INFO:teuthology.orchestra.run.smithi007.stdout:/usr/bin/ceph: stderr
2024-05-09T04:39:38.078+0000 7fb0e02e1700 1 -- 172.21.15.7:0/1834053997 shutdown_connections
2024-05-09T04:39:38.705 INFO:teuthology.orchestra.run.smithi007.stdout:/usr/bin/ceph: stderr
2024-05-09T04:39:38.078+0000 7fb0e02e1700 1 --2- 172.21.15.7:0/1834053997 >> [v2:172.21.15.7:6800/71075981,v1:172.21.15.7:6801/71075981] conn(0x7fb0c403e420 0x7fb0c4040930 unknown :-1 s=CLOSED pgs=6 cs=0 l=1 rev1=1 crypto rx=0 tx=0 comp rx=0 tx=0).stop
2024-05-09T04:39:38.705 INFO:teuthology.orchestra.run.smithi007.stdout:/usr/bin/ceph: stderr
2024-05-09T04:39:38.078+0000 7fb0e02e1700 1 --2- 172.21.15.7:0/1834053997 >> [v2:172.21.15.7:3300/0,v1:172.21.15.7:6789/0] conn(0x7fb0d8109c20 0x7fb0d819e0e0 unknown :-1 s=CLOSED pgs=17 cs=0 l=1 rev1=1 crypto rx=0 tx=0 comp rx=0 tx=0).stop
2024-05-09T04:39:38.705 INFO:teuthology.orchestra.run.smithi007.stdout:/usr/bin/ceph: stderr
2024-05-09T04:39:38.078+0000 7fb0e02e1700 1 -- 172.21.15.7:0/1834053997 >> 172.21.15.7:0/1834053997 conn(0x7fb0d8105280 msgr2=0x7fb0d8105b90 unknown :-1 s=STATE_NONE l=0).mark_down
2024-05-09T04:39:38.705 INFO:teuthology.orchestra.run.smithi007.stdout:/usr/bin/ceph: stderr
2024-05-09T04:39:38.078+0000 7fb0e02e1700 1 -- 172.21.15.7:0/1834053997 shutdown_connections
2024-05-09T04:39:38.705 INFO:teuthology.orchestra.run.smithi007.stdout:/usr/bin/ceph: stderr
2024-05-09T04:39:38.078+0000 7fb0e02e1700 1 -- 172.21.15.7:0/1834053997 wait complete.
2024-05-09T04:39:38.705 INFO:teuthology.orchestra.run.smithi007.stdout:mgr is available
2024-05-09T04:39:39.654 INFO:journalctl@ceph.mon.a.smithi007.stdout:May 09 04:39:39 smithi007 ceph-mon[30167]: from='client.? 172.21.15.7:0/2074996001' entity='client.admin' cmd=[{"prefix": "config assimilate-conf"}]: dispatch
2024-05-09T04:39:39.872 INFO:teuthology.orchestra.run.smithi007.stdout:/usr/bin/ceph: stdout
2024-05-09T04:39:39.872 INFO:teuthology.orchestra.run.smithi007.stdout:/usr/bin/ceph: stdout [global]
2024-05-09T04:39:39.872 INFO:teuthology.orchestra.run.smithi007.stdout:/usr/bin/ceph: stdout fsid = e8d79ef8-0dbd-11ef-bc97-c7b262605968
2024-05-09T04:39:39.872 INFO:teuthology.orchestra.run.smithi007.stdout:/usr/bin/ceph: stdout mon_cluster_log_file_level = debug
2024-05-09T04:39:39.872 INFO:teuthology.orchestra.run.smithi007.stdout:/usr/bin/ceph: stdout mon_osd_allow_pg_remap = true
2024-05-09T04:39:39.872 INFO:teuthology.orchestra.run.smithi007.stdout:/usr/bin/ceph: stdout mon_osd_allow_primary_affinity = true
2024-05-09T04:39:39.872 INFO:teuthology.orchestra.run.smithi007.stdout:/usr/bin/ceph: stdout mon_warn_on_no_sortbitwise = false
2024-05-09T04:39:39.873 INFO:teuthology.orchestra.run.smithi007.stdout:/usr/bin/ceph: stdout osd_crush_chooseleaf_type = 0
2024-05-09T04:39:39.873 INFO:teuthology.orchestra.run.smithi007.stdout:/usr/bin/ceph: stdout
2024-05-09T04:39:39.873 INFO:teuthology.orchestra.run.smithi007.stdout:/usr/bin/ceph: stdout [mgr]
2024-05-09T04:39:39.873 INFO:teuthology.orchestra.run.smithi007.stdout:/usr/bin/ceph: stdout mgr/telemetry/nag = false
2024-05-09T04:39:39.873 INFO:teuthology.orchestra.run.smithi007.stdout:/usr/bin/ceph: stdout
2024-05-09T04:39:39.873 INFO:teuthology.orchestra.run.smithi007.stdout:/usr/bin/ceph: stdout [osd]
2024-05-09T04:39:39.873 INFO:teuthology.orchestra.run.smithi007.stdout:/usr/bin/ceph: stdout bdev_async_discard = True
2024-05-09T04:39:39.873 INFO:teuthology.orchestra.run.smithi007.stdout:/usr/bin/ceph: stdout mon_osd_backfillfull_ratio = 0.85
2024-05-09T04:39:39.873 INFO:teuthology.orchestra.run.smithi007.stdout:/usr/bin/ceph: stdout mon_osd_full_ratio = 0.9
2024-05-09T04:39:39.873 INFO:teuthology.orchestra.run.smithi007.stdout:/usr/bin/ceph: stdout mon_osd_nearfull_ratio = 0.8
2024-05-09T04:39:39.873 INFO:teuthology.orchestra.run.smithi007.stdout:/usr/bin/ceph: stdout osd_map_max_advance = 10
2024-05-09T04:39:39.873 INFO:teuthology.orchestra.run.smithi007.stdout:/usr/bin/ceph: stdout osd_sloppy_crc = true
2024-05-09T04:39:39.873 INFO:teuthology.orchestra.run.smithi007.stdout:/usr/bin/ceph: stderr
2024-05-09T04:39:39.130+0000 7fc2d0aeb700 1 Processor -- start
2024-05-09T04:39:39.874 INFO:teuthology.orchestra.run.smithi007.stdout:/usr/bin/ceph: stderr
2024-05-09T04:39:39.131+0000 7fc2d0aeb700 1 -- start start
2024-05-09T04:39:39.874 INFO:teuthology.orchestra.run.smithi007.stdout:/usr/bin/ceph: stderr
2024-05-09T04:39:39.131+0000 7fc2d0aeb700 1 --2- >> [v2:172.21.15.7:3300/0,v1:172.21.15.7:6789/0] conn(0x7fc2cc10a0d0 0x7fc2cc10a4e0 unknown :-1 s=NONE pgs=0 cs=0 l=0 rev1=0 crypto rx=0 tx=0 comp rx=0 tx=0).connect
2024-05-09T04:39:39.874 INFO:teuthology.orchestra.run.smithi007.stdout:/usr/bin/ceph: stderr
2024-05-09T04:39:39.131+0000 7fc2d0aeb700 1 -- --> [v2:172.21.15.7:3300/0,v1:172.21.15.7:6789/0] -- mon_getmap magic: 0 -- 0x7fc2cc10aaf0 con 0x7fc2cc10a0d0
2024-05-09T04:39:39.874 INFO:teuthology.orchestra.run.smithi007.stdout:/usr/bin/ceph: stderr
2024-05-09T04:39:39.131+0000 7fc2ca59c700 1 --2- >> [v2:172.21.15.7:3300/0,v1:172.21.15.7:6789/0] conn(0x7fc2cc10a0d0 0x7fc2cc10a4e0 unknown :-1 s=BANNER_CONNECTING pgs=0 cs=0 l=0 rev1=0 crypto rx=0 tx=0 comp rx=0 tx=0)._handle_peer_banner_payload supported=3 required=0
2024-05-09T04:39:39.874 INFO:teuthology.orchestra.run.smithi007.stdout:/usr/bin/ceph: stderr
2024-05-09T04:39:39.131+0000 7fc2ca59c700 1 --2- >> [v2:172.21.15.7:3300/0,v1:172.21.15.7:6789/0] conn(0x7fc2cc10a0d0 0x7fc2cc10a4e0 unknown :-1 s=HELLO_CONNECTING pgs=0 cs=0 l=0 rev1=1 crypto rx=0 tx=0 comp rx=0 tx=0).handle_hello peer v2:172.21.15.7:3300/0 says I am v2:172.21.15.7:51344/0 (socket says 172.21.15.7:51344)
2024-05-09T04:39:39.874 INFO:teuthology.orchestra.run.smithi007.stdout:/usr/bin/ceph: stderr
2024-05-09T04:39:39.131+0000 7fc2ca59c700 1 -- 172.21.15.7:0/843923875 learned_addr learned my addr 172.21.15.7:0/843923875 (peer_addr_for_me v2:172.21.15.7:0/0)
2024-05-09T04:39:39.874 INFO:teuthology.orchestra.run.smithi007.stdout:/usr/bin/ceph: stderr
2024-05-09T04:39:39.131+0000 7fc2ca59c700 1 -- 172.21.15.7:0/843923875 --> [v2:172.21.15.7:3300/0,v1:172.21.15.7:6789/0] -- mon_subscribe({config=0+,monmap=0+}) -- 0x7fc2cc108d00 con 0x7fc2cc10a0d0
2024-05-09T04:39:39.874 INFO:teuthology.orchestra.run.smithi007.stdout:/usr/bin/ceph: stderr
2024-05-09T04:39:39.132+0000 7fc2ca59c700 1 --2- 172.21.15.7:0/843923875 >> [v2:172.21.15.7:3300/0,v1:172.21.15.7:6789/0] conn(0x7fc2cc10a0d0 0x7fc2cc10a4e0 secure :-1 s=READY pgs=18 cs=0 l=1 rev1=1 crypto rx=0x7fc2bc0098a0 tx=0x7fc2bc009bb0 comp rx=0 tx=0).ready entity=mon.0 client_cookie=88e6f0f1400f50a2 server_cookie=0 in_seq=0 out_seq=0
2024-05-09T04:39:39.874 INFO:teuthology.orchestra.run.smithi007.stdout:/usr/bin/ceph: stderr
2024-05-09T04:39:39.132+0000 7fc2c959a700 1 -- 172.21.15.7:0/843923875 <== mon.0 v2:172.21.15.7:3300/0 1 ==== mon_map magic: 0 ==== 205+0+0 (secure 0 0 0) 0x7fc2bc004160 con 0x7fc2cc10a0d0
2024-05-09T04:39:39.874 INFO:teuthology.orchestra.run.smithi007.stdout:/usr/bin/ceph: stderr
2024-05-09T04:39:39.132+0000 7fc2c959a700 1 -- 172.21.15.7:0/843923875 <== mon.0 v2:172.21.15.7:3300/0 2 ==== config(26 keys) ==== 1070+0+0 (secure 0 0 0) 0x7fc2bc004300 con 0x7fc2cc10a0d0
2024-05-09T04:39:39.875 INFO:teuthology.orchestra.run.smithi007.stdout:/usr/bin/ceph: stderr
2024-05-09T04:39:39.132+0000 7fc2c959a700 1 -- 172.21.15.7:0/843923875 <== mon.0 v2:172.21.15.7:3300/0 3 ==== mon_map magic: 0 ==== 205+0+0 (secure 0 0 0) 0x7fc2bc011af0 con 0x7fc2cc10a0d0
2024-05-09T04:39:39.875 INFO:teuthology.orchestra.run.smithi007.stdout:/usr/bin/ceph: stderr
2024-05-09T04:39:39.132+0000 7fc2d0aeb700 1 -- 172.21.15.7:0/843923875 >> [v2:172.21.15.7:3300/0,v1:172.21.15.7:6789/0] conn(0x7fc2cc10a0d0 msgr2=0x7fc2cc10a4e0 secure :-1 s=STATE_CONNECTION_ESTABLISHED l=1).mark_down
2024-05-09T04:39:39.875 INFO:teuthology.orchestra.run.smithi007.stdout:/usr/bin/ceph: stderr
2024-05-09T04:39:39.133+0000 7fc2d0aeb700 1 --2- 172.21.15.7:0/843923875 >> [v2:172.21.15.7:3300/0,v1:172.21.15.7:6789/0] conn(0x7fc2cc10a0d0 0x7fc2cc10a4e0 secure :-1 s=READY pgs=18 cs=0 l=1 rev1=1 crypto rx=0x7fc2bc0098a0 tx=0x7fc2bc009bb0 comp rx=0 tx=0).stop
2024-05-09T04:39:39.875 INFO:teuthology.orchestra.run.smithi007.stdout:/usr/bin/ceph: stderr
2024-05-09T04:39:39.133+0000 7fc2d0aeb700 1 -- 172.21.15.7:0/843923875 shutdown_connections
2024-05-09T04:39:39.875 INFO:teuthology.orchestra.run.smithi007.stdout:/usr/bin/ceph: stderr
2024-05-09T04:39:39.133+0000 7fc2d0aeb700 1 --2- 172.21.15.7:0/843923875 >> [v2:172.21.15.7:3300/0,v1:172.21.15.7:6789/0] conn(0x7fc2cc10a0d0 0x7fc2cc10a4e0 unknown :-1 s=CLOSED pgs=18 cs=0 l=1 rev1=1 crypto rx=0 tx=0 comp rx=0 tx=0).stop
2024-05-09T04:39:39.875 INFO:teuthology.orchestra.run.smithi007.stdout:/usr/bin/ceph: stderr
2024-05-09T04:39:39.133+0000 7fc2d0aeb700 1 -- 172.21.15.7:0/843923875 >> 172.21.15.7:0/843923875 conn(0x7fc2cc103980 msgr2=0x7fc2cc105dd0 unknown :-1 s=STATE_NONE l=0).mark_down
2024-05-09T04:39:39.876 INFO:teuthology.orchestra.run.smithi007.stdout:/usr/bin/ceph: stderr
2024-05-09T04:39:39.133+0000 7fc2d0aeb700 1 -- 172.21.15.7:0/843923875 shutdown_connections
2024-05-09T04:39:39.876 INFO:teuthology.orchestra.run.smithi007.stdout:/usr/bin/ceph: stderr
2024-05-09T04:39:39.133+0000 7fc2d0aeb700 1 -- 172.21.15.7:0/843923875 wait complete.
2024-05-09T04:39:39.876 INFO:teuthology.orchestra.run.smithi007.stdout:/usr/bin/ceph: stderr
2024-05-09T04:39:39.133+0000 7fc2d0aeb700 1 Processor -- start
2024-05-09T04:39:39.876 INFO:teuthology.orchestra.run.smithi007.stdout:/usr/bin/ceph: stderr
2024-05-09T04:39:39.134+0000 7fc2d0aeb700 1 -- start start
2024-05-09T04:39:39.876 INFO:teuthology.orchestra.run.smithi007.stdout:/usr/bin/ceph: stderr
2024-05-09T04:39:39.134+0000 7fc2d0aeb700 1 --2- >> [v2:172.21.15.7:3300/0,v1:172.21.15.7:6789/0] conn(0x7fc2cc10a0d0 0x7fc2cc108590 unknown :-1 s=NONE pgs=0 cs=0 l=1 rev1=0 crypto rx=0 tx=0 comp rx=0 tx=0).connect
2024-05-09T04:39:39.876 INFO:teuthology.orchestra.run.smithi007.stdout:/usr/bin/ceph: stderr
2024-05-09T04:39:39.134+0000 7fc2d0aeb700 1 -- --> [v2:172.21.15.7:3300/0,v1:172.21.15.7:6789/0] -- mon_getmap magic: 0 -- 0x7fc2cc10d0c0 con 0x7fc2cc10a0d0
2024-05-09T04:39:39.876 INFO:teuthology.orchestra.run.smithi007.stdout:/usr/bin/ceph: stderr
2024-05-09T04:39:39.134+0000 7fc2ca59c700 1 --2- >> [v2:172.21.15.7:3300/0,v1:172.21.15.7:6789/0] conn(0x7fc2cc10a0d0 0x7fc2cc108590 unknown :-1 s=BANNER_CONNECTING pgs=0 cs=0 l=1 rev1=0 crypto rx=0 tx=0 comp rx=0 tx=0)._handle_peer_banner_payload supported=3 required=0
2024-05-09T04:39:39.877 INFO:teuthology.orchestra.run.smithi007.stdout:/usr/bin/ceph: stderr
2024-05-09T04:39:39.134+0000 7fc2ca59c700 1 --2- >> [v2:172.21.15.7:3300/0,v1:172.21.15.7:6789/0] conn(0x7fc2cc10a0d0 0x7fc2cc108590 unknown :-1 s=HELLO_CONNECTING pgs=0 cs=0 l=1 rev1=1 crypto rx=0 tx=0 comp rx=0 tx=0).handle_hello peer v2:172.21.15.7:3300/0 says I am v2:172.21.15.7:51354/0 (socket says 172.21.15.7:51354)
2024-05-09T04:39:39.877 INFO:teuthology.orchestra.run.smithi007.stdout:/usr/bin/ceph: stderr
2024-05-09T04:39:39.134+0000 7fc2ca59c700 1 -- 172.21.15.7:0/2074996001 learned_addr learned my addr 172.21.15.7:0/2074996001 (peer_addr_for_me v2:172.21.15.7:0/0)
2024-05-09T04:39:39.877 INFO:teuthology.orchestra.run.smithi007.stdout:/usr/bin/ceph: stderr
2024-05-09T04:39:39.134+0000 7fc2ca59c700 1 -- 172.21.15.7:0/2074996001 --> [v2:172.21.15.7:3300/0,v1:172.21.15.7:6789/0] -- mon_subscribe({config=0+,monmap=0+}) -- 0x7fc2cc108ad0 con 0x7fc2cc10a0d0
2024-05-09T04:39:39.877 INFO:teuthology.orchestra.run.smithi007.stdout:/usr/bin/ceph: stderr
2024-05-09T04:39:39.134+0000 7fc2ca59c700 1 --2- 172.21.15.7:0/2074996001 >> [v2:172.21.15.7:3300/0,v1:172.21.15.7:6789/0] conn(0x7fc2cc10a0d0 0x7fc2cc108590 secure :-1 s=READY pgs=19 cs=0 l=1 rev1=1 crypto rx=0x7fc2bc0117b0 tx=0x7fc2bc011b70 comp rx=0 tx=0).ready entity=mon.0 client_cookie=0 server_cookie=0 in_seq=0 out_seq=0
2024-05-09T04:39:39.877 INFO:teuthology.orchestra.run.smithi007.stdout:/usr/bin/ceph: stderr
2024-05-09T04:39:39.134+0000 7fc2bb7fe700 1 -- 172.21.15.7:0/2074996001 <== mon.0 v2:172.21.15.7:3300/0 1 ==== mon_map magic: 0 ==== 205+0+0 (secure 0 0 0) 0x7fc2bc0039c0 con 0x7fc2cc10a0d0
2024-05-09T04:39:39.877 INFO:teuthology.orchestra.run.smithi007.stdout:/usr/bin/ceph: stderr
2024-05-09T04:39:39.135+0000 7fc2bb7fe700 1 -- 172.21.15.7:0/2074996001 <== mon.0 v2:172.21.15.7:3300/0 2 ==== config(26 keys) ==== 1070+0+0 (secure 0 0 0) 0x7fc2bc003b60 con 0x7fc2cc10a0d0
2024-05-09T04:39:39.878 INFO:teuthology.orchestra.run.smithi007.stdout:/usr/bin/ceph: stderr
2024-05-09T04:39:39.135+0000 7fc2bb7fe700 1 -- 172.21.15.7:0/2074996001 <== mon.0 v2:172.21.15.7:3300/0 3 ==== mon_map magic: 0 ==== 205+0+0 (secure 0 0 0) 0x7fc2bc0196a0 con 0x7fc2cc10a0d0
2024-05-09T04:39:39.878 INFO:teuthology.orchestra.run.smithi007.stdout:/usr/bin/ceph: stderr
2024-05-09T04:39:39.135+0000 7fc2d0aeb700 1 -- 172.21.15.7:0/2074996001 --> [v2:172.21.15.7:3300/0,v1:172.21.15.7:6789/0] -- mon_subscribe({mgrmap=0+}) -- 0x7fc2cc1a0e10 con 0x7fc2cc10a0d0
2024-05-09T04:39:39.878 INFO:teuthology.orchestra.run.smithi007.stdout:/usr/bin/ceph: stderr
2024-05-09T04:39:39.135+0000 7fc2d0aeb700 1 -- 172.21.15.7:0/2074996001 --> [v2:172.21.15.7:3300/0,v1:172.21.15.7:6789/0] -- mon_subscribe({osdmap=0}) -- 0x7fc2cc1a1290 con 0x7fc2cc10a0d0
2024-05-09T04:39:39.878 INFO:teuthology.orchestra.run.smithi007.stdout:/usr/bin/ceph: stderr
2024-05-09T04:39:39.136+0000 7fc2bb7fe700 1 -- 172.21.15.7:0/2074996001 <== mon.0 v2:172.21.15.7:3300/0 4 ==== mgrmap(e 4) ==== 50211+0+0 (secure 0 0 0) 0x7fc2bc019910 con 0x7fc2cc10a0d0
2024-05-09T04:39:39.878 INFO:teuthology.orchestra.run.smithi007.stdout:/usr/bin/ceph: stderr
2024-05-09T04:39:39.136+0000 7fc2d0aeb700 1 -- 172.21.15.7:0/2074996001 --> [v2:172.21.15.7:3300/0,v1:172.21.15.7:6789/0] -- mon_command({"prefix": "get_command_descriptions"} v 0) -- 0x7fc2cc064e20 con 0x7fc2cc10a0d0
2024-05-09T04:39:39.878 INFO:teuthology.orchestra.run.smithi007.stdout:/usr/bin/ceph: stderr
2024-05-09T04:39:39.136+0000 7fc2bb7fe700 1 --2- 172.21.15.7:0/2074996001 >> [v2:172.21.15.7:6800/71075981,v1:172.21.15.7:6801/71075981] conn(0x7fc2b403e470 0x7fc2b4040980 unknown :-1 s=NONE pgs=0 cs=0 l=1 rev1=0 crypto rx=0 tx=0 comp rx=0 tx=0).connect
2024-05-09T04:39:39.879 INFO:teuthology.orchestra.run.smithi007.stdout:/usr/bin/ceph: stderr
2024-05-09T04:39:39.136+0000 7fc2bb7fe700 1 -- 172.21.15.7:0/2074996001 <== mon.0 v2:172.21.15.7:3300/0 5 ==== osd_map(1..1 src has 1..1) ==== 725+0+0 (secure 0 0 0) 0x7fc2bc053ba0 con 0x7fc2cc10a0d0
2024-05-09T04:39:39.879 INFO:teuthology.orchestra.run.smithi007.stdout:/usr/bin/ceph: stderr
2024-05-09T04:39:39.136+0000 7fc2c9d9b700 1 --2- 172.21.15.7:0/2074996001 >> [v2:172.21.15.7:6800/71075981,v1:172.21.15.7:6801/71075981] conn(0x7fc2b403e470 0x7fc2b4040980 unknown :-1 s=BANNER_CONNECTING pgs=0 cs=0 l=1 rev1=0 crypto rx=0 tx=0 comp rx=0 tx=0)._handle_peer_banner_payload supported=3 required=0
2024-05-09T04:39:39.879 INFO:teuthology.orchestra.run.smithi007.stdout:/usr/bin/ceph: stderr
2024-05-09T04:39:39.137+0000 7fc2c9d9b700 1 --2- 172.21.15.7:0/2074996001 >> [v2:172.21.15.7:6800/71075981,v1:172.21.15.7:6801/71075981] conn(0x7fc2b403e470 0x7fc2b4040980 secure :-1 s=READY pgs=7 cs=0 l=1 rev1=1 crypto rx=0x7fc2c0006fd0 tx=0x7fc2c0006e40 comp rx=0 tx=0).ready entity=mgr.14100 client_cookie=0 server_cookie=0 in_seq=0 out_seq=0
2024-05-09T04:39:39.879 INFO:teuthology.orchestra.run.smithi007.stdout:/usr/bin/ceph: stderr
2024-05-09T04:39:39.142+0000 7fc2bb7fe700 1 -- 172.21.15.7:0/2074996001 <== mon.0 v2:172.21.15.7:3300/0 6 ==== mon_command_ack([{"prefix": "get_command_descriptions"}]=0 v0) ==== 72+0+191963 (secure 0 0 0) 0x7fc2bc00b3e0 con 0x7fc2cc10a0d0
2024-05-09T04:39:39.879 INFO:teuthology.orchestra.run.smithi007.stdout:/usr/bin/ceph: stderr
2024-05-09T04:39:39.358+0000 7fc2d0aeb700 1 -- 172.21.15.7:0/2074996001 --> [v2:172.21.15.7:3300/0,v1:172.21.15.7:6789/0] -- mon_command({"prefix": "config assimilate-conf"} v 0) -- 0x7fc2cc1a1510 con 0x7fc2cc10a0d0
2024-05-09T04:39:39.879 INFO:teuthology.orchestra.run.smithi007.stdout:/usr/bin/ceph: stderr
2024-05-09T04:39:39.359+0000 7fc2bb7fe700 1 -- 172.21.15.7:0/2074996001 <== mon.0 v2:172.21.15.7:3300/0 7 ==== mon_command_ack([{"prefix": "config assimilate-conf"}]=0 v3) ==== 70+0+436 (secure 0 0 0) 0x7fc2bc029260 con 0x7fc2cc10a0d0
2024-05-09T04:39:39.880 INFO:teuthology.orchestra.run.smithi007.stdout:/usr/bin/ceph: stderr
2024-05-09T04:39:39.362+0000 7fc2d0aeb700 1 -- 172.21.15.7:0/2074996001 >> [v2:172.21.15.7:6800/71075981,v1:172.21.15.7:6801/71075981] conn(0x7fc2b403e470 msgr2=0x7fc2b4040980 secure :-1 s=STATE_CONNECTION_ESTABLISHED l=1).mark_down
2024-05-09T04:39:39.880 INFO:teuthology.orchestra.run.smithi007.stdout:/usr/bin/ceph: stderr
2024-05-09T04:39:39.362+0000 7fc2d0aeb700 1 --2- 172.21.15.7:0/2074996001 >> [v2:172.21.15.7:6800/71075981,v1:172.21.15.7:6801/71075981] conn(0x7fc2b403e470 0x7fc2b4040980 secure :-1 s=READY pgs=7 cs=0 l=1 rev1=1 crypto rx=0x7fc2c0006fd0 tx=0x7fc2c0006e40 comp rx=0 tx=0).stop
2024-05-09T04:39:39.880 INFO:teuthology.orchestra.run.smithi007.stdout:/usr/bin/ceph: stderr
2024-05-09T04:39:39.362+0000 7fc2d0aeb700 1 -- 172.21.15.7:0/2074996001 >> [v2:172.21.15.7:3300/0,v1:172.21.15.7:6789/0] conn(0x7fc2cc10a0d0 msgr2=0x7fc2cc108590 secure :-1 s=STATE_CONNECTION_ESTABLISHED l=1).mark_down
2024-05-09T04:39:39.880 INFO:teuthology.orchestra.run.smithi007.stdout:/usr/bin/ceph: stderr
2024-05-09T04:39:39.362+0000 7fc2d0aeb700 1 --2- 172.21.15.7:0/2074996001 >> [v2:172.21.15.7:3300/0,v1:172.21.15.7:6789/0] conn(0x7fc2cc10a0d0 0x7fc2cc108590 secure :-1 s=READY pgs=19 cs=0 l=1 rev1=1 crypto rx=0x7fc2bc0117b0 tx=0x7fc2bc011b70 comp rx=0 tx=0).stop
2024-05-09T04:39:39.880 INFO:teuthology.orchestra.run.smithi007.stdout:/usr/bin/ceph: stderr
2024-05-09T04:39:39.362+0000 7fc2d0aeb700 1 -- 172.21.15.7:0/2074996001 shutdown_connections
2024-05-09T04:39:39.880 INFO:teuthology.orchestra.run.smithi007.stdout:/usr/bin/ceph: stderr
2024-05-09T04:39:39.362+0000 7fc2d0aeb700 1 --2- 172.21.15.7:0/2074996001 >> [v2:172.21.15.7:6800/71075981,v1:172.21.15.7:6801/71075981] conn(0x7fc2b403e470 0x7fc2b4040980 unknown :-1 s=CLOSED pgs=7 cs=0 l=1 rev1=1 crypto rx=0 tx=0 comp rx=0 tx=0).stop
2024-05-09T04:39:39.880 INFO:teuthology.orchestra.run.smithi007.stdout:/usr/bin/ceph: stderr
2024-05-09T04:39:39.362+0000 7fc2d0aeb700 1 --2- 172.21.15.7:0/2074996001 >> [v2:172.21.15.7:3300/0,v1:172.21.15.7:6789/0] conn(0x7fc2cc10a0d0 0x7fc2cc108590 unknown :-1 s=CLOSED pgs=19 cs=0 l=1 rev1=1 crypto rx=0 tx=0 comp rx=0 tx=0).stop
2024-05-09T04:39:39.881 INFO:teuthology.orchestra.run.smithi007.stdout:/usr/bin/ceph: stderr
2024-05-09T04:39:39.362+0000 7fc2d0aeb700 1 -- 172.21.15.7:0/2074996001 >> 172.21.15.7:0/2074996001 conn(0x7fc2cc103980 msgr2=0x7fc2cc105360 unknown :-1 s=STATE_NONE l=0).mark_down
2024-05-09T04:39:39.881 INFO:teuthology.orchestra.run.smithi007.stdout:/usr/bin/ceph: stderr
2024-05-09T04:39:39.362+0000 7fc2d0aeb700 1 -- 172.21.15.7:0/2074996001 shutdown_connections
2024-05-09T04:39:39.881 INFO:teuthology.orchestra.run.smithi007.stdout:/usr/bin/ceph: stderr
2024-05-09T04:39:39.362+0000 7fc2d0aeb700 1 -- 172.21.15.7:0/2074996001 wait complete.
2024-05-09T04:39:39.881 INFO:teuthology.orchestra.run.smithi007.stdout:Enabling cephadm module...
2024-05-09T04:39:40.830 INFO:journalctl@ceph.mon.a.smithi007.stdout:May 09 04:39:40 smithi007 ceph-mon[30167]: from='client.? 172.21.15.7:0/1697662524' entity='client.admin' cmd=[{"prefix": "mgr module enable", "module": "cephadm"}]: dispatch
2024-05-09T04:39:40.830 INFO:journalctl@ceph.mgr.x.smithi007.stdout:May 09 04:39:40 smithi007 ceph-e8d79ef8-0dbd-11ef-bc97-c7b262605968-mgr-x[30401]: ignoring --setuser ceph since I am not root
2024-05-09T04:39:40.830 INFO:journalctl@ceph.mgr.x.smithi007.stdout:May 09 04:39:40 smithi007 ceph-e8d79ef8-0dbd-11ef-bc97-c7b262605968-mgr-x[30401]: ignoring --setgroup ceph since I am not root
2024-05-09T04:39:40.830 INFO:journalctl@ceph.mgr.x.smithi007.stdout:May 09 04:39:40 smithi007 ceph-e8d79ef8-0dbd-11ef-bc97-c7b262605968-mgr-x[30401]:
2024-05-09T04:39:40.830+0000 7f2bbb4db200 -1 mgr[py] Module balancer has missing NOTIFY_TYPES member
2024-05-09T04:39:41.136 INFO:journalctl@ceph.mgr.x.smithi007.stdout:May 09 04:39:41 smithi007 ceph-e8d79ef8-0dbd-11ef-bc97-c7b262605968-mgr-x[30401]:
2024-05-09T04:39:41.027+0000 7f2bbb4db200 -1 mgr[py] Module orchestrator has missing NOTIFY_TYPES member
2024-05-09T04:39:41.137 INFO:journalctl@ceph.mgr.x.smithi007.stdout:May 09 04:39:41 smithi007 ceph-e8d79ef8-0dbd-11ef-bc97-c7b262605968-mgr-x[30401]:
2024-05-09T04:39:41.137+0000 7f2bbb4db200 -1 mgr[py] Module snap_schedule has missing NOTIFY_TYPES member
2024-05-09T04:39:41.904 INFO:journalctl@ceph.mon.a.smithi007.stdout:May 09 04:39:41 smithi007 ceph-mon[30167]: from='client.? 172.21.15.7:0/1697662524' entity='client.admin' cmd='[{"prefix": "mgr module enable", "module": "cephadm"}]': finished
2024-05-09T04:39:41.904 INFO:journalctl@ceph.mon.a.smithi007.stdout:May 09 04:39:41 smithi007 ceph-mon[30167]: mgrmap e5: x(active, since 10s)
2024-05-09T04:39:41.904 INFO:journalctl@ceph.mgr.x.smithi007.stdout:May 09 04:39:41 smithi007 ceph-e8d79ef8-0dbd-11ef-bc97-c7b262605968-mgr-x[30401]:
2024-05-09T04:39:41.464+0000 7f2bbb4db200 -1 mgr[py] Module progress has missing NOTIFY_TYPES member
2024-05-09T04:39:41.904 INFO:journalctl@ceph.mgr.x.smithi007.stdout:May 09 04:39:41 smithi007 ceph-e8d79ef8-0dbd-11ef-bc97-c7b262605968-mgr-x[30401]:
2024-05-09T04:39:41.555+0000 7f2bbb4db200 -1 mgr[py] Module influx has missing NOTIFY_TYPES member
2024-05-09T04:39:42.469 INFO:teuthology.orchestra.run.smithi007.stdout:/usr/bin/ceph: stderr
2024-05-09T04:39:40.281+0000 7f5a730b4700 1 Processor -- start
2024-05-09T04:39:42.469 INFO:teuthology.orchestra.run.smithi007.stdout:/usr/bin/ceph: stderr
2024-05-09T04:39:40.281+0000 7f5a730b4700 1 -- start start
2024-05-09T04:39:42.469 INFO:teuthology.orchestra.run.smithi007.stdout:/usr/bin/ceph: stderr
2024-05-09T04:39:40.282+0000 7f5a730b4700 1 --2- >> [v2:172.21.15.7:3300/0,v1:172.21.15.7:6789/0] conn(0x7f5a6c10a6e0 0x7f5a6c10cb00 unknown :-1 s=NONE pgs=0 cs=0 l=0 rev1=0 crypto rx=0 tx=0 comp rx=0 tx=0).connect
2024-05-09T04:39:42.469 INFO:teuthology.orchestra.run.smithi007.stdout:/usr/bin/ceph: stderr
2024-05-09T04:39:40.282+0000 7f5a730b4700 1 -- --> [v2:172.21.15.7:3300/0,v1:172.21.15.7:6789/0] -- mon_getmap magic: 0 -- 0x7f5a6c07ce60 con 0x7f5a6c10a6e0
2024-05-09T04:39:42.469 INFO:teuthology.orchestra.run.smithi007.stdout:/usr/bin/ceph: stderr
2024-05-09T04:39:40.282+0000 7f5a70e50700 1 --2- >> [v2:172.21.15.7:3300/0,v1:172.21.15.7:6789/0] conn(0x7f5a6c10a6e0 0x7f5a6c10cb00 unknown :-1 s=BANNER_CONNECTING pgs=0 cs=0 l=0 rev1=0 crypto rx=0 tx=0 comp rx=0 tx=0)._handle_peer_banner_payload supported=3 required=0
2024-05-09T04:39:42.469 INFO:teuthology.orchestra.run.smithi007.stdout:/usr/bin/ceph: stderr
2024-05-09T04:39:40.282+0000 7f5a70e50700 1 --2- >> [v2:172.21.15.7:3300/0,v1:172.21.15.7:6789/0] conn(0x7f5a6c10a6e0 0x7f5a6c10cb00 unknown :-1 s=HELLO_CONNECTING pgs=0 cs=0 l=0 rev1=1 crypto rx=0 tx=0 comp rx=0 tx=0).handle_hello peer v2:172.21.15.7:3300/0 says I am v2:172.21.15.7:51362/0 (socket says 172.21.15.7:51362)
2024-05-09T04:39:42.469 INFO:teuthology.orchestra.run.smithi007.stdout:/usr/bin/ceph: stderr
2024-05-09T04:39:40.282+0000 7f5a70e50700 1 -- 172.21.15.7:0/2261677770 learned_addr learned my addr 172.21.15.7:0/2261677770 (peer_addr_for_me v2:172.21.15.7:0/0)
2024-05-09T04:39:42.469 INFO:teuthology.orchestra.run.smithi007.stdout:/usr/bin/ceph: stderr
2024-05-09T04:39:40.282+0000 7f5a70e50700 1 -- 172.21.15.7:0/2261677770 --> [v2:172.21.15.7:3300/0,v1:172.21.15.7:6789/0] -- mon_subscribe({config=0+,monmap=0+}) -- 0x7f5a6c10d040 con 0x7f5a6c10a6e0
