2024-05-09T04:39:53.669 INFO:teuthology.orchestra.run.smithi007.stdout:/usr/bin/ceph: stderr
2024-05-09T04:39:52.609+0000 7ff1d6d9d700 1 --2- 172.21.15.7:0/2004500887 >> [v2:172.21.15.7:3300/0,v1:172.21.15.7:6789/0] conn(0x7ff1d8107f10 0x7ff1d8108320 secure :-1 s=READY pgs=39 cs=0 l=1 rev1=1 crypto rx=0x7ff1c80098a0 tx=0x7ff1c8009bb0 comp rx=0 tx=0).ready entity=mon.0 client_cookie=df1920b2d9028213 server_cookie=0 in_seq=0 out_seq=0
2024-05-09T04:39:53.669 INFO:teuthology.orchestra.run.smithi007.stdout:/usr/bin/ceph: stderr
2024-05-09T04:39:52.609+0000 7ff1d5d9b700 1 -- 172.21.15.7:0/2004500887 <== mon.0 v2:172.21.15.7:3300/0 1 ==== mon_map magic: 0 ==== 205+0+0 (secure 0 0 0) 0x7ff1c8004160 con 0x7ff1d8107f10
2024-05-09T04:39:53.669 INFO:teuthology.orchestra.run.smithi007.stdout:/usr/bin/ceph: stderr
2024-05-09T04:39:52.609+0000 7ff1d5d9b700 1 -- 172.21.15.7:0/2004500887 <== mon.0 v2:172.21.15.7:3300/0 2 ==== config(26 keys) ==== 1070+0+0 (secure 0 0 0) 0x7ff1c8004300 con 0x7ff1d8107f10
2024-05-09T04:39:53.669 INFO:teuthology.orchestra.run.smithi007.stdout:/usr/bin/ceph: stderr
2024-05-09T04:39:52.609+0000 7ff1d5d9b700 1 -- 172.21.15.7:0/2004500887 <== mon.0 v2:172.21.15.7:3300/0 3 ==== mon_map magic: 0 ==== 205+0+0 (secure 0 0 0) 0x7ff1c8011af0 con 0x7ff1d8107f10
2024-05-09T04:39:53.669 INFO:teuthology.orchestra.run.smithi007.stdout:/usr/bin/ceph: stderr
2024-05-09T04:39:52.610+0000 7ff1dd222700 1 -- 172.21.15.7:0/2004500887 >> [v2:172.21.15.7:3300/0,v1:172.21.15.7:6789/0] conn(0x7ff1d8107f10 msgr2=0x7ff1d8108320 secure :-1 s=STATE_CONNECTION_ESTABLISHED l=1).mark_down
2024-05-09T04:39:53.669 INFO:teuthology.orchestra.run.smithi007.stdout:/usr/bin/ceph: stderr
2024-05-09T04:39:52.610+0000 7ff1dd222700 1 --2- 172.21.15.7:0/2004500887 >> [v2:172.21.15.7:3300/0,v1:172.21.15.7:6789/0] conn(0x7ff1d8107f10 0x7ff1d8108320 secure :-1 s=READY pgs=39 cs=0 l=1 rev1=1 crypto rx=0x7ff1c80098a0 tx=0x7ff1c8009bb0 comp rx=0 tx=0).stop
2024-05-09T04:39:53.669 INFO:teuthology.orchestra.run.smithi007.stdout:/usr/bin/ceph: stderr
2024-05-09T04:39:52.610+0000 7ff1dd222700 1 -- 172.21.15.7:0/2004500887 shutdown_connections
2024-05-09T04:39:53.670 INFO:teuthology.orchestra.run.smithi007.stdout:/usr/bin/ceph: stderr
2024-05-09T04:39:52.610+0000 7ff1dd222700 1 --2- 172.21.15.7:0/2004500887 >> [v2:172.21.15.7:3300/0,v1:172.21.15.7:6789/0] conn(0x7ff1d8107f10 0x7ff1d8108320 unknown :-1 s=CLOSED pgs=39 cs=0 l=1 rev1=1 crypto rx=0 tx=0 comp rx=0 tx=0).stop
2024-05-09T04:39:53.670 INFO:teuthology.orchestra.run.smithi007.stdout:/usr/bin/ceph: stderr
2024-05-09T04:39:52.610+0000 7ff1dd222700 1 -- 172.21.15.7:0/2004500887 >> 172.21.15.7:0/2004500887 conn(0x7ff1d8103980 msgr2=0x7ff1d8105dd0 unknown :-1 s=STATE_NONE l=0).mark_down
2024-05-09T04:39:53.670 INFO:teuthology.orchestra.run.smithi007.stdout:/usr/bin/ceph: stderr
2024-05-09T04:39:52.610+0000 7ff1dd222700 1 -- 172.21.15.7:0/2004500887 shutdown_connections
2024-05-09T04:39:53.670 INFO:teuthology.orchestra.run.smithi007.stdout:/usr/bin/ceph: stderr
2024-05-09T04:39:52.610+0000 7ff1dd222700 1 -- 172.21.15.7:0/2004500887 wait complete.
2024-05-09T04:39:53.670 INFO:teuthology.orchestra.run.smithi007.stdout:/usr/bin/ceph: stderr
2024-05-09T04:39:52.611+0000 7ff1dd222700 1 Processor -- start
2024-05-09T04:39:53.670 INFO:teuthology.orchestra.run.smithi007.stdout:/usr/bin/ceph: stderr
2024-05-09T04:39:52.611+0000 7ff1dd222700 1 -- start start
2024-05-09T04:39:53.670 INFO:teuthology.orchestra.run.smithi007.stdout:/usr/bin/ceph: stderr
2024-05-09T04:39:52.611+0000 7ff1dd222700 1 --2- >> [v2:172.21.15.7:3300/0,v1:172.21.15.7:6789/0] conn(0x7ff1d8107f10 0x7ff1d819e2d0 unknown :-1 s=NONE pgs=0 cs=0 l=1 rev1=0 crypto rx=0 tx=0 comp rx=0 tx=0).connect
2024-05-09T04:39:53.670 INFO:teuthology.orchestra.run.smithi007.stdout:/usr/bin/ceph: stderr
2024-05-09T04:39:52.611+0000 7ff1dd222700 1 -- --> [v2:172.21.15.7:3300/0,v1:172.21.15.7:6789/0] -- mon_getmap magic: 0 -- 0x7ff1d810e140 con 0x7ff1d8107f10
2024-05-09T04:39:53.670 INFO:teuthology.orchestra.run.smithi007.stdout:/usr/bin/ceph: stderr
2024-05-09T04:39:52.611+0000 7ff1d6d9d700 1 --2- >> [v2:172.21.15.7:3300/0,v1:172.21.15.7:6789/0] conn(0x7ff1d8107f10 0x7ff1d819e2d0 unknown :-1 s=BANNER_CONNECTING pgs=0 cs=0 l=1 rev1=0 crypto rx=0 tx=0 comp rx=0 tx=0)._handle_peer_banner_payload supported=3 required=0
2024-05-09T04:39:53.670 INFO:teuthology.orchestra.run.smithi007.stdout:/usr/bin/ceph: stderr
2024-05-09T04:39:52.611+0000 7ff1d6d9d700 1 --2- >> [v2:172.21.15.7:3300/0,v1:172.21.15.7:6789/0] conn(0x7ff1d8107f10 0x7ff1d819e2d0 unknown :-1 s=HELLO_CONNECTING pgs=0 cs=0 l=1 rev1=1 crypto rx=0 tx=0 comp rx=0 tx=0).handle_hello peer v2:172.21.15.7:3300/0 says I am v2:172.21.15.7:54408/0 (socket says 172.21.15.7:54408)
2024-05-09T04:39:53.670 INFO:teuthology.orchestra.run.smithi007.stdout:/usr/bin/ceph: stderr
2024-05-09T04:39:52.611+0000 7ff1d6d9d700 1 -- 172.21.15.7:0/2256262816 learned_addr learned my addr 172.21.15.7:0/2256262816 (peer_addr_for_me v2:172.21.15.7:0/0)
2024-05-09T04:39:53.670 INFO:teuthology.orchestra.run.smithi007.stdout:/usr/bin/ceph: stderr
2024-05-09T04:39:52.612+0000 7ff1d6d9d700 1 -- 172.21.15.7:0/2256262816 --> [v2:172.21.15.7:3300/0,v1:172.21.15.7:6789/0] -- mon_subscribe({config=0+,monmap=0+}) -- 0x7ff1d819e810 con 0x7ff1d8107f10
2024-05-09T04:39:53.670 INFO:teuthology.orchestra.run.smithi007.stdout:/usr/bin/ceph: stderr
2024-05-09T04:39:52.612+0000 7ff1d6d9d700 1 --2- 172.21.15.7:0/2256262816 >> [v2:172.21.15.7:3300/0,v1:172.21.15.7:6789/0] conn(0x7ff1d8107f10 0x7ff1d819e2d0 secure :-1 s=READY pgs=40 cs=0 l=1 rev1=1 crypto rx=0x7ff1c80090e0 tx=0x7ff1c8011940 comp rx=0 tx=0).ready entity=mon.0 client_cookie=0 server_cookie=0 in_seq=0 out_seq=0
2024-05-09T04:39:53.671 INFO:teuthology.orchestra.run.smithi007.stdout:/usr/bin/ceph: stderr
2024-05-09T04:39:52.612+0000 7ff1bffff700 1 -- 172.21.15.7:0/2256262816 <== mon.0 v2:172.21.15.7:3300/0 1 ==== mon_map magic: 0 ==== 205+0+0 (secure 0 0 0) 0x7ff1c80039e0 con 0x7ff1d8107f10
2024-05-09T04:39:53.671 INFO:teuthology.orchestra.run.smithi007.stdout:/usr/bin/ceph: stderr
2024-05-09T04:39:52.612+0000 7ff1bffff700 1 -- 172.21.15.7:0/2256262816 <== mon.0 v2:172.21.15.7:3300/0 2 ==== config(26 keys) ==== 1070+0+0 (secure 0 0 0) 0x7ff1c8003b80 con 0x7ff1d8107f10
2024-05-09T04:39:53.671 INFO:teuthology.orchestra.run.smithi007.stdout:/usr/bin/ceph: stderr
2024-05-09T04:39:52.612+0000 7ff1dd222700 1 -- 172.21.15.7:0/2256262816 --> [v2:172.21.15.7:3300/0,v1:172.21.15.7:6789/0] -- mon_subscribe({mgrmap=0+}) -- 0x7ff1d819eaa0 con 0x7ff1d8107f10
2024-05-09T04:39:53.671 INFO:teuthology.orchestra.run.smithi007.stdout:/usr/bin/ceph: stderr
2024-05-09T04:39:52.612+0000 7ff1bffff700 1 -- 172.21.15.7:0/2256262816 <== mon.0 v2:172.21.15.7:3300/0 3 ==== mon_map magic: 0 ==== 205+0+0 (secure 0 0 0) 0x7ff1c80246e0 con 0x7ff1d8107f10
2024-05-09T04:39:53.671 INFO:teuthology.orchestra.run.smithi007.stdout:/usr/bin/ceph: stderr
2024-05-09T04:39:52.612+0000 7ff1dd222700 1 -- 172.21.15.7:0/2256262816 --> [v2:172.21.15.7:3300/0,v1:172.21.15.7:6789/0] -- mon_subscribe({osdmap=0}) -- 0x7ff1d81a16b0 con 0x7ff1d8107f10
2024-05-09T04:39:53.671 INFO:teuthology.orchestra.run.smithi007.stdout:/usr/bin/ceph: stderr
2024-05-09T04:39:52.613+0000 7ff1bffff700 1 -- 172.21.15.7:0/2256262816 <== mon.0 v2:172.21.15.7:3300/0 4 ==== mgrmap(e 8) ==== 50222+0+0 (secure 0 0 0) 0x7ff1c8022020 con 0x7ff1d8107f10
2024-05-09T04:39:53.671 INFO:teuthology.orchestra.run.smithi007.stdout:/usr/bin/ceph: stderr
2024-05-09T04:39:52.613+0000 7ff1bffff700 1 --2- 172.21.15.7:0/2256262816 >> [v2:172.21.15.7:6800/2249565077,v1:172.21.15.7:6801/2249565077] conn(0x7ff1c003e4c0 0x7ff1c00409d0 unknown :-1 s=NONE pgs=0 cs=0 l=1 rev1=0 crypto rx=0 tx=0 comp rx=0 tx=0).connect
2024-05-09T04:39:53.671 INFO:teuthology.orchestra.run.smithi007.stdout:/usr/bin/ceph: stderr
2024-05-09T04:39:52.613+0000 7ff1dd222700 1 -- 172.21.15.7:0/2256262816 --> [v2:172.21.15.7:3300/0,v1:172.21.15.7:6789/0] -- mon_command({"prefix": "get_command_descriptions"} v 0) -- 0x7ff1d8064e20 con 0x7ff1d8107f10
2024-05-09T04:39:53.671 INFO:teuthology.orchestra.run.smithi007.stdout:/usr/bin/ceph: stderr
2024-05-09T04:39:52.614+0000 7ff1bffff700 1 -- 172.21.15.7:0/2256262816 <== mon.0 v2:172.21.15.7:3300/0 5 ==== osd_map(2..2 src has 1..2) ==== 940+0+0 (secure 0 0 0) 0x7ff1c80546e0 con 0x7ff1d8107f10
2024-05-09T04:39:53.671 INFO:teuthology.orchestra.run.smithi007.stdout:/usr/bin/ceph: stderr
2024-05-09T04:39:52.614+0000 7ff1d659c700 1 --2- 172.21.15.7:0/2256262816 >> [v2:172.21.15.7:6800/2249565077,v1:172.21.15.7:6801/2249565077] conn(0x7ff1c003e4c0 0x7ff1c00409d0 unknown :-1 s=BANNER_CONNECTING pgs=0 cs=0 l=1 rev1=0 crypto rx=0 tx=0 comp rx=0 tx=0)._handle_peer_banner_payload supported=3 required=0
2024-05-09T04:39:53.671 INFO:teuthology.orchestra.run.smithi007.stdout:/usr/bin/ceph: stderr
2024-05-09T04:39:52.614+0000 7ff1d659c700 1 --2- 172.21.15.7:0/2256262816 >> [v2:172.21.15.7:6800/2249565077,v1:172.21.15.7:6801/2249565077] conn(0x7ff1c003e4c0 0x7ff1c00409d0 secure :-1 s=READY pgs=9 cs=0 l=1 rev1=1 crypto rx=0x7ff1cc006fd0 tx=0x7ff1cc006e40 comp rx=0 tx=0).ready entity=mgr.14118 client_cookie=0 server_cookie=0 in_seq=0 out_seq=0
2024-05-09T04:39:53.671 INFO:teuthology.orchestra.run.smithi007.stdout:/usr/bin/ceph: stderr
2024-05-09T04:39:52.619+0000 7ff1bffff700 1 -- 172.21.15.7:0/2256262816 <== mon.0 v2:172.21.15.7:3300/0 6 ==== mon_command_ack([{"prefix": "get_command_descriptions"}]=0 v0) ==== 72+0+191963 (secure 0 0 0) 0x7ff1c802c350 con 0x7ff1d8107f10
2024-05-09T04:39:53.671 INFO:teuthology.orchestra.run.smithi007.stdout:/usr/bin/ceph: stderr
2024-05-09T04:39:52.833+0000 7ff1dd222700 1 -- 172.21.15.7:0/2256262816 --> [v2:172.21.15.7:6800/2249565077,v1:172.21.15.7:6801/2249565077] -- mgr_command(tid 0: {"prefix": "cephadm generate-key", "target": ["mon-mgr", ""]}) -- 0x7ff1d8105be0 con 0x7ff1c003e4c0
2024-05-09T04:39:53.671 INFO:teuthology.orchestra.run.smithi007.stdout:/usr/bin/ceph: stderr
2024-05-09T04:39:53.226+0000 7ff1bffff700 1 -- 172.21.15.7:0/2256262816 <== mgr.14118 v2:172.21.15.7:6800/2249565077 1 ==== mgr_command_reply(tid 0: 0 ) ==== 8+0+0 (secure 0 0 0) 0x7ff1d8105be0 con 0x7ff1c003e4c0
2024-05-09T04:39:53.672 INFO:teuthology.orchestra.run.smithi007.stdout:/usr/bin/ceph: stderr
2024-05-09T04:39:53.229+0000 7ff1dd222700 1 -- 172.21.15.7:0/2256262816 >> [v2:172.21.15.7:6800/2249565077,v1:172.21.15.7:6801/2249565077] conn(0x7ff1c003e4c0 msgr2=0x7ff1c00409d0 secure :-1 s=STATE_CONNECTION_ESTABLISHED l=1).mark_down
2024-05-09T04:39:53.672 INFO:teuthology.orchestra.run.smithi007.stdout:/usr/bin/ceph: stderr
2024-05-09T04:39:53.229+0000 7ff1dd222700 1 --2- 172.21.15.7:0/2256262816 >> [v2:172.21.15.7:6800/2249565077,v1:172.21.15.7:6801/2249565077] conn(0x7ff1c003e4c0 0x7ff1c00409d0 secure :-1 s=READY pgs=9 cs=0 l=1 rev1=1 crypto rx=0x7ff1cc006fd0 tx=0x7ff1cc006e40 comp rx=0 tx=0).stop
2024-05-09T04:39:53.672 INFO:teuthology.orchestra.run.smithi007.stdout:/usr/bin/ceph: stderr
2024-05-09T04:39:53.229+0000 7ff1dd222700 1 -- 172.21.15.7:0/2256262816 >> [v2:172.21.15.7:3300/0,v1:172.21.15.7:6789/0] conn(0x7ff1d8107f10 msgr2=0x7ff1d819e2d0 secure :-1 s=STATE_CONNECTION_ESTABLISHED l=1).mark_down
2024-05-09T04:39:53.672 INFO:teuthology.orchestra.run.smithi007.stdout:/usr/bin/ceph: stderr
2024-05-09T04:39:53.229+0000 7ff1dd222700 1 --2- 172.21.15.7:0/2256262816 >> [v2:172.21.15.7:3300/0,v1:172.21.15.7:6789/0] conn(0x7ff1d8107f10 0x7ff1d819e2d0 secure :-1 s=READY pgs=40 cs=0 l=1 rev1=1 crypto rx=0x7ff1c80090e0 tx=0x7ff1c8011940 comp rx=0 tx=0).stop
2024-05-09T04:39:53.672 INFO:teuthology.orchestra.run.smithi007.stdout:/usr/bin/ceph: stderr
2024-05-09T04:39:53.229+0000 7ff1dd222700 1 -- 172.21.15.7:0/2256262816 shutdown_connections
2024-05-09T04:39:53.672 INFO:teuthology.orchestra.run.smithi007.stdout:/usr/bin/ceph: stderr
2024-05-09T04:39:53.229+0000 7ff1dd222700 1 --2- 172.21.15.7:0/2256262816 >> [v2:172.21.15.7:6800/2249565077,v1:172.21.15.7:6801/2249565077] conn(0x7ff1c003e4c0 0x7ff1c00409d0 unknown :-1 s=CLOSED pgs=9 cs=0 l=1 rev1=1 crypto rx=0 tx=0 comp rx=0 tx=0).stop
2024-05-09T04:39:53.672 INFO:teuthology.orchestra.run.smithi007.stdout:/usr/bin/ceph: stderr
2024-05-09T04:39:53.229+0000 7ff1dd222700 1 --2- 172.21.15.7:0/2256262816 >> [v2:172.21.15.7:3300/0,v1:172.21.15.7:6789/0] conn(0x7ff1d8107f10 0x7ff1d819e2d0 unknown :-1 s=CLOSED pgs=40 cs=0 l=1 rev1=1 crypto rx=0 tx=0 comp rx=0 tx=0).stop
2024-05-09T04:39:53.672 INFO:teuthology.orchestra.run.smithi007.stdout:/usr/bin/ceph: stderr
2024-05-09T04:39:53.229+0000 7ff1dd222700 1 -- 172.21.15.7:0/2256262816 >> 172.21.15.7:0/2256262816 conn(0x7ff1d8103980 msgr2=0x7ff1d81054d0 unknown :-1 s=STATE_NONE l=0).mark_down
2024-05-09T04:39:53.672 INFO:teuthology.orchestra.run.smithi007.stdout:/usr/bin/ceph: stderr
2024-05-09T04:39:53.229+0000 7ff1dd222700 1 -- 172.21.15.7:0/2256262816 shutdown_connections
2024-05-09T04:39:53.672 INFO:teuthology.orchestra.run.smithi007.stdout:/usr/bin/ceph: stderr
2024-05-09T04:39:53.229+0000 7ff1dd222700 1 -- 172.21.15.7:0/2256262816 wait complete.
2024-05-09T04:39:54.333 INFO:journalctl@ceph.mon.a.smithi007.stdout:May 09 04:39:54 smithi007 ceph-mon[30167]: from='client.14134 -' entity='client.admin' cmd=[{"prefix": "cephadm generate-key", "target": ["mon-mgr", ""]}]: dispatch
2024-05-09T04:39:54.333 INFO:journalctl@ceph.mon.a.smithi007.stdout:May 09 04:39:54 smithi007 ceph-mon[30167]: Generating ssh key...
2024-05-09T04:39:54.333 INFO:journalctl@ceph.mon.a.smithi007.stdout:May 09 04:39:54 smithi007 ceph-mon[30167]: from='mgr.14118 172.21.15.7:0/3820505327' entity='mgr.x'
2024-05-09T04:39:54.333 INFO:journalctl@ceph.mon.a.smithi007.stdout:May 09 04:39:54 smithi007 ceph-mon[30167]: from='mgr.14118 172.21.15.7:0/3820505327' entity='mgr.x'
2024-05-09T04:39:54.892 INFO:teuthology.orchestra.run.smithi007.stdout:/usr/bin/ceph: stdout ssh-rsa AAAAB3NzaC1yc2EAAAADAQABAAABgQCoayK8YO/I59w2gd7y5j6x+bp08/lTO0P213HojovIxtIELm7ECg6+oOCoDPpYHIaOCNIVvEOscKFCGOGH5sm3waW+WAyWX/fEvcIjyVxrC+IKAjTu0j0GoYY4J3DEw1HyWd4sOdE3Jh9mt7mIvN2QCNAsHWypRGwFcUFc8eSR4hZJs93w+S42SN/uihQTFAicRH5dNQlirh2S9koUnTiuIv6ly4Egg0T6aAWjMQwbWX51kw/RI/gQKYBcR7J/h9waDPTRKSI5NyT3pdjAfpVtD8IauV6nLW1URxHTwBurX9+MlY+xJT+8OOxyYX3ybyIDZOBp4cODTJxmhByXl2e0SVjEkJ4TxRx4mrGqlKz5U4+xaeong5Zusyv6dBHTyxToI1Dspd5tJFr2VbHrl4Dek/IcV8w+A29ECJwffTWdxJJ+UqH/L8dELyAo0JggSoc+KM+71rE05d4lWeNK4W/ew0wBPleK9K7f2qbdbuh8YFegoAOT9Mc6hB8RBAK7sY0= ceph-e8d79ef8-0dbd-11ef-bc97-c7b262605968
2024-05-09T04:39:54.892 INFO:teuthology.orchestra.run.smithi007.stdout:/usr/bin/ceph: stderr
2024-05-09T04:39:54.106+0000 7f2c4b333700 1 Processor -- start
2024-05-09T04:39:54.892 INFO:teuthology.orchestra.run.smithi007.stdout:/usr/bin/ceph: stderr
2024-05-09T04:39:54.106+0000 7f2c4b333700 1 -- start start
2024-05-09T04:39:54.892 INFO:teuthology.orchestra.run.smithi007.stdout:/usr/bin/ceph: stderr
2024-05-09T04:39:54.106+0000 7f2c4b333700 1 --2- >> [v2:172.21.15.7:3300/0,v1:172.21.15.7:6789/0] conn(0x7f2c4410a750 0x7f2c4410cb70 unknown :-1 s=NONE pgs=0 cs=0 l=0 rev1=0 crypto rx=0 tx=0 comp rx=0 tx=0).connect
2024-05-09T04:39:54.892 INFO:teuthology.orchestra.run.smithi007.stdout:/usr/bin/ceph: stderr
2024-05-09T04:39:54.106+0000 7f2c4b333700 1 -- --> [v2:172.21.15.7:3300/0,v1:172.21.15.7:6789/0] -- mon_getmap magic: 0 -- 0x7f2c4407d6f0 con 0x7f2c4410a750
2024-05-09T04:39:54.893 INFO:teuthology.orchestra.run.smithi007.stdout:/usr/bin/ceph: stderr
2024-05-09T04:39:54.106+0000 7f2c490cf700 1 --2- >> [v2:172.21.15.7:3300/0,v1:172.21.15.7:6789/0] conn(0x7f2c4410a750 0x7f2c4410cb70 unknown :-1 s=BANNER_CONNECTING pgs=0 cs=0 l=0 rev1=0 crypto rx=0 tx=0 comp rx=0 tx=0)._handle_peer_banner_payload supported=3 required=0
2024-05-09T04:39:54.893 INFO:teuthology.orchestra.run.smithi007.stdout:/usr/bin/ceph: stderr
2024-05-09T04:39:54.106+0000 7f2c490cf700 1 --2- >> [v2:172.21.15.7:3300/0,v1:172.21.15.7:6789/0] conn(0x7f2c4410a750 0x7f2c4410cb70 unknown :-1 s=HELLO_CONNECTING pgs=0 cs=0 l=0 rev1=1 crypto rx=0 tx=0 comp rx=0 tx=0).handle_hello peer v2:172.21.15.7:3300/0 says I am v2:172.21.15.7:54414/0 (socket says 172.21.15.7:54414)
2024-05-09T04:39:54.893 INFO:teuthology.orchestra.run.smithi007.stdout:/usr/bin/ceph: stderr
2024-05-09T04:39:54.106+0000 7f2c490cf700 1 -- 172.21.15.7:0/1025260739 learned_addr learned my addr 172.21.15.7:0/1025260739 (peer_addr_for_me v2:172.21.15.7:0/0)
2024-05-09T04:39:54.893 INFO:teuthology.orchestra.run.smithi007.stdout:/usr/bin/ceph: stderr
2024-05-09T04:39:54.107+0000 7f2c490cf700 1 -- 172.21.15.7:0/1025260739 --> [v2:172.21.15.7:3300/0,v1:172.21.15.7:6789/0] -- mon_subscribe({config=0+,monmap=0+}) -- 0x7f2c4410d0b0 con 0x7f2c4410a750
2024-05-09T04:39:54.893 INFO:teuthology.orchestra.run.smithi007.stdout:/usr/bin/ceph: stderr
2024-05-09T04:39:54.107+0000 7f2c490cf700 1 --2- 172.21.15.7:0/1025260739 >> [v2:172.21.15.7:3300/0,v1:172.21.15.7:6789/0] conn(0x7f2c4410a750 0x7f2c4410cb70 secure :-1 s=READY pgs=41 cs=0 l=1 rev1=1 crypto rx=0x7f2c400098a0 tx=0x7f2c40009bb0 comp rx=0 tx=0).ready entity=mon.0 client_cookie=637bd1d51e2c54dc server_cookie=0 in_seq=0 out_seq=0
2024-05-09T04:39:54.893 INFO:teuthology.orchestra.run.smithi007.stdout:/usr/bin/ceph: stderr
2024-05-09T04:39:54.107+0000 7f2c3bfff700 1 -- 172.21.15.7:0/1025260739 <== mon.0 v2:172.21.15.7:3300/0 1 ==== mon_map magic: 0 ==== 205+0+0 (secure 0 0 0) 0x7f2c40004160 con 0x7f2c4410a750
2024-05-09T04:39:54.893 INFO:teuthology.orchestra.run.smithi007.stdout:/usr/bin/ceph: stderr
2024-05-09T04:39:54.107+0000 7f2c3bfff700 1 -- 172.21.15.7:0/1025260739 <== mon.0 v2:172.21.15.7:3300/0 2 ==== config(26 keys) ==== 1070+0+0 (secure 0 0 0) 0x7f2c40004300 con 0x7f2c4410a750
2024-05-09T04:39:54.893 INFO:teuthology.orchestra.run.smithi007.stdout:/usr/bin/ceph: stderr
2024-05-09T04:39:54.107+0000 7f2c3bfff700 1 -- 172.21.15.7:0/1025260739 <== mon.0 v2:172.21.15.7:3300/0 3 ==== mon_map magic: 0 ==== 205+0+0 (secure 0 0 0) 0x7f2c40011af0 con 0x7f2c4410a750
2024-05-09T04:39:54.893 INFO:teuthology.orchestra.run.smithi007.stdout:/usr/bin/ceph: stderr
2024-05-09T04:39:54.108+0000 7f2c4b333700 1 -- 172.21.15.7:0/1025260739 >> [v2:172.21.15.7:3300/0,v1:172.21.15.7:6789/0] conn(0x7f2c4410a750 msgr2=0x7f2c4410cb70 secure :-1 s=STATE_CONNECTION_ESTABLISHED l=1).mark_down
2024-05-09T04:39:54.893 INFO:teuthology.orchestra.run.smithi007.stdout:/usr/bin/ceph: stderr
2024-05-09T04:39:54.108+0000 7f2c4b333700 1 --2- 172.21.15.7:0/1025260739 >> [v2:172.21.15.7:3300/0,v1:172.21.15.7:6789/0] conn(0x7f2c4410a750 0x7f2c4410cb70 secure :-1 s=READY pgs=41 cs=0 l=1 rev1=1 crypto rx=0x7f2c400098a0 tx=0x7f2c40009bb0 comp rx=0 tx=0).stop
2024-05-09T04:39:54.893 INFO:teuthology.orchestra.run.smithi007.stdout:/usr/bin/ceph: stderr
2024-05-09T04:39:54.108+0000 7f2c4b333700 1 -- 172.21.15.7:0/1025260739 shutdown_connections
2024-05-09T04:39:54.893 INFO:teuthology.orchestra.run.smithi007.stdout:/usr/bin/ceph: stderr
2024-05-09T04:39:54.108+0000 7f2c4b333700 1 --2- 172.21.15.7:0/1025260739 >> [v2:172.21.15.7:3300/0,v1:172.21.15.7:6789/0] conn(0x7f2c4410a750 0x7f2c4410cb70 unknown :-1 s=CLOSED pgs=41 cs=0 l=1 rev1=1 crypto rx=0 tx=0 comp rx=0 tx=0).stop
2024-05-09T04:39:54.893 INFO:teuthology.orchestra.run.smithi007.stdout:/usr/bin/ceph: stderr
2024-05-09T04:39:54.108+0000 7f2c4b333700 1 -- 172.21.15.7:0/1025260739 >> 172.21.15.7:0/1025260739 conn(0x7f2c441041d0 msgr2=0x7f2c44106620 unknown :-1 s=STATE_NONE l=0).mark_down
2024-05-09T04:39:54.893 INFO:teuthology.orchestra.run.smithi007.stdout:/usr/bin/ceph: stderr
2024-05-09T04:39:54.108+0000 7f2c4b333700 1 -- 172.21.15.7:0/1025260739 shutdown_connections
2024-05-09T04:39:54.894 INFO:teuthology.orchestra.run.smithi007.stdout:/usr/bin/ceph: stderr
2024-05-09T04:39:54.108+0000 7f2c4b333700 1 -- 172.21.15.7:0/1025260739 wait complete.
2024-05-09T04:39:54.894 INFO:teuthology.orchestra.run.smithi007.stdout:/usr/bin/ceph: stderr
2024-05-09T04:39:54.109+0000 7f2c4b333700 1 Processor -- start
2024-05-09T04:39:54.894 INFO:teuthology.orchestra.run.smithi007.stdout:/usr/bin/ceph: stderr
2024-05-09T04:39:54.109+0000 7f2c4b333700 1 -- start start
2024-05-09T04:39:54.894 INFO:teuthology.orchestra.run.smithi007.stdout:/usr/bin/ceph: stderr
2024-05-09T04:39:54.109+0000 7f2c4b333700 1 --2- >> [v2:172.21.15.7:3300/0,v1:172.21.15.7:6789/0] conn(0x7f2c4410a750 0x7f2c4419e0b0 unknown :-1 s=NONE pgs=0 cs=0 l=1 rev1=0 crypto rx=0 tx=0 comp rx=0 tx=0).connect
2024-05-09T04:39:54.894 INFO:teuthology.orchestra.run.smithi007.stdout:/usr/bin/ceph: stderr
2024-05-09T04:39:54.109+0000 7f2c4b333700 1 -- --> [v2:172.21.15.7:3300/0,v1:172.21.15.7:6789/0] -- mon_getmap magic: 0 -- 0x7f2c4410e010 con 0x7f2c4410a750
2024-05-09T04:39:54.894 INFO:teuthology.orchestra.run.smithi007.stdout:/usr/bin/ceph: stderr
2024-05-09T04:39:54.109+0000 7f2c490cf700 1 --2- >> [v2:172.21.15.7:3300/0,v1:172.21.15.7:6789/0] conn(0x7f2c4410a750 0x7f2c4419e0b0 unknown :-1 s=BANNER_CONNECTING pgs=0 cs=0 l=1 rev1=0 crypto rx=0 tx=0 comp rx=0 tx=0)._handle_peer_banner_payload supported=3 required=0
2024-05-09T04:39:54.894 INFO:teuthology.orchestra.run.smithi007.stdout:/usr/bin/ceph: stderr
2024-05-09T04:39:54.109+0000 7f2c490cf700 1 --2- >> [v2:172.21.15.7:3300/0,v1:172.21.15.7:6789/0] conn(0x7f2c4410a750 0x7f2c4419e0b0 unknown :-1 s=HELLO_CONNECTING pgs=0 cs=0 l=1 rev1=1 crypto rx=0 tx=0 comp rx=0 tx=0).handle_hello peer v2:172.21.15.7:3300/0 says I am v2:172.21.15.7:54416/0 (socket says 172.21.15.7:54416)
2024-05-09T04:39:54.894 INFO:teuthology.orchestra.run.smithi007.stdout:/usr/bin/ceph: stderr
2024-05-09T04:39:54.109+0000 7f2c490cf700 1 -- 172.21.15.7:0/532546447 learned_addr learned my addr 172.21.15.7:0/532546447 (peer_addr_for_me v2:172.21.15.7:0/0)
2024-05-09T04:39:54.894 INFO:teuthology.orchestra.run.smithi007.stdout:/usr/bin/ceph: stderr
2024-05-09T04:39:54.109+0000 7f2c490cf700 1 -- 172.21.15.7:0/532546447 --> [v2:172.21.15.7:3300/0,v1:172.21.15.7:6789/0] -- mon_subscribe({config=0+,monmap=0+}) -- 0x7f2c4419e5f0 con 0x7f2c4410a750
2024-05-09T04:39:54.894 INFO:teuthology.orchestra.run.smithi007.stdout:/usr/bin/ceph: stderr
2024-05-09T04:39:54.109+0000 7f2c490cf700 1 --2- 172.21.15.7:0/532546447 >> [v2:172.21.15.7:3300/0,v1:172.21.15.7:6789/0] conn(0x7f2c4410a750 0x7f2c4419e0b0 secure :-1 s=READY pgs=42 cs=0 l=1 rev1=1 crypto rx=0x7f2c40009fb0 tx=0x7f2c40011890 comp rx=0 tx=0).ready entity=mon.0 client_cookie=0 server_cookie=0 in_seq=0 out_seq=0
2024-05-09T04:39:54.894 INFO:teuthology.orchestra.run.smithi007.stdout:/usr/bin/ceph: stderr
2024-05-09T04:39:54.110+0000 7f2c3a7fc700 1 -- 172.21.15.7:0/532546447 <== mon.0 v2:172.21.15.7:3300/0 1 ==== mon_map magic: 0 ==== 205+0+0 (secure 0 0 0) 0x7f2c40011bc0 con 0x7f2c4410a750
2024-05-09T04:39:54.894 INFO:teuthology.orchestra.run.smithi007.stdout:/usr/bin/ceph: stderr
2024-05-09T04:39:54.110+0000 7f2c4b333700 1 -- 172.21.15.7:0/532546447 --> [v2:172.21.15.7:3300/0,v1:172.21.15.7:6789/0] -- mon_subscribe({mgrmap=0+}) -- 0x7f2c4419e880 con 0x7f2c4410a750
2024-05-09T04:39:54.894 INFO:teuthology.orchestra.run.smithi007.stdout:/usr/bin/ceph: stderr
2024-05-09T04:39:54.110+0000 7f2c3a7fc700 1 -- 172.21.15.7:0/532546447 <== mon.0 v2:172.21.15.7:3300/0 2 ==== config(26 keys) ==== 1070+0+0 (secure 0 0 0) 0x7f2c40024440 con 0x7f2c4410a750
2024-05-09T04:39:54.894 INFO:teuthology.orchestra.run.smithi007.stdout:/usr/bin/ceph: stderr
2024-05-09T04:39:54.110+0000 7f2c3a7fc700 1 -- 172.21.15.7:0/532546447 <== mon.0 v2:172.21.15.7:3300/0 3 ==== mon_map magic: 0 ==== 205+0+0 (secure 0 0 0) 0x7f2c4001a5c0 con 0x7f2c4410a750
2024-05-09T04:39:54.894 INFO:teuthology.orchestra.run.smithi007.stdout:/usr/bin/ceph: stderr
2024-05-09T04:39:54.110+0000 7f2c4b333700 1 -- 172.21.15.7:0/532546447 --> [v2:172.21.15.7:3300/0,v1:172.21.15.7:6789/0] -- mon_subscribe({osdmap=0}) -- 0x7f2c441a1490 con 0x7f2c4410a750
2024-05-09T04:39:54.895 INFO:teuthology.orchestra.run.smithi007.stdout:/usr/bin/ceph: stderr
2024-05-09T04:39:54.111+0000 7f2c3a7fc700 1 -- 172.21.15.7:0/532546447 <== mon.0 v2:172.21.15.7:3300/0 4 ==== mgrmap(e 8) ==== 50222+0+0 (secure 0 0 0) 0x7f2c4001a830 con 0x7f2c4410a750
2024-05-09T04:39:54.895 INFO:teuthology.orchestra.run.smithi007.stdout:/usr/bin/ceph: stderr
2024-05-09T04:39:54.111+0000 7f2c4b333700 1 -- 172.21.15.7:0/532546447 --> [v2:172.21.15.7:3300/0,v1:172.21.15.7:6789/0] -- mon_command({"prefix": "get_command_descriptions"} v 0) -- 0x7f2c44064e20 con 0x7f2c4410a750
2024-05-09T04:39:54.895 INFO:teuthology.orchestra.run.smithi007.stdout:/usr/bin/ceph: stderr
2024-05-09T04:39:54.111+0000 7f2c3a7fc700 1 --2- 172.21.15.7:0/532546447 >> [v2:172.21.15.7:6800/2249565077,v1:172.21.15.7:6801/2249565077] conn(0x7f2c3003e470 0x7f2c30040980 unknown :-1 s=NONE pgs=0 cs=0 l=1 rev1=0 crypto rx=0 tx=0 comp rx=0 tx=0).connect
2024-05-09T04:39:54.895 INFO:teuthology.orchestra.run.smithi007.stdout:/usr/bin/ceph: stderr
2024-05-09T04:39:54.111+0000 7f2c3a7fc700 1 -- 172.21.15.7:0/532546447 <== mon.0 v2:172.21.15.7:3300/0 5 ==== osd_map(2..2 src has 1..2) ==== 940+0+0 (secure 0 0 0) 0x7f2c400538e0 con 0x7f2c4410a750
2024-05-09T04:39:54.895 INFO:teuthology.orchestra.run.smithi007.stdout:/usr/bin/ceph: stderr
2024-05-09T04:39:54.111+0000 7f2c488ce700 1 --2- 172.21.15.7:0/532546447 >> [v2:172.21.15.7:6800/2249565077,v1:172.21.15.7:6801/2249565077] conn(0x7f2c3003e470 0x7f2c30040980 unknown :-1 s=BANNER_CONNECTING pgs=0 cs=0 l=1 rev1=0 crypto rx=0 tx=0 comp rx=0 tx=0)._handle_peer_banner_payload supported=3 required=0
2024-05-09T04:39:54.895 INFO:teuthology.orchestra.run.smithi007.stdout:/usr/bin/ceph: stderr
2024-05-09T04:39:54.112+0000 7f2c488ce700 1 --2- 172.21.15.7:0/532546447 >> [v2:172.21.15.7:6800/2249565077,v1:172.21.15.7:6801/2249565077] conn(0x7f2c3003e470 0x7f2c30040980 secure :-1 s=READY pgs=10 cs=0 l=1 rev1=1 crypto rx=0x7f2c34006fd0 tx=0x7f2c34006e40 comp rx=0 tx=0).ready entity=mgr.14118 client_cookie=0 server_cookie=0 in_seq=0 out_seq=0
2024-05-09T04:39:54.895 INFO:teuthology.orchestra.run.smithi007.stdout:/usr/bin/ceph: stderr
2024-05-09T04:39:54.116+0000 7f2c3a7fc700 1 -- 172.21.15.7:0/532546447 <== mon.0 v2:172.21.15.7:3300/0 6 ==== mon_command_ack([{"prefix": "get_command_descriptions"}]=0 v0) ==== 72+0+191963 (secure 0 0 0) 0x7f2c40012040 con 0x7f2c4410a750
2024-05-09T04:39:54.895 INFO:teuthology.orchestra.run.smithi007.stdout:/usr/bin/ceph: stderr
2024-05-09T04:39:54.333+0000 7f2c4b333700 1 -- 172.21.15.7:0/532546447 --> [v2:172.21.15.7:6800/2249565077,v1:172.21.15.7:6801/2249565077] -- mgr_command(tid 0: {"prefix": "cephadm get-pub-key", "target": ["mon-mgr", ""]}) -- 0x7f2c441052d0 con 0x7f2c3003e470
2024-05-09T04:39:54.895 INFO:teuthology.orchestra.run.smithi007.stdout:/usr/bin/ceph: stderr
2024-05-09T04:39:54.334+0000 7f2c3a7fc700 1 -- 172.21.15.7:0/532546447 <== mgr.14118 v2:172.21.15.7:6800/2249565077 1 ==== mgr_command_reply(tid 0: 0 ) ==== 8+0+595 (secure 0 0 0) 0x7f2c441052d0 con 0x7f2c3003e470
2024-05-09T04:39:54.895 INFO:teuthology.orchestra.run.smithi007.stdout:/usr/bin/ceph: stderr
2024-05-09T04:39:54.336+0000 7f2c4b333700 1 -- 172.21.15.7:0/532546447 >> [v2:172.21.15.7:6800/2249565077,v1:172.21.15.7:6801/2249565077] conn(0x7f2c3003e470 msgr2=0x7f2c30040980 secure :-1 s=STATE_CONNECTION_ESTABLISHED l=1).mark_down
2024-05-09T04:39:54.895 INFO:teuthology.orchestra.run.smithi007.stdout:/usr/bin/ceph: stderr
2024-05-09T04:39:54.336+0000 7f2c4b333700 1 --2- 172.21.15.7:0/532546447 >> [v2:172.21.15.7:6800/2249565077,v1:172.21.15.7:6801/2249565077] conn(0x7f2c3003e470 0x7f2c30040980 secure :-1 s=READY pgs=10 cs=0 l=1 rev1=1 crypto rx=0x7f2c34006fd0 tx=0x7f2c34006e40 comp rx=0 tx=0).stop
2024-05-09T04:39:54.895 INFO:teuthology.orchestra.run.smithi007.stdout:/usr/bin/ceph: stderr
2024-05-09T04:39:54.336+0000 7f2c4b333700 1 -- 172.21.15.7:0/532546447 >> [v2:172.21.15.7:3300/0,v1:172.21.15.7:6789/0] conn(0x7f2c4410a750 msgr2=0x7f2c4419e0b0 secure :-1 s=STATE_CONNECTION_ESTABLISHED l=1).mark_down
2024-05-09T04:39:54.895 INFO:teuthology.orchestra.run.smithi007.stdout:/usr/bin/ceph: stderr
2024-05-09T04:39:54.336+0000 7f2c4b333700 1 --2- 172.21.15.7:0/532546447 >> [v2:172.21.15.7:3300/0,v1:172.21.15.7:6789/0] conn(0x7f2c4410a750 0x7f2c4419e0b0 secure :-1 s=READY pgs=42 cs=0 l=1 rev1=1 crypto rx=0x7f2c40009fb0 tx=0x7f2c40011890 comp rx=0 tx=0).stop
2024-05-09T04:39:54.896 INFO:teuthology.orchestra.run.smithi007.stdout:/usr/bin/ceph: stderr
2024-05-09T04:39:54.336+0000 7f2c4b333700 1 -- 172.21.15.7:0/532546447 shutdown_connections
2024-05-09T04:39:54.896 INFO:teuthology.orchestra.run.smithi007.stdout:/usr/bin/ceph: stderr
2024-05-09T04:39:54.336+0000 7f2c4b333700 1 --2- 172.21.15.7:0/532546447 >> [v2:172.21.15.7:6800/2249565077,v1:172.21.15.7:6801/2249565077] conn(0x7f2c3003e470 0x7f2c30040980 unknown :-1 s=CLOSED pgs=10 cs=0 l=1 rev1=1 crypto rx=0 tx=0 comp rx=0 tx=0).stop
2024-05-09T04:39:54.896 INFO:teuthology.orchestra.run.smithi007.stdout:/usr/bin/ceph: stderr
2024-05-09T04:39:54.336+0000 7f2c4b333700 1 --2- 172.21.15.7:0/532546447 >> [v2:172.21.15.7:3300/0,v1:172.21.15.7:6789/0] conn(0x7f2c4410a750 0x7f2c4419e0b0 unknown :-1 s=CLOSED pgs=42 cs=0 l=1 rev1=1 crypto rx=0 tx=0 comp rx=0 tx=0).stop
2024-05-09T04:39:54.896 INFO:teuthology.orchestra.run.smithi007.stdout:/usr/bin/ceph: stderr
2024-05-09T04:39:54.336+0000 7f2c4b333700 1 -- 172.21.15.7:0/532546447 >> 172.21.15.7:0/532546447 conn(0x7f2c441041d0 msgr2=0x7f2c44104bc0 unknown :-1 s=STATE_NONE l=0).mark_down
2024-05-09T04:39:54.896 INFO:teuthology.orchestra.run.smithi007.stdout:/usr/bin/ceph: stderr
2024-05-09T04:39:54.336+0000 7f2c4b333700 1 -- 172.21.15.7:0/532546447 shutdown_connections
2024-05-09T04:39:54.896 INFO:teuthology.orchestra.run.smithi007.stdout:/usr/bin/ceph: stderr
2024-05-09T04:39:54.336+0000 7f2c4b333700 1 -- 172.21.15.7:0/532546447 wait complete.
2024-05-09T04:39:54.896 INFO:teuthology.orchestra.run.smithi007.stdout:Wrote public SSH key to /home/ubuntu/cephtest/ceph.pub
2024-05-09T04:39:54.896 INFO:teuthology.orchestra.run.smithi007.stdout:Adding key to root@localhost authorized_keys...
2024-05-09T04:39:54.896 INFO:teuthology.orchestra.run.smithi007.stdout:Adding host smithi007...
2024-05-09T04:39:55.565 INFO:journalctl@ceph.mon.a.smithi007.stdout:May 09 04:39:55 smithi007 ceph-mon[30167]: from='client.14136 -' entity='client.admin' cmd=[{"prefix": "cephadm get-pub-key", "target": ["mon-mgr", ""]}]: dispatch
2024-05-09T04:39:56.486 INFO:journalctl@ceph.mon.a.smithi007.stdout:May 09 04:39:56 smithi007 ceph-mon[30167]: from='client.14138 -' entity='client.admin' cmd=[{"prefix": "orch host add", "hostname": "smithi007", "addr": "172.21.15.7", "target": ["mon-mgr", ""]}]: dispatch
2024-05-09T04:39:57.654 INFO:journalctl@ceph.mon.a.smithi007.stdout:May 09 04:39:57 smithi007 ceph-mon[30167]: Deploying cephadm binary to smithi007
2024-05-09T04:40:00.466 INFO:teuthology.orchestra.run.smithi007.stdout:/usr/bin/ceph: stdout Added host 'smithi007' with addr '172.21.15.7'
2024-05-09T04:40:00.467 INFO:teuthology.orchestra.run.smithi007.stdout:/usr/bin/ceph: stderr
2024-05-09T04:39:55.334+0000 7f3faceb5700 1 Processor -- start
2024-05-09T04:40:00.467 INFO:teuthology.orchestra.run.smithi007.stdout:/usr/bin/ceph: stderr
2024-05-09T04:39:55.334+0000 7f3faceb5700 1 -- start start
2024-05-09T04:40:00.467 INFO:teuthology.orchestra.run.smithi007.stdout:/usr/bin/ceph: stderr
2024-05-09T04:39:55.335+0000 7f3faceb5700 1 --2- >> [v2:172.21.15.7:3300/0,v1:172.21.15.7:6789/0] conn(0x7f3fa810a6f0 0x7f3fa810cb10 unknown :-1 s=NONE pgs=0 cs=0 l=0 rev1=0 crypto rx=0 tx=0 comp rx=0 tx=0).connect
2024-05-09T04:40:00.467 INFO:teuthology.orchestra.run.smithi007.stdout:/usr/bin/ceph: stderr
2024-05-09T04:39:55.335+0000 7f3faceb5700 1 -- --> [v2:172.21.15.7:3300/0,v1:172.21.15.7:6789/0] -- mon_getmap magic: 0 -- 0x7f3fa807d8d0 con 0x7f3fa810a6f0
2024-05-09T04:40:00.467 INFO:teuthology.orchestra.run.smithi007.stdout:/usr/bin/ceph: stderr
2024-05-09T04:39:55.335+0000 7f3fa659c700 1 --2- >> [v2:172.21.15.7:3300/0,v1:172.21.15.7:6789/0] conn(0x7f3fa810a6f0 0x7f3fa810cb10 unknown :-1 s=BANNER_CONNECTING pgs=0 cs=0 l=0 rev1=0 crypto rx=0 tx=0 comp rx=0 tx=0)._handle_peer_banner_payload supported=3 required=0
2024-05-09T04:40:00.467 INFO:teuthology.orchestra.run.smithi007.stdout:/usr/bin/ceph: stderr
2024-05-09T04:39:55.335+0000 7f3fa659c700 1 --2- >> [v2:172.21.15.7:3300/0,v1:172.21.15.7:6789/0] conn(0x7f3fa810a6f0 0x7f3fa810cb10 unknown :-1 s=HELLO_CONNECTING pgs=0 cs=0 l=0 rev1=1 crypto rx=0 tx=0 comp rx=0 tx=0).handle_hello peer v2:172.21.15.7:3300/0 says I am v2:172.21.15.7:37130/0 (socket says 172.21.15.7:37130)
2024-05-09T04:40:00.467 INFO:teuthology.orchestra.run.smithi007.stdout:/usr/bin/ceph: stderr
2024-05-09T04:39:55.335+0000 7f3fa659c700 1 -- 172.21.15.7:0/1278245344 learned_addr learned my addr 172.21.15.7:0/1278245344 (peer_addr_for_me v2:172.21.15.7:0/0)
2024-05-09T04:40:00.467 INFO:teuthology.orchestra.run.smithi007.stdout:/usr/bin/ceph: stderr
2024-05-09T04:39:55.335+0000 7f3fa659c700 1 -- 172.21.15.7:0/1278245344 --> [v2:172.21.15.7:3300/0,v1:172.21.15.7:6789/0] -- mon_subscribe({config=0+,monmap=0+}) -- 0x7f3fa810d050 con 0x7f3fa810a6f0
2024-05-09T04:40:00.467 INFO:teuthology.orchestra.run.smithi007.stdout:/usr/bin/ceph: stderr
2024-05-09T04:39:55.335+0000 7f3fa659c700 1 --2- 172.21.15.7:0/1278245344 >> [v2:172.21.15.7:3300/0,v1:172.21.15.7:6789/0] conn(0x7f3fa810a6f0 0x7f3fa810cb10 secure :-1 s=READY pgs=43 cs=0 l=1 rev1=1 crypto rx=0x7f3f980098a0 tx=0x7f3f98009bb0 comp rx=0 tx=0).ready entity=mon.0 client_cookie=b0a6f367fed35674 server_cookie=0 in_seq=0 out_seq=0
2024-05-09T04:40:00.467 INFO:teuthology.orchestra.run.smithi007.stdout:/usr/bin/ceph: stderr
2024-05-09T04:39:55.336+0000 7f3fa559a700 1 -- 172.21.15.7:0/1278245344 <== mon.0 v2:172.21.15.7:3300/0 1 ==== mon_map magic: 0 ==== 205+0+0 (secure 0 0 0) 0x7f3f98004160 con 0x7f3fa810a6f0
2024-05-09T04:40:00.467 INFO:teuthology.orchestra.run.smithi007.stdout:/usr/bin/ceph: stderr
2024-05-09T04:39:55.336+0000 7f3fa559a700 1 -- 172.21.15.7:0/1278245344 <== mon.0 v2:172.21.15.7:3300/0 2 ==== config(26 keys) ==== 1070+0+0 (secure 0 0 0) 0x7f3f98004300 con 0x7f3fa810a6f0
2024-05-09T04:40:00.467 INFO:teuthology.orchestra.run.smithi007.stdout:/usr/bin/ceph: stderr
2024-05-09T04:39:55.336+0000 7f3fa559a700 1 -- 172.21.15.7:0/1278245344 <== mon.0 v2:172.21.15.7:3300/0 3 ==== mon_map magic: 0 ==== 205+0+0 (secure 0 0 0) 0x7f3f98011af0 con 0x7f3fa810a6f0
2024-05-09T04:40:00.467 INFO:teuthology.orchestra.run.smithi007.stdout:/usr/bin/ceph: stderr
2024-05-09T04:39:55.336+0000 7f3faceb5700 1 -- 172.21.15.7:0/1278245344 >> [v2:172.21.15.7:3300/0,v1:172.21.15.7:6789/0] conn(0x7f3fa810a6f0 msgr2=0x7f3fa810cb10 secure :-1 s=STATE_CONNECTION_ESTABLISHED l=1).mark_down
2024-05-09T04:40:00.468 INFO:teuthology.orchestra.run.smithi007.stdout:/usr/bin/ceph: stderr
2024-05-09T04:39:55.336+0000 7f3faceb5700 1 --2- 172.21.15.7:0/1278245344 >> [v2:172.21.15.7:3300/0,v1:172.21.15.7:6789/0] conn(0x7f3fa810a6f0 0x7f3fa810cb10 secure :-1 s=READY pgs=43 cs=0 l=1 rev1=1 crypto rx=0x7f3f980098a0 tx=0x7f3f98009bb0 comp rx=0 tx=0).stop
2024-05-09T04:40:00.468 INFO:teuthology.orchestra.run.smithi007.stdout:/usr/bin/ceph: stderr
2024-05-09T04:39:55.336+0000 7f3faceb5700 1 -- 172.21.15.7:0/1278245344 shutdown_connections
2024-05-09T04:40:00.468 INFO:teuthology.orchestra.run.smithi007.stdout:/usr/bin/ceph: stderr
2024-05-09T04:39:55.336+0000 7f3faceb5700 1 --2- 172.21.15.7:0/1278245344 >> [v2:172.21.15.7:3300/0,v1:172.21.15.7:6789/0] conn(0x7f3fa810a6f0 0x7f3fa810cb10 unknown :-1 s=CLOSED pgs=43 cs=0 l=1 rev1=1 crypto rx=0 tx=0 comp rx=0 tx=0).stop
2024-05-09T04:40:00.468 INFO:teuthology.orchestra.run.smithi007.stdout:/usr/bin/ceph: stderr
2024-05-09T04:39:55.336+0000 7f3faceb5700 1 -- 172.21.15.7:0/1278245344 >> 172.21.15.7:0/1278245344 conn(0x7f3fa8104190 msgr2=0x7f3fa8106600 unknown :-1 s=STATE_NONE l=0).mark_down
2024-05-09T04:40:00.468 INFO:teuthology.orchestra.run.smithi007.stdout:/usr/bin/ceph: stderr
2024-05-09T04:39:55.336+0000 7f3faceb5700 1 -- 172.21.15.7:0/1278245344 shutdown_connections
2024-05-09T04:40:00.468 INFO:teuthology.orchestra.run.smithi007.stdout:/usr/bin/ceph: stderr
2024-05-09T04:39:55.337+0000 7f3faceb5700 1 -- 172.21.15.7:0/1278245344 wait complete.
2024-05-09T04:40:00.468 INFO:teuthology.orchestra.run.smithi007.stdout:/usr/bin/ceph: stderr
2024-05-09T04:39:55.337+0000 7f3faceb5700 1 Processor -- start
2024-05-09T04:40:00.468 INFO:teuthology.orchestra.run.smithi007.stdout:/usr/bin/ceph: stderr
2024-05-09T04:39:55.337+0000 7f3faceb5700 1 -- start start
2024-05-09T04:40:00.468 INFO:teuthology.orchestra.run.smithi007.stdout:/usr/bin/ceph: stderr
2024-05-09T04:39:55.338+0000 7f3faceb5700 1 --2- >> [v2:172.21.15.7:3300/0,v1:172.21.15.7:6789/0] conn(0x7f3fa810a6f0 0x7f3fa819e040 unknown :-1 s=NONE pgs=0 cs=0 l=1 rev1=0 crypto rx=0 tx=0 comp rx=0 tx=0).connect
2024-05-09T04:40:00.468 INFO:teuthology.orchestra.run.smithi007.stdout:/usr/bin/ceph: stderr
2024-05-09T04:39:55.338+0000 7f3faceb5700 1 -- --> [v2:172.21.15.7:3300/0,v1:172.21.15.7:6789/0] -- mon_getmap magic: 0 -- 0x7f3fa810e010 con 0x7f3fa810a6f0
2024-05-09T04:40:00.468 INFO:teuthology.orchestra.run.smithi007.stdout:/usr/bin/ceph: stderr
2024-05-09T04:39:55.338+0000 7f3fa659c700 1 --2- >> [v2:172.21.15.7:3300/0,v1:172.21.15.7:6789/0] conn(0x7f3fa810a6f0 0x7f3fa819e040 unknown :-1 s=BANNER_CONNECTING pgs=0 cs=0 l=1 rev1=0 crypto rx=0 tx=0 comp rx=0 tx=0)._handle_peer_banner_payload supported=3 required=0
2024-05-09T04:40:00.468 INFO:teuthology.orchestra.run.smithi007.stdout:/usr/bin/ceph: stderr
2024-05-09T04:39:55.338+0000 7f3fa659c700 1 --2- >> [v2:172.21.15.7:3300/0,v1:172.21.15.7:6789/0] conn(0x7f3fa810a6f0 0x7f3fa819e040 unknown :-1 s=HELLO_CONNECTING pgs=0 cs=0 l=1 rev1=1 crypto rx=0 tx=0 comp rx=0 tx=0).handle_hello peer v2:172.21.15.7:3300/0 says I am v2:172.21.15.7:37132/0 (socket says 172.21.15.7:37132)
2024-05-09T04:40:00.468 INFO:teuthology.orchestra.run.smithi007.stdout:/usr/bin/ceph: stderr
2024-05-09T04:39:55.338+0000 7f3fa659c700 1 -- 172.21.15.7:0/1568962542 learned_addr learned my addr 172.21.15.7:0/1568962542 (peer_addr_for_me v2:172.21.15.7:0/0)
2024-05-09T04:40:00.468 INFO:teuthology.orchestra.run.smithi007.stdout:/usr/bin/ceph: stderr
2024-05-09T04:39:55.338+0000 7f3fa659c700 1 -- 172.21.15.7:0/1568962542 --> [v2:172.21.15.7:3300/0,v1:172.21.15.7:6789/0] -- mon_subscribe({config=0+,monmap=0+}) -- 0x7f3fa819e580 con 0x7f3fa810a6f0
2024-05-09T04:40:00.469 INFO:teuthology.orchestra.run.smithi007.stdout:/usr/bin/ceph: stderr
2024-05-09T04:39:55.338+0000 7f3fa659c700 1 --2- 172.21.15.7:0/1568962542 >> [v2:172.21.15.7:3300/0,v1:172.21.15.7:6789/0] conn(0x7f3fa810a6f0 0x7f3fa819e040 secure :-1 s=READY pgs=44 cs=0 l=1 rev1=1 crypto rx=0x7f3f980117b0 tx=0x7f3f98011b70 comp rx=0 tx=0).ready entity=mon.0 client_cookie=0 server_cookie=0 in_seq=0 out_seq=0
2024-05-09T04:40:00.469 INFO:teuthology.orchestra.run.smithi007.stdout:/usr/bin/ceph: stderr
2024-05-09T04:39:55.338+0000 7f3f9f7fe700 1 -- 172.21.15.7:0/1568962542 <== mon.0 v2:172.21.15.7:3300/0 1 ==== mon_map magic: 0 ==== 205+0+0 (secure 0 0 0) 0x7f3f98003af0 con 0x7f3fa810a6f0
2024-05-09T04:40:00.469 INFO:teuthology.orchestra.run.smithi007.stdout:/usr/bin/ceph: stderr
2024-05-09T04:39:55.338+0000 7f3f9f7fe700 1 -- 172.21.15.7:0/1568962542 <== mon.0 v2:172.21.15.7:3300/0 2 ==== config(26 keys) ==== 1070+0+0 (secure 0 0 0) 0x7f3f98020070 con 0x7f3fa810a6f0
2024-05-09T04:40:00.469 INFO:teuthology.orchestra.run.smithi007.stdout:/usr/bin/ceph: stderr
2024-05-09T04:39:55.338+0000 7f3faceb5700 1 -- 172.21.15.7:0/1568962542 --> [v2:172.21.15.7:3300/0,v1:172.21.15.7:6789/0] -- mon_subscribe({mgrmap=0+}) -- 0x7f3fa819e810 con 0x7f3fa810a6f0
2024-05-09T04:40:00.469 INFO:teuthology.orchestra.run.smithi007.stdout:/usr/bin/ceph: stderr
2024-05-09T04:39:55.338+0000 7f3f9f7fe700 1 -- 172.21.15.7:0/1568962542 <== mon.0 v2:172.21.15.7:3300/0 3 ==== mon_map magic: 0 ==== 205+0+0 (secure 0 0 0) 0x7f3f98019630 con 0x7f3fa810a6f0
2024-05-09T04:40:00.469 INFO:teuthology.orchestra.run.smithi007.stdout:/usr/bin/ceph: stderr
2024-05-09T04:39:55.339+0000 7f3faceb5700 1 -- 172.21.15.7:0/1568962542 --> [v2:172.21.15.7:3300/0,v1:172.21.15.7:6789/0] -- mon_subscribe({osdmap=0}) -- 0x7f3fa81a1420 con 0x7f3fa810a6f0
2024-05-09T04:40:00.469 INFO:teuthology.orchestra.run.smithi007.stdout:/usr/bin/ceph: stderr
2024-05-09T04:39:55.340+0000 7f3faceb5700 1 -- 172.21.15.7:0/1568962542 --> [v2:172.21.15.7:3300/0,v1:172.21.15.7:6789/0] -- mon_command({"prefix": "get_command_descriptions"} v 0) -- 0x7f3fa8064e20 con 0x7f3fa810a6f0
2024-05-09T04:40:00.469 INFO:teuthology.orchestra.run.smithi007.stdout:/usr/bin/ceph: stderr
2024-05-09T04:39:55.340+0000 7f3f9f7fe700 1 -- 172.21.15.7:0/1568962542 <== mon.0 v2:172.21.15.7:3300/0 4 ==== mgrmap(e 8) ==== 50222+0+0 (secure 0 0 0) 0x7f3f980198a0 con 0x7f3fa810a6f0
2024-05-09T04:40:00.469 INFO:teuthology.orchestra.run.smithi007.stdout:/usr/bin/ceph: stderr
2024-05-09T04:39:55.340+0000 7f3f9f7fe700 1 --2- 172.21.15.7:0/1568962542 >> [v2:172.21.15.7:6800/2249565077,v1:172.21.15.7:6801/2249565077] conn(0x7f3f9403e4c0 0x7f3f940409d0 unknown :-1 s=NONE pgs=0 cs=0 l=1 rev1=0 crypto rx=0 tx=0 comp rx=0 tx=0).connect
2024-05-09T04:40:00.469 INFO:teuthology.orchestra.run.smithi007.stdout:/usr/bin/ceph: stderr
2024-05-09T04:39:55.340+0000 7f3f9f7fe700 1 -- 172.21.15.7:0/1568962542 <== mon.0 v2:172.21.15.7:3300/0 5 ==== osd_map(2..2 src has 1..2) ==== 940+0+0 (secure 0 0 0) 0x7f3f98053cc0 con 0x7f3fa810a6f0
2024-05-09T04:40:00.469 INFO:teuthology.orchestra.run.smithi007.stdout:/usr/bin/ceph: stderr
2024-05-09T04:39:55.340+0000 7f3fa5d9b700 1 --2- 172.21.15.7:0/1568962542 >> [v2:172.21.15.7:6800/2249565077,v1:172.21.15.7:6801/2249565077] conn(0x7f3f9403e4c0 0x7f3f940409d0 unknown :-1 s=BANNER_CONNECTING pgs=0 cs=0 l=1 rev1=0 crypto rx=0 tx=0 comp rx=0 tx=0)._handle_peer_banner_payload supported=3 required=0
2024-05-09T04:40:00.469 INFO:teuthology.orchestra.run.smithi007.stdout:/usr/bin/ceph: stderr
2024-05-09T04:39:55.341+0000 7f3fa5d9b700 1 --2- 172.21.15.7:0/1568962542 >> [v2:172.21.15.7:6800/2249565077,v1:172.21.15.7:6801/2249565077] conn(0x7f3f9403e4c0 0x7f3f940409d0 secure :-1 s=READY pgs=11 cs=0 l=1 rev1=1 crypto rx=0x7f3f90006fd0 tx=0x7f3f90006e40 comp rx=0 tx=0).ready entity=mgr.14118 client_cookie=0 server_cookie=0 in_seq=0 out_seq=0
2024-05-09T04:40:00.469 INFO:teuthology.orchestra.run.smithi007.stdout:/usr/bin/ceph: stderr
2024-05-09T04:39:55.345+0000 7f3f9f7fe700 1 -- 172.21.15.7:0/1568962542 <== mon.0 v2:172.21.15.7:3300/0 6 ==== mon_command_ack([{"prefix": "get_command_descriptions"}]=0 v0) ==== 72+0+191963 (secure 0 0 0) 0x7f3f98018d60 con 0x7f3fa810a6f0
2024-05-09T04:40:00.469 INFO:teuthology.orchestra.run.smithi007.stdout:/usr/bin/ceph: stderr
2024-05-09T04:39:55.565+0000 7f3faceb5700 1 -- 172.21.15.7:0/1568962542 --> [v2:172.21.15.7:6800/2249565077,v1:172.21.15.7:6801/2249565077] -- mgr_command(tid 0: {"prefix": "orch host add", "hostname": "smithi007", "addr": "172.21.15.7", "target": ["mon-mgr", ""]}) -- 0x7f3fa8105270 con 0x7f3f9403e4c0
2024-05-09T04:40:00.469 INFO:teuthology.orchestra.run.smithi007.stdout:/usr/bin/ceph: stderr
2024-05-09T04:39:59.838+0000 7f3f9f7fe700 1 -- 172.21.15.7:0/1568962542 <== mgr.14118 v2:172.21.15.7:6800/2249565077 1 ==== mgr_command_reply(tid 0: 0 ) ==== 8+0+47 (secure 0 0 0) 0x7f3fa8105270 con 0x7f3f9403e4c0
2024-05-09T04:40:00.470 INFO:teuthology.orchestra.run.smithi007.stdout:/usr/bin/ceph: stderr
2024-05-09T04:39:59.841+0000 7f3faceb5700 1 -- 172.21.15.7:0/1568962542 >> [v2:172.21.15.7:6800/2249565077,v1:172.21.15.7:6801/2249565077] conn(0x7f3f9403e4c0 msgr2=0x7f3f940409d0 secure :-1 s=STATE_CONNECTION_ESTABLISHED l=1).mark_down
2024-05-09T04:40:00.470 INFO:teuthology.orchestra.run.smithi007.stdout:/usr/bin/ceph: stderr
2024-05-09T04:39:59.841+0000 7f3faceb5700 1 --2- 172.21.15.7:0/1568962542 >> [v2:172.21.15.7:6800/2249565077,v1:172.21.15.7:6801/2249565077] conn(0x7f3f9403e4c0 0x7f3f940409d0 secure :-1 s=READY pgs=11 cs=0 l=1 rev1=1 crypto rx=0x7f3f90006fd0 tx=0x7f3f90006e40 comp rx=0 tx=0).stop
2024-05-09T04:40:00.470 INFO:teuthology.orchestra.run.smithi007.stdout:/usr/bin/ceph: stderr
2024-05-09T04:39:59.841+0000 7f3faceb5700 1 -- 172.21.15.7:0/1568962542 >> [v2:172.21.15.7:3300/0,v1:172.21.15.7:6789/0] conn(0x7f3fa810a6f0 msgr2=0x7f3fa819e040 secure :-1 s=STATE_CONNECTION_ESTABLISHED l=1).mark_down
2024-05-09T04:40:00.470 INFO:teuthology.orchestra.run.smithi007.stdout:/usr/bin/ceph: stderr
2024-05-09T04:39:59.841+0000 7f3faceb5700 1 --2- 172.21.15.7:0/1568962542 >> [v2:172.21.15.7:3300/0,v1:172.21.15.7:6789/0] conn(0x7f3fa810a6f0 0x7f3fa819e040 secure :-1 s=READY pgs=44 cs=0 l=1 rev1=1 crypto rx=0x7f3f980117b0 tx=0x7f3f98011b70 comp rx=0 tx=0).stop
2024-05-09T04:40:00.470 INFO:teuthology.orchestra.run.smithi007.stdout:/usr/bin/ceph: stderr
2024-05-09T04:39:59.841+0000 7f3faceb5700 1 -- 172.21.15.7:0/1568962542 shutdown_connections
2024-05-09T04:40:00.470 INFO:teuthology.orchestra.run.smithi007.stdout:/usr/bin/ceph: stderr
2024-05-09T04:39:59.841+0000 7f3faceb5700 1 --2- 172.21.15.7:0/1568962542 >> [v2:172.21.15.7:6800/2249565077,v1:172.21.15.7:6801/2249565077] conn(0x7f3f9403e4c0 0x7f3f940409d0 unknown :-1 s=CLOSED pgs=11 cs=0 l=1 rev1=1 crypto rx=0 tx=0 comp rx=0 tx=0).stop
2024-05-09T04:40:00.470 INFO:teuthology.orchestra.run.smithi007.stdout:/usr/bin/ceph: stderr
2024-05-09T04:39:59.841+0000 7f3faceb5700 1 --2- 172.21.15.7:0/1568962542 >> [v2:172.21.15.7:3300/0,v1:172.21.15.7:6789/0] conn(0x7f3fa810a6f0 0x7f3fa819e040 unknown :-1 s=CLOSED pgs=44 cs=0 l=1 rev1=1 crypto rx=0 tx=0 comp rx=0 tx=0).stop
2024-05-09T04:40:00.470 INFO:teuthology.orchestra.run.smithi007.stdout:/usr/bin/ceph: stderr
2024-05-09T04:39:59.841+0000 7f3faceb5700 1 -- 172.21.15.7:0/1568962542 >> 172.21.15.7:0/1568962542 conn(0x7f3fa8104190 msgr2=0x7f3fa8104ae0 unknown :-1 s=STATE_NONE l=0).mark_down
2024-05-09T04:40:00.470 INFO:teuthology.orchestra.run.smithi007.stdout:/usr/bin/ceph: stderr
2024-05-09T04:39:59.841+0000 7f3faceb5700 1 -- 172.21.15.7:0/1568962542 shutdown_connections
2024-05-09T04:40:00.470 INFO:teuthology.orchestra.run.smithi007.stdout:/usr/bin/ceph: stderr
2024-05-09T04:39:59.841+0000 7f3faceb5700 1 -- 172.21.15.7:0/1568962542 wait complete.
2024-05-09T04:40:00.470 INFO:teuthology.orchestra.run.smithi007.stdout:Deploying unmanaged mon service...
2024-05-09T04:40:01.073 INFO:journalctl@ceph.mon.a.smithi007.stdout:May 09 04:40:00 smithi007 ceph-mon[30167]: from='mgr.14118 172.21.15.7:0/3820505327' entity='mgr.x'
2024-05-09T04:40:01.073 INFO:journalctl@ceph.mon.a.smithi007.stdout:May 09 04:40:00 smithi007 ceph-mon[30167]: Added host smithi007
2024-05-09T04:40:01.073 INFO:journalctl@ceph.mon.a.smithi007.stdout:May 09 04:40:00 smithi007 ceph-mon[30167]: from='mgr.14118 172.21.15.7:0/3820505327' entity='mgr.x' cmd=[{"prefix": "config dump", "format": "json"}]: dispatch
2024-05-09T04:40:02.036 INFO:teuthology.orchestra.run.smithi007.stdout:/usr/bin/ceph: stdout Scheduled mon update...
2024-05-09T04:40:02.037 INFO:teuthology.orchestra.run.smithi007.stdout:/usr/bin/ceph: stderr
2024-05-09T04:40:00.937+0000 7f7b37da8700 1 Processor -- start
2024-05-09T04:40:02.037 INFO:teuthology.orchestra.run.smithi007.stdout:/usr/bin/ceph: stderr
2024-05-09T04:40:00.937+0000 7f7b37da8700 1 -- start start
2024-05-09T04:40:02.037 INFO:teuthology.orchestra.run.smithi007.stdout:/usr/bin/ceph: stderr
2024-05-09T04:40:00.938+0000 7f7b37da8700 1 --2- >> [v2:172.21.15.7:3300/0,v1:172.21.15.7:6789/0] conn(0x7f7b3010a6a0 0x7f7b3010cac0 unknown :-1 s=NONE pgs=0 cs=0 l=0 rev1=0 crypto rx=0 tx=0 comp rx=0 tx=0).connect
2024-05-09T04:40:02.037 INFO:teuthology.orchestra.run.smithi007.stdout:/usr/bin/ceph: stderr
2024-05-09T04:40:00.938+0000 7f7b37da8700 1 -- --> [v2:172.21.15.7:3300/0,v1:172.21.15.7:6789/0] -- mon_getmap magic: 0 -- 0x7f7b3007cea0 con 0x7f7b3010a6a0
2024-05-09T04:40:02.037 INFO:teuthology.orchestra.run.smithi007.stdout:/usr/bin/ceph: stderr
2024-05-09T04:40:00.938+0000 7f7b35b44700 1 --2- >> [v2:172.21.15.7:3300/0,v1:172.21.15.7:6789/0] conn(0x7f7b3010a6a0 0x7f7b3010cac0 unknown :-1 s=BANNER_CONNECTING pgs=0 cs=0 l=0 rev1=0 crypto rx=0 tx=0 comp rx=0 tx=0)._handle_peer_banner_payload supported=3 required=0
2024-05-09T04:40:02.037 INFO:teuthology.orchestra.run.smithi007.stdout:/usr/bin/ceph: stderr
2024-05-09T04:40:00.938+0000 7f7b35b44700 1 --2- >> [v2:172.21.15.7:3300/0,v1:172.21.15.7:6789/0] conn(0x7f7b3010a6a0 0x7f7b3010cac0 unknown :-1 s=HELLO_CONNECTING pgs=0 cs=0 l=0 rev1=1 crypto rx=0 tx=0 comp rx=0 tx=0).handle_hello peer v2:172.21.15.7:3300/0 says I am v2:172.21.15.7:37146/0 (socket says 172.21.15.7:37146)
2024-05-09T04:40:02.037 INFO:teuthology.orchestra.run.smithi007.stdout:/usr/bin/ceph: stderr
2024-05-09T04:40:00.938+0000 7f7b35b44700 1 -- 172.21.15.7:0/2534353419 learned_addr learned my addr 172.21.15.7:0/2534353419 (peer_addr_for_me v2:172.21.15.7:0/0)
2024-05-09T04:40:02.037 INFO:teuthology.orchestra.run.smithi007.stdout:/usr/bin/ceph: stderr
2024-05-09T04:40:00.938+0000 7f7b35b44700 1 -- 172.21.15.7:0/2534353419 --> [v2:172.21.15.7:3300/0,v1:172.21.15.7:6789/0] -- mon_subscribe({config=0+,monmap=0+}) -- 0x7f7b3010d000 con 0x7f7b3010a6a0
2024-05-09T04:40:02.037 INFO:teuthology.orchestra.run.smithi007.stdout:/usr/bin/ceph: stderr
2024-05-09T04:40:00.938+0000 7f7b35b44700 1 --2- 172.21.15.7:0/2534353419 >> [v2:172.21.15.7:3300/0,v1:172.21.15.7:6789/0] conn(0x7f7b3010a6a0 0x7f7b3010cac0 secure :-1 s=READY pgs=45 cs=0 l=1 rev1=1 crypto rx=0x7f7b2c009e80 tx=0x7f7b2c00b330 comp rx=0 tx=0).ready entity=mon.0 client_cookie=341def0be1faf63a server_cookie=0 in_seq=0 out_seq=0
2024-05-09T04:40:02.037 INFO:teuthology.orchestra.run.smithi007.stdout:/usr/bin/ceph: stderr
2024-05-09T04:40:00.938+0000 7f7b34b42700 1 -- 172.21.15.7:0/2534353419 <== mon.0 v2:172.21.15.7:3300/0 1 ==== mon_map magic: 0 ==== 205+0+0 (secure 0 0 0) 0x7f7b2c017070 con 0x7f7b3010a6a0
