2024-05-09T04:40:02.367 INFO:teuthology.orchestra.run.smithi046.stdout:/usr/bin/ceph: stderr
2024-05-09T04:40:01.575+0000 7f26467fc700 1 -- 172.21.15.46:0/4141925223 <== mon.0 v2:172.21.15.46:3300/0 5 ==== osd_map(2..2 src has 1..2) ==== 940+0+0 (secure 0 0 0) 0x7f264c053720 con 0x7f2650109c80
2024-05-09T04:40:02.367 INFO:teuthology.orchestra.run.smithi046.stdout:/usr/bin/ceph: stderr
2024-05-09T04:40:01.575+0000 7f2654b36700 1 --2- 172.21.15.46:0/4141925223 >> [v2:172.21.15.46:6800/123334554,v1:172.21.15.46:6801/123334554] conn(0x7f263c03e4c0 0x7f263c0409d0 unknown :-1 s=BANNER_CONNECTING pgs=0 cs=0 l=1 rev1=0 crypto rx=0 tx=0 comp rx=0 tx=0)._handle_peer_banner_payload supported=3 required=0
2024-05-09T04:40:02.367 INFO:teuthology.orchestra.run.smithi046.stdout:/usr/bin/ceph: stderr
2024-05-09T04:40:01.575+0000 7f2654b36700 1 --2- 172.21.15.46:0/4141925223 >> [v2:172.21.15.46:6800/123334554,v1:172.21.15.46:6801/123334554] conn(0x7f263c03e4c0 0x7f263c0409d0 secure :-1 s=READY pgs=7 cs=0 l=1 rev1=1 crypto rx=0x7f2640006fd0 tx=0x7f2640006e40 comp rx=0 tx=0).ready entity=mgr.14120 client_cookie=0 server_cookie=0 in_seq=0 out_seq=0
2024-05-09T04:40:02.367 INFO:teuthology.orchestra.run.smithi046.stdout:/usr/bin/ceph: stderr
2024-05-09T04:40:01.580+0000 7f26467fc700 1 -- 172.21.15.46:0/4141925223 <== mon.0 v2:172.21.15.46:3300/0 6 ==== mon_command_ack([{"prefix": "get_command_descriptions"}]=0 v0) ==== 72+0+191963 (secure 0 0 0) 0x7f264c02c350 con 0x7f2650109c80
2024-05-09T04:40:02.367 INFO:teuthology.orchestra.run.smithi046.stdout:/usr/bin/ceph: stderr
2024-05-09T04:40:01.811+0000 7f265759b700 1 -- 172.21.15.46:0/4141925223 --> [v2:172.21.15.46:6800/123334554,v1:172.21.15.46:6801/123334554] -- mgr_command(tid 0: {"prefix": "orch set backend", "module_name": "cephadm", "target": ["mon-mgr", ""]}) -- 0x7f26501063c0 con 0x7f263c03e4c0
2024-05-09T04:40:02.367 INFO:teuthology.orchestra.run.smithi046.stdout:/usr/bin/ceph: stderr
2024-05-09T04:40:01.817+0000 7f26467fc700 1 -- 172.21.15.46:0/4141925223 <== mgr.14120 v2:172.21.15.46:6800/123334554 1 ==== mgr_command_reply(tid 0: 0 ) ==== 8+0+0 (secure 0 0 0) 0x7f26501063c0 con 0x7f263c03e4c0
2024-05-09T04:40:02.367 INFO:teuthology.orchestra.run.smithi046.stdout:/usr/bin/ceph: stderr
2024-05-09T04:40:01.820+0000 7f265759b700 1 -- 172.21.15.46:0/4141925223 >> [v2:172.21.15.46:6800/123334554,v1:172.21.15.46:6801/123334554] conn(0x7f263c03e4c0 msgr2=0x7f263c0409d0 secure :-1 s=STATE_CONNECTION_ESTABLISHED l=1).mark_down
2024-05-09T04:40:02.367 INFO:teuthology.orchestra.run.smithi046.stdout:/usr/bin/ceph: stderr
2024-05-09T04:40:01.820+0000 7f265759b700 1 --2- 172.21.15.46:0/4141925223 >> [v2:172.21.15.46:6800/123334554,v1:172.21.15.46:6801/123334554] conn(0x7f263c03e4c0 0x7f263c0409d0 secure :-1 s=READY pgs=7 cs=0 l=1 rev1=1 crypto rx=0x7f2640006fd0 tx=0x7f2640006e40 comp rx=0 tx=0).stop
2024-05-09T04:40:02.367 INFO:teuthology.orchestra.run.smithi046.stdout:/usr/bin/ceph: stderr
2024-05-09T04:40:01.820+0000 7f265759b700 1 -- 172.21.15.46:0/4141925223 >> [v2:172.21.15.46:3300/0,v1:172.21.15.46:6789/0] conn(0x7f2650109c80 msgr2=0x7f26501a6780 secure :-1 s=STATE_CONNECTION_ESTABLISHED l=1).mark_down
2024-05-09T04:40:02.367 INFO:teuthology.orchestra.run.smithi046.stdout:/usr/bin/ceph: stderr
2024-05-09T04:40:01.820+0000 7f265759b700 1 --2- 172.21.15.46:0/4141925223 >> [v2:172.21.15.46:3300/0,v1:172.21.15.46:6789/0] conn(0x7f2650109c80 0x7f26501a6780 secure :-1 s=READY pgs=38 cs=0 l=1 rev1=1 crypto rx=0x7f264c011890 tx=0x7f264c011970 comp rx=0 tx=0).stop
2024-05-09T04:40:02.368 INFO:teuthology.orchestra.run.smithi046.stdout:/usr/bin/ceph: stderr
2024-05-09T04:40:01.820+0000 7f265759b700 1 -- 172.21.15.46:0/4141925223 shutdown_connections
2024-05-09T04:40:02.368 INFO:teuthology.orchestra.run.smithi046.stdout:/usr/bin/ceph: stderr
2024-05-09T04:40:01.820+0000 7f265759b700 1 --2- 172.21.15.46:0/4141925223 >> [v2:172.21.15.46:6800/123334554,v1:172.21.15.46:6801/123334554] conn(0x7f263c03e4c0 0x7f263c0409d0 unknown :-1 s=CLOSED pgs=7 cs=0 l=1 rev1=1 crypto rx=0 tx=0 comp rx=0 tx=0).stop
2024-05-09T04:40:02.368 INFO:teuthology.orchestra.run.smithi046.stdout:/usr/bin/ceph: stderr
2024-05-09T04:40:01.820+0000 7f265759b700 1 --2- 172.21.15.46:0/4141925223 >> [v2:172.21.15.46:3300/0,v1:172.21.15.46:6789/0] conn(0x7f2650109c80 0x7f26501a6780 unknown :-1 s=CLOSED pgs=38 cs=0 l=1 rev1=1 crypto rx=0 tx=0 comp rx=0 tx=0).stop
2024-05-09T04:40:02.368 INFO:teuthology.orchestra.run.smithi046.stdout:/usr/bin/ceph: stderr
2024-05-09T04:40:01.820+0000 7f265759b700 1 -- 172.21.15.46:0/4141925223 >> 172.21.15.46:0/4141925223 conn(0x7f26501052e0 msgr2=0x7f2650105c50 unknown :-1 s=STATE_NONE l=0).mark_down
2024-05-09T04:40:02.368 INFO:teuthology.orchestra.run.smithi046.stdout:/usr/bin/ceph: stderr
2024-05-09T04:40:01.820+0000 7f265759b700 1 -- 172.21.15.46:0/4141925223 shutdown_connections
2024-05-09T04:40:02.368 INFO:teuthology.orchestra.run.smithi046.stdout:/usr/bin/ceph: stderr
2024-05-09T04:40:01.820+0000 7f265759b700 1 -- 172.21.15.46:0/4141925223 wait complete.
2024-05-09T04:40:02.675 INFO:journalctl@ceph.mon.a.smithi046.stdout:May 09 04:40:02 smithi046 ceph-mon[30136]: mgrmap e8: x(active, since 2s)
2024-05-09T04:40:02.675 INFO:journalctl@ceph.mon.a.smithi046.stdout:May 09 04:40:02 smithi046 ceph-mon[30136]: from='client.14132 -' entity='client.admin' cmd=[{"prefix": "orch set backend", "module_name": "cephadm", "target": ["mon-mgr", ""]}]: dispatch
2024-05-09T04:40:02.675 INFO:journalctl@ceph.mon.a.smithi046.stdout:May 09 04:40:02 smithi046 ceph-mon[30136]: from='mgr.14120 172.21.15.46:0/3892777608' entity='mgr.x'
2024-05-09T04:40:02.675 INFO:journalctl@ceph.mon.a.smithi046.stdout:May 09 04:40:02 smithi046 ceph-mon[30136]: from='mgr.14120 172.21.15.46:0/3892777608' entity='mgr.x' cmd=[{"prefix": "config dump", "format": "json"}]: dispatch
2024-05-09T04:40:03.621 INFO:teuthology.orchestra.run.smithi046.stdout:/usr/bin/ceph: stdout value unchanged
2024-05-09T04:40:03.621 INFO:teuthology.orchestra.run.smithi046.stdout:/usr/bin/ceph: stderr
2024-05-09T04:40:02.793+0000 7fe88c8be700 1 Processor -- start
2024-05-09T04:40:03.621 INFO:teuthology.orchestra.run.smithi046.stdout:/usr/bin/ceph: stderr
2024-05-09T04:40:02.793+0000 7fe88c8be700 1 -- start start
2024-05-09T04:40:03.621 INFO:teuthology.orchestra.run.smithi046.stdout:/usr/bin/ceph: stderr
2024-05-09T04:40:02.793+0000 7fe88c8be700 1 --2- >> [v2:172.21.15.46:3300/0,v1:172.21.15.46:6789/0] conn(0x7fe88807d570 0x7fe88810c720 unknown :-1 s=NONE pgs=0 cs=0 l=0 rev1=0 crypto rx=0 tx=0 comp rx=0 tx=0).connect
2024-05-09T04:40:03.621 INFO:teuthology.orchestra.run.smithi046.stdout:/usr/bin/ceph: stderr
2024-05-09T04:40:02.793+0000 7fe88c8be700 1 -- --> [v2:172.21.15.46:3300/0,v1:172.21.15.46:6789/0] -- mon_getmap magic: 0 -- 0x7fe88810cd30 con 0x7fe88807d570
2024-05-09T04:40:03.621 INFO:teuthology.orchestra.run.smithi046.stdout:/usr/bin/ceph: stderr
2024-05-09T04:40:02.793+0000 7fe88659c700 1 --2- >> [v2:172.21.15.46:3300/0,v1:172.21.15.46:6789/0] conn(0x7fe88807d570 0x7fe88810c720 unknown :-1 s=BANNER_CONNECTING pgs=0 cs=0 l=0 rev1=0 crypto rx=0 tx=0 comp rx=0 tx=0)._handle_peer_banner_payload supported=3 required=0
2024-05-09T04:40:03.621 INFO:teuthology.orchestra.run.smithi046.stdout:/usr/bin/ceph: stderr
2024-05-09T04:40:02.793+0000 7fe88659c700 1 --2- >> [v2:172.21.15.46:3300/0,v1:172.21.15.46:6789/0] conn(0x7fe88807d570 0x7fe88810c720 unknown :-1 s=HELLO_CONNECTING pgs=0 cs=0 l=0 rev1=1 crypto rx=0 tx=0 comp rx=0 tx=0).handle_hello peer v2:172.21.15.46:3300/0 says I am v2:172.21.15.46:50286/0 (socket says 172.21.15.46:50286)
2024-05-09T04:40:03.621 INFO:teuthology.orchestra.run.smithi046.stdout:/usr/bin/ceph: stderr
2024-05-09T04:40:02.793+0000 7fe88659c700 1 -- 172.21.15.46:0/1675977716 learned_addr learned my addr 172.21.15.46:0/1675977716 (peer_addr_for_me v2:172.21.15.46:0/0)
2024-05-09T04:40:03.621 INFO:teuthology.orchestra.run.smithi046.stdout:/usr/bin/ceph: stderr
2024-05-09T04:40:02.794+0000 7fe88659c700 1 -- 172.21.15.46:0/1675977716 --> [v2:172.21.15.46:3300/0,v1:172.21.15.46:6789/0] -- mon_subscribe({config=0+,monmap=0+}) -- 0x7fe88810ceb0 con 0x7fe88807d570
2024-05-09T04:40:03.622 INFO:teuthology.orchestra.run.smithi046.stdout:/usr/bin/ceph: stderr
2024-05-09T04:40:02.794+0000 7fe88659c700 1 --2- 172.21.15.46:0/1675977716 >> [v2:172.21.15.46:3300/0,v1:172.21.15.46:6789/0] conn(0x7fe88807d570 0x7fe88810c720 secure :-1 s=READY pgs=39 cs=0 l=1 rev1=1 crypto rx=0x7fe8780098a0 tx=0x7fe878009bb0 comp rx=0 tx=0).ready entity=mon.0 client_cookie=6b1442f552206fe6 server_cookie=0 in_seq=0 out_seq=0
2024-05-09T04:40:03.622 INFO:teuthology.orchestra.run.smithi046.stdout:/usr/bin/ceph: stderr
2024-05-09T04:40:02.794+0000 7fe88559a700 1 -- 172.21.15.46:0/1675977716 <== mon.0 v2:172.21.15.46:3300/0 1 ==== mon_map magic: 0 ==== 205+0+0 (secure 0 0 0) 0x7fe878004160 con 0x7fe88807d570
2024-05-09T04:40:03.622 INFO:teuthology.orchestra.run.smithi046.stdout:/usr/bin/ceph: stderr
2024-05-09T04:40:02.794+0000 7fe88559a700 1 -- 172.21.15.46:0/1675977716 <== mon.0 v2:172.21.15.46:3300/0 2 ==== config(26 keys) ==== 1070+0+0 (secure 0 0 0) 0x7fe878004300 con 0x7fe88807d570
2024-05-09T04:40:03.622 INFO:teuthology.orchestra.run.smithi046.stdout:/usr/bin/ceph: stderr
2024-05-09T04:40:02.794+0000 7fe88559a700 1 -- 172.21.15.46:0/1675977716 <== mon.0 v2:172.21.15.46:3300/0 3 ==== mon_map magic: 0 ==== 205+0+0 (secure 0 0 0) 0x7fe878011af0 con 0x7fe88807d570
2024-05-09T04:40:03.622 INFO:teuthology.orchestra.run.smithi046.stdout:/usr/bin/ceph: stderr
2024-05-09T04:40:02.795+0000 7fe88c8be700 1 -- 172.21.15.46:0/1675977716 >> [v2:172.21.15.46:3300/0,v1:172.21.15.46:6789/0] conn(0x7fe88807d570 msgr2=0x7fe88810c720 secure :-1 s=STATE_CONNECTION_ESTABLISHED l=1).mark_down
2024-05-09T04:40:03.622 INFO:teuthology.orchestra.run.smithi046.stdout:/usr/bin/ceph: stderr
2024-05-09T04:40:02.795+0000 7fe88c8be700 1 --2- 172.21.15.46:0/1675977716 >> [v2:172.21.15.46:3300/0,v1:172.21.15.46:6789/0] conn(0x7fe88807d570 0x7fe88810c720 secure :-1 s=READY pgs=39 cs=0 l=1 rev1=1 crypto rx=0x7fe8780098a0 tx=0x7fe878009bb0 comp rx=0 tx=0).stop
2024-05-09T04:40:03.622 INFO:teuthology.orchestra.run.smithi046.stdout:/usr/bin/ceph: stderr
2024-05-09T04:40:02.795+0000 7fe88c8be700 1 -- 172.21.15.46:0/1675977716 shutdown_connections
2024-05-09T04:40:03.622 INFO:teuthology.orchestra.run.smithi046.stdout:/usr/bin/ceph: stderr
2024-05-09T04:40:02.795+0000 7fe88c8be700 1 --2- 172.21.15.46:0/1675977716 >> [v2:172.21.15.46:3300/0,v1:172.21.15.46:6789/0] conn(0x7fe88807d570 0x7fe88810c720 unknown :-1 s=CLOSED pgs=39 cs=0 l=1 rev1=1 crypto rx=0 tx=0 comp rx=0 tx=0).stop
2024-05-09T04:40:03.622 INFO:teuthology.orchestra.run.smithi046.stdout:/usr/bin/ceph: stderr
2024-05-09T04:40:02.795+0000 7fe88c8be700 1 -- 172.21.15.46:0/1675977716 >> 172.21.15.46:0/1675977716 conn(0x7fe888104150 msgr2=0x7fe8881065e0 unknown :-1 s=STATE_NONE l=0).mark_down
2024-05-09T04:40:03.622 INFO:teuthology.orchestra.run.smithi046.stdout:/usr/bin/ceph: stderr
2024-05-09T04:40:02.795+0000 7fe88c8be700 1 -- 172.21.15.46:0/1675977716 shutdown_connections
2024-05-09T04:40:03.622 INFO:teuthology.orchestra.run.smithi046.stdout:/usr/bin/ceph: stderr
2024-05-09T04:40:02.795+0000 7fe88c8be700 1 -- 172.21.15.46:0/1675977716 wait complete.
2024-05-09T04:40:03.622 INFO:teuthology.orchestra.run.smithi046.stdout:/usr/bin/ceph: stderr
2024-05-09T04:40:02.796+0000 7fe88c8be700 1 Processor -- start
2024-05-09T04:40:03.622 INFO:teuthology.orchestra.run.smithi046.stdout:/usr/bin/ceph: stderr
2024-05-09T04:40:02.796+0000 7fe88c8be700 1 -- start start
2024-05-09T04:40:03.623 INFO:teuthology.orchestra.run.smithi046.stdout:/usr/bin/ceph: stderr
2024-05-09T04:40:02.796+0000 7fe88c8be700 1 --2- >> [v2:172.21.15.46:3300/0,v1:172.21.15.46:6789/0] conn(0x7fe88807d570 0x7fe88819df30 unknown :-1 s=NONE pgs=0 cs=0 l=1 rev1=0 crypto rx=0 tx=0 comp rx=0 tx=0).connect
2024-05-09T04:40:03.623 INFO:teuthology.orchestra.run.smithi046.stdout:/usr/bin/ceph: stderr
2024-05-09T04:40:02.796+0000 7fe88c8be700 1 -- --> [v2:172.21.15.46:3300/0,v1:172.21.15.46:6789/0] -- mon_getmap magic: 0 -- 0x7fe88810df30 con 0x7fe88807d570
2024-05-09T04:40:03.623 INFO:teuthology.orchestra.run.smithi046.stdout:/usr/bin/ceph: stderr
2024-05-09T04:40:02.796+0000 7fe88659c700 1 --2- >> [v2:172.21.15.46:3300/0,v1:172.21.15.46:6789/0] conn(0x7fe88807d570 0x7fe88819df30 unknown :-1 s=BANNER_CONNECTING pgs=0 cs=0 l=1 rev1=0 crypto rx=0 tx=0 comp rx=0 tx=0)._handle_peer_banner_payload supported=3 required=0
2024-05-09T04:40:03.623 INFO:teuthology.orchestra.run.smithi046.stdout:/usr/bin/ceph: stderr
2024-05-09T04:40:02.796+0000 7fe88659c700 1 --2- >> [v2:172.21.15.46:3300/0,v1:172.21.15.46:6789/0] conn(0x7fe88807d570 0x7fe88819df30 unknown :-1 s=HELLO_CONNECTING pgs=0 cs=0 l=1 rev1=1 crypto rx=0 tx=0 comp rx=0 tx=0).handle_hello peer v2:172.21.15.46:3300/0 says I am v2:172.21.15.46:50294/0 (socket says 172.21.15.46:50294)
2024-05-09T04:40:03.623 INFO:teuthology.orchestra.run.smithi046.stdout:/usr/bin/ceph: stderr
2024-05-09T04:40:02.796+0000 7fe88659c700 1 -- 172.21.15.46:0/324234234 learned_addr learned my addr 172.21.15.46:0/324234234 (peer_addr_for_me v2:172.21.15.46:0/0)
2024-05-09T04:40:03.623 INFO:teuthology.orchestra.run.smithi046.stdout:/usr/bin/ceph: stderr
2024-05-09T04:40:02.796+0000 7fe88659c700 1 -- 172.21.15.46:0/324234234 --> [v2:172.21.15.46:3300/0,v1:172.21.15.46:6789/0] -- mon_subscribe({config=0+,monmap=0+}) -- 0x7fe88819e470 con 0x7fe88807d570
2024-05-09T04:40:03.623 INFO:teuthology.orchestra.run.smithi046.stdout:/usr/bin/ceph: stderr
2024-05-09T04:40:02.797+0000 7fe88659c700 1 --2- 172.21.15.46:0/324234234 >> [v2:172.21.15.46:3300/0,v1:172.21.15.46:6789/0] conn(0x7fe88807d570 0x7fe88819df30 secure :-1 s=READY pgs=40 cs=0 l=1 rev1=1 crypto rx=0x7fe878009fb0 tx=0x7fe878011940 comp rx=0 tx=0).ready entity=mon.0 client_cookie=0 server_cookie=0 in_seq=0 out_seq=0
2024-05-09T04:40:03.623 INFO:teuthology.orchestra.run.smithi046.stdout:/usr/bin/ceph: stderr
2024-05-09T04:40:02.797+0000 7fe8777fe700 1 -- 172.21.15.46:0/324234234 <== mon.0 v2:172.21.15.46:3300/0 1 ==== mon_map magic: 0 ==== 205+0+0 (secure 0 0 0) 0x7fe8780036a0 con 0x7fe88807d570
2024-05-09T04:40:03.623 INFO:teuthology.orchestra.run.smithi046.stdout:/usr/bin/ceph: stderr
2024-05-09T04:40:02.797+0000 7fe8777fe700 1 -- 172.21.15.46:0/324234234 <== mon.0 v2:172.21.15.46:3300/0 2 ==== config(26 keys) ==== 1070+0+0 (secure 0 0 0) 0x7fe87801a430 con 0x7fe88807d570
2024-05-09T04:40:03.623 INFO:teuthology.orchestra.run.smithi046.stdout:/usr/bin/ceph: stderr
2024-05-09T04:40:02.797+0000 7fe88c8be700 1 -- 172.21.15.46:0/324234234 --> [v2:172.21.15.46:3300/0,v1:172.21.15.46:6789/0] -- mon_subscribe({mgrmap=0+}) -- 0x7fe88819e700 con 0x7fe88807d570
2024-05-09T04:40:03.623 INFO:teuthology.orchestra.run.smithi046.stdout:/usr/bin/ceph: stderr
2024-05-09T04:40:02.797+0000 7fe8777fe700 1 -- 172.21.15.46:0/324234234 <== mon.0 v2:172.21.15.46:3300/0 3 ==== mon_map magic: 0 ==== 205+0+0 (secure 0 0 0) 0x7fe878019550 con 0x7fe88807d570
2024-05-09T04:40:03.623 INFO:teuthology.orchestra.run.smithi046.stdout:/usr/bin/ceph: stderr
2024-05-09T04:40:02.797+0000 7fe88c8be700 1 -- 172.21.15.46:0/324234234 --> [v2:172.21.15.46:3300/0,v1:172.21.15.46:6789/0] -- mon_subscribe({osdmap=0}) -- 0x7fe8881a1310 con 0x7fe88807d570
2024-05-09T04:40:03.623 INFO:teuthology.orchestra.run.smithi046.stdout:/usr/bin/ceph: stderr
2024-05-09T04:40:02.798+0000 7fe88c8be700 1 -- 172.21.15.46:0/324234234 --> [v2:172.21.15.46:3300/0,v1:172.21.15.46:6789/0] -- mon_command({"prefix": "get_command_descriptions"} v 0) -- 0x7fe888064e20 con 0x7fe88807d570
2024-05-09T04:40:03.623 INFO:teuthology.orchestra.run.smithi046.stdout:/usr/bin/ceph: stderr
2024-05-09T04:40:02.798+0000 7fe8777fe700 1 -- 172.21.15.46:0/324234234 <== mon.0 v2:172.21.15.46:3300/0 4 ==== mgrmap(e 8) ==== 50222+0+0 (secure 0 0 0) 0x7fe878019850 con 0x7fe88807d570
2024-05-09T04:40:03.624 INFO:teuthology.orchestra.run.smithi046.stdout:/usr/bin/ceph: stderr
2024-05-09T04:40:02.798+0000 7fe8777fe700 1 --2- 172.21.15.46:0/324234234 >> [v2:172.21.15.46:6800/123334554,v1:172.21.15.46:6801/123334554] conn(0x7fe87003e420 0x7fe870040930 unknown :-1 s=NONE pgs=0 cs=0 l=1 rev1=0 crypto rx=0 tx=0 comp rx=0 tx=0).connect
2024-05-09T04:40:03.624 INFO:teuthology.orchestra.run.smithi046.stdout:/usr/bin/ceph: stderr
2024-05-09T04:40:02.798+0000 7fe8777fe700 1 -- 172.21.15.46:0/324234234 <== mon.0 v2:172.21.15.46:3300/0 5 ==== osd_map(2..2 src has 1..2) ==== 940+0+0 (secure 0 0 0) 0x7fe8780538d0 con 0x7fe88807d570
2024-05-09T04:40:03.624 INFO:teuthology.orchestra.run.smithi046.stdout:/usr/bin/ceph: stderr
2024-05-09T04:40:02.798+0000 7fe885d9b700 1 --2- 172.21.15.46:0/324234234 >> [v2:172.21.15.46:6800/123334554,v1:172.21.15.46:6801/123334554] conn(0x7fe87003e420 0x7fe870040930 unknown :-1 s=BANNER_CONNECTING pgs=0 cs=0 l=1 rev1=0 crypto rx=0 tx=0 comp rx=0 tx=0)._handle_peer_banner_payload supported=3 required=0
2024-05-09T04:40:03.624 INFO:teuthology.orchestra.run.smithi046.stdout:/usr/bin/ceph: stderr
2024-05-09T04:40:02.799+0000 7fe885d9b700 1 --2- 172.21.15.46:0/324234234 >> [v2:172.21.15.46:6800/123334554,v1:172.21.15.46:6801/123334554] conn(0x7fe87003e420 0x7fe870040930 secure :-1 s=READY pgs=8 cs=0 l=1 rev1=1 crypto rx=0x7fe87c006fd0 tx=0x7fe87c006e40 comp rx=0 tx=0).ready entity=mgr.14120 client_cookie=0 server_cookie=0 in_seq=0 out_seq=0
2024-05-09T04:40:03.624 INFO:teuthology.orchestra.run.smithi046.stdout:/usr/bin/ceph: stderr
2024-05-09T04:40:02.804+0000 7fe8777fe700 1 -- 172.21.15.46:0/324234234 <== mon.0 v2:172.21.15.46:3300/0 6 ==== mon_command_ack([{"prefix": "get_command_descriptions"}]=0 v0) ==== 72+0+191963 (secure 0 0 0) 0x7fe878017e90 con 0x7fe88807d570
2024-05-09T04:40:03.624 INFO:teuthology.orchestra.run.smithi046.stdout:/usr/bin/ceph: stderr
2024-05-09T04:40:03.021+0000 7fe88c8be700 1 -- 172.21.15.46:0/324234234 --> [v2:172.21.15.46:6800/123334554,v1:172.21.15.46:6801/123334554] -- mgr_command(tid 0: {"prefix": "cephadm set-user", "user": "root", "target": ["mon-mgr", ""]}) -- 0x7fe8881051a0 con 0x7fe87003e420
2024-05-09T04:40:03.624 INFO:teuthology.orchestra.run.smithi046.stdout:/usr/bin/ceph: stderr
2024-05-09T04:40:03.022+0000 7fe8777fe700 1 -- 172.21.15.46:0/324234234 <== mgr.14120 v2:172.21.15.46:6800/123334554 1 ==== mgr_command_reply(tid 0: 0 ) ==== 8+0+16 (secure 0 0 0) 0x7fe8881051a0 con 0x7fe87003e420
2024-05-09T04:40:03.624 INFO:teuthology.orchestra.run.smithi046.stdout:/usr/bin/ceph: stderr
2024-05-09T04:40:03.024+0000 7fe88c8be700 1 -- 172.21.15.46:0/324234234 >> [v2:172.21.15.46:6800/123334554,v1:172.21.15.46:6801/123334554] conn(0x7fe87003e420 msgr2=0x7fe870040930 secure :-1 s=STATE_CONNECTION_ESTABLISHED l=1).mark_down
2024-05-09T04:40:03.624 INFO:teuthology.orchestra.run.smithi046.stdout:/usr/bin/ceph: stderr
2024-05-09T04:40:03.024+0000 7fe88c8be700 1 --2- 172.21.15.46:0/324234234 >> [v2:172.21.15.46:6800/123334554,v1:172.21.15.46:6801/123334554] conn(0x7fe87003e420 0x7fe870040930 secure :-1 s=READY pgs=8 cs=0 l=1 rev1=1 crypto rx=0x7fe87c006fd0 tx=0x7fe87c006e40 comp rx=0 tx=0).stop
2024-05-09T04:40:03.624 INFO:teuthology.orchestra.run.smithi046.stdout:/usr/bin/ceph: stderr
2024-05-09T04:40:03.024+0000 7fe88c8be700 1 -- 172.21.15.46:0/324234234 >> [v2:172.21.15.46:3300/0,v1:172.21.15.46:6789/0] conn(0x7fe88807d570 msgr2=0x7fe88819df30 secure :-1 s=STATE_CONNECTION_ESTABLISHED l=1).mark_down
2024-05-09T04:40:03.624 INFO:teuthology.orchestra.run.smithi046.stdout:/usr/bin/ceph: stderr
2024-05-09T04:40:03.024+0000 7fe88c8be700 1 --2- 172.21.15.46:0/324234234 >> [v2:172.21.15.46:3300/0,v1:172.21.15.46:6789/0] conn(0x7fe88807d570 0x7fe88819df30 secure :-1 s=READY pgs=40 cs=0 l=1 rev1=1 crypto rx=0x7fe878009fb0 tx=0x7fe878011940 comp rx=0 tx=0).stop
2024-05-09T04:40:03.624 INFO:teuthology.orchestra.run.smithi046.stdout:/usr/bin/ceph: stderr
2024-05-09T04:40:03.025+0000 7fe88c8be700 1 -- 172.21.15.46:0/324234234 shutdown_connections
2024-05-09T04:40:03.624 INFO:teuthology.orchestra.run.smithi046.stdout:/usr/bin/ceph: stderr
2024-05-09T04:40:03.025+0000 7fe88c8be700 1 --2- 172.21.15.46:0/324234234 >> [v2:172.21.15.46:6800/123334554,v1:172.21.15.46:6801/123334554] conn(0x7fe87003e420 0x7fe870040930 unknown :-1 s=CLOSED pgs=8 cs=0 l=1 rev1=1 crypto rx=0 tx=0 comp rx=0 tx=0).stop
2024-05-09T04:40:03.624 INFO:teuthology.orchestra.run.smithi046.stdout:/usr/bin/ceph: stderr
2024-05-09T04:40:03.025+0000 7fe88c8be700 1 --2- 172.21.15.46:0/324234234 >> [v2:172.21.15.46:3300/0,v1:172.21.15.46:6789/0] conn(0x7fe88807d570 0x7fe88819df30 unknown :-1 s=CLOSED pgs=40 cs=0 l=1 rev1=1 crypto rx=0 tx=0 comp rx=0 tx=0).stop
2024-05-09T04:40:03.625 INFO:teuthology.orchestra.run.smithi046.stdout:/usr/bin/ceph: stderr
2024-05-09T04:40:03.025+0000 7fe88c8be700 1 -- 172.21.15.46:0/324234234 >> 172.21.15.46:0/324234234 conn(0x7fe888104150 msgr2=0x7fe888104a70 unknown :-1 s=STATE_NONE l=0).mark_down
2024-05-09T04:40:03.625 INFO:teuthology.orchestra.run.smithi046.stdout:/usr/bin/ceph: stderr
2024-05-09T04:40:03.025+0000 7fe88c8be700 1 -- 172.21.15.46:0/324234234 shutdown_connections
2024-05-09T04:40:03.625 INFO:teuthology.orchestra.run.smithi046.stdout:/usr/bin/ceph: stderr
2024-05-09T04:40:03.025+0000 7fe88c8be700 1 -- 172.21.15.46:0/324234234 wait complete.
2024-05-09T04:40:03.625 INFO:teuthology.orchestra.run.smithi046.stdout:Generating ssh key...
2024-05-09T04:40:03.829 INFO:journalctl@ceph.mon.a.smithi046.stdout:May 09 04:40:03 smithi046 ceph-mon[30136]: from='client.14134 -' entity='client.admin' cmd=[{"prefix": "cephadm set-user", "user": "root", "target": ["mon-mgr", ""]}]: dispatch
2024-05-09T04:40:05.277 INFO:journalctl@ceph.mgr.x.smithi046.stdout:May 09 04:40:04 smithi046 ceph-ecf9ae2c-0dbd-11ef-bc97-c7b262605968-mgr-x[30367]: Generating public/private rsa key pair.
2024-05-09T04:40:05.277 INFO:journalctl@ceph.mgr.x.smithi046.stdout:May 09 04:40:04 smithi046 ceph-ecf9ae2c-0dbd-11ef-bc97-c7b262605968-mgr-x[30367]: Your identification has been saved in /tmp/tmp_v88rfd1/key.
2024-05-09T04:40:05.277 INFO:journalctl@ceph.mgr.x.smithi046.stdout:May 09 04:40:04 smithi046 ceph-ecf9ae2c-0dbd-11ef-bc97-c7b262605968-mgr-x[30367]: Your public key has been saved in /tmp/tmp_v88rfd1/key.pub.
2024-05-09T04:40:05.277 INFO:journalctl@ceph.mgr.x.smithi046.stdout:May 09 04:40:04 smithi046 ceph-ecf9ae2c-0dbd-11ef-bc97-c7b262605968-mgr-x[30367]: The key fingerprint is:
2024-05-09T04:40:05.277 INFO:journalctl@ceph.mgr.x.smithi046.stdout:May 09 04:40:04 smithi046 ceph-ecf9ae2c-0dbd-11ef-bc97-c7b262605968-mgr-x[30367]: SHA256:VzJUoLD/EhbT4y7OuYOCFp2fdnfOGhFy6puoVJv0HUA ceph-ecf9ae2c-0dbd-11ef-bc97-c7b262605968
2024-05-09T04:40:05.277 INFO:journalctl@ceph.mgr.x.smithi046.stdout:May 09 04:40:04 smithi046 ceph-ecf9ae2c-0dbd-11ef-bc97-c7b262605968-mgr-x[30367]: The key's randomart image is:
2024-05-09T04:40:05.277 INFO:journalctl@ceph.mgr.x.smithi046.stdout:May 09 04:40:04 smithi046 ceph-ecf9ae2c-0dbd-11ef-bc97-c7b262605968-mgr-x[30367]: +---[RSA 3072]----+
2024-05-09T04:40:05.277 INFO:journalctl@ceph.mgr.x.smithi046.stdout:May 09 04:40:04 smithi046 ceph-ecf9ae2c-0dbd-11ef-bc97-c7b262605968-mgr-x[30367]: | . E oo. |
2024-05-09T04:40:05.277 INFO:journalctl@ceph.mgr.x.smithi046.stdout:May 09 04:40:04 smithi046 ceph-ecf9ae2c-0dbd-11ef-bc97-c7b262605968-mgr-x[30367]: | + + |
2024-05-09T04:40:05.277 INFO:journalctl@ceph.mgr.x.smithi046.stdout:May 09 04:40:04 smithi046 ceph-ecf9ae2c-0dbd-11ef-bc97-c7b262605968-mgr-x[30367]: | . * B . |
2024-05-09T04:40:05.278 INFO:journalctl@ceph.mgr.x.smithi046.stdout:May 09 04:40:04 smithi046 ceph-ecf9ae2c-0dbd-11ef-bc97-c7b262605968-mgr-x[30367]: | . O * |
2024-05-09T04:40:05.278 INFO:journalctl@ceph.mgr.x.smithi046.stdout:May 09 04:40:04 smithi046 ceph-ecf9ae2c-0dbd-11ef-bc97-c7b262605968-mgr-x[30367]: | . .o S = |
2024-05-09T04:40:05.278 INFO:journalctl@ceph.mgr.x.smithi046.stdout:May 09 04:40:04 smithi046 ceph-ecf9ae2c-0dbd-11ef-bc97-c7b262605968-mgr-x[30367]: | . oo * * o |
2024-05-09T04:40:05.278 INFO:journalctl@ceph.mgr.x.smithi046.stdout:May 09 04:40:04 smithi046 ceph-ecf9ae2c-0dbd-11ef-bc97-c7b262605968-mgr-x[30367]: | o..oo= = |
2024-05-09T04:40:05.278 INFO:journalctl@ceph.mgr.x.smithi046.stdout:May 09 04:40:04 smithi046 ceph-ecf9ae2c-0dbd-11ef-bc97-c7b262605968-mgr-x[30367]: | o.. =+o*.o. |
2024-05-09T04:40:05.278 INFO:journalctl@ceph.mgr.x.smithi046.stdout:May 09 04:40:04 smithi046 ceph-ecf9ae2c-0dbd-11ef-bc97-c7b262605968-mgr-x[30367]: | . .+..B+.+o |
2024-05-09T04:40:05.278 INFO:journalctl@ceph.mgr.x.smithi046.stdout:May 09 04:40:04 smithi046 ceph-ecf9ae2c-0dbd-11ef-bc97-c7b262605968-mgr-x[30367]: +----[SHA256]-----+
2024-05-09T04:40:05.560 INFO:teuthology.orchestra.run.smithi046.stdout:/usr/bin/ceph: stderr
2024-05-09T04:40:04.228+0000 7f1c724d2700 1 Processor -- start
2024-05-09T04:40:05.560 INFO:teuthology.orchestra.run.smithi046.stdout:/usr/bin/ceph: stderr
2024-05-09T04:40:04.228+0000 7f1c724d2700 1 -- start start
2024-05-09T04:40:05.560 INFO:teuthology.orchestra.run.smithi046.stdout:/usr/bin/ceph: stderr
2024-05-09T04:40:04.228+0000 7f1c724d2700 1 --2- >> [v2:172.21.15.46:3300/0,v1:172.21.15.46:6789/0] conn(0x7f1c6c07d570 0x7f1c6c10c750 unknown :-1 s=NONE pgs=0 cs=0 l=0 rev1=0 crypto rx=0 tx=0 comp rx=0 tx=0).connect
2024-05-09T04:40:05.560 INFO:teuthology.orchestra.run.smithi046.stdout:/usr/bin/ceph: stderr
2024-05-09T04:40:04.228+0000 7f1c724d2700 1 -- --> [v2:172.21.15.46:3300/0,v1:172.21.15.46:6789/0] -- mon_getmap magic: 0 -- 0x7f1c6c10cd60 con 0x7f1c6c07d570
2024-05-09T04:40:05.560 INFO:teuthology.orchestra.run.smithi046.stdout:/usr/bin/ceph: stderr
2024-05-09T04:40:04.229+0000 7f1c6bfff700 1 --2- >> [v2:172.21.15.46:3300/0,v1:172.21.15.46:6789/0] conn(0x7f1c6c07d570 0x7f1c6c10c750 unknown :-1 s=BANNER_CONNECTING pgs=0 cs=0 l=0 rev1=0 crypto rx=0 tx=0 comp rx=0 tx=0)._handle_peer_banner_payload supported=3 required=0
2024-05-09T04:40:05.560 INFO:teuthology.orchestra.run.smithi046.stdout:/usr/bin/ceph: stderr
2024-05-09T04:40:04.229+0000 7f1c6bfff700 1 --2- >> [v2:172.21.15.46:3300/0,v1:172.21.15.46:6789/0] conn(0x7f1c6c07d570 0x7f1c6c10c750 unknown :-1 s=HELLO_CONNECTING pgs=0 cs=0 l=0 rev1=1 crypto rx=0 tx=0 comp rx=0 tx=0).handle_hello peer v2:172.21.15.46:3300/0 says I am v2:172.21.15.46:59340/0 (socket says 172.21.15.46:59340)
2024-05-09T04:40:05.560 INFO:teuthology.orchestra.run.smithi046.stdout:/usr/bin/ceph: stderr
2024-05-09T04:40:04.229+0000 7f1c6bfff700 1 -- 172.21.15.46:0/3471956274 learned_addr learned my addr 172.21.15.46:0/3471956274 (peer_addr_for_me v2:172.21.15.46:0/0)
2024-05-09T04:40:05.561 INFO:teuthology.orchestra.run.smithi046.stdout:/usr/bin/ceph: stderr
2024-05-09T04:40:04.229+0000 7f1c6bfff700 1 -- 172.21.15.46:0/3471956274 --> [v2:172.21.15.46:3300/0,v1:172.21.15.46:6789/0] -- mon_subscribe({config=0+,monmap=0+}) -- 0x7f1c6c10cee0 con 0x7f1c6c07d570
2024-05-09T04:40:05.561 INFO:teuthology.orchestra.run.smithi046.stdout:/usr/bin/ceph: stderr
2024-05-09T04:40:04.229+0000 7f1c6bfff700 1 --2- 172.21.15.46:0/3471956274 >> [v2:172.21.15.46:3300/0,v1:172.21.15.46:6789/0] conn(0x7f1c6c07d570 0x7f1c6c10c750 secure :-1 s=READY pgs=41 cs=0 l=1 rev1=1 crypto rx=0x7f1c5c0098a0 tx=0x7f1c5c009bb0 comp rx=0 tx=0).ready entity=mon.0 client_cookie=15c4406237ad5bf4 server_cookie=0 in_seq=0 out_seq=0
2024-05-09T04:40:05.561 INFO:teuthology.orchestra.run.smithi046.stdout:/usr/bin/ceph: stderr
2024-05-09T04:40:04.229+0000 7f1c6b7fe700 1 -- 172.21.15.46:0/3471956274 <== mon.0 v2:172.21.15.46:3300/0 1 ==== mon_map magic: 0 ==== 205+0+0 (secure 0 0 0) 0x7f1c5c004160 con 0x7f1c6c07d570
2024-05-09T04:40:05.561 INFO:teuthology.orchestra.run.smithi046.stdout:/usr/bin/ceph: stderr
2024-05-09T04:40:04.229+0000 7f1c6b7fe700 1 -- 172.21.15.46:0/3471956274 <== mon.0 v2:172.21.15.46:3300/0 2 ==== config(26 keys) ==== 1070+0+0 (secure 0 0 0) 0x7f1c5c004300 con 0x7f1c6c07d570
2024-05-09T04:40:05.561 INFO:teuthology.orchestra.run.smithi046.stdout:/usr/bin/ceph: stderr
2024-05-09T04:40:04.229+0000 7f1c6b7fe700 1 -- 172.21.15.46:0/3471956274 <== mon.0 v2:172.21.15.46:3300/0 3 ==== mon_map magic: 0 ==== 205+0+0 (secure 0 0 0) 0x7f1c5c011af0 con 0x7f1c6c07d570
2024-05-09T04:40:05.561 INFO:teuthology.orchestra.run.smithi046.stdout:/usr/bin/ceph: stderr
2024-05-09T04:40:04.230+0000 7f1c724d2700 1 -- 172.21.15.46:0/3471956274 >> [v2:172.21.15.46:3300/0,v1:172.21.15.46:6789/0] conn(0x7f1c6c07d570 msgr2=0x7f1c6c10c750 secure :-1 s=STATE_CONNECTION_ESTABLISHED l=1).mark_down
2024-05-09T04:40:05.561 INFO:teuthology.orchestra.run.smithi046.stdout:/usr/bin/ceph: stderr
2024-05-09T04:40:04.230+0000 7f1c724d2700 1 --2- 172.21.15.46:0/3471956274 >> [v2:172.21.15.46:3300/0,v1:172.21.15.46:6789/0] conn(0x7f1c6c07d570 0x7f1c6c10c750 secure :-1 s=READY pgs=41 cs=0 l=1 rev1=1 crypto rx=0x7f1c5c0098a0 tx=0x7f1c5c009bb0 comp rx=0 tx=0).stop
2024-05-09T04:40:05.561 INFO:teuthology.orchestra.run.smithi046.stdout:/usr/bin/ceph: stderr
2024-05-09T04:40:04.230+0000 7f1c724d2700 1 -- 172.21.15.46:0/3471956274 shutdown_connections
2024-05-09T04:40:05.561 INFO:teuthology.orchestra.run.smithi046.stdout:/usr/bin/ceph: stderr
2024-05-09T04:40:04.230+0000 7f1c724d2700 1 --2- 172.21.15.46:0/3471956274 >> [v2:172.21.15.46:3300/0,v1:172.21.15.46:6789/0] conn(0x7f1c6c07d570 0x7f1c6c10c750 unknown :-1 s=CLOSED pgs=41 cs=0 l=1 rev1=1 crypto rx=0 tx=0 comp rx=0 tx=0).stop
2024-05-09T04:40:05.561 INFO:teuthology.orchestra.run.smithi046.stdout:/usr/bin/ceph: stderr
2024-05-09T04:40:04.230+0000 7f1c724d2700 1 -- 172.21.15.46:0/3471956274 >> 172.21.15.46:0/3471956274 conn(0x7f1c6c1041a0 msgr2=0x7f1c6c106610 unknown :-1 s=STATE_NONE l=0).mark_down
2024-05-09T04:40:05.561 INFO:teuthology.orchestra.run.smithi046.stdout:/usr/bin/ceph: stderr
2024-05-09T04:40:04.230+0000 7f1c724d2700 1 -- 172.21.15.46:0/3471956274 shutdown_connections
2024-05-09T04:40:05.561 INFO:teuthology.orchestra.run.smithi046.stdout:/usr/bin/ceph: stderr
2024-05-09T04:40:04.230+0000 7f1c724d2700 1 -- 172.21.15.46:0/3471956274 wait complete.
2024-05-09T04:40:05.561 INFO:teuthology.orchestra.run.smithi046.stdout:/usr/bin/ceph: stderr
2024-05-09T04:40:04.231+0000 7f1c724d2700 1 Processor -- start
2024-05-09T04:40:05.562 INFO:teuthology.orchestra.run.smithi046.stdout:/usr/bin/ceph: stderr
2024-05-09T04:40:04.231+0000 7f1c724d2700 1 -- start start
2024-05-09T04:40:05.562 INFO:teuthology.orchestra.run.smithi046.stdout:/usr/bin/ceph: stderr
2024-05-09T04:40:04.231+0000 7f1c724d2700 1 --2- >> [v2:172.21.15.46:3300/0,v1:172.21.15.46:6789/0] conn(0x7f1c6c07d570 0x7f1c6c19def0 unknown :-1 s=NONE pgs=0 cs=0 l=1 rev1=0 crypto rx=0 tx=0 comp rx=0 tx=0).connect
2024-05-09T04:40:05.562 INFO:teuthology.orchestra.run.smithi046.stdout:/usr/bin/ceph: stderr
2024-05-09T04:40:04.231+0000 7f1c724d2700 1 -- --> [v2:172.21.15.46:3300/0,v1:172.21.15.46:6789/0] -- mon_getmap magic: 0 -- 0x7f1c6c10def0 con 0x7f1c6c07d570
2024-05-09T04:40:05.562 INFO:teuthology.orchestra.run.smithi046.stdout:/usr/bin/ceph: stderr
2024-05-09T04:40:04.231+0000 7f1c6bfff700 1 --2- >> [v2:172.21.15.46:3300/0,v1:172.21.15.46:6789/0] conn(0x7f1c6c07d570 0x7f1c6c19def0 unknown :-1 s=BANNER_CONNECTING pgs=0 cs=0 l=1 rev1=0 crypto rx=0 tx=0 comp rx=0 tx=0)._handle_peer_banner_payload supported=3 required=0
2024-05-09T04:40:05.562 INFO:teuthology.orchestra.run.smithi046.stdout:/usr/bin/ceph: stderr
2024-05-09T04:40:04.231+0000 7f1c6bfff700 1 --2- >> [v2:172.21.15.46:3300/0,v1:172.21.15.46:6789/0] conn(0x7f1c6c07d570 0x7f1c6c19def0 unknown :-1 s=HELLO_CONNECTING pgs=0 cs=0 l=1 rev1=1 crypto rx=0 tx=0 comp rx=0 tx=0).handle_hello peer v2:172.21.15.46:3300/0 says I am v2:172.21.15.46:59352/0 (socket says 172.21.15.46:59352)
2024-05-09T04:40:05.562 INFO:teuthology.orchestra.run.smithi046.stdout:/usr/bin/ceph: stderr
2024-05-09T04:40:04.231+0000 7f1c6bfff700 1 -- 172.21.15.46:0/1968226186 learned_addr learned my addr 172.21.15.46:0/1968226186 (peer_addr_for_me v2:172.21.15.46:0/0)
2024-05-09T04:40:05.562 INFO:teuthology.orchestra.run.smithi046.stdout:/usr/bin/ceph: stderr
2024-05-09T04:40:04.232+0000 7f1c6bfff700 1 -- 172.21.15.46:0/1968226186 --> [v2:172.21.15.46:3300/0,v1:172.21.15.46:6789/0] -- mon_subscribe({config=0+,monmap=0+}) -- 0x7f1c6c19e430 con 0x7f1c6c07d570
2024-05-09T04:40:05.562 INFO:teuthology.orchestra.run.smithi046.stdout:/usr/bin/ceph: stderr
2024-05-09T04:40:04.232+0000 7f1c6bfff700 1 --2- 172.21.15.46:0/1968226186 >> [v2:172.21.15.46:3300/0,v1:172.21.15.46:6789/0] conn(0x7f1c6c07d570 0x7f1c6c19def0 secure :-1 s=READY pgs=42 cs=0 l=1 rev1=1 crypto rx=0x7f1c5c0117b0 tx=0x7f1c5c011b70 comp rx=0 tx=0).ready entity=mon.0 client_cookie=0 server_cookie=0 in_seq=0 out_seq=0
2024-05-09T04:40:05.562 INFO:teuthology.orchestra.run.smithi046.stdout:/usr/bin/ceph: stderr
2024-05-09T04:40:04.232+0000 7f1c69ffb700 1 -- 172.21.15.46:0/1968226186 <== mon.0 v2:172.21.15.46:3300/0 1 ==== mon_map magic: 0 ==== 205+0+0 (secure 0 0 0) 0x7f1c5c003af0 con 0x7f1c6c07d570
2024-05-09T04:40:05.562 INFO:teuthology.orchestra.run.smithi046.stdout:/usr/bin/ceph: stderr
2024-05-09T04:40:04.232+0000 7f1c69ffb700 1 -- 172.21.15.46:0/1968226186 <== mon.0 v2:172.21.15.46:3300/0 2 ==== config(26 keys) ==== 1070+0+0 (secure 0 0 0) 0x7f1c5c020070 con 0x7f1c6c07d570
2024-05-09T04:40:05.562 INFO:teuthology.orchestra.run.smithi046.stdout:/usr/bin/ceph: stderr
2024-05-09T04:40:04.232+0000 7f1c724d2700 1 -- 172.21.15.46:0/1968226186 --> [v2:172.21.15.46:3300/0,v1:172.21.15.46:6789/0] -- mon_subscribe({mgrmap=0+}) -- 0x7f1c6c19e6c0 con 0x7f1c6c07d570
2024-05-09T04:40:05.562 INFO:teuthology.orchestra.run.smithi046.stdout:/usr/bin/ceph: stderr
2024-05-09T04:40:04.232+0000 7f1c69ffb700 1 -- 172.21.15.46:0/1968226186 <== mon.0 v2:172.21.15.46:3300/0 3 ==== mon_map magic: 0 ==== 205+0+0 (secure 0 0 0) 0x7f1c5c019630 con 0x7f1c6c07d570
2024-05-09T04:40:05.562 INFO:teuthology.orchestra.run.smithi046.stdout:/usr/bin/ceph: stderr
2024-05-09T04:40:04.232+0000 7f1c724d2700 1 -- 172.21.15.46:0/1968226186 --> [v2:172.21.15.46:3300/0,v1:172.21.15.46:6789/0] -- mon_subscribe({osdmap=0}) -- 0x7f1c6c1a12d0 con 0x7f1c6c07d570
2024-05-09T04:40:05.562 INFO:teuthology.orchestra.run.smithi046.stdout:/usr/bin/ceph: stderr
2024-05-09T04:40:04.233+0000 7f1c724d2700 1 -- 172.21.15.46:0/1968226186 --> [v2:172.21.15.46:3300/0,v1:172.21.15.46:6789/0] -- mon_command({"prefix": "get_command_descriptions"} v 0) -- 0x7f1c6c064e20 con 0x7f1c6c07d570
2024-05-09T04:40:05.562 INFO:teuthology.orchestra.run.smithi046.stdout:/usr/bin/ceph: stderr
2024-05-09T04:40:04.233+0000 7f1c69ffb700 1 -- 172.21.15.46:0/1968226186 <== mon.0 v2:172.21.15.46:3300/0 4 ==== mgrmap(e 8) ==== 50222+0+0 (secure 0 0 0) 0x7f1c5c0198a0 con 0x7f1c6c07d570
2024-05-09T04:40:05.563 INFO:teuthology.orchestra.run.smithi046.stdout:/usr/bin/ceph: stderr
2024-05-09T04:40:04.233+0000 7f1c69ffb700 1 --2- 172.21.15.46:0/1968226186 >> [v2:172.21.15.46:6800/123334554,v1:172.21.15.46:6801/123334554] conn(0x7f1c5803e4c0 0x7f1c580409d0 unknown :-1 s=NONE pgs=0 cs=0 l=1 rev1=0 crypto rx=0 tx=0 comp rx=0 tx=0).connect
2024-05-09T04:40:05.563 INFO:teuthology.orchestra.run.smithi046.stdout:/usr/bin/ceph: stderr
2024-05-09T04:40:04.233+0000 7f1c69ffb700 1 -- 172.21.15.46:0/1968226186 <== mon.0 v2:172.21.15.46:3300/0 5 ==== osd_map(2..2 src has 1..2) ==== 940+0+0 (secure 0 0 0) 0x7f1c5c053aa0 con 0x7f1c6c07d570
2024-05-09T04:40:05.563 INFO:teuthology.orchestra.run.smithi046.stdout:/usr/bin/ceph: stderr
2024-05-09T04:40:04.233+0000 7f1c63fff700 1 --2- 172.21.15.46:0/1968226186 >> [v2:172.21.15.46:6800/123334554,v1:172.21.15.46:6801/123334554] conn(0x7f1c5803e4c0 0x7f1c580409d0 unknown :-1 s=BANNER_CONNECTING pgs=0 cs=0 l=1 rev1=0 crypto rx=0 tx=0 comp rx=0 tx=0)._handle_peer_banner_payload supported=3 required=0
2024-05-09T04:40:05.563 INFO:teuthology.orchestra.run.smithi046.stdout:/usr/bin/ceph: stderr
2024-05-09T04:40:04.234+0000 7f1c63fff700 1 --2- 172.21.15.46:0/1968226186 >> [v2:172.21.15.46:6800/123334554,v1:172.21.15.46:6801/123334554] conn(0x7f1c5803e4c0 0x7f1c580409d0 secure :-1 s=READY pgs=9 cs=0 l=1 rev1=1 crypto rx=0x7f1c54006fd0 tx=0x7f1c54006e40 comp rx=0 tx=0).ready entity=mgr.14120 client_cookie=0 server_cookie=0 in_seq=0 out_seq=0
2024-05-09T04:40:05.563 INFO:teuthology.orchestra.run.smithi046.stdout:/usr/bin/ceph: stderr
2024-05-09T04:40:04.239+0000 7f1c69ffb700 1 -- 172.21.15.46:0/1968226186 <== mon.0 v2:172.21.15.46:3300/0 6 ==== mon_command_ack([{"prefix": "get_command_descriptions"}]=0 v0) ==== 72+0+191963 (secure 0 0 0) 0x7f1c5c016260 con 0x7f1c6c07d570
2024-05-09T04:40:05.563 INFO:teuthology.orchestra.run.smithi046.stdout:/usr/bin/ceph: stderr
2024-05-09T04:40:04.452+0000 7f1c724d2700 1 -- 172.21.15.46:0/1968226186 --> [v2:172.21.15.46:6800/123334554,v1:172.21.15.46:6801/123334554] -- mgr_command(tid 0: {"prefix": "cephadm generate-key", "target": ["mon-mgr", ""]}) -- 0x7f1c6c105150 con 0x7f1c5803e4c0
2024-05-09T04:40:05.563 INFO:teuthology.orchestra.run.smithi046.stdout:/usr/bin/ceph: stderr
2024-05-09T04:40:04.969+0000 7f1c69ffb700 1 -- 172.21.15.46:0/1968226186 <== mgr.14120 v2:172.21.15.46:6800/123334554 1 ==== mgr_command_reply(tid 0: 0 ) ==== 8+0+0 (secure 0 0 0) 0x7f1c6c105150 con 0x7f1c5803e4c0
2024-05-09T04:40:05.563 INFO:teuthology.orchestra.run.smithi046.stdout:/usr/bin/ceph: stderr
2024-05-09T04:40:04.971+0000 7f1c724d2700 1 -- 172.21.15.46:0/1968226186 >> [v2:172.21.15.46:6800/123334554,v1:172.21.15.46:6801/123334554] conn(0x7f1c5803e4c0 msgr2=0x7f1c580409d0 secure :-1 s=STATE_CONNECTION_ESTABLISHED l=1).mark_down
2024-05-09T04:40:05.563 INFO:teuthology.orchestra.run.smithi046.stdout:/usr/bin/ceph: stderr
2024-05-09T04:40:04.971+0000 7f1c724d2700 1 --2- 172.21.15.46:0/1968226186 >> [v2:172.21.15.46:6800/123334554,v1:172.21.15.46:6801/123334554] conn(0x7f1c5803e4c0 0x7f1c580409d0 secure :-1 s=READY pgs=9 cs=0 l=1 rev1=1 crypto rx=0x7f1c54006fd0 tx=0x7f1c54006e40 comp rx=0 tx=0).stop
2024-05-09T04:40:05.563 INFO:teuthology.orchestra.run.smithi046.stdout:/usr/bin/ceph: stderr
2024-05-09T04:40:04.971+0000 7f1c724d2700 1 -- 172.21.15.46:0/1968226186 >> [v2:172.21.15.46:3300/0,v1:172.21.15.46:6789/0] conn(0x7f1c6c07d570 msgr2=0x7f1c6c19def0 secure :-1 s=STATE_CONNECTION_ESTABLISHED l=1).mark_down
2024-05-09T04:40:05.563 INFO:teuthology.orchestra.run.smithi046.stdout:/usr/bin/ceph: stderr
2024-05-09T04:40:04.971+0000 7f1c724d2700 1 --2- 172.21.15.46:0/1968226186 >> [v2:172.21.15.46:3300/0,v1:172.21.15.46:6789/0] conn(0x7f1c6c07d570 0x7f1c6c19def0 secure :-1 s=READY pgs=42 cs=0 l=1 rev1=1 crypto rx=0x7f1c5c0117b0 tx=0x7f1c5c011b70 comp rx=0 tx=0).stop
2024-05-09T04:40:05.563 INFO:teuthology.orchestra.run.smithi046.stdout:/usr/bin/ceph: stderr
2024-05-09T04:40:04.971+0000 7f1c724d2700 1 -- 172.21.15.46:0/1968226186 shutdown_connections
2024-05-09T04:40:05.563 INFO:teuthology.orchestra.run.smithi046.stdout:/usr/bin/ceph: stderr
2024-05-09T04:40:04.971+0000 7f1c724d2700 1 --2- 172.21.15.46:0/1968226186 >> [v2:172.21.15.46:6800/123334554,v1:172.21.15.46:6801/123334554] conn(0x7f1c5803e4c0 0x7f1c580409d0 unknown :-1 s=CLOSED pgs=9 cs=0 l=1 rev1=1 crypto rx=0 tx=0 comp rx=0 tx=0).stop
2024-05-09T04:40:05.563 INFO:teuthology.orchestra.run.smithi046.stdout:/usr/bin/ceph: stderr
2024-05-09T04:40:04.971+0000 7f1c724d2700 1 --2- 172.21.15.46:0/1968226186 >> [v2:172.21.15.46:3300/0,v1:172.21.15.46:6789/0] conn(0x7f1c6c07d570 0x7f1c6c19def0 unknown :-1 s=CLOSED pgs=42 cs=0 l=1 rev1=1 crypto rx=0 tx=0 comp rx=0 tx=0).stop
2024-05-09T04:40:05.564 INFO:teuthology.orchestra.run.smithi046.stdout:/usr/bin/ceph: stderr
2024-05-09T04:40:04.971+0000 7f1c724d2700 1 -- 172.21.15.46:0/1968226186 >> 172.21.15.46:0/1968226186 conn(0x7f1c6c1041a0 msgr2=0x7f1c6c104a20 unknown :-1 s=STATE_NONE l=0).mark_down
2024-05-09T04:40:05.564 INFO:teuthology.orchestra.run.smithi046.stdout:/usr/bin/ceph: stderr
2024-05-09T04:40:04.971+0000 7f1c724d2700 1 -- 172.21.15.46:0/1968226186 shutdown_connections
2024-05-09T04:40:05.564 INFO:teuthology.orchestra.run.smithi046.stdout:/usr/bin/ceph: stderr
2024-05-09T04:40:04.971+0000 7f1c724d2700 1 -- 172.21.15.46:0/1968226186 wait complete.
2024-05-09T04:40:06.213 INFO:journalctl@ceph.mon.a.smithi046.stdout:May 09 04:40:05 smithi046 ceph-mon[30136]: from='client.14136 -' entity='client.admin' cmd=[{"prefix": "cephadm generate-key", "target": ["mon-mgr", ""]}]: dispatch
2024-05-09T04:40:06.213 INFO:journalctl@ceph.mon.a.smithi046.stdout:May 09 04:40:05 smithi046 ceph-mon[30136]: Generating ssh key...
2024-05-09T04:40:06.213 INFO:journalctl@ceph.mon.a.smithi046.stdout:May 09 04:40:05 smithi046 ceph-mon[30136]: from='mgr.14120 172.21.15.46:0/3892777608' entity='mgr.x'
2024-05-09T04:40:06.213 INFO:journalctl@ceph.mon.a.smithi046.stdout:May 09 04:40:05 smithi046 ceph-mon[30136]: from='mgr.14120 172.21.15.46:0/3892777608' entity='mgr.x'
2024-05-09T04:40:06.742 INFO:teuthology.orchestra.run.smithi046.stdout:/usr/bin/ceph: stdout ssh-rsa AAAAB3NzaC1yc2EAAAADAQABAAABgQCk4Fe4IpocKCoHeDQCM+pC9CSjPYdzd9hrME1fWXf++9cR05pC9ZB1WAP5uC0wfyrpLrW8aiGzI7nY+jRPOTu135ofr2ikGCUDNdYhNtbW8XCAkENZXqqTm368KeEJ3Rz1Ou1avaUfwVkfECh8MDiZbpO9NPt0IQzp9zBeHAy+cF3bn1lrEWVmXmSngyVXWsElC0ptQdv62ZjouiOAd6hyvSjh3i662wwtx0uaNwl87OAkkg84j8b6K7GsojWd68NTF82/WDN0NA+BqN4nth+gQwee858X8xexmTsBvdEPbBxrCuf8J5AllzIOEl5AdUMMZdpBc3yA9UdY0omtZeja/dOaTQsnFqeHrwsjnmkvfC70PcHWo8jkw6k0Ua9AK2dV7hcoVHxsgvqIxMz05Z50i5P+lhCPoDPXaavR1cnmuX7LIGITvBqi6M3sb9/lrPIqJ+m0pFhB5AhKovscrLZXPxDUavTxPf2dSbx/vwTnVnFaxwcm5pTtggV0J7dZeXc= ceph-ecf9ae2c-0dbd-11ef-bc97-c7b262605968
2024-05-09T04:40:06.742 INFO:teuthology.orchestra.run.smithi046.stdout:/usr/bin/ceph: stderr
2024-05-09T04:40:05.984+0000 7f401b093700 1 Processor -- start
2024-05-09T04:40:06.742 INFO:teuthology.orchestra.run.smithi046.stdout:/usr/bin/ceph: stderr
2024-05-09T04:40:05.984+0000 7f401b093700 1 -- start start
2024-05-09T04:40:06.742 INFO:teuthology.orchestra.run.smithi046.stdout:/usr/bin/ceph: stderr
2024-05-09T04:40:05.984+0000 7f401b093700 1 --2- >> [v2:172.21.15.46:3300/0,v1:172.21.15.46:6789/0] conn(0x7f4014108b00 0x7f4014108f10 unknown :-1 s=NONE pgs=0 cs=0 l=0 rev1=0 crypto rx=0 tx=0 comp rx=0 tx=0).connect
2024-05-09T04:40:06.743 INFO:teuthology.orchestra.run.smithi046.stdout:/usr/bin/ceph: stderr
2024-05-09T04:40:05.984+0000 7f401b093700 1 -- --> [v2:172.21.15.46:3300/0,v1:172.21.15.46:6789/0] -- mon_getmap magic: 0 -- 0x7f4014109500 con 0x7f4014108b00
2024-05-09T04:40:06.743 INFO:teuthology.orchestra.run.smithi046.stdout:/usr/bin/ceph: stderr
2024-05-09T04:40:05.984+0000 7f4018e2f700 1 --2- >> [v2:172.21.15.46:3300/0,v1:172.21.15.46:6789/0] conn(0x7f4014108b00 0x7f4014108f10 unknown :-1 s=BANNER_CONNECTING pgs=0 cs=0 l=0 rev1=0 crypto rx=0 tx=0 comp rx=0 tx=0)._handle_peer_banner_payload supported=3 required=0
2024-05-09T04:40:06.743 INFO:teuthology.orchestra.run.smithi046.stdout:/usr/bin/ceph: stderr
2024-05-09T04:40:05.984+0000 7f4018e2f700 1 --2- >> [v2:172.21.15.46:3300/0,v1:172.21.15.46:6789/0] conn(0x7f4014108b00 0x7f4014108f10 unknown :-1 s=HELLO_CONNECTING pgs=0 cs=0 l=0 rev1=1 crypto rx=0 tx=0 comp rx=0 tx=0).handle_hello peer v2:172.21.15.46:3300/0 says I am v2:172.21.15.46:59364/0 (socket says 172.21.15.46:59364)
2024-05-09T04:40:06.743 INFO:teuthology.orchestra.run.smithi046.stdout:/usr/bin/ceph: stderr
2024-05-09T04:40:05.984+0000 7f4018e2f700 1 -- 172.21.15.46:0/114605708 learned_addr learned my addr 172.21.15.46:0/114605708 (peer_addr_for_me v2:172.21.15.46:0/0)
2024-05-09T04:40:06.743 INFO:teuthology.orchestra.run.smithi046.stdout:/usr/bin/ceph: stderr
2024-05-09T04:40:05.985+0000 7f4018e2f700 1 -- 172.21.15.46:0/114605708 --> [v2:172.21.15.46:3300/0,v1:172.21.15.46:6789/0] -- mon_subscribe({config=0+,monmap=0+}) -- 0x7f4014109c30 con 0x7f4014108b00
2024-05-09T04:40:06.743 INFO:teuthology.orchestra.run.smithi046.stdout:/usr/bin/ceph: stderr
2024-05-09T04:40:05.985+0000 7f4018e2f700 1 --2- 172.21.15.46:0/114605708 >> [v2:172.21.15.46:3300/0,v1:172.21.15.46:6789/0] conn(0x7f4014108b00 0x7f4014108f10 secure :-1 s=READY pgs=43 cs=0 l=1 rev1=1 crypto rx=0x7f40080098a0 tx=0x7f4008009bb0 comp rx=0 tx=0).ready entity=mon.0 client_cookie=d5134bc6775de5ee server_cookie=0 in_seq=0 out_seq=0
2024-05-09T04:40:06.743 INFO:teuthology.orchestra.run.smithi046.stdout:/usr/bin/ceph: stderr
2024-05-09T04:40:05.985+0000 7f40137fe700 1 -- 172.21.15.46:0/114605708 <== mon.0 v2:172.21.15.46:3300/0 1 ==== mon_map magic: 0 ==== 205+0+0 (secure 0 0 0) 0x7f4008004160 con 0x7f4014108b00
2024-05-09T04:40:06.743 INFO:teuthology.orchestra.run.smithi046.stdout:/usr/bin/ceph: stderr
2024-05-09T04:40:05.985+0000 7f40137fe700 1 -- 172.21.15.46:0/114605708 <== mon.0 v2:172.21.15.46:3300/0 2 ==== config(26 keys) ==== 1070+0+0 (secure 0 0 0) 0x7f4008004300 con 0x7f4014108b00
2024-05-09T04:40:06.743 INFO:teuthology.orchestra.run.smithi046.stdout:/usr/bin/ceph: stderr
2024-05-09T04:40:05.985+0000 7f40137fe700 1 -- 172.21.15.46:0/114605708 <== mon.0 v2:172.21.15.46:3300/0 3 ==== mon_map magic: 0 ==== 205+0+0 (secure 0 0 0) 0x7f4008011af0 con 0x7f4014108b00
2024-05-09T04:40:06.743 INFO:teuthology.orchestra.run.smithi046.stdout:/usr/bin/ceph: stderr
2024-05-09T04:40:05.986+0000 7f401b093700 1 -- 172.21.15.46:0/114605708 >> [v2:172.21.15.46:3300/0,v1:172.21.15.46:6789/0] conn(0x7f4014108b00 msgr2=0x7f4014108f10 secure :-1 s=STATE_CONNECTION_ESTABLISHED l=1).mark_down
2024-05-09T04:40:06.744 INFO:teuthology.orchestra.run.smithi046.stdout:/usr/bin/ceph: stderr
2024-05-09T04:40:05.986+0000 7f401b093700 1 --2- 172.21.15.46:0/114605708 >> [v2:172.21.15.46:3300/0,v1:172.21.15.46:6789/0] conn(0x7f4014108b00 0x7f4014108f10 secure :-1 s=READY pgs=43 cs=0 l=1 rev1=1 crypto rx=0x7f40080098a0 tx=0x7f4008009bb0 comp rx=0 tx=0).stop
2024-05-09T04:40:06.744 INFO:teuthology.orchestra.run.smithi046.stdout:/usr/bin/ceph: stderr
2024-05-09T04:40:05.986+0000 7f401b093700 1 -- 172.21.15.46:0/114605708 shutdown_connections
2024-05-09T04:40:06.744 INFO:teuthology.orchestra.run.smithi046.stdout:/usr/bin/ceph: stderr
2024-05-09T04:40:05.986+0000 7f401b093700 1 --2- 172.21.15.46:0/114605708 >> [v2:172.21.15.46:3300/0,v1:172.21.15.46:6789/0] conn(0x7f4014108b00 0x7f4014108f10 unknown :-1 s=CLOSED pgs=43 cs=0 l=1 rev1=1 crypto rx=0 tx=0 comp rx=0 tx=0).stop
2024-05-09T04:40:06.744 INFO:teuthology.orchestra.run.smithi046.stdout:/usr/bin/ceph: stderr
2024-05-09T04:40:05.986+0000 7f401b093700 1 -- 172.21.15.46:0/114605708 >> 172.21.15.46:0/114605708 conn(0x7f4014104140 msgr2=0x7f40141065f0 unknown :-1 s=STATE_NONE l=0).mark_down
2024-05-09T04:40:06.744 INFO:teuthology.orchestra.run.smithi046.stdout:/usr/bin/ceph: stderr
2024-05-09T04:40:05.986+0000 7f401b093700 1 -- 172.21.15.46:0/114605708 shutdown_connections
2024-05-09T04:40:06.744 INFO:teuthology.orchestra.run.smithi046.stdout:/usr/bin/ceph: stderr
2024-05-09T04:40:05.986+0000 7f401b093700 1 -- 172.21.15.46:0/114605708 wait complete.
2024-05-09T04:40:06.744 INFO:teuthology.orchestra.run.smithi046.stdout:/usr/bin/ceph: stderr
2024-05-09T04:40:05.987+0000 7f401b093700 1 Processor -- start
2024-05-09T04:40:06.744 INFO:teuthology.orchestra.run.smithi046.stdout:/usr/bin/ceph: stderr
2024-05-09T04:40:05.987+0000 7f401b093700 1 -- start start
2024-05-09T04:40:06.744 INFO:teuthology.orchestra.run.smithi046.stdout:/usr/bin/ceph: stderr
2024-05-09T04:40:05.987+0000 7f401b093700 1 --2- >> [v2:172.21.15.46:3300/0,v1:172.21.15.46:6789/0] conn(0x7f4014108b00 0x7f401407d250 unknown :-1 s=NONE pgs=0 cs=0 l=1 rev1=0 crypto rx=0 tx=0 comp rx=0 tx=0).connect
2024-05-09T04:40:06.744 INFO:teuthology.orchestra.run.smithi046.stdout:/usr/bin/ceph: stderr
2024-05-09T04:40:05.987+0000 7f401b093700 1 -- --> [v2:172.21.15.46:3300/0,v1:172.21.15.46:6789/0] -- mon_getmap magic: 0 -- 0x7f401410cfe0 con 0x7f4014108b00
2024-05-09T04:40:06.744 INFO:teuthology.orchestra.run.smithi046.stdout:/usr/bin/ceph: stderr
2024-05-09T04:40:05.987+0000 7f4018e2f700 1 --2- >> [v2:172.21.15.46:3300/0,v1:172.21.15.46:6789/0] conn(0x7f4014108b00 0x7f401407d250 unknown :-1 s=BANNER_CONNECTING pgs=0 cs=0 l=1 rev1=0 crypto rx=0 tx=0 comp rx=0 tx=0)._handle_peer_banner_payload supported=3 required=0
2024-05-09T04:40:06.745 INFO:teuthology.orchestra.run.smithi046.stdout:/usr/bin/ceph: stderr
2024-05-09T04:40:05.987+0000 7f4018e2f700 1 --2- >> [v2:172.21.15.46:3300/0,v1:172.21.15.46:6789/0] conn(0x7f4014108b00 0x7f401407d250 unknown :-1 s=HELLO_CONNECTING pgs=0 cs=0 l=1 rev1=1 crypto rx=0 tx=0 comp rx=0 tx=0).handle_hello peer v2:172.21.15.46:3300/0 says I am v2:172.21.15.46:59368/0 (socket says 172.21.15.46:59368)
2024-05-09T04:40:06.745 INFO:teuthology.orchestra.run.smithi046.stdout:/usr/bin/ceph: stderr
2024-05-09T04:40:05.987+0000 7f4018e2f700 1 -- 172.21.15.46:0/1672867343 learned_addr learned my addr 172.21.15.46:0/1672867343 (peer_addr_for_me v2:172.21.15.46:0/0)
2024-05-09T04:40:06.745 INFO:teuthology.orchestra.run.smithi046.stdout:/usr/bin/ceph: stderr
2024-05-09T04:40:05.987+0000 7f4018e2f700 1 -- 172.21.15.46:0/1672867343 --> [v2:172.21.15.46:3300/0,v1:172.21.15.46:6789/0] -- mon_subscribe({config=0+,monmap=0+}) -- 0x7f401407d790 con 0x7f4014108b00
2024-05-09T04:40:06.745 INFO:teuthology.orchestra.run.smithi046.stdout:/usr/bin/ceph: stderr
2024-05-09T04:40:05.987+0000 7f4018e2f700 1 --2- 172.21.15.46:0/1672867343 >> [v2:172.21.15.46:3300/0,v1:172.21.15.46:6789/0] conn(0x7f4014108b00 0x7f401407d250 secure :-1 s=READY pgs=44 cs=0 l=1 rev1=1 crypto rx=0x7f4008009fb0 tx=0x7f4008011890 comp rx=0 tx=0).ready entity=mon.0 client_cookie=0 server_cookie=0 in_seq=0 out_seq=0
2024-05-09T04:40:06.745 INFO:teuthology.orchestra.run.smithi046.stdout:/usr/bin/ceph: stderr
2024-05-09T04:40:05.988+0000 7f4011ffb700 1 -- 172.21.15.46:0/1672867343 <== mon.0 v2:172.21.15.46:3300/0 1 ==== mon_map magic: 0 ==== 205+0+0 (secure 0 0 0) 0x7f40080036a0 con 0x7f4014108b00
2024-05-09T04:40:06.745 INFO:teuthology.orchestra.run.smithi046.stdout:/usr/bin/ceph: stderr
