2024-05-09T04:40:14.411+0000 7f3637dd8700 1 -- 172.21.15.46:0/3667045914 --> [v2:172.21.15.46:3300/0,v1:172.21.15.46:6789/0] -- mon_subscribe({osdmap=0}) -- 0x7f36301a3530 con 0x7f363007f7f0
2024-05-09T04:40:15.451 INFO:teuthology.orchestra.run.smithi046.stdout:/usr/bin/ceph: stderr
2024-05-09T04:40:14.412+0000 7f3626ffd700 1 -- 172.21.15.46:0/3667045914 <== mon.0 v2:172.21.15.46:3300/0 4 ==== mgrmap(e 8) ==== 50222+0+0 (secure 0 0 0) 0x7f362c0198a0 con 0x7f363007f7f0
2024-05-09T04:40:15.451 INFO:teuthology.orchestra.run.smithi046.stdout:/usr/bin/ceph: stderr
2024-05-09T04:40:14.412+0000 7f3626ffd700 1 --2- 172.21.15.46:0/3667045914 >> [v2:172.21.15.46:6800/123334554,v1:172.21.15.46:6801/123334554] conn(0x7f361c03e4c0 0x7f361c0409d0 unknown :-1 s=NONE pgs=0 cs=0 l=1 rev1=0 crypto rx=0 tx=0 comp rx=0 tx=0).connect
2024-05-09T04:40:15.451 INFO:teuthology.orchestra.run.smithi046.stdout:/usr/bin/ceph: stderr
2024-05-09T04:40:14.412+0000 7f3637dd8700 1 -- 172.21.15.46:0/3667045914 --> [v2:172.21.15.46:3300/0,v1:172.21.15.46:6789/0] -- mon_command({"prefix": "get_command_descriptions"} v 0) -- 0x7f3630064e20 con 0x7f363007f7f0
2024-05-09T04:40:15.451 INFO:teuthology.orchestra.run.smithi046.stdout:/usr/bin/ceph: stderr
2024-05-09T04:40:14.412+0000 7f3626ffd700 1 -- 172.21.15.46:0/3667045914 <== mon.0 v2:172.21.15.46:3300/0 5 ==== osd_map(2..2 src has 1..2) ==== 940+0+0 (secure 0 0 0) 0x7f362c01a9c0 con 0x7f363007f7f0
2024-05-09T04:40:15.451 INFO:teuthology.orchestra.run.smithi046.stdout:/usr/bin/ceph: stderr
2024-05-09T04:40:14.412+0000 7f3635373700 1 --2- 172.21.15.46:0/3667045914 >> [v2:172.21.15.46:6800/123334554,v1:172.21.15.46:6801/123334554] conn(0x7f361c03e4c0 0x7f361c0409d0 unknown :-1 s=BANNER_CONNECTING pgs=0 cs=0 l=1 rev1=0 crypto rx=0 tx=0 comp rx=0 tx=0)._handle_peer_banner_payload supported=3 required=0
2024-05-09T04:40:15.451 INFO:teuthology.orchestra.run.smithi046.stdout:/usr/bin/ceph: stderr
2024-05-09T04:40:14.413+0000 7f3635373700 1 --2- 172.21.15.46:0/3667045914 >> [v2:172.21.15.46:6800/123334554,v1:172.21.15.46:6801/123334554] conn(0x7f361c03e4c0 0x7f361c0409d0 secure :-1 s=READY pgs=13 cs=0 l=1 rev1=1 crypto rx=0x7f3620006fd0 tx=0x7f3620006e40 comp rx=0 tx=0).ready entity=mgr.14120 client_cookie=0 server_cookie=0 in_seq=0 out_seq=0
2024-05-09T04:40:15.451 INFO:teuthology.orchestra.run.smithi046.stdout:/usr/bin/ceph: stderr
2024-05-09T04:40:14.418+0000 7f3626ffd700 1 -- 172.21.15.46:0/3667045914 <== mon.0 v2:172.21.15.46:3300/0 6 ==== mon_command_ack([{"prefix": "get_command_descriptions"}]=0 v0) ==== 72+0+191963 (secure 0 0 0) 0x7f362c016260 con 0x7f363007f7f0
2024-05-09T04:40:15.451 INFO:teuthology.orchestra.run.smithi046.stdout:/usr/bin/ceph: stderr
2024-05-09T04:40:14.650+0000 7f3637dd8700 1 -- 172.21.15.46:0/3667045914 --> [v2:172.21.15.46:6800/123334554,v1:172.21.15.46:6801/123334554] -- mgr_command(tid 0: {"prefix": "orch apply", "service_type": "mgr", "unmanaged": true, "target": ["mon-mgr", ""]}) -- 0x7f3630106350 con 0x7f361c03e4c0
2024-05-09T04:40:15.451 INFO:teuthology.orchestra.run.smithi046.stdout:/usr/bin/ceph: stderr
2024-05-09T04:40:14.655+0000 7f3626ffd700 1 -- 172.21.15.46:0/3667045914 <== mgr.14120 v2:172.21.15.46:6800/123334554 1 ==== mgr_command_reply(tid 0: 0 ) ==== 8+0+24 (secure 0 0 0) 0x7f3630106350 con 0x7f361c03e4c0
2024-05-09T04:40:15.451 INFO:teuthology.orchestra.run.smithi046.stdout:/usr/bin/ceph: stderr
2024-05-09T04:40:14.657+0000 7f3637dd8700 1 -- 172.21.15.46:0/3667045914 >> [v2:172.21.15.46:6800/123334554,v1:172.21.15.46:6801/123334554] conn(0x7f361c03e4c0 msgr2=0x7f361c0409d0 secure :-1 s=STATE_CONNECTION_ESTABLISHED l=1).mark_down
2024-05-09T04:40:15.451 INFO:teuthology.orchestra.run.smithi046.stdout:/usr/bin/ceph: stderr
2024-05-09T04:40:14.657+0000 7f3637dd8700 1 --2- 172.21.15.46:0/3667045914 >> [v2:172.21.15.46:6800/123334554,v1:172.21.15.46:6801/123334554] conn(0x7f361c03e4c0 0x7f361c0409d0 secure :-1 s=READY pgs=13 cs=0 l=1 rev1=1 crypto rx=0x7f3620006fd0 tx=0x7f3620006e40 comp rx=0 tx=0).stop
2024-05-09T04:40:15.451 INFO:teuthology.orchestra.run.smithi046.stdout:/usr/bin/ceph: stderr
2024-05-09T04:40:14.657+0000 7f3637dd8700 1 -- 172.21.15.46:0/3667045914 >> [v2:172.21.15.46:3300/0,v1:172.21.15.46:6789/0] conn(0x7f363007f7f0 msgr2=0x7f36301a0150 secure :-1 s=STATE_CONNECTION_ESTABLISHED l=1).mark_down
2024-05-09T04:40:15.451 INFO:teuthology.orchestra.run.smithi046.stdout:/usr/bin/ceph: stderr
2024-05-09T04:40:14.657+0000 7f3637dd8700 1 --2- 172.21.15.46:0/3667045914 >> [v2:172.21.15.46:3300/0,v1:172.21.15.46:6789/0] conn(0x7f363007f7f0 0x7f36301a0150 secure :-1 s=READY pgs=50 cs=0 l=1 rev1=1 crypto rx=0x7f362c0117b0 tx=0x7f362c011b70 comp rx=0 tx=0).stop
2024-05-09T04:40:15.452 INFO:teuthology.orchestra.run.smithi046.stdout:/usr/bin/ceph: stderr
2024-05-09T04:40:14.657+0000 7f3637dd8700 1 -- 172.21.15.46:0/3667045914 shutdown_connections
2024-05-09T04:40:15.452 INFO:teuthology.orchestra.run.smithi046.stdout:/usr/bin/ceph: stderr
2024-05-09T04:40:14.657+0000 7f3637dd8700 1 --2- 172.21.15.46:0/3667045914 >> [v2:172.21.15.46:6800/123334554,v1:172.21.15.46:6801/123334554] conn(0x7f361c03e4c0 0x7f361c0409d0 unknown :-1 s=CLOSED pgs=13 cs=0 l=1 rev1=1 crypto rx=0 tx=0 comp rx=0 tx=0).stop
2024-05-09T04:40:15.452 INFO:teuthology.orchestra.run.smithi046.stdout:/usr/bin/ceph: stderr
2024-05-09T04:40:14.657+0000 7f3637dd8700 1 --2- 172.21.15.46:0/3667045914 >> [v2:172.21.15.46:3300/0,v1:172.21.15.46:6789/0] conn(0x7f363007f7f0 0x7f36301a0150 unknown :-1 s=CLOSED pgs=50 cs=0 l=1 rev1=1 crypto rx=0 tx=0 comp rx=0 tx=0).stop
2024-05-09T04:40:15.452 INFO:teuthology.orchestra.run.smithi046.stdout:/usr/bin/ceph: stderr
2024-05-09T04:40:14.657+0000 7f3637dd8700 1 -- 172.21.15.46:0/3667045914 >> 172.21.15.46:0/3667045914 conn(0x7f3630105270 msgr2=0x7f3630105bc0 unknown :-1 s=STATE_NONE l=0).mark_down
2024-05-09T04:40:15.452 INFO:teuthology.orchestra.run.smithi046.stdout:/usr/bin/ceph: stderr
2024-05-09T04:40:14.657+0000 7f3637dd8700 1 -- 172.21.15.46:0/3667045914 shutdown_connections
2024-05-09T04:40:15.452 INFO:teuthology.orchestra.run.smithi046.stdout:/usr/bin/ceph: stderr
2024-05-09T04:40:14.657+0000 7f3637dd8700 1 -- 172.21.15.46:0/3667045914 wait complete.
2024-05-09T04:40:15.691 INFO:journalctl@ceph.mon.a.smithi046.stdout:May 09 04:40:15 smithi046 ceph-mon[30136]: from='client.14144 -' entity='client.admin' cmd=[{"prefix": "orch apply", "service_type": "mgr", "unmanaged": true, "target": ["mon-mgr", ""]}]: dispatch
2024-05-09T04:40:15.691 INFO:journalctl@ceph.mon.a.smithi046.stdout:May 09 04:40:15 smithi046 ceph-mon[30136]: Saving service mgr spec with placement count:2
2024-05-09T04:40:15.691 INFO:journalctl@ceph.mon.a.smithi046.stdout:May 09 04:40:15 smithi046 ceph-mon[30136]: from='mgr.14120 172.21.15.46:0/3892777608' entity='mgr.x'
2024-05-09T04:40:15.691 INFO:journalctl@ceph.mon.a.smithi046.stdout:May 09 04:40:15 smithi046 ceph-mon[30136]: from='mgr.14120 172.21.15.46:0/3892777608' entity='mgr.x'
2024-05-09T04:40:15.691 INFO:journalctl@ceph.mon.a.smithi046.stdout:May 09 04:40:15 smithi046 ceph-mon[30136]: from='mgr.14120 172.21.15.46:0/3892777608' entity='mgr.x'
2024-05-09T04:40:17.158 INFO:teuthology.orchestra.run.smithi046.stdout:/usr/bin/ceph: stderr
2024-05-09T04:40:15.904+0000 7f1705858700 1 Processor -- start
2024-05-09T04:40:17.158 INFO:teuthology.orchestra.run.smithi046.stdout:/usr/bin/ceph: stderr
2024-05-09T04:40:15.904+0000 7f1705858700 1 -- start start
2024-05-09T04:40:17.158 INFO:teuthology.orchestra.run.smithi046.stdout:/usr/bin/ceph: stderr
2024-05-09T04:40:15.905+0000 7f1705858700 1 --2- >> [v2:172.21.15.46:3300/0,v1:172.21.15.46:6789/0] conn(0x7f1700109c00 0x7f170010a010 unknown :-1 s=NONE pgs=0 cs=0 l=0 rev1=0 crypto rx=0 tx=0 comp rx=0 tx=0).connect
2024-05-09T04:40:17.158 INFO:teuthology.orchestra.run.smithi046.stdout:/usr/bin/ceph: stderr
2024-05-09T04:40:15.905+0000 7f1705858700 1 -- --> [v2:172.21.15.46:3300/0,v1:172.21.15.46:6789/0] -- mon_getmap magic: 0 -- 0x7f170010a600 con 0x7f1700109c00
2024-05-09T04:40:17.158 INFO:teuthology.orchestra.run.smithi046.stdout:/usr/bin/ceph: stderr
2024-05-09T04:40:15.905+0000 7f16feffd700 1 --2- >> [v2:172.21.15.46:3300/0,v1:172.21.15.46:6789/0] conn(0x7f1700109c00 0x7f170010a010 unknown :-1 s=BANNER_CONNECTING pgs=0 cs=0 l=0 rev1=0 crypto rx=0 tx=0 comp rx=0 tx=0)._handle_peer_banner_payload supported=3 required=0
2024-05-09T04:40:17.158 INFO:teuthology.orchestra.run.smithi046.stdout:/usr/bin/ceph: stderr
2024-05-09T04:40:15.905+0000 7f16feffd700 1 --2- >> [v2:172.21.15.46:3300/0,v1:172.21.15.46:6789/0] conn(0x7f1700109c00 0x7f170010a010 unknown :-1 s=HELLO_CONNECTING pgs=0 cs=0 l=0 rev1=1 crypto rx=0 tx=0 comp rx=0 tx=0).handle_hello peer v2:172.21.15.46:3300/0 says I am v2:172.21.15.46:49268/0 (socket says 172.21.15.46:49268)
2024-05-09T04:40:17.158 INFO:teuthology.orchestra.run.smithi046.stdout:/usr/bin/ceph: stderr
2024-05-09T04:40:15.905+0000 7f16feffd700 1 -- 172.21.15.46:0/2078639770 learned_addr learned my addr 172.21.15.46:0/2078639770 (peer_addr_for_me v2:172.21.15.46:0/0)
2024-05-09T04:40:17.158 INFO:teuthology.orchestra.run.smithi046.stdout:/usr/bin/ceph: stderr
2024-05-09T04:40:15.905+0000 7f16feffd700 1 -- 172.21.15.46:0/2078639770 --> [v2:172.21.15.46:3300/0,v1:172.21.15.46:6789/0] -- mon_subscribe({config=0+,monmap=0+}) -- 0x7f170010ad30 con 0x7f1700109c00
2024-05-09T04:40:17.159 INFO:teuthology.orchestra.run.smithi046.stdout:/usr/bin/ceph: stderr
2024-05-09T04:40:15.905+0000 7f16feffd700 1 --2- 172.21.15.46:0/2078639770 >> [v2:172.21.15.46:3300/0,v1:172.21.15.46:6789/0] conn(0x7f1700109c00 0x7f170010a010 secure :-1 s=READY pgs=51 cs=0 l=1 rev1=1 crypto rx=0x7f16f00098a0 tx=0x7f16f0009bb0 comp rx=0 tx=0).ready entity=mon.0 client_cookie=d64efa8e5d0ec502 server_cookie=0 in_seq=0 out_seq=0
2024-05-09T04:40:17.159 INFO:teuthology.orchestra.run.smithi046.stdout:/usr/bin/ceph: stderr
2024-05-09T04:40:15.906+0000 7f16fdffb700 1 -- 172.21.15.46:0/2078639770 <== mon.0 v2:172.21.15.46:3300/0 1 ==== mon_map magic: 0 ==== 205+0+0 (secure 0 0 0) 0x7f16f0004160 con 0x7f1700109c00
2024-05-09T04:40:17.159 INFO:teuthology.orchestra.run.smithi046.stdout:/usr/bin/ceph: stderr
2024-05-09T04:40:15.906+0000 7f16fdffb700 1 -- 172.21.15.46:0/2078639770 <== mon.0 v2:172.21.15.46:3300/0 2 ==== config(26 keys) ==== 1101+0+0 (secure 0 0 0) 0x7f16f0004300 con 0x7f1700109c00
2024-05-09T04:40:17.159 INFO:teuthology.orchestra.run.smithi046.stdout:/usr/bin/ceph: stderr
2024-05-09T04:40:15.906+0000 7f16fdffb700 1 -- 172.21.15.46:0/2078639770 <== mon.0 v2:172.21.15.46:3300/0 3 ==== mon_map magic: 0 ==== 205+0+0 (secure 0 0 0) 0x7f16f0011a20 con 0x7f1700109c00
2024-05-09T04:40:17.159 INFO:teuthology.orchestra.run.smithi046.stdout:/usr/bin/ceph: stderr
2024-05-09T04:40:15.907+0000 7f1705858700 1 -- 172.21.15.46:0/2078639770 >> [v2:172.21.15.46:3300/0,v1:172.21.15.46:6789/0] conn(0x7f1700109c00 msgr2=0x7f170010a010 secure :-1 s=STATE_CONNECTION_ESTABLISHED l=1).mark_down
2024-05-09T04:40:17.159 INFO:teuthology.orchestra.run.smithi046.stdout:/usr/bin/ceph: stderr
2024-05-09T04:40:15.907+0000 7f1705858700 1 --2- 172.21.15.46:0/2078639770 >> [v2:172.21.15.46:3300/0,v1:172.21.15.46:6789/0] conn(0x7f1700109c00 0x7f170010a010 secure :-1 s=READY pgs=51 cs=0 l=1 rev1=1 crypto rx=0x7f16f00098a0 tx=0x7f16f0009bb0 comp rx=0 tx=0).stop
2024-05-09T04:40:17.159 INFO:teuthology.orchestra.run.smithi046.stdout:/usr/bin/ceph: stderr
2024-05-09T04:40:15.907+0000 7f1705858700 1 -- 172.21.15.46:0/2078639770 shutdown_connections
2024-05-09T04:40:17.159 INFO:teuthology.orchestra.run.smithi046.stdout:/usr/bin/ceph: stderr
2024-05-09T04:40:15.907+0000 7f1705858700 1 --2- 172.21.15.46:0/2078639770 >> [v2:172.21.15.46:3300/0,v1:172.21.15.46:6789/0] conn(0x7f1700109c00 0x7f170010a010 unknown :-1 s=CLOSED pgs=51 cs=0 l=1 rev1=1 crypto rx=0 tx=0 comp rx=0 tx=0).stop
2024-05-09T04:40:17.159 INFO:teuthology.orchestra.run.smithi046.stdout:/usr/bin/ceph: stderr
2024-05-09T04:40:15.907+0000 7f1705858700 1 -- 172.21.15.46:0/2078639770 >> 172.21.15.46:0/2078639770 conn(0x7f1700105220 msgr2=0x7f17001076f0 unknown :-1 s=STATE_NONE l=0).mark_down
2024-05-09T04:40:17.159 INFO:teuthology.orchestra.run.smithi046.stdout:/usr/bin/ceph: stderr
2024-05-09T04:40:15.907+0000 7f1705858700 1 -- 172.21.15.46:0/2078639770 shutdown_connections
2024-05-09T04:40:17.160 INFO:teuthology.orchestra.run.smithi046.stdout:/usr/bin/ceph: stderr
2024-05-09T04:40:15.907+0000 7f1705858700 1 -- 172.21.15.46:0/2078639770 wait complete.
2024-05-09T04:40:17.160 INFO:teuthology.orchestra.run.smithi046.stdout:/usr/bin/ceph: stderr
2024-05-09T04:40:15.907+0000 7f1705858700 1 Processor -- start
2024-05-09T04:40:17.160 INFO:teuthology.orchestra.run.smithi046.stdout:/usr/bin/ceph: stderr
2024-05-09T04:40:15.908+0000 7f1705858700 1 -- start start
2024-05-09T04:40:17.160 INFO:teuthology.orchestra.run.smithi046.stdout:/usr/bin/ceph: stderr
2024-05-09T04:40:15.908+0000 7f1705858700 1 --2- >> [v2:172.21.15.46:3300/0,v1:172.21.15.46:6789/0] conn(0x7f1700109c00 0x7f170019df70 unknown :-1 s=NONE pgs=0 cs=0 l=1 rev1=0 crypto rx=0 tx=0 comp rx=0 tx=0).connect
2024-05-09T04:40:17.160 INFO:teuthology.orchestra.run.smithi046.stdout:/usr/bin/ceph: stderr
2024-05-09T04:40:15.908+0000 7f1705858700 1 -- --> [v2:172.21.15.46:3300/0,v1:172.21.15.46:6789/0] -- mon_getmap magic: 0 -- 0x7f170010e0e0 con 0x7f1700109c00
2024-05-09T04:40:17.160 INFO:teuthology.orchestra.run.smithi046.stdout:/usr/bin/ceph: stderr
2024-05-09T04:40:15.908+0000 7f16feffd700 1 --2- >> [v2:172.21.15.46:3300/0,v1:172.21.15.46:6789/0] conn(0x7f1700109c00 0x7f170019df70 unknown :-1 s=BANNER_CONNECTING pgs=0 cs=0 l=1 rev1=0 crypto rx=0 tx=0 comp rx=0 tx=0)._handle_peer_banner_payload supported=3 required=0
2024-05-09T04:40:17.160 INFO:teuthology.orchestra.run.smithi046.stdout:/usr/bin/ceph: stderr
2024-05-09T04:40:15.908+0000 7f16feffd700 1 --2- >> [v2:172.21.15.46:3300/0,v1:172.21.15.46:6789/0] conn(0x7f1700109c00 0x7f170019df70 unknown :-1 s=HELLO_CONNECTING pgs=0 cs=0 l=1 rev1=1 crypto rx=0 tx=0 comp rx=0 tx=0).handle_hello peer v2:172.21.15.46:3300/0 says I am v2:172.21.15.46:49272/0 (socket says 172.21.15.46:49272)
2024-05-09T04:40:17.160 INFO:teuthology.orchestra.run.smithi046.stdout:/usr/bin/ceph: stderr
2024-05-09T04:40:15.908+0000 7f16feffd700 1 -- 172.21.15.46:0/1298428387 learned_addr learned my addr 172.21.15.46:0/1298428387 (peer_addr_for_me v2:172.21.15.46:0/0)
2024-05-09T04:40:17.160 INFO:teuthology.orchestra.run.smithi046.stdout:/usr/bin/ceph: stderr
2024-05-09T04:40:15.908+0000 7f16feffd700 1 -- 172.21.15.46:0/1298428387 --> [v2:172.21.15.46:3300/0,v1:172.21.15.46:6789/0] -- mon_subscribe({config=0+,monmap=0+}) -- 0x7f170019e4b0 con 0x7f1700109c00
2024-05-09T04:40:17.160 INFO:teuthology.orchestra.run.smithi046.stdout:/usr/bin/ceph: stderr
2024-05-09T04:40:15.908+0000 7f16feffd700 1 --2- 172.21.15.46:0/1298428387 >> [v2:172.21.15.46:3300/0,v1:172.21.15.46:6789/0] conn(0x7f1700109c00 0x7f170019df70 secure :-1 s=READY pgs=52 cs=0 l=1 rev1=1 crypto rx=0x7f16f0003e70 tx=0x7f16f0011aa0 comp rx=0 tx=0).ready entity=mon.0 client_cookie=0 server_cookie=0 in_seq=0 out_seq=0
2024-05-09T04:40:17.160 INFO:teuthology.orchestra.run.smithi046.stdout:/usr/bin/ceph: stderr
2024-05-09T04:40:15.909+0000 7f1704856700 1 -- 172.21.15.46:0/1298428387 <== mon.0 v2:172.21.15.46:3300/0 1 ==== mon_map magic: 0 ==== 205+0+0 (secure 0 0 0) 0x7f16f0003af0 con 0x7f1700109c00
2024-05-09T04:40:17.160 INFO:teuthology.orchestra.run.smithi046.stdout:/usr/bin/ceph: stderr
2024-05-09T04:40:15.909+0000 7f1704856700 1 -- 172.21.15.46:0/1298428387 <== mon.0 v2:172.21.15.46:3300/0 2 ==== config(26 keys) ==== 1101+0+0 (secure 0 0 0) 0x7f16f001a8e0 con 0x7f1700109c00
2024-05-09T04:40:17.160 INFO:teuthology.orchestra.run.smithi046.stdout:/usr/bin/ceph: stderr
2024-05-09T04:40:15.909+0000 7f1705858700 1 -- 172.21.15.46:0/1298428387 --> [v2:172.21.15.46:3300/0,v1:172.21.15.46:6789/0] -- mon_subscribe({mgrmap=0+}) -- 0x7f170019e740 con 0x7f1700109c00
2024-05-09T04:40:17.160 INFO:teuthology.orchestra.run.smithi046.stdout:/usr/bin/ceph: stderr
2024-05-09T04:40:15.909+0000 7f1704856700 1 -- 172.21.15.46:0/1298428387 <== mon.0 v2:172.21.15.46:3300/0 3 ==== mon_map magic: 0 ==== 205+0+0 (secure 0 0 0) 0x7f16f0024870 con 0x7f1700109c00
2024-05-09T04:40:17.161 INFO:teuthology.orchestra.run.smithi046.stdout:/usr/bin/ceph: stderr
2024-05-09T04:40:15.909+0000 7f1705858700 1 -- 172.21.15.46:0/1298428387 --> [v2:172.21.15.46:3300/0,v1:172.21.15.46:6789/0] -- mon_subscribe({osdmap=0}) -- 0x7f17001a1350 con 0x7f1700109c00
2024-05-09T04:40:17.161 INFO:teuthology.orchestra.run.smithi046.stdout:/usr/bin/ceph: stderr
2024-05-09T04:40:15.910+0000 7f1705858700 1 -- 172.21.15.46:0/1298428387 --> [v2:172.21.15.46:3300/0,v1:172.21.15.46:6789/0] -- mon_command({"prefix": "get_command_descriptions"} v 0) -- 0x7f1700064e20 con 0x7f1700109c00
2024-05-09T04:40:17.161 INFO:teuthology.orchestra.run.smithi046.stdout:/usr/bin/ceph: stderr
2024-05-09T04:40:15.910+0000 7f1704856700 1 -- 172.21.15.46:0/1298428387 <== mon.0 v2:172.21.15.46:3300/0 4 ==== mgrmap(e 8) ==== 50222+0+0 (secure 0 0 0) 0x7f16f0022020 con 0x7f1700109c00
2024-05-09T04:40:17.161 INFO:teuthology.orchestra.run.smithi046.stdout:/usr/bin/ceph: stderr
2024-05-09T04:40:15.910+0000 7f1704856700 1 --2- 172.21.15.46:0/1298428387 >> [v2:172.21.15.46:6800/123334554,v1:172.21.15.46:6801/123334554] conn(0x7f16ec03e470 0x7f16ec040980 unknown :-1 s=NONE pgs=0 cs=0 l=1 rev1=0 crypto rx=0 tx=0 comp rx=0 tx=0).connect
2024-05-09T04:40:17.161 INFO:teuthology.orchestra.run.smithi046.stdout:/usr/bin/ceph: stderr
2024-05-09T04:40:15.910+0000 7f1704856700 1 -- 172.21.15.46:0/1298428387 <== mon.0 v2:172.21.15.46:3300/0 5 ==== osd_map(2..2 src has 1..2) ==== 940+0+0 (secure 0 0 0) 0x7f16f00538a0 con 0x7f1700109c00
2024-05-09T04:40:17.161 INFO:teuthology.orchestra.run.smithi046.stdout:/usr/bin/ceph: stderr
2024-05-09T04:40:15.911+0000 7f16fe7fc700 1 --2- 172.21.15.46:0/1298428387 >> [v2:172.21.15.46:6800/123334554,v1:172.21.15.46:6801/123334554] conn(0x7f16ec03e470 0x7f16ec040980 unknown :-1 s=BANNER_CONNECTING pgs=0 cs=0 l=1 rev1=0 crypto rx=0 tx=0 comp rx=0 tx=0)._handle_peer_banner_payload supported=3 required=0
2024-05-09T04:40:17.161 INFO:teuthology.orchestra.run.smithi046.stdout:/usr/bin/ceph: stderr
2024-05-09T04:40:15.911+0000 7f16fe7fc700 1 --2- 172.21.15.46:0/1298428387 >> [v2:172.21.15.46:6800/123334554,v1:172.21.15.46:6801/123334554] conn(0x7f16ec03e470 0x7f16ec040980 secure :-1 s=READY pgs=14 cs=0 l=1 rev1=1 crypto rx=0x7f16e8006fd0 tx=0x7f16e8006e40 comp rx=0 tx=0).ready entity=mgr.14120 client_cookie=0 server_cookie=0 in_seq=0 out_seq=0
2024-05-09T04:40:17.161 INFO:teuthology.orchestra.run.smithi046.stdout:/usr/bin/ceph: stderr
2024-05-09T04:40:15.916+0000 7f1704856700 1 -- 172.21.15.46:0/1298428387 <== mon.0 v2:172.21.15.46:3300/0 6 ==== mon_command_ack([{"prefix": "get_command_descriptions"}]=0 v0) ==== 72+0+191963 (secure 0 0 0) 0x7f16f0029df0 con 0x7f1700109c00
2024-05-09T04:40:17.161 INFO:teuthology.orchestra.run.smithi046.stdout:/usr/bin/ceph: stderr
2024-05-09T04:40:16.148+0000 7f1705858700 1 -- 172.21.15.46:0/1298428387 --> [v2:172.21.15.46:3300/0,v1:172.21.15.46:6789/0] -- mon_command([{prefix=config set, name=mgr/cephadm/container_init}] v 0) -- 0x7f17001a1940 con 0x7f1700109c00
2024-05-09T04:40:17.161 INFO:teuthology.orchestra.run.smithi046.stdout:/usr/bin/ceph: stderr
2024-05-09T04:40:16.152+0000 7f1704856700 1 -- 172.21.15.46:0/1298428387 <== mon.0 v2:172.21.15.46:3300/0 7 ==== mon_command_ack([{prefix=config set, name=mgr/cephadm/container_init}]=0 v7)=0 v7) ==== 142+0+0 (secure 0 0 0) 0x7f16f001ad90 con 0x7f1700109c00
2024-05-09T04:40:17.161 INFO:teuthology.orchestra.run.smithi046.stdout:/usr/bin/ceph: stderr
2024-05-09T04:40:16.155+0000 7f1705858700 1 -- 172.21.15.46:0/1298428387 >> [v2:172.21.15.46:6800/123334554,v1:172.21.15.46:6801/123334554] conn(0x7f16ec03e470 msgr2=0x7f16ec040980 secure :-1 s=STATE_CONNECTION_ESTABLISHED l=1).mark_down
2024-05-09T04:40:17.161 INFO:teuthology.orchestra.run.smithi046.stdout:/usr/bin/ceph: stderr
2024-05-09T04:40:16.155+0000 7f1705858700 1 --2- 172.21.15.46:0/1298428387 >> [v2:172.21.15.46:6800/123334554,v1:172.21.15.46:6801/123334554] conn(0x7f16ec03e470 0x7f16ec040980 secure :-1 s=READY pgs=14 cs=0 l=1 rev1=1 crypto rx=0x7f16e8006fd0 tx=0x7f16e8006e40 comp rx=0 tx=0).stop
2024-05-09T04:40:17.162 INFO:teuthology.orchestra.run.smithi046.stdout:/usr/bin/ceph: stderr
2024-05-09T04:40:16.155+0000 7f1705858700 1 -- 172.21.15.46:0/1298428387 >> [v2:172.21.15.46:3300/0,v1:172.21.15.46:6789/0] conn(0x7f1700109c00 msgr2=0x7f170019df70 secure :-1 s=STATE_CONNECTION_ESTABLISHED l=1).mark_down
2024-05-09T04:40:17.162 INFO:teuthology.orchestra.run.smithi046.stdout:/usr/bin/ceph: stderr
2024-05-09T04:40:16.155+0000 7f1705858700 1 --2- 172.21.15.46:0/1298428387 >> [v2:172.21.15.46:3300/0,v1:172.21.15.46:6789/0] conn(0x7f1700109c00 0x7f170019df70 secure :-1 s=READY pgs=52 cs=0 l=1 rev1=1 crypto rx=0x7f16f0003e70 tx=0x7f16f0011aa0 comp rx=0 tx=0).stop
2024-05-09T04:40:17.162 INFO:teuthology.orchestra.run.smithi046.stdout:/usr/bin/ceph: stderr
2024-05-09T04:40:16.155+0000 7f1705858700 1 -- 172.21.15.46:0/1298428387 shutdown_connections
2024-05-09T04:40:17.162 INFO:teuthology.orchestra.run.smithi046.stdout:/usr/bin/ceph: stderr
2024-05-09T04:40:16.155+0000 7f1705858700 1 --2- 172.21.15.46:0/1298428387 >> [v2:172.21.15.46:6800/123334554,v1:172.21.15.46:6801/123334554] conn(0x7f16ec03e470 0x7f16ec040980 unknown :-1 s=CLOSED pgs=14 cs=0 l=1 rev1=1 crypto rx=0 tx=0 comp rx=0 tx=0).stop
2024-05-09T04:40:17.162 INFO:teuthology.orchestra.run.smithi046.stdout:/usr/bin/ceph: stderr
2024-05-09T04:40:16.155+0000 7f1705858700 1 --2- 172.21.15.46:0/1298428387 >> [v2:172.21.15.46:3300/0,v1:172.21.15.46:6789/0] conn(0x7f1700109c00 0x7f170019df70 unknown :-1 s=CLOSED pgs=52 cs=0 l=1 rev1=1 crypto rx=0 tx=0 comp rx=0 tx=0).stop
2024-05-09T04:40:17.162 INFO:teuthology.orchestra.run.smithi046.stdout:/usr/bin/ceph: stderr
2024-05-09T04:40:16.155+0000 7f1705858700 1 -- 172.21.15.46:0/1298428387 >> 172.21.15.46:0/1298428387 conn(0x7f1700105220 msgr2=0x7f1700105a90 unknown :-1 s=STATE_NONE l=0).mark_down
2024-05-09T04:40:17.162 INFO:teuthology.orchestra.run.smithi046.stdout:/usr/bin/ceph: stderr
2024-05-09T04:40:16.156+0000 7f1705858700 1 -- 172.21.15.46:0/1298428387 shutdown_connections
2024-05-09T04:40:17.162 INFO:teuthology.orchestra.run.smithi046.stdout:/usr/bin/ceph: stderr
2024-05-09T04:40:16.156+0000 7f1705858700 1 -- 172.21.15.46:0/1298428387 wait complete.
2024-05-09T04:40:17.284 INFO:journalctl@ceph.mon.a.smithi046.stdout:May 09 04:40:17 smithi046 ceph-mon[30136]: from='client.? 172.21.15.46:0/1298428387' entity='client.admin'
2024-05-09T04:40:18.545 INFO:journalctl@ceph.mon.a.smithi046.stdout:May 09 04:40:18 smithi046 ceph-mon[30136]: from='mgr.14120 172.21.15.46:0/3892777608' entity='mgr.x'
2024-05-09T04:40:18.545 INFO:journalctl@ceph.mon.a.smithi046.stdout:May 09 04:40:18 smithi046 ceph-mon[30136]: from='client.? 172.21.15.46:0/2163162321' entity='client.admin'
2024-05-09T04:40:18.553 INFO:teuthology.orchestra.run.smithi046.stdout:/usr/bin/ceph: stderr
2024-05-09T04:40:17.674+0000 7fd585151700 1 Processor -- start
2024-05-09T04:40:18.554 INFO:teuthology.orchestra.run.smithi046.stdout:/usr/bin/ceph: stderr
2024-05-09T04:40:17.674+0000 7fd585151700 1 -- start start
2024-05-09T04:40:18.554 INFO:teuthology.orchestra.run.smithi046.stdout:/usr/bin/ceph: stderr
2024-05-09T04:40:17.674+0000 7fd585151700 1 --2- >> [v2:172.21.15.46:3300/0,v1:172.21.15.46:6789/0] conn(0x7fd580108a90 0x7fd580108ea0 unknown :-1 s=NONE pgs=0 cs=0 l=0 rev1=0 crypto rx=0 tx=0 comp rx=0 tx=0).connect
2024-05-09T04:40:18.554 INFO:teuthology.orchestra.run.smithi046.stdout:/usr/bin/ceph: stderr
2024-05-09T04:40:17.674+0000 7fd585151700 1 -- --> [v2:172.21.15.46:3300/0,v1:172.21.15.46:6789/0] -- mon_getmap magic: 0 -- 0x7fd580109490 con 0x7fd580108a90
2024-05-09T04:40:18.554 INFO:teuthology.orchestra.run.smithi046.stdout:/usr/bin/ceph: stderr
2024-05-09T04:40:17.674+0000 7fd57ed9d700 1 --2- >> [v2:172.21.15.46:3300/0,v1:172.21.15.46:6789/0] conn(0x7fd580108a90 0x7fd580108ea0 unknown :-1 s=BANNER_CONNECTING pgs=0 cs=0 l=0 rev1=0 crypto rx=0 tx=0 comp rx=0 tx=0)._handle_peer_banner_payload supported=3 required=0
2024-05-09T04:40:18.554 INFO:teuthology.orchestra.run.smithi046.stdout:/usr/bin/ceph: stderr
2024-05-09T04:40:17.674+0000 7fd57ed9d700 1 --2- >> [v2:172.21.15.46:3300/0,v1:172.21.15.46:6789/0] conn(0x7fd580108a90 0x7fd580108ea0 unknown :-1 s=HELLO_CONNECTING pgs=0 cs=0 l=0 rev1=1 crypto rx=0 tx=0 comp rx=0 tx=0).handle_hello peer v2:172.21.15.46:3300/0 says I am v2:172.21.15.46:49284/0 (socket says 172.21.15.46:49284)
2024-05-09T04:40:18.554 INFO:teuthology.orchestra.run.smithi046.stdout:/usr/bin/ceph: stderr
2024-05-09T04:40:17.674+0000 7fd57ed9d700 1 -- 172.21.15.46:0/4077741613 learned_addr learned my addr 172.21.15.46:0/4077741613 (peer_addr_for_me v2:172.21.15.46:0/0)
2024-05-09T04:40:18.554 INFO:teuthology.orchestra.run.smithi046.stdout:/usr/bin/ceph: stderr
2024-05-09T04:40:17.675+0000 7fd57ed9d700 1 -- 172.21.15.46:0/4077741613 --> [v2:172.21.15.46:3300/0,v1:172.21.15.46:6789/0] -- mon_subscribe({config=0+,monmap=0+}) -- 0x7fd580109bc0 con 0x7fd580108a90
2024-05-09T04:40:18.554 INFO:teuthology.orchestra.run.smithi046.stdout:/usr/bin/ceph: stderr
2024-05-09T04:40:17.675+0000 7fd57ed9d700 1 --2- 172.21.15.46:0/4077741613 >> [v2:172.21.15.46:3300/0,v1:172.21.15.46:6789/0] conn(0x7fd580108a90 0x7fd580108ea0 secure :-1 s=READY pgs=53 cs=0 l=1 rev1=1 crypto rx=0x7fd5700098a0 tx=0x7fd570009bb0 comp rx=0 tx=0).ready entity=mon.0 client_cookie=7ef4a5b763869803 server_cookie=0 in_seq=0 out_seq=0
2024-05-09T04:40:18.554 INFO:teuthology.orchestra.run.smithi046.stdout:/usr/bin/ceph: stderr
2024-05-09T04:40:17.675+0000 7fd57dd9b700 1 -- 172.21.15.46:0/4077741613 <== mon.0 v2:172.21.15.46:3300/0 1 ==== mon_map magic: 0 ==== 205+0+0 (secure 0 0 0) 0x7fd570004160 con 0x7fd580108a90
2024-05-09T04:40:18.554 INFO:teuthology.orchestra.run.smithi046.stdout:/usr/bin/ceph: stderr
2024-05-09T04:40:17.675+0000 7fd57dd9b700 1 -- 172.21.15.46:0/4077741613 <== mon.0 v2:172.21.15.46:3300/0 2 ==== config(26 keys) ==== 1101+0+0 (secure 0 0 0) 0x7fd570004300 con 0x7fd580108a90
2024-05-09T04:40:18.554 INFO:teuthology.orchestra.run.smithi046.stdout:/usr/bin/ceph: stderr
2024-05-09T04:40:17.675+0000 7fd57dd9b700 1 -- 172.21.15.46:0/4077741613 <== mon.0 v2:172.21.15.46:3300/0 3 ==== mon_map magic: 0 ==== 205+0+0 (secure 0 0 0) 0x7fd570011a20 con 0x7fd580108a90
2024-05-09T04:40:18.554 INFO:teuthology.orchestra.run.smithi046.stdout:/usr/bin/ceph: stderr
2024-05-09T04:40:17.676+0000 7fd585151700 1 -- 172.21.15.46:0/4077741613 >> [v2:172.21.15.46:3300/0,v1:172.21.15.46:6789/0] conn(0x7fd580108a90 msgr2=0x7fd580108ea0 secure :-1 s=STATE_CONNECTION_ESTABLISHED l=1).mark_down
2024-05-09T04:40:18.554 INFO:teuthology.orchestra.run.smithi046.stdout:/usr/bin/ceph: stderr
2024-05-09T04:40:17.676+0000 7fd585151700 1 --2- 172.21.15.46:0/4077741613 >> [v2:172.21.15.46:3300/0,v1:172.21.15.46:6789/0] conn(0x7fd580108a90 0x7fd580108ea0 secure :-1 s=READY pgs=53 cs=0 l=1 rev1=1 crypto rx=0x7fd5700098a0 tx=0x7fd570009bb0 comp rx=0 tx=0).stop
2024-05-09T04:40:18.555 INFO:teuthology.orchestra.run.smithi046.stdout:/usr/bin/ceph: stderr
2024-05-09T04:40:17.676+0000 7fd585151700 1 -- 172.21.15.46:0/4077741613 shutdown_connections
2024-05-09T04:40:18.555 INFO:teuthology.orchestra.run.smithi046.stdout:/usr/bin/ceph: stderr
2024-05-09T04:40:17.676+0000 7fd585151700 1 --2- 172.21.15.46:0/4077741613 >> [v2:172.21.15.46:3300/0,v1:172.21.15.46:6789/0] conn(0x7fd580108a90 0x7fd580108ea0 unknown :-1 s=CLOSED pgs=53 cs=0 l=1 rev1=1 crypto rx=0 tx=0 comp rx=0 tx=0).stop
2024-05-09T04:40:18.555 INFO:teuthology.orchestra.run.smithi046.stdout:/usr/bin/ceph: stderr
2024-05-09T04:40:17.676+0000 7fd585151700 1 -- 172.21.15.46:0/4077741613 >> 172.21.15.46:0/4077741613 conn(0x7fd5801040f0 msgr2=0x7fd580106580 unknown :-1 s=STATE_NONE l=0).mark_down
2024-05-09T04:40:18.555 INFO:teuthology.orchestra.run.smithi046.stdout:/usr/bin/ceph: stderr
2024-05-09T04:40:17.676+0000 7fd585151700 1 -- 172.21.15.46:0/4077741613 shutdown_connections
2024-05-09T04:40:18.555 INFO:teuthology.orchestra.run.smithi046.stdout:/usr/bin/ceph: stderr
2024-05-09T04:40:17.676+0000 7fd585151700 1 -- 172.21.15.46:0/4077741613 wait complete.
2024-05-09T04:40:18.555 INFO:teuthology.orchestra.run.smithi046.stdout:/usr/bin/ceph: stderr
2024-05-09T04:40:17.677+0000 7fd585151700 1 Processor -- start
2024-05-09T04:40:18.555 INFO:teuthology.orchestra.run.smithi046.stdout:/usr/bin/ceph: stderr
2024-05-09T04:40:17.677+0000 7fd585151700 1 -- start start
2024-05-09T04:40:18.555 INFO:teuthology.orchestra.run.smithi046.stdout:/usr/bin/ceph: stderr
2024-05-09T04:40:17.677+0000 7fd585151700 1 --2- >> [v2:172.21.15.46:3300/0,v1:172.21.15.46:6789/0] conn(0x7fd580108a90 0x7fd58019bd30 unknown :-1 s=NONE pgs=0 cs=0 l=1 rev1=0 crypto rx=0 tx=0 comp rx=0 tx=0).connect
2024-05-09T04:40:18.555 INFO:teuthology.orchestra.run.smithi046.stdout:/usr/bin/ceph: stderr
2024-05-09T04:40:17.677+0000 7fd585151700 1 -- --> [v2:172.21.15.46:3300/0,v1:172.21.15.46:6789/0] -- mon_getmap magic: 0 -- 0x7fd58007c160 con 0x7fd580108a90
2024-05-09T04:40:18.555 INFO:teuthology.orchestra.run.smithi046.stdout:/usr/bin/ceph: stderr
2024-05-09T04:40:17.678+0000 7fd57ed9d700 1 --2- >> [v2:172.21.15.46:3300/0,v1:172.21.15.46:6789/0] conn(0x7fd580108a90 0x7fd58019bd30 unknown :-1 s=BANNER_CONNECTING pgs=0 cs=0 l=1 rev1=0 crypto rx=0 tx=0 comp rx=0 tx=0)._handle_peer_banner_payload supported=3 required=0
2024-05-09T04:40:18.555 INFO:teuthology.orchestra.run.smithi046.stdout:/usr/bin/ceph: stderr
2024-05-09T04:40:17.678+0000 7fd57ed9d700 1 --2- >> [v2:172.21.15.46:3300/0,v1:172.21.15.46:6789/0] conn(0x7fd580108a90 0x7fd58019bd30 unknown :-1 s=HELLO_CONNECTING pgs=0 cs=0 l=1 rev1=1 crypto rx=0 tx=0 comp rx=0 tx=0).handle_hello peer v2:172.21.15.46:3300/0 says I am v2:172.21.15.46:49300/0 (socket says 172.21.15.46:49300)
2024-05-09T04:40:18.555 INFO:teuthology.orchestra.run.smithi046.stdout:/usr/bin/ceph: stderr
2024-05-09T04:40:17.678+0000 7fd57ed9d700 1 -- 172.21.15.46:0/2163162321 learned_addr learned my addr 172.21.15.46:0/2163162321 (peer_addr_for_me v2:172.21.15.46:0/0)
2024-05-09T04:40:18.555 INFO:teuthology.orchestra.run.smithi046.stdout:/usr/bin/ceph: stderr
2024-05-09T04:40:17.678+0000 7fd57ed9d700 1 -- 172.21.15.46:0/2163162321 --> [v2:172.21.15.46:3300/0,v1:172.21.15.46:6789/0] -- mon_subscribe({config=0+,monmap=0+}) -- 0x7fd58019c270 con 0x7fd580108a90
2024-05-09T04:40:18.555 INFO:teuthology.orchestra.run.smithi046.stdout:/usr/bin/ceph: stderr
2024-05-09T04:40:17.678+0000 7fd57ed9d700 1 --2- 172.21.15.46:0/2163162321 >> [v2:172.21.15.46:3300/0,v1:172.21.15.46:6789/0] conn(0x7fd580108a90 0x7fd58019bd30 secure :-1 s=READY pgs=54 cs=0 l=1 rev1=1 crypto rx=0x7fd570003f00 tx=0x7fd570011aa0 comp rx=0 tx=0).ready entity=mon.0 client_cookie=0 server_cookie=0 in_seq=0 out_seq=0
2024-05-09T04:40:18.556 INFO:teuthology.orchestra.run.smithi046.stdout:/usr/bin/ceph: stderr
2024-05-09T04:40:17.678+0000 7fd567fff700 1 -- 172.21.15.46:0/2163162321 <== mon.0 v2:172.21.15.46:3300/0 1 ==== mon_map magic: 0 ==== 205+0+0 (secure 0 0 0) 0x7fd570003aa0 con 0x7fd580108a90
2024-05-09T04:40:18.556 INFO:teuthology.orchestra.run.smithi046.stdout:/usr/bin/ceph: stderr
2024-05-09T04:40:17.678+0000 7fd567fff700 1 -- 172.21.15.46:0/2163162321 <== mon.0 v2:172.21.15.46:3300/0 2 ==== config(26 keys) ==== 1101+0+0 (secure 0 0 0) 0x7fd57001b8f0 con 0x7fd580108a90
2024-05-09T04:40:18.556 INFO:teuthology.orchestra.run.smithi046.stdout:/usr/bin/ceph: stderr
2024-05-09T04:40:17.678+0000 7fd585151700 1 -- 172.21.15.46:0/2163162321 --> [v2:172.21.15.46:3300/0,v1:172.21.15.46:6789/0] -- mon_subscribe({mgrmap=0+}) -- 0x7fd58019c500 con 0x7fd580108a90
2024-05-09T04:40:18.556 INFO:teuthology.orchestra.run.smithi046.stdout:/usr/bin/ceph: stderr
2024-05-09T04:40:17.678+0000 7fd567fff700 1 -- 172.21.15.46:0/2163162321 <== mon.0 v2:172.21.15.46:3300/0 3 ==== mon_map magic: 0 ==== 205+0+0 (secure 0 0 0) 0x7fd570023890 con 0x7fd580108a90
2024-05-09T04:40:18.556 INFO:teuthology.orchestra.run.smithi046.stdout:/usr/bin/ceph: stderr
2024-05-09T04:40:17.678+0000 7fd585151700 1 -- 172.21.15.46:0/2163162321 --> [v2:172.21.15.46:3300/0,v1:172.21.15.46:6789/0] -- mon_subscribe({osdmap=0}) -- 0x7fd58019f100 con 0x7fd580108a90
2024-05-09T04:40:18.556 INFO:teuthology.orchestra.run.smithi046.stdout:/usr/bin/ceph: stderr
2024-05-09T04:40:17.679+0000 7fd567fff700 1 -- 172.21.15.46:0/2163162321 <== mon.0 v2:172.21.15.46:3300/0 4 ==== mgrmap(e 8) ==== 50222+0+0 (secure 0 0 0) 0x7fd57002c3f0 con 0x7fd580108a90
2024-05-09T04:40:18.556 INFO:teuthology.orchestra.run.smithi046.stdout:/usr/bin/ceph: stderr
2024-05-09T04:40:17.680+0000 7fd585151700 1 -- 172.21.15.46:0/2163162321 --> [v2:172.21.15.46:3300/0,v1:172.21.15.46:6789/0] -- mon_command({"prefix": "get_command_descriptions"} v 0) -- 0x7fd580064e20 con 0x7fd580108a90
2024-05-09T04:40:18.556 INFO:teuthology.orchestra.run.smithi046.stdout:/usr/bin/ceph: stderr
2024-05-09T04:40:17.680+0000 7fd567fff700 1 --2- 172.21.15.46:0/2163162321 >> [v2:172.21.15.46:6800/123334554,v1:172.21.15.46:6801/123334554] conn(0x7fd568040720 0x7fd568042c30 unknown :-1 s=NONE pgs=0 cs=0 l=1 rev1=0 crypto rx=0 tx=0 comp rx=0 tx=0).connect
2024-05-09T04:40:18.556 INFO:teuthology.orchestra.run.smithi046.stdout:/usr/bin/ceph: stderr
2024-05-09T04:40:17.680+0000 7fd567fff700 1 -- 172.21.15.46:0/2163162321 <== mon.0 v2:172.21.15.46:3300/0 5 ==== osd_map(2..2 src has 1..2) ==== 940+0+0 (secure 0 0 0) 0x7fd570054d20 con 0x7fd580108a90
2024-05-09T04:40:18.556 INFO:teuthology.orchestra.run.smithi046.stdout:/usr/bin/ceph: stderr
2024-05-09T04:40:17.680+0000 7fd57e59c700 1 --2- 172.21.15.46:0/2163162321 >> [v2:172.21.15.46:6800/123334554,v1:172.21.15.46:6801/123334554] conn(0x7fd568040720 0x7fd568042c30 unknown :-1 s=BANNER_CONNECTING pgs=0 cs=0 l=1 rev1=0 crypto rx=0 tx=0 comp rx=0 tx=0)._handle_peer_banner_payload supported=3 required=0
2024-05-09T04:40:18.557 INFO:teuthology.orchestra.run.smithi046.stdout:/usr/bin/ceph: stderr
2024-05-09T04:40:17.680+0000 7fd57e59c700 1 --2- 172.21.15.46:0/2163162321 >> [v2:172.21.15.46:6800/123334554,v1:172.21.15.46:6801/123334554] conn(0x7fd568040720 0x7fd568042c30 secure :-1 s=READY pgs=15 cs=0 l=1 rev1=1 crypto rx=0x7fd574006fd0 tx=0x7fd574006e40 comp rx=0 tx=0).ready entity=mgr.14120 client_cookie=0 server_cookie=0 in_seq=0 out_seq=0
2024-05-09T04:40:18.557 INFO:teuthology.orchestra.run.smithi046.stdout:/usr/bin/ceph: stderr
2024-05-09T04:40:17.685+0000 7fd567fff700 1 -- 172.21.15.46:0/2163162321 <== mon.0 v2:172.21.15.46:3300/0 6 ==== mon_command_ack([{"prefix": "get_command_descriptions"}]=0 v0) ==== 72+0+191963 (secure 0 0 0) 0x7fd57001f030 con 0x7fd580108a90
2024-05-09T04:40:18.557 INFO:teuthology.orchestra.run.smithi046.stdout:/usr/bin/ceph: stderr
2024-05-09T04:40:17.926+0000 7fd585151700 1 -- 172.21.15.46:0/2163162321 --> [v2:172.21.15.46:3300/0,v1:172.21.15.46:6789/0] -- mon_command([{prefix=config set, name=mgr/dashboard/ssl_server_port}] v 0) -- 0x7fd580194f40 con 0x7fd580108a90
2024-05-09T04:40:18.557 INFO:teuthology.orchestra.run.smithi046.stdout:/usr/bin/ceph: stderr
2024-05-09T04:40:17.929+0000 7fd567fff700 1 -- 172.21.15.46:0/2163162321 <== mon.0 v2:172.21.15.46:3300/0 7 ==== mon_command_ack([{prefix=config set, name=mgr/dashboard/ssl_server_port}]=0 v8)=0 v8) ==== 130+0+0 (secure 0 0 0) 0x7fd57000f2e0 con 0x7fd580108a90
2024-05-09T04:40:18.557 INFO:teuthology.orchestra.run.smithi046.stdout:/usr/bin/ceph: stderr
2024-05-09T04:40:17.932+0000 7fd585151700 1 -- 172.21.15.46:0/2163162321 >> [v2:172.21.15.46:6800/123334554,v1:172.21.15.46:6801/123334554] conn(0x7fd568040720 msgr2=0x7fd568042c30 secure :-1 s=STATE_CONNECTION_ESTABLISHED l=1).mark_down
2024-05-09T04:40:18.557 INFO:teuthology.orchestra.run.smithi046.stdout:/usr/bin/ceph: stderr
2024-05-09T04:40:17.932+0000 7fd585151700 1 --2- 172.21.15.46:0/2163162321 >> [v2:172.21.15.46:6800/123334554,v1:172.21.15.46:6801/123334554] conn(0x7fd568040720 0x7fd568042c30 secure :-1 s=READY pgs=15 cs=0 l=1 rev1=1 crypto rx=0x7fd574006fd0 tx=0x7fd574006e40 comp rx=0 tx=0).stop
2024-05-09T04:40:18.557 INFO:teuthology.orchestra.run.smithi046.stdout:/usr/bin/ceph: stderr
2024-05-09T04:40:17.932+0000 7fd585151700 1 -- 172.21.15.46:0/2163162321 >> [v2:172.21.15.46:3300/0,v1:172.21.15.46:6789/0] conn(0x7fd580108a90 msgr2=0x7fd58019bd30 secure :-1 s=STATE_CONNECTION_ESTABLISHED l=1).mark_down
2024-05-09T04:40:18.557 INFO:teuthology.orchestra.run.smithi046.stdout:/usr/bin/ceph: stderr
2024-05-09T04:40:17.932+0000 7fd585151700 1 --2- 172.21.15.46:0/2163162321 >> [v2:172.21.15.46:3300/0,v1:172.21.15.46:6789/0] conn(0x7fd580108a90 0x7fd58019bd30 secure :-1 s=READY pgs=54 cs=0 l=1 rev1=1 crypto rx=0x7fd570003f00 tx=0x7fd570011aa0 comp rx=0 tx=0).stop
2024-05-09T04:40:18.557 INFO:teuthology.orchestra.run.smithi046.stdout:/usr/bin/ceph: stderr
2024-05-09T04:40:17.932+0000 7fd585151700 1 -- 172.21.15.46:0/2163162321 shutdown_connections
2024-05-09T04:40:18.557 INFO:teuthology.orchestra.run.smithi046.stdout:/usr/bin/ceph: stderr
2024-05-09T04:40:17.932+0000 7fd585151700 1 --2- 172.21.15.46:0/2163162321 >> [v2:172.21.15.46:6800/123334554,v1:172.21.15.46:6801/123334554] conn(0x7fd568040720 0x7fd568042c30 unknown :-1 s=CLOSED pgs=15 cs=0 l=1 rev1=1 crypto rx=0 tx=0 comp rx=0 tx=0).stop
2024-05-09T04:40:18.557 INFO:teuthology.orchestra.run.smithi046.stdout:/usr/bin/ceph: stderr
2024-05-09T04:40:17.932+0000 7fd585151700 1 --2- 172.21.15.46:0/2163162321 >> [v2:172.21.15.46:3300/0,v1:172.21.15.46:6789/0] conn(0x7fd580108a90 0x7fd58019bd30 unknown :-1 s=CLOSED pgs=54 cs=0 l=1 rev1=1 crypto rx=0 tx=0 comp rx=0 tx=0).stop
2024-05-09T04:40:18.557 INFO:teuthology.orchestra.run.smithi046.stdout:/usr/bin/ceph: stderr
2024-05-09T04:40:17.932+0000 7fd585151700 1 -- 172.21.15.46:0/2163162321 >> 172.21.15.46:0/2163162321 conn(0x7fd5801040f0 msgr2=0x7fd580192000 unknown :-1 s=STATE_NONE l=0).mark_down
2024-05-09T04:40:18.557 INFO:teuthology.orchestra.run.smithi046.stdout:/usr/bin/ceph: stderr
2024-05-09T04:40:17.933+0000 7fd585151700 1 -- 172.21.15.46:0/2163162321 shutdown_connections
2024-05-09T04:40:18.557 INFO:teuthology.orchestra.run.smithi046.stdout:/usr/bin/ceph: stderr
2024-05-09T04:40:17.933+0000 7fd585151700 1 -- 172.21.15.46:0/2163162321 wait complete.
2024-05-09T04:40:18.558 INFO:teuthology.orchestra.run.smithi046.stdout:Enabling the dashboard module...
2024-05-09T04:40:19.829 INFO:journalctl@ceph.mon.a.smithi046.stdout:May 09 04:40:19 smithi046 ceph-mon[30136]: from='mgr.14120 172.21.15.46:0/3892777608' entity='mgr.x'
2024-05-09T04:40:19.830 INFO:journalctl@ceph.mon.a.smithi046.stdout:May 09 04:40:19 smithi046 ceph-mon[30136]: from='client.? 172.21.15.46:0/2913546829' entity='client.admin' cmd=[{"prefix": "mgr module enable", "module": "dashboard"}]: dispatch
2024-05-09T04:40:19.830 INFO:journalctl@ceph.mgr.x.smithi046.stdout:May 09 04:40:19 smithi046 ceph-ecf9ae2c-0dbd-11ef-bc97-c7b262605968-mgr-x[30367]: ignoring --setuser ceph since I am not root
2024-05-09T04:40:19.830 INFO:journalctl@ceph.mgr.x.smithi046.stdout:May 09 04:40:19 smithi046 ceph-ecf9ae2c-0dbd-11ef-bc97-c7b262605968-mgr-x[30367]: ignoring --setgroup ceph since I am not root
2024-05-09T04:40:20.155 INFO:journalctl@ceph.mgr.x.smithi046.stdout:May 09 04:40:19 smithi046 ceph-ecf9ae2c-0dbd-11ef-bc97-c7b262605968-mgr-x[30367]:
2024-05-09T04:40:19.854+0000 7eff162f1200 -1 mgr[py] Module balancer has missing NOTIFY_TYPES member
2024-05-09T04:40:20.155 INFO:journalctl@ceph.mgr.x.smithi046.stdout:May 09 04:40:20 smithi046 ceph-ecf9ae2c-0dbd-11ef-bc97-c7b262605968-mgr-x[30367]:
2024-05-09T04:40:20.050+0000 7eff162f1200 -1 mgr[py] Module orchestrator has missing NOTIFY_TYPES member
2024-05-09T04:40:20.310 INFO:teuthology.orchestra.run.smithi046.stdout:/usr/bin/ceph: stderr
2024-05-09T04:40:19.013+0000 7f6a017b3700 1 Processor -- start
2024-05-09T04:40:20.310 INFO:teuthology.orchestra.run.smithi046.stdout:/usr/bin/ceph: stderr
2024-05-09T04:40:19.013+0000 7f6a017b3700 1 -- start start
2024-05-09T04:40:20.310 INFO:teuthology.orchestra.run.smithi046.stdout:/usr/bin/ceph: stderr
2024-05-09T04:40:19.013+0000 7f6a017b3700 1 --2- >> [v2:172.21.15.46:3300/0,v1:172.21.15.46:6789/0] conn(0x7f69fc10a6e0 0x7f69fc10cb00 unknown :-1 s=NONE pgs=0 cs=0 l=0 rev1=0 crypto rx=0 tx=0 comp rx=0 tx=0).connect
2024-05-09T04:40:20.310 INFO:teuthology.orchestra.run.smithi046.stdout:/usr/bin/ceph: stderr
2024-05-09T04:40:19.013+0000 7f6a017b3700 1 -- --> [v2:172.21.15.46:3300/0,v1:172.21.15.46:6789/0] -- mon_getmap magic: 0 -- 0x7f69fc07d820 con 0x7f69fc10a6e0
2024-05-09T04:40:20.310 INFO:teuthology.orchestra.run.smithi046.stdout:/usr/bin/ceph: stderr
2024-05-09T04:40:19.013+0000 7f69faffd700 1 --2- >> [v2:172.21.15.46:3300/0,v1:172.21.15.46:6789/0] conn(0x7f69fc10a6e0 0x7f69fc10cb00 unknown :-1 s=BANNER_CONNECTING pgs=0 cs=0 l=0 rev1=0 crypto rx=0 tx=0 comp rx=0 tx=0)._handle_peer_banner_payload supported=3 required=0
2024-05-09T04:40:20.310 INFO:teuthology.orchestra.run.smithi046.stdout:/usr/bin/ceph: stderr
2024-05-09T04:40:19.013+0000 7f69faffd700 1 --2- >> [v2:172.21.15.46:3300/0,v1:172.21.15.46:6789/0] conn(0x7f69fc10a6e0 0x7f69fc10cb00 unknown :-1 s=HELLO_CONNECTING pgs=0 cs=0 l=0 rev1=1 crypto rx=0 tx=0 comp rx=0 tx=0).handle_hello peer v2:172.21.15.46:3300/0 says I am v2:172.21.15.46:49304/0 (socket says 172.21.15.46:49304)
2024-05-09T04:40:20.310 INFO:teuthology.orchestra.run.smithi046.stdout:/usr/bin/ceph: stderr
2024-05-09T04:40:19.013+0000 7f69faffd700 1 -- 172.21.15.46:0/3301617829 learned_addr learned my addr 172.21.15.46:0/3301617829 (peer_addr_for_me v2:172.21.15.46:0/0)
2024-05-09T04:40:20.310 INFO:teuthology.orchestra.run.smithi046.stdout:/usr/bin/ceph: stderr
2024-05-09T04:40:19.013+0000 7f69faffd700 1 -- 172.21.15.46:0/3301617829 --> [v2:172.21.15.46:3300/0,v1:172.21.15.46:6789/0] -- mon_subscribe({config=0+,monmap=0+}) -- 0x7f69fc10d040 con 0x7f69fc10a6e0
2024-05-09T04:40:20.311 INFO:teuthology.orchestra.run.smithi046.stdout:/usr/bin/ceph: stderr
2024-05-09T04:40:19.014+0000 7f69faffd700 1 --2- 172.21.15.46:0/3301617829 >> [v2:172.21.15.46:3300/0,v1:172.21.15.46:6789/0] conn(0x7f69fc10a6e0 0x7f69fc10cb00 secure :-1 s=READY pgs=55 cs=0 l=1 rev1=1 crypto rx=0x7f69ec0098a0 tx=0x7f69ec009bb0 comp rx=0 tx=0).ready entity=mon.0 client_cookie=9c395c9802f8f7ba server_cookie=0 in_seq=0 out_seq=0
2024-05-09T04:40:20.311 INFO:teuthology.orchestra.run.smithi046.stdout:/usr/bin/ceph: stderr
2024-05-09T04:40:19.014+0000 7f69f9ffb700 1 -- 172.21.15.46:0/3301617829 <== mon.0 v2:172.21.15.46:3300/0 1 ==== mon_map magic: 0 ==== 205+0+0 (secure 0 0 0) 0x7f69ec004160 con 0x7f69fc10a6e0
2024-05-09T04:40:20.311 INFO:teuthology.orchestra.run.smithi046.stdout:/usr/bin/ceph: stderr
2024-05-09T04:40:19.014+0000 7f69f9ffb700 1 -- 172.21.15.46:0/3301617829 <== mon.0 v2:172.21.15.46:3300/0 2 ==== config(26 keys) ==== 1101+0+0 (secure 0 0 0) 0x7f69ec004300 con 0x7f69fc10a6e0
2024-05-09T04:40:20.311 INFO:teuthology.orchestra.run.smithi046.stdout:/usr/bin/ceph: stderr
2024-05-09T04:40:19.014+0000 7f69f9ffb700 1 -- 172.21.15.46:0/3301617829 <== mon.0 v2:172.21.15.46:3300/0 3 ==== mon_map magic: 0 ==== 205+0+0 (secure 0 0 0) 0x7f69ec011a20 con 0x7f69fc10a6e0
2024-05-09T04:40:20.311 INFO:teuthology.orchestra.run.smithi046.stdout:/usr/bin/ceph: stderr
2024-05-09T04:40:19.015+0000 7f6a017b3700 1 -- 172.21.15.46:0/3301617829 >> [v2:172.21.15.46:3300/0,v1:172.21.15.46:6789/0] conn(0x7f69fc10a6e0 msgr2=0x7f69fc10cb00 secure :-1 s=STATE_CONNECTION_ESTABLISHED l=1).mark_down
2024-05-09T04:40:20.311 INFO:teuthology.orchestra.run.smithi046.stdout:/usr/bin/ceph: stderr
2024-05-09T04:40:19.015+0000 7f6a017b3700 1 --2- 172.21.15.46:0/3301617829 >> [v2:172.21.15.46:3300/0,v1:172.21.15.46:6789/0] conn(0x7f69fc10a6e0 0x7f69fc10cb00 secure :-1 s=READY pgs=55 cs=0 l=1 rev1=1 crypto rx=0x7f69ec0098a0 tx=0x7f69ec009bb0 comp rx=0 tx=0).stop
2024-05-09T04:40:20.311 INFO:teuthology.orchestra.run.smithi046.stdout:/usr/bin/ceph: stderr
2024-05-09T04:40:19.015+0000 7f6a017b3700 1 -- 172.21.15.46:0/3301617829 shutdown_connections
2024-05-09T04:40:20.311 INFO:teuthology.orchestra.run.smithi046.stdout:/usr/bin/ceph: stderr
2024-05-09T04:40:19.015+0000 7f6a017b3700 1 --2- 172.21.15.46:0/3301617829 >> [v2:172.21.15.46:3300/0,v1:172.21.15.46:6789/0] conn(0x7f69fc10a6e0 0x7f69fc10cb00 unknown :-1 s=CLOSED pgs=55 cs=0 l=1 rev1=1 crypto rx=0 tx=0 comp rx=0 tx=0).stop
2024-05-09T04:40:20.311 INFO:teuthology.orchestra.run.smithi046.stdout:/usr/bin/ceph: stderr
2024-05-09T04:40:19.015+0000 7f6a017b3700 1 -- 172.21.15.46:0/3301617829 >> 172.21.15.46:0/3301617829 conn(0x7f69fc104160 msgr2=0x7f69fc1065f0 unknown :-1 s=STATE_NONE l=0).mark_down
2024-05-09T04:40:20.311 INFO:teuthology.orchestra.run.smithi046.stdout:/usr/bin/ceph: stderr
2024-05-09T04:40:19.015+0000 7f6a017b3700 1 -- 172.21.15.46:0/3301617829 shutdown_connections
2024-05-09T04:40:20.311 INFO:teuthology.orchestra.run.smithi046.stdout:/usr/bin/ceph: stderr
2024-05-09T04:40:19.015+0000 7f6a017b3700 1 -- 172.21.15.46:0/3301617829 wait complete.
2024-05-09T04:40:20.311 INFO:teuthology.orchestra.run.smithi046.stdout:/usr/bin/ceph: stderr
2024-05-09T04:40:19.015+0000 7f6a017b3700 1 Processor -- start
2024-05-09T04:40:20.311 INFO:teuthology.orchestra.run.smithi046.stdout:/usr/bin/ceph: stderr
2024-05-09T04:40:19.016+0000 7f6a017b3700 1 -- start start
2024-05-09T04:40:20.311 INFO:teuthology.orchestra.run.smithi046.stdout:/usr/bin/ceph: stderr
2024-05-09T04:40:19.016+0000 7f6a017b3700 1 --2- >> [v2:172.21.15.46:3300/0,v1:172.21.15.46:6789/0] conn(0x7f69fc10a6e0 0x7f69fc1a0140 unknown :-1 s=NONE pgs=0 cs=0 l=1 rev1=0 crypto rx=0 tx=0 comp rx=0 tx=0).connect
2024-05-09T04:40:20.312 INFO:teuthology.orchestra.run.smithi046.stdout:/usr/bin/ceph: stderr
2024-05-09T04:40:19.016+0000 7f6a017b3700 1 -- --> [v2:172.21.15.46:3300/0,v1:172.21.15.46:6789/0] -- mon_getmap magic: 0 -- 0x7f69fc109240 con 0x7f69fc10a6e0
2024-05-09T04:40:20.312 INFO:teuthology.orchestra.run.smithi046.stdout:/usr/bin/ceph: stderr
2024-05-09T04:40:19.016+0000 7f69faffd700 1 --2- >> [v2:172.21.15.46:3300/0,v1:172.21.15.46:6789/0] conn(0x7f69fc10a6e0 0x7f69fc1a0140 unknown :-1 s=BANNER_CONNECTING pgs=0 cs=0 l=1 rev1=0 crypto rx=0 tx=0 comp rx=0 tx=0)._handle_peer_banner_payload supported=3 required=0
2024-05-09T04:40:20.312 INFO:teuthology.orchestra.run.smithi046.stdout:/usr/bin/ceph: stderr
2024-05-09T04:40:19.016+0000 7f69faffd700 1 --2- >> [v2:172.21.15.46:3300/0,v1:172.21.15.46:6789/0] conn(0x7f69fc10a6e0 0x7f69fc1a0140 unknown :-1 s=HELLO_CONNECTING pgs=0 cs=0 l=1 rev1=1 crypto rx=0 tx=0 comp rx=0 tx=0).handle_hello peer v2:172.21.15.46:3300/0 says I am v2:172.21.15.46:49320/0 (socket says 172.21.15.46:49320)
2024-05-09T04:40:20.312 INFO:teuthology.orchestra.run.smithi046.stdout:/usr/bin/ceph: stderr
2024-05-09T04:40:19.016+0000 7f69faffd700 1 -- 172.21.15.46:0/2913546829 learned_addr learned my addr 172.21.15.46:0/2913546829 (peer_addr_for_me v2:172.21.15.46:0/0)
2024-05-09T04:40:20.312 INFO:teuthology.orchestra.run.smithi046.stdout:/usr/bin/ceph: stderr
2024-05-09T04:40:19.016+0000 7f69faffd700 1 -- 172.21.15.46:0/2913546829 --> [v2:172.21.15.46:3300/0,v1:172.21.15.46:6789/0] -- mon_subscribe({config=0+,monmap=0+}) -- 0x7f69fc1a0680 con 0x7f69fc10a6e0
2024-05-09T04:40:20.312 INFO:teuthology.orchestra.run.smithi046.stdout:/usr/bin/ceph: stderr
2024-05-09T04:40:19.016+0000 7f69faffd700 1 --2- 172.21.15.46:0/2913546829 >> [v2:172.21.15.46:3300/0,v1:172.21.15.46:6789/0] conn(0x7f69fc10a6e0 0x7f69fc1a0140 secure :-1 s=READY pgs=56 cs=0 l=1 rev1=1 crypto rx=0x7f69ec0119f0 tx=0x7f69ec011ad0 comp rx=0 tx=0).ready entity=mon.0 client_cookie=0 server_cookie=0 in_seq=0 out_seq=0
2024-05-09T04:40:20.312 INFO:teuthology.orchestra.run.smithi046.stdout:/usr/bin/ceph: stderr
2024-05-09T04:40:19.017+0000 7f69e3fff700 1 -- 172.21.15.46:0/2913546829 <== mon.0 v2:172.21.15.46:3300/0 1 ==== mon_map magic: 0 ==== 205+0+0 (secure 0 0 0) 0x7f69ec0039e0 con 0x7f69fc10a6e0
2024-05-09T04:40:20.312 INFO:teuthology.orchestra.run.smithi046.stdout:/usr/bin/ceph: stderr
2024-05-09T04:40:19.017+0000 7f69e3fff700 1 -- 172.21.15.46:0/2913546829 <== mon.0 v2:172.21.15.46:3300/0 2 ==== config(26 keys) ==== 1101+0+0 (secure 0 0 0) 0x7f69ec01b8f0 con 0x7f69fc10a6e0
2024-05-09T04:40:20.312 INFO:teuthology.orchestra.run.smithi046.stdout:/usr/bin/ceph: stderr
2024-05-09T04:40:19.017+0000 7f6a017b3700 1 -- 172.21.15.46:0/2913546829 --> [v2:172.21.15.46:3300/0,v1:172.21.15.46:6789/0] -- mon_subscribe({mgrmap=0+}) -- 0x7f69fc1a0910 con 0x7f69fc10a6e0
2024-05-09T04:40:20.312 INFO:teuthology.orchestra.run.smithi046.stdout:/usr/bin/ceph: stderr
2024-05-09T04:40:19.017+0000 7f69e3fff700 1 -- 172.21.15.46:0/2913546829 <== mon.0 v2:172.21.15.46:3300/0 3 ==== mon_map magic: 0 ==== 205+0+0 (secure 0 0 0) 0x7f69ec0237a0 con 0x7f69fc10a6e0
2024-05-09T04:40:20.312 INFO:teuthology.orchestra.run.smithi046.stdout:/usr/bin/ceph: stderr
2024-05-09T04:40:19.017+0000 7f6a017b3700 1 -- 172.21.15.46:0/2913546829 --> [v2:172.21.15.46:3300/0,v1:172.21.15.46:6789/0] -- mon_subscribe({osdmap=0}) -- 0x7f69fc1a3520 con 0x7f69fc10a6e0
2024-05-09T04:40:20.312 INFO:teuthology.orchestra.run.smithi046.stdout:/usr/bin/ceph: stderr
2024-05-09T04:40:19.018+0000 7f6a017b3700 1 -- 172.21.15.46:0/2913546829 --> [v2:172.21.15.46:3300/0,v1:172.21.15.46:6789/0] -- mon_command({"prefix": "get_command_descriptions"} v 0) -- 0x7f69fc064e20 con 0x7f69fc10a6e0
2024-05-09T04:40:20.312 INFO:teuthology.orchestra.run.smithi046.stdout:/usr/bin/ceph: stderr
2024-05-09T04:40:19.018+0000 7f69e3fff700 1 -- 172.21.15.46:0/2913546829 <== mon.0 v2:172.21.15.46:3300/0 4 ==== mgrmap(e 8) ==== 50222+0+0 (secure 0 0 0) 0x7f69ec023a50 con 0x7f69fc10a6e0
