2024-05-09T05:08:30.038+0000 7f417ca52700 1 --2- >> [v2:172.21.15.64:3300/0,v1:172.21.15.64:6789/0] conn(0x7f417810a7a0 0x7f417810cbc0 unknown :-1 s=HELLO_CONNECTING pgs=0 cs=0 l=0 rev1=1 crypto rx=0 tx=0 comp rx=0 tx=0).handle_hello peer v2:172.21.15.64:3300/0 says I am v2:172.21.15.64:47480/0 (socket says 172.21.15.64:47480)
2024-05-09T05:08:31.950 INFO:teuthology.orchestra.run.smithi064.stdout:/usr/bin/ceph: stderr
2024-05-09T05:08:30.038+0000 7f417ca52700 1 -- 172.21.15.64:0/3564223736 learned_addr learned my addr 172.21.15.64:0/3564223736 (peer_addr_for_me v2:172.21.15.64:0/0)
2024-05-09T05:08:31.951 INFO:teuthology.orchestra.run.smithi064.stdout:/usr/bin/ceph: stderr
2024-05-09T05:08:30.038+0000 7f417ca52700 1 -- 172.21.15.64:0/3564223736 --> [v2:172.21.15.64:3300/0,v1:172.21.15.64:6789/0] -- mon_subscribe({config=0+,monmap=0+}) -- 0x7f417810d100 con 0x7f417810a7a0
2024-05-09T05:08:31.951 INFO:teuthology.orchestra.run.smithi064.stdout:/usr/bin/ceph: stderr
2024-05-09T05:08:30.039+0000 7f417ca52700 1 --2- 172.21.15.64:0/3564223736 >> [v2:172.21.15.64:3300/0,v1:172.21.15.64:6789/0] conn(0x7f417810a7a0 0x7f417810cbc0 secure :-1 s=READY pgs=70 cs=0 l=1 rev1=1 crypto rx=0x7f416c0098a0 tx=0x7f416c009bb0 comp rx=0 tx=0).ready entity=mon.0 client_cookie=b0375e94c56a5804 server_cookie=0 in_seq=0 out_seq=0
2024-05-09T05:08:31.951 INFO:teuthology.orchestra.run.smithi064.stdout:/usr/bin/ceph: stderr
2024-05-09T05:08:30.039+0000 7f41777fe700 1 -- 172.21.15.64:0/3564223736 <== mon.0 v2:172.21.15.64:3300/0 1 ==== mon_map magic: 0 ==== 205+0+0 (secure 0 0 0) 0x7f416c004160 con 0x7f417810a7a0
2024-05-09T05:08:31.951 INFO:teuthology.orchestra.run.smithi064.stdout:/usr/bin/ceph: stderr
2024-05-09T05:08:30.039+0000 7f41777fe700 1 -- 172.21.15.64:0/3564223736 <== mon.0 v2:172.21.15.64:3300/0 2 ==== config(26 keys) ==== 1101+0+0 (secure 0 0 0) 0x7f416c004300 con 0x7f417810a7a0
2024-05-09T05:08:31.951 INFO:teuthology.orchestra.run.smithi064.stdout:/usr/bin/ceph: stderr
2024-05-09T05:08:30.039+0000 7f41777fe700 1 -- 172.21.15.64:0/3564223736 <== mon.0 v2:172.21.15.64:3300/0 3 ==== mon_map magic: 0 ==== 205+0+0 (secure 0 0 0) 0x7f416c011a20 con 0x7f417810a7a0
2024-05-09T05:08:31.951 INFO:teuthology.orchestra.run.smithi064.stdout:/usr/bin/ceph: stderr
2024-05-09T05:08:30.040+0000 7f417ecb6700 1 -- 172.21.15.64:0/3564223736 >> [v2:172.21.15.64:3300/0,v1:172.21.15.64:6789/0] conn(0x7f417810a7a0 msgr2=0x7f417810cbc0 secure :-1 s=STATE_CONNECTION_ESTABLISHED l=1).mark_down
2024-05-09T05:08:31.951 INFO:teuthology.orchestra.run.smithi064.stdout:/usr/bin/ceph: stderr
2024-05-09T05:08:30.040+0000 7f417ecb6700 1 --2- 172.21.15.64:0/3564223736 >> [v2:172.21.15.64:3300/0,v1:172.21.15.64:6789/0] conn(0x7f417810a7a0 0x7f417810cbc0 secure :-1 s=READY pgs=70 cs=0 l=1 rev1=1 crypto rx=0x7f416c0098a0 tx=0x7f416c009bb0 comp rx=0 tx=0).stop
2024-05-09T05:08:31.951 INFO:teuthology.orchestra.run.smithi064.stdout:/usr/bin/ceph: stderr
2024-05-09T05:08:30.040+0000 7f417ecb6700 1 -- 172.21.15.64:0/3564223736 shutdown_connections
2024-05-09T05:08:31.951 INFO:teuthology.orchestra.run.smithi064.stdout:/usr/bin/ceph: stderr
2024-05-09T05:08:30.040+0000 7f417ecb6700 1 --2- 172.21.15.64:0/3564223736 >> [v2:172.21.15.64:3300/0,v1:172.21.15.64:6789/0] conn(0x7f417810a7a0 0x7f417810cbc0 unknown :-1 s=CLOSED pgs=70 cs=0 l=1 rev1=1 crypto rx=0 tx=0 comp rx=0 tx=0).stop
2024-05-09T05:08:31.951 INFO:teuthology.orchestra.run.smithi064.stdout:/usr/bin/ceph: stderr
2024-05-09T05:08:30.040+0000 7f417ecb6700 1 -- 172.21.15.64:0/3564223736 >> 172.21.15.64:0/3564223736 conn(0x7f4178104240 msgr2=0x7f4178106690 unknown :-1 s=STATE_NONE l=0).mark_down
2024-05-09T05:08:31.951 INFO:teuthology.orchestra.run.smithi064.stdout:/usr/bin/ceph: stderr
2024-05-09T05:08:30.040+0000 7f417ecb6700 1 -- 172.21.15.64:0/3564223736 shutdown_connections
2024-05-09T05:08:31.951 INFO:teuthology.orchestra.run.smithi064.stdout:/usr/bin/ceph: stderr
2024-05-09T05:08:30.040+0000 7f417ecb6700 1 -- 172.21.15.64:0/3564223736 wait complete.
2024-05-09T05:08:31.951 INFO:teuthology.orchestra.run.smithi064.stdout:/usr/bin/ceph: stderr
2024-05-09T05:08:30.040+0000 7f417ecb6700 1 Processor -- start
2024-05-09T05:08:31.952 INFO:teuthology.orchestra.run.smithi064.stdout:/usr/bin/ceph: stderr
2024-05-09T05:08:30.040+0000 7f417ecb6700 1 -- start start
2024-05-09T05:08:31.952 INFO:teuthology.orchestra.run.smithi064.stdout:/usr/bin/ceph: stderr
2024-05-09T05:08:30.041+0000 7f417ecb6700 1 --2- >> [v2:172.21.15.64:3300/0,v1:172.21.15.64:6789/0] conn(0x7f417810a7a0 0x7f417819e020 unknown :-1 s=NONE pgs=0 cs=0 l=1 rev1=0 crypto rx=0 tx=0 comp rx=0 tx=0).connect
2024-05-09T05:08:31.952 INFO:teuthology.orchestra.run.smithi064.stdout:/usr/bin/ceph: stderr
2024-05-09T05:08:30.041+0000 7f417ecb6700 1 -- --> [v2:172.21.15.64:3300/0,v1:172.21.15.64:6789/0] -- mon_getmap magic: 0 -- 0x7f417810e0a0 con 0x7f417810a7a0
2024-05-09T05:08:31.952 INFO:teuthology.orchestra.run.smithi064.stdout:/usr/bin/ceph: stderr
2024-05-09T05:08:30.041+0000 7f417ca52700 1 --2- >> [v2:172.21.15.64:3300/0,v1:172.21.15.64:6789/0] conn(0x7f417810a7a0 0x7f417819e020 unknown :-1 s=BANNER_CONNECTING pgs=0 cs=0 l=1 rev1=0 crypto rx=0 tx=0 comp rx=0 tx=0)._handle_peer_banner_payload supported=3 required=0
2024-05-09T05:08:31.952 INFO:teuthology.orchestra.run.smithi064.stdout:/usr/bin/ceph: stderr
2024-05-09T05:08:30.041+0000 7f417ca52700 1 --2- >> [v2:172.21.15.64:3300/0,v1:172.21.15.64:6789/0] conn(0x7f417810a7a0 0x7f417819e020 unknown :-1 s=HELLO_CONNECTING pgs=0 cs=0 l=1 rev1=1 crypto rx=0 tx=0 comp rx=0 tx=0).handle_hello peer v2:172.21.15.64:3300/0 says I am v2:172.21.15.64:47486/0 (socket says 172.21.15.64:47486)
2024-05-09T05:08:31.952 INFO:teuthology.orchestra.run.smithi064.stdout:/usr/bin/ceph: stderr
2024-05-09T05:08:30.041+0000 7f417ca52700 1 -- 172.21.15.64:0/764702165 learned_addr learned my addr 172.21.15.64:0/764702165 (peer_addr_for_me v2:172.21.15.64:0/0)
2024-05-09T05:08:31.952 INFO:teuthology.orchestra.run.smithi064.stdout:/usr/bin/ceph: stderr
2024-05-09T05:08:30.041+0000 7f417ca52700 1 -- 172.21.15.64:0/764702165 --> [v2:172.21.15.64:3300/0,v1:172.21.15.64:6789/0] -- mon_subscribe({config=0+,monmap=0+}) -- 0x7f417819e560 con 0x7f417810a7a0
2024-05-09T05:08:31.952 INFO:teuthology.orchestra.run.smithi064.stdout:/usr/bin/ceph: stderr
2024-05-09T05:08:30.041+0000 7f417ca52700 1 --2- 172.21.15.64:0/764702165 >> [v2:172.21.15.64:3300/0,v1:172.21.15.64:6789/0] conn(0x7f417810a7a0 0x7f417819e020 secure :-1 s=READY pgs=71 cs=0 l=1 rev1=1 crypto rx=0x7f416c0119f0 tx=0x7f416c011ad0 comp rx=0 tx=0).ready entity=mon.0 client_cookie=0 server_cookie=0 in_seq=0 out_seq=0
2024-05-09T05:08:31.952 INFO:teuthology.orchestra.run.smithi064.stdout:/usr/bin/ceph: stderr
2024-05-09T05:08:30.041+0000 7f4175ffb700 1 -- 172.21.15.64:0/764702165 <== mon.0 v2:172.21.15.64:3300/0 1 ==== mon_map magic: 0 ==== 205+0+0 (secure 0 0 0) 0x7f416c0039e0 con 0x7f417810a7a0
2024-05-09T05:08:31.952 INFO:teuthology.orchestra.run.smithi064.stdout:/usr/bin/ceph: stderr
2024-05-09T05:08:30.042+0000 7f4175ffb700 1 -- 172.21.15.64:0/764702165 <== mon.0 v2:172.21.15.64:3300/0 2 ==== config(26 keys) ==== 1101+0+0 (secure 0 0 0) 0x7f416c01b8f0 con 0x7f417810a7a0
2024-05-09T05:08:31.952 INFO:teuthology.orchestra.run.smithi064.stdout:/usr/bin/ceph: stderr
2024-05-09T05:08:30.042+0000 7f417ecb6700 1 -- 172.21.15.64:0/764702165 --> [v2:172.21.15.64:3300/0,v1:172.21.15.64:6789/0] -- mon_subscribe({mgrmap=0+}) -- 0x7f417819e7f0 con 0x7f417810a7a0
2024-05-09T05:08:31.952 INFO:teuthology.orchestra.run.smithi064.stdout:/usr/bin/ceph: stderr
2024-05-09T05:08:30.042+0000 7f4175ffb700 1 -- 172.21.15.64:0/764702165 <== mon.0 v2:172.21.15.64:3300/0 3 ==== mon_map magic: 0 ==== 205+0+0 (secure 0 0 0) 0x7f416c0237a0 con 0x7f417810a7a0
2024-05-09T05:08:31.952 INFO:teuthology.orchestra.run.smithi064.stdout:/usr/bin/ceph: stderr
2024-05-09T05:08:30.042+0000 7f417ecb6700 1 -- 172.21.15.64:0/764702165 --> [v2:172.21.15.64:3300/0,v1:172.21.15.64:6789/0] -- mon_subscribe({osdmap=0}) -- 0x7f41781a1400 con 0x7f417810a7a0
2024-05-09T05:08:31.952 INFO:teuthology.orchestra.run.smithi064.stdout:/usr/bin/ceph: stderr
2024-05-09T05:08:30.043+0000 7f4175ffb700 1 -- 172.21.15.64:0/764702165 <== mon.0 v2:172.21.15.64:3300/0 4 ==== mgrmap(e 12) ==== 50235+0+0 (secure 0 0 0) 0x7f416c02c3f0 con 0x7f417810a7a0
2024-05-09T05:08:31.953 INFO:teuthology.orchestra.run.smithi064.stdout:/usr/bin/ceph: stderr
2024-05-09T05:08:30.043+0000 7f417ecb6700 1 -- 172.21.15.64:0/764702165 --> [v2:172.21.15.64:3300/0,v1:172.21.15.64:6789/0] -- mon_command({"prefix": "get_command_descriptions"} v 0) -- 0x7f4178064e20 con 0x7f417810a7a0
2024-05-09T05:08:31.953 INFO:teuthology.orchestra.run.smithi064.stdout:/usr/bin/ceph: stderr
2024-05-09T05:08:30.043+0000 7f4175ffb700 1 --2- 172.21.15.64:0/764702165 >> [v2:172.21.15.64:6800/2663941252,v1:172.21.15.64:6801/2663941252] conn(0x7f416803e4d0 0x7f41680409e0 unknown :-1 s=NONE pgs=0 cs=0 l=1 rev1=0 crypto rx=0 tx=0 comp rx=0 tx=0).connect
2024-05-09T05:08:31.953 INFO:teuthology.orchestra.run.smithi064.stdout:/usr/bin/ceph: stderr
2024-05-09T05:08:30.043+0000 7f4175ffb700 1 -- 172.21.15.64:0/764702165 <== mon.0 v2:172.21.15.64:3300/0 5 ==== osd_map(3..3 src has 1..3) ==== 1155+0+0 (secure 0 0 0) 0x7f416c053ef0 con 0x7f417810a7a0
2024-05-09T05:08:31.953 INFO:teuthology.orchestra.run.smithi064.stdout:/usr/bin/ceph: stderr
2024-05-09T05:08:30.043+0000 7f4177fff700 1 --2- 172.21.15.64:0/764702165 >> [v2:172.21.15.64:6800/2663941252,v1:172.21.15.64:6801/2663941252] conn(0x7f416803e4d0 0x7f41680409e0 unknown :-1 s=BANNER_CONNECTING pgs=0 cs=0 l=1 rev1=0 crypto rx=0 tx=0 comp rx=0 tx=0)._handle_peer_banner_payload supported=3 required=0
2024-05-09T05:08:31.953 INFO:teuthology.orchestra.run.smithi064.stdout:/usr/bin/ceph: stderr
2024-05-09T05:08:30.044+0000 7f4177fff700 1 --2- 172.21.15.64:0/764702165 >> [v2:172.21.15.64:6800/2663941252,v1:172.21.15.64:6801/2663941252] conn(0x7f416803e4d0 0x7f41680409e0 secure :-1 s=READY pgs=8 cs=0 l=1 rev1=1 crypto rx=0x7f4164006fd0 tx=0x7f4164006e40 comp rx=0 tx=0).ready entity=mgr.14150 client_cookie=0 server_cookie=0 in_seq=0 out_seq=0
2024-05-09T05:08:31.953 INFO:teuthology.orchestra.run.smithi064.stdout:/usr/bin/ceph: stderr
2024-05-09T05:08:30.049+0000 7f4175ffb700 1 -- 172.21.15.64:0/764702165 <== mon.0 v2:172.21.15.64:3300/0 6 ==== mon_command_ack([{"prefix": "get_command_descriptions"}]=0 v0) ==== 72+0+191963 (secure 0 0 0) 0x7f416c01f030 con 0x7f417810a7a0
2024-05-09T05:08:31.953 INFO:teuthology.orchestra.run.smithi064.stdout:/usr/bin/ceph: stderr
2024-05-09T05:08:30.281+0000 7f417ecb6700 1 -- 172.21.15.64:0/764702165 --> [v2:172.21.15.64:6800/2663941252,v1:172.21.15.64:6801/2663941252] -- mgr_command(tid 0: {"prefix": "dashboard ac-user-create", "username": "admin", "rolename": "administrator", "force_password": true, "pwd_update_required": true, "target": ["mon-mgr", ""]}) -- 0x7f41781a1690 con 0x7f416803e4d0
2024-05-09T05:08:31.953 INFO:teuthology.orchestra.run.smithi064.stdout:/usr/bin/ceph: stderr
2024-05-09T05:08:30.530+0000 7f4175ffb700 1 -- 172.21.15.64:0/764702165 <== mgr.14150 v2:172.21.15.64:6800/2663941252 1 ==== mgr_command_reply(tid 0: 0 ) ==== 8+0+252 (secure 0 0 0) 0x7f41781a1690 con 0x7f416803e4d0
2024-05-09T05:08:31.953 INFO:teuthology.orchestra.run.smithi064.stdout:/usr/bin/ceph: stderr
2024-05-09T05:08:30.532+0000 7f417ecb6700 1 -- 172.21.15.64:0/764702165 >> [v2:172.21.15.64:6800/2663941252,v1:172.21.15.64:6801/2663941252] conn(0x7f416803e4d0 msgr2=0x7f41680409e0 secure :-1 s=STATE_CONNECTION_ESTABLISHED l=1).mark_down
2024-05-09T05:08:31.953 INFO:teuthology.orchestra.run.smithi064.stdout:/usr/bin/ceph: stderr
2024-05-09T05:08:30.532+0000 7f417ecb6700 1 --2- 172.21.15.64:0/764702165 >> [v2:172.21.15.64:6800/2663941252,v1:172.21.15.64:6801/2663941252] conn(0x7f416803e4d0 0x7f41680409e0 secure :-1 s=READY pgs=8 cs=0 l=1 rev1=1 crypto rx=0x7f4164006fd0 tx=0x7f4164006e40 comp rx=0 tx=0).stop
2024-05-09T05:08:31.953 INFO:teuthology.orchestra.run.smithi064.stdout:/usr/bin/ceph: stderr
2024-05-09T05:08:30.532+0000 7f417ecb6700 1 -- 172.21.15.64:0/764702165 >> [v2:172.21.15.64:3300/0,v1:172.21.15.64:6789/0] conn(0x7f417810a7a0 msgr2=0x7f417819e020 secure :-1 s=STATE_CONNECTION_ESTABLISHED l=1).mark_down
2024-05-09T05:08:31.953 INFO:teuthology.orchestra.run.smithi064.stdout:/usr/bin/ceph: stderr
2024-05-09T05:08:30.532+0000 7f417ecb6700 1 --2- 172.21.15.64:0/764702165 >> [v2:172.21.15.64:3300/0,v1:172.21.15.64:6789/0] conn(0x7f417810a7a0 0x7f417819e020 secure :-1 s=READY pgs=71 cs=0 l=1 rev1=1 crypto rx=0x7f416c0119f0 tx=0x7f416c011ad0 comp rx=0 tx=0).stop
2024-05-09T05:08:31.953 INFO:teuthology.orchestra.run.smithi064.stdout:/usr/bin/ceph: stderr
2024-05-09T05:08:30.532+0000 7f417ecb6700 1 -- 172.21.15.64:0/764702165 shutdown_connections
2024-05-09T05:08:31.954 INFO:teuthology.orchestra.run.smithi064.stdout:/usr/bin/ceph: stderr
2024-05-09T05:08:30.532+0000 7f417ecb6700 1 --2- 172.21.15.64:0/764702165 >> [v2:172.21.15.64:6800/2663941252,v1:172.21.15.64:6801/2663941252] conn(0x7f416803e4d0 0x7f41680409e0 unknown :-1 s=CLOSED pgs=8 cs=0 l=1 rev1=1 crypto rx=0 tx=0 comp rx=0 tx=0).stop
2024-05-09T05:08:31.954 INFO:teuthology.orchestra.run.smithi064.stdout:/usr/bin/ceph: stderr
2024-05-09T05:08:30.532+0000 7f417ecb6700 1 --2- 172.21.15.64:0/764702165 >> [v2:172.21.15.64:3300/0,v1:172.21.15.64:6789/0] conn(0x7f417810a7a0 0x7f417819e020 unknown :-1 s=CLOSED pgs=71 cs=0 l=1 rev1=1 crypto rx=0 tx=0 comp rx=0 tx=0).stop
2024-05-09T05:08:31.954 INFO:teuthology.orchestra.run.smithi064.stdout:/usr/bin/ceph: stderr
2024-05-09T05:08:30.532+0000 7f417ecb6700 1 -- 172.21.15.64:0/764702165 >> 172.21.15.64:0/764702165 conn(0x7f4178104240 msgr2=0x7f4178105aa0 unknown :-1 s=STATE_NONE l=0).mark_down
2024-05-09T05:08:31.954 INFO:teuthology.orchestra.run.smithi064.stdout:/usr/bin/ceph: stderr
2024-05-09T05:08:30.533+0000 7f417ecb6700 1 -- 172.21.15.64:0/764702165 shutdown_connections
2024-05-09T05:08:31.954 INFO:teuthology.orchestra.run.smithi064.stdout:/usr/bin/ceph: stderr
2024-05-09T05:08:30.533+0000 7f417ecb6700 1 -- 172.21.15.64:0/764702165 wait complete.
2024-05-09T05:08:31.954 INFO:teuthology.orchestra.run.smithi064.stdout:Fetching dashboard port number...
2024-05-09T05:08:32.067 INFO:journalctl@ceph.mon.a.smithi064.stdout:May 09 05:08:31 smithi064 ceph-mon[30117]: from='client.14164 -' entity='client.admin' cmd=[{"prefix": "dashboard ac-user-create", "username": "admin", "rolename": "administrator", "force_password": true, "pwd_update_required": true, "target": ["mon-mgr", ""]}]: dispatch
2024-05-09T05:08:33.107 INFO:teuthology.orchestra.run.smithi064.stdout:/usr/bin/ceph: stdout 8443
2024-05-09T05:08:33.107 INFO:teuthology.orchestra.run.smithi064.stdout:/usr/bin/ceph: stderr
2024-05-09T05:08:32.351+0000 7feb6b0e3700 1 Processor -- start
2024-05-09T05:08:33.107 INFO:teuthology.orchestra.run.smithi064.stdout:/usr/bin/ceph: stderr
2024-05-09T05:08:32.351+0000 7feb6b0e3700 1 -- start start
2024-05-09T05:08:33.107 INFO:teuthology.orchestra.run.smithi064.stdout:/usr/bin/ceph: stderr
2024-05-09T05:08:32.351+0000 7feb6b0e3700 1 --2- >> [v2:172.21.15.64:3300/0,v1:172.21.15.64:6789/0] conn(0x7feb64108b00 0x7feb64108f10 unknown :-1 s=NONE pgs=0 cs=0 l=0 rev1=0 crypto rx=0 tx=0 comp rx=0 tx=0).connect
2024-05-09T05:08:33.107 INFO:teuthology.orchestra.run.smithi064.stdout:/usr/bin/ceph: stderr
2024-05-09T05:08:32.351+0000 7feb6b0e3700 1 -- --> [v2:172.21.15.64:3300/0,v1:172.21.15.64:6789/0] -- mon_getmap magic: 0 -- 0x7feb64109500 con 0x7feb64108b00
2024-05-09T05:08:33.107 INFO:teuthology.orchestra.run.smithi064.stdout:/usr/bin/ceph: stderr
2024-05-09T05:08:32.352+0000 7feb68e7f700 1 --2- >> [v2:172.21.15.64:3300/0,v1:172.21.15.64:6789/0] conn(0x7feb64108b00 0x7feb64108f10 unknown :-1 s=BANNER_CONNECTING pgs=0 cs=0 l=0 rev1=0 crypto rx=0 tx=0 comp rx=0 tx=0)._handle_peer_banner_payload supported=3 required=0
2024-05-09T05:08:33.107 INFO:teuthology.orchestra.run.smithi064.stdout:/usr/bin/ceph: stderr
2024-05-09T05:08:32.352+0000 7feb68e7f700 1 --2- >> [v2:172.21.15.64:3300/0,v1:172.21.15.64:6789/0] conn(0x7feb64108b00 0x7feb64108f10 unknown :-1 s=HELLO_CONNECTING pgs=0 cs=0 l=0 rev1=1 crypto rx=0 tx=0 comp rx=0 tx=0).handle_hello peer v2:172.21.15.64:3300/0 says I am v2:172.21.15.64:47490/0 (socket says 172.21.15.64:47490)
2024-05-09T05:08:33.107 INFO:teuthology.orchestra.run.smithi064.stdout:/usr/bin/ceph: stderr
2024-05-09T05:08:32.352+0000 7feb68e7f700 1 -- 172.21.15.64:0/962524078 learned_addr learned my addr 172.21.15.64:0/962524078 (peer_addr_for_me v2:172.21.15.64:0/0)
2024-05-09T05:08:33.107 INFO:teuthology.orchestra.run.smithi064.stdout:/usr/bin/ceph: stderr
2024-05-09T05:08:32.352+0000 7feb68e7f700 1 -- 172.21.15.64:0/962524078 --> [v2:172.21.15.64:3300/0,v1:172.21.15.64:6789/0] -- mon_subscribe({config=0+,monmap=0+}) -- 0x7feb64109cd0 con 0x7feb64108b00
2024-05-09T05:08:33.107 INFO:teuthology.orchestra.run.smithi064.stdout:/usr/bin/ceph: stderr
2024-05-09T05:08:32.352+0000 7feb68e7f700 1 --2- 172.21.15.64:0/962524078 >> [v2:172.21.15.64:3300/0,v1:172.21.15.64:6789/0] conn(0x7feb64108b00 0x7feb64108f10 secure :-1 s=READY pgs=72 cs=0 l=1 rev1=1 crypto rx=0x7feb600098a0 tx=0x7feb60009bb0 comp rx=0 tx=0).ready entity=mon.0 client_cookie=627f6817ab19ca92 server_cookie=0 in_seq=0 out_seq=0
2024-05-09T05:08:33.107 INFO:teuthology.orchestra.run.smithi064.stdout:/usr/bin/ceph: stderr
2024-05-09T05:08:32.352+0000 7feb5b7fe700 1 -- 172.21.15.64:0/962524078 <== mon.0 v2:172.21.15.64:3300/0 1 ==== mon_map magic: 0 ==== 205+0+0 (secure 0 0 0) 0x7feb60004160 con 0x7feb64108b00
2024-05-09T05:08:33.108 INFO:teuthology.orchestra.run.smithi064.stdout:/usr/bin/ceph: stderr
2024-05-09T05:08:32.352+0000 7feb5b7fe700 1 -- 172.21.15.64:0/962524078 <== mon.0 v2:172.21.15.64:3300/0 2 ==== config(26 keys) ==== 1101+0+0 (secure 0 0 0) 0x7feb60004300 con 0x7feb64108b00
2024-05-09T05:08:33.108 INFO:teuthology.orchestra.run.smithi064.stdout:/usr/bin/ceph: stderr
2024-05-09T05:08:32.353+0000 7feb5b7fe700 1 -- 172.21.15.64:0/962524078 <== mon.0 v2:172.21.15.64:3300/0 3 ==== mon_map magic: 0 ==== 205+0+0 (secure 0 0 0) 0x7feb60011a20 con 0x7feb64108b00
2024-05-09T05:08:33.108 INFO:teuthology.orchestra.run.smithi064.stdout:/usr/bin/ceph: stderr
2024-05-09T05:08:32.353+0000 7feb6b0e3700 1 -- 172.21.15.64:0/962524078 >> [v2:172.21.15.64:3300/0,v1:172.21.15.64:6789/0] conn(0x7feb64108b00 msgr2=0x7feb64108f10 secure :-1 s=STATE_CONNECTION_ESTABLISHED l=1).mark_down
2024-05-09T05:08:33.108 INFO:teuthology.orchestra.run.smithi064.stdout:/usr/bin/ceph: stderr
2024-05-09T05:08:32.353+0000 7feb6b0e3700 1 --2- 172.21.15.64:0/962524078 >> [v2:172.21.15.64:3300/0,v1:172.21.15.64:6789/0] conn(0x7feb64108b00 0x7feb64108f10 secure :-1 s=READY pgs=72 cs=0 l=1 rev1=1 crypto rx=0x7feb600098a0 tx=0x7feb60009bb0 comp rx=0 tx=0).stop
2024-05-09T05:08:33.108 INFO:teuthology.orchestra.run.smithi064.stdout:/usr/bin/ceph: stderr
2024-05-09T05:08:32.353+0000 7feb6b0e3700 1 -- 172.21.15.64:0/962524078 shutdown_connections
2024-05-09T05:08:33.108 INFO:teuthology.orchestra.run.smithi064.stdout:/usr/bin/ceph: stderr
2024-05-09T05:08:32.353+0000 7feb6b0e3700 1 --2- 172.21.15.64:0/962524078 >> [v2:172.21.15.64:3300/0,v1:172.21.15.64:6789/0] conn(0x7feb64108b00 0x7feb64108f10 unknown :-1 s=CLOSED pgs=72 cs=0 l=1 rev1=1 crypto rx=0 tx=0 comp rx=0 tx=0).stop
2024-05-09T05:08:33.108 INFO:teuthology.orchestra.run.smithi064.stdout:/usr/bin/ceph: stderr
2024-05-09T05:08:32.353+0000 7feb6b0e3700 1 -- 172.21.15.64:0/962524078 >> 172.21.15.64:0/962524078 conn(0x7feb641041e0 msgr2=0x7feb64106630 unknown :-1 s=STATE_NONE l=0).mark_down
2024-05-09T05:08:33.108 INFO:teuthology.orchestra.run.smithi064.stdout:/usr/bin/ceph: stderr
2024-05-09T05:08:32.353+0000 7feb6b0e3700 1 -- 172.21.15.64:0/962524078 shutdown_connections
2024-05-09T05:08:33.108 INFO:teuthology.orchestra.run.smithi064.stdout:/usr/bin/ceph: stderr
2024-05-09T05:08:32.353+0000 7feb6b0e3700 1 -- 172.21.15.64:0/962524078 wait complete.
2024-05-09T05:08:33.108 INFO:teuthology.orchestra.run.smithi064.stdout:/usr/bin/ceph: stderr
2024-05-09T05:08:32.354+0000 7feb6b0e3700 1 Processor -- start
2024-05-09T05:08:33.108 INFO:teuthology.orchestra.run.smithi064.stdout:/usr/bin/ceph: stderr
2024-05-09T05:08:32.354+0000 7feb6b0e3700 1 -- start start
2024-05-09T05:08:33.108 INFO:teuthology.orchestra.run.smithi064.stdout:/usr/bin/ceph: stderr
2024-05-09T05:08:32.354+0000 7feb6b0e3700 1 --2- >> [v2:172.21.15.64:3300/0,v1:172.21.15.64:6789/0] conn(0x7feb64108b00 0x7feb641a02b0 unknown :-1 s=NONE pgs=0 cs=0 l=1 rev1=0 crypto rx=0 tx=0 comp rx=0 tx=0).connect
2024-05-09T05:08:33.108 INFO:teuthology.orchestra.run.smithi064.stdout:/usr/bin/ceph: stderr
2024-05-09T05:08:32.354+0000 7feb6b0e3700 1 -- --> [v2:172.21.15.64:3300/0,v1:172.21.15.64:6789/0] -- mon_getmap magic: 0 -- 0x7feb6410d080 con 0x7feb64108b00
2024-05-09T05:08:33.108 INFO:teuthology.orchestra.run.smithi064.stdout:/usr/bin/ceph: stderr
2024-05-09T05:08:32.354+0000 7feb68e7f700 1 --2- >> [v2:172.21.15.64:3300/0,v1:172.21.15.64:6789/0] conn(0x7feb64108b00 0x7feb641a02b0 unknown :-1 s=BANNER_CONNECTING pgs=0 cs=0 l=1 rev1=0 crypto rx=0 tx=0 comp rx=0 tx=0)._handle_peer_banner_payload supported=3 required=0
2024-05-09T05:08:33.109 INFO:teuthology.orchestra.run.smithi064.stdout:/usr/bin/ceph: stderr
2024-05-09T05:08:32.354+0000 7feb68e7f700 1 --2- >> [v2:172.21.15.64:3300/0,v1:172.21.15.64:6789/0] conn(0x7feb64108b00 0x7feb641a02b0 unknown :-1 s=HELLO_CONNECTING pgs=0 cs=0 l=1 rev1=1 crypto rx=0 tx=0 comp rx=0 tx=0).handle_hello peer v2:172.21.15.64:3300/0 says I am v2:172.21.15.64:47494/0 (socket says 172.21.15.64:47494)
2024-05-09T05:08:33.109 INFO:teuthology.orchestra.run.smithi064.stdout:/usr/bin/ceph: stderr
2024-05-09T05:08:32.354+0000 7feb68e7f700 1 -- 172.21.15.64:0/691622830 learned_addr learned my addr 172.21.15.64:0/691622830 (peer_addr_for_me v2:172.21.15.64:0/0)
2024-05-09T05:08:33.109 INFO:teuthology.orchestra.run.smithi064.stdout:/usr/bin/ceph: stderr
2024-05-09T05:08:32.355+0000 7feb68e7f700 1 -- 172.21.15.64:0/691622830 --> [v2:172.21.15.64:3300/0,v1:172.21.15.64:6789/0] -- mon_subscribe({config=0+,monmap=0+}) -- 0x7feb641a07f0 con 0x7feb64108b00
2024-05-09T05:08:33.109 INFO:teuthology.orchestra.run.smithi064.stdout:/usr/bin/ceph: stderr
2024-05-09T05:08:32.355+0000 7feb68e7f700 1 --2- 172.21.15.64:0/691622830 >> [v2:172.21.15.64:3300/0,v1:172.21.15.64:6789/0] conn(0x7feb64108b00 0x7feb641a02b0 secure :-1 s=READY pgs=73 cs=0 l=1 rev1=1 crypto rx=0x7feb60011a20 tx=0x7feb60011b00 comp rx=0 tx=0).ready entity=mon.0 client_cookie=0 server_cookie=0 in_seq=0 out_seq=0
2024-05-09T05:08:33.109 INFO:teuthology.orchestra.run.smithi064.stdout:/usr/bin/ceph: stderr
2024-05-09T05:08:32.355+0000 7feb59ffb700 1 -- 172.21.15.64:0/691622830 <== mon.0 v2:172.21.15.64:3300/0 1 ==== mon_map magic: 0 ==== 205+0+0 (secure 0 0 0) 0x7feb600039c0 con 0x7feb64108b00
2024-05-09T05:08:33.109 INFO:teuthology.orchestra.run.smithi064.stdout:/usr/bin/ceph: stderr
2024-05-09T05:08:32.355+0000 7feb59ffb700 1 -- 172.21.15.64:0/691622830 <== mon.0 v2:172.21.15.64:3300/0 2 ==== config(26 keys) ==== 1101+0+0 (secure 0 0 0) 0x7feb60003b60 con 0x7feb64108b00
2024-05-09T05:08:33.109 INFO:teuthology.orchestra.run.smithi064.stdout:/usr/bin/ceph: stderr
2024-05-09T05:08:32.355+0000 7feb6b0e3700 1 -- 172.21.15.64:0/691622830 --> [v2:172.21.15.64:3300/0,v1:172.21.15.64:6789/0] -- mon_subscribe({mgrmap=0+}) -- 0x7feb641a0a80 con 0x7feb64108b00
2024-05-09T05:08:33.109 INFO:teuthology.orchestra.run.smithi064.stdout:/usr/bin/ceph: stderr
2024-05-09T05:08:32.355+0000 7feb59ffb700 1 -- 172.21.15.64:0/691622830 <== mon.0 v2:172.21.15.64:3300/0 3 ==== mon_map magic: 0 ==== 205+0+0 (secure 0 0 0) 0x7feb60019700 con 0x7feb64108b00
2024-05-09T05:08:33.109 INFO:teuthology.orchestra.run.smithi064.stdout:/usr/bin/ceph: stderr
2024-05-09T05:08:32.355+0000 7feb6b0e3700 1 -- 172.21.15.64:0/691622830 --> [v2:172.21.15.64:3300/0,v1:172.21.15.64:6789/0] -- mon_subscribe({osdmap=0}) -- 0x7feb641a3690 con 0x7feb64108b00
2024-05-09T05:08:33.109 INFO:teuthology.orchestra.run.smithi064.stdout:/usr/bin/ceph: stderr
2024-05-09T05:08:32.356+0000 7feb6b0e3700 1 -- 172.21.15.64:0/691622830 --> [v2:172.21.15.64:3300/0,v1:172.21.15.64:6789/0] -- mon_command({"prefix": "get_command_descriptions"} v 0) -- 0x7feb64064e20 con 0x7feb64108b00
2024-05-09T05:08:33.109 INFO:teuthology.orchestra.run.smithi064.stdout:/usr/bin/ceph: stderr
2024-05-09T05:08:32.356+0000 7feb59ffb700 1 -- 172.21.15.64:0/691622830 <== mon.0 v2:172.21.15.64:3300/0 4 ==== mgrmap(e 12) ==== 50235+0+0 (secure 0 0 0) 0x7feb600199b0 con 0x7feb64108b00
2024-05-09T05:08:33.109 INFO:teuthology.orchestra.run.smithi064.stdout:/usr/bin/ceph: stderr
2024-05-09T05:08:32.357+0000 7feb59ffb700 1 --2- 172.21.15.64:0/691622830 >> [v2:172.21.15.64:6800/2663941252,v1:172.21.15.64:6801/2663941252] conn(0x7feb4c03e4d0 0x7feb4c0409e0 unknown :-1 s=NONE pgs=0 cs=0 l=1 rev1=0 crypto rx=0 tx=0 comp rx=0 tx=0).connect
2024-05-09T05:08:33.109 INFO:teuthology.orchestra.run.smithi064.stdout:/usr/bin/ceph: stderr
2024-05-09T05:08:32.357+0000 7feb59ffb700 1 -- 172.21.15.64:0/691622830 <== mon.0 v2:172.21.15.64:3300/0 5 ==== osd_map(3..3 src has 1..3) ==== 1155+0+0 (secure 0 0 0) 0x7feb60053e10 con 0x7feb64108b00
2024-05-09T05:08:33.110 INFO:teuthology.orchestra.run.smithi064.stdout:/usr/bin/ceph: stderr
2024-05-09T05:08:32.357+0000 7feb5bfff700 1 --2- 172.21.15.64:0/691622830 >> [v2:172.21.15.64:6800/2663941252,v1:172.21.15.64:6801/2663941252] conn(0x7feb4c03e4d0 0x7feb4c0409e0 unknown :-1 s=BANNER_CONNECTING pgs=0 cs=0 l=1 rev1=0 crypto rx=0 tx=0 comp rx=0 tx=0)._handle_peer_banner_payload supported=3 required=0
2024-05-09T05:08:33.110 INFO:teuthology.orchestra.run.smithi064.stdout:/usr/bin/ceph: stderr
2024-05-09T05:08:32.357+0000 7feb5bfff700 1 --2- 172.21.15.64:0/691622830 >> [v2:172.21.15.64:6800/2663941252,v1:172.21.15.64:6801/2663941252] conn(0x7feb4c03e4d0 0x7feb4c0409e0 secure :-1 s=READY pgs=9 cs=0 l=1 rev1=1 crypto rx=0x7feb54006fd0 tx=0x7feb54006e40 comp rx=0 tx=0).ready entity=mgr.14150 client_cookie=0 server_cookie=0 in_seq=0 out_seq=0
2024-05-09T05:08:33.110 INFO:teuthology.orchestra.run.smithi064.stdout:/usr/bin/ceph: stderr
2024-05-09T05:08:32.362+0000 7feb59ffb700 1 -- 172.21.15.64:0/691622830 <== mon.0 v2:172.21.15.64:3300/0 6 ==== mon_command_ack([{"prefix": "get_command_descriptions"}]=0 v0) ==== 72+0+191963 (secure 0 0 0) 0x7feb60017e90 con 0x7feb64108b00
2024-05-09T05:08:33.110 INFO:teuthology.orchestra.run.smithi064.stdout:/usr/bin/ceph: stderr
2024-05-09T05:08:32.577+0000 7feb6b0e3700 1 -- 172.21.15.64:0/691622830 --> [v2:172.21.15.64:3300/0,v1:172.21.15.64:6789/0] -- mon_command({"prefix": "config get", "who": "mgr", "key": "mgr/dashboard/ssl_server_port"} v 0) -- 0x7feb640643d0 con 0x7feb64108b00
2024-05-09T05:08:33.110 INFO:teuthology.orchestra.run.smithi064.stdout:/usr/bin/ceph: stderr
2024-05-09T05:08:32.577+0000 7feb59ffb700 1 -- 172.21.15.64:0/691622830 <== mon.0 v2:172.21.15.64:3300/0 7 ==== mon_command_ack([{"prefix": "config get", "who": "mgr", "key": "mgr/dashboard/ssl_server_port"}]=0 v8) ==== 112+0+5 (secure 0 0 0) 0x7feb60019df0 con 0x7feb64108b00
2024-05-09T05:08:33.110 INFO:teuthology.orchestra.run.smithi064.stdout:/usr/bin/ceph: stderr
2024-05-09T05:08:32.580+0000 7feb6b0e3700 1 -- 172.21.15.64:0/691622830 >> [v2:172.21.15.64:6800/2663941252,v1:172.21.15.64:6801/2663941252] conn(0x7feb4c03e4d0 msgr2=0x7feb4c0409e0 secure :-1 s=STATE_CONNECTION_ESTABLISHED l=1).mark_down
2024-05-09T05:08:33.110 INFO:teuthology.orchestra.run.smithi064.stdout:/usr/bin/ceph: stderr
2024-05-09T05:08:32.580+0000 7feb6b0e3700 1 --2- 172.21.15.64:0/691622830 >> [v2:172.21.15.64:6800/2663941252,v1:172.21.15.64:6801/2663941252] conn(0x7feb4c03e4d0 0x7feb4c0409e0 secure :-1 s=READY pgs=9 cs=0 l=1 rev1=1 crypto rx=0x7feb54006fd0 tx=0x7feb54006e40 comp rx=0 tx=0).stop
2024-05-09T05:08:33.110 INFO:teuthology.orchestra.run.smithi064.stdout:/usr/bin/ceph: stderr
2024-05-09T05:08:32.580+0000 7feb6b0e3700 1 -- 172.21.15.64:0/691622830 >> [v2:172.21.15.64:3300/0,v1:172.21.15.64:6789/0] conn(0x7feb64108b00 msgr2=0x7feb641a02b0 secure :-1 s=STATE_CONNECTION_ESTABLISHED l=1).mark_down
2024-05-09T05:08:33.110 INFO:teuthology.orchestra.run.smithi064.stdout:/usr/bin/ceph: stderr
2024-05-09T05:08:32.580+0000 7feb6b0e3700 1 --2- 172.21.15.64:0/691622830 >> [v2:172.21.15.64:3300/0,v1:172.21.15.64:6789/0] conn(0x7feb64108b00 0x7feb641a02b0 secure :-1 s=READY pgs=73 cs=0 l=1 rev1=1 crypto rx=0x7feb60011a20 tx=0x7feb60011b00 comp rx=0 tx=0).stop
2024-05-09T05:08:33.110 INFO:teuthology.orchestra.run.smithi064.stdout:/usr/bin/ceph: stderr
2024-05-09T05:08:32.580+0000 7feb6b0e3700 1 -- 172.21.15.64:0/691622830 shutdown_connections
2024-05-09T05:08:33.110 INFO:teuthology.orchestra.run.smithi064.stdout:/usr/bin/ceph: stderr
2024-05-09T05:08:32.580+0000 7feb6b0e3700 1 --2- 172.21.15.64:0/691622830 >> [v2:172.21.15.64:6800/2663941252,v1:172.21.15.64:6801/2663941252] conn(0x7feb4c03e4d0 0x7feb4c0409e0 unknown :-1 s=CLOSED pgs=9 cs=0 l=1 rev1=1 crypto rx=0 tx=0 comp rx=0 tx=0).stop
2024-05-09T05:08:33.110 INFO:teuthology.orchestra.run.smithi064.stdout:/usr/bin/ceph: stderr
2024-05-09T05:08:32.580+0000 7feb6b0e3700 1 --2- 172.21.15.64:0/691622830 >> [v2:172.21.15.64:3300/0,v1:172.21.15.64:6789/0] conn(0x7feb64108b00 0x7feb641a02b0 unknown :-1 s=CLOSED pgs=73 cs=0 l=1 rev1=1 crypto rx=0 tx=0 comp rx=0 tx=0).stop
2024-05-09T05:08:33.110 INFO:teuthology.orchestra.run.smithi064.stdout:/usr/bin/ceph: stderr
2024-05-09T05:08:32.580+0000 7feb6b0e3700 1 -- 172.21.15.64:0/691622830 >> 172.21.15.64:0/691622830 conn(0x7feb641041e0 msgr2=0x7feb64105f50 unknown :-1 s=STATE_NONE l=0).mark_down
2024-05-09T05:08:33.110 INFO:teuthology.orchestra.run.smithi064.stdout:/usr/bin/ceph: stderr
2024-05-09T05:08:32.580+0000 7feb6b0e3700 1 -- 172.21.15.64:0/691622830 shutdown_connections
2024-05-09T05:08:33.111 INFO:teuthology.orchestra.run.smithi064.stdout:/usr/bin/ceph: stderr
2024-05-09T05:08:32.580+0000 7feb6b0e3700 1 -- 172.21.15.64:0/691622830 wait complete.
2024-05-09T05:08:33.116 INFO:teuthology.orchestra.run.smithi064.stdout:Non-zero exit code 1 from systemctl is-enabled firewalld.service
2024-05-09T05:08:33.116 INFO:teuthology.orchestra.run.smithi064.stdout:systemctl: stdout disabled
2024-05-09T05:08:33.123 INFO:teuthology.orchestra.run.smithi064.stdout:Non-zero exit code 3 from systemctl is-active firewalld.service
2024-05-09T05:08:33.123 INFO:teuthology.orchestra.run.smithi064.stdout:systemctl: stdout inactive
2024-05-09T05:08:33.123 INFO:teuthology.orchestra.run.smithi064.stdout:firewalld.service is not enabled
2024-05-09T05:08:33.124 INFO:teuthology.orchestra.run.smithi064.stdout:Not possible to open ports <[8443]>. firewalld.service is not available
2024-05-09T05:08:33.125 INFO:teuthology.orchestra.run.smithi064.stdout:Ceph Dashboard is now available at:
2024-05-09T05:08:33.126 INFO:teuthology.orchestra.run.smithi064.stdout:
2024-05-09T05:08:33.126 INFO:teuthology.orchestra.run.smithi064.stdout: URL: https://smithi064.front.sepia.ceph.com:8443/
2024-05-09T05:08:33.126 INFO:teuthology.orchestra.run.smithi064.stdout: User: admin
2024-05-09T05:08:33.126 INFO:teuthology.orchestra.run.smithi064.stdout: Password: frpijfa14d
2024-05-09T05:08:33.126 INFO:teuthology.orchestra.run.smithi064.stdout:
2024-05-09T05:08:33.126 INFO:teuthology.orchestra.run.smithi064.stdout:Saving cluster configuration to /var/lib/ceph/e2376f5c-0dc1-11ef-bc97-c7b262605968/config directory
2024-05-09T05:08:33.127 INFO:teuthology.orchestra.run.smithi064.stdout:Enabling autotune for osd_memory_target
2024-05-09T05:08:33.171 INFO:journalctl@ceph.mon.a.smithi064.stdout:May 09 05:08:32 smithi064 ceph-mon[30117]: from='client.? 172.21.15.64:0/691622830' entity='client.admin' cmd=[{"prefix": "config get", "who": "mgr", "key": "mgr/dashboard/ssl_server_port"}]: dispatch
2024-05-09T05:08:34.096 INFO:journalctl@ceph.mon.a.smithi064.stdout:May 09 05:08:33 smithi064 ceph-mon[30117]: mgrmap e13: x(active, since 6s)
2024-05-09T05:08:34.313 INFO:teuthology.orchestra.run.smithi064.stdout:/usr/bin/ceph: stderr
2024-05-09T05:08:33.578+0000 7f370e534700 1 Processor -- start
2024-05-09T05:08:34.313 INFO:teuthology.orchestra.run.smithi064.stdout:/usr/bin/ceph: stderr
2024-05-09T05:08:33.578+0000 7f370e534700 1 -- start start
2024-05-09T05:08:34.313 INFO:teuthology.orchestra.run.smithi064.stdout:/usr/bin/ceph: stderr
2024-05-09T05:08:33.578+0000 7f370e534700 1 --2- >> [v2:172.21.15.64:3300/0,v1:172.21.15.64:6789/0] conn(0x7f370810a760 0x7f370810cb80 unknown :-1 s=NONE pgs=0 cs=0 l=0 rev1=0 crypto rx=0 tx=0 comp rx=0 tx=0).connect
2024-05-09T05:08:34.313 INFO:teuthology.orchestra.run.smithi064.stdout:/usr/bin/ceph: stderr
2024-05-09T05:08:33.578+0000 7f370e534700 1 -- --> [v2:172.21.15.64:3300/0,v1:172.21.15.64:6789/0] -- mon_getmap magic: 0 -- 0x7f370807cdf0 con 0x7f370810a760
2024-05-09T05:08:34.313 INFO:teuthology.orchestra.run.smithi064.stdout:/usr/bin/ceph: stderr
2024-05-09T05:08:33.578+0000 7f3707fff700 1 --2- >> [v2:172.21.15.64:3300/0,v1:172.21.15.64:6789/0] conn(0x7f370810a760 0x7f370810cb80 unknown :-1 s=BANNER_CONNECTING pgs=0 cs=0 l=0 rev1=0 crypto rx=0 tx=0 comp rx=0 tx=0)._handle_peer_banner_payload supported=3 required=0
2024-05-09T05:08:34.313 INFO:teuthology.orchestra.run.smithi064.stdout:/usr/bin/ceph: stderr
2024-05-09T05:08:33.579+0000 7f3707fff700 1 --2- >> [v2:172.21.15.64:3300/0,v1:172.21.15.64:6789/0] conn(0x7f370810a760 0x7f370810cb80 unknown :-1 s=HELLO_CONNECTING pgs=0 cs=0 l=0 rev1=1 crypto rx=0 tx=0 comp rx=0 tx=0).handle_hello peer v2:172.21.15.64:3300/0 says I am v2:172.21.15.64:47502/0 (socket says 172.21.15.64:47502)
2024-05-09T05:08:34.313 INFO:teuthology.orchestra.run.smithi064.stdout:/usr/bin/ceph: stderr
2024-05-09T05:08:33.579+0000 7f3707fff700 1 -- 172.21.15.64:0/3926847003 learned_addr learned my addr 172.21.15.64:0/3926847003 (peer_addr_for_me v2:172.21.15.64:0/0)
2024-05-09T05:08:34.313 INFO:teuthology.orchestra.run.smithi064.stdout:/usr/bin/ceph: stderr
2024-05-09T05:08:33.579+0000 7f3707fff700 1 -- 172.21.15.64:0/3926847003 --> [v2:172.21.15.64:3300/0,v1:172.21.15.64:6789/0] -- mon_subscribe({config=0+,monmap=0+}) -- 0x7f370810d0c0 con 0x7f370810a760
2024-05-09T05:08:34.313 INFO:teuthology.orchestra.run.smithi064.stdout:/usr/bin/ceph: stderr
2024-05-09T05:08:33.579+0000 7f3707fff700 1 --2- 172.21.15.64:0/3926847003 >> [v2:172.21.15.64:3300/0,v1:172.21.15.64:6789/0] conn(0x7f370810a760 0x7f370810cb80 secure :-1 s=READY pgs=74 cs=0 l=1 rev1=1 crypto rx=0x7f36f80098a0 tx=0x7f36f8009bb0 comp rx=0 tx=0).ready entity=mon.0 client_cookie=4775519b30ad37b3 server_cookie=0 in_seq=0 out_seq=0
2024-05-09T05:08:34.313 INFO:teuthology.orchestra.run.smithi064.stdout:/usr/bin/ceph: stderr
2024-05-09T05:08:33.579+0000 7f3706ffd700 1 -- 172.21.15.64:0/3926847003 <== mon.0 v2:172.21.15.64:3300/0 1 ==== mon_map magic: 0 ==== 205+0+0 (secure 0 0 0) 0x7f36f8004160 con 0x7f370810a760
2024-05-09T05:08:34.313 INFO:teuthology.orchestra.run.smithi064.stdout:/usr/bin/ceph: stderr
2024-05-09T05:08:33.579+0000 7f3706ffd700 1 -- 172.21.15.64:0/3926847003 <== mon.0 v2:172.21.15.64:3300/0 2 ==== config(26 keys) ==== 1101+0+0 (secure 0 0 0) 0x7f36f8004300 con 0x7f370810a760
2024-05-09T05:08:34.313 INFO:teuthology.orchestra.run.smithi064.stdout:/usr/bin/ceph: stderr
2024-05-09T05:08:33.579+0000 7f3706ffd700 1 -- 172.21.15.64:0/3926847003 <== mon.0 v2:172.21.15.64:3300/0 3 ==== mon_map magic: 0 ==== 205+0+0 (secure 0 0 0) 0x7f36f8011a20 con 0x7f370810a760
2024-05-09T05:08:34.314 INFO:teuthology.orchestra.run.smithi064.stdout:/usr/bin/ceph: stderr
2024-05-09T05:08:33.580+0000 7f370e534700 1 -- 172.21.15.64:0/3926847003 >> [v2:172.21.15.64:3300/0,v1:172.21.15.64:6789/0] conn(0x7f370810a760 msgr2=0x7f370810cb80 secure :-1 s=STATE_CONNECTION_ESTABLISHED l=1).mark_down
2024-05-09T05:08:34.314 INFO:teuthology.orchestra.run.smithi064.stdout:/usr/bin/ceph: stderr
2024-05-09T05:08:33.580+0000 7f370e534700 1 --2- 172.21.15.64:0/3926847003 >> [v2:172.21.15.64:3300/0,v1:172.21.15.64:6789/0] conn(0x7f370810a760 0x7f370810cb80 secure :-1 s=READY pgs=74 cs=0 l=1 rev1=1 crypto rx=0x7f36f80098a0 tx=0x7f36f8009bb0 comp rx=0 tx=0).stop
2024-05-09T05:08:34.314 INFO:teuthology.orchestra.run.smithi064.stdout:/usr/bin/ceph: stderr
2024-05-09T05:08:33.580+0000 7f370e534700 1 -- 172.21.15.64:0/3926847003 shutdown_connections
2024-05-09T05:08:34.314 INFO:teuthology.orchestra.run.smithi064.stdout:/usr/bin/ceph: stderr
2024-05-09T05:08:33.580+0000 7f370e534700 1 --2- 172.21.15.64:0/3926847003 >> [v2:172.21.15.64:3300/0,v1:172.21.15.64:6789/0] conn(0x7f370810a760 0x7f370810cb80 unknown :-1 s=CLOSED pgs=74 cs=0 l=1 rev1=1 crypto rx=0 tx=0 comp rx=0 tx=0).stop
2024-05-09T05:08:34.314 INFO:teuthology.orchestra.run.smithi064.stdout:/usr/bin/ceph: stderr
2024-05-09T05:08:33.580+0000 7f370e534700 1 -- 172.21.15.64:0/3926847003 >> 172.21.15.64:0/3926847003 conn(0x7f37081041e0 msgr2=0x7f3708106630 unknown :-1 s=STATE_NONE l=0).mark_down
2024-05-09T05:08:34.314 INFO:teuthology.orchestra.run.smithi064.stdout:/usr/bin/ceph: stderr
2024-05-09T05:08:33.580+0000 7f370e534700 1 -- 172.21.15.64:0/3926847003 shutdown_connections
2024-05-09T05:08:34.314 INFO:teuthology.orchestra.run.smithi064.stdout:/usr/bin/ceph: stderr
2024-05-09T05:08:33.580+0000 7f370e534700 1 -- 172.21.15.64:0/3926847003 wait complete.
2024-05-09T05:08:34.314 INFO:teuthology.orchestra.run.smithi064.stdout:/usr/bin/ceph: stderr
2024-05-09T05:08:33.581+0000 7f370e534700 1 Processor -- start
2024-05-09T05:08:34.314 INFO:teuthology.orchestra.run.smithi064.stdout:/usr/bin/ceph: stderr
2024-05-09T05:08:33.581+0000 7f370e534700 1 -- start start
2024-05-09T05:08:34.314 INFO:teuthology.orchestra.run.smithi064.stdout:/usr/bin/ceph: stderr
2024-05-09T05:08:33.581+0000 7f370e534700 1 --2- >> [v2:172.21.15.64:3300/0,v1:172.21.15.64:6789/0] conn(0x7f370810a760 0x7f370819e000 unknown :-1 s=NONE pgs=0 cs=0 l=1 rev1=0 crypto rx=0 tx=0 comp rx=0 tx=0).connect
2024-05-09T05:08:34.314 INFO:teuthology.orchestra.run.smithi064.stdout:/usr/bin/ceph: stderr
2024-05-09T05:08:33.581+0000 7f370e534700 1 -- --> [v2:172.21.15.64:3300/0,v1:172.21.15.64:6789/0] -- mon_getmap magic: 0 -- 0x7f370810e060 con 0x7f370810a760
2024-05-09T05:08:34.314 INFO:teuthology.orchestra.run.smithi064.stdout:/usr/bin/ceph: stderr
2024-05-09T05:08:33.581+0000 7f3707fff700 1 --2- >> [v2:172.21.15.64:3300/0,v1:172.21.15.64:6789/0] conn(0x7f370810a760 0x7f370819e000 unknown :-1 s=BANNER_CONNECTING pgs=0 cs=0 l=1 rev1=0 crypto rx=0 tx=0 comp rx=0 tx=0)._handle_peer_banner_payload supported=3 required=0
2024-05-09T05:08:34.314 INFO:teuthology.orchestra.run.smithi064.stdout:/usr/bin/ceph: stderr
2024-05-09T05:08:33.581+0000 7f3707fff700 1 --2- >> [v2:172.21.15.64:3300/0,v1:172.21.15.64:6789/0] conn(0x7f370810a760 0x7f370819e000 unknown :-1 s=HELLO_CONNECTING pgs=0 cs=0 l=1 rev1=1 crypto rx=0 tx=0 comp rx=0 tx=0).handle_hello peer v2:172.21.15.64:3300/0 says I am v2:172.21.15.64:47516/0 (socket says 172.21.15.64:47516)
2024-05-09T05:08:34.315 INFO:teuthology.orchestra.run.smithi064.stdout:/usr/bin/ceph: stderr
2024-05-09T05:08:33.581+0000 7f3707fff700 1 -- 172.21.15.64:0/3582274530 learned_addr learned my addr 172.21.15.64:0/3582274530 (peer_addr_for_me v2:172.21.15.64:0/0)
2024-05-09T05:08:34.315 INFO:teuthology.orchestra.run.smithi064.stdout:/usr/bin/ceph: stderr
2024-05-09T05:08:33.582+0000 7f3707fff700 1 -- 172.21.15.64:0/3582274530 --> [v2:172.21.15.64:3300/0,v1:172.21.15.64:6789/0] -- mon_subscribe({config=0+,monmap=0+}) -- 0x7f370819e540 con 0x7f370810a760
2024-05-09T05:08:34.315 INFO:teuthology.orchestra.run.smithi064.stdout:/usr/bin/ceph: stderr
2024-05-09T05:08:33.582+0000 7f3707fff700 1 --2- 172.21.15.64:0/3582274530 >> [v2:172.21.15.64:3300/0,v1:172.21.15.64:6789/0] conn(0x7f370810a760 0x7f370819e000 secure :-1 s=READY pgs=75 cs=0 l=1 rev1=1 crypto rx=0x7f36f8009520 tx=0x7f36f8011aa0 comp rx=0 tx=0).ready entity=mon.0 client_cookie=0 server_cookie=0 in_seq=0 out_seq=0
2024-05-09T05:08:34.315 INFO:teuthology.orchestra.run.smithi064.stdout:/usr/bin/ceph: stderr
2024-05-09T05:08:33.582+0000 7f37057fa700 1 -- 172.21.15.64:0/3582274530 <== mon.0 v2:172.21.15.64:3300/0 1 ==== mon_map magic: 0 ==== 205+0+0 (secure 0 0 0) 0x7f36f80039e0 con 0x7f370810a760
2024-05-09T05:08:34.315 INFO:teuthology.orchestra.run.smithi064.stdout:/usr/bin/ceph: stderr
2024-05-09T05:08:33.582+0000 7f37057fa700 1 -- 172.21.15.64:0/3582274530 <== mon.0 v2:172.21.15.64:3300/0 2 ==== config(26 keys) ==== 1101+0+0 (secure 0 0 0) 0x7f36f801b8f0 con 0x7f370810a760
2024-05-09T05:08:34.315 INFO:teuthology.orchestra.run.smithi064.stdout:/usr/bin/ceph: stderr
2024-05-09T05:08:33.582+0000 7f370e534700 1 -- 172.21.15.64:0/3582274530 --> [v2:172.21.15.64:3300/0,v1:172.21.15.64:6789/0] -- mon_subscribe({mgrmap=0+}) -- 0x7f370819e7d0 con 0x7f370810a760
2024-05-09T05:08:34.315 INFO:teuthology.orchestra.run.smithi064.stdout:/usr/bin/ceph: stderr
2024-05-09T05:08:33.582+0000 7f37057fa700 1 -- 172.21.15.64:0/3582274530 <== mon.0 v2:172.21.15.64:3300/0 3 ==== mon_map magic: 0 ==== 205+0+0 (secure 0 0 0) 0x7f36f80197d0 con 0x7f370810a760
2024-05-09T05:08:34.315 INFO:teuthology.orchestra.run.smithi064.stdout:/usr/bin/ceph: stderr
2024-05-09T05:08:33.582+0000 7f370e534700 1 -- 172.21.15.64:0/3582274530 --> [v2:172.21.15.64:3300/0,v1:172.21.15.64:6789/0] -- mon_subscribe({osdmap=0}) -- 0x7f37081a13e0 con 0x7f370810a760
2024-05-09T05:08:34.315 INFO:teuthology.orchestra.run.smithi064.stdout:/usr/bin/ceph: stderr
2024-05-09T05:08:33.583+0000 7f37057fa700 1 -- 172.21.15.64:0/3582274530 <== mon.0 v2:172.21.15.64:3300/0 4 ==== mgrmap(e 13) ==== 50278+0+0 (secure 0 0 0) 0x7f36f8019a80 con 0x7f370810a760
2024-05-09T05:08:34.315 INFO:teuthology.orchestra.run.smithi064.stdout:/usr/bin/ceph: stderr
2024-05-09T05:08:33.583+0000 7f370e534700 1 -- 172.21.15.64:0/3582274530 --> [v2:172.21.15.64:3300/0,v1:172.21.15.64:6789/0] -- mon_command({"prefix": "get_command_descriptions"} v 0) -- 0x7f3708064e20 con 0x7f370810a760
2024-05-09T05:08:34.315 INFO:teuthology.orchestra.run.smithi064.stdout:/usr/bin/ceph: stderr
2024-05-09T05:08:33.583+0000 7f37057fa700 1 --2- 172.21.15.64:0/3582274530 >> [v2:172.21.15.64:6800/2663941252,v1:172.21.15.64:6801/2663941252] conn(0x7f36f003e5c0 0x7f36f0040ad0 unknown :-1 s=NONE pgs=0 cs=0 l=1 rev1=0 crypto rx=0 tx=0 comp rx=0 tx=0).connect
2024-05-09T05:08:34.315 INFO:teuthology.orchestra.run.smithi064.stdout:/usr/bin/ceph: stderr
2024-05-09T05:08:33.583+0000 7f37057fa700 1 -- 172.21.15.64:0/3582274530 <== mon.0 v2:172.21.15.64:3300/0 5 ==== osd_map(3..3 src has 1..3) ==== 1155+0+0 (secure 0 0 0) 0x7f36f80541b0 con 0x7f370810a760
2024-05-09T05:08:34.315 INFO:teuthology.orchestra.run.smithi064.stdout:/usr/bin/ceph: stderr
2024-05-09T05:08:33.583+0000 7f37077fe700 1 --2- 172.21.15.64:0/3582274530 >> [v2:172.21.15.64:6800/2663941252,v1:172.21.15.64:6801/2663941252] conn(0x7f36f003e5c0 0x7f36f0040ad0 unknown :-1 s=BANNER_CONNECTING pgs=0 cs=0 l=1 rev1=0 crypto rx=0 tx=0 comp rx=0 tx=0)._handle_peer_banner_payload supported=3 required=0
2024-05-09T05:08:34.316 INFO:teuthology.orchestra.run.smithi064.stdout:/usr/bin/ceph: stderr
2024-05-09T05:08:33.584+0000 7f37077fe700 1 --2- 172.21.15.64:0/3582274530 >> [v2:172.21.15.64:6800/2663941252,v1:172.21.15.64:6801/2663941252] conn(0x7f36f003e5c0 0x7f36f0040ad0 secure :-1 s=READY pgs=10 cs=0 l=1 rev1=1 crypto rx=0x7f36fc006fd0 tx=0x7f36fc006e40 comp rx=0 tx=0).ready entity=mgr.14150 client_cookie=0 server_cookie=0 in_seq=0 out_seq=0
2024-05-09T05:08:34.316 INFO:teuthology.orchestra.run.smithi064.stdout:/usr/bin/ceph: stderr
2024-05-09T05:08:33.589+0000 7f37057fa700 1 -- 172.21.15.64:0/3582274530 <== mon.0 v2:172.21.15.64:3300/0 6 ==== mon_command_ack([{"prefix": "get_command_descriptions"}]=0 v0) ==== 72+0+191963 (secure 0 0 0) 0x7f36f801f030 con 0x7f370810a760
2024-05-09T05:08:34.316 INFO:teuthology.orchestra.run.smithi064.stdout:/usr/bin/ceph: stderr
2024-05-09T05:08:33.802+0000 7f370e534700 1 -- 172.21.15.64:0/3582274530 --> [v2:172.21.15.64:3300/0,v1:172.21.15.64:6789/0] -- mon_command([{prefix=config set, name=osd_memory_target_autotune}] v 0) -- 0x7f37081a15b0 con 0x7f370810a760
2024-05-09T05:08:34.316 INFO:teuthology.orchestra.run.smithi064.stdout:/usr/bin/ceph: stderr
2024-05-09T05:08:33.803+0000 7f37057fa700 1 -- 172.21.15.64:0/3582274530 <== mon.0 v2:172.21.15.64:3300/0 7 ==== mon_command_ack([{prefix=config set, name=osd_memory_target_autotune}]=0 v8)=0 v8) ==== 127+0+0 (secure 0 0 0) 0x7f36f80105e0 con 0x7f370810a760
2024-05-09T05:08:34.316 INFO:teuthology.orchestra.run.smithi064.stdout:/usr/bin/ceph: stderr
2024-05-09T05:08:33.805+0000 7f370e534700 1 -- 172.21.15.64:0/3582274530 >> [v2:172.21.15.64:6800/2663941252,v1:172.21.15.64:6801/2663941252] conn(0x7f36f003e5c0 msgr2=0x7f36f0040ad0 secure :-1 s=STATE_CONNECTION_ESTABLISHED l=1).mark_down
2024-05-09T05:08:34.316 INFO:teuthology.orchestra.run.smithi064.stdout:/usr/bin/ceph: stderr
2024-05-09T05:08:33.805+0000 7f370e534700 1 --2- 172.21.15.64:0/3582274530 >> [v2:172.21.15.64:6800/2663941252,v1:172.21.15.64:6801/2663941252] conn(0x7f36f003e5c0 0x7f36f0040ad0 secure :-1 s=READY pgs=10 cs=0 l=1 rev1=1 crypto rx=0x7f36fc006fd0 tx=0x7f36fc006e40 comp rx=0 tx=0).stop
2024-05-09T05:08:34.316 INFO:teuthology.orchestra.run.smithi064.stdout:/usr/bin/ceph: stderr
2024-05-09T05:08:33.805+0000 7f370e534700 1 -- 172.21.15.64:0/3582274530 >> [v2:172.21.15.64:3300/0,v1:172.21.15.64:6789/0] conn(0x7f370810a760 msgr2=0x7f370819e000 secure :-1 s=STATE_CONNECTION_ESTABLISHED l=1).mark_down
2024-05-09T05:08:34.316 INFO:teuthology.orchestra.run.smithi064.stdout:/usr/bin/ceph: stderr
2024-05-09T05:08:33.805+0000 7f370e534700 1 --2- 172.21.15.64:0/3582274530 >> [v2:172.21.15.64:3300/0,v1:172.21.15.64:6789/0] conn(0x7f370810a760 0x7f370819e000 secure :-1 s=READY pgs=75 cs=0 l=1 rev1=1 crypto rx=0x7f36f8009520 tx=0x7f36f8011aa0 comp rx=0 tx=0).stop
2024-05-09T05:08:34.316 INFO:teuthology.orchestra.run.smithi064.stdout:/usr/bin/ceph: stderr
2024-05-09T05:08:33.805+0000 7f370e534700 1 -- 172.21.15.64:0/3582274530 shutdown_connections
2024-05-09T05:08:34.316 INFO:teuthology.orchestra.run.smithi064.stdout:/usr/bin/ceph: stderr
2024-05-09T05:08:33.805+0000 7f370e534700 1 --2- 172.21.15.64:0/3582274530 >> [v2:172.21.15.64:6800/2663941252,v1:172.21.15.64:6801/2663941252] conn(0x7f36f003e5c0 0x7f36f0040ad0 unknown :-1 s=CLOSED pgs=10 cs=0 l=1 rev1=1 crypto rx=0 tx=0 comp rx=0 tx=0).stop
2024-05-09T05:08:34.316 INFO:teuthology.orchestra.run.smithi064.stdout:/usr/bin/ceph: stderr
2024-05-09T05:08:33.805+0000 7f370e534700 1 --2- 172.21.15.64:0/3582274530 >> [v2:172.21.15.64:3300/0,v1:172.21.15.64:6789/0] conn(0x7f370810a760 0x7f370819e000 unknown :-1 s=CLOSED pgs=75 cs=0 l=1 rev1=1 crypto rx=0 tx=0 comp rx=0 tx=0).stop
2024-05-09T05:08:34.316 INFO:teuthology.orchestra.run.smithi064.stdout:/usr/bin/ceph: stderr
2024-05-09T05:08:33.805+0000 7f370e534700 1 -- 172.21.15.64:0/3582274530 >> 172.21.15.64:0/3582274530 conn(0x7f37081041e0 msgr2=0x7f3708105b80 unknown :-1 s=STATE_NONE l=0).mark_down
2024-05-09T05:08:34.316 INFO:teuthology.orchestra.run.smithi064.stdout:/usr/bin/ceph: stderr
2024-05-09T05:08:33.805+0000 7f370e534700 1 -- 172.21.15.64:0/3582274530 shutdown_connections
2024-05-09T05:08:34.316 INFO:teuthology.orchestra.run.smithi064.stdout:/usr/bin/ceph: stderr
2024-05-09T05:08:33.805+0000 7f370e534700 1 -- 172.21.15.64:0/3582274530 wait complete.
2024-05-09T05:08:35.602 INFO:teuthology.orchestra.run.smithi064.stdout:/usr/bin/ceph: stderr
2024-05-09T05:08:34.749+0000 7f9cb0843700 1 Processor -- start
2024-05-09T05:08:35.603 INFO:teuthology.orchestra.run.smithi064.stdout:/usr/bin/ceph: stderr
2024-05-09T05:08:34.749+0000 7f9cb0843700 1 -- start start
2024-05-09T05:08:35.603 INFO:teuthology.orchestra.run.smithi064.stdout:/usr/bin/ceph: stderr
2024-05-09T05:08:34.750+0000 7f9cb0843700 1 --2- >> [v2:172.21.15.64:3300/0,v1:172.21.15.64:6789/0] conn(0x7f9cac109c40 0x7f9cac10a050 unknown :-1 s=NONE pgs=0 cs=0 l=0 rev1=0 crypto rx=0 tx=0 comp rx=0 tx=0).connect
2024-05-09T05:08:35.603 INFO:teuthology.orchestra.run.smithi064.stdout:/usr/bin/ceph: stderr
2024-05-09T05:08:34.750+0000 7f9cb0843700 1 -- --> [v2:172.21.15.64:3300/0,v1:172.21.15.64:6789/0] -- mon_getmap magic: 0 -- 0x7f9cac10a640 con 0x7f9cac109c40
2024-05-09T05:08:35.603 INFO:teuthology.orchestra.run.smithi064.stdout:/usr/bin/ceph: stderr
2024-05-09T05:08:34.750+0000 7f9caa59c700 1 --2- >> [v2:172.21.15.64:3300/0,v1:172.21.15.64:6789/0] conn(0x7f9cac109c40 0x7f9cac10a050 unknown :-1 s=BANNER_CONNECTING pgs=0 cs=0 l=0 rev1=0 crypto rx=0 tx=0 comp rx=0 tx=0)._handle_peer_banner_payload supported=3 required=0
2024-05-09T05:08:35.603 INFO:teuthology.orchestra.run.smithi064.stdout:/usr/bin/ceph: stderr
2024-05-09T05:08:34.750+0000 7f9caa59c700 1 --2- >> [v2:172.21.15.64:3300/0,v1:172.21.15.64:6789/0] conn(0x7f9cac109c40 0x7f9cac10a050 unknown :-1 s=HELLO_CONNECTING pgs=0 cs=0 l=0 rev1=1 crypto rx=0 tx=0 comp rx=0 tx=0).handle_hello peer v2:172.21.15.64:3300/0 says I am v2:172.21.15.64:43316/0 (socket says 172.21.15.64:43316)
2024-05-09T05:08:35.603 INFO:teuthology.orchestra.run.smithi064.stdout:/usr/bin/ceph: stderr
2024-05-09T05:08:34.750+0000 7f9caa59c700 1 -- 172.21.15.64:0/1297613275 learned_addr learned my addr 172.21.15.64:0/1297613275 (peer_addr_for_me v2:172.21.15.64:0/0)
2024-05-09T05:08:35.603 INFO:teuthology.orchestra.run.smithi064.stdout:/usr/bin/ceph: stderr
2024-05-09T05:08:34.750+0000 7f9caa59c700 1 -- 172.21.15.64:0/1297613275 --> [v2:172.21.15.64:3300/0,v1:172.21.15.64:6789/0] -- mon_subscribe({config=0+,monmap=0+}) -- 0x7f9cac10ae10 con 0x7f9cac109c40
2024-05-09T05:08:35.603 INFO:teuthology.orchestra.run.smithi064.stdout:/usr/bin/ceph: stderr
