2024-05-09T05:27:21.548 INFO:journalctl@ceph.mgr.x.smithi039.stdout:May 09 05:27:21 smithi039 ceph-86d4cc60-0dc4-11ef-bc97-c7b262605968-mgr-x[30667]:
2024-05-09T05:27:21.392+0000 7fcb911bb200 -1 mgr[py] Module influx has missing NOTIFY_TYPES member
2024-05-09T05:27:22.384 INFO:teuthology.orchestra.run.smithi039.stdout:/usr/bin/ceph: stdout {
2024-05-09T05:27:22.384 INFO:teuthology.orchestra.run.smithi039.stdout:/usr/bin/ceph: stdout "epoch": 9,
2024-05-09T05:27:22.384 INFO:teuthology.orchestra.run.smithi039.stdout:/usr/bin/ceph: stdout "available": true,
2024-05-09T05:27:22.384 INFO:teuthology.orchestra.run.smithi039.stdout:/usr/bin/ceph: stdout "active_name": "x",
2024-05-09T05:27:22.384 INFO:teuthology.orchestra.run.smithi039.stdout:/usr/bin/ceph: stdout "num_standby": 0
2024-05-09T05:27:22.384 INFO:teuthology.orchestra.run.smithi039.stdout:/usr/bin/ceph: stdout }
2024-05-09T05:27:22.384 INFO:teuthology.orchestra.run.smithi039.stdout:/usr/bin/ceph: stderr
2024-05-09T05:27:21.541+0000 7f7bea025700 1 Processor -- start
2024-05-09T05:27:22.384 INFO:teuthology.orchestra.run.smithi039.stdout:/usr/bin/ceph: stderr
2024-05-09T05:27:21.541+0000 7f7bea025700 1 -- start start
2024-05-09T05:27:22.384 INFO:teuthology.orchestra.run.smithi039.stdout:/usr/bin/ceph: stderr
2024-05-09T05:27:21.541+0000 7f7bea025700 1 --2- >> [v2:172.21.15.39:3300/0,v1:172.21.15.39:6789/0] conn(0x7f7be4108c80 0x7f7be4109090 unknown :-1 s=NONE pgs=0 cs=0 l=0 rev1=0 crypto rx=0 tx=0 comp rx=0 tx=0).connect
2024-05-09T05:27:22.384 INFO:teuthology.orchestra.run.smithi039.stdout:/usr/bin/ceph: stderr
2024-05-09T05:27:21.541+0000 7f7bea025700 1 -- --> [v2:172.21.15.39:3300/0,v1:172.21.15.39:6789/0] -- mon_getmap magic: 0 -- 0x7f7be4109680 con 0x7f7be4108c80
2024-05-09T05:27:22.385 INFO:teuthology.orchestra.run.smithi039.stdout:/usr/bin/ceph: stderr
2024-05-09T05:27:21.541+0000 7f7be37fe700 1 --2- >> [v2:172.21.15.39:3300/0,v1:172.21.15.39:6789/0] conn(0x7f7be4108c80 0x7f7be4109090 unknown :-1 s=BANNER_CONNECTING pgs=0 cs=0 l=0 rev1=0 crypto rx=0 tx=0 comp rx=0 tx=0)._handle_peer_banner_payload supported=3 required=0
2024-05-09T05:27:22.385 INFO:teuthology.orchestra.run.smithi039.stdout:/usr/bin/ceph: stderr
2024-05-09T05:27:21.541+0000 7f7be37fe700 1 --2- >> [v2:172.21.15.39:3300/0,v1:172.21.15.39:6789/0] conn(0x7f7be4108c80 0x7f7be4109090 unknown :-1 s=HELLO_CONNECTING pgs=0 cs=0 l=0 rev1=1 crypto rx=0 tx=0 comp rx=0 tx=0).handle_hello peer v2:172.21.15.39:3300/0 says I am v2:172.21.15.39:53164/0 (socket says 172.21.15.39:53164)
2024-05-09T05:27:22.385 INFO:teuthology.orchestra.run.smithi039.stdout:/usr/bin/ceph: stderr
2024-05-09T05:27:21.541+0000 7f7be37fe700 1 -- 172.21.15.39:0/4259408169 learned_addr learned my addr 172.21.15.39:0/4259408169 (peer_addr_for_me v2:172.21.15.39:0/0)
2024-05-09T05:27:22.385 INFO:teuthology.orchestra.run.smithi039.stdout:/usr/bin/ceph: stderr
2024-05-09T05:27:21.542+0000 7f7be37fe700 1 -- 172.21.15.39:0/4259408169 --> [v2:172.21.15.39:3300/0,v1:172.21.15.39:6789/0] -- mon_subscribe({config=0+,monmap=0+}) -- 0x7f7be4109db0 con 0x7f7be4108c80
2024-05-09T05:27:22.385 INFO:teuthology.orchestra.run.smithi039.stdout:/usr/bin/ceph: stderr
2024-05-09T05:27:21.542+0000 7f7be37fe700 1 --2- 172.21.15.39:0/4259408169 >> [v2:172.21.15.39:3300/0,v1:172.21.15.39:6789/0] conn(0x7f7be4108c80 0x7f7be4109090 secure :-1 s=READY pgs=59 cs=0 l=1 rev1=1 crypto rx=0x7f7bcc0098a0 tx=0x7f7bcc009bb0 comp rx=0 tx=0).ready entity=mon.0 client_cookie=bd269c18ef0cb970 server_cookie=0 in_seq=0 out_seq=0
2024-05-09T05:27:22.385 INFO:teuthology.orchestra.run.smithi039.stdout:/usr/bin/ceph: stderr
2024-05-09T05:27:21.542+0000 7f7be27fc700 1 -- 172.21.15.39:0/4259408169 <== mon.0 v2:172.21.15.39:3300/0 1 ==== mon_map magic: 0 ==== 205+0+0 (secure 0 0 0) 0x7f7bcc004160 con 0x7f7be4108c80
2024-05-09T05:27:22.385 INFO:teuthology.orchestra.run.smithi039.stdout:/usr/bin/ceph: stderr
2024-05-09T05:27:21.542+0000 7f7be27fc700 1 -- 172.21.15.39:0/4259408169 <== mon.0 v2:172.21.15.39:3300/0 2 ==== config(26 keys) ==== 1101+0+0 (secure 0 0 0) 0x7f7bcc004300 con 0x7f7be4108c80
2024-05-09T05:27:22.385 INFO:teuthology.orchestra.run.smithi039.stdout:/usr/bin/ceph: stderr
2024-05-09T05:27:21.542+0000 7f7be27fc700 1 -- 172.21.15.39:0/4259408169 <== mon.0 v2:172.21.15.39:3300/0 3 ==== mon_map magic: 0 ==== 205+0+0 (secure 0 0 0) 0x7f7bcc011a20 con 0x7f7be4108c80
2024-05-09T05:27:22.385 INFO:teuthology.orchestra.run.smithi039.stdout:/usr/bin/ceph: stderr
2024-05-09T05:27:21.543+0000 7f7bea025700 1 -- 172.21.15.39:0/4259408169 >> [v2:172.21.15.39:3300/0,v1:172.21.15.39:6789/0] conn(0x7f7be4108c80 msgr2=0x7f7be4109090 secure :-1 s=STATE_CONNECTION_ESTABLISHED l=1).mark_down
2024-05-09T05:27:22.386 INFO:teuthology.orchestra.run.smithi039.stdout:/usr/bin/ceph: stderr
2024-05-09T05:27:21.543+0000 7f7bea025700 1 --2- 172.21.15.39:0/4259408169 >> [v2:172.21.15.39:3300/0,v1:172.21.15.39:6789/0] conn(0x7f7be4108c80 0x7f7be4109090 secure :-1 s=READY pgs=59 cs=0 l=1 rev1=1 crypto rx=0x7f7bcc0098a0 tx=0x7f7bcc009bb0 comp rx=0 tx=0).stop
2024-05-09T05:27:22.386 INFO:teuthology.orchestra.run.smithi039.stdout:/usr/bin/ceph: stderr
2024-05-09T05:27:21.543+0000 7f7bea025700 1 -- 172.21.15.39:0/4259408169 shutdown_connections
2024-05-09T05:27:22.386 INFO:teuthology.orchestra.run.smithi039.stdout:/usr/bin/ceph: stderr
2024-05-09T05:27:21.543+0000 7f7bea025700 1 --2- 172.21.15.39:0/4259408169 >> [v2:172.21.15.39:3300/0,v1:172.21.15.39:6789/0] conn(0x7f7be4108c80 0x7f7be4109090 unknown :-1 s=CLOSED pgs=59 cs=0 l=1 rev1=1 crypto rx=0 tx=0 comp rx=0 tx=0).stop
2024-05-09T05:27:22.386 INFO:teuthology.orchestra.run.smithi039.stdout:/usr/bin/ceph: stderr
2024-05-09T05:27:21.543+0000 7f7bea025700 1 -- 172.21.15.39:0/4259408169 >> 172.21.15.39:0/4259408169 conn(0x7f7be4104300 msgr2=0x7f7be4106770 unknown :-1 s=STATE_NONE l=0).mark_down
2024-05-09T05:27:22.386 INFO:teuthology.orchestra.run.smithi039.stdout:/usr/bin/ceph: stderr
2024-05-09T05:27:21.543+0000 7f7bea025700 1 -- 172.21.15.39:0/4259408169 shutdown_connections
2024-05-09T05:27:22.386 INFO:teuthology.orchestra.run.smithi039.stdout:/usr/bin/ceph: stderr
2024-05-09T05:27:21.543+0000 7f7bea025700 1 -- 172.21.15.39:0/4259408169 wait complete.
2024-05-09T05:27:22.386 INFO:teuthology.orchestra.run.smithi039.stdout:/usr/bin/ceph: stderr
2024-05-09T05:27:21.544+0000 7f7bea025700 1 Processor -- start
2024-05-09T05:27:22.386 INFO:teuthology.orchestra.run.smithi039.stdout:/usr/bin/ceph: stderr
2024-05-09T05:27:21.544+0000 7f7bea025700 1 -- start start
2024-05-09T05:27:22.386 INFO:teuthology.orchestra.run.smithi039.stdout:/usr/bin/ceph: stderr
2024-05-09T05:27:21.544+0000 7f7bea025700 1 --2- >> [v2:172.21.15.39:3300/0,v1:172.21.15.39:6789/0] conn(0x7f7be4108c80 0x7f7be419e110 unknown :-1 s=NONE pgs=0 cs=0 l=1 rev1=0 crypto rx=0 tx=0 comp rx=0 tx=0).connect
2024-05-09T05:27:22.386 INFO:teuthology.orchestra.run.smithi039.stdout:/usr/bin/ceph: stderr
2024-05-09T05:27:21.544+0000 7f7bea025700 1 -- --> [v2:172.21.15.39:3300/0,v1:172.21.15.39:6789/0] -- mon_getmap magic: 0 -- 0x7f7be410d160 con 0x7f7be4108c80
2024-05-09T05:27:22.386 INFO:teuthology.orchestra.run.smithi039.stdout:/usr/bin/ceph: stderr
2024-05-09T05:27:21.544+0000 7f7be37fe700 1 --2- >> [v2:172.21.15.39:3300/0,v1:172.21.15.39:6789/0] conn(0x7f7be4108c80 0x7f7be419e110 unknown :-1 s=BANNER_CONNECTING pgs=0 cs=0 l=1 rev1=0 crypto rx=0 tx=0 comp rx=0 tx=0)._handle_peer_banner_payload supported=3 required=0
2024-05-09T05:27:22.387 INFO:teuthology.orchestra.run.smithi039.stdout:/usr/bin/ceph: stderr
2024-05-09T05:27:21.544+0000 7f7be37fe700 1 --2- >> [v2:172.21.15.39:3300/0,v1:172.21.15.39:6789/0] conn(0x7f7be4108c80 0x7f7be419e110 unknown :-1 s=HELLO_CONNECTING pgs=0 cs=0 l=1 rev1=1 crypto rx=0 tx=0 comp rx=0 tx=0).handle_hello peer v2:172.21.15.39:3300/0 says I am v2:172.21.15.39:53180/0 (socket says 172.21.15.39:53180)
2024-05-09T05:27:22.387 INFO:teuthology.orchestra.run.smithi039.stdout:/usr/bin/ceph: stderr
2024-05-09T05:27:21.544+0000 7f7be37fe700 1 -- 172.21.15.39:0/4180760034 learned_addr learned my addr 172.21.15.39:0/4180760034 (peer_addr_for_me v2:172.21.15.39:0/0)
2024-05-09T05:27:22.387 INFO:teuthology.orchestra.run.smithi039.stdout:/usr/bin/ceph: stderr
2024-05-09T05:27:21.545+0000 7f7be37fe700 1 -- 172.21.15.39:0/4180760034 --> [v2:172.21.15.39:3300/0,v1:172.21.15.39:6789/0] -- mon_subscribe({config=0+,monmap=0+}) -- 0x7f7be419e650 con 0x7f7be4108c80
2024-05-09T05:27:22.387 INFO:teuthology.orchestra.run.smithi039.stdout:/usr/bin/ceph: stderr
2024-05-09T05:27:21.545+0000 7f7be37fe700 1 --2- 172.21.15.39:0/4180760034 >> [v2:172.21.15.39:3300/0,v1:172.21.15.39:6789/0] conn(0x7f7be4108c80 0x7f7be419e110 secure :-1 s=READY pgs=60 cs=0 l=1 rev1=1 crypto rx=0x7f7bcc003e70 tx=0x7f7bcc011aa0 comp rx=0 tx=0).ready entity=mon.0 client_cookie=0 server_cookie=0 in_seq=0 out_seq=0
2024-05-09T05:27:22.387 INFO:teuthology.orchestra.run.smithi039.stdout:/usr/bin/ceph: stderr
2024-05-09T05:27:21.545+0000 7f7be0ff9700 1 -- 172.21.15.39:0/4180760034 <== mon.0 v2:172.21.15.39:3300/0 1 ==== mon_map magic: 0 ==== 205+0+0 (secure 0 0 0) 0x7f7bcc003aa0 con 0x7f7be4108c80
2024-05-09T05:27:22.387 INFO:teuthology.orchestra.run.smithi039.stdout:/usr/bin/ceph: stderr
2024-05-09T05:27:21.545+0000 7f7bea025700 1 -- 172.21.15.39:0/4180760034 --> [v2:172.21.15.39:3300/0,v1:172.21.15.39:6789/0] -- mon_subscribe({mgrmap=0+}) -- 0x7f7be419e8e0 con 0x7f7be4108c80
2024-05-09T05:27:22.387 INFO:teuthology.orchestra.run.smithi039.stdout:/usr/bin/ceph: stderr
2024-05-09T05:27:21.545+0000 7f7be0ff9700 1 -- 172.21.15.39:0/4180760034 <== mon.0 v2:172.21.15.39:3300/0 2 ==== config(26 keys) ==== 1101+0+0 (secure 0 0 0) 0x7f7bcc01a8e0 con 0x7f7be4108c80
2024-05-09T05:27:22.387 INFO:teuthology.orchestra.run.smithi039.stdout:/usr/bin/ceph: stderr
2024-05-09T05:27:21.545+0000 7f7be0ff9700 1 -- 172.21.15.39:0/4180760034 <== mon.0 v2:172.21.15.39:3300/0 3 ==== mon_map magic: 0 ==== 205+0+0 (secure 0 0 0) 0x7f7bcc024870 con 0x7f7be4108c80
2024-05-09T05:27:22.387 INFO:teuthology.orchestra.run.smithi039.stdout:/usr/bin/ceph: stderr
2024-05-09T05:27:21.545+0000 7f7bea025700 1 -- 172.21.15.39:0/4180760034 --> [v2:172.21.15.39:3300/0,v1:172.21.15.39:6789/0] -- mon_subscribe({osdmap=0}) -- 0x7f7be41a14f0 con 0x7f7be4108c80
2024-05-09T05:27:22.387 INFO:teuthology.orchestra.run.smithi039.stdout:/usr/bin/ceph: stderr
2024-05-09T05:27:21.546+0000 7f7bea025700 1 -- 172.21.15.39:0/4180760034 --> [v2:172.21.15.39:3300/0,v1:172.21.15.39:6789/0] -- mon_command({"prefix": "get_command_descriptions"} v 0) -- 0x7f7be4064e20 con 0x7f7be4108c80
2024-05-09T05:27:22.388 INFO:teuthology.orchestra.run.smithi039.stdout:/usr/bin/ceph: stderr
2024-05-09T05:27:21.547+0000 7f7be0ff9700 1 -- 172.21.15.39:0/4180760034 <== mon.0 v2:172.21.15.39:3300/0 4 ==== mgrmap(e 9) ==== 50235+0+0 (secure 0 0 0) 0x7f7bcc022020 con 0x7f7be4108c80
2024-05-09T05:27:22.388 INFO:teuthology.orchestra.run.smithi039.stdout:/usr/bin/ceph: stderr
2024-05-09T05:27:21.547+0000 7f7be0ff9700 1 --2- 172.21.15.39:0/4180760034 >> [v2:172.21.15.39:6800/4091500272,v1:172.21.15.39:6801/4091500272] conn(0x7f7bd003e520 0x7f7bd0040a30 unknown :-1 s=NONE pgs=0 cs=0 l=1 rev1=0 crypto rx=0 tx=0 comp rx=0 tx=0).connect
2024-05-09T05:27:22.388 INFO:teuthology.orchestra.run.smithi039.stdout:/usr/bin/ceph: stderr
2024-05-09T05:27:21.547+0000 7f7be0ff9700 1 -- 172.21.15.39:0/4180760034 <== mon.0 v2:172.21.15.39:3300/0 5 ==== osd_map(2..2 src has 1..2) ==== 940+0+0 (secure 0 0 0) 0x7f7bcc053890 con 0x7f7be4108c80
2024-05-09T05:27:22.388 INFO:teuthology.orchestra.run.smithi039.stdout:/usr/bin/ceph: stderr
2024-05-09T05:27:21.547+0000 7f7be2ffd700 1 -- 172.21.15.39:0/4180760034 >> [v2:172.21.15.39:6800/4091500272,v1:172.21.15.39:6801/4091500272] conn(0x7f7bd003e520 msgr2=0x7f7bd0040a30 unknown :-1 s=STATE_CONNECTING_RE l=1).process reconnect failed to v2:172.21.15.39:6800/4091500272
2024-05-09T05:27:22.388 INFO:teuthology.orchestra.run.smithi039.stdout:/usr/bin/ceph: stderr
2024-05-09T05:27:21.547+0000 7f7be2ffd700 1 --2- 172.21.15.39:0/4180760034 >> [v2:172.21.15.39:6800/4091500272,v1:172.21.15.39:6801/4091500272] conn(0x7f7bd003e520 0x7f7bd0040a30 unknown :-1 s=START_CONNECT pgs=0 cs=0 l=1 rev1=0 crypto rx=0 tx=0 comp rx=0 tx=0)._fault waiting 0.200000
2024-05-09T05:27:22.388 INFO:teuthology.orchestra.run.smithi039.stdout:/usr/bin/ceph: stderr
2024-05-09T05:27:21.552+0000 7f7be0ff9700 1 -- 172.21.15.39:0/4180760034 <== mon.0 v2:172.21.15.39:3300/0 6 ==== mon_command_ack([{"prefix": "get_command_descriptions"}]=0 v0) ==== 72+0+191963 (secure 0 0 0) 0x7f7bcc00e260 con 0x7f7be4108c80
2024-05-09T05:27:22.388 INFO:teuthology.orchestra.run.smithi039.stdout:/usr/bin/ceph: stderr
2024-05-09T05:27:21.748+0000 7f7be2ffd700 1 -- 172.21.15.39:0/4180760034 >> [v2:172.21.15.39:6800/4091500272,v1:172.21.15.39:6801/4091500272] conn(0x7f7bd003e520 msgr2=0x7f7bd0040a30 unknown :-1 s=STATE_CONNECTING_RE l=1).process reconnect failed to v2:172.21.15.39:6800/4091500272
2024-05-09T05:27:22.388 INFO:teuthology.orchestra.run.smithi039.stdout:/usr/bin/ceph: stderr
2024-05-09T05:27:21.748+0000 7f7be2ffd700 1 --2- 172.21.15.39:0/4180760034 >> [v2:172.21.15.39:6800/4091500272,v1:172.21.15.39:6801/4091500272] conn(0x7f7bd003e520 0x7f7bd0040a30 unknown :-1 s=START_CONNECT pgs=0 cs=0 l=1 rev1=0 crypto rx=0 tx=0 comp rx=0 tx=0)._fault waiting 0.400000
2024-05-09T05:27:22.388 INFO:teuthology.orchestra.run.smithi039.stdout:/usr/bin/ceph: stderr
2024-05-09T05:27:21.876+0000 7f7bea025700 1 -- 172.21.15.39:0/4180760034 --> [v2:172.21.15.39:3300/0,v1:172.21.15.39:6789/0] -- mon_command({"prefix": "mgr stat"} v 0) -- 0x7f7be402e8b0 con 0x7f7be4108c80
2024-05-09T05:27:22.388 INFO:teuthology.orchestra.run.smithi039.stdout:/usr/bin/ceph: stderr
2024-05-09T05:27:21.876+0000 7f7be0ff9700 1 -- 172.21.15.39:0/4180760034 <== mon.0 v2:172.21.15.39:3300/0 7 ==== mon_command_ack([{"prefix": "mgr stat"}]=0 v9) ==== 56+0+88 (secure 0 0 0) 0x7f7bcc01aa90 con 0x7f7be4108c80
2024-05-09T05:27:22.389 INFO:teuthology.orchestra.run.smithi039.stdout:/usr/bin/ceph: stderr
2024-05-09T05:27:21.879+0000 7f7bea025700 1 -- 172.21.15.39:0/4180760034 >> [v2:172.21.15.39:6800/4091500272,v1:172.21.15.39:6801/4091500272] conn(0x7f7bd003e520 msgr2=0x7f7bd0040a30 unknown :-1 s=STATE_CONNECTING l=1).mark_down
2024-05-09T05:27:22.389 INFO:teuthology.orchestra.run.smithi039.stdout:/usr/bin/ceph: stderr
2024-05-09T05:27:21.879+0000 7f7bea025700 1 --2- 172.21.15.39:0/4180760034 >> [v2:172.21.15.39:6800/4091500272,v1:172.21.15.39:6801/4091500272] conn(0x7f7bd003e520 0x7f7bd0040a30 unknown :-1 s=START_CONNECT pgs=0 cs=0 l=1 rev1=0 crypto rx=0 tx=0 comp rx=0 tx=0).stop
2024-05-09T05:27:22.389 INFO:teuthology.orchestra.run.smithi039.stdout:/usr/bin/ceph: stderr
2024-05-09T05:27:21.879+0000 7f7bea025700 1 -- 172.21.15.39:0/4180760034 >> [v2:172.21.15.39:3300/0,v1:172.21.15.39:6789/0] conn(0x7f7be4108c80 msgr2=0x7f7be419e110 secure :-1 s=STATE_CONNECTION_ESTABLISHED l=1).mark_down
2024-05-09T05:27:22.389 INFO:teuthology.orchestra.run.smithi039.stdout:/usr/bin/ceph: stderr
2024-05-09T05:27:21.879+0000 7f7bea025700 1 --2- 172.21.15.39:0/4180760034 >> [v2:172.21.15.39:3300/0,v1:172.21.15.39:6789/0] conn(0x7f7be4108c80 0x7f7be419e110 secure :-1 s=READY pgs=60 cs=0 l=1 rev1=1 crypto rx=0x7f7bcc003e70 tx=0x7f7bcc011aa0 comp rx=0 tx=0).stop
2024-05-09T05:27:22.389 INFO:teuthology.orchestra.run.smithi039.stdout:/usr/bin/ceph: stderr
2024-05-09T05:27:21.879+0000 7f7bea025700 1 -- 172.21.15.39:0/4180760034 shutdown_connections
2024-05-09T05:27:22.389 INFO:teuthology.orchestra.run.smithi039.stdout:/usr/bin/ceph: stderr
2024-05-09T05:27:21.879+0000 7f7bea025700 1 --2- 172.21.15.39:0/4180760034 >> [v2:172.21.15.39:6800/4091500272,v1:172.21.15.39:6801/4091500272] conn(0x7f7bd003e520 0x7f7bd0040a30 unknown :-1 s=CLOSED pgs=0 cs=0 l=1 rev1=0 crypto rx=0 tx=0 comp rx=0 tx=0).stop
2024-05-09T05:27:22.389 INFO:teuthology.orchestra.run.smithi039.stdout:/usr/bin/ceph: stderr
2024-05-09T05:27:21.879+0000 7f7bea025700 1 --2- 172.21.15.39:0/4180760034 >> [v2:172.21.15.39:3300/0,v1:172.21.15.39:6789/0] conn(0x7f7be4108c80 0x7f7be419e110 unknown :-1 s=CLOSED pgs=60 cs=0 l=1 rev1=1 crypto rx=0 tx=0 comp rx=0 tx=0).stop
2024-05-09T05:27:22.389 INFO:teuthology.orchestra.run.smithi039.stdout:/usr/bin/ceph: stderr
2024-05-09T05:27:21.879+0000 7f7bea025700 1 -- 172.21.15.39:0/4180760034 >> 172.21.15.39:0/4180760034 conn(0x7f7be4104300 msgr2=0x7f7be41946c0 unknown :-1 s=STATE_NONE l=0).mark_down
2024-05-09T05:27:22.389 INFO:teuthology.orchestra.run.smithi039.stdout:/usr/bin/ceph: stderr
2024-05-09T05:27:21.879+0000 7f7bea025700 1 -- 172.21.15.39:0/4180760034 shutdown_connections
2024-05-09T05:27:22.389 INFO:teuthology.orchestra.run.smithi039.stdout:/usr/bin/ceph: stderr
2024-05-09T05:27:21.879+0000 7f7bea025700 1 -- 172.21.15.39:0/4180760034 wait complete.
2024-05-09T05:27:22.389 INFO:teuthology.orchestra.run.smithi039.stdout:Waiting for the mgr to restart...
2024-05-09T05:27:22.389 INFO:teuthology.orchestra.run.smithi039.stdout:Waiting for mgr epoch 9...
2024-05-09T05:27:22.504 INFO:journalctl@ceph.mon.a.smithi039.stdout:May 09 05:27:22 smithi039 ceph-mon[30439]: from='client.? 172.21.15.39:0/4180760034' entity='client.admin' cmd=[{"prefix": "mgr stat"}]: dispatch
2024-05-09T05:27:22.819 INFO:journalctl@ceph.mgr.x.smithi039.stdout:May 09 05:27:22 smithi039 ceph-86d4cc60-0dc4-11ef-bc97-c7b262605968-mgr-x[30667]:
2024-05-09T05:27:22.693+0000 7fcb911bb200 -1 mgr[py] Module telegraf has missing NOTIFY_TYPES member
2024-05-09T05:27:23.111 INFO:journalctl@ceph.mgr.x.smithi039.stdout:May 09 05:27:22 smithi039 ceph-86d4cc60-0dc4-11ef-bc97-c7b262605968-mgr-x[30667]:
2024-05-09T05:27:22.883+0000 7fcb911bb200 -1 mgr[py] Module osd_support has missing NOTIFY_TYPES member
2024-05-09T05:27:23.111 INFO:journalctl@ceph.mgr.x.smithi039.stdout:May 09 05:27:23 smithi039 ceph-86d4cc60-0dc4-11ef-bc97-c7b262605968-mgr-x[30667]:
2024-05-09T05:27:23.062+0000 7fcb911bb200 -1 mgr[py] Module iostat has missing NOTIFY_TYPES member
2024-05-09T05:27:23.653 INFO:journalctl@ceph.mgr.x.smithi039.stdout:May 09 05:27:23 smithi039 ceph-86d4cc60-0dc4-11ef-bc97-c7b262605968-mgr-x[30667]:
2024-05-09T05:27:23.370+0000 7fcb911bb200 -1 mgr[py] Module alerts has missing NOTIFY_TYPES member
2024-05-09T05:27:23.653 INFO:journalctl@ceph.mgr.x.smithi039.stdout:May 09 05:27:23 smithi039 ceph-86d4cc60-0dc4-11ef-bc97-c7b262605968-mgr-x[30667]:
2024-05-09T05:27:23.469+0000 7fcb911bb200 -1 mgr[py] Module selftest has missing NOTIFY_TYPES member
2024-05-09T05:27:23.921 INFO:journalctl@ceph.mgr.x.smithi039.stdout:May 09 05:27:23 smithi039 ceph-86d4cc60-0dc4-11ef-bc97-c7b262605968-mgr-x[30667]:
2024-05-09T05:27:23.684+0000 7fcb911bb200 -1 mgr[py] Module pg_autoscaler has missing NOTIFY_TYPES member
2024-05-09T05:27:23.921 INFO:journalctl@ceph.mgr.x.smithi039.stdout:May 09 05:27:23 smithi039 ceph-86d4cc60-0dc4-11ef-bc97-c7b262605968-mgr-x[30667]:
2024-05-09T05:27:23.897+0000 7fcb911bb200 -1 mgr[py] Module test_orchestrator has missing NOTIFY_TYPES member
2024-05-09T05:27:24.861 INFO:journalctl@ceph.mgr.x.smithi039.stdout:May 09 05:27:24 smithi039 ceph-86d4cc60-0dc4-11ef-bc97-c7b262605968-mgr-x[30667]:
2024-05-09T05:27:24.544+0000 7fcb911bb200 -1 mgr[py] Module rook has missing NOTIFY_TYPES member
2024-05-09T05:27:24.861 INFO:journalctl@ceph.mgr.x.smithi039.stdout:May 09 05:27:24 smithi039 ceph-86d4cc60-0dc4-11ef-bc97-c7b262605968-mgr-x[30667]:
2024-05-09T05:27:24.783+0000 7fcb911bb200 -1 mgr[py] Module smb has missing NOTIFY_TYPES member
2024-05-09T05:27:25.611 INFO:journalctl@ceph.mgr.x.smithi039.stdout:May 09 05:27:25 smithi039 ceph-86d4cc60-0dc4-11ef-bc97-c7b262605968-mgr-x[30667]:
2024-05-09T05:27:25.238+0000 7fcb911bb200 -1 mgr[py] Module volumes has missing NOTIFY_TYPES member
2024-05-09T05:27:25.611 INFO:journalctl@ceph.mgr.x.smithi039.stdout:May 09 05:27:25 smithi039 ceph-86d4cc60-0dc4-11ef-bc97-c7b262605968-mgr-x[30667]:
2024-05-09T05:27:25.342+0000 7fcb911bb200 -1 mgr[py] Module crash has missing NOTIFY_TYPES member
2024-05-09T05:27:26.106 INFO:journalctl@ceph.mgr.x.smithi039.stdout:May 09 05:27:25 smithi039 ceph-86d4cc60-0dc4-11ef-bc97-c7b262605968-mgr-x[30667]:
2024-05-09T05:27:25.732+0000 7fcb911bb200 -1 mgr[py] Module rgw has missing NOTIFY_TYPES member
2024-05-09T05:27:26.107 INFO:journalctl@ceph.mgr.x.smithi039.stdout:May 09 05:27:26 smithi039 ceph-86d4cc60-0dc4-11ef-bc97-c7b262605968-mgr-x[30667]:
2024-05-09T05:27:26.111+0000 7fcb911bb200 -1 mgr[py] Module prometheus has missing NOTIFY_TYPES member
2024-05-09T05:27:26.361 INFO:journalctl@ceph.mgr.x.smithi039.stdout:May 09 05:27:26 smithi039 ceph-86d4cc60-0dc4-11ef-bc97-c7b262605968-mgr-x[30667]:
2024-05-09T05:27:26.211+0000 7fcb911bb200 -1 mgr[py] Module devicehealth has missing NOTIFY_TYPES member
2024-05-09T05:27:26.861 INFO:journalctl@ceph.mgr.x.smithi039.stdout:May 09 05:27:26 smithi039 ceph-86d4cc60-0dc4-11ef-bc97-c7b262605968-mgr-x[30667]:
2024-05-09T05:27:26.471+0000 7fcb911bb200 -1 mgr[py] Module telemetry has missing NOTIFY_TYPES member
2024-05-09T05:27:26.861 INFO:journalctl@ceph.mgr.x.smithi039.stdout:May 09 05:27:26 smithi039 ceph-86d4cc60-0dc4-11ef-bc97-c7b262605968-mgr-x[30667]:
2024-05-09T05:27:26.613+0000 7fcb911bb200 -1 mgr[py] Module diskprediction_local has missing NOTIFY_TYPES member
2024-05-09T05:27:26.861 INFO:journalctl@ceph.mgr.x.smithi039.stdout:May 09 05:27:26 smithi039 ceph-86d4cc60-0dc4-11ef-bc97-c7b262605968-mgr-x[30667]:
2024-05-09T05:27:26.716+0000 7fcb911bb200 -1 mgr[py] Module osd_perf_query has missing NOTIFY_TYPES member
2024-05-09T05:27:27.361 INFO:journalctl@ceph.mgr.x.smithi039.stdout:May 09 05:27:27 smithi039 ceph-86d4cc60-0dc4-11ef-bc97-c7b262605968-mgr-x[30667]:
2024-05-09T05:27:27.058+0000 7fcb911bb200 -1 mgr[py] Module rbd_support has missing NOTIFY_TYPES member
2024-05-09T05:27:27.361 INFO:journalctl@ceph.mgr.x.smithi039.stdout:May 09 05:27:27 smithi039 ceph-86d4cc60-0dc4-11ef-bc97-c7b262605968-mgr-x[30667]:
2024-05-09T05:27:27.157+0000 7fcb911bb200 -1 mgr[py] Module zabbix has missing NOTIFY_TYPES member
2024-05-09T05:27:28.080 INFO:journalctl@ceph.mgr.x.smithi039.stdout:May 09 05:27:27 smithi039 ceph-86d4cc60-0dc4-11ef-bc97-c7b262605968-mgr-x[30667]:
2024-05-09T05:27:27.797+0000 7fcb911bb200 -1 mgr[py] Module status has missing NOTIFY_TYPES member
2024-05-09T05:27:28.080 INFO:journalctl@ceph.mgr.x.smithi039.stdout:May 09 05:27:28 smithi039 ceph-86d4cc60-0dc4-11ef-bc97-c7b262605968-mgr-x[30667]:
2024-05-09T05:27:28.031+0000 7fcb911bb200 -1 mgr[py] Module nfs has missing NOTIFY_TYPES member
2024-05-09T05:27:28.361 INFO:journalctl@ceph.mon.a.smithi039.stdout:May 09 05:27:28 smithi039 ceph-mon[30439]: Active manager daemon x restarted
2024-05-09T05:27:28.361 INFO:journalctl@ceph.mon.a.smithi039.stdout:May 09 05:27:28 smithi039 ceph-mon[30439]: Activating manager daemon x
2024-05-09T05:27:28.361 INFO:journalctl@ceph.mon.a.smithi039.stdout:May 09 05:27:28 smithi039 ceph-mon[30439]: osdmap e3: 0 total, 0 up, 0 in
2024-05-09T05:27:28.361 INFO:journalctl@ceph.mon.a.smithi039.stdout:May 09 05:27:28 smithi039 ceph-mon[30439]: mgrmap e10: x(active, starting, since 0.00410414s)
2024-05-09T05:27:28.361 INFO:journalctl@ceph.mon.a.smithi039.stdout:May 09 05:27:28 smithi039 ceph-mon[30439]: from='mgr.14152 172.21.15.39:0/3002320112' entity='mgr.x' cmd=[{"prefix": "mon metadata", "id": "a"}]: dispatch
2024-05-09T05:27:28.362 INFO:journalctl@ceph.mon.a.smithi039.stdout:May 09 05:27:28 smithi039 ceph-mon[30439]: from='mgr.14152 172.21.15.39:0/3002320112' entity='mgr.x' cmd=[{"prefix": "mgr metadata", "who": "x", "id": "x"}]: dispatch
2024-05-09T05:27:28.362 INFO:journalctl@ceph.mon.a.smithi039.stdout:May 09 05:27:28 smithi039 ceph-mon[30439]: from='mgr.14152 172.21.15.39:0/3002320112' entity='mgr.x' cmd=[{"prefix": "mds metadata"}]: dispatch
2024-05-09T05:27:28.362 INFO:journalctl@ceph.mon.a.smithi039.stdout:May 09 05:27:28 smithi039 ceph-mon[30439]: from='mgr.14152 172.21.15.39:0/3002320112' entity='mgr.x' cmd=[{"prefix": "osd metadata"}]: dispatch
2024-05-09T05:27:28.362 INFO:journalctl@ceph.mon.a.smithi039.stdout:May 09 05:27:28 smithi039 ceph-mon[30439]: from='mgr.14152 172.21.15.39:0/3002320112' entity='mgr.x' cmd=[{"prefix": "mon metadata"}]: dispatch
2024-05-09T05:27:28.362 INFO:journalctl@ceph.mon.a.smithi039.stdout:May 09 05:27:28 smithi039 ceph-mon[30439]: Manager daemon x is now available
2024-05-09T05:27:28.362 INFO:journalctl@ceph.mon.a.smithi039.stdout:May 09 05:27:28 smithi039 ceph-mon[30439]: from='mgr.14152 172.21.15.39:0/3002320112' entity='mgr.x' cmd=[{"prefix": "config dump", "format": "json"}]: dispatch
2024-05-09T05:27:29.361 INFO:journalctl@ceph.mon.a.smithi039.stdout:May 09 05:27:29 smithi039 ceph-mon[30439]: from='mgr.14152 172.21.15.39:0/3002320112' entity='mgr.x' cmd=[{"prefix":"config rm","who":"mgr","name":"mgr/rbd_support/x/mirror_snapshot_schedule"}]: dispatch
2024-05-09T05:27:29.361 INFO:journalctl@ceph.mon.a.smithi039.stdout:May 09 05:27:29 smithi039 ceph-mon[30439]: from='mgr.14152 172.21.15.39:0/3002320112' entity='mgr.x' cmd=[{"prefix":"config rm","who":"mgr","name":"mgr/rbd_support/x/trash_purge_schedule"}]: dispatch
2024-05-09T05:27:29.362 INFO:journalctl@ceph.mon.a.smithi039.stdout:May 09 05:27:29 smithi039 ceph-mon[30439]: mgrmap e11: x(active, since 1.00934s)
2024-05-09T05:27:29.712 INFO:teuthology.orchestra.run.smithi039.stdout:/usr/bin/ceph: stdout {
2024-05-09T05:27:29.712 INFO:teuthology.orchestra.run.smithi039.stdout:/usr/bin/ceph: stdout "mgrmap_epoch": 11,
2024-05-09T05:27:29.713 INFO:teuthology.orchestra.run.smithi039.stdout:/usr/bin/ceph: stdout "initialized": true
2024-05-09T05:27:29.713 INFO:teuthology.orchestra.run.smithi039.stdout:/usr/bin/ceph: stdout }
2024-05-09T05:27:29.713 INFO:teuthology.orchestra.run.smithi039.stdout:/usr/bin/ceph: stderr
2024-05-09T05:27:22.856+0000 7f139cd06700 1 Processor -- start
2024-05-09T05:27:29.713 INFO:teuthology.orchestra.run.smithi039.stdout:/usr/bin/ceph: stderr
2024-05-09T05:27:22.856+0000 7f139cd06700 1 -- start start
2024-05-09T05:27:29.713 INFO:teuthology.orchestra.run.smithi039.stdout:/usr/bin/ceph: stderr
2024-05-09T05:27:22.857+0000 7f139cd06700 1 --2- >> [v2:172.21.15.39:3300/0,v1:172.21.15.39:6789/0] conn(0x7f1398109df0 0x7f139810a200 unknown :-1 s=NONE pgs=0 cs=0 l=0 rev1=0 crypto rx=0 tx=0 comp rx=0 tx=0).connect
2024-05-09T05:27:29.714 INFO:teuthology.orchestra.run.smithi039.stdout:/usr/bin/ceph: stderr
2024-05-09T05:27:22.857+0000 7f139cd06700 1 -- --> [v2:172.21.15.39:3300/0,v1:172.21.15.39:6789/0] -- mon_getmap magic: 0 -- 0x7f139810a7f0 con 0x7f1398109df0
2024-05-09T05:27:29.714 INFO:teuthology.orchestra.run.smithi039.stdout:/usr/bin/ceph: stderr
2024-05-09T05:27:22.857+0000 7f139659c700 1 --2- >> [v2:172.21.15.39:3300/0,v1:172.21.15.39:6789/0] conn(0x7f1398109df0 0x7f139810a200 unknown :-1 s=BANNER_CONNECTING pgs=0 cs=0 l=0 rev1=0 crypto rx=0 tx=0 comp rx=0 tx=0)._handle_peer_banner_payload supported=3 required=0
2024-05-09T05:27:29.714 INFO:teuthology.orchestra.run.smithi039.stdout:/usr/bin/ceph: stderr
2024-05-09T05:27:22.857+0000 7f139659c700 1 --2- >> [v2:172.21.15.39:3300/0,v1:172.21.15.39:6789/0] conn(0x7f1398109df0 0x7f139810a200 unknown :-1 s=HELLO_CONNECTING pgs=0 cs=0 l=0 rev1=1 crypto rx=0 tx=0 comp rx=0 tx=0).handle_hello peer v2:172.21.15.39:3300/0 says I am v2:172.21.15.39:53190/0 (socket says 172.21.15.39:53190)
2024-05-09T05:27:29.720 INFO:teuthology.orchestra.run.smithi039.stdout:/usr/bin/ceph: stderr
2024-05-09T05:27:22.857+0000 7f139659c700 1 -- 172.21.15.39:0/4155557606 learned_addr learned my addr 172.21.15.39:0/4155557606 (peer_addr_for_me v2:172.21.15.39:0/0)
2024-05-09T05:27:29.720 INFO:teuthology.orchestra.run.smithi039.stdout:/usr/bin/ceph: stderr
2024-05-09T05:27:22.857+0000 7f139659c700 1 -- 172.21.15.39:0/4155557606 --> [v2:172.21.15.39:3300/0,v1:172.21.15.39:6789/0] -- mon_subscribe({config=0+,monmap=0+}) -- 0x7f139810aed0 con 0x7f1398109df0
2024-05-09T05:27:29.720 INFO:teuthology.orchestra.run.smithi039.stdout:/usr/bin/ceph: stderr
2024-05-09T05:27:22.858+0000 7f139659c700 1 --2- 172.21.15.39:0/4155557606 >> [v2:172.21.15.39:3300/0,v1:172.21.15.39:6789/0] conn(0x7f1398109df0 0x7f139810a200 secure :-1 s=READY pgs=61 cs=0 l=1 rev1=1 crypto rx=0x7f13880098a0 tx=0x7f1388009bb0 comp rx=0 tx=0).ready entity=mon.0 client_cookie=fc4a31cde4f2a478 server_cookie=0 in_seq=0 out_seq=0
2024-05-09T05:27:29.720 INFO:teuthology.orchestra.run.smithi039.stdout:/usr/bin/ceph: stderr
2024-05-09T05:27:22.858+0000 7f139559a700 1 -- 172.21.15.39:0/4155557606 <== mon.0 v2:172.21.15.39:3300/0 1 ==== mon_map magic: 0 ==== 205+0+0 (secure 0 0 0) 0x7f1388004160 con 0x7f1398109df0
2024-05-09T05:27:29.720 INFO:teuthology.orchestra.run.smithi039.stdout:/usr/bin/ceph: stderr
2024-05-09T05:27:22.858+0000 7f139559a700 1 -- 172.21.15.39:0/4155557606 <== mon.0 v2:172.21.15.39:3300/0 2 ==== config(26 keys) ==== 1101+0+0 (secure 0 0 0) 0x7f1388004300 con 0x7f1398109df0
2024-05-09T05:27:29.720 INFO:teuthology.orchestra.run.smithi039.stdout:/usr/bin/ceph: stderr
2024-05-09T05:27:22.858+0000 7f139559a700 1 -- 172.21.15.39:0/4155557606 <== mon.0 v2:172.21.15.39:3300/0 3 ==== mon_map magic: 0 ==== 205+0+0 (secure 0 0 0) 0x7f1388011a20 con 0x7f1398109df0
2024-05-09T05:27:29.721 INFO:teuthology.orchestra.run.smithi039.stdout:/usr/bin/ceph: stderr
2024-05-09T05:27:22.859+0000 7f139cd06700 1 -- 172.21.15.39:0/4155557606 >> [v2:172.21.15.39:3300/0,v1:172.21.15.39:6789/0] conn(0x7f1398109df0 msgr2=0x7f139810a200 secure :-1 s=STATE_CONNECTION_ESTABLISHED l=1).mark_down
2024-05-09T05:27:29.721 INFO:teuthology.orchestra.run.smithi039.stdout:/usr/bin/ceph: stderr
2024-05-09T05:27:22.859+0000 7f139cd06700 1 --2- 172.21.15.39:0/4155557606 >> [v2:172.21.15.39:3300/0,v1:172.21.15.39:6789/0] conn(0x7f1398109df0 0x7f139810a200 secure :-1 s=READY pgs=61 cs=0 l=1 rev1=1 crypto rx=0x7f13880098a0 tx=0x7f1388009bb0 comp rx=0 tx=0).stop
2024-05-09T05:27:29.721 INFO:teuthology.orchestra.run.smithi039.stdout:/usr/bin/ceph: stderr
2024-05-09T05:27:22.859+0000 7f139cd06700 1 -- 172.21.15.39:0/4155557606 shutdown_connections
2024-05-09T05:27:29.721 INFO:teuthology.orchestra.run.smithi039.stdout:/usr/bin/ceph: stderr
2024-05-09T05:27:22.859+0000 7f139cd06700 1 --2- 172.21.15.39:0/4155557606 >> [v2:172.21.15.39:3300/0,v1:172.21.15.39:6789/0] conn(0x7f1398109df0 0x7f139810a200 unknown :-1 s=CLOSED pgs=61 cs=0 l=1 rev1=1 crypto rx=0 tx=0 comp rx=0 tx=0).stop
2024-05-09T05:27:29.721 INFO:teuthology.orchestra.run.smithi039.stdout:/usr/bin/ceph: stderr
2024-05-09T05:27:22.859+0000 7f139cd06700 1 -- 172.21.15.39:0/4155557606 >> 172.21.15.39:0/4155557606 conn(0x7f1398105450 msgr2=0x7f13981078e0 unknown :-1 s=STATE_NONE l=0).mark_down
2024-05-09T05:27:29.721 INFO:teuthology.orchestra.run.smithi039.stdout:/usr/bin/ceph: stderr
2024-05-09T05:27:22.859+0000 7f139cd06700 1 -- 172.21.15.39:0/4155557606 shutdown_connections
2024-05-09T05:27:29.721 INFO:teuthology.orchestra.run.smithi039.stdout:/usr/bin/ceph: stderr
2024-05-09T05:27:22.859+0000 7f139cd06700 1 -- 172.21.15.39:0/4155557606 wait complete.
2024-05-09T05:27:29.721 INFO:teuthology.orchestra.run.smithi039.stdout:/usr/bin/ceph: stderr
2024-05-09T05:27:22.860+0000 7f139cd06700 1 Processor -- start
2024-05-09T05:27:29.721 INFO:teuthology.orchestra.run.smithi039.stdout:/usr/bin/ceph: stderr
2024-05-09T05:27:22.860+0000 7f139cd06700 1 -- start start
2024-05-09T05:27:29.721 INFO:teuthology.orchestra.run.smithi039.stdout:/usr/bin/ceph: stderr
2024-05-09T05:27:22.860+0000 7f139cd06700 1 --2- >> [v2:172.21.15.39:3300/0,v1:172.21.15.39:6789/0] conn(0x7f1398109df0 0x7f139819e110 unknown :-1 s=NONE pgs=0 cs=0 l=1 rev1=0 crypto rx=0 tx=0 comp rx=0 tx=0).connect
2024-05-09T05:27:29.721 INFO:teuthology.orchestra.run.smithi039.stdout:/usr/bin/ceph: stderr
2024-05-09T05:27:22.860+0000 7f139cd06700 1 -- --> [v2:172.21.15.39:3300/0,v1:172.21.15.39:6789/0] -- mon_getmap magic: 0 -- 0x7f139810e280 con 0x7f1398109df0
2024-05-09T05:27:29.721 INFO:teuthology.orchestra.run.smithi039.stdout:/usr/bin/ceph: stderr
2024-05-09T05:27:22.860+0000 7f139659c700 1 --2- >> [v2:172.21.15.39:3300/0,v1:172.21.15.39:6789/0] conn(0x7f1398109df0 0x7f139819e110 unknown :-1 s=BANNER_CONNECTING pgs=0 cs=0 l=1 rev1=0 crypto rx=0 tx=0 comp rx=0 tx=0)._handle_peer_banner_payload supported=3 required=0
2024-05-09T05:27:29.721 INFO:teuthology.orchestra.run.smithi039.stdout:/usr/bin/ceph: stderr
2024-05-09T05:27:22.860+0000 7f139659c700 1 --2- >> [v2:172.21.15.39:3300/0,v1:172.21.15.39:6789/0] conn(0x7f1398109df0 0x7f139819e110 unknown :-1 s=HELLO_CONNECTING pgs=0 cs=0 l=1 rev1=1 crypto rx=0 tx=0 comp rx=0 tx=0).handle_hello peer v2:172.21.15.39:3300/0 says I am v2:172.21.15.39:53198/0 (socket says 172.21.15.39:53198)
2024-05-09T05:27:29.722 INFO:teuthology.orchestra.run.smithi039.stdout:/usr/bin/ceph: stderr
2024-05-09T05:27:22.860+0000 7f139659c700 1 -- 172.21.15.39:0/1426442394 learned_addr learned my addr 172.21.15.39:0/1426442394 (peer_addr_for_me v2:172.21.15.39:0/0)
2024-05-09T05:27:29.722 INFO:teuthology.orchestra.run.smithi039.stdout:/usr/bin/ceph: stderr
2024-05-09T05:27:22.860+0000 7f139659c700 1 -- 172.21.15.39:0/1426442394 --> [v2:172.21.15.39:3300/0,v1:172.21.15.39:6789/0] -- mon_subscribe({config=0+,monmap=0+}) -- 0x7f139819e650 con 0x7f1398109df0
2024-05-09T05:27:29.722 INFO:teuthology.orchestra.run.smithi039.stdout:/usr/bin/ceph: stderr
2024-05-09T05:27:22.861+0000 7f139659c700 1 --2- 172.21.15.39:0/1426442394 >> [v2:172.21.15.39:3300/0,v1:172.21.15.39:6789/0] conn(0x7f1398109df0 0x7f139819e110 secure :-1 s=READY pgs=62 cs=0 l=1 rev1=1 crypto rx=0x7f1388003e70 tx=0x7f1388011aa0 comp rx=0 tx=0).ready entity=mon.0 client_cookie=0 server_cookie=0 in_seq=0 out_seq=0
2024-05-09T05:27:29.722 INFO:teuthology.orchestra.run.smithi039.stdout:/usr/bin/ceph: stderr
2024-05-09T05:27:22.861+0000 7f13877fe700 1 -- 172.21.15.39:0/1426442394 <== mon.0 v2:172.21.15.39:3300/0 1 ==== mon_map magic: 0 ==== 205+0+0 (secure 0 0 0) 0x7f1388003aa0 con 0x7f1398109df0
2024-05-09T05:27:29.722 INFO:teuthology.orchestra.run.smithi039.stdout:/usr/bin/ceph: stderr
2024-05-09T05:27:22.861+0000 7f13877fe700 1 -- 172.21.15.39:0/1426442394 <== mon.0 v2:172.21.15.39:3300/0 2 ==== config(26 keys) ==== 1101+0+0 (secure 0 0 0) 0x7f138801a8e0 con 0x7f1398109df0
2024-05-09T05:27:29.722 INFO:teuthology.orchestra.run.smithi039.stdout:/usr/bin/ceph: stderr
2024-05-09T05:27:22.861+0000 7f139cd06700 1 -- 172.21.15.39:0/1426442394 --> [v2:172.21.15.39:3300/0,v1:172.21.15.39:6789/0] -- mon_subscribe({mgrmap=0+}) -- 0x7f139819e8e0 con 0x7f1398109df0
2024-05-09T05:27:29.722 INFO:teuthology.orchestra.run.smithi039.stdout:/usr/bin/ceph: stderr
2024-05-09T05:27:22.861+0000 7f13877fe700 1 -- 172.21.15.39:0/1426442394 <== mon.0 v2:172.21.15.39:3300/0 3 ==== mon_map magic: 0 ==== 205+0+0 (secure 0 0 0) 0x7f1388024870 con 0x7f1398109df0
2024-05-09T05:27:29.722 INFO:teuthology.orchestra.run.smithi039.stdout:/usr/bin/ceph: stderr
2024-05-09T05:27:22.861+0000 7f139cd06700 1 -- 172.21.15.39:0/1426442394 --> [v2:172.21.15.39:3300/0,v1:172.21.15.39:6789/0] -- mon_subscribe({osdmap=0}) -- 0x7f13981a14f0 con 0x7f1398109df0
2024-05-09T05:27:29.722 INFO:teuthology.orchestra.run.smithi039.stdout:/usr/bin/ceph: stderr
2024-05-09T05:27:22.862+0000 7f13877fe700 1 -- 172.21.15.39:0/1426442394 <== mon.0 v2:172.21.15.39:3300/0 4 ==== mgrmap(e 9) ==== 50235+0+0 (secure 0 0 0) 0x7f1388022020 con 0x7f1398109df0
2024-05-09T05:27:29.723 INFO:teuthology.orchestra.run.smithi039.stdout:/usr/bin/ceph: stderr
2024-05-09T05:27:22.862+0000 7f13877fe700 1 --2- 172.21.15.39:0/1426442394 >> [v2:172.21.15.39:6800/4091500272,v1:172.21.15.39:6801/4091500272] conn(0x7f138003e520 0x7f1380040a30 unknown :-1 s=NONE pgs=0 cs=0 l=1 rev1=0 crypto rx=0 tx=0 comp rx=0 tx=0).connect
2024-05-09T05:27:29.723 INFO:teuthology.orchestra.run.smithi039.stdout:/usr/bin/ceph: stderr
2024-05-09T05:27:22.862+0000 7f13877fe700 1 -- 172.21.15.39:0/1426442394 --> [v2:172.21.15.39:6800/4091500272,v1:172.21.15.39:6801/4091500272] -- command(tid 0: {"prefix": "get_command_descriptions"}) -- 0x7f1380041140 con 0x7f138003e520
2024-05-09T05:27:29.723 INFO:teuthology.orchestra.run.smithi039.stdout:/usr/bin/ceph: stderr
2024-05-09T05:27:22.862+0000 7f13877fe700 1 -- 172.21.15.39:0/1426442394 <== mon.0 v2:172.21.15.39:3300/0 5 ==== osd_map(2..2 src has 1..2) ==== 940+0+0 (secure 0 0 0) 0x7f1388053bc0 con 0x7f1398109df0
2024-05-09T05:27:29.723 INFO:teuthology.orchestra.run.smithi039.stdout:/usr/bin/ceph: stderr
2024-05-09T05:27:22.862+0000 7f1395d9b700 1 -- 172.21.15.39:0/1426442394 >> [v2:172.21.15.39:6800/4091500272,v1:172.21.15.39:6801/4091500272] conn(0x7f138003e520 msgr2=0x7f1380040a30 unknown :-1 s=STATE_CONNECTING_RE l=1).process reconnect failed to v2:172.21.15.39:6800/4091500272
2024-05-09T05:27:29.723 INFO:teuthology.orchestra.run.smithi039.stdout:/usr/bin/ceph: stderr
2024-05-09T05:27:22.862+0000 7f1395d9b700 1 --2- 172.21.15.39:0/1426442394 >> [v2:172.21.15.39:6800/4091500272,v1:172.21.15.39:6801/4091500272] conn(0x7f138003e520 0x7f1380040a30 unknown :-1 s=START_CONNECT pgs=0 cs=0 l=1 rev1=0 crypto rx=0 tx=0 comp rx=0 tx=0)._fault waiting 0.200000
2024-05-09T05:27:29.723 INFO:teuthology.orchestra.run.smithi039.stdout:/usr/bin/ceph: stderr
2024-05-09T05:27:23.063+0000 7f1395d9b700 1 -- 172.21.15.39:0/1426442394 >> [v2:172.21.15.39:6800/4091500272,v1:172.21.15.39:6801/4091500272] conn(0x7f138003e520 msgr2=0x7f1380040a30 unknown :-1 s=STATE_CONNECTING_RE l=1).process reconnect failed to v2:172.21.15.39:6800/4091500272
2024-05-09T05:27:29.723 INFO:teuthology.orchestra.run.smithi039.stdout:/usr/bin/ceph: stderr
2024-05-09T05:27:23.063+0000 7f1395d9b700 1 --2- 172.21.15.39:0/1426442394 >> [v2:172.21.15.39:6800/4091500272,v1:172.21.15.39:6801/4091500272] conn(0x7f138003e520 0x7f1380040a30 unknown :-1 s=START_CONNECT pgs=0 cs=0 l=1 rev1=0 crypto rx=0 tx=0 comp rx=0 tx=0)._fault waiting 0.400000
2024-05-09T05:27:29.723 INFO:teuthology.orchestra.run.smithi039.stdout:/usr/bin/ceph: stderr
2024-05-09T05:27:23.464+0000 7f1395d9b700 1 -- 172.21.15.39:0/1426442394 >> [v2:172.21.15.39:6800/4091500272,v1:172.21.15.39:6801/4091500272] conn(0x7f138003e520 msgr2=0x7f1380040a30 unknown :-1 s=STATE_CONNECTING_RE l=1).process reconnect failed to v2:172.21.15.39:6800/4091500272
2024-05-09T05:27:29.723 INFO:teuthology.orchestra.run.smithi039.stdout:/usr/bin/ceph: stderr
2024-05-09T05:27:23.464+0000 7f1395d9b700 1 --2- 172.21.15.39:0/1426442394 >> [v2:172.21.15.39:6800/4091500272,v1:172.21.15.39:6801/4091500272] conn(0x7f138003e520 0x7f1380040a30 unknown :-1 s=START_CONNECT pgs=0 cs=0 l=1 rev1=0 crypto rx=0 tx=0 comp rx=0 tx=0)._fault waiting 0.800000
2024-05-09T05:27:29.723 INFO:teuthology.orchestra.run.smithi039.stdout:/usr/bin/ceph: stderr
2024-05-09T05:27:24.265+0000 7f1395d9b700 1 -- 172.21.15.39:0/1426442394 >> [v2:172.21.15.39:6800/4091500272,v1:172.21.15.39:6801/4091500272] conn(0x7f138003e520 msgr2=0x7f1380040a30 unknown :-1 s=STATE_CONNECTING_RE l=1).process reconnect failed to v2:172.21.15.39:6800/4091500272
2024-05-09T05:27:29.723 INFO:teuthology.orchestra.run.smithi039.stdout:/usr/bin/ceph: stderr
2024-05-09T05:27:24.265+0000 7f1395d9b700 1 --2- 172.21.15.39:0/1426442394 >> [v2:172.21.15.39:6800/4091500272,v1:172.21.15.39:6801/4091500272] conn(0x7f138003e520 0x7f1380040a30 unknown :-1 s=START_CONNECT pgs=0 cs=0 l=1 rev1=0 crypto rx=0 tx=0 comp rx=0 tx=0)._fault waiting 1.600000
2024-05-09T05:27:29.723 INFO:teuthology.orchestra.run.smithi039.stdout:/usr/bin/ceph: stderr
2024-05-09T05:27:25.866+0000 7f1395d9b700 1 -- 172.21.15.39:0/1426442394 >> [v2:172.21.15.39:6800/4091500272,v1:172.21.15.39:6801/4091500272] conn(0x7f138003e520 msgr2=0x7f1380040a30 unknown :-1 s=STATE_CONNECTING_RE l=1).process reconnect failed to v2:172.21.15.39:6800/4091500272
2024-05-09T05:27:29.723 INFO:teuthology.orchestra.run.smithi039.stdout:/usr/bin/ceph: stderr
2024-05-09T05:27:25.866+0000 7f1395d9b700 1 --2- 172.21.15.39:0/1426442394 >> [v2:172.21.15.39:6800/4091500272,v1:172.21.15.39:6801/4091500272] conn(0x7f138003e520 0x7f1380040a30 unknown :-1 s=START_CONNECT pgs=0 cs=0 l=1 rev1=0 crypto rx=0 tx=0 comp rx=0 tx=0)._fault waiting 3.200000
2024-05-09T05:27:29.723 INFO:teuthology.orchestra.run.smithi039.stdout:/usr/bin/ceph: stderr
2024-05-09T05:27:28.035+0000 7f13877fe700 1 -- 172.21.15.39:0/1426442394 <== mon.0 v2:172.21.15.39:3300/0 6 ==== mgrmap(e 10) ==== 50002+0+0 (secure 0 0 0) 0x7f138802d3f0 con 0x7f1398109df0
2024-05-09T05:27:29.724 INFO:teuthology.orchestra.run.smithi039.stdout:/usr/bin/ceph: stderr
2024-05-09T05:27:28.035+0000 7f13877fe700 1 -- 172.21.15.39:0/1426442394 >> [v2:172.21.15.39:6800/4091500272,v1:172.21.15.39:6801/4091500272] conn(0x7f138003e520 msgr2=0x7f1380040a30 unknown :-1 s=STATE_CONNECTING l=1).mark_down
2024-05-09T05:27:29.724 INFO:teuthology.orchestra.run.smithi039.stdout:/usr/bin/ceph: stderr
2024-05-09T05:27:28.035+0000 7f13877fe700 1 --2- 172.21.15.39:0/1426442394 >> [v2:172.21.15.39:6800/4091500272,v1:172.21.15.39:6801/4091500272] conn(0x7f138003e520 0x7f1380040a30 unknown :-1 s=START_CONNECT pgs=0 cs=0 l=1 rev1=0 crypto rx=0 tx=0 comp rx=0 tx=0).stop
2024-05-09T05:27:29.724 INFO:teuthology.orchestra.run.smithi039.stdout:/usr/bin/ceph: stderr
2024-05-09T05:27:29.039+0000 7f13877fe700 1 -- 172.21.15.39:0/1426442394 <== mon.0 v2:172.21.15.39:3300/0 7 ==== mgrmap(e 11) ==== 50129+0+0 (secure 0 0 0) 0x7f1388055200 con 0x7f1398109df0
2024-05-09T05:27:29.724 INFO:teuthology.orchestra.run.smithi039.stdout:/usr/bin/ceph: stderr
2024-05-09T05:27:29.040+0000 7f13877fe700 1 --2- 172.21.15.39:0/1426442394 >> [v2:172.21.15.39:6800/3184189003,v1:172.21.15.39:6801/3184189003] conn(0x7f1388053750 0x7f1380044000 unknown :-1 s=NONE pgs=0 cs=0 l=1 rev1=0 crypto rx=0 tx=0 comp rx=0 tx=0).connect
2024-05-09T05:27:29.724 INFO:teuthology.orchestra.run.smithi039.stdout:/usr/bin/ceph: stderr
2024-05-09T05:27:29.040+0000 7f13877fe700 1 -- 172.21.15.39:0/1426442394 --> [v2:172.21.15.39:6800/3184189003,v1:172.21.15.39:6801/3184189003] -- command(tid 0: {"prefix": "get_command_descriptions"}) -- 0x7f1388025e70 con 0x7f1388053750
2024-05-09T05:27:29.724 INFO:teuthology.orchestra.run.smithi039.stdout:/usr/bin/ceph: stderr
2024-05-09T05:27:29.040+0000 7f1395d9b700 1 --2- 172.21.15.39:0/1426442394 >> [v2:172.21.15.39:6800/3184189003,v1:172.21.15.39:6801/3184189003] conn(0x7f1388053750 0x7f1380044000 unknown :-1 s=BANNER_CONNECTING pgs=0 cs=0 l=1 rev1=0 crypto rx=0 tx=0 comp rx=0 tx=0)._handle_peer_banner_payload supported=3 required=0
2024-05-09T05:27:29.724 INFO:teuthology.orchestra.run.smithi039.stdout:/usr/bin/ceph: stderr
2024-05-09T05:27:29.041+0000 7f1395d9b700 1 --2- 172.21.15.39:0/1426442394 >> [v2:172.21.15.39:6800/3184189003,v1:172.21.15.39:6801/3184189003] conn(0x7f1388053750 0x7f1380044000 secure :-1 s=READY pgs=3 cs=0 l=1 rev1=1 crypto rx=0x7f138c003a10 tx=0x7f138c009270 comp rx=0 tx=0).ready entity=mgr.14152 client_cookie=0 server_cookie=0 in_seq=0 out_seq=0
2024-05-09T05:27:29.724 INFO:teuthology.orchestra.run.smithi039.stdout:/usr/bin/ceph: stderr
2024-05-09T05:27:29.042+0000 7f13877fe700 1 -- 172.21.15.39:0/1426442394 <== mgr.14152 v2:172.21.15.39:6800/3184189003 1 ==== command_reply(tid 0: 0 ) ==== 8+0+9564 (secure 0 0 0) 0x7f1388025e70 con 0x7f1388053750
2024-05-09T05:27:29.724 INFO:teuthology.orchestra.run.smithi039.stdout:/usr/bin/ceph: stderr
2024-05-09T05:27:29.050+0000 7f139cd06700 1 -- 172.21.15.39:0/1426442394 --> [v2:172.21.15.39:6800/3184189003,v1:172.21.15.39:6801/3184189003] -- command(tid 1: {"prefix": "mgr_status"}) -- 0x7f1398064e20 con 0x7f1388053750
2024-05-09T05:27:29.724 INFO:teuthology.orchestra.run.smithi039.stdout:/usr/bin/ceph: stderr
2024-05-09T05:27:29.050+0000 7f13877fe700 1 -- 172.21.15.39:0/1426442394 <== mgr.14152 v2:172.21.15.39:6800/3184189003 2 ==== command_reply(tid 1: 0 ) ==== 8+0+52 (secure 0 0 0) 0x7f1398064e20 con 0x7f1388053750
2024-05-09T05:27:29.724 INFO:teuthology.orchestra.run.smithi039.stdout:/usr/bin/ceph: stderr
2024-05-09T05:27:29.051+0000 7f139cd06700 1 -- 172.21.15.39:0/1426442394 >> [v2:172.21.15.39:6800/3184189003,v1:172.21.15.39:6801/3184189003] conn(0x7f1388053750 msgr2=0x7f1380044000 secure :-1 s=STATE_CONNECTION_ESTABLISHED l=1).mark_down
2024-05-09T05:27:29.724 INFO:teuthology.orchestra.run.smithi039.stdout:/usr/bin/ceph: stderr
2024-05-09T05:27:29.051+0000 7f139cd06700 1 --2- 172.21.15.39:0/1426442394 >> [v2:172.21.15.39:6800/3184189003,v1:172.21.15.39:6801/3184189003] conn(0x7f1388053750 0x7f1380044000 secure :-1 s=READY pgs=3 cs=0 l=1 rev1=1 crypto rx=0x7f138c003a10 tx=0x7f138c009270 comp rx=0 tx=0).stop
2024-05-09T05:27:29.724 INFO:teuthology.orchestra.run.smithi039.stdout:/usr/bin/ceph: stderr
2024-05-09T05:27:29.051+0000 7f139cd06700 1 -- 172.21.15.39:0/1426442394 >> [v2:172.21.15.39:3300/0,v1:172.21.15.39:6789/0] conn(0x7f1398109df0 msgr2=0x7f139819e110 secure :-1 s=STATE_CONNECTION_ESTABLISHED l=1).mark_down
2024-05-09T05:27:29.725 INFO:teuthology.orchestra.run.smithi039.stdout:/usr/bin/ceph: stderr
2024-05-09T05:27:29.051+0000 7f139cd06700 1 --2- 172.21.15.39:0/1426442394 >> [v2:172.21.15.39:3300/0,v1:172.21.15.39:6789/0] conn(0x7f1398109df0 0x7f139819e110 secure :-1 s=READY pgs=62 cs=0 l=1 rev1=1 crypto rx=0x7f1388003e70 tx=0x7f1388011aa0 comp rx=0 tx=0).stop
2024-05-09T05:27:29.725 INFO:teuthology.orchestra.run.smithi039.stdout:/usr/bin/ceph: stderr
2024-05-09T05:27:29.051+0000 7f139cd06700 1 -- 172.21.15.39:0/1426442394 shutdown_connections
2024-05-09T05:27:29.725 INFO:teuthology.orchestra.run.smithi039.stdout:/usr/bin/ceph: stderr
2024-05-09T05:27:29.051+0000 7f139cd06700 1 --2- 172.21.15.39:0/1426442394 >> [v2:172.21.15.39:6800/3184189003,v1:172.21.15.39:6801/3184189003] conn(0x7f1388053750 0x7f1380044000 unknown :-1 s=CLOSED pgs=3 cs=0 l=1 rev1=1 crypto rx=0 tx=0 comp rx=0 tx=0).stop
2024-05-09T05:27:29.725 INFO:teuthology.orchestra.run.smithi039.stdout:/usr/bin/ceph: stderr
2024-05-09T05:27:29.051+0000 7f139cd06700 1 --2- 172.21.15.39:0/1426442394 >> [v2:172.21.15.39:3300/0,v1:172.21.15.39:6789/0] conn(0x7f1398109df0 0x7f139819e110 unknown :-1 s=CLOSED pgs=62 cs=0 l=1 rev1=1 crypto rx=0 tx=0 comp rx=0 tx=0).stop
2024-05-09T05:27:29.725 INFO:teuthology.orchestra.run.smithi039.stdout:/usr/bin/ceph: stderr
2024-05-09T05:27:29.051+0000 7f139cd06700 1 --2- 172.21.15.39:0/1426442394 >> [v2:172.21.15.39:6800/4091500272,v1:172.21.15.39:6801/4091500272] conn(0x7f138003e520 0x7f1380040a30 unknown :-1 s=CLOSED pgs=0 cs=0 l=1 rev1=0 crypto rx=0 tx=0 comp rx=0 tx=0).stop
2024-05-09T05:27:29.725 INFO:teuthology.orchestra.run.smithi039.stdout:/usr/bin/ceph: stderr
2024-05-09T05:27:29.051+0000 7f139cd06700 1 -- 172.21.15.39:0/1426442394 >> 172.21.15.39:0/1426442394 conn(0x7f1398105450 msgr2=0x7f1398105d10 unknown :-1 s=STATE_NONE l=0).mark_down
2024-05-09T05:27:29.725 INFO:teuthology.orchestra.run.smithi039.stdout:/usr/bin/ceph: stderr
2024-05-09T05:27:29.051+0000 7f139cd06700 1 -- 172.21.15.39:0/1426442394 shutdown_connections
2024-05-09T05:27:29.725 INFO:teuthology.orchestra.run.smithi039.stdout:/usr/bin/ceph: stderr
2024-05-09T05:27:29.051+0000 7f139cd06700 1 -- 172.21.15.39:0/1426442394 wait complete.
2024-05-09T05:27:29.725 INFO:teuthology.orchestra.run.smithi039.stdout:mgr epoch 9 is available
2024-05-09T05:27:29.725 INFO:teuthology.orchestra.run.smithi039.stdout:Generating a dashboard self-signed certificate...
2024-05-09T05:27:30.361 INFO:journalctl@ceph.mon.a.smithi039.stdout:May 09 05:27:30 smithi039 ceph-mon[30439]: [09/May/2024:05:27:29] ENGINE Bus STARTING
2024-05-09T05:27:30.361 INFO:journalctl@ceph.mon.a.smithi039.stdout:May 09 05:27:30 smithi039 ceph-mon[30439]: [09/May/2024:05:27:29] ENGINE Serving on http://172.21.15.39:8765
2024-05-09T05:27:30.361 INFO:journalctl@ceph.mon.a.smithi039.stdout:May 09 05:27:30 smithi039 ceph-mon[30439]: [09/May/2024:05:27:29] ENGINE Serving on https://172.21.15.39:7150
2024-05-09T05:27:30.361 INFO:journalctl@ceph.mon.a.smithi039.stdout:May 09 05:27:30 smithi039 ceph-mon[30439]: [09/May/2024:05:27:29] ENGINE Bus STARTED
2024-05-09T05:27:31.108 INFO:teuthology.orchestra.run.smithi039.stdout:/usr/bin/ceph: stdout Self-signed certificate created
2024-05-09T05:27:31.108 INFO:teuthology.orchestra.run.smithi039.stdout:/usr/bin/ceph: stderr
2024-05-09T05:27:30.144+0000 7f9f503df700 1 Processor -- start
2024-05-09T05:27:31.108 INFO:teuthology.orchestra.run.smithi039.stdout:/usr/bin/ceph: stderr
2024-05-09T05:27:30.144+0000 7f9f503df700 1 -- start start
2024-05-09T05:27:31.108 INFO:teuthology.orchestra.run.smithi039.stdout:/usr/bin/ceph: stderr
2024-05-09T05:27:30.144+0000 7f9f503df700 1 --2- >> [v2:172.21.15.39:3300/0,v1:172.21.15.39:6789/0] conn(0x7f9f4810a820 0x7f9f4810cc40 unknown :-1 s=NONE pgs=0 cs=0 l=0 rev1=0 crypto rx=0 tx=0 comp rx=0 tx=0).connect
2024-05-09T05:27:31.109 INFO:teuthology.orchestra.run.smithi039.stdout:/usr/bin/ceph: stderr
2024-05-09T05:27:30.144+0000 7f9f503df700 1 -- --> [v2:172.21.15.39:3300/0,v1:172.21.15.39:6789/0] -- mon_getmap magic: 0 -- 0x7f9f4807d7f0 con 0x7f9f4810a820
2024-05-09T05:27:31.109 INFO:teuthology.orchestra.run.smithi039.stdout:/usr/bin/ceph: stderr
2024-05-09T05:27:30.144+0000 7f9f4e17b700 1 --2- >> [v2:172.21.15.39:3300/0,v1:172.21.15.39:6789/0] conn(0x7f9f4810a820 0x7f9f4810cc40 unknown :-1 s=BANNER_CONNECTING pgs=0 cs=0 l=0 rev1=0 crypto rx=0 tx=0 comp rx=0 tx=0)._handle_peer_banner_payload supported=3 required=0
2024-05-09T05:27:31.109 INFO:teuthology.orchestra.run.smithi039.stdout:/usr/bin/ceph: stderr
2024-05-09T05:27:30.145+0000 7f9f4e17b700 1 --2- >> [v2:172.21.15.39:3300/0,v1:172.21.15.39:6789/0] conn(0x7f9f4810a820 0x7f9f4810cc40 unknown :-1 s=HELLO_CONNECTING pgs=0 cs=0 l=0 rev1=1 crypto rx=0 tx=0 comp rx=0 tx=0).handle_hello peer v2:172.21.15.39:3300/0 says I am v2:172.21.15.39:54154/0 (socket says 172.21.15.39:54154)
2024-05-09T05:27:31.109 INFO:teuthology.orchestra.run.smithi039.stdout:/usr/bin/ceph: stderr
