2024-05-09T05:27:07.668 INFO:teuthology.orchestra.run.smithi039.stdout:/usr/bin/ceph: stderr
2024-05-09T05:27:07.138+0000 7fb63fe1e700 1 -- 172.21.15.39:0/3206251548 >> 172.21.15.39:0/3206251548 conn(0x7fb638105450 msgr2=0x7fb638105d20 unknown :-1 s=STATE_NONE l=0).mark_down
2024-05-09T05:27:07.668 INFO:teuthology.orchestra.run.smithi039.stdout:/usr/bin/ceph: stderr
2024-05-09T05:27:07.138+0000 7fb63fe1e700 1 -- 172.21.15.39:0/3206251548 shutdown_connections
2024-05-09T05:27:07.668 INFO:teuthology.orchestra.run.smithi039.stdout:/usr/bin/ceph: stderr
2024-05-09T05:27:07.138+0000 7fb63fe1e700 1 -- 172.21.15.39:0/3206251548 wait complete.
2024-05-09T05:27:07.669 INFO:teuthology.orchestra.run.smithi039.stdout:Wrote public SSH key to /home/ubuntu/cephtest/ceph.pub
2024-05-09T05:27:07.669 INFO:teuthology.orchestra.run.smithi039.stdout:Adding key to root@localhost authorized_keys...
2024-05-09T05:27:07.669 INFO:teuthology.orchestra.run.smithi039.stdout:Adding host smithi039...
2024-05-09T05:27:08.080 INFO:journalctl@ceph.mon.a.smithi039.stdout:May 09 05:27:07 smithi039 ceph-mon[30439]: from='client.14138 -' entity='client.admin' cmd=[{"prefix": "cephadm get-pub-key", "target": ["mon-mgr", ""]}]: dispatch
2024-05-09T05:27:09.611 INFO:journalctl@ceph.mon.a.smithi039.stdout:May 09 05:27:09 smithi039 ceph-mon[30439]: from='client.14140 -' entity='client.admin' cmd=[{"prefix": "orch host add", "hostname": "smithi039", "addr": "172.21.15.39", "target": ["mon-mgr", ""]}]: dispatch
2024-05-09T05:27:09.611 INFO:journalctl@ceph.mon.a.smithi039.stdout:May 09 05:27:09 smithi039 ceph-mon[30439]: Deploying cephadm binary to smithi039
2024-05-09T05:27:13.122 INFO:teuthology.orchestra.run.smithi039.stdout:/usr/bin/ceph: stdout Added host 'smithi039' with addr '172.21.15.39'
2024-05-09T05:27:13.122 INFO:teuthology.orchestra.run.smithi039.stdout:/usr/bin/ceph: stderr
2024-05-09T05:27:08.121+0000 7f6e51f02700 1 Processor -- start
2024-05-09T05:27:13.122 INFO:teuthology.orchestra.run.smithi039.stdout:/usr/bin/ceph: stderr
2024-05-09T05:27:08.122+0000 7f6e51f02700 1 -- start start
2024-05-09T05:27:13.122 INFO:teuthology.orchestra.run.smithi039.stdout:/usr/bin/ceph: stderr
2024-05-09T05:27:08.122+0000 7f6e51f02700 1 --2- >> [v2:172.21.15.39:3300/0,v1:172.21.15.39:6789/0] conn(0x7f6e4c10b300 0x7f6e4c10b710 unknown :-1 s=NONE pgs=0 cs=0 l=0 rev1=0 crypto rx=0 tx=0 comp rx=0 tx=0).connect
2024-05-09T05:27:13.122 INFO:teuthology.orchestra.run.smithi039.stdout:/usr/bin/ceph: stderr
2024-05-09T05:27:08.122+0000 7f6e51f02700 1 -- --> [v2:172.21.15.39:3300/0,v1:172.21.15.39:6789/0] -- mon_getmap magic: 0 -- 0x7f6e4c10bce0 con 0x7f6e4c10b300
2024-05-09T05:27:13.124 INFO:teuthology.orchestra.run.smithi039.stdout:/usr/bin/ceph: stderr
2024-05-09T05:27:08.122+0000 7f6e4b7fe700 1 --2- >> [v2:172.21.15.39:3300/0,v1:172.21.15.39:6789/0] conn(0x7f6e4c10b300 0x7f6e4c10b710 unknown :-1 s=BANNER_CONNECTING pgs=0 cs=0 l=0 rev1=0 crypto rx=0 tx=0 comp rx=0 tx=0)._handle_peer_banner_payload supported=3 required=0
2024-05-09T05:27:13.124 INFO:teuthology.orchestra.run.smithi039.stdout:/usr/bin/ceph: stderr
2024-05-09T05:27:08.122+0000 7f6e4b7fe700 1 --2- >> [v2:172.21.15.39:3300/0,v1:172.21.15.39:6789/0] conn(0x7f6e4c10b300 0x7f6e4c10b710 unknown :-1 s=HELLO_CONNECTING pgs=0 cs=0 l=0 rev1=1 crypto rx=0 tx=0 comp rx=0 tx=0).handle_hello peer v2:172.21.15.39:3300/0 says I am v2:172.21.15.39:60316/0 (socket says 172.21.15.39:60316)
2024-05-09T05:27:13.124 INFO:teuthology.orchestra.run.smithi039.stdout:/usr/bin/ceph: stderr
2024-05-09T05:27:08.122+0000 7f6e4b7fe700 1 -- 172.21.15.39:0/1145321983 learned_addr learned my addr 172.21.15.39:0/1145321983 (peer_addr_for_me v2:172.21.15.39:0/0)
2024-05-09T05:27:13.124 INFO:teuthology.orchestra.run.smithi039.stdout:/usr/bin/ceph: stderr
2024-05-09T05:27:08.122+0000 7f6e4b7fe700 1 -- 172.21.15.39:0/1145321983 --> [v2:172.21.15.39:3300/0,v1:172.21.15.39:6789/0] -- mon_subscribe({config=0+,monmap=0+}) -- 0x7f6e4c10be60 con 0x7f6e4c10b300
2024-05-09T05:27:13.125 INFO:teuthology.orchestra.run.smithi039.stdout:/usr/bin/ceph: stderr
2024-05-09T05:27:08.123+0000 7f6e4b7fe700 1 --2- 172.21.15.39:0/1145321983 >> [v2:172.21.15.39:3300/0,v1:172.21.15.39:6789/0] conn(0x7f6e4c10b300 0x7f6e4c10b710 secure :-1 s=READY pgs=45 cs=0 l=1 rev1=1 crypto rx=0x7f6e3c009e80 tx=0x7f6e3c00b330 comp rx=0 tx=0).ready entity=mon.0 client_cookie=e3c7ae1405d04990 server_cookie=0 in_seq=0 out_seq=0
2024-05-09T05:27:13.125 INFO:teuthology.orchestra.run.smithi039.stdout:/usr/bin/ceph: stderr
2024-05-09T05:27:08.123+0000 7f6e4a7fc700 1 -- 172.21.15.39:0/1145321983 <== mon.0 v2:172.21.15.39:3300/0 1 ==== mon_map magic: 0 ==== 205+0+0 (secure 0 0 0) 0x7f6e3c017070 con 0x7f6e4c10b300
2024-05-09T05:27:13.125 INFO:teuthology.orchestra.run.smithi039.stdout:/usr/bin/ceph: stderr
2024-05-09T05:27:08.123+0000 7f6e4a7fc700 1 -- 172.21.15.39:0/1145321983 <== mon.0 v2:172.21.15.39:3300/0 2 ==== config(26 keys) ==== 1070+0+0 (secure 0 0 0) 0x7f6e3c00b8c0 con 0x7f6e4c10b300
2024-05-09T05:27:13.125 INFO:teuthology.orchestra.run.smithi039.stdout:/usr/bin/ceph: stderr
2024-05-09T05:27:08.123+0000 7f6e4a7fc700 1 -- 172.21.15.39:0/1145321983 <== mon.0 v2:172.21.15.39:3300/0 3 ==== mon_map magic: 0 ==== 205+0+0 (secure 0 0 0) 0x7f6e3c004490 con 0x7f6e4c10b300
2024-05-09T05:27:13.125 INFO:teuthology.orchestra.run.smithi039.stdout:/usr/bin/ceph: stderr
2024-05-09T05:27:08.123+0000 7f6e51f02700 1 -- 172.21.15.39:0/1145321983 >> [v2:172.21.15.39:3300/0,v1:172.21.15.39:6789/0] conn(0x7f6e4c10b300 msgr2=0x7f6e4c10b710 secure :-1 s=STATE_CONNECTION_ESTABLISHED l=1).mark_down
2024-05-09T05:27:13.125 INFO:teuthology.orchestra.run.smithi039.stdout:/usr/bin/ceph: stderr
2024-05-09T05:27:08.123+0000 7f6e51f02700 1 --2- 172.21.15.39:0/1145321983 >> [v2:172.21.15.39:3300/0,v1:172.21.15.39:6789/0] conn(0x7f6e4c10b300 0x7f6e4c10b710 secure :-1 s=READY pgs=45 cs=0 l=1 rev1=1 crypto rx=0x7f6e3c009e80 tx=0x7f6e3c00b330 comp rx=0 tx=0).stop
2024-05-09T05:27:13.125 INFO:teuthology.orchestra.run.smithi039.stdout:/usr/bin/ceph: stderr
2024-05-09T05:27:08.124+0000 7f6e51f02700 1 -- 172.21.15.39:0/1145321983 shutdown_connections
2024-05-09T05:27:13.125 INFO:teuthology.orchestra.run.smithi039.stdout:/usr/bin/ceph: stderr
2024-05-09T05:27:08.124+0000 7f6e51f02700 1 --2- 172.21.15.39:0/1145321983 >> [v2:172.21.15.39:3300/0,v1:172.21.15.39:6789/0] conn(0x7f6e4c10b300 0x7f6e4c10b710 unknown :-1 s=CLOSED pgs=45 cs=0 l=1 rev1=1 crypto rx=0 tx=0 comp rx=0 tx=0).stop
2024-05-09T05:27:13.125 INFO:teuthology.orchestra.run.smithi039.stdout:/usr/bin/ceph: stderr
2024-05-09T05:27:08.124+0000 7f6e51f02700 1 -- 172.21.15.39:0/1145321983 >> 172.21.15.39:0/1145321983 conn(0x7f6e4c103b00 msgr2=0x7f6e4c105f50 unknown :-1 s=STATE_NONE l=0).mark_down
2024-05-09T05:27:13.125 INFO:teuthology.orchestra.run.smithi039.stdout:/usr/bin/ceph: stderr
2024-05-09T05:27:08.124+0000 7f6e51f02700 1 -- 172.21.15.39:0/1145321983 shutdown_connections
2024-05-09T05:27:13.125 INFO:teuthology.orchestra.run.smithi039.stdout:/usr/bin/ceph: stderr
2024-05-09T05:27:08.124+0000 7f6e51f02700 1 -- 172.21.15.39:0/1145321983 wait complete.
2024-05-09T05:27:13.125 INFO:teuthology.orchestra.run.smithi039.stdout:/usr/bin/ceph: stderr
2024-05-09T05:27:08.124+0000 7f6e51f02700 1 Processor -- start
2024-05-09T05:27:13.125 INFO:teuthology.orchestra.run.smithi039.stdout:/usr/bin/ceph: stderr
2024-05-09T05:27:08.124+0000 7f6e51f02700 1 -- start start
2024-05-09T05:27:13.125 INFO:teuthology.orchestra.run.smithi039.stdout:/usr/bin/ceph: stderr
2024-05-09T05:27:08.125+0000 7f6e51f02700 1 --2- >> [v2:172.21.15.39:3300/0,v1:172.21.15.39:6789/0] conn(0x7f6e4c10b300 0x7f6e4c10a7f0 unknown :-1 s=NONE pgs=0 cs=0 l=1 rev1=0 crypto rx=0 tx=0 comp rx=0 tx=0).connect
2024-05-09T05:27:13.126 INFO:teuthology.orchestra.run.smithi039.stdout:/usr/bin/ceph: stderr
2024-05-09T05:27:08.125+0000 7f6e51f02700 1 -- --> [v2:172.21.15.39:3300/0,v1:172.21.15.39:6789/0] -- mon_getmap magic: 0 -- 0x7f6e4c108bb0 con 0x7f6e4c10b300
2024-05-09T05:27:13.126 INFO:teuthology.orchestra.run.smithi039.stdout:/usr/bin/ceph: stderr
2024-05-09T05:27:08.125+0000 7f6e4b7fe700 1 --2- >> [v2:172.21.15.39:3300/0,v1:172.21.15.39:6789/0] conn(0x7f6e4c10b300 0x7f6e4c10a7f0 unknown :-1 s=BANNER_CONNECTING pgs=0 cs=0 l=1 rev1=0 crypto rx=0 tx=0 comp rx=0 tx=0)._handle_peer_banner_payload supported=3 required=0
2024-05-09T05:27:13.129 INFO:teuthology.orchestra.run.smithi039.stdout:/usr/bin/ceph: stderr
2024-05-09T05:27:08.125+0000 7f6e4b7fe700 1 --2- >> [v2:172.21.15.39:3300/0,v1:172.21.15.39:6789/0] conn(0x7f6e4c10b300 0x7f6e4c10a7f0 unknown :-1 s=HELLO_CONNECTING pgs=0 cs=0 l=1 rev1=1 crypto rx=0 tx=0 comp rx=0 tx=0).handle_hello peer v2:172.21.15.39:3300/0 says I am v2:172.21.15.39:60320/0 (socket says 172.21.15.39:60320)
2024-05-09T05:27:13.129 INFO:teuthology.orchestra.run.smithi039.stdout:/usr/bin/ceph: stderr
2024-05-09T05:27:08.125+0000 7f6e4b7fe700 1 -- 172.21.15.39:0/3158000819 learned_addr learned my addr 172.21.15.39:0/3158000819 (peer_addr_for_me v2:172.21.15.39:0/0)
2024-05-09T05:27:13.129 INFO:teuthology.orchestra.run.smithi039.stdout:/usr/bin/ceph: stderr
2024-05-09T05:27:08.125+0000 7f6e4b7fe700 1 -- 172.21.15.39:0/3158000819 --> [v2:172.21.15.39:3300/0,v1:172.21.15.39:6789/0] -- mon_subscribe({config=0+,monmap=0+}) -- 0x7f6e4c10ad30 con 0x7f6e4c10b300
2024-05-09T05:27:13.129 INFO:teuthology.orchestra.run.smithi039.stdout:/usr/bin/ceph: stderr
2024-05-09T05:27:08.125+0000 7f6e4b7fe700 1 --2- 172.21.15.39:0/3158000819 >> [v2:172.21.15.39:3300/0,v1:172.21.15.39:6789/0] conn(0x7f6e4c10b300 0x7f6e4c10a7f0 secure :-1 s=READY pgs=46 cs=0 l=1 rev1=1 crypto rx=0x7f6e3c009fd0 tx=0x7f6e3c00bd50 comp rx=0 tx=0).ready entity=mon.0 client_cookie=0 server_cookie=0 in_seq=0 out_seq=0
2024-05-09T05:27:13.129 INFO:teuthology.orchestra.run.smithi039.stdout:/usr/bin/ceph: stderr
2024-05-09T05:27:08.125+0000 7f6e48ff9700 1 -- 172.21.15.39:0/3158000819 <== mon.0 v2:172.21.15.39:3300/0 1 ==== mon_map magic: 0 ==== 205+0+0 (secure 0 0 0) 0x7f6e3c020020 con 0x7f6e4c10b300
2024-05-09T05:27:13.129 INFO:teuthology.orchestra.run.smithi039.stdout:/usr/bin/ceph: stderr
2024-05-09T05:27:08.125+0000 7f6e48ff9700 1 -- 172.21.15.39:0/3158000819 <== mon.0 v2:172.21.15.39:3300/0 2 ==== config(26 keys) ==== 1070+0+0 (secure 0 0 0) 0x7f6e3c012430 con 0x7f6e4c10b300
2024-05-09T05:27:13.129 INFO:teuthology.orchestra.run.smithi039.stdout:/usr/bin/ceph: stderr
2024-05-09T05:27:08.125+0000 7f6e51f02700 1 -- 172.21.15.39:0/3158000819 --> [v2:172.21.15.39:3300/0,v1:172.21.15.39:6789/0] -- mon_subscribe({mgrmap=0+}) -- 0x7f6e4c108f80 con 0x7f6e4c10b300
2024-05-09T05:27:13.129 INFO:teuthology.orchestra.run.smithi039.stdout:/usr/bin/ceph: stderr
2024-05-09T05:27:08.125+0000 7f6e48ff9700 1 -- 172.21.15.39:0/3158000819 <== mon.0 v2:172.21.15.39:3300/0 3 ==== mon_map magic: 0 ==== 205+0+0 (secure 0 0 0) 0x7f6e3c017040 con 0x7f6e4c10b300
2024-05-09T05:27:13.129 INFO:teuthology.orchestra.run.smithi039.stdout:/usr/bin/ceph: stderr
2024-05-09T05:27:08.126+0000 7f6e51f02700 1 -- 172.21.15.39:0/3158000819 --> [v2:172.21.15.39:3300/0,v1:172.21.15.39:6789/0] -- mon_subscribe({osdmap=0}) -- 0x7f6e4c1094c0 con 0x7f6e4c10b300
2024-05-09T05:27:13.129 INFO:teuthology.orchestra.run.smithi039.stdout:/usr/bin/ceph: stderr
2024-05-09T05:27:08.126+0000 7f6e48ff9700 1 -- 172.21.15.39:0/3158000819 <== mon.0 v2:172.21.15.39:3300/0 4 ==== mgrmap(e 8) ==== 50222+0+0 (secure 0 0 0) 0x7f6e3c023020 con 0x7f6e4c10b300
2024-05-09T05:27:13.129 INFO:teuthology.orchestra.run.smithi039.stdout:/usr/bin/ceph: stderr
2024-05-09T05:27:08.127+0000 7f6e48ff9700 1 --2- 172.21.15.39:0/3158000819 >> [v2:172.21.15.39:6800/4091500272,v1:172.21.15.39:6801/4091500272] conn(0x7f6e3803e4c0 0x7f6e380409d0 unknown :-1 s=NONE pgs=0 cs=0 l=1 rev1=0 crypto rx=0 tx=0 comp rx=0 tx=0).connect
2024-05-09T05:27:13.129 INFO:teuthology.orchestra.run.smithi039.stdout:/usr/bin/ceph: stderr
2024-05-09T05:27:08.127+0000 7f6e48ff9700 1 -- 172.21.15.39:0/3158000819 <== mon.0 v2:172.21.15.39:3300/0 5 ==== osd_map(2..2 src has 1..2) ==== 940+0+0 (secure 0 0 0) 0x7f6e3c00f050 con 0x7f6e4c10b300
2024-05-09T05:27:13.130 INFO:teuthology.orchestra.run.smithi039.stdout:/usr/bin/ceph: stderr
2024-05-09T05:27:08.127+0000 7f6e4affd700 1 --2- 172.21.15.39:0/3158000819 >> [v2:172.21.15.39:6800/4091500272,v1:172.21.15.39:6801/4091500272] conn(0x7f6e3803e4c0 0x7f6e380409d0 unknown :-1 s=BANNER_CONNECTING pgs=0 cs=0 l=1 rev1=0 crypto rx=0 tx=0 comp rx=0 tx=0)._handle_peer_banner_payload supported=3 required=0
2024-05-09T05:27:13.130 INFO:teuthology.orchestra.run.smithi039.stdout:/usr/bin/ceph: stderr
2024-05-09T05:27:08.127+0000 7f6e51f02700 1 -- 172.21.15.39:0/3158000819 --> [v2:172.21.15.39:3300/0,v1:172.21.15.39:6789/0] -- mon_command({"prefix": "get_command_descriptions"} v 0) -- 0x7f6e4c064e20 con 0x7f6e4c10b300
2024-05-09T05:27:13.130 INFO:teuthology.orchestra.run.smithi039.stdout:/usr/bin/ceph: stderr
2024-05-09T05:27:08.127+0000 7f6e4affd700 1 --2- 172.21.15.39:0/3158000819 >> [v2:172.21.15.39:6800/4091500272,v1:172.21.15.39:6801/4091500272] conn(0x7f6e3803e4c0 0x7f6e380409d0 secure :-1 s=READY pgs=11 cs=0 l=1 rev1=1 crypto rx=0x7f6e34006fd0 tx=0x7f6e34006e40 comp rx=0 tx=0).ready entity=mgr.14120 client_cookie=0 server_cookie=0 in_seq=0 out_seq=0
2024-05-09T05:27:13.130 INFO:teuthology.orchestra.run.smithi039.stdout:/usr/bin/ceph: stderr
2024-05-09T05:27:08.132+0000 7f6e48ff9700 1 -- 172.21.15.39:0/3158000819 <== mon.0 v2:172.21.15.39:3300/0 6 ==== mon_command_ack([{"prefix": "get_command_descriptions"}]=0 v0) ==== 72+0+191963 (secure 0 0 0) 0x7f6e3c02a020 con 0x7f6e4c10b300
2024-05-09T05:27:13.130 INFO:teuthology.orchestra.run.smithi039.stdout:/usr/bin/ceph: stderr
2024-05-09T05:27:08.350+0000 7f6e51f02700 1 -- 172.21.15.39:0/3158000819 --> [v2:172.21.15.39:6800/4091500272,v1:172.21.15.39:6801/4091500272] -- mgr_command(tid 0: {"prefix": "orch host add", "hostname": "smithi039", "addr": "172.21.15.39", "target": ["mon-mgr", ""]}) -- 0x7f6e4c109ad0 con 0x7f6e3803e4c0
2024-05-09T05:27:13.130 INFO:teuthology.orchestra.run.smithi039.stdout:/usr/bin/ceph: stderr
2024-05-09T05:27:12.550+0000 7f6e48ff9700 1 -- 172.21.15.39:0/3158000819 <== mgr.14120 v2:172.21.15.39:6800/4091500272 1 ==== mgr_command_reply(tid 0: 0 ) ==== 8+0+48 (secure 0 0 0) 0x7f6e4c109ad0 con 0x7f6e3803e4c0
2024-05-09T05:27:13.130 INFO:teuthology.orchestra.run.smithi039.stdout:/usr/bin/ceph: stderr
2024-05-09T05:27:12.553+0000 7f6e51f02700 1 -- 172.21.15.39:0/3158000819 >> [v2:172.21.15.39:6800/4091500272,v1:172.21.15.39:6801/4091500272] conn(0x7f6e3803e4c0 msgr2=0x7f6e380409d0 secure :-1 s=STATE_CONNECTION_ESTABLISHED l=1).mark_down
2024-05-09T05:27:13.130 INFO:teuthology.orchestra.run.smithi039.stdout:/usr/bin/ceph: stderr
2024-05-09T05:27:12.553+0000 7f6e51f02700 1 --2- 172.21.15.39:0/3158000819 >> [v2:172.21.15.39:6800/4091500272,v1:172.21.15.39:6801/4091500272] conn(0x7f6e3803e4c0 0x7f6e380409d0 secure :-1 s=READY pgs=11 cs=0 l=1 rev1=1 crypto rx=0x7f6e34006fd0 tx=0x7f6e34006e40 comp rx=0 tx=0).stop
2024-05-09T05:27:13.130 INFO:teuthology.orchestra.run.smithi039.stdout:/usr/bin/ceph: stderr
2024-05-09T05:27:12.553+0000 7f6e51f02700 1 -- 172.21.15.39:0/3158000819 >> [v2:172.21.15.39:3300/0,v1:172.21.15.39:6789/0] conn(0x7f6e4c10b300 msgr2=0x7f6e4c10a7f0 secure :-1 s=STATE_CONNECTION_ESTABLISHED l=1).mark_down
2024-05-09T05:27:13.130 INFO:teuthology.orchestra.run.smithi039.stdout:/usr/bin/ceph: stderr
2024-05-09T05:27:12.553+0000 7f6e51f02700 1 --2- 172.21.15.39:0/3158000819 >> [v2:172.21.15.39:3300/0,v1:172.21.15.39:6789/0] conn(0x7f6e4c10b300 0x7f6e4c10a7f0 secure :-1 s=READY pgs=46 cs=0 l=1 rev1=1 crypto rx=0x7f6e3c009fd0 tx=0x7f6e3c00bd50 comp rx=0 tx=0).stop
2024-05-09T05:27:13.130 INFO:teuthology.orchestra.run.smithi039.stdout:/usr/bin/ceph: stderr
2024-05-09T05:27:12.553+0000 7f6e51f02700 1 -- 172.21.15.39:0/3158000819 shutdown_connections
2024-05-09T05:27:13.130 INFO:teuthology.orchestra.run.smithi039.stdout:/usr/bin/ceph: stderr
2024-05-09T05:27:12.553+0000 7f6e51f02700 1 --2- 172.21.15.39:0/3158000819 >> [v2:172.21.15.39:6800/4091500272,v1:172.21.15.39:6801/4091500272] conn(0x7f6e3803e4c0 0x7f6e380409d0 unknown :-1 s=CLOSED pgs=11 cs=0 l=1 rev1=1 crypto rx=0 tx=0 comp rx=0 tx=0).stop
2024-05-09T05:27:13.130 INFO:teuthology.orchestra.run.smithi039.stdout:/usr/bin/ceph: stderr
2024-05-09T05:27:12.553+0000 7f6e51f02700 1 --2- 172.21.15.39:0/3158000819 >> [v2:172.21.15.39:3300/0,v1:172.21.15.39:6789/0] conn(0x7f6e4c10b300 0x7f6e4c10a7f0 unknown :-1 s=CLOSED pgs=46 cs=0 l=1 rev1=1 crypto rx=0 tx=0 comp rx=0 tx=0).stop
2024-05-09T05:27:13.130 INFO:teuthology.orchestra.run.smithi039.stdout:/usr/bin/ceph: stderr
2024-05-09T05:27:12.553+0000 7f6e51f02700 1 -- 172.21.15.39:0/3158000819 >> 172.21.15.39:0/3158000819 conn(0x7f6e4c103b00 msgr2=0x7f6e4c105480 unknown :-1 s=STATE_NONE l=0).mark_down
2024-05-09T05:27:13.131 INFO:teuthology.orchestra.run.smithi039.stdout:/usr/bin/ceph: stderr
2024-05-09T05:27:12.554+0000 7f6e51f02700 1 -- 172.21.15.39:0/3158000819 shutdown_connections
2024-05-09T05:27:13.131 INFO:teuthology.orchestra.run.smithi039.stdout:/usr/bin/ceph: stderr
2024-05-09T05:27:12.554+0000 7f6e51f02700 1 -- 172.21.15.39:0/3158000819 wait complete.
2024-05-09T05:27:13.131 INFO:teuthology.orchestra.run.smithi039.stdout:Deploying unmanaged mon service...
2024-05-09T05:27:13.635 INFO:journalctl@ceph.mon.a.smithi039.stdout:May 09 05:27:13 smithi039 ceph-mon[30439]: from='mgr.14120 172.21.15.39:0/2177888564' entity='mgr.x'
2024-05-09T05:27:13.636 INFO:journalctl@ceph.mon.a.smithi039.stdout:May 09 05:27:13 smithi039 ceph-mon[30439]: Added host smithi039
2024-05-09T05:27:13.636 INFO:journalctl@ceph.mon.a.smithi039.stdout:May 09 05:27:13 smithi039 ceph-mon[30439]: from='mgr.14120 172.21.15.39:0/2177888564' entity='mgr.x' cmd=[{"prefix": "config dump", "format": "json"}]: dispatch
2024-05-09T05:27:14.490 INFO:teuthology.orchestra.run.smithi039.stdout:/usr/bin/ceph: stdout Scheduled mon update...
2024-05-09T05:27:14.491 INFO:teuthology.orchestra.run.smithi039.stdout:/usr/bin/ceph: stderr
2024-05-09T05:27:13.630+0000 7f0663f7c700 1 Processor -- start
2024-05-09T05:27:14.491 INFO:teuthology.orchestra.run.smithi039.stdout:/usr/bin/ceph: stderr
2024-05-09T05:27:13.630+0000 7f0663f7c700 1 -- start start
2024-05-09T05:27:14.491 INFO:teuthology.orchestra.run.smithi039.stdout:/usr/bin/ceph: stderr
2024-05-09T05:27:13.630+0000 7f0663f7c700 1 --2- >> [v2:172.21.15.39:3300/0,v1:172.21.15.39:6789/0] conn(0x7f065c109db0 0x7f065c10a1c0 unknown :-1 s=NONE pgs=0 cs=0 l=0 rev1=0 crypto rx=0 tx=0 comp rx=0 tx=0).connect
2024-05-09T05:27:14.491 INFO:teuthology.orchestra.run.smithi039.stdout:/usr/bin/ceph: stderr
2024-05-09T05:27:13.630+0000 7f0663f7c700 1 -- --> [v2:172.21.15.39:3300/0,v1:172.21.15.39:6789/0] -- mon_getmap magic: 0 -- 0x7f065c10a7b0 con 0x7f065c109db0
2024-05-09T05:27:14.491 INFO:teuthology.orchestra.run.smithi039.stdout:/usr/bin/ceph: stderr
2024-05-09T05:27:13.630+0000 7f0661d18700 1 --2- >> [v2:172.21.15.39:3300/0,v1:172.21.15.39:6789/0] conn(0x7f065c109db0 0x7f065c10a1c0 unknown :-1 s=BANNER_CONNECTING pgs=0 cs=0 l=0 rev1=0 crypto rx=0 tx=0 comp rx=0 tx=0)._handle_peer_banner_payload supported=3 required=0
2024-05-09T05:27:14.491 INFO:teuthology.orchestra.run.smithi039.stdout:/usr/bin/ceph: stderr
2024-05-09T05:27:13.630+0000 7f0661d18700 1 --2- >> [v2:172.21.15.39:3300/0,v1:172.21.15.39:6789/0] conn(0x7f065c109db0 0x7f065c10a1c0 unknown :-1 s=HELLO_CONNECTING pgs=0 cs=0 l=0 rev1=1 crypto rx=0 tx=0 comp rx=0 tx=0).handle_hello peer v2:172.21.15.39:3300/0 says I am v2:172.21.15.39:60330/0 (socket says 172.21.15.39:60330)
2024-05-09T05:27:14.491 INFO:teuthology.orchestra.run.smithi039.stdout:/usr/bin/ceph: stderr
2024-05-09T05:27:13.630+0000 7f0661d18700 1 -- 172.21.15.39:0/2143337809 learned_addr learned my addr 172.21.15.39:0/2143337809 (peer_addr_for_me v2:172.21.15.39:0/0)
2024-05-09T05:27:14.491 INFO:teuthology.orchestra.run.smithi039.stdout:/usr/bin/ceph: stderr
2024-05-09T05:27:13.631+0000 7f0661d18700 1 -- 172.21.15.39:0/2143337809 --> [v2:172.21.15.39:3300/0,v1:172.21.15.39:6789/0] -- mon_subscribe({config=0+,monmap=0+}) -- 0x7f065c10ae90 con 0x7f065c109db0
2024-05-09T05:27:14.491 INFO:teuthology.orchestra.run.smithi039.stdout:/usr/bin/ceph: stderr
2024-05-09T05:27:13.631+0000 7f0661d18700 1 --2- 172.21.15.39:0/2143337809 >> [v2:172.21.15.39:3300/0,v1:172.21.15.39:6789/0] conn(0x7f065c109db0 0x7f065c10a1c0 secure :-1 s=READY pgs=47 cs=0 l=1 rev1=1 crypto rx=0x7f06580098a0 tx=0x7f0658009bb0 comp rx=0 tx=0).ready entity=mon.0 client_cookie=3967e569c26e4cd3 server_cookie=0 in_seq=0 out_seq=0
2024-05-09T05:27:14.492 INFO:teuthology.orchestra.run.smithi039.stdout:/usr/bin/ceph: stderr
2024-05-09T05:27:13.631+0000 7f0660d16700 1 -- 172.21.15.39:0/2143337809 <== mon.0 v2:172.21.15.39:3300/0 1 ==== mon_map magic: 0 ==== 205+0+0 (secure 0 0 0) 0x7f0658004160 con 0x7f065c109db0
2024-05-09T05:27:14.498 INFO:teuthology.orchestra.run.smithi039.stdout:/usr/bin/ceph: stderr
2024-05-09T05:27:13.631+0000 7f0660d16700 1 -- 172.21.15.39:0/2143337809 <== mon.0 v2:172.21.15.39:3300/0 2 ==== config(26 keys) ==== 1070+0+0 (secure 0 0 0) 0x7f0658004300 con 0x7f065c109db0
2024-05-09T05:27:14.498 INFO:teuthology.orchestra.run.smithi039.stdout:/usr/bin/ceph: stderr
2024-05-09T05:27:13.631+0000 7f0660d16700 1 -- 172.21.15.39:0/2143337809 <== mon.0 v2:172.21.15.39:3300/0 3 ==== mon_map magic: 0 ==== 205+0+0 (secure 0 0 0) 0x7f0658011af0 con 0x7f065c109db0
2024-05-09T05:27:14.498 INFO:teuthology.orchestra.run.smithi039.stdout:/usr/bin/ceph: stderr
2024-05-09T05:27:13.632+0000 7f0663f7c700 1 -- 172.21.15.39:0/2143337809 >> [v2:172.21.15.39:3300/0,v1:172.21.15.39:6789/0] conn(0x7f065c109db0 msgr2=0x7f065c10a1c0 secure :-1 s=STATE_CONNECTION_ESTABLISHED l=1).mark_down
2024-05-09T05:27:14.498 INFO:teuthology.orchestra.run.smithi039.stdout:/usr/bin/ceph: stderr
2024-05-09T05:27:13.632+0000 7f0663f7c700 1 --2- 172.21.15.39:0/2143337809 >> [v2:172.21.15.39:3300/0,v1:172.21.15.39:6789/0] conn(0x7f065c109db0 0x7f065c10a1c0 secure :-1 s=READY pgs=47 cs=0 l=1 rev1=1 crypto rx=0x7f06580098a0 tx=0x7f0658009bb0 comp rx=0 tx=0).stop
2024-05-09T05:27:14.498 INFO:teuthology.orchestra.run.smithi039.stdout:/usr/bin/ceph: stderr
2024-05-09T05:27:13.632+0000 7f0663f7c700 1 -- 172.21.15.39:0/2143337809 shutdown_connections
2024-05-09T05:27:14.498 INFO:teuthology.orchestra.run.smithi039.stdout:/usr/bin/ceph: stderr
2024-05-09T05:27:13.632+0000 7f0663f7c700 1 --2- 172.21.15.39:0/2143337809 >> [v2:172.21.15.39:3300/0,v1:172.21.15.39:6789/0] conn(0x7f065c109db0 0x7f065c10a1c0 unknown :-1 s=CLOSED pgs=47 cs=0 l=1 rev1=1 crypto rx=0 tx=0 comp rx=0 tx=0).stop
2024-05-09T05:27:14.499 INFO:teuthology.orchestra.run.smithi039.stdout:/usr/bin/ceph: stderr
2024-05-09T05:27:13.632+0000 7f0663f7c700 1 -- 172.21.15.39:0/2143337809 >> 172.21.15.39:0/2143337809 conn(0x7f065c105450 msgr2=0x7f065c1078a0 unknown :-1 s=STATE_NONE l=0).mark_down
2024-05-09T05:27:14.499 INFO:teuthology.orchestra.run.smithi039.stdout:/usr/bin/ceph: stderr
2024-05-09T05:27:13.632+0000 7f0663f7c700 1 -- 172.21.15.39:0/2143337809 shutdown_connections
2024-05-09T05:27:14.499 INFO:teuthology.orchestra.run.smithi039.stdout:/usr/bin/ceph: stderr
2024-05-09T05:27:13.632+0000 7f0663f7c700 1 -- 172.21.15.39:0/2143337809 wait complete.
2024-05-09T05:27:14.499 INFO:teuthology.orchestra.run.smithi039.stdout:/usr/bin/ceph: stderr
2024-05-09T05:27:13.633+0000 7f0663f7c700 1 Processor -- start
2024-05-09T05:27:14.499 INFO:teuthology.orchestra.run.smithi039.stdout:/usr/bin/ceph: stderr
2024-05-09T05:27:13.633+0000 7f0663f7c700 1 -- start start
2024-05-09T05:27:14.499 INFO:teuthology.orchestra.run.smithi039.stdout:/usr/bin/ceph: stderr
2024-05-09T05:27:13.633+0000 7f0663f7c700 1 --2- >> [v2:172.21.15.39:3300/0,v1:172.21.15.39:6789/0] conn(0x7f065c109db0 0x7f065c07f2e0 unknown :-1 s=NONE pgs=0 cs=0 l=1 rev1=0 crypto rx=0 tx=0 comp rx=0 tx=0).connect
2024-05-09T05:27:14.499 INFO:teuthology.orchestra.run.smithi039.stdout:/usr/bin/ceph: stderr
2024-05-09T05:27:13.633+0000 7f0663f7c700 1 -- --> [v2:172.21.15.39:3300/0,v1:172.21.15.39:6789/0] -- mon_getmap magic: 0 -- 0x7f065c10e240 con 0x7f065c109db0
2024-05-09T05:27:14.499 INFO:teuthology.orchestra.run.smithi039.stdout:/usr/bin/ceph: stderr
2024-05-09T05:27:13.633+0000 7f0661d18700 1 --2- >> [v2:172.21.15.39:3300/0,v1:172.21.15.39:6789/0] conn(0x7f065c109db0 0x7f065c07f2e0 unknown :-1 s=BANNER_CONNECTING pgs=0 cs=0 l=1 rev1=0 crypto rx=0 tx=0 comp rx=0 tx=0)._handle_peer_banner_payload supported=3 required=0
2024-05-09T05:27:14.499 INFO:teuthology.orchestra.run.smithi039.stdout:/usr/bin/ceph: stderr
2024-05-09T05:27:13.633+0000 7f0661d18700 1 --2- >> [v2:172.21.15.39:3300/0,v1:172.21.15.39:6789/0] conn(0x7f065c109db0 0x7f065c07f2e0 unknown :-1 s=HELLO_CONNECTING pgs=0 cs=0 l=1 rev1=1 crypto rx=0 tx=0 comp rx=0 tx=0).handle_hello peer v2:172.21.15.39:3300/0 says I am v2:172.21.15.39:60342/0 (socket says 172.21.15.39:60342)
2024-05-09T05:27:14.499 INFO:teuthology.orchestra.run.smithi039.stdout:/usr/bin/ceph: stderr
2024-05-09T05:27:13.633+0000 7f0661d18700 1 -- 172.21.15.39:0/3072153702 learned_addr learned my addr 172.21.15.39:0/3072153702 (peer_addr_for_me v2:172.21.15.39:0/0)
2024-05-09T05:27:14.499 INFO:teuthology.orchestra.run.smithi039.stdout:/usr/bin/ceph: stderr
2024-05-09T05:27:13.633+0000 7f0661d18700 1 -- 172.21.15.39:0/3072153702 --> [v2:172.21.15.39:3300/0,v1:172.21.15.39:6789/0] -- mon_subscribe({config=0+,monmap=0+}) -- 0x7f065c07f820 con 0x7f065c109db0
2024-05-09T05:27:14.500 INFO:teuthology.orchestra.run.smithi039.stdout:/usr/bin/ceph: stderr
2024-05-09T05:27:13.633+0000 7f0661d18700 1 --2- 172.21.15.39:0/3072153702 >> [v2:172.21.15.39:3300/0,v1:172.21.15.39:6789/0] conn(0x7f065c109db0 0x7f065c07f2e0 secure :-1 s=READY pgs=48 cs=0 l=1 rev1=1 crypto rx=0x7f0658011890 tx=0x7f0658011970 comp rx=0 tx=0).ready entity=mon.0 client_cookie=0 server_cookie=0 in_seq=0 out_seq=0
2024-05-09T05:27:14.500 INFO:teuthology.orchestra.run.smithi039.stdout:/usr/bin/ceph: stderr
2024-05-09T05:27:13.634+0000 7f064effd700 1 -- 172.21.15.39:0/3072153702 <== mon.0 v2:172.21.15.39:3300/0 1 ==== mon_map magic: 0 ==== 205+0+0 (secure 0 0 0) 0x7f06580039e0 con 0x7f065c109db0
2024-05-09T05:27:14.500 INFO:teuthology.orchestra.run.smithi039.stdout:/usr/bin/ceph: stderr
2024-05-09T05:27:13.634+0000 7f064effd700 1 -- 172.21.15.39:0/3072153702 <== mon.0 v2:172.21.15.39:3300/0 2 ==== config(26 keys) ==== 1070+0+0 (secure 0 0 0) 0x7f0658003b80 con 0x7f065c109db0
2024-05-09T05:27:14.500 INFO:teuthology.orchestra.run.smithi039.stdout:/usr/bin/ceph: stderr
2024-05-09T05:27:13.634+0000 7f0663f7c700 1 -- 172.21.15.39:0/3072153702 --> [v2:172.21.15.39:3300/0,v1:172.21.15.39:6789/0] -- mon_subscribe({mgrmap=0+}) -- 0x7f065c07da70 con 0x7f065c109db0
2024-05-09T05:27:14.500 INFO:teuthology.orchestra.run.smithi039.stdout:/usr/bin/ceph: stderr
2024-05-09T05:27:13.634+0000 7f064effd700 1 -- 172.21.15.39:0/3072153702 <== mon.0 v2:172.21.15.39:3300/0 3 ==== mon_map magic: 0 ==== 205+0+0 (secure 0 0 0) 0x7f06580246e0 con 0x7f065c109db0
2024-05-09T05:27:14.500 INFO:teuthology.orchestra.run.smithi039.stdout:/usr/bin/ceph: stderr
2024-05-09T05:27:13.634+0000 7f0663f7c700 1 -- 172.21.15.39:0/3072153702 --> [v2:172.21.15.39:3300/0,v1:172.21.15.39:6789/0] -- mon_subscribe({osdmap=0}) -- 0x7f065c07df50 con 0x7f065c109db0
2024-05-09T05:27:14.500 INFO:teuthology.orchestra.run.smithi039.stdout:/usr/bin/ceph: stderr
2024-05-09T05:27:13.635+0000 7f0663f7c700 1 -- 172.21.15.39:0/3072153702 --> [v2:172.21.15.39:3300/0,v1:172.21.15.39:6789/0] -- mon_command({"prefix": "get_command_descriptions"} v 0) -- 0x7f065c064e20 con 0x7f065c109db0
2024-05-09T05:27:14.500 INFO:teuthology.orchestra.run.smithi039.stdout:/usr/bin/ceph: stderr
2024-05-09T05:27:13.635+0000 7f064effd700 1 -- 172.21.15.39:0/3072153702 <== mon.0 v2:172.21.15.39:3300/0 4 ==== mgrmap(e 8) ==== 50222+0+0 (secure 0 0 0) 0x7f0658022020 con 0x7f065c109db0
2024-05-09T05:27:14.500 INFO:teuthology.orchestra.run.smithi039.stdout:/usr/bin/ceph: stderr
2024-05-09T05:27:13.635+0000 7f064effd700 1 --2- 172.21.15.39:0/3072153702 >> [v2:172.21.15.39:6800/4091500272,v1:172.21.15.39:6801/4091500272] conn(0x7f064803e470 0x7f0648040980 unknown :-1 s=NONE pgs=0 cs=0 l=1 rev1=0 crypto rx=0 tx=0 comp rx=0 tx=0).connect
2024-05-09T05:27:14.500 INFO:teuthology.orchestra.run.smithi039.stdout:/usr/bin/ceph: stderr
2024-05-09T05:27:13.635+0000 7f064effd700 1 -- 172.21.15.39:0/3072153702 <== mon.0 v2:172.21.15.39:3300/0 5 ==== osd_map(2..2 src has 1..2) ==== 940+0+0 (secure 0 0 0) 0x7f0658053950 con 0x7f065c109db0
2024-05-09T05:27:14.501 INFO:teuthology.orchestra.run.smithi039.stdout:/usr/bin/ceph: stderr
2024-05-09T05:27:13.635+0000 7f0661517700 1 --2- 172.21.15.39:0/3072153702 >> [v2:172.21.15.39:6800/4091500272,v1:172.21.15.39:6801/4091500272] conn(0x7f064803e470 0x7f0648040980 unknown :-1 s=BANNER_CONNECTING pgs=0 cs=0 l=1 rev1=0 crypto rx=0 tx=0 comp rx=0 tx=0)._handle_peer_banner_payload supported=3 required=0
2024-05-09T05:27:14.501 INFO:teuthology.orchestra.run.smithi039.stdout:/usr/bin/ceph: stderr
2024-05-09T05:27:13.636+0000 7f0661517700 1 --2- 172.21.15.39:0/3072153702 >> [v2:172.21.15.39:6800/4091500272,v1:172.21.15.39:6801/4091500272] conn(0x7f064803e470 0x7f0648040980 secure :-1 s=READY pgs=12 cs=0 l=1 rev1=1 crypto rx=0x7f0650006fd0 tx=0x7f0650006e40 comp rx=0 tx=0).ready entity=mgr.14120 client_cookie=0 server_cookie=0 in_seq=0 out_seq=0
2024-05-09T05:27:14.501 INFO:teuthology.orchestra.run.smithi039.stdout:/usr/bin/ceph: stderr
2024-05-09T05:27:13.641+0000 7f064effd700 1 -- 172.21.15.39:0/3072153702 <== mon.0 v2:172.21.15.39:3300/0 6 ==== mon_command_ack([{"prefix": "get_command_descriptions"}]=0 v0) ==== 72+0+191963 (secure 0 0 0) 0x7f065800bce0 con 0x7f065c109db0
2024-05-09T05:27:14.501 INFO:teuthology.orchestra.run.smithi039.stdout:/usr/bin/ceph: stderr
2024-05-09T05:27:13.869+0000 7f0663f7c700 1 -- 172.21.15.39:0/3072153702 --> [v2:172.21.15.39:6800/4091500272,v1:172.21.15.39:6801/4091500272] -- mgr_command(tid 0: {"prefix": "orch apply", "service_type": "mon", "unmanaged": true, "target": ["mon-mgr", ""]}) -- 0x7f065c07e700 con 0x7f064803e470
2024-05-09T05:27:14.501 INFO:teuthology.orchestra.run.smithi039.stdout:/usr/bin/ceph: stderr
2024-05-09T05:27:13.874+0000 7f064effd700 1 -- 172.21.15.39:0/3072153702 <== mgr.14120 v2:172.21.15.39:6800/4091500272 1 ==== mgr_command_reply(tid 0: 0 ) ==== 8+0+24 (secure 0 0 0) 0x7f065c07e700 con 0x7f064803e470
2024-05-09T05:27:14.501 INFO:teuthology.orchestra.run.smithi039.stdout:/usr/bin/ceph: stderr
2024-05-09T05:27:13.877+0000 7f0663f7c700 1 -- 172.21.15.39:0/3072153702 >> [v2:172.21.15.39:6800/4091500272,v1:172.21.15.39:6801/4091500272] conn(0x7f064803e470 msgr2=0x7f0648040980 secure :-1 s=STATE_CONNECTION_ESTABLISHED l=1).mark_down
2024-05-09T05:27:14.501 INFO:teuthology.orchestra.run.smithi039.stdout:/usr/bin/ceph: stderr
2024-05-09T05:27:13.877+0000 7f0663f7c700 1 --2- 172.21.15.39:0/3072153702 >> [v2:172.21.15.39:6800/4091500272,v1:172.21.15.39:6801/4091500272] conn(0x7f064803e470 0x7f0648040980 secure :-1 s=READY pgs=12 cs=0 l=1 rev1=1 crypto rx=0x7f0650006fd0 tx=0x7f0650006e40 comp rx=0 tx=0).stop
2024-05-09T05:27:14.501 INFO:teuthology.orchestra.run.smithi039.stdout:/usr/bin/ceph: stderr
2024-05-09T05:27:13.877+0000 7f0663f7c700 1 -- 172.21.15.39:0/3072153702 >> [v2:172.21.15.39:3300/0,v1:172.21.15.39:6789/0] conn(0x7f065c109db0 msgr2=0x7f065c07f2e0 secure :-1 s=STATE_CONNECTION_ESTABLISHED l=1).mark_down
2024-05-09T05:27:14.501 INFO:teuthology.orchestra.run.smithi039.stdout:/usr/bin/ceph: stderr
2024-05-09T05:27:13.877+0000 7f0663f7c700 1 --2- 172.21.15.39:0/3072153702 >> [v2:172.21.15.39:3300/0,v1:172.21.15.39:6789/0] conn(0x7f065c109db0 0x7f065c07f2e0 secure :-1 s=READY pgs=48 cs=0 l=1 rev1=1 crypto rx=0x7f0658011890 tx=0x7f0658011970 comp rx=0 tx=0).stop
2024-05-09T05:27:14.501 INFO:teuthology.orchestra.run.smithi039.stdout:/usr/bin/ceph: stderr
2024-05-09T05:27:13.877+0000 7f0663f7c700 1 -- 172.21.15.39:0/3072153702 shutdown_connections
2024-05-09T05:27:14.501 INFO:teuthology.orchestra.run.smithi039.stdout:/usr/bin/ceph: stderr
2024-05-09T05:27:13.877+0000 7f0663f7c700 1 --2- 172.21.15.39:0/3072153702 >> [v2:172.21.15.39:6800/4091500272,v1:172.21.15.39:6801/4091500272] conn(0x7f064803e470 0x7f0648040980 unknown :-1 s=CLOSED pgs=12 cs=0 l=1 rev1=1 crypto rx=0 tx=0 comp rx=0 tx=0).stop
2024-05-09T05:27:14.502 INFO:teuthology.orchestra.run.smithi039.stdout:/usr/bin/ceph: stderr
2024-05-09T05:27:13.877+0000 7f0663f7c700 1 --2- 172.21.15.39:0/3072153702 >> [v2:172.21.15.39:3300/0,v1:172.21.15.39:6789/0] conn(0x7f065c109db0 0x7f065c07f2e0 unknown :-1 s=CLOSED pgs=48 cs=0 l=1 rev1=1 crypto rx=0 tx=0 comp rx=0 tx=0).stop
2024-05-09T05:27:14.502 INFO:teuthology.orchestra.run.smithi039.stdout:/usr/bin/ceph: stderr
2024-05-09T05:27:13.877+0000 7f0663f7c700 1 -- 172.21.15.39:0/3072153702 >> 172.21.15.39:0/3072153702 conn(0x7f065c105450 msgr2=0x7f065c105d50 unknown :-1 s=STATE_NONE l=0).mark_down
2024-05-09T05:27:14.502 INFO:teuthology.orchestra.run.smithi039.stdout:/usr/bin/ceph: stderr
2024-05-09T05:27:13.877+0000 7f0663f7c700 1 -- 172.21.15.39:0/3072153702 shutdown_connections
2024-05-09T05:27:14.502 INFO:teuthology.orchestra.run.smithi039.stdout:/usr/bin/ceph: stderr
2024-05-09T05:27:13.877+0000 7f0663f7c700 1 -- 172.21.15.39:0/3072153702 wait complete.
2024-05-09T05:27:14.502 INFO:teuthology.orchestra.run.smithi039.stdout:Deploying unmanaged mgr service...
2024-05-09T05:27:15.111 INFO:journalctl@ceph.mon.a.smithi039.stdout:May 09 05:27:14 smithi039 ceph-mon[30439]: from='client.14142 -' entity='client.admin' cmd=[{"prefix": "orch apply", "service_type": "mon", "unmanaged": true, "target": ["mon-mgr", ""]}]: dispatch
2024-05-09T05:27:15.111 INFO:journalctl@ceph.mon.a.smithi039.stdout:May 09 05:27:14 smithi039 ceph-mon[30439]: Saving service mon spec with placement count:5
2024-05-09T05:27:15.111 INFO:journalctl@ceph.mon.a.smithi039.stdout:May 09 05:27:14 smithi039 ceph-mon[30439]: from='mgr.14120 172.21.15.39:0/2177888564' entity='mgr.x'
2024-05-09T05:27:16.432 INFO:journalctl@ceph.mon.a.smithi039.stdout:May 09 05:27:16 smithi039 ceph-mon[30439]: from='client.14144 -' entity='client.admin' cmd=[{"prefix": "orch apply", "service_type": "mgr", "unmanaged": true, "target": ["mon-mgr", ""]}]: dispatch
2024-05-09T05:27:16.432 INFO:journalctl@ceph.mon.a.smithi039.stdout:May 09 05:27:16 smithi039 ceph-mon[30439]: Saving service mgr spec with placement count:2
2024-05-09T05:27:16.432 INFO:journalctl@ceph.mon.a.smithi039.stdout:May 09 05:27:16 smithi039 ceph-mon[30439]: from='mgr.14120 172.21.15.39:0/2177888564' entity='mgr.x'
2024-05-09T05:27:16.432 INFO:journalctl@ceph.mon.a.smithi039.stdout:May 09 05:27:16 smithi039 ceph-mon[30439]: from='mgr.14120 172.21.15.39:0/2177888564' entity='mgr.x'
2024-05-09T05:27:16.440 INFO:teuthology.orchestra.run.smithi039.stdout:/usr/bin/ceph: stdout Scheduled mgr update...
2024-05-09T05:27:16.440 INFO:teuthology.orchestra.run.smithi039.stdout:/usr/bin/ceph: stderr
2024-05-09T05:27:14.953+0000 7f3968e73700 1 Processor -- start
2024-05-09T05:27:16.440 INFO:teuthology.orchestra.run.smithi039.stdout:/usr/bin/ceph: stderr
2024-05-09T05:27:14.953+0000 7f3968e73700 1 -- start start
2024-05-09T05:27:16.440 INFO:teuthology.orchestra.run.smithi039.stdout:/usr/bin/ceph: stderr
2024-05-09T05:27:14.953+0000 7f3968e73700 1 --2- >> [v2:172.21.15.39:3300/0,v1:172.21.15.39:6789/0] conn(0x7f3964108cb0 0x7f39641090c0 unknown :-1 s=NONE pgs=0 cs=0 l=0 rev1=0 crypto rx=0 tx=0 comp rx=0 tx=0).connect
2024-05-09T05:27:16.440 INFO:teuthology.orchestra.run.smithi039.stdout:/usr/bin/ceph: stderr
2024-05-09T05:27:14.953+0000 7f3968e73700 1 -- --> [v2:172.21.15.39:3300/0,v1:172.21.15.39:6789/0] -- mon_getmap magic: 0 -- 0x7f39641096b0 con 0x7f3964108cb0
2024-05-09T05:27:16.440 INFO:teuthology.orchestra.run.smithi039.stdout:/usr/bin/ceph: stderr
2024-05-09T05:27:14.954+0000 7f396259c700 1 --2- >> [v2:172.21.15.39:3300/0,v1:172.21.15.39:6789/0] conn(0x7f3964108cb0 0x7f39641090c0 unknown :-1 s=BANNER_CONNECTING pgs=0 cs=0 l=0 rev1=0 crypto rx=0 tx=0 comp rx=0 tx=0)._handle_peer_banner_payload supported=3 required=0
2024-05-09T05:27:16.440 INFO:teuthology.orchestra.run.smithi039.stdout:/usr/bin/ceph: stderr
2024-05-09T05:27:14.954+0000 7f396259c700 1 --2- >> [v2:172.21.15.39:3300/0,v1:172.21.15.39:6789/0] conn(0x7f3964108cb0 0x7f39641090c0 unknown :-1 s=HELLO_CONNECTING pgs=0 cs=0 l=0 rev1=1 crypto rx=0 tx=0 comp rx=0 tx=0).handle_hello peer v2:172.21.15.39:3300/0 says I am v2:172.21.15.39:60344/0 (socket says 172.21.15.39:60344)
2024-05-09T05:27:16.441 INFO:teuthology.orchestra.run.smithi039.stdout:/usr/bin/ceph: stderr
2024-05-09T05:27:14.954+0000 7f396259c700 1 -- 172.21.15.39:0/1419082608 learned_addr learned my addr 172.21.15.39:0/1419082608 (peer_addr_for_me v2:172.21.15.39:0/0)
2024-05-09T05:27:16.441 INFO:teuthology.orchestra.run.smithi039.stdout:/usr/bin/ceph: stderr
2024-05-09T05:27:14.954+0000 7f396259c700 1 -- 172.21.15.39:0/1419082608 --> [v2:172.21.15.39:3300/0,v1:172.21.15.39:6789/0] -- mon_subscribe({config=0+,monmap=0+}) -- 0x7f3964109de0 con 0x7f3964108cb0
2024-05-09T05:27:16.441 INFO:teuthology.orchestra.run.smithi039.stdout:/usr/bin/ceph: stderr
2024-05-09T05:27:14.954+0000 7f396259c700 1 --2- 172.21.15.39:0/1419082608 >> [v2:172.21.15.39:3300/0,v1:172.21.15.39:6789/0] conn(0x7f3964108cb0 0x7f39641090c0 secure :-1 s=READY pgs=49 cs=0 l=1 rev1=1 crypto rx=0x7f39540098a0 tx=0x7f3954009bb0 comp rx=0 tx=0).ready entity=mon.0 client_cookie=2dbc21ecfdbec7b8 server_cookie=0 in_seq=0 out_seq=0
2024-05-09T05:27:16.441 INFO:teuthology.orchestra.run.smithi039.stdout:/usr/bin/ceph: stderr
2024-05-09T05:27:14.954+0000 7f3961d9b700 1 -- 172.21.15.39:0/1419082608 <== mon.0 v2:172.21.15.39:3300/0 1 ==== mon_map magic: 0 ==== 205+0+0 (secure 0 0 0) 0x7f3954004160 con 0x7f3964108cb0
2024-05-09T05:27:16.441 INFO:teuthology.orchestra.run.smithi039.stdout:/usr/bin/ceph: stderr
2024-05-09T05:27:14.954+0000 7f3961d9b700 1 -- 172.21.15.39:0/1419082608 <== mon.0 v2:172.21.15.39:3300/0 2 ==== config(26 keys) ==== 1070+0+0 (secure 0 0 0) 0x7f3954004300 con 0x7f3964108cb0
2024-05-09T05:27:16.441 INFO:teuthology.orchestra.run.smithi039.stdout:/usr/bin/ceph: stderr
2024-05-09T05:27:14.954+0000 7f3961d9b700 1 -- 172.21.15.39:0/1419082608 <== mon.0 v2:172.21.15.39:3300/0 3 ==== mon_map magic: 0 ==== 205+0+0 (secure 0 0 0) 0x7f3954011af0 con 0x7f3964108cb0
2024-05-09T05:27:16.441 INFO:teuthology.orchestra.run.smithi039.stdout:/usr/bin/ceph: stderr
2024-05-09T05:27:14.955+0000 7f3968e73700 1 -- 172.21.15.39:0/1419082608 >> [v2:172.21.15.39:3300/0,v1:172.21.15.39:6789/0] conn(0x7f3964108cb0 msgr2=0x7f39641090c0 secure :-1 s=STATE_CONNECTION_ESTABLISHED l=1).mark_down
2024-05-09T05:27:16.441 INFO:teuthology.orchestra.run.smithi039.stdout:/usr/bin/ceph: stderr
2024-05-09T05:27:14.955+0000 7f3968e73700 1 --2- 172.21.15.39:0/1419082608 >> [v2:172.21.15.39:3300/0,v1:172.21.15.39:6789/0] conn(0x7f3964108cb0 0x7f39641090c0 secure :-1 s=READY pgs=49 cs=0 l=1 rev1=1 crypto rx=0x7f39540098a0 tx=0x7f3954009bb0 comp rx=0 tx=0).stop
2024-05-09T05:27:16.441 INFO:teuthology.orchestra.run.smithi039.stdout:/usr/bin/ceph: stderr
2024-05-09T05:27:14.955+0000 7f3968e73700 1 -- 172.21.15.39:0/1419082608 shutdown_connections
2024-05-09T05:27:16.441 INFO:teuthology.orchestra.run.smithi039.stdout:/usr/bin/ceph: stderr
2024-05-09T05:27:14.955+0000 7f3968e73700 1 --2- 172.21.15.39:0/1419082608 >> [v2:172.21.15.39:3300/0,v1:172.21.15.39:6789/0] conn(0x7f3964108cb0 0x7f39641090c0 unknown :-1 s=CLOSED pgs=49 cs=0 l=1 rev1=1 crypto rx=0 tx=0 comp rx=0 tx=0).stop
2024-05-09T05:27:16.441 INFO:teuthology.orchestra.run.smithi039.stdout:/usr/bin/ceph: stderr
2024-05-09T05:27:14.955+0000 7f3968e73700 1 -- 172.21.15.39:0/1419082608 >> 172.21.15.39:0/1419082608 conn(0x7f3964104370 msgr2=0x7f39641067c0 unknown :-1 s=STATE_NONE l=0).mark_down
2024-05-09T05:27:16.441 INFO:teuthology.orchestra.run.smithi039.stdout:/usr/bin/ceph: stderr
2024-05-09T05:27:14.955+0000 7f3968e73700 1 -- 172.21.15.39:0/1419082608 shutdown_connections
2024-05-09T05:27:16.441 INFO:teuthology.orchestra.run.smithi039.stdout:/usr/bin/ceph: stderr
2024-05-09T05:27:14.955+0000 7f3968e73700 1 -- 172.21.15.39:0/1419082608 wait complete.
2024-05-09T05:27:16.441 INFO:teuthology.orchestra.run.smithi039.stdout:/usr/bin/ceph: stderr
2024-05-09T05:27:14.956+0000 7f3968e73700 1 Processor -- start
2024-05-09T05:27:16.442 INFO:teuthology.orchestra.run.smithi039.stdout:/usr/bin/ceph: stderr
2024-05-09T05:27:14.956+0000 7f3968e73700 1 -- start start
2024-05-09T05:27:16.442 INFO:teuthology.orchestra.run.smithi039.stdout:/usr/bin/ceph: stderr
2024-05-09T05:27:14.956+0000 7f3968e73700 1 --2- >> [v2:172.21.15.39:3300/0,v1:172.21.15.39:6789/0] conn(0x7f3964108cb0 0x7f396419d0d0 unknown :-1 s=NONE pgs=0 cs=0 l=1 rev1=0 crypto rx=0 tx=0 comp rx=0 tx=0).connect
2024-05-09T05:27:16.442 INFO:teuthology.orchestra.run.smithi039.stdout:/usr/bin/ceph: stderr
2024-05-09T05:27:14.956+0000 7f3968e73700 1 -- --> [v2:172.21.15.39:3300/0,v1:172.21.15.39:6789/0] -- mon_getmap magic: 0 -- 0x7f396410d190 con 0x7f3964108cb0
2024-05-09T05:27:16.442 INFO:teuthology.orchestra.run.smithi039.stdout:/usr/bin/ceph: stderr
2024-05-09T05:27:14.957+0000 7f396259c700 1 --2- >> [v2:172.21.15.39:3300/0,v1:172.21.15.39:6789/0] conn(0x7f3964108cb0 0x7f396419d0d0 unknown :-1 s=BANNER_CONNECTING pgs=0 cs=0 l=1 rev1=0 crypto rx=0 tx=0 comp rx=0 tx=0)._handle_peer_banner_payload supported=3 required=0
2024-05-09T05:27:16.442 INFO:teuthology.orchestra.run.smithi039.stdout:/usr/bin/ceph: stderr
2024-05-09T05:27:14.957+0000 7f396259c700 1 --2- >> [v2:172.21.15.39:3300/0,v1:172.21.15.39:6789/0] conn(0x7f3964108cb0 0x7f396419d0d0 unknown :-1 s=HELLO_CONNECTING pgs=0 cs=0 l=1 rev1=1 crypto rx=0 tx=0 comp rx=0 tx=0).handle_hello peer v2:172.21.15.39:3300/0 says I am v2:172.21.15.39:60350/0 (socket says 172.21.15.39:60350)
2024-05-09T05:27:16.442 INFO:teuthology.orchestra.run.smithi039.stdout:/usr/bin/ceph: stderr
2024-05-09T05:27:14.957+0000 7f396259c700 1 -- 172.21.15.39:0/2716727763 learned_addr learned my addr 172.21.15.39:0/2716727763 (peer_addr_for_me v2:172.21.15.39:0/0)
2024-05-09T05:27:16.442 INFO:teuthology.orchestra.run.smithi039.stdout:/usr/bin/ceph: stderr
2024-05-09T05:27:14.957+0000 7f396259c700 1 -- 172.21.15.39:0/2716727763 --> [v2:172.21.15.39:3300/0,v1:172.21.15.39:6789/0] -- mon_subscribe({config=0+,monmap=0+}) -- 0x7f396419d610 con 0x7f3964108cb0
2024-05-09T05:27:16.442 INFO:teuthology.orchestra.run.smithi039.stdout:/usr/bin/ceph: stderr
2024-05-09T05:27:14.957+0000 7f396259c700 1 --2- 172.21.15.39:0/2716727763 >> [v2:172.21.15.39:3300/0,v1:172.21.15.39:6789/0] conn(0x7f3964108cb0 0x7f396419d0d0 secure :-1 s=READY pgs=50 cs=0 l=1 rev1=1 crypto rx=0x7f3954011670 tx=0x7f3954004280 comp rx=0 tx=0).ready entity=mon.0 client_cookie=0 server_cookie=0 in_seq=0 out_seq=0
2024-05-09T05:27:16.442 INFO:teuthology.orchestra.run.smithi039.stdout:/usr/bin/ceph: stderr
2024-05-09T05:27:14.957+0000 7f395bfff700 1 -- 172.21.15.39:0/2716727763 <== mon.0 v2:172.21.15.39:3300/0 1 ==== mon_map magic: 0 ==== 205+0+0 (secure 0 0 0) 0x7f39540036a0 con 0x7f3964108cb0
2024-05-09T05:27:16.442 INFO:teuthology.orchestra.run.smithi039.stdout:/usr/bin/ceph: stderr
2024-05-09T05:27:14.957+0000 7f395bfff700 1 -- 172.21.15.39:0/2716727763 <== mon.0 v2:172.21.15.39:3300/0 2 ==== config(26 keys) ==== 1070+0+0 (secure 0 0 0) 0x7f3954003cd0 con 0x7f3964108cb0
2024-05-09T05:27:16.442 INFO:teuthology.orchestra.run.smithi039.stdout:/usr/bin/ceph: stderr
2024-05-09T05:27:14.957+0000 7f3968e73700 1 -- 172.21.15.39:0/2716727763 --> [v2:172.21.15.39:3300/0,v1:172.21.15.39:6789/0] -- mon_subscribe({mgrmap=0+}) -- 0x7f396419d8a0 con 0x7f3964108cb0
2024-05-09T05:27:16.442 INFO:teuthology.orchestra.run.smithi039.stdout:/usr/bin/ceph: stderr
2024-05-09T05:27:14.957+0000 7f395bfff700 1 -- 172.21.15.39:0/2716727763 <== mon.0 v2:172.21.15.39:3300/0 3 ==== mon_map magic: 0 ==== 205+0+0 (secure 0 0 0) 0x7f39540193c0 con 0x7f3964108cb0
2024-05-09T05:27:16.442 INFO:teuthology.orchestra.run.smithi039.stdout:/usr/bin/ceph: stderr
2024-05-09T05:27:14.957+0000 7f3968e73700 1 -- 172.21.15.39:0/2716727763 --> [v2:172.21.15.39:3300/0,v1:172.21.15.39:6789/0] -- mon_subscribe({osdmap=0}) -- 0x7f39641a04b0 con 0x7f3964108cb0
2024-05-09T05:27:16.443 INFO:teuthology.orchestra.run.smithi039.stdout:/usr/bin/ceph: stderr
2024-05-09T05:27:14.958+0000 7f395bfff700 1 -- 172.21.15.39:0/2716727763 <== mon.0 v2:172.21.15.39:3300/0 4 ==== mgrmap(e 8) ==== 50222+0+0 (secure 0 0 0) 0x7f3954019630 con 0x7f3964108cb0
2024-05-09T05:27:16.443 INFO:teuthology.orchestra.run.smithi039.stdout:/usr/bin/ceph: stderr
2024-05-09T05:27:14.958+0000 7f3968e73700 1 -- 172.21.15.39:0/2716727763 --> [v2:172.21.15.39:3300/0,v1:172.21.15.39:6789/0] -- mon_command({"prefix": "get_command_descriptions"} v 0) -- 0x7f3964064e20 con 0x7f3964108cb0
2024-05-09T05:27:16.443 INFO:teuthology.orchestra.run.smithi039.stdout:/usr/bin/ceph: stderr
2024-05-09T05:27:14.959+0000 7f395bfff700 1 --2- 172.21.15.39:0/2716727763 >> [v2:172.21.15.39:6800/4091500272,v1:172.21.15.39:6801/4091500272] conn(0x7f395003e470 0x7f3950040980 unknown :-1 s=NONE pgs=0 cs=0 l=1 rev1=0 crypto rx=0 tx=0 comp rx=0 tx=0).connect
2024-05-09T05:27:16.443 INFO:teuthology.orchestra.run.smithi039.stdout:/usr/bin/ceph: stderr
2024-05-09T05:27:14.959+0000 7f395bfff700 1 -- 172.21.15.39:0/2716727763 <== mon.0 v2:172.21.15.39:3300/0 5 ==== osd_map(2..2 src has 1..2) ==== 940+0+0 (secure 0 0 0) 0x7f3954053710 con 0x7f3964108cb0
2024-05-09T05:27:16.443 INFO:teuthology.orchestra.run.smithi039.stdout:/usr/bin/ceph: stderr
2024-05-09T05:27:14.959+0000 7f3959d9b700 1 --2- 172.21.15.39:0/2716727763 >> [v2:172.21.15.39:6800/4091500272,v1:172.21.15.39:6801/4091500272] conn(0x7f395003e470 0x7f3950040980 unknown :-1 s=BANNER_CONNECTING pgs=0 cs=0 l=1 rev1=0 crypto rx=0 tx=0 comp rx=0 tx=0)._handle_peer_banner_payload supported=3 required=0
2024-05-09T05:27:16.443 INFO:teuthology.orchestra.run.smithi039.stdout:/usr/bin/ceph: stderr
2024-05-09T05:27:14.959+0000 7f3959d9b700 1 --2- 172.21.15.39:0/2716727763 >> [v2:172.21.15.39:6800/4091500272,v1:172.21.15.39:6801/4091500272] conn(0x7f395003e470 0x7f3950040980 secure :-1 s=READY pgs=13 cs=0 l=1 rev1=1 crypto rx=0x7f394c006fd0 tx=0x7f394c006e40 comp rx=0 tx=0).ready entity=mgr.14120 client_cookie=0 server_cookie=0 in_seq=0 out_seq=0
2024-05-09T05:27:16.443 INFO:teuthology.orchestra.run.smithi039.stdout:/usr/bin/ceph: stderr
2024-05-09T05:27:14.964+0000 7f395bfff700 1 -- 172.21.15.39:0/2716727763 <== mon.0 v2:172.21.15.39:3300/0 6 ==== mon_command_ack([{"prefix": "get_command_descriptions"}]=0 v0) ==== 72+0+191963 (secure 0 0 0) 0x7f3954017e90 con 0x7f3964108cb0
2024-05-09T05:27:16.443 INFO:teuthology.orchestra.run.smithi039.stdout:/usr/bin/ceph: stderr
2024-05-09T05:27:15.195+0000 7f3968e73700 1 -- 172.21.15.39:0/2716727763 --> [v2:172.21.15.39:6800/4091500272,v1:172.21.15.39:6801/4091500272] -- mgr_command(tid 0: {"prefix": "orch apply", "service_type": "mgr", "unmanaged": true, "target": ["mon-mgr", ""]}) -- 0x7f39641a0680 con 0x7f395003e470
2024-05-09T05:27:16.443 INFO:teuthology.orchestra.run.smithi039.stdout:/usr/bin/ceph: stderr
2024-05-09T05:27:15.200+0000 7f395bfff700 1 -- 172.21.15.39:0/2716727763 <== mgr.14120 v2:172.21.15.39:6800/4091500272 1 ==== mgr_command_reply(tid 0: 0 ) ==== 8+0+24 (secure 0 0 0) 0x7f39641a0680 con 0x7f395003e470
2024-05-09T05:27:16.443 INFO:teuthology.orchestra.run.smithi039.stdout:/usr/bin/ceph: stderr
2024-05-09T05:27:15.202+0000 7f3968e73700 1 -- 172.21.15.39:0/2716727763 >> [v2:172.21.15.39:6800/4091500272,v1:172.21.15.39:6801/4091500272] conn(0x7f395003e470 msgr2=0x7f3950040980 secure :-1 s=STATE_CONNECTION_ESTABLISHED l=1).mark_down
2024-05-09T05:27:16.443 INFO:teuthology.orchestra.run.smithi039.stdout:/usr/bin/ceph: stderr
2024-05-09T05:27:15.202+0000 7f3968e73700 1 --2- 172.21.15.39:0/2716727763 >> [v2:172.21.15.39:6800/4091500272,v1:172.21.15.39:6801/4091500272] conn(0x7f395003e470 0x7f3950040980 secure :-1 s=READY pgs=13 cs=0 l=1 rev1=1 crypto rx=0x7f394c006fd0 tx=0x7f394c006e40 comp rx=0 tx=0).stop
2024-05-09T05:27:16.443 INFO:teuthology.orchestra.run.smithi039.stdout:/usr/bin/ceph: stderr
2024-05-09T05:27:15.202+0000 7f3968e73700 1 -- 172.21.15.39:0/2716727763 >> [v2:172.21.15.39:3300/0,v1:172.21.15.39:6789/0] conn(0x7f3964108cb0 msgr2=0x7f396419d0d0 secure :-1 s=STATE_CONNECTION_ESTABLISHED l=1).mark_down
2024-05-09T05:27:16.443 INFO:teuthology.orchestra.run.smithi039.stdout:/usr/bin/ceph: stderr
2024-05-09T05:27:15.202+0000 7f3968e73700 1 --2- 172.21.15.39:0/2716727763 >> [v2:172.21.15.39:3300/0,v1:172.21.15.39:6789/0] conn(0x7f3964108cb0 0x7f396419d0d0 secure :-1 s=READY pgs=50 cs=0 l=1 rev1=1 crypto rx=0x7f3954011670 tx=0x7f3954004280 comp rx=0 tx=0).stop
2024-05-09T05:27:16.443 INFO:teuthology.orchestra.run.smithi039.stdout:/usr/bin/ceph: stderr
2024-05-09T05:27:15.203+0000 7f3968e73700 1 -- 172.21.15.39:0/2716727763 shutdown_connections
2024-05-09T05:27:16.444 INFO:teuthology.orchestra.run.smithi039.stdout:/usr/bin/ceph: stderr
2024-05-09T05:27:15.203+0000 7f3968e73700 1 --2- 172.21.15.39:0/2716727763 >> [v2:172.21.15.39:6800/4091500272,v1:172.21.15.39:6801/4091500272] conn(0x7f395003e470 0x7f3950040980 unknown :-1 s=CLOSED pgs=13 cs=0 l=1 rev1=1 crypto rx=0 tx=0 comp rx=0 tx=0).stop
2024-05-09T05:27:16.444 INFO:teuthology.orchestra.run.smithi039.stdout:/usr/bin/ceph: stderr
2024-05-09T05:27:15.203+0000 7f3968e73700 1 --2- 172.21.15.39:0/2716727763 >> [v2:172.21.15.39:3300/0,v1:172.21.15.39:6789/0] conn(0x7f3964108cb0 0x7f396419d0d0 unknown :-1 s=CLOSED pgs=50 cs=0 l=1 rev1=1 crypto rx=0 tx=0 comp rx=0 tx=0).stop
2024-05-09T05:27:16.444 INFO:teuthology.orchestra.run.smithi039.stdout:/usr/bin/ceph: stderr
