2024-05-09T05:27:30.145+0000 7f9f4e17b700 1 -- 172.21.15.39:0/690165852 learned_addr learned my addr 172.21.15.39:0/690165852 (peer_addr_for_me v2:172.21.15.39:0/0)
2024-05-09T05:27:31.109 INFO:teuthology.orchestra.run.smithi039.stdout:/usr/bin/ceph: stderr
2024-05-09T05:27:30.145+0000 7f9f4e17b700 1 -- 172.21.15.39:0/690165852 --> [v2:172.21.15.39:3300/0,v1:172.21.15.39:6789/0] -- mon_subscribe({config=0+,monmap=0+}) -- 0x7f9f4810d180 con 0x7f9f4810a820
2024-05-09T05:27:31.109 INFO:teuthology.orchestra.run.smithi039.stdout:/usr/bin/ceph: stderr
2024-05-09T05:27:30.145+0000 7f9f4e17b700 1 --2- 172.21.15.39:0/690165852 >> [v2:172.21.15.39:3300/0,v1:172.21.15.39:6789/0] conn(0x7f9f4810a820 0x7f9f4810cc40 secure :-1 s=READY pgs=70 cs=0 l=1 rev1=1 crypto rx=0x7f9f3c0098a0 tx=0x7f9f3c009bb0 comp rx=0 tx=0).ready entity=mon.0 client_cookie=dddb91b9fd0dc1d3 server_cookie=0 in_seq=0 out_seq=0
2024-05-09T05:27:31.109 INFO:teuthology.orchestra.run.smithi039.stdout:/usr/bin/ceph: stderr
2024-05-09T05:27:30.145+0000 7f9f4d179700 1 -- 172.21.15.39:0/690165852 <== mon.0 v2:172.21.15.39:3300/0 1 ==== mon_map magic: 0 ==== 205+0+0 (secure 0 0 0) 0x7f9f3c004160 con 0x7f9f4810a820
2024-05-09T05:27:31.109 INFO:teuthology.orchestra.run.smithi039.stdout:/usr/bin/ceph: stderr
2024-05-09T05:27:30.145+0000 7f9f4d179700 1 -- 172.21.15.39:0/690165852 <== mon.0 v2:172.21.15.39:3300/0 2 ==== config(26 keys) ==== 1101+0+0 (secure 0 0 0) 0x7f9f3c004300 con 0x7f9f4810a820
2024-05-09T05:27:31.109 INFO:teuthology.orchestra.run.smithi039.stdout:/usr/bin/ceph: stderr
2024-05-09T05:27:30.145+0000 7f9f4d179700 1 -- 172.21.15.39:0/690165852 <== mon.0 v2:172.21.15.39:3300/0 3 ==== mon_map magic: 0 ==== 205+0+0 (secure 0 0 0) 0x7f9f3c011a20 con 0x7f9f4810a820
2024-05-09T05:27:31.109 INFO:teuthology.orchestra.run.smithi039.stdout:/usr/bin/ceph: stderr
2024-05-09T05:27:30.146+0000 7f9f503df700 1 -- 172.21.15.39:0/690165852 >> [v2:172.21.15.39:3300/0,v1:172.21.15.39:6789/0] conn(0x7f9f4810a820 msgr2=0x7f9f4810cc40 secure :-1 s=STATE_CONNECTION_ESTABLISHED l=1).mark_down
2024-05-09T05:27:31.109 INFO:teuthology.orchestra.run.smithi039.stdout:/usr/bin/ceph: stderr
2024-05-09T05:27:30.146+0000 7f9f503df700 1 --2- 172.21.15.39:0/690165852 >> [v2:172.21.15.39:3300/0,v1:172.21.15.39:6789/0] conn(0x7f9f4810a820 0x7f9f4810cc40 secure :-1 s=READY pgs=70 cs=0 l=1 rev1=1 crypto rx=0x7f9f3c0098a0 tx=0x7f9f3c009bb0 comp rx=0 tx=0).stop
2024-05-09T05:27:31.109 INFO:teuthology.orchestra.run.smithi039.stdout:/usr/bin/ceph: stderr
2024-05-09T05:27:30.146+0000 7f9f503df700 1 -- 172.21.15.39:0/690165852 shutdown_connections
2024-05-09T05:27:31.109 INFO:teuthology.orchestra.run.smithi039.stdout:/usr/bin/ceph: stderr
2024-05-09T05:27:30.146+0000 7f9f503df700 1 --2- 172.21.15.39:0/690165852 >> [v2:172.21.15.39:3300/0,v1:172.21.15.39:6789/0] conn(0x7f9f4810a820 0x7f9f4810cc40 unknown :-1 s=CLOSED pgs=70 cs=0 l=1 rev1=1 crypto rx=0 tx=0 comp rx=0 tx=0).stop
2024-05-09T05:27:31.109 INFO:teuthology.orchestra.run.smithi039.stdout:/usr/bin/ceph: stderr
2024-05-09T05:27:30.146+0000 7f9f503df700 1 -- 172.21.15.39:0/690165852 >> 172.21.15.39:0/690165852 conn(0x7f9f481042c0 msgr2=0x7f9f48106730 unknown :-1 s=STATE_NONE l=0).mark_down
2024-05-09T05:27:31.110 INFO:teuthology.orchestra.run.smithi039.stdout:/usr/bin/ceph: stderr
2024-05-09T05:27:30.146+0000 7f9f503df700 1 -- 172.21.15.39:0/690165852 shutdown_connections
2024-05-09T05:27:31.110 INFO:teuthology.orchestra.run.smithi039.stdout:/usr/bin/ceph: stderr
2024-05-09T05:27:30.146+0000 7f9f503df700 1 -- 172.21.15.39:0/690165852 wait complete.
2024-05-09T05:27:31.110 INFO:teuthology.orchestra.run.smithi039.stdout:/usr/bin/ceph: stderr
2024-05-09T05:27:30.147+0000 7f9f503df700 1 Processor -- start
2024-05-09T05:27:31.110 INFO:teuthology.orchestra.run.smithi039.stdout:/usr/bin/ceph: stderr
2024-05-09T05:27:30.147+0000 7f9f503df700 1 -- start start
2024-05-09T05:27:31.110 INFO:teuthology.orchestra.run.smithi039.stdout:/usr/bin/ceph: stderr
2024-05-09T05:27:30.147+0000 7f9f503df700 1 --2- >> [v2:172.21.15.39:3300/0,v1:172.21.15.39:6789/0] conn(0x7f9f4810a820 0x7f9f4819e080 unknown :-1 s=NONE pgs=0 cs=0 l=1 rev1=0 crypto rx=0 tx=0 comp rx=0 tx=0).connect
2024-05-09T05:27:31.110 INFO:teuthology.orchestra.run.smithi039.stdout:/usr/bin/ceph: stderr
2024-05-09T05:27:30.147+0000 7f9f503df700 1 -- --> [v2:172.21.15.39:3300/0,v1:172.21.15.39:6789/0] -- mon_getmap magic: 0 -- 0x7f9f4810e0c0 con 0x7f9f4810a820
2024-05-09T05:27:31.110 INFO:teuthology.orchestra.run.smithi039.stdout:/usr/bin/ceph: stderr
2024-05-09T05:27:30.147+0000 7f9f4e17b700 1 --2- >> [v2:172.21.15.39:3300/0,v1:172.21.15.39:6789/0] conn(0x7f9f4810a820 0x7f9f4819e080 unknown :-1 s=BANNER_CONNECTING pgs=0 cs=0 l=1 rev1=0 crypto rx=0 tx=0 comp rx=0 tx=0)._handle_peer_banner_payload supported=3 required=0
2024-05-09T05:27:31.110 INFO:teuthology.orchestra.run.smithi039.stdout:/usr/bin/ceph: stderr
2024-05-09T05:27:30.147+0000 7f9f4e17b700 1 --2- >> [v2:172.21.15.39:3300/0,v1:172.21.15.39:6789/0] conn(0x7f9f4810a820 0x7f9f4819e080 unknown :-1 s=HELLO_CONNECTING pgs=0 cs=0 l=1 rev1=1 crypto rx=0 tx=0 comp rx=0 tx=0).handle_hello peer v2:172.21.15.39:3300/0 says I am v2:172.21.15.39:54168/0 (socket says 172.21.15.39:54168)
2024-05-09T05:27:31.110 INFO:teuthology.orchestra.run.smithi039.stdout:/usr/bin/ceph: stderr
2024-05-09T05:27:30.147+0000 7f9f4e17b700 1 -- 172.21.15.39:0/885657474 learned_addr learned my addr 172.21.15.39:0/885657474 (peer_addr_for_me v2:172.21.15.39:0/0)
2024-05-09T05:27:31.110 INFO:teuthology.orchestra.run.smithi039.stdout:/usr/bin/ceph: stderr
2024-05-09T05:27:30.147+0000 7f9f4e17b700 1 -- 172.21.15.39:0/885657474 --> [v2:172.21.15.39:3300/0,v1:172.21.15.39:6789/0] -- mon_subscribe({config=0+,monmap=0+}) -- 0x7f9f4819e5c0 con 0x7f9f4810a820
2024-05-09T05:27:31.110 INFO:teuthology.orchestra.run.smithi039.stdout:/usr/bin/ceph: stderr
2024-05-09T05:27:30.148+0000 7f9f4e17b700 1 --2- 172.21.15.39:0/885657474 >> [v2:172.21.15.39:3300/0,v1:172.21.15.39:6789/0] conn(0x7f9f4810a820 0x7f9f4819e080 secure :-1 s=READY pgs=71 cs=0 l=1 rev1=1 crypto rx=0x7f9f3c000c00 tx=0x7f9f3c011aa0 comp rx=0 tx=0).ready entity=mon.0 client_cookie=0 server_cookie=0 in_seq=0 out_seq=0
2024-05-09T05:27:31.110 INFO:teuthology.orchestra.run.smithi039.stdout:/usr/bin/ceph: stderr
2024-05-09T05:27:30.148+0000 7f9f3b7fe700 1 -- 172.21.15.39:0/885657474 <== mon.0 v2:172.21.15.39:3300/0 1 ==== mon_map magic: 0 ==== 205+0+0 (secure 0 0 0) 0x7f9f3c003aa0 con 0x7f9f4810a820
2024-05-09T05:27:31.110 INFO:teuthology.orchestra.run.smithi039.stdout:/usr/bin/ceph: stderr
2024-05-09T05:27:30.148+0000 7f9f3b7fe700 1 -- 172.21.15.39:0/885657474 <== mon.0 v2:172.21.15.39:3300/0 2 ==== config(26 keys) ==== 1101+0+0 (secure 0 0 0) 0x7f9f3c01b8f0 con 0x7f9f4810a820
2024-05-09T05:27:31.111 INFO:teuthology.orchestra.run.smithi039.stdout:/usr/bin/ceph: stderr
2024-05-09T05:27:30.148+0000 7f9f503df700 1 -- 172.21.15.39:0/885657474 --> [v2:172.21.15.39:3300/0,v1:172.21.15.39:6789/0] -- mon_subscribe({mgrmap=0+}) -- 0x7f9f4819e850 con 0x7f9f4810a820
2024-05-09T05:27:31.111 INFO:teuthology.orchestra.run.smithi039.stdout:/usr/bin/ceph: stderr
2024-05-09T05:27:30.148+0000 7f9f3b7fe700 1 -- 172.21.15.39:0/885657474 <== mon.0 v2:172.21.15.39:3300/0 3 ==== mon_map magic: 0 ==== 205+0+0 (secure 0 0 0) 0x7f9f3c023890 con 0x7f9f4810a820
2024-05-09T05:27:31.111 INFO:teuthology.orchestra.run.smithi039.stdout:/usr/bin/ceph: stderr
2024-05-09T05:27:30.148+0000 7f9f503df700 1 -- 172.21.15.39:0/885657474 --> [v2:172.21.15.39:3300/0,v1:172.21.15.39:6789/0] -- mon_subscribe({osdmap=0}) -- 0x7f9f481a1460 con 0x7f9f4810a820
2024-05-09T05:27:31.111 INFO:teuthology.orchestra.run.smithi039.stdout:/usr/bin/ceph: stderr
2024-05-09T05:27:30.149+0000 7f9f3b7fe700 1 -- 172.21.15.39:0/885657474 <== mon.0 v2:172.21.15.39:3300/0 4 ==== mgrmap(e 12) ==== 50235+0+0 (secure 0 0 0) 0x7f9f3c02c3f0 con 0x7f9f4810a820
2024-05-09T05:27:31.111 INFO:teuthology.orchestra.run.smithi039.stdout:/usr/bin/ceph: stderr
2024-05-09T05:27:30.149+0000 7f9f503df700 1 -- 172.21.15.39:0/885657474 --> [v2:172.21.15.39:3300/0,v1:172.21.15.39:6789/0] -- mon_command({"prefix": "get_command_descriptions"} v 0) -- 0x7f9f48064e20 con 0x7f9f4810a820
2024-05-09T05:27:31.111 INFO:teuthology.orchestra.run.smithi039.stdout:/usr/bin/ceph: stderr
2024-05-09T05:27:30.149+0000 7f9f3b7fe700 1 --2- 172.21.15.39:0/885657474 >> [v2:172.21.15.39:6800/3184189003,v1:172.21.15.39:6801/3184189003] conn(0x7f9f3403e520 0x7f9f34040a30 unknown :-1 s=NONE pgs=0 cs=0 l=1 rev1=0 crypto rx=0 tx=0 comp rx=0 tx=0).connect
2024-05-09T05:27:31.111 INFO:teuthology.orchestra.run.smithi039.stdout:/usr/bin/ceph: stderr
2024-05-09T05:27:30.149+0000 7f9f3b7fe700 1 -- 172.21.15.39:0/885657474 <== mon.0 v2:172.21.15.39:3300/0 5 ==== osd_map(3..3 src has 1..3) ==== 1155+0+0 (secure 0 0 0) 0x7f9f3c053ed0 con 0x7f9f4810a820
2024-05-09T05:27:31.111 INFO:teuthology.orchestra.run.smithi039.stdout:/usr/bin/ceph: stderr
2024-05-09T05:27:30.149+0000 7f9f4d97a700 1 --2- 172.21.15.39:0/885657474 >> [v2:172.21.15.39:6800/3184189003,v1:172.21.15.39:6801/3184189003] conn(0x7f9f3403e520 0x7f9f34040a30 unknown :-1 s=BANNER_CONNECTING pgs=0 cs=0 l=1 rev1=0 crypto rx=0 tx=0 comp rx=0 tx=0)._handle_peer_banner_payload supported=3 required=0
2024-05-09T05:27:31.111 INFO:teuthology.orchestra.run.smithi039.stdout:/usr/bin/ceph: stderr
2024-05-09T05:27:30.150+0000 7f9f4d97a700 1 --2- 172.21.15.39:0/885657474 >> [v2:172.21.15.39:6800/3184189003,v1:172.21.15.39:6801/3184189003] conn(0x7f9f3403e520 0x7f9f34040a30 secure :-1 s=READY pgs=7 cs=0 l=1 rev1=1 crypto rx=0x7f9f44006fd0 tx=0x7f9f44006e40 comp rx=0 tx=0).ready entity=mgr.14152 client_cookie=0 server_cookie=0 in_seq=0 out_seq=0
2024-05-09T05:27:31.111 INFO:teuthology.orchestra.run.smithi039.stdout:/usr/bin/ceph: stderr
2024-05-09T05:27:30.154+0000 7f9f3b7fe700 1 -- 172.21.15.39:0/885657474 <== mon.0 v2:172.21.15.39:3300/0 6 ==== mon_command_ack([{"prefix": "get_command_descriptions"}]=0 v0) ==== 72+0+191963 (secure 0 0 0) 0x7f9f3c01f030 con 0x7f9f4810a820
2024-05-09T05:27:31.111 INFO:teuthology.orchestra.run.smithi039.stdout:/usr/bin/ceph: stderr
2024-05-09T05:27:30.377+0000 7f9f503df700 1 -- 172.21.15.39:0/885657474 --> [v2:172.21.15.39:6800/3184189003,v1:172.21.15.39:6801/3184189003] -- mgr_command(tid 0: {"prefix": "dashboard create-self-signed-cert", "target": ["mon-mgr", ""]}) -- 0x7f9f48105270 con 0x7f9f3403e520
2024-05-09T05:27:31.111 INFO:teuthology.orchestra.run.smithi039.stdout:/usr/bin/ceph: stderr
2024-05-09T05:27:30.515+0000 7f9f3b7fe700 1 -- 172.21.15.39:0/885657474 <== mgr.14152 v2:172.21.15.39:6800/3184189003 1 ==== mgr_command_reply(tid 0: 0 ) ==== 8+0+32 (secure 0 0 0) 0x7f9f48105270 con 0x7f9f3403e520
2024-05-09T05:27:31.111 INFO:teuthology.orchestra.run.smithi039.stdout:/usr/bin/ceph: stderr
2024-05-09T05:27:30.518+0000 7f9f503df700 1 -- 172.21.15.39:0/885657474 >> [v2:172.21.15.39:6800/3184189003,v1:172.21.15.39:6801/3184189003] conn(0x7f9f3403e520 msgr2=0x7f9f34040a30 secure :-1 s=STATE_CONNECTION_ESTABLISHED l=1).mark_down
2024-05-09T05:27:31.111 INFO:teuthology.orchestra.run.smithi039.stdout:/usr/bin/ceph: stderr
2024-05-09T05:27:30.518+0000 7f9f503df700 1 --2- 172.21.15.39:0/885657474 >> [v2:172.21.15.39:6800/3184189003,v1:172.21.15.39:6801/3184189003] conn(0x7f9f3403e520 0x7f9f34040a30 secure :-1 s=READY pgs=7 cs=0 l=1 rev1=1 crypto rx=0x7f9f44006fd0 tx=0x7f9f44006e40 comp rx=0 tx=0).stop
2024-05-09T05:27:31.112 INFO:teuthology.orchestra.run.smithi039.stdout:/usr/bin/ceph: stderr
2024-05-09T05:27:30.518+0000 7f9f503df700 1 -- 172.21.15.39:0/885657474 >> [v2:172.21.15.39:3300/0,v1:172.21.15.39:6789/0] conn(0x7f9f4810a820 msgr2=0x7f9f4819e080 secure :-1 s=STATE_CONNECTION_ESTABLISHED l=1).mark_down
2024-05-09T05:27:31.112 INFO:teuthology.orchestra.run.smithi039.stdout:/usr/bin/ceph: stderr
2024-05-09T05:27:30.518+0000 7f9f503df700 1 --2- 172.21.15.39:0/885657474 >> [v2:172.21.15.39:3300/0,v1:172.21.15.39:6789/0] conn(0x7f9f4810a820 0x7f9f4819e080 secure :-1 s=READY pgs=71 cs=0 l=1 rev1=1 crypto rx=0x7f9f3c000c00 tx=0x7f9f3c011aa0 comp rx=0 tx=0).stop
2024-05-09T05:27:31.112 INFO:teuthology.orchestra.run.smithi039.stdout:/usr/bin/ceph: stderr
2024-05-09T05:27:30.518+0000 7f9f503df700 1 -- 172.21.15.39:0/885657474 shutdown_connections
2024-05-09T05:27:31.112 INFO:teuthology.orchestra.run.smithi039.stdout:/usr/bin/ceph: stderr
2024-05-09T05:27:30.518+0000 7f9f503df700 1 --2- 172.21.15.39:0/885657474 >> [v2:172.21.15.39:6800/3184189003,v1:172.21.15.39:6801/3184189003] conn(0x7f9f3403e520 0x7f9f34040a30 unknown :-1 s=CLOSED pgs=7 cs=0 l=1 rev1=1 crypto rx=0 tx=0 comp rx=0 tx=0).stop
2024-05-09T05:27:31.112 INFO:teuthology.orchestra.run.smithi039.stdout:/usr/bin/ceph: stderr
2024-05-09T05:27:30.518+0000 7f9f503df700 1 --2- 172.21.15.39:0/885657474 >> [v2:172.21.15.39:3300/0,v1:172.21.15.39:6789/0] conn(0x7f9f4810a820 0x7f9f4819e080 unknown :-1 s=CLOSED pgs=71 cs=0 l=1 rev1=1 crypto rx=0 tx=0 comp rx=0 tx=0).stop
2024-05-09T05:27:31.112 INFO:teuthology.orchestra.run.smithi039.stdout:/usr/bin/ceph: stderr
2024-05-09T05:27:30.518+0000 7f9f503df700 1 -- 172.21.15.39:0/885657474 >> 172.21.15.39:0/885657474 conn(0x7f9f481042c0 msgr2=0x7f9f48104b60 unknown :-1 s=STATE_NONE l=0).mark_down
2024-05-09T05:27:31.112 INFO:teuthology.orchestra.run.smithi039.stdout:/usr/bin/ceph: stderr
2024-05-09T05:27:30.518+0000 7f9f503df700 1 -- 172.21.15.39:0/885657474 shutdown_connections
2024-05-09T05:27:31.112 INFO:teuthology.orchestra.run.smithi039.stdout:/usr/bin/ceph: stderr
2024-05-09T05:27:30.518+0000 7f9f503df700 1 -- 172.21.15.39:0/885657474 wait complete.
2024-05-09T05:27:31.112 INFO:teuthology.orchestra.run.smithi039.stdout:Creating initial admin user...
2024-05-09T05:27:31.361 INFO:journalctl@ceph.mon.a.smithi039.stdout:May 09 05:27:31 smithi039 ceph-mon[30439]: mgrmap e12: x(active, since 2s)
2024-05-09T05:27:31.361 INFO:journalctl@ceph.mon.a.smithi039.stdout:May 09 05:27:31 smithi039 ceph-mon[30439]: from='client.14164 -' entity='client.admin' cmd=[{"prefix": "dashboard create-self-signed-cert", "target": ["mon-mgr", ""]}]: dispatch
2024-05-09T05:27:31.361 INFO:journalctl@ceph.mon.a.smithi039.stdout:May 09 05:27:31 smithi039 ceph-mon[30439]: from='mgr.14152 172.21.15.39:0/3002320112' entity='mgr.x'
2024-05-09T05:27:31.361 INFO:journalctl@ceph.mon.a.smithi039.stdout:May 09 05:27:31 smithi039 ceph-mon[30439]: from='mgr.14152 172.21.15.39:0/3002320112' entity='mgr.x'
2024-05-09T05:27:31.361 INFO:journalctl@ceph.mon.a.smithi039.stdout:May 09 05:27:31 smithi039 ceph-mon[30439]: from='mgr.14152 172.21.15.39:0/3002320112' entity='mgr.x'
2024-05-09T05:27:32.641 INFO:teuthology.orchestra.run.smithi039.stdout:/usr/bin/ceph: stdout {"username": "admin", "password": "$2b$12$VX54iySWiGez4R2bvpNoq.jkmIXqshhH4rTu1yKg/2AAqEYIwpeji", "roles": ["administrator"], "name": null, "email": null, "lastUpdate": 1715232452, "enabled": true, "pwdExpirationDate": null, "pwdUpdateRequired": true}
2024-05-09T05:27:32.641 INFO:teuthology.orchestra.run.smithi039.stdout:/usr/bin/ceph: stderr
2024-05-09T05:27:31.603+0000 7fe3fe0e9700 1 Processor -- start
2024-05-09T05:27:32.641 INFO:teuthology.orchestra.run.smithi039.stdout:/usr/bin/ceph: stderr
2024-05-09T05:27:31.604+0000 7fe3fe0e9700 1 -- start start
2024-05-09T05:27:32.641 INFO:teuthology.orchestra.run.smithi039.stdout:/usr/bin/ceph: stderr
2024-05-09T05:27:31.604+0000 7fe3fe0e9700 1 --2- >> [v2:172.21.15.39:3300/0,v1:172.21.15.39:6789/0] conn(0x7fe3f807cc70 0x7fe3f810ed20 unknown :-1 s=NONE pgs=0 cs=0 l=0 rev1=0 crypto rx=0 tx=0 comp rx=0 tx=0).connect
2024-05-09T05:27:32.641 INFO:teuthology.orchestra.run.smithi039.stdout:/usr/bin/ceph: stderr
2024-05-09T05:27:31.604+0000 7fe3fe0e9700 1 -- --> [v2:172.21.15.39:3300/0,v1:172.21.15.39:6789/0] -- mon_getmap magic: 0 -- 0x7fe3f810f260 con 0x7fe3f807cc70
2024-05-09T05:27:32.641 INFO:teuthology.orchestra.run.smithi039.stdout:/usr/bin/ceph: stderr
2024-05-09T05:27:31.604+0000 7fe3f77fe700 1 --2- >> [v2:172.21.15.39:3300/0,v1:172.21.15.39:6789/0] conn(0x7fe3f807cc70 0x7fe3f810ed20 unknown :-1 s=BANNER_CONNECTING pgs=0 cs=0 l=0 rev1=0 crypto rx=0 tx=0 comp rx=0 tx=0)._handle_peer_banner_payload supported=3 required=0
2024-05-09T05:27:32.642 INFO:teuthology.orchestra.run.smithi039.stdout:/usr/bin/ceph: stderr
2024-05-09T05:27:31.604+0000 7fe3f77fe700 1 --2- >> [v2:172.21.15.39:3300/0,v1:172.21.15.39:6789/0] conn(0x7fe3f807cc70 0x7fe3f810ed20 unknown :-1 s=HELLO_CONNECTING pgs=0 cs=0 l=0 rev1=1 crypto rx=0 tx=0 comp rx=0 tx=0).handle_hello peer v2:172.21.15.39:3300/0 says I am v2:172.21.15.39:54184/0 (socket says 172.21.15.39:54184)
2024-05-09T05:27:32.642 INFO:teuthology.orchestra.run.smithi039.stdout:/usr/bin/ceph: stderr
2024-05-09T05:27:31.604+0000 7fe3f77fe700 1 -- 172.21.15.39:0/3421558502 learned_addr learned my addr 172.21.15.39:0/3421558502 (peer_addr_for_me v2:172.21.15.39:0/0)
2024-05-09T05:27:32.642 INFO:teuthology.orchestra.run.smithi039.stdout:/usr/bin/ceph: stderr
2024-05-09T05:27:31.604+0000 7fe3f77fe700 1 -- 172.21.15.39:0/3421558502 --> [v2:172.21.15.39:3300/0,v1:172.21.15.39:6789/0] -- mon_subscribe({config=0+,monmap=0+}) -- 0x7fe3f810f3e0 con 0x7fe3f807cc70
2024-05-09T05:27:32.642 INFO:teuthology.orchestra.run.smithi039.stdout:/usr/bin/ceph: stderr
2024-05-09T05:27:31.605+0000 7fe3f77fe700 1 --2- 172.21.15.39:0/3421558502 >> [v2:172.21.15.39:3300/0,v1:172.21.15.39:6789/0] conn(0x7fe3f807cc70 0x7fe3f810ed20 secure :-1 s=READY pgs=72 cs=0 l=1 rev1=1 crypto rx=0x7fe3e00098a0 tx=0x7fe3e0009bb0 comp rx=0 tx=0).ready entity=mon.0 client_cookie=c4f7a8ecab0b3464 server_cookie=0 in_seq=0 out_seq=0
2024-05-09T05:27:32.642 INFO:teuthology.orchestra.run.smithi039.stdout:/usr/bin/ceph: stderr
2024-05-09T05:27:31.605+0000 7fe3f67fc700 1 -- 172.21.15.39:0/3421558502 <== mon.0 v2:172.21.15.39:3300/0 1 ==== mon_map magic: 0 ==== 205+0+0 (secure 0 0 0) 0x7fe3e0004160 con 0x7fe3f807cc70
2024-05-09T05:27:32.642 INFO:teuthology.orchestra.run.smithi039.stdout:/usr/bin/ceph: stderr
2024-05-09T05:27:31.605+0000 7fe3f67fc700 1 -- 172.21.15.39:0/3421558502 <== mon.0 v2:172.21.15.39:3300/0 2 ==== config(26 keys) ==== 1101+0+0 (secure 0 0 0) 0x7fe3e0004300 con 0x7fe3f807cc70
2024-05-09T05:27:32.642 INFO:teuthology.orchestra.run.smithi039.stdout:/usr/bin/ceph: stderr
2024-05-09T05:27:31.605+0000 7fe3f67fc700 1 -- 172.21.15.39:0/3421558502 <== mon.0 v2:172.21.15.39:3300/0 3 ==== mon_map magic: 0 ==== 205+0+0 (secure 0 0 0) 0x7fe3e0011a20 con 0x7fe3f807cc70
2024-05-09T05:27:32.642 INFO:teuthology.orchestra.run.smithi039.stdout:/usr/bin/ceph: stderr
2024-05-09T05:27:31.606+0000 7fe3fe0e9700 1 -- 172.21.15.39:0/3421558502 >> [v2:172.21.15.39:3300/0,v1:172.21.15.39:6789/0] conn(0x7fe3f807cc70 msgr2=0x7fe3f810ed20 secure :-1 s=STATE_CONNECTION_ESTABLISHED l=1).mark_down
2024-05-09T05:27:32.642 INFO:teuthology.orchestra.run.smithi039.stdout:/usr/bin/ceph: stderr
2024-05-09T05:27:31.606+0000 7fe3fe0e9700 1 --2- 172.21.15.39:0/3421558502 >> [v2:172.21.15.39:3300/0,v1:172.21.15.39:6789/0] conn(0x7fe3f807cc70 0x7fe3f810ed20 secure :-1 s=READY pgs=72 cs=0 l=1 rev1=1 crypto rx=0x7fe3e00098a0 tx=0x7fe3e0009bb0 comp rx=0 tx=0).stop
2024-05-09T05:27:32.642 INFO:teuthology.orchestra.run.smithi039.stdout:/usr/bin/ceph: stderr
2024-05-09T05:27:31.606+0000 7fe3fe0e9700 1 -- 172.21.15.39:0/3421558502 shutdown_connections
2024-05-09T05:27:32.642 INFO:teuthology.orchestra.run.smithi039.stdout:/usr/bin/ceph: stderr
2024-05-09T05:27:31.606+0000 7fe3fe0e9700 1 --2- 172.21.15.39:0/3421558502 >> [v2:172.21.15.39:3300/0,v1:172.21.15.39:6789/0] conn(0x7fe3f807cc70 0x7fe3f810ed20 unknown :-1 s=CLOSED pgs=72 cs=0 l=1 rev1=1 crypto rx=0 tx=0 comp rx=0 tx=0).stop
2024-05-09T05:27:32.642 INFO:teuthology.orchestra.run.smithi039.stdout:/usr/bin/ceph: stderr
2024-05-09T05:27:31.606+0000 7fe3fe0e9700 1 -- 172.21.15.39:0/3421558502 >> 172.21.15.39:0/3421558502 conn(0x7fe3f81043d0 msgr2=0x7fe3f8106820 unknown :-1 s=STATE_NONE l=0).mark_down
2024-05-09T05:27:32.642 INFO:teuthology.orchestra.run.smithi039.stdout:/usr/bin/ceph: stderr
2024-05-09T05:27:31.606+0000 7fe3fe0e9700 1 -- 172.21.15.39:0/3421558502 shutdown_connections
2024-05-09T05:27:32.643 INFO:teuthology.orchestra.run.smithi039.stdout:/usr/bin/ceph: stderr
2024-05-09T05:27:31.606+0000 7fe3fe0e9700 1 -- 172.21.15.39:0/3421558502 wait complete.
2024-05-09T05:27:32.643 INFO:teuthology.orchestra.run.smithi039.stdout:/usr/bin/ceph: stderr
2024-05-09T05:27:31.606+0000 7fe3fe0e9700 1 Processor -- start
2024-05-09T05:27:32.643 INFO:teuthology.orchestra.run.smithi039.stdout:/usr/bin/ceph: stderr
2024-05-09T05:27:31.607+0000 7fe3fe0e9700 1 -- start start
2024-05-09T05:27:32.643 INFO:teuthology.orchestra.run.smithi039.stdout:/usr/bin/ceph: stderr
2024-05-09T05:27:31.607+0000 7fe3fe0e9700 1 --2- >> [v2:172.21.15.39:3300/0,v1:172.21.15.39:6789/0] conn(0x7fe3f807cc70 0x7fe3f81a02d0 unknown :-1 s=NONE pgs=0 cs=0 l=1 rev1=0 crypto rx=0 tx=0 comp rx=0 tx=0).connect
2024-05-09T05:27:32.643 INFO:teuthology.orchestra.run.smithi039.stdout:/usr/bin/ceph: stderr
2024-05-09T05:27:31.607+0000 7fe3fe0e9700 1 -- --> [v2:172.21.15.39:3300/0,v1:172.21.15.39:6789/0] -- mon_getmap magic: 0 -- 0x7fe3f8110330 con 0x7fe3f807cc70
2024-05-09T05:27:32.643 INFO:teuthology.orchestra.run.smithi039.stdout:/usr/bin/ceph: stderr
2024-05-09T05:27:31.607+0000 7fe3f77fe700 1 --2- >> [v2:172.21.15.39:3300/0,v1:172.21.15.39:6789/0] conn(0x7fe3f807cc70 0x7fe3f81a02d0 unknown :-1 s=BANNER_CONNECTING pgs=0 cs=0 l=1 rev1=0 crypto rx=0 tx=0 comp rx=0 tx=0)._handle_peer_banner_payload supported=3 required=0
2024-05-09T05:27:32.643 INFO:teuthology.orchestra.run.smithi039.stdout:/usr/bin/ceph: stderr
2024-05-09T05:27:31.607+0000 7fe3f77fe700 1 --2- >> [v2:172.21.15.39:3300/0,v1:172.21.15.39:6789/0] conn(0x7fe3f807cc70 0x7fe3f81a02d0 unknown :-1 s=HELLO_CONNECTING pgs=0 cs=0 l=1 rev1=1 crypto rx=0 tx=0 comp rx=0 tx=0).handle_hello peer v2:172.21.15.39:3300/0 says I am v2:172.21.15.39:54192/0 (socket says 172.21.15.39:54192)
2024-05-09T05:27:32.643 INFO:teuthology.orchestra.run.smithi039.stdout:/usr/bin/ceph: stderr
2024-05-09T05:27:31.607+0000 7fe3f77fe700 1 -- 172.21.15.39:0/1198417541 learned_addr learned my addr 172.21.15.39:0/1198417541 (peer_addr_for_me v2:172.21.15.39:0/0)
2024-05-09T05:27:32.643 INFO:teuthology.orchestra.run.smithi039.stdout:/usr/bin/ceph: stderr
2024-05-09T05:27:31.607+0000 7fe3f77fe700 1 -- 172.21.15.39:0/1198417541 --> [v2:172.21.15.39:3300/0,v1:172.21.15.39:6789/0] -- mon_subscribe({config=0+,monmap=0+}) -- 0x7fe3f81a0810 con 0x7fe3f807cc70
2024-05-09T05:27:32.643 INFO:teuthology.orchestra.run.smithi039.stdout:/usr/bin/ceph: stderr
2024-05-09T05:27:31.608+0000 7fe3f77fe700 1 --2- 172.21.15.39:0/1198417541 >> [v2:172.21.15.39:3300/0,v1:172.21.15.39:6789/0] conn(0x7fe3f807cc70 0x7fe3f81a02d0 secure :-1 s=READY pgs=73 cs=0 l=1 rev1=1 crypto rx=0x7fe3e0009520 tx=0x7fe3e0011b10 comp rx=0 tx=0).ready entity=mon.0 client_cookie=0 server_cookie=0 in_seq=0 out_seq=0
2024-05-09T05:27:32.643 INFO:teuthology.orchestra.run.smithi039.stdout:/usr/bin/ceph: stderr
2024-05-09T05:27:31.608+0000 7fe3f4ff9700 1 -- 172.21.15.39:0/1198417541 <== mon.0 v2:172.21.15.39:3300/0 1 ==== mon_map magic: 0 ==== 205+0+0 (secure 0 0 0) 0x7fe3e0003b70 con 0x7fe3f807cc70
2024-05-09T05:27:32.643 INFO:teuthology.orchestra.run.smithi039.stdout:/usr/bin/ceph: stderr
2024-05-09T05:27:31.608+0000 7fe3f4ff9700 1 -- 172.21.15.39:0/1198417541 <== mon.0 v2:172.21.15.39:3300/0 2 ==== config(26 keys) ==== 1101+0+0 (secure 0 0 0) 0x7fe3e001b8f0 con 0x7fe3f807cc70
2024-05-09T05:27:32.643 INFO:teuthology.orchestra.run.smithi039.stdout:/usr/bin/ceph: stderr
2024-05-09T05:27:31.608+0000 7fe3f4ff9700 1 -- 172.21.15.39:0/1198417541 <== mon.0 v2:172.21.15.39:3300/0 3 ==== mon_map magic: 0 ==== 205+0+0 (secure 0 0 0) 0x7fe3e0019800 con 0x7fe3f807cc70
2024-05-09T05:27:32.644 INFO:teuthology.orchestra.run.smithi039.stdout:/usr/bin/ceph: stderr
2024-05-09T05:27:31.608+0000 7fe3fe0e9700 1 -- 172.21.15.39:0/1198417541 --> [v2:172.21.15.39:3300/0,v1:172.21.15.39:6789/0] -- mon_subscribe({mgrmap=0+}) -- 0x7fe3f81a0aa0 con 0x7fe3f807cc70
2024-05-09T05:27:32.644 INFO:teuthology.orchestra.run.smithi039.stdout:/usr/bin/ceph: stderr
2024-05-09T05:27:31.608+0000 7fe3fe0e9700 1 -- 172.21.15.39:0/1198417541 --> [v2:172.21.15.39:3300/0,v1:172.21.15.39:6789/0] -- mon_subscribe({osdmap=0}) -- 0x7fe3f81a36b0 con 0x7fe3f807cc70
2024-05-09T05:27:32.644 INFO:teuthology.orchestra.run.smithi039.stdout:/usr/bin/ceph: stderr
2024-05-09T05:27:31.609+0000 7fe3fe0e9700 1 -- 172.21.15.39:0/1198417541 --> [v2:172.21.15.39:3300/0,v1:172.21.15.39:6789/0] -- mon_command({"prefix": "get_command_descriptions"} v 0) -- 0x7fe3f8064e20 con 0x7fe3f807cc70
2024-05-09T05:27:32.644 INFO:teuthology.orchestra.run.smithi039.stdout:/usr/bin/ceph: stderr
2024-05-09T05:27:31.609+0000 7fe3f4ff9700 1 -- 172.21.15.39:0/1198417541 <== mon.0 v2:172.21.15.39:3300/0 4 ==== mgrmap(e 12) ==== 50235+0+0 (secure 0 0 0) 0x7fe3e0019b00 con 0x7fe3f807cc70
2024-05-09T05:27:32.644 INFO:teuthology.orchestra.run.smithi039.stdout:/usr/bin/ceph: stderr
2024-05-09T05:27:31.609+0000 7fe3f4ff9700 1 --2- 172.21.15.39:0/1198417541 >> [v2:172.21.15.39:6800/3184189003,v1:172.21.15.39:6801/3184189003] conn(0x7fe3e403e470 0x7fe3e4040980 unknown :-1 s=NONE pgs=0 cs=0 l=1 rev1=0 crypto rx=0 tx=0 comp rx=0 tx=0).connect
2024-05-09T05:27:32.644 INFO:teuthology.orchestra.run.smithi039.stdout:/usr/bin/ceph: stderr
2024-05-09T05:27:31.609+0000 7fe3f4ff9700 1 -- 172.21.15.39:0/1198417541 <== mon.0 v2:172.21.15.39:3300/0 5 ==== osd_map(3..3 src has 1..3) ==== 1155+0+0 (secure 0 0 0) 0x7fe3e0054230 con 0x7fe3f807cc70
2024-05-09T05:27:32.644 INFO:teuthology.orchestra.run.smithi039.stdout:/usr/bin/ceph: stderr
2024-05-09T05:27:31.610+0000 7fe3f6ffd700 1 --2- 172.21.15.39:0/1198417541 >> [v2:172.21.15.39:6800/3184189003,v1:172.21.15.39:6801/3184189003] conn(0x7fe3e403e470 0x7fe3e4040980 unknown :-1 s=BANNER_CONNECTING pgs=0 cs=0 l=1 rev1=0 crypto rx=0 tx=0 comp rx=0 tx=0)._handle_peer_banner_payload supported=3 required=0
2024-05-09T05:27:32.644 INFO:teuthology.orchestra.run.smithi039.stdout:/usr/bin/ceph: stderr
2024-05-09T05:27:31.610+0000 7fe3f6ffd700 1 --2- 172.21.15.39:0/1198417541 >> [v2:172.21.15.39:6800/3184189003,v1:172.21.15.39:6801/3184189003] conn(0x7fe3e403e470 0x7fe3e4040980 secure :-1 s=READY pgs=8 cs=0 l=1 rev1=1 crypto rx=0x7fe3e8006fd0 tx=0x7fe3e8006e40 comp rx=0 tx=0).ready entity=mgr.14152 client_cookie=0 server_cookie=0 in_seq=0 out_seq=0
2024-05-09T05:27:32.644 INFO:teuthology.orchestra.run.smithi039.stdout:/usr/bin/ceph: stderr
2024-05-09T05:27:31.615+0000 7fe3f4ff9700 1 -- 172.21.15.39:0/1198417541 <== mon.0 v2:172.21.15.39:3300/0 6 ==== mon_command_ack([{"prefix": "get_command_descriptions"}]=0 v0) ==== 72+0+191963 (secure 0 0 0) 0x7fe3e001f030 con 0x7fe3f807cc70
2024-05-09T05:27:32.644 INFO:teuthology.orchestra.run.smithi039.stdout:/usr/bin/ceph: stderr
2024-05-09T05:27:31.854+0000 7fe3fe0e9700 1 -- 172.21.15.39:0/1198417541 --> [v2:172.21.15.39:6800/3184189003,v1:172.21.15.39:6801/3184189003] -- mgr_command(tid 0: {"prefix": "dashboard ac-user-create", "username": "admin", "rolename": "administrator", "force_password": true, "pwd_update_required": true, "target": ["mon-mgr", ""]}) -- 0x7fe3f81a3880 con 0x7fe3e403e470
2024-05-09T05:27:32.644 INFO:teuthology.orchestra.run.smithi039.stdout:/usr/bin/ceph: stderr
2024-05-09T05:27:32.101+0000 7fe3f4ff9700 1 -- 172.21.15.39:0/1198417541 <== mgr.14152 v2:172.21.15.39:6800/3184189003 1 ==== mgr_command_reply(tid 0: 0 ) ==== 8+0+252 (secure 0 0 0) 0x7fe3f81a3880 con 0x7fe3e403e470
2024-05-09T05:27:32.644 INFO:teuthology.orchestra.run.smithi039.stdout:/usr/bin/ceph: stderr
2024-05-09T05:27:32.104+0000 7fe3fe0e9700 1 -- 172.21.15.39:0/1198417541 >> [v2:172.21.15.39:6800/3184189003,v1:172.21.15.39:6801/3184189003] conn(0x7fe3e403e470 msgr2=0x7fe3e4040980 secure :-1 s=STATE_CONNECTION_ESTABLISHED l=1).mark_down
2024-05-09T05:27:32.644 INFO:teuthology.orchestra.run.smithi039.stdout:/usr/bin/ceph: stderr
2024-05-09T05:27:32.104+0000 7fe3fe0e9700 1 --2- 172.21.15.39:0/1198417541 >> [v2:172.21.15.39:6800/3184189003,v1:172.21.15.39:6801/3184189003] conn(0x7fe3e403e470 0x7fe3e4040980 secure :-1 s=READY pgs=8 cs=0 l=1 rev1=1 crypto rx=0x7fe3e8006fd0 tx=0x7fe3e8006e40 comp rx=0 tx=0).stop
2024-05-09T05:27:32.644 INFO:teuthology.orchestra.run.smithi039.stdout:/usr/bin/ceph: stderr
2024-05-09T05:27:32.104+0000 7fe3fe0e9700 1 -- 172.21.15.39:0/1198417541 >> [v2:172.21.15.39:3300/0,v1:172.21.15.39:6789/0] conn(0x7fe3f807cc70 msgr2=0x7fe3f81a02d0 secure :-1 s=STATE_CONNECTION_ESTABLISHED l=1).mark_down
2024-05-09T05:27:32.645 INFO:teuthology.orchestra.run.smithi039.stdout:/usr/bin/ceph: stderr
2024-05-09T05:27:32.104+0000 7fe3fe0e9700 1 --2- 172.21.15.39:0/1198417541 >> [v2:172.21.15.39:3300/0,v1:172.21.15.39:6789/0] conn(0x7fe3f807cc70 0x7fe3f81a02d0 secure :-1 s=READY pgs=73 cs=0 l=1 rev1=1 crypto rx=0x7fe3e0009520 tx=0x7fe3e0011b10 comp rx=0 tx=0).stop
2024-05-09T05:27:32.645 INFO:teuthology.orchestra.run.smithi039.stdout:/usr/bin/ceph: stderr
2024-05-09T05:27:32.104+0000 7fe3fe0e9700 1 -- 172.21.15.39:0/1198417541 shutdown_connections
2024-05-09T05:27:32.645 INFO:teuthology.orchestra.run.smithi039.stdout:/usr/bin/ceph: stderr
2024-05-09T05:27:32.104+0000 7fe3fe0e9700 1 --2- 172.21.15.39:0/1198417541 >> [v2:172.21.15.39:6800/3184189003,v1:172.21.15.39:6801/3184189003] conn(0x7fe3e403e470 0x7fe3e4040980 unknown :-1 s=CLOSED pgs=8 cs=0 l=1 rev1=1 crypto rx=0 tx=0 comp rx=0 tx=0).stop
2024-05-09T05:27:32.645 INFO:teuthology.orchestra.run.smithi039.stdout:/usr/bin/ceph: stderr
2024-05-09T05:27:32.104+0000 7fe3fe0e9700 1 --2- 172.21.15.39:0/1198417541 >> [v2:172.21.15.39:3300/0,v1:172.21.15.39:6789/0] conn(0x7fe3f807cc70 0x7fe3f81a02d0 unknown :-1 s=CLOSED pgs=73 cs=0 l=1 rev1=1 crypto rx=0 tx=0 comp rx=0 tx=0).stop
2024-05-09T05:27:32.645 INFO:teuthology.orchestra.run.smithi039.stdout:/usr/bin/ceph: stderr
2024-05-09T05:27:32.104+0000 7fe3fe0e9700 1 -- 172.21.15.39:0/1198417541 >> 172.21.15.39:0/1198417541 conn(0x7fe3f81043d0 msgr2=0x7fe3f8105d50 unknown :-1 s=STATE_NONE l=0).mark_down
2024-05-09T05:27:32.645 INFO:teuthology.orchestra.run.smithi039.stdout:/usr/bin/ceph: stderr
2024-05-09T05:27:32.104+0000 7fe3fe0e9700 1 -- 172.21.15.39:0/1198417541 shutdown_connections
2024-05-09T05:27:32.645 INFO:teuthology.orchestra.run.smithi039.stdout:/usr/bin/ceph: stderr
2024-05-09T05:27:32.104+0000 7fe3fe0e9700 1 -- 172.21.15.39:0/1198417541 wait complete.
2024-05-09T05:27:32.645 INFO:teuthology.orchestra.run.smithi039.stdout:Fetching dashboard port number...
2024-05-09T05:27:32.927 INFO:journalctl@ceph.mon.a.smithi039.stdout:May 09 05:27:32 smithi039 ceph-mon[30439]: from='mgr.14152 172.21.15.39:0/3002320112' entity='mgr.x'
2024-05-09T05:27:32.927 INFO:journalctl@ceph.mon.a.smithi039.stdout:May 09 05:27:32 smithi039 ceph-mon[30439]: from='client.14166 -' entity='client.admin' cmd=[{"prefix": "dashboard ac-user-create", "username": "admin", "rolename": "administrator", "force_password": true, "pwd_update_required": true, "target": ["mon-mgr", ""]}]: dispatch
2024-05-09T05:27:32.927 INFO:journalctl@ceph.mon.a.smithi039.stdout:May 09 05:27:32 smithi039 ceph-mon[30439]: from='mgr.14152 172.21.15.39:0/3002320112' entity='mgr.x'
2024-05-09T05:27:33.967 INFO:teuthology.orchestra.run.smithi039.stdout:/usr/bin/ceph: stdout 8443
2024-05-09T05:27:33.967 INFO:teuthology.orchestra.run.smithi039.stdout:/usr/bin/ceph: stderr
2024-05-09T05:27:33.049+0000 7fd59f38c700 1 Processor -- start
2024-05-09T05:27:33.967 INFO:teuthology.orchestra.run.smithi039.stdout:/usr/bin/ceph: stderr
2024-05-09T05:27:33.049+0000 7fd59f38c700 1 -- start start
2024-05-09T05:27:33.967 INFO:teuthology.orchestra.run.smithi039.stdout:/usr/bin/ceph: stderr
2024-05-09T05:27:33.049+0000 7fd59f38c700 1 --2- >> [v2:172.21.15.39:3300/0,v1:172.21.15.39:6789/0] conn(0x7fd59810a1c0 0x7fd59810a5d0 unknown :-1 s=NONE pgs=0 cs=0 l=0 rev1=0 crypto rx=0 tx=0 comp rx=0 tx=0).connect
2024-05-09T05:27:33.967 INFO:teuthology.orchestra.run.smithi039.stdout:/usr/bin/ceph: stderr
2024-05-09T05:27:33.049+0000 7fd59f38c700 1 -- --> [v2:172.21.15.39:3300/0,v1:172.21.15.39:6789/0] -- mon_getmap magic: 0 -- 0x7fd59810abc0 con 0x7fd59810a1c0
2024-05-09T05:27:33.967 INFO:teuthology.orchestra.run.smithi039.stdout:/usr/bin/ceph: stderr
2024-05-09T05:27:33.049+0000 7fd59d128700 1 --2- >> [v2:172.21.15.39:3300/0,v1:172.21.15.39:6789/0] conn(0x7fd59810a1c0 0x7fd59810a5d0 unknown :-1 s=BANNER_CONNECTING pgs=0 cs=0 l=0 rev1=0 crypto rx=0 tx=0 comp rx=0 tx=0)._handle_peer_banner_payload supported=3 required=0
2024-05-09T05:27:33.967 INFO:teuthology.orchestra.run.smithi039.stdout:/usr/bin/ceph: stderr
2024-05-09T05:27:33.049+0000 7fd59d128700 1 --2- >> [v2:172.21.15.39:3300/0,v1:172.21.15.39:6789/0] conn(0x7fd59810a1c0 0x7fd59810a5d0 unknown :-1 s=HELLO_CONNECTING pgs=0 cs=0 l=0 rev1=1 crypto rx=0 tx=0 comp rx=0 tx=0).handle_hello peer v2:172.21.15.39:3300/0 says I am v2:172.21.15.39:54202/0 (socket says 172.21.15.39:54202)
2024-05-09T05:27:33.967 INFO:teuthology.orchestra.run.smithi039.stdout:/usr/bin/ceph: stderr
2024-05-09T05:27:33.049+0000 7fd59d128700 1 -- 172.21.15.39:0/1275414315 learned_addr learned my addr 172.21.15.39:0/1275414315 (peer_addr_for_me v2:172.21.15.39:0/0)
2024-05-09T05:27:33.968 INFO:teuthology.orchestra.run.smithi039.stdout:/usr/bin/ceph: stderr
2024-05-09T05:27:33.050+0000 7fd59d128700 1 -- 172.21.15.39:0/1275414315 --> [v2:172.21.15.39:3300/0,v1:172.21.15.39:6789/0] -- mon_subscribe({config=0+,monmap=0+}) -- 0x7fd598108ee0 con 0x7fd59810a1c0
2024-05-09T05:27:33.968 INFO:teuthology.orchestra.run.smithi039.stdout:/usr/bin/ceph: stderr
2024-05-09T05:27:33.050+0000 7fd59d128700 1 --2- 172.21.15.39:0/1275414315 >> [v2:172.21.15.39:3300/0,v1:172.21.15.39:6789/0] conn(0x7fd59810a1c0 0x7fd59810a5d0 secure :-1 s=READY pgs=74 cs=0 l=1 rev1=1 crypto rx=0x7fd5940098a0 tx=0x7fd594009bb0 comp rx=0 tx=0).ready entity=mon.0 client_cookie=9db92c5359387b5 server_cookie=0 in_seq=0 out_seq=0
2024-05-09T05:27:33.968 INFO:teuthology.orchestra.run.smithi039.stdout:/usr/bin/ceph: stderr
2024-05-09T05:27:33.050+0000 7fd58ffff700 1 -- 172.21.15.39:0/1275414315 <== mon.0 v2:172.21.15.39:3300/0 1 ==== mon_map magic: 0 ==== 205+0+0 (secure 0 0 0) 0x7fd594004160 con 0x7fd59810a1c0
2024-05-09T05:27:33.968 INFO:teuthology.orchestra.run.smithi039.stdout:/usr/bin/ceph: stderr
2024-05-09T05:27:33.050+0000 7fd58ffff700 1 -- 172.21.15.39:0/1275414315 <== mon.0 v2:172.21.15.39:3300/0 2 ==== config(26 keys) ==== 1101+0+0 (secure 0 0 0) 0x7fd594004300 con 0x7fd59810a1c0
2024-05-09T05:27:33.968 INFO:teuthology.orchestra.run.smithi039.stdout:/usr/bin/ceph: stderr
2024-05-09T05:27:33.050+0000 7fd58ffff700 1 -- 172.21.15.39:0/1275414315 <== mon.0 v2:172.21.15.39:3300/0 3 ==== mon_map magic: 0 ==== 205+0+0 (secure 0 0 0) 0x7fd594011a20 con 0x7fd59810a1c0
2024-05-09T05:27:33.968 INFO:teuthology.orchestra.run.smithi039.stdout:/usr/bin/ceph: stderr
2024-05-09T05:27:33.051+0000 7fd59f38c700 1 -- 172.21.15.39:0/1275414315 >> [v2:172.21.15.39:3300/0,v1:172.21.15.39:6789/0] conn(0x7fd59810a1c0 msgr2=0x7fd59810a5d0 secure :-1 s=STATE_CONNECTION_ESTABLISHED l=1).mark_down
2024-05-09T05:27:33.968 INFO:teuthology.orchestra.run.smithi039.stdout:/usr/bin/ceph: stderr
2024-05-09T05:27:33.051+0000 7fd59f38c700 1 --2- 172.21.15.39:0/1275414315 >> [v2:172.21.15.39:3300/0,v1:172.21.15.39:6789/0] conn(0x7fd59810a1c0 0x7fd59810a5d0 secure :-1 s=READY pgs=74 cs=0 l=1 rev1=1 crypto rx=0x7fd5940098a0 tx=0x7fd594009bb0 comp rx=0 tx=0).stop
2024-05-09T05:27:33.968 INFO:teuthology.orchestra.run.smithi039.stdout:/usr/bin/ceph: stderr
2024-05-09T05:27:33.051+0000 7fd59f38c700 1 -- 172.21.15.39:0/1275414315 shutdown_connections
2024-05-09T05:27:33.968 INFO:teuthology.orchestra.run.smithi039.stdout:/usr/bin/ceph: stderr
2024-05-09T05:27:33.051+0000 7fd59f38c700 1 --2- 172.21.15.39:0/1275414315 >> [v2:172.21.15.39:3300/0,v1:172.21.15.39:6789/0] conn(0x7fd59810a1c0 0x7fd59810a5d0 unknown :-1 s=CLOSED pgs=74 cs=0 l=1 rev1=1 crypto rx=0 tx=0 comp rx=0 tx=0).stop
2024-05-09T05:27:33.968 INFO:teuthology.orchestra.run.smithi039.stdout:/usr/bin/ceph: stderr
2024-05-09T05:27:33.051+0000 7fd59f38c700 1 -- 172.21.15.39:0/1275414315 >> 172.21.15.39:0/1275414315 conn(0x7fd598103b00 msgr2=0x7fd598105f50 unknown :-1 s=STATE_NONE l=0).mark_down
2024-05-09T05:27:33.968 INFO:teuthology.orchestra.run.smithi039.stdout:/usr/bin/ceph: stderr
2024-05-09T05:27:33.051+0000 7fd59f38c700 1 -- 172.21.15.39:0/1275414315 shutdown_connections
2024-05-09T05:27:33.968 INFO:teuthology.orchestra.run.smithi039.stdout:/usr/bin/ceph: stderr
2024-05-09T05:27:33.051+0000 7fd59f38c700 1 -- 172.21.15.39:0/1275414315 wait complete.
2024-05-09T05:27:33.968 INFO:teuthology.orchestra.run.smithi039.stdout:/usr/bin/ceph: stderr
2024-05-09T05:27:33.051+0000 7fd59f38c700 1 Processor -- start
2024-05-09T05:27:33.968 INFO:teuthology.orchestra.run.smithi039.stdout:/usr/bin/ceph: stderr
2024-05-09T05:27:33.052+0000 7fd59f38c700 1 -- start start
2024-05-09T05:27:33.969 INFO:teuthology.orchestra.run.smithi039.stdout:/usr/bin/ceph: stderr
2024-05-09T05:27:33.052+0000 7fd59f38c700 1 --2- >> [v2:172.21.15.39:3300/0,v1:172.21.15.39:6789/0] conn(0x7fd59810a1c0 0x7fd598108750 unknown :-1 s=NONE pgs=0 cs=0 l=1 rev1=0 crypto rx=0 tx=0 comp rx=0 tx=0).connect
2024-05-09T05:27:33.969 INFO:teuthology.orchestra.run.smithi039.stdout:/usr/bin/ceph: stderr
2024-05-09T05:27:33.052+0000 7fd59f38c700 1 -- --> [v2:172.21.15.39:3300/0,v1:172.21.15.39:6789/0] -- mon_getmap magic: 0 -- 0x7fd59810d120 con 0x7fd59810a1c0
2024-05-09T05:27:33.969 INFO:teuthology.orchestra.run.smithi039.stdout:/usr/bin/ceph: stderr
2024-05-09T05:27:33.052+0000 7fd59d128700 1 --2- >> [v2:172.21.15.39:3300/0,v1:172.21.15.39:6789/0] conn(0x7fd59810a1c0 0x7fd598108750 unknown :-1 s=BANNER_CONNECTING pgs=0 cs=0 l=1 rev1=0 crypto rx=0 tx=0 comp rx=0 tx=0)._handle_peer_banner_payload supported=3 required=0
2024-05-09T05:27:33.969 INFO:teuthology.orchestra.run.smithi039.stdout:/usr/bin/ceph: stderr
2024-05-09T05:27:33.052+0000 7fd59d128700 1 --2- >> [v2:172.21.15.39:3300/0,v1:172.21.15.39:6789/0] conn(0x7fd59810a1c0 0x7fd598108750 unknown :-1 s=HELLO_CONNECTING pgs=0 cs=0 l=1 rev1=1 crypto rx=0 tx=0 comp rx=0 tx=0).handle_hello peer v2:172.21.15.39:3300/0 says I am v2:172.21.15.39:54204/0 (socket says 172.21.15.39:54204)
2024-05-09T05:27:33.969 INFO:teuthology.orchestra.run.smithi039.stdout:/usr/bin/ceph: stderr
2024-05-09T05:27:33.052+0000 7fd59d128700 1 -- 172.21.15.39:0/3949776685 learned_addr learned my addr 172.21.15.39:0/3949776685 (peer_addr_for_me v2:172.21.15.39:0/0)
2024-05-09T05:27:33.969 INFO:teuthology.orchestra.run.smithi039.stdout:/usr/bin/ceph: stderr
2024-05-09T05:27:33.052+0000 7fd59d128700 1 -- 172.21.15.39:0/3949776685 --> [v2:172.21.15.39:3300/0,v1:172.21.15.39:6789/0] -- mon_subscribe({config=0+,monmap=0+}) -- 0x7fd598108c90 con 0x7fd59810a1c0
2024-05-09T05:27:33.969 INFO:teuthology.orchestra.run.smithi039.stdout:/usr/bin/ceph: stderr
2024-05-09T05:27:33.052+0000 7fd59d128700 1 --2- 172.21.15.39:0/3949776685 >> [v2:172.21.15.39:3300/0,v1:172.21.15.39:6789/0] conn(0x7fd59810a1c0 0x7fd598108750 secure :-1 s=READY pgs=75 cs=0 l=1 rev1=1 crypto rx=0x7fd594011a20 tx=0x7fd594011b00 comp rx=0 tx=0).ready entity=mon.0 client_cookie=0 server_cookie=0 in_seq=0 out_seq=0
2024-05-09T05:27:33.969 INFO:teuthology.orchestra.run.smithi039.stdout:/usr/bin/ceph: stderr
2024-05-09T05:27:33.052+0000 7fd58e7fc700 1 -- 172.21.15.39:0/3949776685 <== mon.0 v2:172.21.15.39:3300/0 1 ==== mon_map magic: 0 ==== 205+0+0 (secure 0 0 0) 0x7fd594003af0 con 0x7fd59810a1c0
2024-05-09T05:27:33.969 INFO:teuthology.orchestra.run.smithi039.stdout:/usr/bin/ceph: stderr
2024-05-09T05:27:33.052+0000 7fd58e7fc700 1 -- 172.21.15.39:0/3949776685 <== mon.0 v2:172.21.15.39:3300/0 2 ==== config(26 keys) ==== 1101+0+0 (secure 0 0 0) 0x7fd59401b8f0 con 0x7fd59810a1c0
2024-05-09T05:27:33.969 INFO:teuthology.orchestra.run.smithi039.stdout:/usr/bin/ceph: stderr
2024-05-09T05:27:33.052+0000 7fd59f38c700 1 -- 172.21.15.39:0/3949776685 --> [v2:172.21.15.39:3300/0,v1:172.21.15.39:6789/0] -- mon_subscribe({mgrmap=0+}) -- 0x7fd5981a0ec0 con 0x7fd59810a1c0
2024-05-09T05:27:33.969 INFO:teuthology.orchestra.run.smithi039.stdout:/usr/bin/ceph: stderr
2024-05-09T05:27:33.053+0000 7fd58e7fc700 1 -- 172.21.15.39:0/3949776685 <== mon.0 v2:172.21.15.39:3300/0 3 ==== mon_map magic: 0 ==== 205+0+0 (secure 0 0 0) 0x7fd594023890 con 0x7fd59810a1c0
2024-05-09T05:27:33.969 INFO:teuthology.orchestra.run.smithi039.stdout:/usr/bin/ceph: stderr
2024-05-09T05:27:33.053+0000 7fd59f38c700 1 -- 172.21.15.39:0/3949776685 --> [v2:172.21.15.39:3300/0,v1:172.21.15.39:6789/0] -- mon_subscribe({osdmap=0}) -- 0x7fd5981a1340 con 0x7fd59810a1c0
2024-05-09T05:27:33.969 INFO:teuthology.orchestra.run.smithi039.stdout:/usr/bin/ceph: stderr
2024-05-09T05:27:33.053+0000 7fd59f38c700 1 -- 172.21.15.39:0/3949776685 --> [v2:172.21.15.39:3300/0,v1:172.21.15.39:6789/0] -- mon_command({"prefix": "get_command_descriptions"} v 0) -- 0x7fd598064e20 con 0x7fd59810a1c0
2024-05-09T05:27:33.969 INFO:teuthology.orchestra.run.smithi039.stdout:/usr/bin/ceph: stderr
2024-05-09T05:27:33.054+0000 7fd58e7fc700 1 -- 172.21.15.39:0/3949776685 <== mon.0 v2:172.21.15.39:3300/0 4 ==== mgrmap(e 12) ==== 50235+0+0 (secure 0 0 0) 0x7fd59402c3f0 con 0x7fd59810a1c0
2024-05-09T05:27:33.970 INFO:teuthology.orchestra.run.smithi039.stdout:/usr/bin/ceph: stderr
2024-05-09T05:27:33.054+0000 7fd58e7fc700 1 --2- 172.21.15.39:0/3949776685 >> [v2:172.21.15.39:6800/3184189003,v1:172.21.15.39:6801/3184189003] conn(0x7fd58403e470 0x7fd584040980 unknown :-1 s=NONE pgs=0 cs=0 l=1 rev1=0 crypto rx=0 tx=0 comp rx=0 tx=0).connect
2024-05-09T05:27:33.970 INFO:teuthology.orchestra.run.smithi039.stdout:/usr/bin/ceph: stderr
2024-05-09T05:27:33.054+0000 7fd58e7fc700 1 -- 172.21.15.39:0/3949776685 <== mon.0 v2:172.21.15.39:3300/0 5 ==== osd_map(3..3 src has 1..3) ==== 1155+0+0 (secure 0 0 0) 0x7fd594054000 con 0x7fd59810a1c0
2024-05-09T05:27:33.970 INFO:teuthology.orchestra.run.smithi039.stdout:/usr/bin/ceph: stderr
2024-05-09T05:27:33.054+0000 7fd59c927700 1 --2- 172.21.15.39:0/3949776685 >> [v2:172.21.15.39:6800/3184189003,v1:172.21.15.39:6801/3184189003] conn(0x7fd58403e470 0x7fd584040980 unknown :-1 s=BANNER_CONNECTING pgs=0 cs=0 l=1 rev1=0 crypto rx=0 tx=0 comp rx=0 tx=0)._handle_peer_banner_payload supported=3 required=0
2024-05-09T05:27:33.970 INFO:teuthology.orchestra.run.smithi039.stdout:/usr/bin/ceph: stderr
2024-05-09T05:27:33.054+0000 7fd59c927700 1 --2- 172.21.15.39:0/3949776685 >> [v2:172.21.15.39:6800/3184189003,v1:172.21.15.39:6801/3184189003] conn(0x7fd58403e470 0x7fd584040980 secure :-1 s=READY pgs=9 cs=0 l=1 rev1=1 crypto rx=0x7fd588006fd0 tx=0x7fd588006e40 comp rx=0 tx=0).ready entity=mgr.14152 client_cookie=0 server_cookie=0 in_seq=0 out_seq=0
2024-05-09T05:27:33.970 INFO:teuthology.orchestra.run.smithi039.stdout:/usr/bin/ceph: stderr
2024-05-09T05:27:33.059+0000 7fd58e7fc700 1 -- 172.21.15.39:0/3949776685 <== mon.0 v2:172.21.15.39:3300/0 6 ==== mon_command_ack([{"prefix": "get_command_descriptions"}]=0 v0) ==== 72+0+191963 (secure 0 0 0) 0x7fd59401f030 con 0x7fd59810a1c0
2024-05-09T05:27:33.970 INFO:teuthology.orchestra.run.smithi039.stdout:/usr/bin/ceph: stderr
2024-05-09T05:27:33.311+0000 7fd59f38c700 1 -- 172.21.15.39:0/3949776685 --> [v2:172.21.15.39:3300/0,v1:172.21.15.39:6789/0] -- mon_command({"prefix": "config get", "who": "mgr", "key": "mgr/dashboard/ssl_server_port"} v 0) -- 0x7fd5981a1c40 con 0x7fd59810a1c0
2024-05-09T05:27:33.970 INFO:teuthology.orchestra.run.smithi039.stdout:/usr/bin/ceph: stderr
2024-05-09T05:27:33.311+0000 7fd58e7fc700 1 -- 172.21.15.39:0/3949776685 <== mon.0 v2:172.21.15.39:3300/0 7 ==== mon_command_ack([{"prefix": "config get", "who": "mgr", "key": "mgr/dashboard/ssl_server_port"}]=0 v8) ==== 112+0+5 (secure 0 0 0) 0x7fd594017e90 con 0x7fd59810a1c0
2024-05-09T05:27:33.970 INFO:teuthology.orchestra.run.smithi039.stdout:/usr/bin/ceph: stderr
2024-05-09T05:27:33.314+0000 7fd59f38c700 1 -- 172.21.15.39:0/3949776685 >> [v2:172.21.15.39:6800/3184189003,v1:172.21.15.39:6801/3184189003] conn(0x7fd58403e470 msgr2=0x7fd584040980 secure :-1 s=STATE_CONNECTION_ESTABLISHED l=1).mark_down
2024-05-09T05:27:33.970 INFO:teuthology.orchestra.run.smithi039.stdout:/usr/bin/ceph: stderr
2024-05-09T05:27:33.314+0000 7fd59f38c700 1 --2- 172.21.15.39:0/3949776685 >> [v2:172.21.15.39:6800/3184189003,v1:172.21.15.39:6801/3184189003] conn(0x7fd58403e470 0x7fd584040980 secure :-1 s=READY pgs=9 cs=0 l=1 rev1=1 crypto rx=0x7fd588006fd0 tx=0x7fd588006e40 comp rx=0 tx=0).stop
2024-05-09T05:27:33.970 INFO:teuthology.orchestra.run.smithi039.stdout:/usr/bin/ceph: stderr
2024-05-09T05:27:33.314+0000 7fd59f38c700 1 -- 172.21.15.39:0/3949776685 >> [v2:172.21.15.39:3300/0,v1:172.21.15.39:6789/0] conn(0x7fd59810a1c0 msgr2=0x7fd598108750 secure :-1 s=STATE_CONNECTION_ESTABLISHED l=1).mark_down
2024-05-09T05:27:33.971 INFO:teuthology.orchestra.run.smithi039.stdout:/usr/bin/ceph: stderr
2024-05-09T05:27:33.314+0000 7fd59f38c700 1 --2- 172.21.15.39:0/3949776685 >> [v2:172.21.15.39:3300/0,v1:172.21.15.39:6789/0] conn(0x7fd59810a1c0 0x7fd598108750 secure :-1 s=READY pgs=75 cs=0 l=1 rev1=1 crypto rx=0x7fd594011a20 tx=0x7fd594011b00 comp rx=0 tx=0).stop
2024-05-09T05:27:33.971 INFO:teuthology.orchestra.run.smithi039.stdout:/usr/bin/ceph: stderr
2024-05-09T05:27:33.314+0000 7fd59f38c700 1 -- 172.21.15.39:0/3949776685 shutdown_connections
2024-05-09T05:27:33.971 INFO:teuthology.orchestra.run.smithi039.stdout:/usr/bin/ceph: stderr
2024-05-09T05:27:33.314+0000 7fd59f38c700 1 --2- 172.21.15.39:0/3949776685 >> [v2:172.21.15.39:6800/3184189003,v1:172.21.15.39:6801/3184189003] conn(0x7fd58403e470 0x7fd584040980 unknown :-1 s=CLOSED pgs=9 cs=0 l=1 rev1=1 crypto rx=0 tx=0 comp rx=0 tx=0).stop
2024-05-09T05:27:33.971 INFO:teuthology.orchestra.run.smithi039.stdout:/usr/bin/ceph: stderr
2024-05-09T05:27:33.314+0000 7fd59f38c700 1 --2- 172.21.15.39:0/3949776685 >> [v2:172.21.15.39:3300/0,v1:172.21.15.39:6789/0] conn(0x7fd59810a1c0 0x7fd598108750 unknown :-1 s=CLOSED pgs=75 cs=0 l=1 rev1=1 crypto rx=0 tx=0 comp rx=0 tx=0).stop
2024-05-09T05:27:33.971 INFO:teuthology.orchestra.run.smithi039.stdout:/usr/bin/ceph: stderr
2024-05-09T05:27:33.314+0000 7fd59f38c700 1 -- 172.21.15.39:0/3949776685 >> 172.21.15.39:0/3949776685 conn(0x7fd598103b00 msgr2=0x7fd5981053e0 unknown :-1 s=STATE_NONE l=0).mark_down
2024-05-09T05:27:33.971 INFO:teuthology.orchestra.run.smithi039.stdout:/usr/bin/ceph: stderr
2024-05-09T05:27:33.314+0000 7fd59f38c700 1 -- 172.21.15.39:0/3949776685 shutdown_connections
2024-05-09T05:27:33.971 INFO:teuthology.orchestra.run.smithi039.stdout:/usr/bin/ceph: stderr
2024-05-09T05:27:33.314+0000 7fd59f38c700 1 -- 172.21.15.39:0/3949776685 wait complete.
2024-05-09T05:27:33.976 INFO:teuthology.orchestra.run.smithi039.stdout:Non-zero exit code 1 from systemctl is-enabled firewalld.service
2024-05-09T05:27:33.976 INFO:teuthology.orchestra.run.smithi039.stdout:systemctl: stdout disabled
2024-05-09T05:27:33.985 INFO:teuthology.orchestra.run.smithi039.stdout:Non-zero exit code 3 from systemctl is-active firewalld.service
2024-05-09T05:27:33.985 INFO:teuthology.orchestra.run.smithi039.stdout:systemctl: stdout inactive
2024-05-09T05:27:33.985 INFO:teuthology.orchestra.run.smithi039.stdout:firewalld.service is not enabled
2024-05-09T05:27:33.985 INFO:teuthology.orchestra.run.smithi039.stdout:Not possible to open ports <[8443]>. firewalld.service is not available
2024-05-09T05:27:33.986 INFO:teuthology.orchestra.run.smithi039.stdout:Ceph Dashboard is now available at:
2024-05-09T05:27:33.986 INFO:teuthology.orchestra.run.smithi039.stdout:
2024-05-09T05:27:33.986 INFO:teuthology.orchestra.run.smithi039.stdout: URL: https://smithi039.front.sepia.ceph.com:8443/
2024-05-09T05:27:33.986 INFO:teuthology.orchestra.run.smithi039.stdout: User: admin
2024-05-09T05:27:33.986 INFO:teuthology.orchestra.run.smithi039.stdout: Password: sataakl0zs
2024-05-09T05:27:33.986 INFO:teuthology.orchestra.run.smithi039.stdout:
2024-05-09T05:27:33.987 INFO:teuthology.orchestra.run.smithi039.stdout:Saving cluster configuration to /var/lib/ceph/86d4cc60-0dc4-11ef-bc97-c7b262605968/config directory
2024-05-09T05:27:33.987 INFO:teuthology.orchestra.run.smithi039.stdout:Enabling autotune for osd_memory_target
2024-05-09T05:27:34.112 INFO:journalctl@ceph.mon.a.smithi039.stdout:May 09 05:27:33 smithi039 ceph-mon[30439]: from='client.? 172.21.15.39:0/3949776685' entity='client.admin' cmd=[{"prefix": "config get", "who": "mgr", "key": "mgr/dashboard/ssl_server_port"}]: dispatch
2024-05-09T05:27:35.846 INFO:teuthology.orchestra.run.smithi039.stdout:/usr/bin/ceph: stderr
2024-05-09T05:27:34.787+0000 7fb9601c5700 1 Processor -- start
2024-05-09T05:27:35.847 INFO:teuthology.orchestra.run.smithi039.stdout:/usr/bin/ceph: stderr
2024-05-09T05:27:34.787+0000 7fb9601c5700 1 -- start start
2024-05-09T05:27:35.847 INFO:teuthology.orchestra.run.smithi039.stdout:/usr/bin/ceph: stderr
2024-05-09T05:27:34.787+0000 7fb9601c5700 1 --2- >> [v2:172.21.15.39:3300/0,v1:172.21.15.39:6789/0] conn(0x7fb95810a890 0x7fb95810ccb0 unknown :-1 s=NONE pgs=0 cs=0 l=0 rev1=0 crypto rx=0 tx=0 comp rx=0 tx=0).connect
2024-05-09T05:27:35.847 INFO:teuthology.orchestra.run.smithi039.stdout:/usr/bin/ceph: stderr
2024-05-09T05:27:34.787+0000 7fb9601c5700 1 -- --> [v2:172.21.15.39:3300/0,v1:172.21.15.39:6789/0] -- mon_getmap magic: 0 -- 0x7fb95807cdc0 con 0x7fb95810a890
2024-05-09T05:27:35.847 INFO:teuthology.orchestra.run.smithi039.stdout:/usr/bin/ceph: stderr
2024-05-09T05:27:34.788+0000 7fb95df61700 1 --2- >> [v2:172.21.15.39:3300/0,v1:172.21.15.39:6789/0] conn(0x7fb95810a890 0x7fb95810ccb0 unknown :-1 s=BANNER_CONNECTING pgs=0 cs=0 l=0 rev1=0 crypto rx=0 tx=0 comp rx=0 tx=0)._handle_peer_banner_payload supported=3 required=0
