2024-05-09T05:27:35.847 INFO:teuthology.orchestra.run.smithi039.stdout:/usr/bin/ceph: stderr
2024-05-09T05:27:34.788+0000 7fb95df61700 1 --2- >> [v2:172.21.15.39:3300/0,v1:172.21.15.39:6789/0] conn(0x7fb95810a890 0x7fb95810ccb0 unknown :-1 s=HELLO_CONNECTING pgs=0 cs=0 l=0 rev1=1 crypto rx=0 tx=0 comp rx=0 tx=0).handle_hello peer v2:172.21.15.39:3300/0 says I am v2:172.21.15.39:54214/0 (socket says 172.21.15.39:54214)
2024-05-09T05:27:35.847 INFO:teuthology.orchestra.run.smithi039.stdout:/usr/bin/ceph: stderr
2024-05-09T05:27:34.788+0000 7fb95df61700 1 -- 172.21.15.39:0/3359953742 learned_addr learned my addr 172.21.15.39:0/3359953742 (peer_addr_for_me v2:172.21.15.39:0/0)
2024-05-09T05:27:35.847 INFO:teuthology.orchestra.run.smithi039.stdout:/usr/bin/ceph: stderr
2024-05-09T05:27:34.788+0000 7fb95df61700 1 -- 172.21.15.39:0/3359953742 --> [v2:172.21.15.39:3300/0,v1:172.21.15.39:6789/0] -- mon_subscribe({config=0+,monmap=0+}) -- 0x7fb95810d1f0 con 0x7fb95810a890
2024-05-09T05:27:35.847 INFO:teuthology.orchestra.run.smithi039.stdout:/usr/bin/ceph: stderr
2024-05-09T05:27:34.788+0000 7fb95df61700 1 --2- 172.21.15.39:0/3359953742 >> [v2:172.21.15.39:3300/0,v1:172.21.15.39:6789/0] conn(0x7fb95810a890 0x7fb95810ccb0 secure :-1 s=READY pgs=76 cs=0 l=1 rev1=1 crypto rx=0x7fb94c0098a0 tx=0x7fb94c009bb0 comp rx=0 tx=0).ready entity=mon.0 client_cookie=7a35d87161546ae9 server_cookie=0 in_seq=0 out_seq=0
2024-05-09T05:27:35.847 INFO:teuthology.orchestra.run.smithi039.stdout:/usr/bin/ceph: stderr
2024-05-09T05:27:34.788+0000 7fb95cf5f700 1 -- 172.21.15.39:0/3359953742 <== mon.0 v2:172.21.15.39:3300/0 1 ==== mon_map magic: 0 ==== 205+0+0 (secure 0 0 0) 0x7fb94c004160 con 0x7fb95810a890
2024-05-09T05:27:35.848 INFO:teuthology.orchestra.run.smithi039.stdout:/usr/bin/ceph: stderr
2024-05-09T05:27:34.789+0000 7fb95cf5f700 1 -- 172.21.15.39:0/3359953742 <== mon.0 v2:172.21.15.39:3300/0 2 ==== config(26 keys) ==== 1101+0+0 (secure 0 0 0) 0x7fb94c004300 con 0x7fb95810a890
2024-05-09T05:27:35.848 INFO:teuthology.orchestra.run.smithi039.stdout:/usr/bin/ceph: stderr
2024-05-09T05:27:34.789+0000 7fb95cf5f700 1 -- 172.21.15.39:0/3359953742 <== mon.0 v2:172.21.15.39:3300/0 3 ==== mon_map magic: 0 ==== 205+0+0 (secure 0 0 0) 0x7fb94c011a20 con 0x7fb95810a890
2024-05-09T05:27:35.848 INFO:teuthology.orchestra.run.smithi039.stdout:/usr/bin/ceph: stderr
2024-05-09T05:27:34.789+0000 7fb9601c5700 1 -- 172.21.15.39:0/3359953742 >> [v2:172.21.15.39:3300/0,v1:172.21.15.39:6789/0] conn(0x7fb95810a890 msgr2=0x7fb95810ccb0 secure :-1 s=STATE_CONNECTION_ESTABLISHED l=1).mark_down
2024-05-09T05:27:35.848 INFO:teuthology.orchestra.run.smithi039.stdout:/usr/bin/ceph: stderr
2024-05-09T05:27:34.789+0000 7fb9601c5700 1 --2- 172.21.15.39:0/3359953742 >> [v2:172.21.15.39:3300/0,v1:172.21.15.39:6789/0] conn(0x7fb95810a890 0x7fb95810ccb0 secure :-1 s=READY pgs=76 cs=0 l=1 rev1=1 crypto rx=0x7fb94c0098a0 tx=0x7fb94c009bb0 comp rx=0 tx=0).stop
2024-05-09T05:27:35.848 INFO:teuthology.orchestra.run.smithi039.stdout:/usr/bin/ceph: stderr
2024-05-09T05:27:34.789+0000 7fb9601c5700 1 -- 172.21.15.39:0/3359953742 shutdown_connections
2024-05-09T05:27:35.848 INFO:teuthology.orchestra.run.smithi039.stdout:/usr/bin/ceph: stderr
2024-05-09T05:27:34.789+0000 7fb9601c5700 1 --2- 172.21.15.39:0/3359953742 >> [v2:172.21.15.39:3300/0,v1:172.21.15.39:6789/0] conn(0x7fb95810a890 0x7fb95810ccb0 unknown :-1 s=CLOSED pgs=76 cs=0 l=1 rev1=1 crypto rx=0 tx=0 comp rx=0 tx=0).stop
2024-05-09T05:27:35.848 INFO:teuthology.orchestra.run.smithi039.stdout:/usr/bin/ceph: stderr
2024-05-09T05:27:34.789+0000 7fb9601c5700 1 -- 172.21.15.39:0/3359953742 >> 172.21.15.39:0/3359953742 conn(0x7fb9581043d0 msgr2=0x7fb958106820 unknown :-1 s=STATE_NONE l=0).mark_down
2024-05-09T05:27:35.848 INFO:teuthology.orchestra.run.smithi039.stdout:/usr/bin/ceph: stderr
2024-05-09T05:27:34.790+0000 7fb9601c5700 1 -- 172.21.15.39:0/3359953742 shutdown_connections
2024-05-09T05:27:35.848 INFO:teuthology.orchestra.run.smithi039.stdout:/usr/bin/ceph: stderr
2024-05-09T05:27:34.790+0000 7fb9601c5700 1 -- 172.21.15.39:0/3359953742 wait complete.
2024-05-09T05:27:35.848 INFO:teuthology.orchestra.run.smithi039.stdout:/usr/bin/ceph: stderr
2024-05-09T05:27:34.790+0000 7fb9601c5700 1 Processor -- start
2024-05-09T05:27:35.848 INFO:teuthology.orchestra.run.smithi039.stdout:/usr/bin/ceph: stderr
2024-05-09T05:27:34.790+0000 7fb9601c5700 1 -- start start
2024-05-09T05:27:35.849 INFO:teuthology.orchestra.run.smithi039.stdout:/usr/bin/ceph: stderr
2024-05-09T05:27:34.791+0000 7fb9601c5700 1 --2- >> [v2:172.21.15.39:3300/0,v1:172.21.15.39:6789/0] conn(0x7fb95810a890 0x7fb95819e0d0 unknown :-1 s=NONE pgs=0 cs=0 l=1 rev1=0 crypto rx=0 tx=0 comp rx=0 tx=0).connect
2024-05-09T05:27:35.849 INFO:teuthology.orchestra.run.smithi039.stdout:/usr/bin/ceph: stderr
2024-05-09T05:27:34.791+0000 7fb9601c5700 1 -- --> [v2:172.21.15.39:3300/0,v1:172.21.15.39:6789/0] -- mon_getmap magic: 0 -- 0x7fb95810e130 con 0x7fb95810a890
2024-05-09T05:27:35.849 INFO:teuthology.orchestra.run.smithi039.stdout:/usr/bin/ceph: stderr
2024-05-09T05:27:34.791+0000 7fb95df61700 1 --2- >> [v2:172.21.15.39:3300/0,v1:172.21.15.39:6789/0] conn(0x7fb95810a890 0x7fb95819e0d0 unknown :-1 s=BANNER_CONNECTING pgs=0 cs=0 l=1 rev1=0 crypto rx=0 tx=0 comp rx=0 tx=0)._handle_peer_banner_payload supported=3 required=0
2024-05-09T05:27:35.849 INFO:teuthology.orchestra.run.smithi039.stdout:/usr/bin/ceph: stderr
2024-05-09T05:27:34.791+0000 7fb95df61700 1 --2- >> [v2:172.21.15.39:3300/0,v1:172.21.15.39:6789/0] conn(0x7fb95810a890 0x7fb95819e0d0 unknown :-1 s=HELLO_CONNECTING pgs=0 cs=0 l=1 rev1=1 crypto rx=0 tx=0 comp rx=0 tx=0).handle_hello peer v2:172.21.15.39:3300/0 says I am v2:172.21.15.39:54220/0 (socket says 172.21.15.39:54220)
2024-05-09T05:27:35.849 INFO:teuthology.orchestra.run.smithi039.stdout:/usr/bin/ceph: stderr
2024-05-09T05:27:34.791+0000 7fb95df61700 1 -- 172.21.15.39:0/3258809833 learned_addr learned my addr 172.21.15.39:0/3258809833 (peer_addr_for_me v2:172.21.15.39:0/0)
2024-05-09T05:27:35.849 INFO:teuthology.orchestra.run.smithi039.stdout:/usr/bin/ceph: stderr
2024-05-09T05:27:34.791+0000 7fb95df61700 1 -- 172.21.15.39:0/3258809833 --> [v2:172.21.15.39:3300/0,v1:172.21.15.39:6789/0] -- mon_subscribe({config=0+,monmap=0+}) -- 0x7fb95819e610 con 0x7fb95810a890
2024-05-09T05:27:35.849 INFO:teuthology.orchestra.run.smithi039.stdout:/usr/bin/ceph: stderr
2024-05-09T05:27:34.791+0000 7fb95df61700 1 --2- 172.21.15.39:0/3258809833 >> [v2:172.21.15.39:3300/0,v1:172.21.15.39:6789/0] conn(0x7fb95810a890 0x7fb95819e0d0 secure :-1 s=READY pgs=77 cs=0 l=1 rev1=1 crypto rx=0x7fb94c004660 tx=0x7fb94c011aa0 comp rx=0 tx=0).ready entity=mon.0 client_cookie=0 server_cookie=0 in_seq=0 out_seq=0
2024-05-09T05:27:35.849 INFO:teuthology.orchestra.run.smithi039.stdout:/usr/bin/ceph: stderr
2024-05-09T05:27:34.791+0000 7fb94affd700 1 -- 172.21.15.39:0/3258809833 <== mon.0 v2:172.21.15.39:3300/0 1 ==== mon_map magic: 0 ==== 205+0+0 (secure 0 0 0) 0x7fb94c003a60 con 0x7fb95810a890
2024-05-09T05:27:35.849 INFO:teuthology.orchestra.run.smithi039.stdout:/usr/bin/ceph: stderr
2024-05-09T05:27:34.791+0000 7fb94affd700 1 -- 172.21.15.39:0/3258809833 <== mon.0 v2:172.21.15.39:3300/0 2 ==== config(26 keys) ==== 1101+0+0 (secure 0 0 0) 0x7fb94c01b8f0 con 0x7fb95810a890
2024-05-09T05:27:35.849 INFO:teuthology.orchestra.run.smithi039.stdout:/usr/bin/ceph: stderr
2024-05-09T05:27:34.791+0000 7fb9601c5700 1 -- 172.21.15.39:0/3258809833 --> [v2:172.21.15.39:3300/0,v1:172.21.15.39:6789/0] -- mon_subscribe({mgrmap=0+}) -- 0x7fb95819e8a0 con 0x7fb95810a890
2024-05-09T05:27:35.849 INFO:teuthology.orchestra.run.smithi039.stdout:/usr/bin/ceph: stderr
2024-05-09T05:27:34.791+0000 7fb94affd700 1 -- 172.21.15.39:0/3258809833 <== mon.0 v2:172.21.15.39:3300/0 3 ==== mon_map magic: 0 ==== 205+0+0 (secure 0 0 0) 0x7fb94c023890 con 0x7fb95810a890
2024-05-09T05:27:35.849 INFO:teuthology.orchestra.run.smithi039.stdout:/usr/bin/ceph: stderr
2024-05-09T05:27:34.791+0000 7fb9601c5700 1 -- 172.21.15.39:0/3258809833 --> [v2:172.21.15.39:3300/0,v1:172.21.15.39:6789/0] -- mon_subscribe({osdmap=0}) -- 0x7fb9581a14b0 con 0x7fb95810a890
2024-05-09T05:27:35.849 INFO:teuthology.orchestra.run.smithi039.stdout:/usr/bin/ceph: stderr
2024-05-09T05:27:34.792+0000 7fb94affd700 1 -- 172.21.15.39:0/3258809833 <== mon.0 v2:172.21.15.39:3300/0 4 ==== mgrmap(e 12) ==== 50235+0+0 (secure 0 0 0) 0x7fb94c02c3f0 con 0x7fb95810a890
2024-05-09T05:27:35.850 INFO:teuthology.orchestra.run.smithi039.stdout:/usr/bin/ceph: stderr
2024-05-09T05:27:34.792+0000 7fb9601c5700 1 -- 172.21.15.39:0/3258809833 --> [v2:172.21.15.39:3300/0,v1:172.21.15.39:6789/0] -- mon_command({"prefix": "get_command_descriptions"} v 0) -- 0x7fb958064e20 con 0x7fb95810a890
2024-05-09T05:27:35.850 INFO:teuthology.orchestra.run.smithi039.stdout:/usr/bin/ceph: stderr
2024-05-09T05:27:34.793+0000 7fb94affd700 1 --2- 172.21.15.39:0/3258809833 >> [v2:172.21.15.39:6800/3184189003,v1:172.21.15.39:6801/3184189003] conn(0x7fb94403e470 0x7fb944040980 unknown :-1 s=NONE pgs=0 cs=0 l=1 rev1=0 crypto rx=0 tx=0 comp rx=0 tx=0).connect
2024-05-09T05:27:35.850 INFO:teuthology.orchestra.run.smithi039.stdout:/usr/bin/ceph: stderr
2024-05-09T05:27:34.793+0000 7fb94affd700 1 -- 172.21.15.39:0/3258809833 <== mon.0 v2:172.21.15.39:3300/0 5 ==== osd_map(3..3 src has 1..3) ==== 1155+0+0 (secure 0 0 0) 0x7fb94c0541f0 con 0x7fb95810a890
2024-05-09T05:27:35.850 INFO:teuthology.orchestra.run.smithi039.stdout:/usr/bin/ceph: stderr
2024-05-09T05:27:34.793+0000 7fb95d760700 1 --2- 172.21.15.39:0/3258809833 >> [v2:172.21.15.39:6800/3184189003,v1:172.21.15.39:6801/3184189003] conn(0x7fb94403e470 0x7fb944040980 unknown :-1 s=BANNER_CONNECTING pgs=0 cs=0 l=1 rev1=0 crypto rx=0 tx=0 comp rx=0 tx=0)._handle_peer_banner_payload supported=3 required=0
2024-05-09T05:27:35.850 INFO:teuthology.orchestra.run.smithi039.stdout:/usr/bin/ceph: stderr
2024-05-09T05:27:34.793+0000 7fb95d760700 1 --2- 172.21.15.39:0/3258809833 >> [v2:172.21.15.39:6800/3184189003,v1:172.21.15.39:6801/3184189003] conn(0x7fb94403e470 0x7fb944040980 secure :-1 s=READY pgs=10 cs=0 l=1 rev1=1 crypto rx=0x7fb954006fd0 tx=0x7fb954006e40 comp rx=0 tx=0).ready entity=mgr.14152 client_cookie=0 server_cookie=0 in_seq=0 out_seq=0
2024-05-09T05:27:35.850 INFO:teuthology.orchestra.run.smithi039.stdout:/usr/bin/ceph: stderr
2024-05-09T05:27:34.798+0000 7fb94affd700 1 -- 172.21.15.39:0/3258809833 <== mon.0 v2:172.21.15.39:3300/0 6 ==== mon_command_ack([{"prefix": "get_command_descriptions"}]=0 v0) ==== 72+0+191963 (secure 0 0 0) 0x7fb94c01f030 con 0x7fb95810a890
2024-05-09T05:27:35.850 INFO:teuthology.orchestra.run.smithi039.stdout:/usr/bin/ceph: stderr
2024-05-09T05:27:34.856+0000 7fb94affd700 1 -- 172.21.15.39:0/3258809833 <== mon.0 v2:172.21.15.39:3300/0 7 ==== mgrmap(e 13) ==== 50278+0+0 (secure 0 0 0) 0x7fb94c02cca0 con 0x7fb95810a890
2024-05-09T05:27:35.850 INFO:teuthology.orchestra.run.smithi039.stdout:/usr/bin/ceph: stderr
2024-05-09T05:27:35.014+0000 7fb9601c5700 1 -- 172.21.15.39:0/3258809833 --> [v2:172.21.15.39:3300/0,v1:172.21.15.39:6789/0] -- mon_command([{prefix=config set, name=osd_memory_target_autotune}] v 0) -- 0x7fb9581a1680 con 0x7fb95810a890
2024-05-09T05:27:35.850 INFO:teuthology.orchestra.run.smithi039.stdout:/usr/bin/ceph: stderr
2024-05-09T05:27:35.015+0000 7fb94affd700 1 -- 172.21.15.39:0/3258809833 <== mon.0 v2:172.21.15.39:3300/0 8 ==== mon_command_ack([{prefix=config set, name=osd_memory_target_autotune}]=0 v8)=0 v8) ==== 127+0+0 (secure 0 0 0) 0x7fb94c021300 con 0x7fb95810a890
2024-05-09T05:27:35.850 INFO:teuthology.orchestra.run.smithi039.stdout:/usr/bin/ceph: stderr
2024-05-09T05:27:35.017+0000 7fb9601c5700 1 -- 172.21.15.39:0/3258809833 >> [v2:172.21.15.39:6800/3184189003,v1:172.21.15.39:6801/3184189003] conn(0x7fb94403e470 msgr2=0x7fb944040980 secure :-1 s=STATE_CONNECTION_ESTABLISHED l=1).mark_down
2024-05-09T05:27:35.850 INFO:teuthology.orchestra.run.smithi039.stdout:/usr/bin/ceph: stderr
2024-05-09T05:27:35.017+0000 7fb9601c5700 1 --2- 172.21.15.39:0/3258809833 >> [v2:172.21.15.39:6800/3184189003,v1:172.21.15.39:6801/3184189003] conn(0x7fb94403e470 0x7fb944040980 secure :-1 s=READY pgs=10 cs=0 l=1 rev1=1 crypto rx=0x7fb954006fd0 tx=0x7fb954006e40 comp rx=0 tx=0).stop
2024-05-09T05:27:35.850 INFO:teuthology.orchestra.run.smithi039.stdout:/usr/bin/ceph: stderr
2024-05-09T05:27:35.017+0000 7fb9601c5700 1 -- 172.21.15.39:0/3258809833 >> [v2:172.21.15.39:3300/0,v1:172.21.15.39:6789/0] conn(0x7fb95810a890 msgr2=0x7fb95819e0d0 secure :-1 s=STATE_CONNECTION_ESTABLISHED l=1).mark_down
2024-05-09T05:27:35.851 INFO:teuthology.orchestra.run.smithi039.stdout:/usr/bin/ceph: stderr
2024-05-09T05:27:35.017+0000 7fb9601c5700 1 --2- 172.21.15.39:0/3258809833 >> [v2:172.21.15.39:3300/0,v1:172.21.15.39:6789/0] conn(0x7fb95810a890 0x7fb95819e0d0 secure :-1 s=READY pgs=77 cs=0 l=1 rev1=1 crypto rx=0x7fb94c004660 tx=0x7fb94c011aa0 comp rx=0 tx=0).stop
2024-05-09T05:27:35.851 INFO:teuthology.orchestra.run.smithi039.stdout:/usr/bin/ceph: stderr
2024-05-09T05:27:35.017+0000 7fb9601c5700 1 -- 172.21.15.39:0/3258809833 shutdown_connections
2024-05-09T05:27:35.851 INFO:teuthology.orchestra.run.smithi039.stdout:/usr/bin/ceph: stderr
2024-05-09T05:27:35.017+0000 7fb9601c5700 1 --2- 172.21.15.39:0/3258809833 >> [v2:172.21.15.39:6800/3184189003,v1:172.21.15.39:6801/3184189003] conn(0x7fb94403e470 0x7fb944040980 unknown :-1 s=CLOSED pgs=10 cs=0 l=1 rev1=1 crypto rx=0 tx=0 comp rx=0 tx=0).stop
2024-05-09T05:27:35.851 INFO:teuthology.orchestra.run.smithi039.stdout:/usr/bin/ceph: stderr
2024-05-09T05:27:35.017+0000 7fb9601c5700 1 --2- 172.21.15.39:0/3258809833 >> [v2:172.21.15.39:3300/0,v1:172.21.15.39:6789/0] conn(0x7fb95810a890 0x7fb95819e0d0 unknown :-1 s=CLOSED pgs=77 cs=0 l=1 rev1=1 crypto rx=0 tx=0 comp rx=0 tx=0).stop
2024-05-09T05:27:35.851 INFO:teuthology.orchestra.run.smithi039.stdout:/usr/bin/ceph: stderr
2024-05-09T05:27:35.017+0000 7fb9601c5700 1 -- 172.21.15.39:0/3258809833 >> 172.21.15.39:0/3258809833 conn(0x7fb9581043d0 msgr2=0x7fb958105d60 unknown :-1 s=STATE_NONE l=0).mark_down
2024-05-09T05:27:35.851 INFO:teuthology.orchestra.run.smithi039.stdout:/usr/bin/ceph: stderr
2024-05-09T05:27:35.017+0000 7fb9601c5700 1 -- 172.21.15.39:0/3258809833 shutdown_connections
2024-05-09T05:27:35.851 INFO:teuthology.orchestra.run.smithi039.stdout:/usr/bin/ceph: stderr
2024-05-09T05:27:35.018+0000 7fb9601c5700 1 -- 172.21.15.39:0/3258809833 wait complete.
2024-05-09T05:27:36.111 INFO:journalctl@ceph.mon.a.smithi039.stdout:May 09 05:27:35 smithi039 ceph-mon[30439]: mgrmap e13: x(active, since 6s)
2024-05-09T05:27:37.236 INFO:teuthology.orchestra.run.smithi039.stdout:/usr/bin/ceph: stderr
2024-05-09T05:27:36.245+0000 7f27dc122700 1 Processor -- start
2024-05-09T05:27:37.236 INFO:teuthology.orchestra.run.smithi039.stdout:/usr/bin/ceph: stderr
2024-05-09T05:27:36.245+0000 7f27dc122700 1 -- start start
2024-05-09T05:27:37.236 INFO:teuthology.orchestra.run.smithi039.stdout:/usr/bin/ceph: stderr
2024-05-09T05:27:36.245+0000 7f27dc122700 1 --2- >> [v2:172.21.15.39:3300/0,v1:172.21.15.39:6789/0] conn(0x7f27d407d500 0x7f27d410c8f0 unknown :-1 s=NONE pgs=0 cs=0 l=0 rev1=0 crypto rx=0 tx=0 comp rx=0 tx=0).connect
2024-05-09T05:27:37.236 INFO:teuthology.orchestra.run.smithi039.stdout:/usr/bin/ceph: stderr
2024-05-09T05:27:36.245+0000 7f27dc122700 1 -- --> [v2:172.21.15.39:3300/0,v1:172.21.15.39:6789/0] -- mon_getmap magic: 0 -- 0x7f27d410cec0 con 0x7f27d407d500
2024-05-09T05:27:37.236 INFO:teuthology.orchestra.run.smithi039.stdout:/usr/bin/ceph: stderr
2024-05-09T05:27:36.246+0000 7f27d9ebe700 1 --2- >> [v2:172.21.15.39:3300/0,v1:172.21.15.39:6789/0] conn(0x7f27d407d500 0x7f27d410c8f0 unknown :-1 s=BANNER_CONNECTING pgs=0 cs=0 l=0 rev1=0 crypto rx=0 tx=0 comp rx=0 tx=0)._handle_peer_banner_payload supported=3 required=0
2024-05-09T05:27:37.237 INFO:teuthology.orchestra.run.smithi039.stdout:/usr/bin/ceph: stderr
2024-05-09T05:27:36.246+0000 7f27d9ebe700 1 --2- >> [v2:172.21.15.39:3300/0,v1:172.21.15.39:6789/0] conn(0x7f27d407d500 0x7f27d410c8f0 unknown :-1 s=HELLO_CONNECTING pgs=0 cs=0 l=0 rev1=1 crypto rx=0 tx=0 comp rx=0 tx=0).handle_hello peer v2:172.21.15.39:3300/0 says I am v2:172.21.15.39:54226/0 (socket says 172.21.15.39:54226)
2024-05-09T05:27:37.237 INFO:teuthology.orchestra.run.smithi039.stdout:/usr/bin/ceph: stderr
2024-05-09T05:27:36.246+0000 7f27d9ebe700 1 -- 172.21.15.39:0/1380903965 learned_addr learned my addr 172.21.15.39:0/1380903965 (peer_addr_for_me v2:172.21.15.39:0/0)
2024-05-09T05:27:37.237 INFO:teuthology.orchestra.run.smithi039.stdout:/usr/bin/ceph: stderr
2024-05-09T05:27:36.246+0000 7f27d9ebe700 1 -- 172.21.15.39:0/1380903965 --> [v2:172.21.15.39:3300/0,v1:172.21.15.39:6789/0] -- mon_subscribe({config=0+,monmap=0+}) -- 0x7f27d410d040 con 0x7f27d407d500
2024-05-09T05:27:37.237 INFO:teuthology.orchestra.run.smithi039.stdout:/usr/bin/ceph: stderr
2024-05-09T05:27:36.246+0000 7f27d9ebe700 1 --2- 172.21.15.39:0/1380903965 >> [v2:172.21.15.39:3300/0,v1:172.21.15.39:6789/0] conn(0x7f27d407d500 0x7f27d410c8f0 secure :-1 s=READY pgs=78 cs=0 l=1 rev1=1 crypto rx=0x7f27d00098a0 tx=0x7f27d0009bb0 comp rx=0 tx=0).ready entity=mon.0 client_cookie=4eac8d710a459d8 server_cookie=0 in_seq=0 out_seq=0
2024-05-09T05:27:37.237 INFO:teuthology.orchestra.run.smithi039.stdout:/usr/bin/ceph: stderr
2024-05-09T05:27:36.246+0000 7f27d8ebc700 1 -- 172.21.15.39:0/1380903965 <== mon.0 v2:172.21.15.39:3300/0 1 ==== mon_map magic: 0 ==== 205+0+0 (secure 0 0 0) 0x7f27d0004160 con 0x7f27d407d500
2024-05-09T05:27:37.237 INFO:teuthology.orchestra.run.smithi039.stdout:/usr/bin/ceph: stderr
2024-05-09T05:27:36.246+0000 7f27d8ebc700 1 -- 172.21.15.39:0/1380903965 <== mon.0 v2:172.21.15.39:3300/0 2 ==== config(26 keys) ==== 1101+0+0 (secure 0 0 0) 0x7f27d0004300 con 0x7f27d407d500
2024-05-09T05:27:37.237 INFO:teuthology.orchestra.run.smithi039.stdout:/usr/bin/ceph: stderr
2024-05-09T05:27:36.246+0000 7f27d8ebc700 1 -- 172.21.15.39:0/1380903965 <== mon.0 v2:172.21.15.39:3300/0 3 ==== mon_map magic: 0 ==== 205+0+0 (secure 0 0 0) 0x7f27d0011a20 con 0x7f27d407d500
2024-05-09T05:27:37.237 INFO:teuthology.orchestra.run.smithi039.stdout:/usr/bin/ceph: stderr
2024-05-09T05:27:36.247+0000 7f27dc122700 1 -- 172.21.15.39:0/1380903965 >> [v2:172.21.15.39:3300/0,v1:172.21.15.39:6789/0] conn(0x7f27d407d500 msgr2=0x7f27d410c8f0 secure :-1 s=STATE_CONNECTION_ESTABLISHED l=1).mark_down
2024-05-09T05:27:37.237 INFO:teuthology.orchestra.run.smithi039.stdout:/usr/bin/ceph: stderr
2024-05-09T05:27:36.247+0000 7f27dc122700 1 --2- 172.21.15.39:0/1380903965 >> [v2:172.21.15.39:3300/0,v1:172.21.15.39:6789/0] conn(0x7f27d407d500 0x7f27d410c8f0 secure :-1 s=READY pgs=78 cs=0 l=1 rev1=1 crypto rx=0x7f27d00098a0 tx=0x7f27d0009bb0 comp rx=0 tx=0).stop
2024-05-09T05:27:37.237 INFO:teuthology.orchestra.run.smithi039.stdout:/usr/bin/ceph: stderr
2024-05-09T05:27:36.247+0000 7f27dc122700 1 -- 172.21.15.39:0/1380903965 shutdown_connections
2024-05-09T05:27:37.237 INFO:teuthology.orchestra.run.smithi039.stdout:/usr/bin/ceph: stderr
2024-05-09T05:27:36.247+0000 7f27dc122700 1 --2- 172.21.15.39:0/1380903965 >> [v2:172.21.15.39:3300/0,v1:172.21.15.39:6789/0] conn(0x7f27d407d500 0x7f27d410c8f0 unknown :-1 s=CLOSED pgs=78 cs=0 l=1 rev1=1 crypto rx=0 tx=0 comp rx=0 tx=0).stop
2024-05-09T05:27:37.237 INFO:teuthology.orchestra.run.smithi039.stdout:/usr/bin/ceph: stderr
2024-05-09T05:27:36.247+0000 7f27dc122700 1 -- 172.21.15.39:0/1380903965 >> 172.21.15.39:0/1380903965 conn(0x7f27d4104300 msgr2=0x7f27d4106770 unknown :-1 s=STATE_NONE l=0).mark_down
2024-05-09T05:27:37.238 INFO:teuthology.orchestra.run.smithi039.stdout:/usr/bin/ceph: stderr
2024-05-09T05:27:36.247+0000 7f27dc122700 1 -- 172.21.15.39:0/1380903965 shutdown_connections
2024-05-09T05:27:37.238 INFO:teuthology.orchestra.run.smithi039.stdout:/usr/bin/ceph: stderr
2024-05-09T05:27:36.247+0000 7f27dc122700 1 -- 172.21.15.39:0/1380903965 wait complete.
2024-05-09T05:27:37.238 INFO:teuthology.orchestra.run.smithi039.stdout:/usr/bin/ceph: stderr
2024-05-09T05:27:36.248+0000 7f27dc122700 1 Processor -- start
2024-05-09T05:27:37.238 INFO:teuthology.orchestra.run.smithi039.stdout:/usr/bin/ceph: stderr
2024-05-09T05:27:36.248+0000 7f27dc122700 1 -- start start
2024-05-09T05:27:37.238 INFO:teuthology.orchestra.run.smithi039.stdout:/usr/bin/ceph: stderr
2024-05-09T05:27:36.248+0000 7f27dc122700 1 --2- >> [v2:172.21.15.39:3300/0,v1:172.21.15.39:6789/0] conn(0x7f27d407d500 0x7f27d419e080 unknown :-1 s=NONE pgs=0 cs=0 l=1 rev1=0 crypto rx=0 tx=0 comp rx=0 tx=0).connect
2024-05-09T05:27:37.238 INFO:teuthology.orchestra.run.smithi039.stdout:/usr/bin/ceph: stderr
2024-05-09T05:27:36.248+0000 7f27dc122700 1 -- --> [v2:172.21.15.39:3300/0,v1:172.21.15.39:6789/0] -- mon_getmap magic: 0 -- 0x7f27d410e100 con 0x7f27d407d500
2024-05-09T05:27:37.238 INFO:teuthology.orchestra.run.smithi039.stdout:/usr/bin/ceph: stderr
2024-05-09T05:27:36.248+0000 7f27d9ebe700 1 --2- >> [v2:172.21.15.39:3300/0,v1:172.21.15.39:6789/0] conn(0x7f27d407d500 0x7f27d419e080 unknown :-1 s=BANNER_CONNECTING pgs=0 cs=0 l=1 rev1=0 crypto rx=0 tx=0 comp rx=0 tx=0)._handle_peer_banner_payload supported=3 required=0
2024-05-09T05:27:37.238 INFO:teuthology.orchestra.run.smithi039.stdout:/usr/bin/ceph: stderr
2024-05-09T05:27:36.248+0000 7f27d9ebe700 1 --2- >> [v2:172.21.15.39:3300/0,v1:172.21.15.39:6789/0] conn(0x7f27d407d500 0x7f27d419e080 unknown :-1 s=HELLO_CONNECTING pgs=0 cs=0 l=1 rev1=1 crypto rx=0 tx=0 comp rx=0 tx=0).handle_hello peer v2:172.21.15.39:3300/0 says I am v2:172.21.15.39:54234/0 (socket says 172.21.15.39:54234)
2024-05-09T05:27:37.238 INFO:teuthology.orchestra.run.smithi039.stdout:/usr/bin/ceph: stderr
2024-05-09T05:27:36.248+0000 7f27d9ebe700 1 -- 172.21.15.39:0/1751808447 learned_addr learned my addr 172.21.15.39:0/1751808447 (peer_addr_for_me v2:172.21.15.39:0/0)
2024-05-09T05:27:37.238 INFO:teuthology.orchestra.run.smithi039.stdout:/usr/bin/ceph: stderr
2024-05-09T05:27:36.249+0000 7f27d9ebe700 1 -- 172.21.15.39:0/1751808447 --> [v2:172.21.15.39:3300/0,v1:172.21.15.39:6789/0] -- mon_subscribe({config=0+,monmap=0+}) -- 0x7f27d419e5c0 con 0x7f27d407d500
2024-05-09T05:27:37.238 INFO:teuthology.orchestra.run.smithi039.stdout:/usr/bin/ceph: stderr
2024-05-09T05:27:36.249+0000 7f27d9ebe700 1 --2- 172.21.15.39:0/1751808447 >> [v2:172.21.15.39:3300/0,v1:172.21.15.39:6789/0] conn(0x7f27d407d500 0x7f27d419e080 secure :-1 s=READY pgs=79 cs=0 l=1 rev1=1 crypto rx=0x7f27d0006af0 tx=0x7f27d0011aa0 comp rx=0 tx=0).ready entity=mon.0 client_cookie=0 server_cookie=0 in_seq=0 out_seq=0
2024-05-09T05:27:37.238 INFO:teuthology.orchestra.run.smithi039.stdout:/usr/bin/ceph: stderr
2024-05-09T05:27:36.249+0000 7f27caffd700 1 -- 172.21.15.39:0/1751808447 <== mon.0 v2:172.21.15.39:3300/0 1 ==== mon_map magic: 0 ==== 205+0+0 (secure 0 0 0) 0x7f27d0003b20 con 0x7f27d407d500
2024-05-09T05:27:37.238 INFO:teuthology.orchestra.run.smithi039.stdout:/usr/bin/ceph: stderr
2024-05-09T05:27:36.249+0000 7f27dc122700 1 -- 172.21.15.39:0/1751808447 --> [v2:172.21.15.39:3300/0,v1:172.21.15.39:6789/0] -- mon_subscribe({mgrmap=0+}) -- 0x7f27d419e850 con 0x7f27d407d500
2024-05-09T05:27:37.238 INFO:teuthology.orchestra.run.smithi039.stdout:/usr/bin/ceph: stderr
2024-05-09T05:27:36.249+0000 7f27caffd700 1 -- 172.21.15.39:0/1751808447 <== mon.0 v2:172.21.15.39:3300/0 2 ==== config(26 keys) ==== 1101+0+0 (secure 0 0 0) 0x7f27d001b8f0 con 0x7f27d407d500
2024-05-09T05:27:37.239 INFO:teuthology.orchestra.run.smithi039.stdout:/usr/bin/ceph: stderr
2024-05-09T05:27:36.249+0000 7f27caffd700 1 -- 172.21.15.39:0/1751808447 <== mon.0 v2:172.21.15.39:3300/0 3 ==== mon_map magic: 0 ==== 205+0+0 (secure 0 0 0) 0x7f27d00238c0 con 0x7f27d407d500
2024-05-09T05:27:37.239 INFO:teuthology.orchestra.run.smithi039.stdout:/usr/bin/ceph: stderr
2024-05-09T05:27:36.249+0000 7f27dc122700 1 -- 172.21.15.39:0/1751808447 --> [v2:172.21.15.39:3300/0,v1:172.21.15.39:6789/0] -- mon_subscribe({osdmap=0}) -- 0x7f27d41a1460 con 0x7f27d407d500
2024-05-09T05:27:37.239 INFO:teuthology.orchestra.run.smithi039.stdout:/usr/bin/ceph: stderr
2024-05-09T05:27:36.250+0000 7f27dc122700 1 -- 172.21.15.39:0/1751808447 --> [v2:172.21.15.39:3300/0,v1:172.21.15.39:6789/0] -- mon_command({"prefix": "get_command_descriptions"} v 0) -- 0x7f27d4064e20 con 0x7f27d407d500
2024-05-09T05:27:37.239 INFO:teuthology.orchestra.run.smithi039.stdout:/usr/bin/ceph: stderr
2024-05-09T05:27:36.250+0000 7f27caffd700 1 -- 172.21.15.39:0/1751808447 <== mon.0 v2:172.21.15.39:3300/0 4 ==== mgrmap(e 13) ==== 50278+0+0 (secure 0 0 0) 0x7f27d0023b70 con 0x7f27d407d500
2024-05-09T05:27:37.239 INFO:teuthology.orchestra.run.smithi039.stdout:/usr/bin/ceph: stderr
2024-05-09T05:27:36.251+0000 7f27caffd700 1 --2- 172.21.15.39:0/1751808447 >> [v2:172.21.15.39:6800/3184189003,v1:172.21.15.39:6801/3184189003] conn(0x7f27c003e510 0x7f27c0040a20 unknown :-1 s=NONE pgs=0 cs=0 l=1 rev1=0 crypto rx=0 tx=0 comp rx=0 tx=0).connect
2024-05-09T05:27:37.239 INFO:teuthology.orchestra.run.smithi039.stdout:/usr/bin/ceph: stderr
2024-05-09T05:27:36.251+0000 7f27caffd700 1 -- 172.21.15.39:0/1751808447 <== mon.0 v2:172.21.15.39:3300/0 5 ==== osd_map(3..3 src has 1..3) ==== 1155+0+0 (secure 0 0 0) 0x7f27d0054330 con 0x7f27d407d500
2024-05-09T05:27:37.239 INFO:teuthology.orchestra.run.smithi039.stdout:/usr/bin/ceph: stderr
2024-05-09T05:27:36.251+0000 7f27d96bd700 1 --2- 172.21.15.39:0/1751808447 >> [v2:172.21.15.39:6800/3184189003,v1:172.21.15.39:6801/3184189003] conn(0x7f27c003e510 0x7f27c0040a20 unknown :-1 s=BANNER_CONNECTING pgs=0 cs=0 l=1 rev1=0 crypto rx=0 tx=0 comp rx=0 tx=0)._handle_peer_banner_payload supported=3 required=0
2024-05-09T05:27:37.239 INFO:teuthology.orchestra.run.smithi039.stdout:/usr/bin/ceph: stderr
2024-05-09T05:27:36.251+0000 7f27d96bd700 1 --2- 172.21.15.39:0/1751808447 >> [v2:172.21.15.39:6800/3184189003,v1:172.21.15.39:6801/3184189003] conn(0x7f27c003e510 0x7f27c0040a20 secure :-1 s=READY pgs=11 cs=0 l=1 rev1=1 crypto rx=0x7f27c4006fd0 tx=0x7f27c4006e40 comp rx=0 tx=0).ready entity=mgr.14152 client_cookie=0 server_cookie=0 in_seq=0 out_seq=0
2024-05-09T05:27:37.239 INFO:teuthology.orchestra.run.smithi039.stdout:/usr/bin/ceph: stderr
2024-05-09T05:27:36.256+0000 7f27caffd700 1 -- 172.21.15.39:0/1751808447 <== mon.0 v2:172.21.15.39:3300/0 6 ==== mon_command_ack([{"prefix": "get_command_descriptions"}]=0 v0) ==== 72+0+191963 (secure 0 0 0) 0x7f27d001f030 con 0x7f27d407d500
2024-05-09T05:27:37.239 INFO:teuthology.orchestra.run.smithi039.stdout:/usr/bin/ceph: stderr
2024-05-09T05:27:36.587+0000 7f27dc122700 1 -- 172.21.15.39:0/1751808447 --> [v2:172.21.15.39:3300/0,v1:172.21.15.39:6789/0] -- mon_command([{prefix=config-key set, key=mgr/dashboard/cluster/status}] v 0) -- 0x7f27d41a1750 con 0x7f27d407d500
2024-05-09T05:27:37.239 INFO:teuthology.orchestra.run.smithi039.stdout:/usr/bin/ceph: stderr
2024-05-09T05:27:36.590+0000 7f27caffd700 1 -- 172.21.15.39:0/1751808447 <== mon.0 v2:172.21.15.39:3300/0 7 ==== mon_command_ack([{prefix=config-key set, key=mgr/dashboard/cluster/status}]=0 set mgr/dashboard/cluster/status v27)=0 set mgr/dashboard/cluster/status v27) ==== 153+0+0 (secure 0 0 0) 0x7f27d001b620 con 0x7f27d407d500
2024-05-09T05:27:37.239 INFO:teuthology.orchestra.run.smithi039.stdout:/usr/bin/ceph: stderr
2024-05-09T05:27:36.592+0000 7f27dc122700 1 -- 172.21.15.39:0/1751808447 >> [v2:172.21.15.39:6800/3184189003,v1:172.21.15.39:6801/3184189003] conn(0x7f27c003e510 msgr2=0x7f27c0040a20 secure :-1 s=STATE_CONNECTION_ESTABLISHED l=1).mark_down
2024-05-09T05:27:37.240 INFO:teuthology.orchestra.run.smithi039.stdout:/usr/bin/ceph: stderr
2024-05-09T05:27:36.592+0000 7f27dc122700 1 --2- 172.21.15.39:0/1751808447 >> [v2:172.21.15.39:6800/3184189003,v1:172.21.15.39:6801/3184189003] conn(0x7f27c003e510 0x7f27c0040a20 secure :-1 s=READY pgs=11 cs=0 l=1 rev1=1 crypto rx=0x7f27c4006fd0 tx=0x7f27c4006e40 comp rx=0 tx=0).stop
2024-05-09T05:27:37.240 INFO:teuthology.orchestra.run.smithi039.stdout:/usr/bin/ceph: stderr
2024-05-09T05:27:36.592+0000 7f27dc122700 1 -- 172.21.15.39:0/1751808447 >> [v2:172.21.15.39:3300/0,v1:172.21.15.39:6789/0] conn(0x7f27d407d500 msgr2=0x7f27d419e080 secure :-1 s=STATE_CONNECTION_ESTABLISHED l=1).mark_down
2024-05-09T05:27:37.240 INFO:teuthology.orchestra.run.smithi039.stdout:/usr/bin/ceph: stderr
2024-05-09T05:27:36.592+0000 7f27dc122700 1 --2- 172.21.15.39:0/1751808447 >> [v2:172.21.15.39:3300/0,v1:172.21.15.39:6789/0] conn(0x7f27d407d500 0x7f27d419e080 secure :-1 s=READY pgs=79 cs=0 l=1 rev1=1 crypto rx=0x7f27d0006af0 tx=0x7f27d0011aa0 comp rx=0 tx=0).stop
2024-05-09T05:27:37.240 INFO:teuthology.orchestra.run.smithi039.stdout:/usr/bin/ceph: stderr
2024-05-09T05:27:36.592+0000 7f27dc122700 1 -- 172.21.15.39:0/1751808447 shutdown_connections
2024-05-09T05:27:37.240 INFO:teuthology.orchestra.run.smithi039.stdout:/usr/bin/ceph: stderr
2024-05-09T05:27:36.592+0000 7f27dc122700 1 --2- 172.21.15.39:0/1751808447 >> [v2:172.21.15.39:6800/3184189003,v1:172.21.15.39:6801/3184189003] conn(0x7f27c003e510 0x7f27c0040a20 unknown :-1 s=CLOSED pgs=11 cs=0 l=1 rev1=1 crypto rx=0 tx=0 comp rx=0 tx=0).stop
2024-05-09T05:27:37.240 INFO:teuthology.orchestra.run.smithi039.stdout:/usr/bin/ceph: stderr
2024-05-09T05:27:36.592+0000 7f27dc122700 1 --2- 172.21.15.39:0/1751808447 >> [v2:172.21.15.39:3300/0,v1:172.21.15.39:6789/0] conn(0x7f27d407d500 0x7f27d419e080 unknown :-1 s=CLOSED pgs=79 cs=0 l=1 rev1=1 crypto rx=0 tx=0 comp rx=0 tx=0).stop
2024-05-09T05:27:37.240 INFO:teuthology.orchestra.run.smithi039.stdout:/usr/bin/ceph: stderr
2024-05-09T05:27:36.592+0000 7f27dc122700 1 -- 172.21.15.39:0/1751808447 >> 172.21.15.39:0/1751808447 conn(0x7f27d4104300 msgr2=0x7f27d4104b80 unknown :-1 s=STATE_NONE l=0).mark_down
2024-05-09T05:27:37.240 INFO:teuthology.orchestra.run.smithi039.stdout:/usr/bin/ceph: stderr
2024-05-09T05:27:36.592+0000 7f27dc122700 1 -- 172.21.15.39:0/1751808447 shutdown_connections
2024-05-09T05:27:37.240 INFO:teuthology.orchestra.run.smithi039.stdout:/usr/bin/ceph: stderr
2024-05-09T05:27:36.592+0000 7f27dc122700 1 -- 172.21.15.39:0/1751808447 wait complete.
2024-05-09T05:27:37.240 INFO:teuthology.orchestra.run.smithi039.stdout:/usr/bin/ceph: stderr set mgr/dashboard/cluster/status
2024-05-09T05:27:37.240 INFO:teuthology.orchestra.run.smithi039.stdout:You can access the Ceph CLI as following in case of multi-cluster or non-default config:
2024-05-09T05:27:37.240 INFO:teuthology.orchestra.run.smithi039.stdout:
2024-05-09T05:27:37.240 INFO:teuthology.orchestra.run.smithi039.stdout: sudo /home/ubuntu/cephtest/cephadm shell --fsid 86d4cc60-0dc4-11ef-bc97-c7b262605968 -c /etc/ceph/ceph.conf -k /etc/ceph/ceph.client.admin.keyring
2024-05-09T05:27:37.240 INFO:teuthology.orchestra.run.smithi039.stdout:
2024-05-09T05:27:37.241 INFO:teuthology.orchestra.run.smithi039.stdout:Or, if you are only running a single cluster on this host:
2024-05-09T05:27:37.241 INFO:teuthology.orchestra.run.smithi039.stdout:
2024-05-09T05:27:37.241 INFO:teuthology.orchestra.run.smithi039.stdout: sudo /home/ubuntu/cephtest/cephadm shell
2024-05-09T05:27:37.242 INFO:teuthology.orchestra.run.smithi039.stdout:
2024-05-09T05:27:37.242 INFO:teuthology.orchestra.run.smithi039.stdout:Please consider enabling telemetry to help improve Ceph:
2024-05-09T05:27:37.242 INFO:teuthology.orchestra.run.smithi039.stdout:
2024-05-09T05:27:37.242 INFO:teuthology.orchestra.run.smithi039.stdout: ceph telemetry on
2024-05-09T05:27:37.242 INFO:teuthology.orchestra.run.smithi039.stdout:
2024-05-09T05:27:37.242 INFO:teuthology.orchestra.run.smithi039.stdout:For more information see:
2024-05-09T05:27:37.242 INFO:teuthology.orchestra.run.smithi039.stdout:
2024-05-09T05:27:37.242 INFO:teuthology.orchestra.run.smithi039.stdout: https://docs.ceph.com/en/latest/mgr/telemetry/
2024-05-09T05:27:37.242 INFO:teuthology.orchestra.run.smithi039.stdout:
2024-05-09T05:27:37.242 INFO:teuthology.orchestra.run.smithi039.stdout:Bootstrap complete.
2024-05-09T05:27:37.276 INFO:tasks.cephadm:Fetching config...
2024-05-09T05:27:37.276 DEBUG:teuthology.orchestra.run.smithi039:> set -ex
2024-05-09T05:27:37.276 DEBUG:teuthology.orchestra.run.smithi039:> dd if=/etc/ceph/ceph.conf of=/dev/stdout
2024-05-09T05:27:37.294 INFO:tasks.cephadm:Fetching client.admin keyring...
2024-05-09T05:27:37.294 DEBUG:teuthology.orchestra.run.smithi039:> set -ex
2024-05-09T05:27:37.294 DEBUG:teuthology.orchestra.run.smithi039:> dd if=/etc/ceph/ceph.client.admin.keyring of=/dev/stdout
2024-05-09T05:27:37.351 INFO:tasks.cephadm:Fetching mon keyring...
2024-05-09T05:27:37.352 DEBUG:teuthology.orchestra.run.smithi039:> set -ex
2024-05-09T05:27:37.352 DEBUG:teuthology.orchestra.run.smithi039:> sudo dd if=/var/lib/ceph/86d4cc60-0dc4-11ef-bc97-c7b262605968/mon.a/keyring of=/dev/stdout
2024-05-09T05:27:37.420 INFO:tasks.cephadm:Fetching pub ssh key...
2024-05-09T05:27:37.420 DEBUG:teuthology.orchestra.run.smithi039:> set -ex
2024-05-09T05:27:37.420 DEBUG:teuthology.orchestra.run.smithi039:> dd if=/home/ubuntu/cephtest/ceph.pub of=/dev/stdout
2024-05-09T05:27:37.477 INFO:tasks.cephadm:Installing pub ssh key for root users...
2024-05-09T05:27:37.477 DEBUG:teuthology.orchestra.run.smithi039:> sudo install -d -m 0700 /root/.ssh && echo 'ssh-rsa AAAAB3NzaC1yc2EAAAADAQABAAABgQC5cAw5nNw3w8j10PeIBbyqRaxdHF1dwKvSJh++B46vwQeQKPUH+qIjrvpCMBN6mIb1h/t8KGic9kLjBlIotyCYlTfjIlRGqxzZI9ChAEEVN/6XaQRvfqIWft0d/5YCkFisaeym2YNFC81NZXcmPiuCcocc4R3ibNeI+2HCLovwPf2ZuCbtKyETC115RPDoSz0S0qpshdgFL8sFY7LkiZuGhRahdIXJH7ZMWwfo2d4q+/y4CVshdtBGnpnz17OJiZDlInzBOC+ghXcOGVulyJiLY730EATJUYztgZrtWA6BwsgNO6EHbyZeFtQL9S4rznmFWxa1PPKDtR1XW9HiL9jkHxGpag4OpKrW/0nmTUEYKISFTN6eZYN5R217/eqQpLUUmHBRtUObYEzyyU+VI3ixDC756yl3gd8W0lv3z1nor8yLL436ZAiNxkgut3f84NsQDWpazMkPdx4wVSgnJd/YRfPd15WzDvAN44KqvPf3WPJsl8fRy6eLB0W1IDw6IYE= ceph-86d4cc60-0dc4-11ef-bc97-c7b262605968' | sudo tee -a /root/.ssh/authorized_keys && sudo chmod 0600 /root/.ssh/authorized_keys
2024-05-09T05:27:37.563 INFO:teuthology.orchestra.run.smithi039.stdout:ssh-rsa AAAAB3NzaC1yc2EAAAADAQABAAABgQC5cAw5nNw3w8j10PeIBbyqRaxdHF1dwKvSJh++B46vwQeQKPUH+qIjrvpCMBN6mIb1h/t8KGic9kLjBlIotyCYlTfjIlRGqxzZI9ChAEEVN/6XaQRvfqIWft0d/5YCkFisaeym2YNFC81NZXcmPiuCcocc4R3ibNeI+2HCLovwPf2ZuCbtKyETC115RPDoSz0S0qpshdgFL8sFY7LkiZuGhRahdIXJH7ZMWwfo2d4q+/y4CVshdtBGnpnz17OJiZDlInzBOC+ghXcOGVulyJiLY730EATJUYztgZrtWA6BwsgNO6EHbyZeFtQL9S4rznmFWxa1PPKDtR1XW9HiL9jkHxGpag4OpKrW/0nmTUEYKISFTN6eZYN5R217/eqQpLUUmHBRtUObYEzyyU+VI3ixDC756yl3gd8W0lv3z1nor8yLL436ZAiNxkgut3f84NsQDWpazMkPdx4wVSgnJd/YRfPd15WzDvAN44KqvPf3WPJsl8fRy6eLB0W1IDw6IYE= ceph-86d4cc60-0dc4-11ef-bc97-c7b262605968
2024-05-09T05:27:37.575 DEBUG:teuthology.orchestra.run.smithi060:> sudo install -d -m 0700 /root/.ssh && echo 'ssh-rsa AAAAB3NzaC1yc2EAAAADAQABAAABgQC5cAw5nNw3w8j10PeIBbyqRaxdHF1dwKvSJh++B46vwQeQKPUH+qIjrvpCMBN6mIb1h/t8KGic9kLjBlIotyCYlTfjIlRGqxzZI9ChAEEVN/6XaQRvfqIWft0d/5YCkFisaeym2YNFC81NZXcmPiuCcocc4R3ibNeI+2HCLovwPf2ZuCbtKyETC115RPDoSz0S0qpshdgFL8sFY7LkiZuGhRahdIXJH7ZMWwfo2d4q+/y4CVshdtBGnpnz17OJiZDlInzBOC+ghXcOGVulyJiLY730EATJUYztgZrtWA6BwsgNO6EHbyZeFtQL9S4rznmFWxa1PPKDtR1XW9HiL9jkHxGpag4OpKrW/0nmTUEYKISFTN6eZYN5R217/eqQpLUUmHBRtUObYEzyyU+VI3ixDC756yl3gd8W0lv3z1nor8yLL436ZAiNxkgut3f84NsQDWpazMkPdx4wVSgnJd/YRfPd15WzDvAN44KqvPf3WPJsl8fRy6eLB0W1IDw6IYE= ceph-86d4cc60-0dc4-11ef-bc97-c7b262605968' | sudo tee -a /root/.ssh/authorized_keys && sudo chmod 0600 /root/.ssh/authorized_keys
2024-05-09T05:27:37.615 INFO:teuthology.orchestra.run.smithi060.stdout:ssh-rsa AAAAB3NzaC1yc2EAAAADAQABAAABgQC5cAw5nNw3w8j10PeIBbyqRaxdHF1dwKvSJh++B46vwQeQKPUH+qIjrvpCMBN6mIb1h/t8KGic9kLjBlIotyCYlTfjIlRGqxzZI9ChAEEVN/6XaQRvfqIWft0d/5YCkFisaeym2YNFC81NZXcmPiuCcocc4R3ibNeI+2HCLovwPf2ZuCbtKyETC115RPDoSz0S0qpshdgFL8sFY7LkiZuGhRahdIXJH7ZMWwfo2d4q+/y4CVshdtBGnpnz17OJiZDlInzBOC+ghXcOGVulyJiLY730EATJUYztgZrtWA6BwsgNO6EHbyZeFtQL9S4rznmFWxa1PPKDtR1XW9HiL9jkHxGpag4OpKrW/0nmTUEYKISFTN6eZYN5R217/eqQpLUUmHBRtUObYEzyyU+VI3ixDC756yl3gd8W0lv3z1nor8yLL436ZAiNxkgut3f84NsQDWpazMkPdx4wVSgnJd/YRfPd15WzDvAN44KqvPf3WPJsl8fRy6eLB0W1IDw6IYE= ceph-86d4cc60-0dc4-11ef-bc97-c7b262605968
2024-05-09T05:27:37.627 DEBUG:teuthology.orchestra.run.smithi100:> sudo install -d -m 0700 /root/.ssh && echo 'ssh-rsa AAAAB3NzaC1yc2EAAAADAQABAAABgQC5cAw5nNw3w8j10PeIBbyqRaxdHF1dwKvSJh++B46vwQeQKPUH+qIjrvpCMBN6mIb1h/t8KGic9kLjBlIotyCYlTfjIlRGqxzZI9ChAEEVN/6XaQRvfqIWft0d/5YCkFisaeym2YNFC81NZXcmPiuCcocc4R3ibNeI+2HCLovwPf2ZuCbtKyETC115RPDoSz0S0qpshdgFL8sFY7LkiZuGhRahdIXJH7ZMWwfo2d4q+/y4CVshdtBGnpnz17OJiZDlInzBOC+ghXcOGVulyJiLY730EATJUYztgZrtWA6BwsgNO6EHbyZeFtQL9S4rznmFWxa1PPKDtR1XW9HiL9jkHxGpag4OpKrW/0nmTUEYKISFTN6eZYN5R217/eqQpLUUmHBRtUObYEzyyU+VI3ixDC756yl3gd8W0lv3z1nor8yLL436ZAiNxkgut3f84NsQDWpazMkPdx4wVSgnJd/YRfPd15WzDvAN44KqvPf3WPJsl8fRy6eLB0W1IDw6IYE= ceph-86d4cc60-0dc4-11ef-bc97-c7b262605968' | sudo tee -a /root/.ssh/authorized_keys && sudo chmod 0600 /root/.ssh/authorized_keys
2024-05-09T05:27:37.668 INFO:teuthology.orchestra.run.smithi100.stdout:ssh-rsa AAAAB3NzaC1yc2EAAAADAQABAAABgQC5cAw5nNw3w8j10PeIBbyqRaxdHF1dwKvSJh++B46vwQeQKPUH+qIjrvpCMBN6mIb1h/t8KGic9kLjBlIotyCYlTfjIlRGqxzZI9ChAEEVN/6XaQRvfqIWft0d/5YCkFisaeym2YNFC81NZXcmPiuCcocc4R3ibNeI+2HCLovwPf2ZuCbtKyETC115RPDoSz0S0qpshdgFL8sFY7LkiZuGhRahdIXJH7ZMWwfo2d4q+/y4CVshdtBGnpnz17OJiZDlInzBOC+ghXcOGVulyJiLY730EATJUYztgZrtWA6BwsgNO6EHbyZeFtQL9S4rznmFWxa1PPKDtR1XW9HiL9jkHxGpag4OpKrW/0nmTUEYKISFTN6eZYN5R217/eqQpLUUmHBRtUObYEzyyU+VI3ixDC756yl3gd8W0lv3z1nor8yLL436ZAiNxkgut3f84NsQDWpazMkPdx4wVSgnJd/YRfPd15WzDvAN44KqvPf3WPJsl8fRy6eLB0W1IDw6IYE= ceph-86d4cc60-0dc4-11ef-bc97-c7b262605968
2024-05-09T05:27:37.679 DEBUG:teuthology.orchestra.run.smithi039:> sudo /home/ubuntu/cephtest/cephadm --image quay-quay-quay.apps.os.sepia.ceph.com/ceph-ci/ceph:c9da4049f638c0f84bdd9b4e33c42e86046ac554 shell -c /etc/ceph/ceph.conf -k /etc/ceph/ceph.client.admin.keyring --fsid 86d4cc60-0dc4-11ef-bc97-c7b262605968 -- ceph config set mgr mgr/cephadm/allow_ptrace true
2024-05-09T05:27:37.861 INFO:journalctl@ceph.mon.a.smithi039.stdout:May 09 05:27:37 smithi039 ceph-mon[30439]: from='client.? 172.21.15.39:0/1751808447' entity='client.admin'
2024-05-09T05:27:37.931 INFO:teuthology.orchestra.run.smithi039.stderr:Inferring config /var/lib/ceph/86d4cc60-0dc4-11ef-bc97-c7b262605968/mon.a/config
2024-05-09T05:27:39.966 INFO:teuthology.orchestra.run.smithi039.stderr:2024-05-09T05:27:39.970+0000 7fd5bfd9a700 1 -- 172.21.15.39:0/2633384733 >> [v2:172.21.15.39:3300/0,v1:172.21.15.39:6789/0] conn(0x7fd5b8102ae0 msgr2=0x7fd5b8102ef0 secure :-1 s=STATE_CONNECTION_ESTABLISHED l=1).mark_down
2024-05-09T05:27:39.966 INFO:teuthology.orchestra.run.smithi039.stderr:2024-05-09T05:27:39.970+0000 7fd5bfd9a700 1 --2- 172.21.15.39:0/2633384733 >> [v2:172.21.15.39:3300/0,v1:172.21.15.39:6789/0] conn(0x7fd5b8102ae0 0x7fd5b8102ef0 secure :-1 s=READY pgs=80 cs=0 l=1 rev1=1 crypto rx=0x7fd5b4009910 tx=0x7fd5b4009c20 comp rx=0 tx=0).stop
2024-05-09T05:27:39.967 INFO:teuthology.orchestra.run.smithi039.stderr:2024-05-09T05:27:39.970+0000 7fd5bfd9a700 1 -- 172.21.15.39:0/2633384733 shutdown_connections
2024-05-09T05:27:39.967 INFO:teuthology.orchestra.run.smithi039.stderr:2024-05-09T05:27:39.970+0000 7fd5bfd9a700 1 --2- 172.21.15.39:0/2633384733 >> [v2:172.21.15.39:3300/0,v1:172.21.15.39:6789/0] conn(0x7fd5b8102ae0 0x7fd5b8102ef0 unknown :-1 s=CLOSED pgs=80 cs=0 l=1 rev1=1 crypto rx=0 tx=0 comp rx=0 tx=0).stop
2024-05-09T05:27:39.967 INFO:teuthology.orchestra.run.smithi039.stderr:2024-05-09T05:27:39.970+0000 7fd5bfd9a700 1 -- 172.21.15.39:0/2633384733 >> 172.21.15.39:0/2633384733 conn(0x7fd5b80fe140 msgr2=0x7fd5b81005d0 unknown :-1 s=STATE_NONE l=0).mark_down
2024-05-09T05:27:39.967 INFO:teuthology.orchestra.run.smithi039.stderr:2024-05-09T05:27:39.970+0000 7fd5bfd9a700 1 -- 172.21.15.39:0/2633384733 shutdown_connections
2024-05-09T05:27:39.967 INFO:teuthology.orchestra.run.smithi039.stderr:2024-05-09T05:27:39.970+0000 7fd5bfd9a700 1 -- 172.21.15.39:0/2633384733 wait complete.
2024-05-09T05:27:39.967 INFO:teuthology.orchestra.run.smithi039.stderr:2024-05-09T05:27:39.971+0000 7fd5bfd9a700 1 Processor -- start
2024-05-09T05:27:39.967 INFO:teuthology.orchestra.run.smithi039.stderr:2024-05-09T05:27:39.971+0000 7fd5bfd9a700 1 -- start start
2024-05-09T05:27:39.967 INFO:teuthology.orchestra.run.smithi039.stderr:2024-05-09T05:27:39.971+0000 7fd5bfd9a700 1 --2- >> [v2:172.21.15.39:3300/0,v1:172.21.15.39:6789/0] conn(0x7fd5b8102ae0 0x7fd5b806c460 unknown :-1 s=NONE pgs=0 cs=0 l=1 rev1=0 crypto rx=0 tx=0 comp rx=0 tx=0).connect
2024-05-09T05:27:39.967 INFO:teuthology.orchestra.run.smithi039.stderr:2024-05-09T05:27:39.971+0000 7fd5bfd9a700 1 -- --> [v2:172.21.15.39:3300/0,v1:172.21.15.39:6789/0] -- mon_getmap magic: 0 -- 0x7fd5b8108aa0 con 0x7fd5b8102ae0
2024-05-09T05:27:39.967 INFO:teuthology.orchestra.run.smithi039.stderr:2024-05-09T05:27:39.971+0000 7fd5bdb36700 1 --2- >> [v2:172.21.15.39:3300/0,v1:172.21.15.39:6789/0] conn(0x7fd5b8102ae0 0x7fd5b806c460 unknown :-1 s=BANNER_CONNECTING pgs=0 cs=0 l=1 rev1=0 crypto rx=0 tx=0 comp rx=0 tx=0)._handle_peer_banner_payload supported=3 required=0
2024-05-09T05:27:39.967 INFO:teuthology.orchestra.run.smithi039.stderr:2024-05-09T05:27:39.971+0000 7fd5bdb36700 1 --2- >> [v2:172.21.15.39:3300/0,v1:172.21.15.39:6789/0] conn(0x7fd5b8102ae0 0x7fd5b806c460 unknown :-1 s=HELLO_CONNECTING pgs=0 cs=0 l=1 rev1=1 crypto rx=0 tx=0 comp rx=0 tx=0).handle_hello peer v2:172.21.15.39:3300/0 says I am v2:172.21.15.39:58550/0 (socket says 172.21.15.39:58550)
2024-05-09T05:27:39.967 INFO:teuthology.orchestra.run.smithi039.stderr:2024-05-09T05:27:39.971+0000 7fd5bdb36700 1 -- 172.21.15.39:0/2808622395 learned_addr learned my addr 172.21.15.39:0/2808622395 (peer_addr_for_me v2:172.21.15.39:0/0)
2024-05-09T05:27:39.967 INFO:teuthology.orchestra.run.smithi039.stderr:2024-05-09T05:27:39.972+0000 7fd5bdb36700 1 -- 172.21.15.39:0/2808622395 --> [v2:172.21.15.39:3300/0,v1:172.21.15.39:6789/0] -- mon_subscribe({config=0+,monmap=0+}) -- 0x7fd5b806c9a0 con 0x7fd5b8102ae0
2024-05-09T05:27:39.968 INFO:teuthology.orchestra.run.smithi039.stderr:2024-05-09T05:27:39.972+0000 7fd5bdb36700 1 --2- 172.21.15.39:0/2808622395 >> [v2:172.21.15.39:3300/0,v1:172.21.15.39:6789/0] conn(0x7fd5b8102ae0 0x7fd5b806c460 secure :-1 s=READY pgs=81 cs=0 l=1 rev1=1 crypto rx=0x7fd5b40057d0 tx=0x7fd5b4005800 comp rx=0 tx=0).ready entity=mon.0 client_cookie=0 server_cookie=0 in_seq=0 out_seq=0
2024-05-09T05:27:39.969 INFO:teuthology.orchestra.run.smithi039.stderr:2024-05-09T05:27:39.972+0000 7fd5aeffd700 1 -- 172.21.15.39:0/2808622395 <== mon.0 v2:172.21.15.39:3300/0 1 ==== mon_map magic: 0 ==== 205+0+0 (secure 0 0 0) 0x7fd5b4027070 con 0x7fd5b8102ae0
2024-05-09T05:27:39.969 INFO:teuthology.orchestra.run.smithi039.stderr:2024-05-09T05:27:39.972+0000 7fd5aeffd700 1 -- 172.21.15.39:0/2808622395 <== mon.0 v2:172.21.15.39:3300/0 2 ==== config(26 keys) ==== 1101+0+0 (secure 0 0 0) 0x7fd5b400be10 con 0x7fd5b8102ae0
2024-05-09T05:27:39.969 INFO:teuthology.orchestra.run.smithi039.stderr:2024-05-09T05:27:39.972+0000 7fd5bfd9a700 1 -- 172.21.15.39:0/2808622395 --> [v2:172.21.15.39:3300/0,v1:172.21.15.39:6789/0] -- mon_subscribe({mgrmap=0+}) -- 0x7fd5b819c4d0 con 0x7fd5b8102ae0
2024-05-09T05:27:39.969 INFO:teuthology.orchestra.run.smithi039.stderr:2024-05-09T05:27:39.972+0000 7fd5aeffd700 1 -- 172.21.15.39:0/2808622395 <== mon.0 v2:172.21.15.39:3300/0 3 ==== mon_map magic: 0 ==== 205+0+0 (secure 0 0 0) 0x7fd5b4022dd0 con 0x7fd5b8102ae0
2024-05-09T05:27:39.969 INFO:teuthology.orchestra.run.smithi039.stderr:2024-05-09T05:27:39.972+0000 7fd5bfd9a700 1 -- 172.21.15.39:0/2808622395 --> [v2:172.21.15.39:3300/0,v1:172.21.15.39:6789/0] -- mon_subscribe({osdmap=0}) -- 0x7fd5b819c950 con 0x7fd5b8102ae0
2024-05-09T05:27:39.969 INFO:teuthology.orchestra.run.smithi039.stderr:2024-05-09T05:27:39.973+0000 7fd5aeffd700 1 -- 172.21.15.39:0/2808622395 <== mon.0 v2:172.21.15.39:3300/0 4 ==== mgrmap(e 13) ==== 50278+0+0 (secure 0 0 0) 0x7fd5b402a070 con 0x7fd5b8102ae0
2024-05-09T05:27:39.969 INFO:teuthology.orchestra.run.smithi039.stderr:2024-05-09T05:27:39.973+0000 7fd5bfd9a700 1 -- 172.21.15.39:0/2808622395 --> [v2:172.21.15.39:3300/0,v1:172.21.15.39:6789/0] -- mon_command({"prefix": "get_command_descriptions"} v 0) -- 0x7fd5b8109220 con 0x7fd5b8102ae0
2024-05-09T05:27:39.969 INFO:teuthology.orchestra.run.smithi039.stderr:2024-05-09T05:27:39.973+0000 7fd5aeffd700 1 --2- 172.21.15.39:0/2808622395 >> [v2:172.21.15.39:6800/3184189003,v1:172.21.15.39:6801/3184189003] conn(0x7fd5a403e510 0x7fd5a4040a20 unknown :-1 s=NONE pgs=0 cs=0 l=1 rev1=0 crypto rx=0 tx=0 comp rx=0 tx=0).connect
2024-05-09T05:27:39.969 INFO:teuthology.orchestra.run.smithi039.stderr:2024-05-09T05:27:39.973+0000 7fd5aeffd700 1 -- 172.21.15.39:0/2808622395 <== mon.0 v2:172.21.15.39:3300/0 5 ==== osd_map(3..3 src has 1..3) ==== 1155+0+0 (secure 0 0 0) 0x7fd5b401e030 con 0x7fd5b8102ae0
2024-05-09T05:27:39.969 INFO:teuthology.orchestra.run.smithi039.stderr:2024-05-09T05:27:39.973+0000 7fd5bd335700 1 --2- 172.21.15.39:0/2808622395 >> [v2:172.21.15.39:6800/3184189003,v1:172.21.15.39:6801/3184189003] conn(0x7fd5a403e510 0x7fd5a4040a20 unknown :-1 s=BANNER_CONNECTING pgs=0 cs=0 l=1 rev1=0 crypto rx=0 tx=0 comp rx=0 tx=0)._handle_peer_banner_payload supported=3 required=0
2024-05-09T05:27:39.970 INFO:teuthology.orchestra.run.smithi039.stderr:2024-05-09T05:27:39.974+0000 7fd5bd335700 1 --2- 172.21.15.39:0/2808622395 >> [v2:172.21.15.39:6800/3184189003,v1:172.21.15.39:6801/3184189003] conn(0x7fd5a403e510 0x7fd5a4040a20 secure :-1 s=READY pgs=12 cs=0 l=1 rev1=1 crypto rx=0x7fd5a8006fd0 tx=0x7fd5a8006e40 comp rx=0 tx=0).ready entity=mgr.14152 client_cookie=0 server_cookie=0 in_seq=0 out_seq=0
2024-05-09T05:27:39.973 INFO:teuthology.orchestra.run.smithi039.stderr:2024-05-09T05:27:39.979+0000 7fd5aeffd700 1 -- 172.21.15.39:0/2808622395 <== mon.0 v2:172.21.15.39:3300/0 6 ==== mon_command_ack([{"prefix": "get_command_descriptions"}]=0 v0) ==== 72+0+191963 (secure 0 0 0) 0x7fd5b4013070 con 0x7fd5b8102ae0
2024-05-09T05:27:40.188 INFO:teuthology.orchestra.run.smithi039.stderr:2024-05-09T05:27:40.194+0000 7fd5bfd9a700 1 -- 172.21.15.39:0/2808622395 --> [v2:172.21.15.39:3300/0,v1:172.21.15.39:6789/0] -- mon_command([{prefix=config set, name=mgr/cephadm/allow_ptrace}] v 0) -- 0x7fd5b802e870 con 0x7fd5b8102ae0
2024-05-09T05:27:40.191 INFO:teuthology.orchestra.run.smithi039.stderr:2024-05-09T05:27:40.196+0000 7fd5aeffd700 1 -- 172.21.15.39:0/2808622395 <== mon.0 v2:172.21.15.39:3300/0 7 ==== mon_command_ack([{prefix=config set, name=mgr/cephadm/allow_ptrace}]=0 v9)=0 v9) ==== 125+0+0 (secure 0 0 0) 0x7fd5b40310c0 con 0x7fd5b8102ae0
2024-05-09T05:27:40.193 INFO:teuthology.orchestra.run.smithi039.stderr:2024-05-09T05:27:40.198+0000 7fd5bfd9a700 1 -- 172.21.15.39:0/2808622395 >> [v2:172.21.15.39:6800/3184189003,v1:172.21.15.39:6801/3184189003] conn(0x7fd5a403e510 msgr2=0x7fd5a4040a20 secure :-1 s=STATE_CONNECTION_ESTABLISHED l=1).mark_down
2024-05-09T05:27:40.193 INFO:teuthology.orchestra.run.smithi039.stderr:2024-05-09T05:27:40.198+0000 7fd5bfd9a700 1 --2- 172.21.15.39:0/2808622395 >> [v2:172.21.15.39:6800/3184189003,v1:172.21.15.39:6801/3184189003] conn(0x7fd5a403e510 0x7fd5a4040a20 secure :-1 s=READY pgs=12 cs=0 l=1 rev1=1 crypto rx=0x7fd5a8006fd0 tx=0x7fd5a8006e40 comp rx=0 tx=0).stop
2024-05-09T05:27:40.194 INFO:teuthology.orchestra.run.smithi039.stderr:2024-05-09T05:27:40.198+0000 7fd5bfd9a700 1 -- 172.21.15.39:0/2808622395 >> [v2:172.21.15.39:3300/0,v1:172.21.15.39:6789/0] conn(0x7fd5b8102ae0 msgr2=0x7fd5b806c460 secure :-1 s=STATE_CONNECTION_ESTABLISHED l=1).mark_down
2024-05-09T05:27:40.194 INFO:teuthology.orchestra.run.smithi039.stderr:2024-05-09T05:27:40.198+0000 7fd5bfd9a700 1 --2- 172.21.15.39:0/2808622395 >> [v2:172.21.15.39:3300/0,v1:172.21.15.39:6789/0] conn(0x7fd5b8102ae0 0x7fd5b806c460 secure :-1 s=READY pgs=81 cs=0 l=1 rev1=1 crypto rx=0x7fd5b40057d0 tx=0x7fd5b4005800 comp rx=0 tx=0).stop
2024-05-09T05:27:40.194 INFO:teuthology.orchestra.run.smithi039.stderr:2024-05-09T05:27:40.199+0000 7fd5bfd9a700 1 -- 172.21.15.39:0/2808622395 shutdown_connections
2024-05-09T05:27:40.194 INFO:teuthology.orchestra.run.smithi039.stderr:2024-05-09T05:27:40.199+0000 7fd5bfd9a700 1 --2- 172.21.15.39:0/2808622395 >> [v2:172.21.15.39:6800/3184189003,v1:172.21.15.39:6801/3184189003] conn(0x7fd5a403e510 0x7fd5a4040a20 unknown :-1 s=CLOSED pgs=12 cs=0 l=1 rev1=1 crypto rx=0 tx=0 comp rx=0 tx=0).stop
2024-05-09T05:27:40.194 INFO:teuthology.orchestra.run.smithi039.stderr:2024-05-09T05:27:40.199+0000 7fd5bfd9a700 1 --2- 172.21.15.39:0/2808622395 >> [v2:172.21.15.39:3300/0,v1:172.21.15.39:6789/0] conn(0x7fd5b8102ae0 0x7fd5b806c460 unknown :-1 s=CLOSED pgs=81 cs=0 l=1 rev1=1 crypto rx=0 tx=0 comp rx=0 tx=0).stop
2024-05-09T05:27:40.194 INFO:teuthology.orchestra.run.smithi039.stderr:2024-05-09T05:27:40.199+0000 7fd5bfd9a700 1 -- 172.21.15.39:0/2808622395 >> 172.21.15.39:0/2808622395 conn(0x7fd5b80fe140 msgr2=0x7fd5b80fee20 unknown :-1 s=STATE_NONE l=0).mark_down
2024-05-09T05:27:40.194 INFO:teuthology.orchestra.run.smithi039.stderr:2024-05-09T05:27:40.199+0000 7fd5bfd9a700 1 -- 172.21.15.39:0/2808622395 shutdown_connections
2024-05-09T05:27:40.194 INFO:teuthology.orchestra.run.smithi039.stderr:2024-05-09T05:27:40.199+0000 7fd5bfd9a700 1 -- 172.21.15.39:0/2808622395 wait complete.
2024-05-09T05:27:40.611 INFO:journalctl@ceph.mon.a.smithi039.stdout:May 09 05:27:40 smithi039 ceph-mon[30439]: from='mgr.14152 172.21.15.39:0/3002320112' entity='mgr.x'
2024-05-09T05:27:40.611 INFO:journalctl@ceph.mon.a.smithi039.stdout:May 09 05:27:40 smithi039 ceph-mon[30439]: from='mgr.14152 172.21.15.39:0/3002320112' entity='mgr.x'
2024-05-09T05:27:40.611 INFO:journalctl@ceph.mon.a.smithi039.stdout:May 09 05:27:40 smithi039 ceph-mon[30439]: from='mgr.14152 172.21.15.39:0/3002320112' entity='mgr.x' cmd=[{"prefix": "config rm", "who": "osd/host:smithi039", "name": "osd_memory_target"}]: dispatch
