2024-05-09T05:26:00.243+0000 7f57bca92700 1 -- 172.21.15.115:0/138946524 --> [v2:172.21.15.115:3300/0,v1:172.21.15.115:6789/0] -- mon_subscribe({config=0+,monmap=0+}) -- 0x7f57b819e2e0 con 0x7f57b810a540
2024-05-09T05:26:01.121 INFO:teuthology.orchestra.run.smithi115.stdout:/usr/bin/ceph: stderr
2024-05-09T05:26:00.243+0000 7f57bca92700 1 --2- 172.21.15.115:0/138946524 >> [v2:172.21.15.115:3300/0,v1:172.21.15.115:6789/0] conn(0x7f57b810a540 0x7f57b819dda0 secure :-1 s=READY pgs=25 cs=0 l=1 rev1=1 crypto rx=0x7f57ac0119b0 tx=0x7f57ac011a90 comp rx=0 tx=0).ready entity=mon.0 client_cookie=0 server_cookie=0 in_seq=0 out_seq=0
2024-05-09T05:26:01.121 INFO:teuthology.orchestra.run.smithi115.stdout:/usr/bin/ceph: stderr
2024-05-09T05:26:00.244+0000 7f57b5ffb700 1 -- 172.21.15.115:0/138946524 <== mon.0 v2:172.21.15.115:3300/0 1 ==== mon_map magic: 0 ==== 205+0+0 (secure 0 0 0) 0x7f57ac003af0 con 0x7f57b810a540
2024-05-09T05:26:01.121 INFO:teuthology.orchestra.run.smithi115.stdout:/usr/bin/ceph: stderr
2024-05-09T05:26:00.244+0000 7f57b5ffb700 1 -- 172.21.15.115:0/138946524 <== mon.0 v2:172.21.15.115:3300/0 2 ==== config(25 keys) ==== 1032+0+0 (secure 0 0 0) 0x7f57ac01a8a0 con 0x7f57b810a540
2024-05-09T05:26:01.121 INFO:teuthology.orchestra.run.smithi115.stdout:/usr/bin/ceph: stderr
2024-05-09T05:26:00.244+0000 7f57becf6700 1 -- 172.21.15.115:0/138946524 --> [v2:172.21.15.115:3300/0,v1:172.21.15.115:6789/0] -- mon_subscribe({mgrmap=0+}) -- 0x7f57b819e570 con 0x7f57b810a540
2024-05-09T05:26:01.121 INFO:teuthology.orchestra.run.smithi115.stdout:/usr/bin/ceph: stderr
2024-05-09T05:26:00.244+0000 7f57b5ffb700 1 -- 172.21.15.115:0/138946524 <== mon.0 v2:172.21.15.115:3300/0 3 ==== mon_map magic: 0 ==== 205+0+0 (secure 0 0 0) 0x7f57ac024830 con 0x7f57b810a540
2024-05-09T05:26:01.121 INFO:teuthology.orchestra.run.smithi115.stdout:/usr/bin/ceph: stderr
2024-05-09T05:26:00.244+0000 7f57becf6700 1 -- 172.21.15.115:0/138946524 --> [v2:172.21.15.115:3300/0,v1:172.21.15.115:6789/0] -- mon_subscribe({osdmap=0}) -- 0x7f57b81a1180 con 0x7f57b810a540
2024-05-09T05:26:01.121 INFO:teuthology.orchestra.run.smithi115.stdout:/usr/bin/ceph: stderr
2024-05-09T05:26:00.245+0000 7f57b5ffb700 1 -- 172.21.15.115:0/138946524 <== mon.0 v2:172.21.15.115:3300/0 4 ==== mgrmap(e 5) ==== 50222+0+0 (secure 0 0 0) 0x7f57ac022020 con 0x7f57b810a540
2024-05-09T05:26:01.122 INFO:teuthology.orchestra.run.smithi115.stdout:/usr/bin/ceph: stderr
2024-05-09T05:26:00.245+0000 7f57becf6700 1 -- 172.21.15.115:0/138946524 --> [v2:172.21.15.115:3300/0,v1:172.21.15.115:6789/0] -- mon_command({"prefix": "get_command_descriptions"} v 0) -- 0x7f57b8064e20 con 0x7f57b810a540
2024-05-09T05:26:01.122 INFO:teuthology.orchestra.run.smithi115.stdout:/usr/bin/ceph: stderr
2024-05-09T05:26:00.245+0000 7f57b5ffb700 1 --2- 172.21.15.115:0/138946524 >> [v2:172.21.15.115:6800/1212404088,v1:172.21.15.115:6801/1212404088] conn(0x7f57a803e580 0x7f57a8040a90 unknown :-1 s=NONE pgs=0 cs=0 l=1 rev1=0 crypto rx=0 tx=0 comp rx=0 tx=0).connect
2024-05-09T05:26:01.122 INFO:teuthology.orchestra.run.smithi115.stdout:/usr/bin/ceph: stderr
2024-05-09T05:26:00.245+0000 7f57b5ffb700 1 -- 172.21.15.115:0/138946524 <== mon.0 v2:172.21.15.115:3300/0 5 ==== osd_map(1..1 src has 1..1) ==== 725+0+0 (secure 0 0 0) 0x7f57ac0535c0 con 0x7f57b810a540
2024-05-09T05:26:01.122 INFO:teuthology.orchestra.run.smithi115.stdout:/usr/bin/ceph: stderr
2024-05-09T05:26:00.245+0000 7f57b7fff700 1 -- 172.21.15.115:0/138946524 >> [v2:172.21.15.115:6800/1212404088,v1:172.21.15.115:6801/1212404088] conn(0x7f57a803e580 msgr2=0x7f57a8040a90 unknown :-1 s=STATE_CONNECTING_RE l=1).process reconnect failed to v2:172.21.15.115:6800/1212404088
2024-05-09T05:26:01.122 INFO:teuthology.orchestra.run.smithi115.stdout:/usr/bin/ceph: stderr
2024-05-09T05:26:00.245+0000 7f57b7fff700 1 --2- 172.21.15.115:0/138946524 >> [v2:172.21.15.115:6800/1212404088,v1:172.21.15.115:6801/1212404088] conn(0x7f57a803e580 0x7f57a8040a90 unknown :-1 s=START_CONNECT pgs=0 cs=0 l=1 rev1=0 crypto rx=0 tx=0 comp rx=0 tx=0)._fault waiting 0.200000
2024-05-09T05:26:01.122 INFO:teuthology.orchestra.run.smithi115.stdout:/usr/bin/ceph: stderr
2024-05-09T05:26:00.250+0000 7f57b5ffb700 1 -- 172.21.15.115:0/138946524 <== mon.0 v2:172.21.15.115:3300/0 6 ==== mon_command_ack([{"prefix": "get_command_descriptions"}]=0 v0) ==== 72+0+191963 (secure 0 0 0) 0x7f57ac00e260 con 0x7f57b810a540
2024-05-09T05:26:01.122 INFO:teuthology.orchestra.run.smithi115.stdout:/usr/bin/ceph: stderr
2024-05-09T05:26:00.446+0000 7f57b7fff700 1 -- 172.21.15.115:0/138946524 >> [v2:172.21.15.115:6800/1212404088,v1:172.21.15.115:6801/1212404088] conn(0x7f57a803e580 msgr2=0x7f57a8040a90 unknown :-1 s=STATE_CONNECTING_RE l=1).process reconnect failed to v2:172.21.15.115:6800/1212404088
2024-05-09T05:26:01.122 INFO:teuthology.orchestra.run.smithi115.stdout:/usr/bin/ceph: stderr
2024-05-09T05:26:00.446+0000 7f57b7fff700 1 --2- 172.21.15.115:0/138946524 >> [v2:172.21.15.115:6800/1212404088,v1:172.21.15.115:6801/1212404088] conn(0x7f57a803e580 0x7f57a8040a90 unknown :-1 s=START_CONNECT pgs=0 cs=0 l=1 rev1=0 crypto rx=0 tx=0 comp rx=0 tx=0)._fault waiting 0.400000
2024-05-09T05:26:01.122 INFO:teuthology.orchestra.run.smithi115.stdout:/usr/bin/ceph: stderr
2024-05-09T05:26:00.517+0000 7f57becf6700 1 -- 172.21.15.115:0/138946524 --> [v2:172.21.15.115:3300/0,v1:172.21.15.115:6789/0] -- mon_command({"prefix": "mgr stat"} v 0) -- 0x7f57b81a13a0 con 0x7f57b810a540
2024-05-09T05:26:01.122 INFO:teuthology.orchestra.run.smithi115.stdout:/usr/bin/ceph: stderr
2024-05-09T05:26:00.517+0000 7f57b5ffb700 1 -- 172.21.15.115:0/138946524 <== mon.0 v2:172.21.15.115:3300/0 7 ==== mon_command_ack([{"prefix": "mgr stat"}]=0 v5) ==== 56+0+88 (secure 0 0 0) 0x7f57b81a13a0 con 0x7f57b810a540
2024-05-09T05:26:01.122 INFO:teuthology.orchestra.run.smithi115.stdout:/usr/bin/ceph: stderr
2024-05-09T05:26:00.520+0000 7f57becf6700 1 -- 172.21.15.115:0/138946524 >> [v2:172.21.15.115:6800/1212404088,v1:172.21.15.115:6801/1212404088] conn(0x7f57a803e580 msgr2=0x7f57a8040a90 unknown :-1 s=STATE_CONNECTING l=1).mark_down
2024-05-09T05:26:01.122 INFO:teuthology.orchestra.run.smithi115.stdout:/usr/bin/ceph: stderr
2024-05-09T05:26:00.520+0000 7f57becf6700 1 --2- 172.21.15.115:0/138946524 >> [v2:172.21.15.115:6800/1212404088,v1:172.21.15.115:6801/1212404088] conn(0x7f57a803e580 0x7f57a8040a90 unknown :-1 s=START_CONNECT pgs=0 cs=0 l=1 rev1=0 crypto rx=0 tx=0 comp rx=0 tx=0).stop
2024-05-09T05:26:01.122 INFO:teuthology.orchestra.run.smithi115.stdout:/usr/bin/ceph: stderr
2024-05-09T05:26:00.520+0000 7f57becf6700 1 -- 172.21.15.115:0/138946524 >> [v2:172.21.15.115:3300/0,v1:172.21.15.115:6789/0] conn(0x7f57b810a540 msgr2=0x7f57b819dda0 secure :-1 s=STATE_CONNECTION_ESTABLISHED l=1).mark_down
2024-05-09T05:26:01.123 INFO:teuthology.orchestra.run.smithi115.stdout:/usr/bin/ceph: stderr
2024-05-09T05:26:00.520+0000 7f57becf6700 1 --2- 172.21.15.115:0/138946524 >> [v2:172.21.15.115:3300/0,v1:172.21.15.115:6789/0] conn(0x7f57b810a540 0x7f57b819dda0 secure :-1 s=READY pgs=25 cs=0 l=1 rev1=1 crypto rx=0x7f57ac0119b0 tx=0x7f57ac011a90 comp rx=0 tx=0).stop
2024-05-09T05:26:01.123 INFO:teuthology.orchestra.run.smithi115.stdout:/usr/bin/ceph: stderr
2024-05-09T05:26:00.520+0000 7f57becf6700 1 -- 172.21.15.115:0/138946524 shutdown_connections
2024-05-09T05:26:01.123 INFO:teuthology.orchestra.run.smithi115.stdout:/usr/bin/ceph: stderr
2024-05-09T05:26:00.520+0000 7f57becf6700 1 --2- 172.21.15.115:0/138946524 >> [v2:172.21.15.115:6800/1212404088,v1:172.21.15.115:6801/1212404088] conn(0x7f57a803e580 0x7f57a8040a90 unknown :-1 s=CLOSED pgs=0 cs=0 l=1 rev1=0 crypto rx=0 tx=0 comp rx=0 tx=0).stop
2024-05-09T05:26:01.123 INFO:teuthology.orchestra.run.smithi115.stdout:/usr/bin/ceph: stderr
2024-05-09T05:26:00.520+0000 7f57becf6700 1 --2- 172.21.15.115:0/138946524 >> [v2:172.21.15.115:3300/0,v1:172.21.15.115:6789/0] conn(0x7f57b810a540 0x7f57b819dda0 unknown :-1 s=CLOSED pgs=25 cs=0 l=1 rev1=1 crypto rx=0 tx=0 comp rx=0 tx=0).stop
2024-05-09T05:26:01.123 INFO:teuthology.orchestra.run.smithi115.stdout:/usr/bin/ceph: stderr
2024-05-09T05:26:00.520+0000 7f57becf6700 1 -- 172.21.15.115:0/138946524 >> 172.21.15.115:0/138946524 conn(0x7f57b8103fe0 msgr2=0x7f57b8104840 unknown :-1 s=STATE_NONE l=0).mark_down
2024-05-09T05:26:01.123 INFO:teuthology.orchestra.run.smithi115.stdout:/usr/bin/ceph: stderr
2024-05-09T05:26:00.520+0000 7f57becf6700 1 -- 172.21.15.115:0/138946524 shutdown_connections
2024-05-09T05:26:01.123 INFO:teuthology.orchestra.run.smithi115.stdout:/usr/bin/ceph: stderr
2024-05-09T05:26:00.520+0000 7f57becf6700 1 -- 172.21.15.115:0/138946524 wait complete.
2024-05-09T05:26:01.123 INFO:teuthology.orchestra.run.smithi115.stdout:Waiting for the mgr to restart...
2024-05-09T05:26:01.123 INFO:teuthology.orchestra.run.smithi115.stdout:Waiting for mgr epoch 5...
2024-05-09T05:26:01.364 INFO:journalctl@ceph.mon.a.smithi115.stdout:May 09 05:26:01 smithi115 ceph-mon[30349]: from='client.? 172.21.15.115:0/138946524' entity='client.admin' cmd=[{"prefix": "mgr stat"}]: dispatch
2024-05-09T05:26:01.647 INFO:journalctl@ceph.mgr.x.smithi115.stdout:May 09 05:26:01 smithi115 ceph-69de8a38-0dc4-11ef-bc97-c7b262605968-mgr-x[30580]:
2024-05-09T05:26:01.370+0000 7f7112b59200 -1 mgr[py] Module telegraf has missing NOTIFY_TYPES member
2024-05-09T05:26:01.648 INFO:journalctl@ceph.mgr.x.smithi115.stdout:May 09 05:26:01 smithi115 ceph-69de8a38-0dc4-11ef-bc97-c7b262605968-mgr-x[30580]:
2024-05-09T05:26:01.551+0000 7f7112b59200 -1 mgr[py] Module osd_support has missing NOTIFY_TYPES member
2024-05-09T05:26:02.017 INFO:journalctl@ceph.mgr.x.smithi115.stdout:May 09 05:26:01 smithi115 ceph-69de8a38-0dc4-11ef-bc97-c7b262605968-mgr-x[30580]:
2024-05-09T05:26:01.728+0000 7f7112b59200 -1 mgr[py] Module iostat has missing NOTIFY_TYPES member
2024-05-09T05:26:02.017 INFO:journalctl@ceph.mgr.x.smithi115.stdout:May 09 05:26:02 smithi115 ceph-69de8a38-0dc4-11ef-bc97-c7b262605968-mgr-x[30580]:
2024-05-09T05:26:02.022+0000 7f7112b59200 -1 mgr[py] Module alerts has missing NOTIFY_TYPES member
2024-05-09T05:26:02.316 INFO:journalctl@ceph.mgr.x.smithi115.stdout:May 09 05:26:02 smithi115 ceph-69de8a38-0dc4-11ef-bc97-c7b262605968-mgr-x[30580]:
2024-05-09T05:26:02.117+0000 7f7112b59200 -1 mgr[py] Module selftest has missing NOTIFY_TYPES member
2024-05-09T05:26:02.316 INFO:journalctl@ceph.mgr.x.smithi115.stdout:May 09 05:26:02 smithi115 ceph-69de8a38-0dc4-11ef-bc97-c7b262605968-mgr-x[30580]:
2024-05-09T05:26:02.321+0000 7f7112b59200 -1 mgr[py] Module pg_autoscaler has missing NOTIFY_TYPES member
2024-05-09T05:26:02.647 INFO:journalctl@ceph.mgr.x.smithi115.stdout:May 09 05:26:02 smithi115 ceph-69de8a38-0dc4-11ef-bc97-c7b262605968-mgr-x[30580]:
2024-05-09T05:26:02.517+0000 7f7112b59200 -1 mgr[py] Module test_orchestrator has missing NOTIFY_TYPES member
2024-05-09T05:26:03.330 INFO:journalctl@ceph.mgr.x.smithi115.stdout:May 09 05:26:03 smithi115 ceph-69de8a38-0dc4-11ef-bc97-c7b262605968-mgr-x[30580]:
2024-05-09T05:26:03.114+0000 7f7112b59200 -1 mgr[py] Module rook has missing NOTIFY_TYPES member
2024-05-09T05:26:03.330 INFO:journalctl@ceph.mgr.x.smithi115.stdout:May 09 05:26:03 smithi115 ceph-69de8a38-0dc4-11ef-bc97-c7b262605968-mgr-x[30580]:
2024-05-09T05:26:03.336+0000 7f7112b59200 -1 mgr[py] Module smb has missing NOTIFY_TYPES member
2024-05-09T05:26:04.147 INFO:journalctl@ceph.mgr.x.smithi115.stdout:May 09 05:26:03 smithi115 ceph-69de8a38-0dc4-11ef-bc97-c7b262605968-mgr-x[30580]:
2024-05-09T05:26:03.761+0000 7f7112b59200 -1 mgr[py] Module volumes has missing NOTIFY_TYPES member
2024-05-09T05:26:04.148 INFO:journalctl@ceph.mgr.x.smithi115.stdout:May 09 05:26:03 smithi115 ceph-69de8a38-0dc4-11ef-bc97-c7b262605968-mgr-x[30580]:
2024-05-09T05:26:03.857+0000 7f7112b59200 -1 mgr[py] Module crash has missing NOTIFY_TYPES member
2024-05-09T05:26:04.584 INFO:journalctl@ceph.mgr.x.smithi115.stdout:May 09 05:26:04 smithi115 ceph-69de8a38-0dc4-11ef-bc97-c7b262605968-mgr-x[30580]:
2024-05-09T05:26:04.227+0000 7f7112b59200 -1 mgr[py] Module rgw has missing NOTIFY_TYPES member
2024-05-09T05:26:04.584 INFO:journalctl@ceph.mgr.x.smithi115.stdout:May 09 05:26:04 smithi115 ceph-69de8a38-0dc4-11ef-bc97-c7b262605968-mgr-x[30580]:
2024-05-09T05:26:04.589+0000 7f7112b59200 -1 mgr[py] Module prometheus has missing NOTIFY_TYPES member
2024-05-09T05:26:04.897 INFO:journalctl@ceph.mgr.x.smithi115.stdout:May 09 05:26:04 smithi115 ceph-69de8a38-0dc4-11ef-bc97-c7b262605968-mgr-x[30580]:
2024-05-09T05:26:04.685+0000 7f7112b59200 -1 mgr[py] Module devicehealth has missing NOTIFY_TYPES member
2024-05-09T05:26:05.397 INFO:journalctl@ceph.mgr.x.smithi115.stdout:May 09 05:26:04 smithi115 ceph-69de8a38-0dc4-11ef-bc97-c7b262605968-mgr-x[30580]:
2024-05-09T05:26:04.933+0000 7f7112b59200 -1 mgr[py] Module telemetry has missing NOTIFY_TYPES member
2024-05-09T05:26:05.398 INFO:journalctl@ceph.mgr.x.smithi115.stdout:May 09 05:26:05 smithi115 ceph-69de8a38-0dc4-11ef-bc97-c7b262605968-mgr-x[30580]:
2024-05-09T05:26:05.071+0000 7f7112b59200 -1 mgr[py] Module diskprediction_local has missing NOTIFY_TYPES member
2024-05-09T05:26:05.398 INFO:journalctl@ceph.mgr.x.smithi115.stdout:May 09 05:26:05 smithi115 ceph-69de8a38-0dc4-11ef-bc97-c7b262605968-mgr-x[30580]:
2024-05-09T05:26:05.169+0000 7f7112b59200 -1 mgr[py] Module osd_perf_query has missing NOTIFY_TYPES member
2024-05-09T05:26:05.897 INFO:journalctl@ceph.mgr.x.smithi115.stdout:May 09 05:26:05 smithi115 ceph-69de8a38-0dc4-11ef-bc97-c7b262605968-mgr-x[30580]:
2024-05-09T05:26:05.497+0000 7f7112b59200 -1 mgr[py] Module rbd_support has missing NOTIFY_TYPES member
2024-05-09T05:26:05.898 INFO:journalctl@ceph.mgr.x.smithi115.stdout:May 09 05:26:05 smithi115 ceph-69de8a38-0dc4-11ef-bc97-c7b262605968-mgr-x[30580]:
2024-05-09T05:26:05.590+0000 7f7112b59200 -1 mgr[py] Module zabbix has missing NOTIFY_TYPES member
2024-05-09T05:26:06.461 INFO:journalctl@ceph.mgr.x.smithi115.stdout:May 09 05:26:06 smithi115 ceph-69de8a38-0dc4-11ef-bc97-c7b262605968-mgr-x[30580]:
2024-05-09T05:26:06.193+0000 7f7112b59200 -1 mgr[py] Module status has missing NOTIFY_TYPES member
2024-05-09T05:26:06.461 INFO:journalctl@ceph.mgr.x.smithi115.stdout:May 09 05:26:06 smithi115 ceph-69de8a38-0dc4-11ef-bc97-c7b262605968-mgr-x[30580]:
2024-05-09T05:26:06.413+0000 7f7112b59200 -1 mgr[py] Module nfs has missing NOTIFY_TYPES member
2024-05-09T05:26:06.898 INFO:journalctl@ceph.mon.a.smithi115.stdout:May 09 05:26:06 smithi115 ceph-mon[30349]: Active manager daemon x restarted
2024-05-09T05:26:06.898 INFO:journalctl@ceph.mon.a.smithi115.stdout:May 09 05:26:06 smithi115 ceph-mon[30349]: Activating manager daemon x
2024-05-09T05:26:06.898 INFO:journalctl@ceph.mon.a.smithi115.stdout:May 09 05:26:06 smithi115 ceph-mon[30349]: osdmap e2: 0 total, 0 up, 0 in
2024-05-09T05:26:06.898 INFO:journalctl@ceph.mon.a.smithi115.stdout:May 09 05:26:06 smithi115 ceph-mon[30349]: mgrmap e6: x(active, starting, since 0.00369179s)
2024-05-09T05:26:06.898 INFO:journalctl@ceph.mon.a.smithi115.stdout:May 09 05:26:06 smithi115 ceph-mon[30349]: from='mgr.14118 172.21.15.115:0/2951475448' entity='mgr.x' cmd=[{"prefix": "mon metadata", "id": "a"}]: dispatch
2024-05-09T05:26:06.898 INFO:journalctl@ceph.mon.a.smithi115.stdout:May 09 05:26:06 smithi115 ceph-mon[30349]: from='mgr.14118 172.21.15.115:0/2951475448' entity='mgr.x' cmd=[{"prefix": "mgr metadata", "who": "x", "id": "x"}]: dispatch
2024-05-09T05:26:06.898 INFO:journalctl@ceph.mon.a.smithi115.stdout:May 09 05:26:06 smithi115 ceph-mon[30349]: from='mgr.14118 172.21.15.115:0/2951475448' entity='mgr.x' cmd=[{"prefix": "mds metadata"}]: dispatch
2024-05-09T05:26:06.898 INFO:journalctl@ceph.mon.a.smithi115.stdout:May 09 05:26:06 smithi115 ceph-mon[30349]: from='mgr.14118 172.21.15.115:0/2951475448' entity='mgr.x' cmd=[{"prefix": "osd metadata"}]: dispatch
2024-05-09T05:26:06.898 INFO:journalctl@ceph.mon.a.smithi115.stdout:May 09 05:26:06 smithi115 ceph-mon[30349]: from='mgr.14118 172.21.15.115:0/2951475448' entity='mgr.x' cmd=[{"prefix": "mon metadata"}]: dispatch
2024-05-09T05:26:06.898 INFO:journalctl@ceph.mon.a.smithi115.stdout:May 09 05:26:06 smithi115 ceph-mon[30349]: Manager daemon x is now available
2024-05-09T05:26:06.899 INFO:journalctl@ceph.mon.a.smithi115.stdout:May 09 05:26:06 smithi115 ceph-mon[30349]: from='mgr.14118 172.21.15.115:0/2951475448' entity='mgr.x'
2024-05-09T05:26:06.899 INFO:journalctl@ceph.mon.a.smithi115.stdout:May 09 05:26:06 smithi115 ceph-mon[30349]: from='mgr.14118 172.21.15.115:0/2951475448' entity='mgr.x'
2024-05-09T05:26:06.899 INFO:journalctl@ceph.mon.a.smithi115.stdout:May 09 05:26:06 smithi115 ceph-mon[30349]: from='mgr.14118 172.21.15.115:0/2951475448' entity='mgr.x' cmd=[{"prefix": "config dump", "format": "json"}]: dispatch
2024-05-09T05:26:06.899 INFO:journalctl@ceph.mon.a.smithi115.stdout:May 09 05:26:06 smithi115 ceph-mon[30349]: from='mgr.14118 172.21.15.115:0/2951475448' entity='mgr.x' cmd=[{"prefix": "config dump", "format": "json"}]: dispatch
2024-05-09T05:26:07.691 INFO:journalctl@ceph.mon.a.smithi115.stdout:May 09 05:26:07 smithi115 ceph-mon[30349]: Found migration_current of "None". Setting to last migration.
2024-05-09T05:26:07.691 INFO:journalctl@ceph.mon.a.smithi115.stdout:May 09 05:26:07 smithi115 ceph-mon[30349]: from='mgr.14118 172.21.15.115:0/2951475448' entity='mgr.x' cmd=[{"prefix":"config rm","who":"mgr","name":"mgr/rbd_support/x/mirror_snapshot_schedule"}]: dispatch
2024-05-09T05:26:07.691 INFO:journalctl@ceph.mon.a.smithi115.stdout:May 09 05:26:07 smithi115 ceph-mon[30349]: from='mgr.14118 172.21.15.115:0/2951475448' entity='mgr.x' cmd=[{"prefix":"config rm","who":"mgr","name":"mgr/rbd_support/x/trash_purge_schedule"}]: dispatch
2024-05-09T05:26:07.691 INFO:journalctl@ceph.mon.a.smithi115.stdout:May 09 05:26:07 smithi115 ceph-mon[30349]: mgrmap e7: x(active, since 1.00626s)
2024-05-09T05:26:07.918 INFO:teuthology.orchestra.run.smithi115.stdout:/usr/bin/ceph: stdout {
2024-05-09T05:26:07.919 INFO:teuthology.orchestra.run.smithi115.stdout:/usr/bin/ceph: stdout "mgrmap_epoch": 7,
2024-05-09T05:26:07.919 INFO:teuthology.orchestra.run.smithi115.stdout:/usr/bin/ceph: stdout "initialized": true
2024-05-09T05:26:07.919 INFO:teuthology.orchestra.run.smithi115.stdout:/usr/bin/ceph: stdout }
2024-05-09T05:26:07.919 INFO:teuthology.orchestra.run.smithi115.stdout:/usr/bin/ceph: stderr
2024-05-09T05:26:01.600+0000 7ff4de781700 1 Processor -- start
2024-05-09T05:26:07.919 INFO:teuthology.orchestra.run.smithi115.stdout:/usr/bin/ceph: stderr
2024-05-09T05:26:01.600+0000 7ff4de781700 1 -- start start
2024-05-09T05:26:07.919 INFO:teuthology.orchestra.run.smithi115.stdout:/usr/bin/ceph: stderr
2024-05-09T05:26:01.600+0000 7ff4de781700 1 --2- >> [v2:172.21.15.115:3300/0,v1:172.21.15.115:6789/0] conn(0x7ff4d810a5c0 0x7ff4d810c9e0 unknown :-1 s=NONE pgs=0 cs=0 l=0 rev1=0 crypto rx=0 tx=0 comp rx=0 tx=0).connect
2024-05-09T05:26:07.919 INFO:teuthology.orchestra.run.smithi115.stdout:/usr/bin/ceph: stderr
2024-05-09T05:26:01.600+0000 7ff4de781700 1 -- --> [v2:172.21.15.115:3300/0,v1:172.21.15.115:6789/0] -- mon_getmap magic: 0 -- 0x7ff4d807d860 con 0x7ff4d810a5c0
2024-05-09T05:26:07.919 INFO:teuthology.orchestra.run.smithi115.stdout:/usr/bin/ceph: stderr
2024-05-09T05:26:01.600+0000 7ff4d7fff700 1 --2- >> [v2:172.21.15.115:3300/0,v1:172.21.15.115:6789/0] conn(0x7ff4d810a5c0 0x7ff4d810c9e0 unknown :-1 s=BANNER_CONNECTING pgs=0 cs=0 l=0 rev1=0 crypto rx=0 tx=0 comp rx=0 tx=0)._handle_peer_banner_payload supported=3 required=0
2024-05-09T05:26:07.919 INFO:teuthology.orchestra.run.smithi115.stdout:/usr/bin/ceph: stderr
2024-05-09T05:26:01.600+0000 7ff4d7fff700 1 --2- >> [v2:172.21.15.115:3300/0,v1:172.21.15.115:6789/0] conn(0x7ff4d810a5c0 0x7ff4d810c9e0 unknown :-1 s=HELLO_CONNECTING pgs=0 cs=0 l=0 rev1=1 crypto rx=0 tx=0 comp rx=0 tx=0).handle_hello peer v2:172.21.15.115:3300/0 says I am v2:172.21.15.115:44354/0 (socket says 172.21.15.115:44354)
2024-05-09T05:26:07.919 INFO:teuthology.orchestra.run.smithi115.stdout:/usr/bin/ceph: stderr
2024-05-09T05:26:01.600+0000 7ff4d7fff700 1 -- 172.21.15.115:0/93073245 learned_addr learned my addr 172.21.15.115:0/93073245 (peer_addr_for_me v2:172.21.15.115:0/0)
2024-05-09T05:26:07.919 INFO:teuthology.orchestra.run.smithi115.stdout:/usr/bin/ceph: stderr
2024-05-09T05:26:01.601+0000 7ff4d7fff700 1 -- 172.21.15.115:0/93073245 --> [v2:172.21.15.115:3300/0,v1:172.21.15.115:6789/0] -- mon_subscribe({config=0+,monmap=0+}) -- 0x7ff4d810cf20 con 0x7ff4d810a5c0
2024-05-09T05:26:07.919 INFO:teuthology.orchestra.run.smithi115.stdout:/usr/bin/ceph: stderr
2024-05-09T05:26:01.601+0000 7ff4d7fff700 1 --2- 172.21.15.115:0/93073245 >> [v2:172.21.15.115:3300/0,v1:172.21.15.115:6789/0] conn(0x7ff4d810a5c0 0x7ff4d810c9e0 secure :-1 s=READY pgs=26 cs=0 l=1 rev1=1 crypto rx=0x7ff4c80098a0 tx=0x7ff4c8009bb0 comp rx=0 tx=0).ready entity=mon.0 client_cookie=f23620e6367eff11 server_cookie=0 in_seq=0 out_seq=0
2024-05-09T05:26:07.919 INFO:teuthology.orchestra.run.smithi115.stdout:/usr/bin/ceph: stderr
2024-05-09T05:26:01.601+0000 7ff4d6ffd700 1 -- 172.21.15.115:0/93073245 <== mon.0 v2:172.21.15.115:3300/0 1 ==== mon_map magic: 0 ==== 205+0+0 (secure 0 0 0) 0x7ff4c8004160 con 0x7ff4d810a5c0
2024-05-09T05:26:07.919 INFO:teuthology.orchestra.run.smithi115.stdout:/usr/bin/ceph: stderr
2024-05-09T05:26:01.601+0000 7ff4d6ffd700 1 -- 172.21.15.115:0/93073245 <== mon.0 v2:172.21.15.115:3300/0 2 ==== config(25 keys) ==== 1032+0+0 (secure 0 0 0) 0x7ff4c8004300 con 0x7ff4d810a5c0
2024-05-09T05:26:07.920 INFO:teuthology.orchestra.run.smithi115.stdout:/usr/bin/ceph: stderr
2024-05-09T05:26:01.601+0000 7ff4d6ffd700 1 -- 172.21.15.115:0/93073245 <== mon.0 v2:172.21.15.115:3300/0 3 ==== mon_map magic: 0 ==== 205+0+0 (secure 0 0 0) 0x7ff4c80119e0 con 0x7ff4d810a5c0
2024-05-09T05:26:07.920 INFO:teuthology.orchestra.run.smithi115.stdout:/usr/bin/ceph: stderr
2024-05-09T05:26:01.602+0000 7ff4de781700 1 -- 172.21.15.115:0/93073245 >> [v2:172.21.15.115:3300/0,v1:172.21.15.115:6789/0] conn(0x7ff4d810a5c0 msgr2=0x7ff4d810c9e0 secure :-1 s=STATE_CONNECTION_ESTABLISHED l=1).mark_down
2024-05-09T05:26:07.920 INFO:teuthology.orchestra.run.smithi115.stdout:/usr/bin/ceph: stderr
2024-05-09T05:26:01.602+0000 7ff4de781700 1 --2- 172.21.15.115:0/93073245 >> [v2:172.21.15.115:3300/0,v1:172.21.15.115:6789/0] conn(0x7ff4d810a5c0 0x7ff4d810c9e0 secure :-1 s=READY pgs=26 cs=0 l=1 rev1=1 crypto rx=0x7ff4c80098a0 tx=0x7ff4c8009bb0 comp rx=0 tx=0).stop
2024-05-09T05:26:07.920 INFO:teuthology.orchestra.run.smithi115.stdout:/usr/bin/ceph: stderr
2024-05-09T05:26:01.602+0000 7ff4de781700 1 -- 172.21.15.115:0/93073245 shutdown_connections
2024-05-09T05:26:07.920 INFO:teuthology.orchestra.run.smithi115.stdout:/usr/bin/ceph: stderr
2024-05-09T05:26:01.602+0000 7ff4de781700 1 --2- 172.21.15.115:0/93073245 >> [v2:172.21.15.115:3300/0,v1:172.21.15.115:6789/0] conn(0x7ff4d810a5c0 0x7ff4d810c9e0 unknown :-1 s=CLOSED pgs=26 cs=0 l=1 rev1=1 crypto rx=0 tx=0 comp rx=0 tx=0).stop
2024-05-09T05:26:07.920 INFO:teuthology.orchestra.run.smithi115.stdout:/usr/bin/ceph: stderr
2024-05-09T05:26:01.602+0000 7ff4de781700 1 -- 172.21.15.115:0/93073245 >> 172.21.15.115:0/93073245 conn(0x7ff4d8103fc0 msgr2=0x7ff4d8106490 unknown :-1 s=STATE_NONE l=0).mark_down
2024-05-09T05:26:07.920 INFO:teuthology.orchestra.run.smithi115.stdout:/usr/bin/ceph: stderr
2024-05-09T05:26:01.602+0000 7ff4de781700 1 -- 172.21.15.115:0/93073245 shutdown_connections
2024-05-09T05:26:07.920 INFO:teuthology.orchestra.run.smithi115.stdout:/usr/bin/ceph: stderr
2024-05-09T05:26:01.602+0000 7ff4de781700 1 -- 172.21.15.115:0/93073245 wait complete.
2024-05-09T05:26:07.920 INFO:teuthology.orchestra.run.smithi115.stdout:/usr/bin/ceph: stderr
2024-05-09T05:26:01.603+0000 7ff4de781700 1 Processor -- start
2024-05-09T05:26:07.920 INFO:teuthology.orchestra.run.smithi115.stdout:/usr/bin/ceph: stderr
2024-05-09T05:26:01.603+0000 7ff4de781700 1 -- start start
2024-05-09T05:26:07.920 INFO:teuthology.orchestra.run.smithi115.stdout:/usr/bin/ceph: stderr
2024-05-09T05:26:01.603+0000 7ff4de781700 1 --2- >> [v2:172.21.15.115:3300/0,v1:172.21.15.115:6789/0] conn(0x7ff4d810a5c0 0x7ff4d8109d40 unknown :-1 s=NONE pgs=0 cs=0 l=1 rev1=0 crypto rx=0 tx=0 comp rx=0 tx=0).connect
2024-05-09T05:26:07.920 INFO:teuthology.orchestra.run.smithi115.stdout:/usr/bin/ceph: stderr
2024-05-09T05:26:01.603+0000 7ff4de781700 1 -- --> [v2:172.21.15.115:3300/0,v1:172.21.15.115:6789/0] -- mon_getmap magic: 0 -- 0x7ff4d810de20 con 0x7ff4d810a5c0
2024-05-09T05:26:07.920 INFO:teuthology.orchestra.run.smithi115.stdout:/usr/bin/ceph: stderr
2024-05-09T05:26:01.603+0000 7ff4d7fff700 1 --2- >> [v2:172.21.15.115:3300/0,v1:172.21.15.115:6789/0] conn(0x7ff4d810a5c0 0x7ff4d8109d40 unknown :-1 s=BANNER_CONNECTING pgs=0 cs=0 l=1 rev1=0 crypto rx=0 tx=0 comp rx=0 tx=0)._handle_peer_banner_payload supported=3 required=0
2024-05-09T05:26:07.921 INFO:teuthology.orchestra.run.smithi115.stdout:/usr/bin/ceph: stderr
2024-05-09T05:26:01.603+0000 7ff4d7fff700 1 --2- >> [v2:172.21.15.115:3300/0,v1:172.21.15.115:6789/0] conn(0x7ff4d810a5c0 0x7ff4d8109d40 unknown :-1 s=HELLO_CONNECTING pgs=0 cs=0 l=1 rev1=1 crypto rx=0 tx=0 comp rx=0 tx=0).handle_hello peer v2:172.21.15.115:3300/0 says I am v2:172.21.15.115:44362/0 (socket says 172.21.15.115:44362)
2024-05-09T05:26:07.921 INFO:teuthology.orchestra.run.smithi115.stdout:/usr/bin/ceph: stderr
2024-05-09T05:26:01.603+0000 7ff4d7fff700 1 -- 172.21.15.115:0/3264941677 learned_addr learned my addr 172.21.15.115:0/3264941677 (peer_addr_for_me v2:172.21.15.115:0/0)
2024-05-09T05:26:07.921 INFO:teuthology.orchestra.run.smithi115.stdout:/usr/bin/ceph: stderr
2024-05-09T05:26:01.604+0000 7ff4d7fff700 1 -- 172.21.15.115:0/3264941677 --> [v2:172.21.15.115:3300/0,v1:172.21.15.115:6789/0] -- mon_subscribe({config=0+,monmap=0+}) -- 0x7ff4d810a280 con 0x7ff4d810a5c0
2024-05-09T05:26:07.921 INFO:teuthology.orchestra.run.smithi115.stdout:/usr/bin/ceph: stderr
2024-05-09T05:26:01.604+0000 7ff4d7fff700 1 --2- 172.21.15.115:0/3264941677 >> [v2:172.21.15.115:3300/0,v1:172.21.15.115:6789/0] conn(0x7ff4d810a5c0 0x7ff4d8109d40 secure :-1 s=READY pgs=27 cs=0 l=1 rev1=1 crypto rx=0x7ff4c80116a0 tx=0x7ff4c8011a60 comp rx=0 tx=0).ready entity=mon.0 client_cookie=0 server_cookie=0 in_seq=0 out_seq=0
2024-05-09T05:26:07.921 INFO:teuthology.orchestra.run.smithi115.stdout:/usr/bin/ceph: stderr
2024-05-09T05:26:01.604+0000 7ff4d57fa700 1 -- 172.21.15.115:0/3264941677 <== mon.0 v2:172.21.15.115:3300/0 1 ==== mon_map magic: 0 ==== 205+0+0 (secure 0 0 0) 0x7ff4c80039f0 con 0x7ff4d810a5c0
2024-05-09T05:26:07.921 INFO:teuthology.orchestra.run.smithi115.stdout:/usr/bin/ceph: stderr
2024-05-09T05:26:01.604+0000 7ff4de781700 1 -- 172.21.15.115:0/3264941677 --> [v2:172.21.15.115:3300/0,v1:172.21.15.115:6789/0] -- mon_subscribe({mgrmap=0+}) -- 0x7ff4d81084d0 con 0x7ff4d810a5c0
2024-05-09T05:26:07.921 INFO:teuthology.orchestra.run.smithi115.stdout:/usr/bin/ceph: stderr
2024-05-09T05:26:01.604+0000 7ff4d57fa700 1 -- 172.21.15.115:0/3264941677 <== mon.0 v2:172.21.15.115:3300/0 2 ==== config(25 keys) ==== 1032+0+0 (secure 0 0 0) 0x7ff4c8003b90 con 0x7ff4d810a5c0
2024-05-09T05:26:07.921 INFO:teuthology.orchestra.run.smithi115.stdout:/usr/bin/ceph: stderr
2024-05-09T05:26:01.604+0000 7ff4d57fa700 1 -- 172.21.15.115:0/3264941677 <== mon.0 v2:172.21.15.115:3300/0 3 ==== mon_map magic: 0 ==== 205+0+0 (secure 0 0 0) 0x7ff4c801a600 con 0x7ff4d810a5c0
2024-05-09T05:26:07.921 INFO:teuthology.orchestra.run.smithi115.stdout:/usr/bin/ceph: stderr
2024-05-09T05:26:01.604+0000 7ff4de781700 1 -- 172.21.15.115:0/3264941677 --> [v2:172.21.15.115:3300/0,v1:172.21.15.115:6789/0] -- mon_subscribe({osdmap=0}) -- 0x7ff4d81089b0 con 0x7ff4d810a5c0
2024-05-09T05:26:07.921 INFO:teuthology.orchestra.run.smithi115.stdout:/usr/bin/ceph: stderr
2024-05-09T05:26:01.605+0000 7ff4d57fa700 1 -- 172.21.15.115:0/3264941677 <== mon.0 v2:172.21.15.115:3300/0 4 ==== mgrmap(e 5) ==== 50222+0+0 (secure 0 0 0) 0x7ff4c801a900 con 0x7ff4d810a5c0
2024-05-09T05:26:07.921 INFO:teuthology.orchestra.run.smithi115.stdout:/usr/bin/ceph: stderr
2024-05-09T05:26:01.605+0000 7ff4d57fa700 1 --2- 172.21.15.115:0/3264941677 >> [v2:172.21.15.115:6800/1212404088,v1:172.21.15.115:6801/1212404088] conn(0x7ff4c403e4e0 0x7ff4c40409f0 unknown :-1 s=NONE pgs=0 cs=0 l=1 rev1=0 crypto rx=0 tx=0 comp rx=0 tx=0).connect
2024-05-09T05:26:07.921 INFO:teuthology.orchestra.run.smithi115.stdout:/usr/bin/ceph: stderr
2024-05-09T05:26:01.605+0000 7ff4d57fa700 1 -- 172.21.15.115:0/3264941677 --> [v2:172.21.15.115:6800/1212404088,v1:172.21.15.115:6801/1212404088] -- command(tid 0: {"prefix": "get_command_descriptions"}) -- 0x7ff4c4041100 con 0x7ff4c403e4e0
2024-05-09T05:26:07.921 INFO:teuthology.orchestra.run.smithi115.stdout:/usr/bin/ceph: stderr
2024-05-09T05:26:01.605+0000 7ff4d57fa700 1 -- 172.21.15.115:0/3264941677 <== mon.0 v2:172.21.15.115:3300/0 5 ==== osd_map(1..1 src has 1..1) ==== 725+0+0 (secure 0 0 0) 0x7ff4c8053c40 con 0x7ff4d810a5c0
2024-05-09T05:26:07.922 INFO:teuthology.orchestra.run.smithi115.stdout:/usr/bin/ceph: stderr
2024-05-09T05:26:01.605+0000 7ff4d77fe700 1 -- 172.21.15.115:0/3264941677 >> [v2:172.21.15.115:6800/1212404088,v1:172.21.15.115:6801/1212404088] conn(0x7ff4c403e4e0 msgr2=0x7ff4c40409f0 unknown :-1 s=STATE_CONNECTING_RE l=1).process reconnect failed to v2:172.21.15.115:6800/1212404088
2024-05-09T05:26:07.922 INFO:teuthology.orchestra.run.smithi115.stdout:/usr/bin/ceph: stderr
2024-05-09T05:26:01.605+0000 7ff4d77fe700 1 --2- 172.21.15.115:0/3264941677 >> [v2:172.21.15.115:6800/1212404088,v1:172.21.15.115:6801/1212404088] conn(0x7ff4c403e4e0 0x7ff4c40409f0 unknown :-1 s=START_CONNECT pgs=0 cs=0 l=1 rev1=0 crypto rx=0 tx=0 comp rx=0 tx=0)._fault waiting 0.200000
2024-05-09T05:26:07.922 INFO:teuthology.orchestra.run.smithi115.stdout:/usr/bin/ceph: stderr
2024-05-09T05:26:01.806+0000 7ff4d77fe700 1 -- 172.21.15.115:0/3264941677 >> [v2:172.21.15.115:6800/1212404088,v1:172.21.15.115:6801/1212404088] conn(0x7ff4c403e4e0 msgr2=0x7ff4c40409f0 unknown :-1 s=STATE_CONNECTING_RE l=1).process reconnect failed to v2:172.21.15.115:6800/1212404088
2024-05-09T05:26:07.922 INFO:teuthology.orchestra.run.smithi115.stdout:/usr/bin/ceph: stderr
2024-05-09T05:26:01.806+0000 7ff4d77fe700 1 --2- 172.21.15.115:0/3264941677 >> [v2:172.21.15.115:6800/1212404088,v1:172.21.15.115:6801/1212404088] conn(0x7ff4c403e4e0 0x7ff4c40409f0 unknown :-1 s=START_CONNECT pgs=0 cs=0 l=1 rev1=0 crypto rx=0 tx=0 comp rx=0 tx=0)._fault waiting 0.400000
2024-05-09T05:26:07.922 INFO:teuthology.orchestra.run.smithi115.stdout:/usr/bin/ceph: stderr
2024-05-09T05:26:02.207+0000 7ff4d77fe700 1 -- 172.21.15.115:0/3264941677 >> [v2:172.21.15.115:6800/1212404088,v1:172.21.15.115:6801/1212404088] conn(0x7ff4c403e4e0 msgr2=0x7ff4c40409f0 unknown :-1 s=STATE_CONNECTING_RE l=1).process reconnect failed to v2:172.21.15.115:6800/1212404088
2024-05-09T05:26:07.922 INFO:teuthology.orchestra.run.smithi115.stdout:/usr/bin/ceph: stderr
2024-05-09T05:26:02.207+0000 7ff4d77fe700 1 --2- 172.21.15.115:0/3264941677 >> [v2:172.21.15.115:6800/1212404088,v1:172.21.15.115:6801/1212404088] conn(0x7ff4c403e4e0 0x7ff4c40409f0 unknown :-1 s=START_CONNECT pgs=0 cs=0 l=1 rev1=0 crypto rx=0 tx=0 comp rx=0 tx=0)._fault waiting 0.800000
2024-05-09T05:26:07.922 INFO:teuthology.orchestra.run.smithi115.stdout:/usr/bin/ceph: stderr
2024-05-09T05:26:03.008+0000 7ff4d77fe700 1 -- 172.21.15.115:0/3264941677 >> [v2:172.21.15.115:6800/1212404088,v1:172.21.15.115:6801/1212404088] conn(0x7ff4c403e4e0 msgr2=0x7ff4c40409f0 unknown :-1 s=STATE_CONNECTING_RE l=1).process reconnect failed to v2:172.21.15.115:6800/1212404088
2024-05-09T05:26:07.922 INFO:teuthology.orchestra.run.smithi115.stdout:/usr/bin/ceph: stderr
2024-05-09T05:26:03.008+0000 7ff4d77fe700 1 --2- 172.21.15.115:0/3264941677 >> [v2:172.21.15.115:6800/1212404088,v1:172.21.15.115:6801/1212404088] conn(0x7ff4c403e4e0 0x7ff4c40409f0 unknown :-1 s=START_CONNECT pgs=0 cs=0 l=1 rev1=0 crypto rx=0 tx=0 comp rx=0 tx=0)._fault waiting 1.600000
2024-05-09T05:26:07.922 INFO:teuthology.orchestra.run.smithi115.stdout:/usr/bin/ceph: stderr
2024-05-09T05:26:04.609+0000 7ff4d77fe700 1 -- 172.21.15.115:0/3264941677 >> [v2:172.21.15.115:6800/1212404088,v1:172.21.15.115:6801/1212404088] conn(0x7ff4c403e4e0 msgr2=0x7ff4c40409f0 unknown :-1 s=STATE_CONNECTING_RE l=1).process reconnect failed to v2:172.21.15.115:6800/1212404088
2024-05-09T05:26:07.922 INFO:teuthology.orchestra.run.smithi115.stdout:/usr/bin/ceph: stderr
2024-05-09T05:26:04.609+0000 7ff4d77fe700 1 --2- 172.21.15.115:0/3264941677 >> [v2:172.21.15.115:6800/1212404088,v1:172.21.15.115:6801/1212404088] conn(0x7ff4c403e4e0 0x7ff4c40409f0 unknown :-1 s=START_CONNECT pgs=0 cs=0 l=1 rev1=0 crypto rx=0 tx=0 comp rx=0 tx=0)._fault waiting 3.200000
2024-05-09T05:26:07.922 INFO:teuthology.orchestra.run.smithi115.stdout:/usr/bin/ceph: stderr
2024-05-09T05:26:06.416+0000 7ff4d57fa700 1 -- 172.21.15.115:0/3264941677 <== mon.0 v2:172.21.15.115:3300/0 6 ==== mgrmap(e 6) ==== 49989+0+0 (secure 0 0 0) 0x7ff4c801abf0 con 0x7ff4d810a5c0
2024-05-09T05:26:07.922 INFO:teuthology.orchestra.run.smithi115.stdout:/usr/bin/ceph: stderr
2024-05-09T05:26:06.417+0000 7ff4d57fa700 1 -- 172.21.15.115:0/3264941677 >> [v2:172.21.15.115:6800/1212404088,v1:172.21.15.115:6801/1212404088] conn(0x7ff4c403e4e0 msgr2=0x7ff4c40409f0 unknown :-1 s=STATE_CONNECTING l=1).mark_down
2024-05-09T05:26:07.922 INFO:teuthology.orchestra.run.smithi115.stdout:/usr/bin/ceph: stderr
2024-05-09T05:26:06.417+0000 7ff4d57fa700 1 --2- 172.21.15.115:0/3264941677 >> [v2:172.21.15.115:6800/1212404088,v1:172.21.15.115:6801/1212404088] conn(0x7ff4c403e4e0 0x7ff4c40409f0 unknown :-1 s=START_CONNECT pgs=0 cs=0 l=1 rev1=0 crypto rx=0 tx=0 comp rx=0 tx=0).stop
2024-05-09T05:26:07.922 INFO:teuthology.orchestra.run.smithi115.stdout:/usr/bin/ceph: stderr
2024-05-09T05:26:07.418+0000 7ff4d57fa700 1 -- 172.21.15.115:0/3264941677 <== mon.0 v2:172.21.15.115:3300/0 7 ==== mgrmap(e 7) ==== 50116+0+0 (secure 0 0 0) 0x7ff4c8055000 con 0x7ff4d810a5c0
2024-05-09T05:26:07.923 INFO:teuthology.orchestra.run.smithi115.stdout:/usr/bin/ceph: stderr
2024-05-09T05:26:07.418+0000 7ff4d57fa700 1 --2- 172.21.15.115:0/3264941677 >> [v2:172.21.15.115:6800/792641138,v1:172.21.15.115:6801/792641138] conn(0x7ff4c4041e20 0x7ff4c4044240 unknown :-1 s=NONE pgs=0 cs=0 l=1 rev1=0 crypto rx=0 tx=0 comp rx=0 tx=0).connect
2024-05-09T05:26:07.923 INFO:teuthology.orchestra.run.smithi115.stdout:/usr/bin/ceph: stderr
2024-05-09T05:26:07.418+0000 7ff4d57fa700 1 -- 172.21.15.115:0/3264941677 --> [v2:172.21.15.115:6800/792641138,v1:172.21.15.115:6801/792641138] -- command(tid 0: {"prefix": "get_command_descriptions"}) -- 0x7ff4c8025e70 con 0x7ff4c4041e20
2024-05-09T05:26:07.923 INFO:teuthology.orchestra.run.smithi115.stdout:/usr/bin/ceph: stderr
2024-05-09T05:26:07.418+0000 7ff4d77fe700 1 --2- 172.21.15.115:0/3264941677 >> [v2:172.21.15.115:6800/792641138,v1:172.21.15.115:6801/792641138] conn(0x7ff4c4041e20 0x7ff4c4044240 unknown :-1 s=BANNER_CONNECTING pgs=0 cs=0 l=1 rev1=0 crypto rx=0 tx=0 comp rx=0 tx=0)._handle_peer_banner_payload supported=3 required=0
2024-05-09T05:26:07.923 INFO:teuthology.orchestra.run.smithi115.stdout:/usr/bin/ceph: stderr
2024-05-09T05:26:07.419+0000 7ff4d77fe700 1 --2- 172.21.15.115:0/3264941677 >> [v2:172.21.15.115:6800/792641138,v1:172.21.15.115:6801/792641138] conn(0x7ff4c4041e20 0x7ff4c4044240 secure :-1 s=READY pgs=1 cs=0 l=1 rev1=1 crypto rx=0x7ff4c0003a10 tx=0x7ff4c0009290 comp rx=0 tx=0).ready entity=mgr.14118 client_cookie=0 server_cookie=0 in_seq=0 out_seq=0
2024-05-09T05:26:07.923 INFO:teuthology.orchestra.run.smithi115.stdout:/usr/bin/ceph: stderr
2024-05-09T05:26:07.420+0000 7ff4d57fa700 1 -- 172.21.15.115:0/3264941677 <== mgr.14118 v2:172.21.15.115:6800/792641138 1 ==== command_reply(tid 0: 0 ) ==== 8+0+9564 (secure 0 0 0) 0x7ff4c8025e70 con 0x7ff4c4041e20
2024-05-09T05:26:07.923 INFO:teuthology.orchestra.run.smithi115.stdout:/usr/bin/ceph: stderr
2024-05-09T05:26:07.428+0000 7ff4de781700 1 -- 172.21.15.115:0/3264941677 --> [v2:172.21.15.115:6800/792641138,v1:172.21.15.115:6801/792641138] -- command(tid 1: {"prefix": "mgr_status"}) -- 0x7ff4d8064e20 con 0x7ff4c4041e20
2024-05-09T05:26:07.923 INFO:teuthology.orchestra.run.smithi115.stdout:/usr/bin/ceph: stderr
2024-05-09T05:26:07.428+0000 7ff4d57fa700 1 -- 172.21.15.115:0/3264941677 <== mgr.14118 v2:172.21.15.115:6800/792641138 2 ==== command_reply(tid 1: 0 ) ==== 8+0+51 (secure 0 0 0) 0x7ff4d8064e20 con 0x7ff4c4041e20
2024-05-09T05:26:07.923 INFO:teuthology.orchestra.run.smithi115.stdout:/usr/bin/ceph: stderr
2024-05-09T05:26:07.428+0000 7ff4de781700 1 -- 172.21.15.115:0/3264941677 >> [v2:172.21.15.115:6800/792641138,v1:172.21.15.115:6801/792641138] conn(0x7ff4c4041e20 msgr2=0x7ff4c4044240 secure :-1 s=STATE_CONNECTION_ESTABLISHED l=1).mark_down
2024-05-09T05:26:07.923 INFO:teuthology.orchestra.run.smithi115.stdout:/usr/bin/ceph: stderr
2024-05-09T05:26:07.428+0000 7ff4de781700 1 --2- 172.21.15.115:0/3264941677 >> [v2:172.21.15.115:6800/792641138,v1:172.21.15.115:6801/792641138] conn(0x7ff4c4041e20 0x7ff4c4044240 secure :-1 s=READY pgs=1 cs=0 l=1 rev1=1 crypto rx=0x7ff4c0003a10 tx=0x7ff4c0009290 comp rx=0 tx=0).stop
2024-05-09T05:26:07.923 INFO:teuthology.orchestra.run.smithi115.stdout:/usr/bin/ceph: stderr
2024-05-09T05:26:07.428+0000 7ff4de781700 1 -- 172.21.15.115:0/3264941677 >> [v2:172.21.15.115:3300/0,v1:172.21.15.115:6789/0] conn(0x7ff4d810a5c0 msgr2=0x7ff4d8109d40 secure :-1 s=STATE_CONNECTION_ESTABLISHED l=1).mark_down
2024-05-09T05:26:07.923 INFO:teuthology.orchestra.run.smithi115.stdout:/usr/bin/ceph: stderr
2024-05-09T05:26:07.428+0000 7ff4de781700 1 --2- 172.21.15.115:0/3264941677 >> [v2:172.21.15.115:3300/0,v1:172.21.15.115:6789/0] conn(0x7ff4d810a5c0 0x7ff4d8109d40 secure :-1 s=READY pgs=27 cs=0 l=1 rev1=1 crypto rx=0x7ff4c80116a0 tx=0x7ff4c8011a60 comp rx=0 tx=0).stop
2024-05-09T05:26:07.923 INFO:teuthology.orchestra.run.smithi115.stdout:/usr/bin/ceph: stderr
2024-05-09T05:26:07.428+0000 7ff4de781700 1 -- 172.21.15.115:0/3264941677 shutdown_connections
2024-05-09T05:26:07.923 INFO:teuthology.orchestra.run.smithi115.stdout:/usr/bin/ceph: stderr
2024-05-09T05:26:07.428+0000 7ff4de781700 1 --2- 172.21.15.115:0/3264941677 >> [v2:172.21.15.115:3300/0,v1:172.21.15.115:6789/0] conn(0x7ff4d810a5c0 0x7ff4d8109d40 unknown :-1 s=CLOSED pgs=27 cs=0 l=1 rev1=1 crypto rx=0 tx=0 comp rx=0 tx=0).stop
2024-05-09T05:26:07.923 INFO:teuthology.orchestra.run.smithi115.stdout:/usr/bin/ceph: stderr
2024-05-09T05:26:07.428+0000 7ff4de781700 1 --2- 172.21.15.115:0/3264941677 >> [v2:172.21.15.115:6800/792641138,v1:172.21.15.115:6801/792641138] conn(0x7ff4c4041e20 0x7ff4c4044240 unknown :-1 s=CLOSED pgs=1 cs=0 l=1 rev1=1 crypto rx=0 tx=0 comp rx=0 tx=0).stop
2024-05-09T05:26:07.924 INFO:teuthology.orchestra.run.smithi115.stdout:/usr/bin/ceph: stderr
2024-05-09T05:26:07.428+0000 7ff4de781700 1 --2- 172.21.15.115:0/3264941677 >> [v2:172.21.15.115:6800/1212404088,v1:172.21.15.115:6801/1212404088] conn(0x7ff4c403e4e0 0x7ff4c40409f0 unknown :-1 s=CLOSED pgs=0 cs=0 l=1 rev1=0 crypto rx=0 tx=0 comp rx=0 tx=0).stop
2024-05-09T05:26:07.924 INFO:teuthology.orchestra.run.smithi115.stdout:/usr/bin/ceph: stderr
2024-05-09T05:26:07.428+0000 7ff4de781700 1 -- 172.21.15.115:0/3264941677 >> 172.21.15.115:0/3264941677 conn(0x7ff4d8103fc0 msgr2=0x7ff4d8104830 unknown :-1 s=STATE_NONE l=0).mark_down
2024-05-09T05:26:07.924 INFO:teuthology.orchestra.run.smithi115.stdout:/usr/bin/ceph: stderr
2024-05-09T05:26:07.428+0000 7ff4de781700 1 -- 172.21.15.115:0/3264941677 shutdown_connections
2024-05-09T05:26:07.924 INFO:teuthology.orchestra.run.smithi115.stdout:/usr/bin/ceph: stderr
2024-05-09T05:26:07.428+0000 7ff4de781700 1 -- 172.21.15.115:0/3264941677 wait complete.
2024-05-09T05:26:07.924 INFO:teuthology.orchestra.run.smithi115.stdout:mgr epoch 5 is available
2024-05-09T05:26:07.924 INFO:teuthology.orchestra.run.smithi115.stdout:Setting orchestrator backend to cephadm...
2024-05-09T05:26:08.898 INFO:journalctl@ceph.mon.a.smithi115.stdout:May 09 05:26:08 smithi115 ceph-mon[30349]: from='client.14122 -' entity='client.admin' cmd=[{"prefix": "get_command_descriptions"}]: dispatch
2024-05-09T05:26:08.898 INFO:journalctl@ceph.mon.a.smithi115.stdout:May 09 05:26:08 smithi115 ceph-mon[30349]: from='client.14122 -' entity='client.admin' cmd=[{"prefix": "mgr_status"}]: dispatch
2024-05-09T05:26:08.898 INFO:journalctl@ceph.mon.a.smithi115.stdout:May 09 05:26:08 smithi115 ceph-mon[30349]: from='mgr.14118 172.21.15.115:0/2951475448' entity='mgr.x'
2024-05-09T05:26:08.898 INFO:journalctl@ceph.mon.a.smithi115.stdout:May 09 05:26:08 smithi115 ceph-mon[30349]: from='mgr.14118 172.21.15.115:0/2951475448' entity='mgr.x'
2024-05-09T05:26:08.898 INFO:journalctl@ceph.mon.a.smithi115.stdout:May 09 05:26:08 smithi115 ceph-mon[30349]: [09/May/2024:05:26:07] ENGINE Bus STARTING
2024-05-09T05:26:08.898 INFO:journalctl@ceph.mon.a.smithi115.stdout:May 09 05:26:08 smithi115 ceph-mon[30349]: [09/May/2024:05:26:08] ENGINE Serving on http://172.21.15.115:8765
2024-05-09T05:26:08.898 INFO:journalctl@ceph.mon.a.smithi115.stdout:May 09 05:26:08 smithi115 ceph-mon[30349]: [09/May/2024:05:26:08] ENGINE Serving on https://172.21.15.115:7150
2024-05-09T05:26:08.898 INFO:journalctl@ceph.mon.a.smithi115.stdout:May 09 05:26:08 smithi115 ceph-mon[30349]: [09/May/2024:05:26:08] ENGINE Bus STARTED
2024-05-09T05:26:08.898 INFO:journalctl@ceph.mon.a.smithi115.stdout:May 09 05:26:08 smithi115 ceph-mon[30349]: from='mgr.14118 172.21.15.115:0/2951475448' entity='mgr.x' cmd=[{"prefix": "config dump", "format": "json"}]: dispatch
2024-05-09T05:26:08.898 INFO:journalctl@ceph.mon.a.smithi115.stdout:May 09 05:26:08 smithi115 ceph-mon[30349]: from='mgr.14118 172.21.15.115:0/2951475448' entity='mgr.x'
2024-05-09T05:26:08.899 INFO:journalctl@ceph.mon.a.smithi115.stdout:May 09 05:26:08 smithi115 ceph-mon[30349]: from='mgr.14118 172.21.15.115:0/2951475448' entity='mgr.x' cmd=[{"prefix": "config dump", "format": "json"}]: dispatch
2024-05-09T05:26:09.154 INFO:teuthology.orchestra.run.smithi115.stdout:/usr/bin/ceph: stderr
2024-05-09T05:26:08.402+0000 7f660384f700 1 Processor -- start
2024-05-09T05:26:09.154 INFO:teuthology.orchestra.run.smithi115.stdout:/usr/bin/ceph: stderr
2024-05-09T05:26:08.402+0000 7f660384f700 1 -- start start
2024-05-09T05:26:09.154 INFO:teuthology.orchestra.run.smithi115.stdout:/usr/bin/ceph: stderr
2024-05-09T05:26:08.403+0000 7f660384f700 1 --2- >> [v2:172.21.15.115:3300/0,v1:172.21.15.115:6789/0] conn(0x7f65fc109ad0 0x7f65fc109ee0 unknown :-1 s=NONE pgs=0 cs=0 l=0 rev1=0 crypto rx=0 tx=0 comp rx=0 tx=0).connect
2024-05-09T05:26:09.154 INFO:teuthology.orchestra.run.smithi115.stdout:/usr/bin/ceph: stderr
2024-05-09T05:26:08.403+0000 7f660384f700 1 -- --> [v2:172.21.15.115:3300/0,v1:172.21.15.115:6789/0] -- mon_getmap magic: 0 -- 0x7f65fc10a4d0 con 0x7f65fc109ad0
2024-05-09T05:26:09.154 INFO:teuthology.orchestra.run.smithi115.stdout:/usr/bin/ceph: stderr
2024-05-09T05:26:08.403+0000 7f66015eb700 1 --2- >> [v2:172.21.15.115:3300/0,v1:172.21.15.115:6789/0] conn(0x7f65fc109ad0 0x7f65fc109ee0 unknown :-1 s=BANNER_CONNECTING pgs=0 cs=0 l=0 rev1=0 crypto rx=0 tx=0 comp rx=0 tx=0)._handle_peer_banner_payload supported=3 required=0
2024-05-09T05:26:09.154 INFO:teuthology.orchestra.run.smithi115.stdout:/usr/bin/ceph: stderr
2024-05-09T05:26:08.403+0000 7f66015eb700 1 --2- >> [v2:172.21.15.115:3300/0,v1:172.21.15.115:6789/0] conn(0x7f65fc109ad0 0x7f65fc109ee0 unknown :-1 s=HELLO_CONNECTING pgs=0 cs=0 l=0 rev1=1 crypto rx=0 tx=0 comp rx=0 tx=0).handle_hello peer v2:172.21.15.115:3300/0 says I am v2:172.21.15.115:36192/0 (socket says 172.21.15.115:36192)
2024-05-09T05:26:09.154 INFO:teuthology.orchestra.run.smithi115.stdout:/usr/bin/ceph: stderr
2024-05-09T05:26:08.403+0000 7f66015eb700 1 -- 172.21.15.115:0/2727533305 learned_addr learned my addr 172.21.15.115:0/2727533305 (peer_addr_for_me v2:172.21.15.115:0/0)
2024-05-09T05:26:09.155 INFO:teuthology.orchestra.run.smithi115.stdout:/usr/bin/ceph: stderr
2024-05-09T05:26:08.403+0000 7f66015eb700 1 -- 172.21.15.115:0/2727533305 --> [v2:172.21.15.115:3300/0,v1:172.21.15.115:6789/0] -- mon_subscribe({config=0+,monmap=0+}) -- 0x7f65fc10aca0 con 0x7f65fc109ad0
2024-05-09T05:26:09.155 INFO:teuthology.orchestra.run.smithi115.stdout:/usr/bin/ceph: stderr
2024-05-09T05:26:08.403+0000 7f66015eb700 1 --2- 172.21.15.115:0/2727533305 >> [v2:172.21.15.115:3300/0,v1:172.21.15.115:6789/0] conn(0x7f65fc109ad0 0x7f65fc109ee0 secure :-1 s=READY pgs=35 cs=0 l=1 rev1=1 crypto rx=0x7f65f8009e80 tx=0x7f65f800b330 comp rx=0 tx=0).ready entity=mon.0 client_cookie=2ce6114db55c5a41 server_cookie=0 in_seq=0 out_seq=0
2024-05-09T05:26:09.155 INFO:teuthology.orchestra.run.smithi115.stdout:/usr/bin/ceph: stderr
2024-05-09T05:26:08.403+0000 7f65f3fff700 1 -- 172.21.15.115:0/2727533305 <== mon.0 v2:172.21.15.115:3300/0 1 ==== mon_map magic: 0 ==== 205+0+0 (secure 0 0 0) 0x7f65f8017070 con 0x7f65fc109ad0
2024-05-09T05:26:09.159 INFO:teuthology.orchestra.run.smithi115.stdout:/usr/bin/ceph: stderr
2024-05-09T05:26:08.403+0000 7f65f3fff700 1 -- 172.21.15.115:0/2727533305 <== mon.0 v2:172.21.15.115:3300/0 2 ==== config(25 keys) ==== 1032+0+0 (secure 0 0 0) 0x7f65f800b8c0 con 0x7f65fc109ad0
2024-05-09T05:26:09.160 INFO:teuthology.orchestra.run.smithi115.stdout:/usr/bin/ceph: stderr
2024-05-09T05:26:08.403+0000 7f65f3fff700 1 -- 172.21.15.115:0/2727533305 <== mon.0 v2:172.21.15.115:3300/0 3 ==== mon_map magic: 0 ==== 205+0+0 (secure 0 0 0) 0x7f65f8004420 con 0x7f65fc109ad0
2024-05-09T05:26:09.160 INFO:teuthology.orchestra.run.smithi115.stdout:/usr/bin/ceph: stderr
2024-05-09T05:26:08.404+0000 7f660384f700 1 -- 172.21.15.115:0/2727533305 >> [v2:172.21.15.115:3300/0,v1:172.21.15.115:6789/0] conn(0x7f65fc109ad0 msgr2=0x7f65fc109ee0 secure :-1 s=STATE_CONNECTION_ESTABLISHED l=1).mark_down
2024-05-09T05:26:09.160 INFO:teuthology.orchestra.run.smithi115.stdout:/usr/bin/ceph: stderr
2024-05-09T05:26:08.404+0000 7f660384f700 1 --2- 172.21.15.115:0/2727533305 >> [v2:172.21.15.115:3300/0,v1:172.21.15.115:6789/0] conn(0x7f65fc109ad0 0x7f65fc109ee0 secure :-1 s=READY pgs=35 cs=0 l=1 rev1=1 crypto rx=0x7f65f8009e80 tx=0x7f65f800b330 comp rx=0 tx=0).stop
2024-05-09T05:26:09.160 INFO:teuthology.orchestra.run.smithi115.stdout:/usr/bin/ceph: stderr
2024-05-09T05:26:08.404+0000 7f660384f700 1 -- 172.21.15.115:0/2727533305 shutdown_connections
2024-05-09T05:26:09.160 INFO:teuthology.orchestra.run.smithi115.stdout:/usr/bin/ceph: stderr
2024-05-09T05:26:08.404+0000 7f660384f700 1 --2- 172.21.15.115:0/2727533305 >> [v2:172.21.15.115:3300/0,v1:172.21.15.115:6789/0] conn(0x7f65fc109ad0 0x7f65fc109ee0 unknown :-1 s=CLOSED pgs=35 cs=0 l=1 rev1=1 crypto rx=0 tx=0 comp rx=0 tx=0).stop
2024-05-09T05:26:09.160 INFO:teuthology.orchestra.run.smithi115.stdout:/usr/bin/ceph: stderr
2024-05-09T05:26:08.404+0000 7f660384f700 1 -- 172.21.15.115:0/2727533305 >> 172.21.15.115:0/2727533305 conn(0x7f65fc105190 msgr2=0x7f65fc1075e0 unknown :-1 s=STATE_NONE l=0).mark_down
2024-05-09T05:26:09.160 INFO:teuthology.orchestra.run.smithi115.stdout:/usr/bin/ceph: stderr
2024-05-09T05:26:08.404+0000 7f660384f700 1 -- 172.21.15.115:0/2727533305 shutdown_connections
2024-05-09T05:26:09.160 INFO:teuthology.orchestra.run.smithi115.stdout:/usr/bin/ceph: stderr
2024-05-09T05:26:08.404+0000 7f660384f700 1 -- 172.21.15.115:0/2727533305 wait complete.
2024-05-09T05:26:09.160 INFO:teuthology.orchestra.run.smithi115.stdout:/usr/bin/ceph: stderr
2024-05-09T05:26:08.405+0000 7f660384f700 1 Processor -- start
2024-05-09T05:26:09.160 INFO:teuthology.orchestra.run.smithi115.stdout:/usr/bin/ceph: stderr
2024-05-09T05:26:08.405+0000 7f660384f700 1 -- start start
2024-05-09T05:26:09.160 INFO:teuthology.orchestra.run.smithi115.stdout:/usr/bin/ceph: stderr
2024-05-09T05:26:08.405+0000 7f660384f700 1 --2- >> [v2:172.21.15.115:3300/0,v1:172.21.15.115:6789/0] conn(0x7f65fc109ad0 0x7f65fc19de70 unknown :-1 s=NONE pgs=0 cs=0 l=1 rev1=0 crypto rx=0 tx=0 comp rx=0 tx=0).connect
2024-05-09T05:26:09.161 INFO:teuthology.orchestra.run.smithi115.stdout:/usr/bin/ceph: stderr
2024-05-09T05:26:08.405+0000 7f660384f700 1 -- --> [v2:172.21.15.115:3300/0,v1:172.21.15.115:6789/0] -- mon_getmap magic: 0 -- 0x7f65fc10e050 con 0x7f65fc109ad0
2024-05-09T05:26:09.161 INFO:teuthology.orchestra.run.smithi115.stdout:/usr/bin/ceph: stderr
2024-05-09T05:26:08.405+0000 7f66015eb700 1 --2- >> [v2:172.21.15.115:3300/0,v1:172.21.15.115:6789/0] conn(0x7f65fc109ad0 0x7f65fc19de70 unknown :-1 s=BANNER_CONNECTING pgs=0 cs=0 l=1 rev1=0 crypto rx=0 tx=0 comp rx=0 tx=0)._handle_peer_banner_payload supported=3 required=0
2024-05-09T05:26:09.161 INFO:teuthology.orchestra.run.smithi115.stdout:/usr/bin/ceph: stderr
2024-05-09T05:26:08.405+0000 7f66015eb700 1 --2- >> [v2:172.21.15.115:3300/0,v1:172.21.15.115:6789/0] conn(0x7f65fc109ad0 0x7f65fc19de70 unknown :-1 s=HELLO_CONNECTING pgs=0 cs=0 l=1 rev1=1 crypto rx=0 tx=0 comp rx=0 tx=0).handle_hello peer v2:172.21.15.115:3300/0 says I am v2:172.21.15.115:36200/0 (socket says 172.21.15.115:36200)
2024-05-09T05:26:09.161 INFO:teuthology.orchestra.run.smithi115.stdout:/usr/bin/ceph: stderr
2024-05-09T05:26:08.405+0000 7f66015eb700 1 -- 172.21.15.115:0/404965813 learned_addr learned my addr 172.21.15.115:0/404965813 (peer_addr_for_me v2:172.21.15.115:0/0)
2024-05-09T05:26:09.161 INFO:teuthology.orchestra.run.smithi115.stdout:/usr/bin/ceph: stderr
2024-05-09T05:26:08.406+0000 7f66015eb700 1 -- 172.21.15.115:0/404965813 --> [v2:172.21.15.115:3300/0,v1:172.21.15.115:6789/0] -- mon_subscribe({config=0+,monmap=0+}) -- 0x7f65fc19e3b0 con 0x7f65fc109ad0
2024-05-09T05:26:09.161 INFO:teuthology.orchestra.run.smithi115.stdout:/usr/bin/ceph: stderr
