2024-05-09T05:26:08.406+0000 7f66015eb700 1 --2- 172.21.15.115:0/404965813 >> [v2:172.21.15.115:3300/0,v1:172.21.15.115:6789/0] conn(0x7f65fc109ad0 0x7f65fc19de70 secure :-1 s=READY pgs=36 cs=0 l=1 rev1=1 crypto rx=0x7f65f800bca0 tx=0x7f65f800bd80 comp rx=0 tx=0).ready entity=mon.0 client_cookie=0 server_cookie=0 in_seq=0 out_seq=0
2024-05-09T05:26:09.161 INFO:teuthology.orchestra.run.smithi115.stdout:/usr/bin/ceph: stderr
2024-05-09T05:26:08.406+0000 7f65f27fc700 1 -- 172.21.15.115:0/404965813 <== mon.0 v2:172.21.15.115:3300/0 1 ==== mon_map magic: 0 ==== 205+0+0 (secure 0 0 0) 0x7f65f8020020 con 0x7f65fc109ad0
2024-05-09T05:26:09.161 INFO:teuthology.orchestra.run.smithi115.stdout:/usr/bin/ceph: stderr
2024-05-09T05:26:08.406+0000 7f65f27fc700 1 -- 172.21.15.115:0/404965813 <== mon.0 v2:172.21.15.115:3300/0 2 ==== config(25 keys) ==== 1032+0+0 (secure 0 0 0) 0x7f65f8012430 con 0x7f65fc109ad0
2024-05-09T05:26:09.161 INFO:teuthology.orchestra.run.smithi115.stdout:/usr/bin/ceph: stderr
2024-05-09T05:26:08.406+0000 7f65f27fc700 1 -- 172.21.15.115:0/404965813 <== mon.0 v2:172.21.15.115:3300/0 3 ==== mon_map magic: 0 ==== 205+0+0 (secure 0 0 0) 0x7f65f8017040 con 0x7f65fc109ad0
2024-05-09T05:26:09.161 INFO:teuthology.orchestra.run.smithi115.stdout:/usr/bin/ceph: stderr
2024-05-09T05:26:08.406+0000 7f660384f700 1 -- 172.21.15.115:0/404965813 --> [v2:172.21.15.115:3300/0,v1:172.21.15.115:6789/0] -- mon_subscribe({mgrmap=0+}) -- 0x7f65fc19e640 con 0x7f65fc109ad0
2024-05-09T05:26:09.161 INFO:teuthology.orchestra.run.smithi115.stdout:/usr/bin/ceph: stderr
2024-05-09T05:26:08.406+0000 7f660384f700 1 -- 172.21.15.115:0/404965813 --> [v2:172.21.15.115:3300/0,v1:172.21.15.115:6789/0] -- mon_subscribe({osdmap=0}) -- 0x7f65fc1a1250 con 0x7f65fc109ad0
2024-05-09T05:26:09.161 INFO:teuthology.orchestra.run.smithi115.stdout:/usr/bin/ceph: stderr
2024-05-09T05:26:08.407+0000 7f65f27fc700 1 -- 172.21.15.115:0/404965813 <== mon.0 v2:172.21.15.115:3300/0 4 ==== mgrmap(e 7) ==== 50116+0+0 (secure 0 0 0) 0x7f65f8023020 con 0x7f65fc109ad0
2024-05-09T05:26:09.161 INFO:teuthology.orchestra.run.smithi115.stdout:/usr/bin/ceph: stderr
2024-05-09T05:26:08.407+0000 7f65f27fc700 1 --2- 172.21.15.115:0/404965813 >> [v2:172.21.15.115:6800/792641138,v1:172.21.15.115:6801/792641138] conn(0x7f65e803e420 0x7f65e8040930 unknown :-1 s=NONE pgs=0 cs=0 l=1 rev1=0 crypto rx=0 tx=0 comp rx=0 tx=0).connect
2024-05-09T05:26:09.161 INFO:teuthology.orchestra.run.smithi115.stdout:/usr/bin/ceph: stderr
2024-05-09T05:26:08.407+0000 7f65f27fc700 1 -- 172.21.15.115:0/404965813 <== mon.0 v2:172.21.15.115:3300/0 5 ==== osd_map(2..2 src has 1..2) ==== 940+0+0 (secure 0 0 0) 0x7f65f800f050 con 0x7f65fc109ad0
2024-05-09T05:26:09.162 INFO:teuthology.orchestra.run.smithi115.stdout:/usr/bin/ceph: stderr
2024-05-09T05:26:08.407+0000 7f660384f700 1 -- 172.21.15.115:0/404965813 --> [v2:172.21.15.115:3300/0,v1:172.21.15.115:6789/0] -- mon_command({"prefix": "get_command_descriptions"} v 0) -- 0x7f65fc064e20 con 0x7f65fc109ad0
2024-05-09T05:26:09.162 INFO:teuthology.orchestra.run.smithi115.stdout:/usr/bin/ceph: stderr
2024-05-09T05:26:08.407+0000 7f6600dea700 1 --2- 172.21.15.115:0/404965813 >> [v2:172.21.15.115:6800/792641138,v1:172.21.15.115:6801/792641138] conn(0x7f65e803e420 0x7f65e8040930 unknown :-1 s=BANNER_CONNECTING pgs=0 cs=0 l=1 rev1=0 crypto rx=0 tx=0 comp rx=0 tx=0)._handle_peer_banner_payload supported=3 required=0
2024-05-09T05:26:09.162 INFO:teuthology.orchestra.run.smithi115.stdout:/usr/bin/ceph: stderr
2024-05-09T05:26:08.408+0000 7f6600dea700 1 --2- 172.21.15.115:0/404965813 >> [v2:172.21.15.115:6800/792641138,v1:172.21.15.115:6801/792641138] conn(0x7f65e803e420 0x7f65e8040930 secure :-1 s=READY pgs=7 cs=0 l=1 rev1=1 crypto rx=0x7f65ec006fd0 tx=0x7f65ec006e40 comp rx=0 tx=0).ready entity=mgr.14118 client_cookie=0 server_cookie=0 in_seq=0 out_seq=0
2024-05-09T05:26:09.162 INFO:teuthology.orchestra.run.smithi115.stdout:/usr/bin/ceph: stderr
2024-05-09T05:26:08.413+0000 7f65f27fc700 1 -- 172.21.15.115:0/404965813 <== mon.0 v2:172.21.15.115:3300/0 6 ==== mon_command_ack([{"prefix": "get_command_descriptions"}]=0 v0) ==== 72+0+191963 (secure 0 0 0) 0x7f65f802a020 con 0x7f65fc109ad0
2024-05-09T05:26:09.162 INFO:teuthology.orchestra.run.smithi115.stdout:/usr/bin/ceph: stderr
2024-05-09T05:26:08.636+0000 7f660384f700 1 -- 172.21.15.115:0/404965813 --> [v2:172.21.15.115:6800/792641138,v1:172.21.15.115:6801/792641138] -- mgr_command(tid 0: {"prefix": "orch set backend", "module_name": "cephadm", "target": ["mon-mgr", ""]}) -- 0x7f65fc107200 con 0x7f65e803e420
2024-05-09T05:26:09.162 INFO:teuthology.orchestra.run.smithi115.stdout:/usr/bin/ceph: stderr
2024-05-09T05:26:08.641+0000 7f65f27fc700 1 -- 172.21.15.115:0/404965813 <== mgr.14118 v2:172.21.15.115:6800/792641138 1 ==== mgr_command_reply(tid 0: 0 ) ==== 8+0+0 (secure 0 0 0) 0x7f65fc107200 con 0x7f65e803e420
2024-05-09T05:26:09.162 INFO:teuthology.orchestra.run.smithi115.stdout:/usr/bin/ceph: stderr
2024-05-09T05:26:08.644+0000 7f660384f700 1 -- 172.21.15.115:0/404965813 >> [v2:172.21.15.115:6800/792641138,v1:172.21.15.115:6801/792641138] conn(0x7f65e803e420 msgr2=0x7f65e8040930 secure :-1 s=STATE_CONNECTION_ESTABLISHED l=1).mark_down
2024-05-09T05:26:09.162 INFO:teuthology.orchestra.run.smithi115.stdout:/usr/bin/ceph: stderr
2024-05-09T05:26:08.644+0000 7f660384f700 1 --2- 172.21.15.115:0/404965813 >> [v2:172.21.15.115:6800/792641138,v1:172.21.15.115:6801/792641138] conn(0x7f65e803e420 0x7f65e8040930 secure :-1 s=READY pgs=7 cs=0 l=1 rev1=1 crypto rx=0x7f65ec006fd0 tx=0x7f65ec006e40 comp rx=0 tx=0).stop
2024-05-09T05:26:09.162 INFO:teuthology.orchestra.run.smithi115.stdout:/usr/bin/ceph: stderr
2024-05-09T05:26:08.644+0000 7f660384f700 1 -- 172.21.15.115:0/404965813 >> [v2:172.21.15.115:3300/0,v1:172.21.15.115:6789/0] conn(0x7f65fc109ad0 msgr2=0x7f65fc19de70 secure :-1 s=STATE_CONNECTION_ESTABLISHED l=1).mark_down
2024-05-09T05:26:09.162 INFO:teuthology.orchestra.run.smithi115.stdout:/usr/bin/ceph: stderr
2024-05-09T05:26:08.644+0000 7f660384f700 1 --2- 172.21.15.115:0/404965813 >> [v2:172.21.15.115:3300/0,v1:172.21.15.115:6789/0] conn(0x7f65fc109ad0 0x7f65fc19de70 secure :-1 s=READY pgs=36 cs=0 l=1 rev1=1 crypto rx=0x7f65f800bca0 tx=0x7f65f800bd80 comp rx=0 tx=0).stop
2024-05-09T05:26:09.162 INFO:teuthology.orchestra.run.smithi115.stdout:/usr/bin/ceph: stderr
2024-05-09T05:26:08.644+0000 7f660384f700 1 -- 172.21.15.115:0/404965813 shutdown_connections
2024-05-09T05:26:09.162 INFO:teuthology.orchestra.run.smithi115.stdout:/usr/bin/ceph: stderr
2024-05-09T05:26:08.644+0000 7f660384f700 1 --2- 172.21.15.115:0/404965813 >> [v2:172.21.15.115:6800/792641138,v1:172.21.15.115:6801/792641138] conn(0x7f65e803e420 0x7f65e8040930 unknown :-1 s=CLOSED pgs=7 cs=0 l=1 rev1=1 crypto rx=0 tx=0 comp rx=0 tx=0).stop
2024-05-09T05:26:09.162 INFO:teuthology.orchestra.run.smithi115.stdout:/usr/bin/ceph: stderr
2024-05-09T05:26:08.644+0000 7f660384f700 1 --2- 172.21.15.115:0/404965813 >> [v2:172.21.15.115:3300/0,v1:172.21.15.115:6789/0] conn(0x7f65fc109ad0 0x7f65fc19de70 unknown :-1 s=CLOSED pgs=36 cs=0 l=1 rev1=1 crypto rx=0 tx=0 comp rx=0 tx=0).stop
2024-05-09T05:26:09.162 INFO:teuthology.orchestra.run.smithi115.stdout:/usr/bin/ceph: stderr
2024-05-09T05:26:08.644+0000 7f660384f700 1 -- 172.21.15.115:0/404965813 >> 172.21.15.115:0/404965813 conn(0x7f65fc105190 msgr2=0x7f65fc106af0 unknown :-1 s=STATE_NONE l=0).mark_down
2024-05-09T05:26:09.163 INFO:teuthology.orchestra.run.smithi115.stdout:/usr/bin/ceph: stderr
2024-05-09T05:26:08.644+0000 7f660384f700 1 -- 172.21.15.115:0/404965813 shutdown_connections
2024-05-09T05:26:09.163 INFO:teuthology.orchestra.run.smithi115.stdout:/usr/bin/ceph: stderr
2024-05-09T05:26:08.644+0000 7f660384f700 1 -- 172.21.15.115:0/404965813 wait complete.
2024-05-09T05:26:09.786 INFO:journalctl@ceph.mon.a.smithi115.stdout:May 09 05:26:09 smithi115 ceph-mon[30349]: from='client.14130 -' entity='client.admin' cmd=[{"prefix": "orch set backend", "module_name": "cephadm", "target": ["mon-mgr", ""]}]: dispatch
2024-05-09T05:26:09.786 INFO:journalctl@ceph.mon.a.smithi115.stdout:May 09 05:26:09 smithi115 ceph-mon[30349]: mgrmap e8: x(active, since 2s)
2024-05-09T05:26:10.396 INFO:teuthology.orchestra.run.smithi115.stdout:/usr/bin/ceph: stdout value unchanged
2024-05-09T05:26:10.396 INFO:teuthology.orchestra.run.smithi115.stdout:/usr/bin/ceph: stderr
2024-05-09T05:26:09.576+0000 7fa8404d7700 1 Processor -- start
2024-05-09T05:26:10.396 INFO:teuthology.orchestra.run.smithi115.stdout:/usr/bin/ceph: stderr
2024-05-09T05:26:09.576+0000 7fa8404d7700 1 -- start start
2024-05-09T05:26:10.397 INFO:teuthology.orchestra.run.smithi115.stdout:/usr/bin/ceph: stderr
2024-05-09T05:26:09.576+0000 7fa8404d7700 1 --2- >> [v2:172.21.15.115:3300/0,v1:172.21.15.115:6789/0] conn(0x7fa838108150 0x7fa838108560 unknown :-1 s=NONE pgs=0 cs=0 l=0 rev1=0 crypto rx=0 tx=0 comp rx=0 tx=0).connect
2024-05-09T05:26:10.397 INFO:teuthology.orchestra.run.smithi115.stdout:/usr/bin/ceph: stderr
2024-05-09T05:26:09.576+0000 7fa8404d7700 1 -- --> [v2:172.21.15.115:3300/0,v1:172.21.15.115:6789/0] -- mon_getmap magic: 0 -- 0x7fa838108b50 con 0x7fa838108150
2024-05-09T05:26:10.397 INFO:teuthology.orchestra.run.smithi115.stdout:/usr/bin/ceph: stderr
2024-05-09T05:26:09.576+0000 7fa83e273700 1 --2- >> [v2:172.21.15.115:3300/0,v1:172.21.15.115:6789/0] conn(0x7fa838108150 0x7fa838108560 unknown :-1 s=BANNER_CONNECTING pgs=0 cs=0 l=0 rev1=0 crypto rx=0 tx=0 comp rx=0 tx=0)._handle_peer_banner_payload supported=3 required=0
2024-05-09T05:26:10.397 INFO:teuthology.orchestra.run.smithi115.stdout:/usr/bin/ceph: stderr
2024-05-09T05:26:09.576+0000 7fa83e273700 1 --2- >> [v2:172.21.15.115:3300/0,v1:172.21.15.115:6789/0] conn(0x7fa838108150 0x7fa838108560 unknown :-1 s=HELLO_CONNECTING pgs=0 cs=0 l=0 rev1=1 crypto rx=0 tx=0 comp rx=0 tx=0).handle_hello peer v2:172.21.15.115:3300/0 says I am v2:172.21.15.115:36210/0 (socket says 172.21.15.115:36210)
2024-05-09T05:26:10.397 INFO:teuthology.orchestra.run.smithi115.stdout:/usr/bin/ceph: stderr
2024-05-09T05:26:09.576+0000 7fa83e273700 1 -- 172.21.15.115:0/4232068857 learned_addr learned my addr 172.21.15.115:0/4232068857 (peer_addr_for_me v2:172.21.15.115:0/0)
2024-05-09T05:26:10.397 INFO:teuthology.orchestra.run.smithi115.stdout:/usr/bin/ceph: stderr
2024-05-09T05:26:09.577+0000 7fa83e273700 1 -- 172.21.15.115:0/4232068857 --> [v2:172.21.15.115:3300/0,v1:172.21.15.115:6789/0] -- mon_subscribe({config=0+,monmap=0+}) -- 0x7fa838109320 con 0x7fa838108150
2024-05-09T05:26:10.397 INFO:teuthology.orchestra.run.smithi115.stdout:/usr/bin/ceph: stderr
2024-05-09T05:26:09.577+0000 7fa83e273700 1 --2- 172.21.15.115:0/4232068857 >> [v2:172.21.15.115:3300/0,v1:172.21.15.115:6789/0] conn(0x7fa838108150 0x7fa838108560 secure :-1 s=READY pgs=37 cs=0 l=1 rev1=1 crypto rx=0x7fa8340098a0 tx=0x7fa834009bb0 comp rx=0 tx=0).ready entity=mon.0 client_cookie=eeb273a8d0c8b0d5 server_cookie=0 in_seq=0 out_seq=0
2024-05-09T05:26:10.397 INFO:teuthology.orchestra.run.smithi115.stdout:/usr/bin/ceph: stderr
2024-05-09T05:26:09.577+0000 7fa83d271700 1 -- 172.21.15.115:0/4232068857 <== mon.0 v2:172.21.15.115:3300/0 1 ==== mon_map magic: 0 ==== 205+0+0 (secure 0 0 0) 0x7fa834004160 con 0x7fa838108150
2024-05-09T05:26:10.397 INFO:teuthology.orchestra.run.smithi115.stdout:/usr/bin/ceph: stderr
2024-05-09T05:26:09.577+0000 7fa83d271700 1 -- 172.21.15.115:0/4232068857 <== mon.0 v2:172.21.15.115:3300/0 2 ==== config(25 keys) ==== 1032+0+0 (secure 0 0 0) 0x7fa834004300 con 0x7fa838108150
2024-05-09T05:26:10.397 INFO:teuthology.orchestra.run.smithi115.stdout:/usr/bin/ceph: stderr
2024-05-09T05:26:09.577+0000 7fa83d271700 1 -- 172.21.15.115:0/4232068857 <== mon.0 v2:172.21.15.115:3300/0 3 ==== mon_map magic: 0 ==== 205+0+0 (secure 0 0 0) 0x7fa8340119e0 con 0x7fa838108150
2024-05-09T05:26:10.397 INFO:teuthology.orchestra.run.smithi115.stdout:/usr/bin/ceph: stderr
2024-05-09T05:26:09.578+0000 7fa8404d7700 1 -- 172.21.15.115:0/4232068857 >> [v2:172.21.15.115:3300/0,v1:172.21.15.115:6789/0] conn(0x7fa838108150 msgr2=0x7fa838108560 secure :-1 s=STATE_CONNECTION_ESTABLISHED l=1).mark_down
2024-05-09T05:26:10.397 INFO:teuthology.orchestra.run.smithi115.stdout:/usr/bin/ceph: stderr
2024-05-09T05:26:09.578+0000 7fa8404d7700 1 --2- 172.21.15.115:0/4232068857 >> [v2:172.21.15.115:3300/0,v1:172.21.15.115:6789/0] conn(0x7fa838108150 0x7fa838108560 secure :-1 s=READY pgs=37 cs=0 l=1 rev1=1 crypto rx=0x7fa8340098a0 tx=0x7fa834009bb0 comp rx=0 tx=0).stop
2024-05-09T05:26:10.397 INFO:teuthology.orchestra.run.smithi115.stdout:/usr/bin/ceph: stderr
2024-05-09T05:26:09.578+0000 7fa8404d7700 1 -- 172.21.15.115:0/4232068857 shutdown_connections
2024-05-09T05:26:10.398 INFO:teuthology.orchestra.run.smithi115.stdout:/usr/bin/ceph: stderr
2024-05-09T05:26:09.578+0000 7fa8404d7700 1 --2- 172.21.15.115:0/4232068857 >> [v2:172.21.15.115:3300/0,v1:172.21.15.115:6789/0] conn(0x7fa838108150 0x7fa838108560 unknown :-1 s=CLOSED pgs=37 cs=0 l=1 rev1=1 crypto rx=0 tx=0 comp rx=0 tx=0).stop
2024-05-09T05:26:10.398 INFO:teuthology.orchestra.run.smithi115.stdout:/usr/bin/ceph: stderr
2024-05-09T05:26:09.578+0000 7fa8404d7700 1 -- 172.21.15.115:0/4232068857 >> 172.21.15.115:0/4232068857 conn(0x7fa838103810 msgr2=0x7fa838105c60 unknown :-1 s=STATE_NONE l=0).mark_down
2024-05-09T05:26:10.398 INFO:teuthology.orchestra.run.smithi115.stdout:/usr/bin/ceph: stderr
2024-05-09T05:26:09.578+0000 7fa8404d7700 1 -- 172.21.15.115:0/4232068857 shutdown_connections
2024-05-09T05:26:10.398 INFO:teuthology.orchestra.run.smithi115.stdout:/usr/bin/ceph: stderr
2024-05-09T05:26:09.578+0000 7fa8404d7700 1 -- 172.21.15.115:0/4232068857 wait complete.
2024-05-09T05:26:10.398 INFO:teuthology.orchestra.run.smithi115.stdout:/usr/bin/ceph: stderr
2024-05-09T05:26:09.578+0000 7fa8404d7700 1 Processor -- start
2024-05-09T05:26:10.398 INFO:teuthology.orchestra.run.smithi115.stdout:/usr/bin/ceph: stderr
2024-05-09T05:26:09.578+0000 7fa8404d7700 1 -- start start
2024-05-09T05:26:10.398 INFO:teuthology.orchestra.run.smithi115.stdout:/usr/bin/ceph: stderr
2024-05-09T05:26:09.579+0000 7fa8404d7700 1 --2- >> [v2:172.21.15.115:3300/0,v1:172.21.15.115:6789/0] conn(0x7fa838108150 0x7fa83819cd40 unknown :-1 s=NONE pgs=0 cs=0 l=1 rev1=0 crypto rx=0 tx=0 comp rx=0 tx=0).connect
2024-05-09T05:26:10.398 INFO:teuthology.orchestra.run.smithi115.stdout:/usr/bin/ceph: stderr
2024-05-09T05:26:09.579+0000 7fa8404d7700 1 -- --> [v2:172.21.15.115:3300/0,v1:172.21.15.115:6789/0] -- mon_getmap magic: 0 -- 0x7fa83810c6d0 con 0x7fa838108150
2024-05-09T05:26:10.398 INFO:teuthology.orchestra.run.smithi115.stdout:/usr/bin/ceph: stderr
2024-05-09T05:26:09.579+0000 7fa83e273700 1 --2- >> [v2:172.21.15.115:3300/0,v1:172.21.15.115:6789/0] conn(0x7fa838108150 0x7fa83819cd40 unknown :-1 s=BANNER_CONNECTING pgs=0 cs=0 l=1 rev1=0 crypto rx=0 tx=0 comp rx=0 tx=0)._handle_peer_banner_payload supported=3 required=0
2024-05-09T05:26:10.398 INFO:teuthology.orchestra.run.smithi115.stdout:/usr/bin/ceph: stderr
2024-05-09T05:26:09.579+0000 7fa83e273700 1 --2- >> [v2:172.21.15.115:3300/0,v1:172.21.15.115:6789/0] conn(0x7fa838108150 0x7fa83819cd40 unknown :-1 s=HELLO_CONNECTING pgs=0 cs=0 l=1 rev1=1 crypto rx=0 tx=0 comp rx=0 tx=0).handle_hello peer v2:172.21.15.115:3300/0 says I am v2:172.21.15.115:36214/0 (socket says 172.21.15.115:36214)
2024-05-09T05:26:10.398 INFO:teuthology.orchestra.run.smithi115.stdout:/usr/bin/ceph: stderr
2024-05-09T05:26:09.579+0000 7fa83e273700 1 -- 172.21.15.115:0/2577427976 learned_addr learned my addr 172.21.15.115:0/2577427976 (peer_addr_for_me v2:172.21.15.115:0/0)
2024-05-09T05:26:10.398 INFO:teuthology.orchestra.run.smithi115.stdout:/usr/bin/ceph: stderr
2024-05-09T05:26:09.579+0000 7fa83e273700 1 -- 172.21.15.115:0/2577427976 --> [v2:172.21.15.115:3300/0,v1:172.21.15.115:6789/0] -- mon_subscribe({config=0+,monmap=0+}) -- 0x7fa83819d280 con 0x7fa838108150
2024-05-09T05:26:10.398 INFO:teuthology.orchestra.run.smithi115.stdout:/usr/bin/ceph: stderr
2024-05-09T05:26:09.579+0000 7fa83e273700 1 --2- 172.21.15.115:0/2577427976 >> [v2:172.21.15.115:3300/0,v1:172.21.15.115:6789/0] conn(0x7fa838108150 0x7fa83819cd40 secure :-1 s=READY pgs=38 cs=0 l=1 rev1=1 crypto rx=0x7fa8340119b0 tx=0x7fa834011a90 comp rx=0 tx=0).ready entity=mon.0 client_cookie=0 server_cookie=0 in_seq=0 out_seq=0
2024-05-09T05:26:10.398 INFO:teuthology.orchestra.run.smithi115.stdout:/usr/bin/ceph: stderr
2024-05-09T05:26:09.579+0000 7fa82f7fe700 1 -- 172.21.15.115:0/2577427976 <== mon.0 v2:172.21.15.115:3300/0 1 ==== mon_map magic: 0 ==== 205+0+0 (secure 0 0 0) 0x7fa834003970 con 0x7fa838108150
2024-05-09T05:26:10.399 INFO:teuthology.orchestra.run.smithi115.stdout:/usr/bin/ceph: stderr
2024-05-09T05:26:09.579+0000 7fa82f7fe700 1 -- 172.21.15.115:0/2577427976 <== mon.0 v2:172.21.15.115:3300/0 2 ==== config(25 keys) ==== 1032+0+0 (secure 0 0 0) 0x7fa834003b10 con 0x7fa838108150
2024-05-09T05:26:10.399 INFO:teuthology.orchestra.run.smithi115.stdout:/usr/bin/ceph: stderr
2024-05-09T05:26:09.579+0000 7fa8404d7700 1 -- 172.21.15.115:0/2577427976 --> [v2:172.21.15.115:3300/0,v1:172.21.15.115:6789/0] -- mon_subscribe({mgrmap=0+}) -- 0x7fa83819d510 con 0x7fa838108150
2024-05-09T05:26:10.399 INFO:teuthology.orchestra.run.smithi115.stdout:/usr/bin/ceph: stderr
2024-05-09T05:26:09.579+0000 7fa82f7fe700 1 -- 172.21.15.115:0/2577427976 <== mon.0 v2:172.21.15.115:3300/0 3 ==== mon_map magic: 0 ==== 205+0+0 (secure 0 0 0) 0x7fa834024610 con 0x7fa838108150
2024-05-09T05:26:10.399 INFO:teuthology.orchestra.run.smithi115.stdout:/usr/bin/ceph: stderr
2024-05-09T05:26:09.579+0000 7fa8404d7700 1 -- 172.21.15.115:0/2577427976 --> [v2:172.21.15.115:3300/0,v1:172.21.15.115:6789/0] -- mon_subscribe({osdmap=0}) -- 0x7fa8381a0110 con 0x7fa838108150
2024-05-09T05:26:10.399 INFO:teuthology.orchestra.run.smithi115.stdout:/usr/bin/ceph: stderr
2024-05-09T05:26:09.580+0000 7fa82f7fe700 1 -- 172.21.15.115:0/2577427976 <== mon.0 v2:172.21.15.115:3300/0 4 ==== mgrmap(e 8) ==== 50222+0+0 (secure 0 0 0) 0x7fa83402d3f0 con 0x7fa838108150
2024-05-09T05:26:10.399 INFO:teuthology.orchestra.run.smithi115.stdout:/usr/bin/ceph: stderr
2024-05-09T05:26:09.581+0000 7fa8404d7700 1 -- 172.21.15.115:0/2577427976 --> [v2:172.21.15.115:3300/0,v1:172.21.15.115:6789/0] -- mon_command({"prefix": "get_command_descriptions"} v 0) -- 0x7fa838064e20 con 0x7fa838108150
2024-05-09T05:26:10.399 INFO:teuthology.orchestra.run.smithi115.stdout:/usr/bin/ceph: stderr
2024-05-09T05:26:09.581+0000 7fa82f7fe700 1 --2- 172.21.15.115:0/2577427976 >> [v2:172.21.15.115:6800/792641138,v1:172.21.15.115:6801/792641138] conn(0x7fa82403e530 0x7fa824040a40 unknown :-1 s=NONE pgs=0 cs=0 l=1 rev1=0 crypto rx=0 tx=0 comp rx=0 tx=0).connect
2024-05-09T05:26:10.399 INFO:teuthology.orchestra.run.smithi115.stdout:/usr/bin/ceph: stderr
2024-05-09T05:26:09.581+0000 7fa82f7fe700 1 -- 172.21.15.115:0/2577427976 <== mon.0 v2:172.21.15.115:3300/0 5 ==== osd_map(2..2 src has 1..2) ==== 940+0+0 (secure 0 0 0) 0x7fa834054810 con 0x7fa838108150
2024-05-09T05:26:10.399 INFO:teuthology.orchestra.run.smithi115.stdout:/usr/bin/ceph: stderr
2024-05-09T05:26:09.581+0000 7fa83da72700 1 --2- 172.21.15.115:0/2577427976 >> [v2:172.21.15.115:6800/792641138,v1:172.21.15.115:6801/792641138] conn(0x7fa82403e530 0x7fa824040a40 unknown :-1 s=BANNER_CONNECTING pgs=0 cs=0 l=1 rev1=0 crypto rx=0 tx=0 comp rx=0 tx=0)._handle_peer_banner_payload supported=3 required=0
2024-05-09T05:26:10.399 INFO:teuthology.orchestra.run.smithi115.stdout:/usr/bin/ceph: stderr
2024-05-09T05:26:09.581+0000 7fa83da72700 1 --2- 172.21.15.115:0/2577427976 >> [v2:172.21.15.115:6800/792641138,v1:172.21.15.115:6801/792641138] conn(0x7fa82403e530 0x7fa824040a40 secure :-1 s=READY pgs=8 cs=0 l=1 rev1=1 crypto rx=0x7fa828006fd0 tx=0x7fa828006e40 comp rx=0 tx=0).ready entity=mgr.14118 client_cookie=0 server_cookie=0 in_seq=0 out_seq=0
2024-05-09T05:26:10.399 INFO:teuthology.orchestra.run.smithi115.stdout:/usr/bin/ceph: stderr
2024-05-09T05:26:09.586+0000 7fa82f7fe700 1 -- 172.21.15.115:0/2577427976 <== mon.0 v2:172.21.15.115:3300/0 6 ==== mon_command_ack([{"prefix": "get_command_descriptions"}]=0 v0) ==== 72+0+191963 (secure 0 0 0) 0x7fa8340094f0 con 0x7fa838108150
2024-05-09T05:26:10.399 INFO:teuthology.orchestra.run.smithi115.stdout:/usr/bin/ceph: stderr
2024-05-09T05:26:09.791+0000 7fa8404d7700 1 -- 172.21.15.115:0/2577427976 --> [v2:172.21.15.115:6800/792641138,v1:172.21.15.115:6801/792641138] -- mgr_command(tid 0: {"prefix": "cephadm set-user", "user": "root", "target": ["mon-mgr", ""]}) -- 0x7fa83802e960 con 0x7fa82403e530
2024-05-09T05:26:10.399 INFO:teuthology.orchestra.run.smithi115.stdout:/usr/bin/ceph: stderr
2024-05-09T05:26:09.792+0000 7fa82f7fe700 1 -- 172.21.15.115:0/2577427976 <== mgr.14118 v2:172.21.15.115:6800/792641138 1 ==== mgr_command_reply(tid 0: 0 ) ==== 8+0+16 (secure 0 0 0) 0x7fa83802e960 con 0x7fa82403e530
2024-05-09T05:26:10.399 INFO:teuthology.orchestra.run.smithi115.stdout:/usr/bin/ceph: stderr
2024-05-09T05:26:09.794+0000 7fa8404d7700 1 -- 172.21.15.115:0/2577427976 >> [v2:172.21.15.115:6800/792641138,v1:172.21.15.115:6801/792641138] conn(0x7fa82403e530 msgr2=0x7fa824040a40 secure :-1 s=STATE_CONNECTION_ESTABLISHED l=1).mark_down
2024-05-09T05:26:10.400 INFO:teuthology.orchestra.run.smithi115.stdout:/usr/bin/ceph: stderr
2024-05-09T05:26:09.794+0000 7fa8404d7700 1 --2- 172.21.15.115:0/2577427976 >> [v2:172.21.15.115:6800/792641138,v1:172.21.15.115:6801/792641138] conn(0x7fa82403e530 0x7fa824040a40 secure :-1 s=READY pgs=8 cs=0 l=1 rev1=1 crypto rx=0x7fa828006fd0 tx=0x7fa828006e40 comp rx=0 tx=0).stop
2024-05-09T05:26:10.400 INFO:teuthology.orchestra.run.smithi115.stdout:/usr/bin/ceph: stderr
2024-05-09T05:26:09.794+0000 7fa8404d7700 1 -- 172.21.15.115:0/2577427976 >> [v2:172.21.15.115:3300/0,v1:172.21.15.115:6789/0] conn(0x7fa838108150 msgr2=0x7fa83819cd40 secure :-1 s=STATE_CONNECTION_ESTABLISHED l=1).mark_down
2024-05-09T05:26:10.400 INFO:teuthology.orchestra.run.smithi115.stdout:/usr/bin/ceph: stderr
2024-05-09T05:26:09.794+0000 7fa8404d7700 1 --2- 172.21.15.115:0/2577427976 >> [v2:172.21.15.115:3300/0,v1:172.21.15.115:6789/0] conn(0x7fa838108150 0x7fa83819cd40 secure :-1 s=READY pgs=38 cs=0 l=1 rev1=1 crypto rx=0x7fa8340119b0 tx=0x7fa834011a90 comp rx=0 tx=0).stop
2024-05-09T05:26:10.400 INFO:teuthology.orchestra.run.smithi115.stdout:/usr/bin/ceph: stderr
2024-05-09T05:26:09.794+0000 7fa8404d7700 1 -- 172.21.15.115:0/2577427976 shutdown_connections
2024-05-09T05:26:10.400 INFO:teuthology.orchestra.run.smithi115.stdout:/usr/bin/ceph: stderr
2024-05-09T05:26:09.794+0000 7fa8404d7700 1 --2- 172.21.15.115:0/2577427976 >> [v2:172.21.15.115:6800/792641138,v1:172.21.15.115:6801/792641138] conn(0x7fa82403e530 0x7fa824040a40 unknown :-1 s=CLOSED pgs=8 cs=0 l=1 rev1=1 crypto rx=0 tx=0 comp rx=0 tx=0).stop
2024-05-09T05:26:10.400 INFO:teuthology.orchestra.run.smithi115.stdout:/usr/bin/ceph: stderr
2024-05-09T05:26:09.794+0000 7fa8404d7700 1 --2- 172.21.15.115:0/2577427976 >> [v2:172.21.15.115:3300/0,v1:172.21.15.115:6789/0] conn(0x7fa838108150 0x7fa83819cd40 unknown :-1 s=CLOSED pgs=38 cs=0 l=1 rev1=1 crypto rx=0 tx=0 comp rx=0 tx=0).stop
2024-05-09T05:26:10.400 INFO:teuthology.orchestra.run.smithi115.stdout:/usr/bin/ceph: stderr
2024-05-09T05:26:09.794+0000 7fa8404d7700 1 -- 172.21.15.115:0/2577427976 >> 172.21.15.115:0/2577427976 conn(0x7fa838103810 msgr2=0x7fa8381067a0 unknown :-1 s=STATE_NONE l=0).mark_down
2024-05-09T05:26:10.400 INFO:teuthology.orchestra.run.smithi115.stdout:/usr/bin/ceph: stderr
2024-05-09T05:26:09.794+0000 7fa8404d7700 1 -- 172.21.15.115:0/2577427976 shutdown_connections
2024-05-09T05:26:10.400 INFO:teuthology.orchestra.run.smithi115.stdout:/usr/bin/ceph: stderr
2024-05-09T05:26:09.794+0000 7fa8404d7700 1 -- 172.21.15.115:0/2577427976 wait complete.
2024-05-09T05:26:10.400 INFO:teuthology.orchestra.run.smithi115.stdout:Generating ssh key...
2024-05-09T05:26:11.048 INFO:journalctl@ceph.mon.a.smithi115.stdout:May 09 05:26:10 smithi115 ceph-mon[30349]: from='client.14132 -' entity='client.admin' cmd=[{"prefix": "cephadm set-user", "user": "root", "target": ["mon-mgr", ""]}]: dispatch
2024-05-09T05:26:11.648 INFO:journalctl@ceph.mgr.x.smithi115.stdout:May 09 05:26:11 smithi115 ceph-69de8a38-0dc4-11ef-bc97-c7b262605968-mgr-x[30580]: Generating public/private rsa key pair.
2024-05-09T05:26:11.648 INFO:journalctl@ceph.mgr.x.smithi115.stdout:May 09 05:26:11 smithi115 ceph-69de8a38-0dc4-11ef-bc97-c7b262605968-mgr-x[30580]: Your identification has been saved in /tmp/tmpngd1ittr/key.
2024-05-09T05:26:11.648 INFO:journalctl@ceph.mgr.x.smithi115.stdout:May 09 05:26:11 smithi115 ceph-69de8a38-0dc4-11ef-bc97-c7b262605968-mgr-x[30580]: Your public key has been saved in /tmp/tmpngd1ittr/key.pub.
2024-05-09T05:26:11.648 INFO:journalctl@ceph.mgr.x.smithi115.stdout:May 09 05:26:11 smithi115 ceph-69de8a38-0dc4-11ef-bc97-c7b262605968-mgr-x[30580]: The key fingerprint is:
2024-05-09T05:26:11.648 INFO:journalctl@ceph.mgr.x.smithi115.stdout:May 09 05:26:11 smithi115 ceph-69de8a38-0dc4-11ef-bc97-c7b262605968-mgr-x[30580]: SHA256:fECeWdKeaMt47eJkDQky8k/Tz2/zEg5j7ilv/aY3SJE ceph-69de8a38-0dc4-11ef-bc97-c7b262605968
2024-05-09T05:26:11.648 INFO:journalctl@ceph.mgr.x.smithi115.stdout:May 09 05:26:11 smithi115 ceph-69de8a38-0dc4-11ef-bc97-c7b262605968-mgr-x[30580]: The key's randomart image is:
2024-05-09T05:26:11.648 INFO:journalctl@ceph.mgr.x.smithi115.stdout:May 09 05:26:11 smithi115 ceph-69de8a38-0dc4-11ef-bc97-c7b262605968-mgr-x[30580]: +---[RSA 3072]----+
2024-05-09T05:26:11.649 INFO:journalctl@ceph.mgr.x.smithi115.stdout:May 09 05:26:11 smithi115 ceph-69de8a38-0dc4-11ef-bc97-c7b262605968-mgr-x[30580]: | o.. |
2024-05-09T05:26:11.649 INFO:journalctl@ceph.mgr.x.smithi115.stdout:May 09 05:26:11 smithi115 ceph-69de8a38-0dc4-11ef-bc97-c7b262605968-mgr-x[30580]: | o =. |
2024-05-09T05:26:11.649 INFO:journalctl@ceph.mgr.x.smithi115.stdout:May 09 05:26:11 smithi115 ceph-69de8a38-0dc4-11ef-bc97-c7b262605968-mgr-x[30580]: | . o . =o . . |
2024-05-09T05:26:11.649 INFO:journalctl@ceph.mgr.x.smithi115.stdout:May 09 05:26:11 smithi115 ceph-69de8a38-0dc4-11ef-bc97-c7b262605968-mgr-x[30580]: | o o +ooo E |
2024-05-09T05:26:11.649 INFO:journalctl@ceph.mgr.x.smithi115.stdout:May 09 05:26:11 smithi115 ceph-69de8a38-0dc4-11ef-bc97-c7b262605968-mgr-x[30580]: | . o+So. . |
2024-05-09T05:26:11.649 INFO:journalctl@ceph.mgr.x.smithi115.stdout:May 09 05:26:11 smithi115 ceph-69de8a38-0dc4-11ef-bc97-c7b262605968-mgr-x[30580]: | o..+*= o |
2024-05-09T05:26:11.649 INFO:journalctl@ceph.mgr.x.smithi115.stdout:May 09 05:26:11 smithi115 ceph-69de8a38-0dc4-11ef-bc97-c7b262605968-mgr-x[30580]: | ..o++* o |
2024-05-09T05:26:11.649 INFO:journalctl@ceph.mgr.x.smithi115.stdout:May 09 05:26:11 smithi115 ceph-69de8a38-0dc4-11ef-bc97-c7b262605968-mgr-x[30580]: | oo +oB + |
2024-05-09T05:26:11.649 INFO:journalctl@ceph.mgr.x.smithi115.stdout:May 09 05:26:11 smithi115 ceph-69de8a38-0dc4-11ef-bc97-c7b262605968-mgr-x[30580]: | ..*+.oOo. |
2024-05-09T05:26:11.649 INFO:journalctl@ceph.mgr.x.smithi115.stdout:May 09 05:26:11 smithi115 ceph-69de8a38-0dc4-11ef-bc97-c7b262605968-mgr-x[30580]: +----[SHA256]-----+
2024-05-09T05:26:11.961 INFO:journalctl@ceph.mon.a.smithi115.stdout:May 09 05:26:11 smithi115 ceph-mon[30349]: from='client.14134 -' entity='client.admin' cmd=[{"prefix": "cephadm generate-key", "target": ["mon-mgr", ""]}]: dispatch
2024-05-09T05:26:11.962 INFO:journalctl@ceph.mon.a.smithi115.stdout:May 09 05:26:11 smithi115 ceph-mon[30349]: Generating ssh key...
2024-05-09T05:26:11.962 INFO:journalctl@ceph.mon.a.smithi115.stdout:May 09 05:26:11 smithi115 ceph-mon[30349]: from='mgr.14118 172.21.15.115:0/2951475448' entity='mgr.x'
2024-05-09T05:26:11.962 INFO:journalctl@ceph.mon.a.smithi115.stdout:May 09 05:26:11 smithi115 ceph-mon[30349]: from='mgr.14118 172.21.15.115:0/2951475448' entity='mgr.x'
2024-05-09T05:26:11.969 INFO:teuthology.orchestra.run.smithi115.stdout:/usr/bin/ceph: stderr
2024-05-09T05:26:10.841+0000 7ff62d25d700 1 Processor -- start
2024-05-09T05:26:11.969 INFO:teuthology.orchestra.run.smithi115.stdout:/usr/bin/ceph: stderr
2024-05-09T05:26:10.841+0000 7ff62d25d700 1 -- start start
2024-05-09T05:26:11.969 INFO:teuthology.orchestra.run.smithi115.stdout:/usr/bin/ceph: stderr
2024-05-09T05:26:10.841+0000 7ff62d25d700 1 --2- >> [v2:172.21.15.115:3300/0,v1:172.21.15.115:6789/0] conn(0x7ff6281089d0 0x7ff628108de0 unknown :-1 s=NONE pgs=0 cs=0 l=0 rev1=0 crypto rx=0 tx=0 comp rx=0 tx=0).connect
2024-05-09T05:26:11.969 INFO:teuthology.orchestra.run.smithi115.stdout:/usr/bin/ceph: stderr
2024-05-09T05:26:10.841+0000 7ff62d25d700 1 -- --> [v2:172.21.15.115:3300/0,v1:172.21.15.115:6789/0] -- mon_getmap magic: 0 -- 0x7ff6281093d0 con 0x7ff6281089d0
2024-05-09T05:26:11.969 INFO:teuthology.orchestra.run.smithi115.stdout:/usr/bin/ceph: stderr
2024-05-09T05:26:10.841+0000 7ff626d9d700 1 --2- >> [v2:172.21.15.115:3300/0,v1:172.21.15.115:6789/0] conn(0x7ff6281089d0 0x7ff628108de0 unknown :-1 s=BANNER_CONNECTING pgs=0 cs=0 l=0 rev1=0 crypto rx=0 tx=0 comp rx=0 tx=0)._handle_peer_banner_payload supported=3 required=0
2024-05-09T05:26:11.969 INFO:teuthology.orchestra.run.smithi115.stdout:/usr/bin/ceph: stderr
2024-05-09T05:26:10.841+0000 7ff626d9d700 1 --2- >> [v2:172.21.15.115:3300/0,v1:172.21.15.115:6789/0] conn(0x7ff6281089d0 0x7ff628108de0 unknown :-1 s=HELLO_CONNECTING pgs=0 cs=0 l=0 rev1=1 crypto rx=0 tx=0 comp rx=0 tx=0).handle_hello peer v2:172.21.15.115:3300/0 says I am v2:172.21.15.115:36220/0 (socket says 172.21.15.115:36220)
2024-05-09T05:26:11.969 INFO:teuthology.orchestra.run.smithi115.stdout:/usr/bin/ceph: stderr
2024-05-09T05:26:10.841+0000 7ff626d9d700 1 -- 172.21.15.115:0/1889145207 learned_addr learned my addr 172.21.15.115:0/1889145207 (peer_addr_for_me v2:172.21.15.115:0/0)
2024-05-09T05:26:11.970 INFO:teuthology.orchestra.run.smithi115.stdout:/usr/bin/ceph: stderr
2024-05-09T05:26:10.841+0000 7ff626d9d700 1 -- 172.21.15.115:0/1889145207 --> [v2:172.21.15.115:3300/0,v1:172.21.15.115:6789/0] -- mon_subscribe({config=0+,monmap=0+}) -- 0x7ff628109ba0 con 0x7ff6281089d0
2024-05-09T05:26:11.970 INFO:teuthology.orchestra.run.smithi115.stdout:/usr/bin/ceph: stderr
2024-05-09T05:26:10.842+0000 7ff626d9d700 1 --2- 172.21.15.115:0/1889145207 >> [v2:172.21.15.115:3300/0,v1:172.21.15.115:6789/0] conn(0x7ff6281089d0 0x7ff628108de0 secure :-1 s=READY pgs=39 cs=0 l=1 rev1=1 crypto rx=0x7ff6180098a0 tx=0x7ff618009bb0 comp rx=0 tx=0).ready entity=mon.0 client_cookie=aca9a9943ad47f14 server_cookie=0 in_seq=0 out_seq=0
2024-05-09T05:26:11.970 INFO:teuthology.orchestra.run.smithi115.stdout:/usr/bin/ceph: stderr
2024-05-09T05:26:10.842+0000 7ff625d9b700 1 -- 172.21.15.115:0/1889145207 <== mon.0 v2:172.21.15.115:3300/0 1 ==== mon_map magic: 0 ==== 205+0+0 (secure 0 0 0) 0x7ff618004160 con 0x7ff6281089d0
2024-05-09T05:26:11.970 INFO:teuthology.orchestra.run.smithi115.stdout:/usr/bin/ceph: stderr
2024-05-09T05:26:10.842+0000 7ff625d9b700 1 -- 172.21.15.115:0/1889145207 <== mon.0 v2:172.21.15.115:3300/0 2 ==== config(25 keys) ==== 1032+0+0 (secure 0 0 0) 0x7ff618004300 con 0x7ff6281089d0
2024-05-09T05:26:11.970 INFO:teuthology.orchestra.run.smithi115.stdout:/usr/bin/ceph: stderr
2024-05-09T05:26:10.842+0000 7ff625d9b700 1 -- 172.21.15.115:0/1889145207 <== mon.0 v2:172.21.15.115:3300/0 3 ==== mon_map magic: 0 ==== 205+0+0 (secure 0 0 0) 0x7ff6180119e0 con 0x7ff6281089d0
2024-05-09T05:26:11.970 INFO:teuthology.orchestra.run.smithi115.stdout:/usr/bin/ceph: stderr
2024-05-09T05:26:10.842+0000 7ff62d25d700 1 -- 172.21.15.115:0/1889145207 >> [v2:172.21.15.115:3300/0,v1:172.21.15.115:6789/0] conn(0x7ff6281089d0 msgr2=0x7ff628108de0 secure :-1 s=STATE_CONNECTION_ESTABLISHED l=1).mark_down
2024-05-09T05:26:11.970 INFO:teuthology.orchestra.run.smithi115.stdout:/usr/bin/ceph: stderr
2024-05-09T05:26:10.842+0000 7ff62d25d700 1 --2- 172.21.15.115:0/1889145207 >> [v2:172.21.15.115:3300/0,v1:172.21.15.115:6789/0] conn(0x7ff6281089d0 0x7ff628108de0 secure :-1 s=READY pgs=39 cs=0 l=1 rev1=1 crypto rx=0x7ff6180098a0 tx=0x7ff618009bb0 comp rx=0 tx=0).stop
2024-05-09T05:26:11.970 INFO:teuthology.orchestra.run.smithi115.stdout:/usr/bin/ceph: stderr
2024-05-09T05:26:10.842+0000 7ff62d25d700 1 -- 172.21.15.115:0/1889145207 shutdown_connections
2024-05-09T05:26:11.970 INFO:teuthology.orchestra.run.smithi115.stdout:/usr/bin/ceph: stderr
2024-05-09T05:26:10.843+0000 7ff62d25d700 1 --2- 172.21.15.115:0/1889145207 >> [v2:172.21.15.115:3300/0,v1:172.21.15.115:6789/0] conn(0x7ff6281089d0 0x7ff628108de0 unknown :-1 s=CLOSED pgs=39 cs=0 l=1 rev1=1 crypto rx=0 tx=0 comp rx=0 tx=0).stop
2024-05-09T05:26:11.970 INFO:teuthology.orchestra.run.smithi115.stdout:/usr/bin/ceph: stderr
2024-05-09T05:26:10.843+0000 7ff62d25d700 1 -- 172.21.15.115:0/1889145207 >> 172.21.15.115:0/1889145207 conn(0x7ff6281040b0 msgr2=0x7ff628106500 unknown :-1 s=STATE_NONE l=0).mark_down
2024-05-09T05:26:11.970 INFO:teuthology.orchestra.run.smithi115.stdout:/usr/bin/ceph: stderr
2024-05-09T05:26:10.843+0000 7ff62d25d700 1 -- 172.21.15.115:0/1889145207 shutdown_connections
2024-05-09T05:26:11.970 INFO:teuthology.orchestra.run.smithi115.stdout:/usr/bin/ceph: stderr
2024-05-09T05:26:10.843+0000 7ff62d25d700 1 -- 172.21.15.115:0/1889145207 wait complete.
2024-05-09T05:26:11.970 INFO:teuthology.orchestra.run.smithi115.stdout:/usr/bin/ceph: stderr
2024-05-09T05:26:10.843+0000 7ff62d25d700 1 Processor -- start
2024-05-09T05:26:11.970 INFO:teuthology.orchestra.run.smithi115.stdout:/usr/bin/ceph: stderr
2024-05-09T05:26:10.844+0000 7ff62d25d700 1 -- start start
2024-05-09T05:26:11.971 INFO:teuthology.orchestra.run.smithi115.stdout:/usr/bin/ceph: stderr
2024-05-09T05:26:10.844+0000 7ff62d25d700 1 --2- >> [v2:172.21.15.115:3300/0,v1:172.21.15.115:6789/0] conn(0x7ff6281089d0 0x7ff62819de30 unknown :-1 s=NONE pgs=0 cs=0 l=1 rev1=0 crypto rx=0 tx=0 comp rx=0 tx=0).connect
2024-05-09T05:26:11.971 INFO:teuthology.orchestra.run.smithi115.stdout:/usr/bin/ceph: stderr
2024-05-09T05:26:10.844+0000 7ff62d25d700 1 -- --> [v2:172.21.15.115:3300/0,v1:172.21.15.115:6789/0] -- mon_getmap magic: 0 -- 0x7ff62810cf50 con 0x7ff6281089d0
2024-05-09T05:26:11.971 INFO:teuthology.orchestra.run.smithi115.stdout:/usr/bin/ceph: stderr
2024-05-09T05:26:10.844+0000 7ff626d9d700 1 --2- >> [v2:172.21.15.115:3300/0,v1:172.21.15.115:6789/0] conn(0x7ff6281089d0 0x7ff62819de30 unknown :-1 s=BANNER_CONNECTING pgs=0 cs=0 l=1 rev1=0 crypto rx=0 tx=0 comp rx=0 tx=0)._handle_peer_banner_payload supported=3 required=0
2024-05-09T05:26:11.971 INFO:teuthology.orchestra.run.smithi115.stdout:/usr/bin/ceph: stderr
2024-05-09T05:26:10.844+0000 7ff626d9d700 1 --2- >> [v2:172.21.15.115:3300/0,v1:172.21.15.115:6789/0] conn(0x7ff6281089d0 0x7ff62819de30 unknown :-1 s=HELLO_CONNECTING pgs=0 cs=0 l=1 rev1=1 crypto rx=0 tx=0 comp rx=0 tx=0).handle_hello peer v2:172.21.15.115:3300/0 says I am v2:172.21.15.115:36226/0 (socket says 172.21.15.115:36226)
2024-05-09T05:26:11.971 INFO:teuthology.orchestra.run.smithi115.stdout:/usr/bin/ceph: stderr
2024-05-09T05:26:10.844+0000 7ff626d9d700 1 -- 172.21.15.115:0/638290330 learned_addr learned my addr 172.21.15.115:0/638290330 (peer_addr_for_me v2:172.21.15.115:0/0)
2024-05-09T05:26:11.971 INFO:teuthology.orchestra.run.smithi115.stdout:/usr/bin/ceph: stderr
2024-05-09T05:26:10.844+0000 7ff626d9d700 1 -- 172.21.15.115:0/638290330 --> [v2:172.21.15.115:3300/0,v1:172.21.15.115:6789/0] -- mon_subscribe({config=0+,monmap=0+}) -- 0x7ff62819e370 con 0x7ff6281089d0
2024-05-09T05:26:11.971 INFO:teuthology.orchestra.run.smithi115.stdout:/usr/bin/ceph: stderr
2024-05-09T05:26:10.844+0000 7ff626d9d700 1 --2- 172.21.15.115:0/638290330 >> [v2:172.21.15.115:3300/0,v1:172.21.15.115:6789/0] conn(0x7ff6281089d0 0x7ff62819de30 secure :-1 s=READY pgs=40 cs=0 l=1 rev1=1 crypto rx=0x7ff618009fb0 tx=0x7ff618011a60 comp rx=0 tx=0).ready entity=mon.0 client_cookie=0 server_cookie=0 in_seq=0 out_seq=0
2024-05-09T05:26:11.971 INFO:teuthology.orchestra.run.smithi115.stdout:/usr/bin/ceph: stderr
2024-05-09T05:26:10.844+0000 7ff60ffff700 1 -- 172.21.15.115:0/638290330 <== mon.0 v2:172.21.15.115:3300/0 1 ==== mon_map magic: 0 ==== 205+0+0 (secure 0 0 0) 0x7ff6180038b0 con 0x7ff6281089d0
2024-05-09T05:26:11.971 INFO:teuthology.orchestra.run.smithi115.stdout:/usr/bin/ceph: stderr
2024-05-09T05:26:10.845+0000 7ff62d25d700 1 -- 172.21.15.115:0/638290330 --> [v2:172.21.15.115:3300/0,v1:172.21.15.115:6789/0] -- mon_subscribe({mgrmap=0+}) -- 0x7ff62819e600 con 0x7ff6281089d0
2024-05-09T05:26:11.971 INFO:teuthology.orchestra.run.smithi115.stdout:/usr/bin/ceph: stderr
2024-05-09T05:26:10.845+0000 7ff60ffff700 1 -- 172.21.15.115:0/638290330 <== mon.0 v2:172.21.15.115:3300/0 2 ==== config(25 keys) ==== 1032+0+0 (secure 0 0 0) 0x7ff618003a50 con 0x7ff6281089d0
2024-05-09T05:26:11.971 INFO:teuthology.orchestra.run.smithi115.stdout:/usr/bin/ceph: stderr
2024-05-09T05:26:10.845+0000 7ff60ffff700 1 -- 172.21.15.115:0/638290330 <== mon.0 v2:172.21.15.115:3300/0 3 ==== mon_map magic: 0 ==== 205+0+0 (secure 0 0 0) 0x7ff618019550 con 0x7ff6281089d0
2024-05-09T05:26:11.971 INFO:teuthology.orchestra.run.smithi115.stdout:/usr/bin/ceph: stderr
2024-05-09T05:26:10.845+0000 7ff62d25d700 1 -- 172.21.15.115:0/638290330 --> [v2:172.21.15.115:3300/0,v1:172.21.15.115:6789/0] -- mon_subscribe({osdmap=0}) -- 0x7ff6281a1210 con 0x7ff6281089d0
2024-05-09T05:26:11.971 INFO:teuthology.orchestra.run.smithi115.stdout:/usr/bin/ceph: stderr
2024-05-09T05:26:10.846+0000 7ff60ffff700 1 -- 172.21.15.115:0/638290330 <== mon.0 v2:172.21.15.115:3300/0 4 ==== mgrmap(e 8) ==== 50222+0+0 (secure 0 0 0) 0x7ff618019820 con 0x7ff6281089d0
2024-05-09T05:26:11.971 INFO:teuthology.orchestra.run.smithi115.stdout:/usr/bin/ceph: stderr
2024-05-09T05:26:10.846+0000 7ff62d25d700 1 -- 172.21.15.115:0/638290330 --> [v2:172.21.15.115:3300/0,v1:172.21.15.115:6789/0] -- mon_command({"prefix": "get_command_descriptions"} v 0) -- 0x7ff628064e20 con 0x7ff6281089d0
2024-05-09T05:26:11.972 INFO:teuthology.orchestra.run.smithi115.stdout:/usr/bin/ceph: stderr
2024-05-09T05:26:10.846+0000 7ff60ffff700 1 --2- 172.21.15.115:0/638290330 >> [v2:172.21.15.115:6800/792641138,v1:172.21.15.115:6801/792641138] conn(0x7ff61003e530 0x7ff610040a40 unknown :-1 s=NONE pgs=0 cs=0 l=1 rev1=0 crypto rx=0 tx=0 comp rx=0 tx=0).connect
2024-05-09T05:26:11.972 INFO:teuthology.orchestra.run.smithi115.stdout:/usr/bin/ceph: stderr
2024-05-09T05:26:10.846+0000 7ff60ffff700 1 -- 172.21.15.115:0/638290330 <== mon.0 v2:172.21.15.115:3300/0 5 ==== osd_map(2..2 src has 1..2) ==== 940+0+0 (secure 0 0 0) 0x7ff618053ac0 con 0x7ff6281089d0
2024-05-09T05:26:11.972 INFO:teuthology.orchestra.run.smithi115.stdout:/usr/bin/ceph: stderr
2024-05-09T05:26:10.846+0000 7ff62659c700 1 --2- 172.21.15.115:0/638290330 >> [v2:172.21.15.115:6800/792641138,v1:172.21.15.115:6801/792641138] conn(0x7ff61003e530 0x7ff610040a40 unknown :-1 s=BANNER_CONNECTING pgs=0 cs=0 l=1 rev1=0 crypto rx=0 tx=0 comp rx=0 tx=0)._handle_peer_banner_payload supported=3 required=0
2024-05-09T05:26:11.972 INFO:teuthology.orchestra.run.smithi115.stdout:/usr/bin/ceph: stderr
2024-05-09T05:26:10.846+0000 7ff62659c700 1 --2- 172.21.15.115:0/638290330 >> [v2:172.21.15.115:6800/792641138,v1:172.21.15.115:6801/792641138] conn(0x7ff61003e530 0x7ff610040a40 secure :-1 s=READY pgs=9 cs=0 l=1 rev1=1 crypto rx=0x7ff61c006fd0 tx=0x7ff61c006e40 comp rx=0 tx=0).ready entity=mgr.14118 client_cookie=0 server_cookie=0 in_seq=0 out_seq=0
2024-05-09T05:26:11.972 INFO:teuthology.orchestra.run.smithi115.stdout:/usr/bin/ceph: stderr
2024-05-09T05:26:10.851+0000 7ff60ffff700 1 -- 172.21.15.115:0/638290330 <== mon.0 v2:172.21.15.115:3300/0 6 ==== mon_command_ack([{"prefix": "get_command_descriptions"}]=0 v0) ==== 72+0+191963 (secure 0 0 0) 0x7ff618017e90 con 0x7ff6281089d0
2024-05-09T05:26:11.972 INFO:teuthology.orchestra.run.smithi115.stdout:/usr/bin/ceph: stderr
2024-05-09T05:26:11.053+0000 7ff62d25d700 1 -- 172.21.15.115:0/638290330 --> [v2:172.21.15.115:6800/792641138,v1:172.21.15.115:6801/792641138] -- mgr_command(tid 0: {"prefix": "cephadm generate-key", "target": ["mon-mgr", ""]}) -- 0x7ff62802e8d0 con 0x7ff61003e530
2024-05-09T05:26:11.972 INFO:teuthology.orchestra.run.smithi115.stdout:/usr/bin/ceph: stderr
2024-05-09T05:26:11.391+0000 7ff60ffff700 1 -- 172.21.15.115:0/638290330 <== mgr.14118 v2:172.21.15.115:6800/792641138 1 ==== mgr_command_reply(tid 0: 0 ) ==== 8+0+0 (secure 0 0 0) 0x7ff62802e8d0 con 0x7ff61003e530
2024-05-09T05:26:11.972 INFO:teuthology.orchestra.run.smithi115.stdout:/usr/bin/ceph: stderr
2024-05-09T05:26:11.393+0000 7ff62d25d700 1 -- 172.21.15.115:0/638290330 >> [v2:172.21.15.115:6800/792641138,v1:172.21.15.115:6801/792641138] conn(0x7ff61003e530 msgr2=0x7ff610040a40 secure :-1 s=STATE_CONNECTION_ESTABLISHED l=1).mark_down
2024-05-09T05:26:11.972 INFO:teuthology.orchestra.run.smithi115.stdout:/usr/bin/ceph: stderr
2024-05-09T05:26:11.393+0000 7ff62d25d700 1 --2- 172.21.15.115:0/638290330 >> [v2:172.21.15.115:6800/792641138,v1:172.21.15.115:6801/792641138] conn(0x7ff61003e530 0x7ff610040a40 secure :-1 s=READY pgs=9 cs=0 l=1 rev1=1 crypto rx=0x7ff61c006fd0 tx=0x7ff61c006e40 comp rx=0 tx=0).stop
2024-05-09T05:26:11.972 INFO:teuthology.orchestra.run.smithi115.stdout:/usr/bin/ceph: stderr
2024-05-09T05:26:11.393+0000 7ff62d25d700 1 -- 172.21.15.115:0/638290330 >> [v2:172.21.15.115:3300/0,v1:172.21.15.115:6789/0] conn(0x7ff6281089d0 msgr2=0x7ff62819de30 secure :-1 s=STATE_CONNECTION_ESTABLISHED l=1).mark_down
2024-05-09T05:26:11.972 INFO:teuthology.orchestra.run.smithi115.stdout:/usr/bin/ceph: stderr
2024-05-09T05:26:11.393+0000 7ff62d25d700 1 --2- 172.21.15.115:0/638290330 >> [v2:172.21.15.115:3300/0,v1:172.21.15.115:6789/0] conn(0x7ff6281089d0 0x7ff62819de30 secure :-1 s=READY pgs=40 cs=0 l=1 rev1=1 crypto rx=0x7ff618009fb0 tx=0x7ff618011a60 comp rx=0 tx=0).stop
2024-05-09T05:26:11.972 INFO:teuthology.orchestra.run.smithi115.stdout:/usr/bin/ceph: stderr
2024-05-09T05:26:11.393+0000 7ff62d25d700 1 -- 172.21.15.115:0/638290330 shutdown_connections
2024-05-09T05:26:11.972 INFO:teuthology.orchestra.run.smithi115.stdout:/usr/bin/ceph: stderr
2024-05-09T05:26:11.393+0000 7ff62d25d700 1 --2- 172.21.15.115:0/638290330 >> [v2:172.21.15.115:6800/792641138,v1:172.21.15.115:6801/792641138] conn(0x7ff61003e530 0x7ff610040a40 unknown :-1 s=CLOSED pgs=9 cs=0 l=1 rev1=1 crypto rx=0 tx=0 comp rx=0 tx=0).stop
2024-05-09T05:26:11.972 INFO:teuthology.orchestra.run.smithi115.stdout:/usr/bin/ceph: stderr
2024-05-09T05:26:11.393+0000 7ff62d25d700 1 --2- 172.21.15.115:0/638290330 >> [v2:172.21.15.115:3300/0,v1:172.21.15.115:6789/0] conn(0x7ff6281089d0 0x7ff62819de30 unknown :-1 s=CLOSED pgs=40 cs=0 l=1 rev1=1 crypto rx=0 tx=0 comp rx=0 tx=0).stop
2024-05-09T05:26:11.972 INFO:teuthology.orchestra.run.smithi115.stdout:/usr/bin/ceph: stderr
2024-05-09T05:26:11.393+0000 7ff62d25d700 1 -- 172.21.15.115:0/638290330 >> 172.21.15.115:0/638290330 conn(0x7ff6281040b0 msgr2=0x7ff6281943e0 unknown :-1 s=STATE_NONE l=0).mark_down
2024-05-09T05:26:11.973 INFO:teuthology.orchestra.run.smithi115.stdout:/usr/bin/ceph: stderr
2024-05-09T05:26:11.393+0000 7ff62d25d700 1 -- 172.21.15.115:0/638290330 shutdown_connections
2024-05-09T05:26:11.973 INFO:teuthology.orchestra.run.smithi115.stdout:/usr/bin/ceph: stderr
2024-05-09T05:26:11.393+0000 7ff62d25d700 1 -- 172.21.15.115:0/638290330 wait complete.
2024-05-09T05:26:13.169 INFO:teuthology.orchestra.run.smithi115.stdout:/usr/bin/ceph: stdout ssh-rsa AAAAB3NzaC1yc2EAAAADAQABAAABgQCoFfGMwA/8lkOGyOqFfL0OlSV1YErc2apcgLPrNr5h6cphil3iusu3zA/+9ytig4q7j+qOK1ZZzDGmRPuAmjLHzkjrNSNeNUIJ0SFjltjLPG+tyGY9eqpvLql42vGBRMs1Gc6eAPEJCunIyjboHPHQKlgptJBCFNs2Jx65VN3Q2hmPfR3CFTLpgw7keJb/XsTUd25YVFTo1THovuprHGQc4xz7A+6sAg/hvgLybz5Q7mqUFP3Unwp4oNne2Z5fF3ElvKHTSvoudZOE9lisdvljprdly5Y0fN98266iWfbprPWmAvvYlf26m4l04jsgZGIhuJAviuU4QtBq9Mr91kHMLLRG2yhDEduPddb5x2ofnXzovF4fg4uO6HpUieIzCN0bfmu52Vupu5oPE7fjbZehrvJCXYRWq0Wjev31x0ivBTmo1sh4wmq4Fvh6/N0j3EErPPWNss+eNgQIz3UPpD1kPXDj7nufY8il24QUXfQgpJTvBvXG4LQXRxpTWIe70RU= ceph-69de8a38-0dc4-11ef-bc97-c7b262605968
2024-05-09T05:26:13.169 INFO:teuthology.orchestra.run.smithi115.stdout:/usr/bin/ceph: stderr
2024-05-09T05:26:12.375+0000 7fd52a294700 1 Processor -- start
2024-05-09T05:26:13.170 INFO:teuthology.orchestra.run.smithi115.stdout:/usr/bin/ceph: stderr
2024-05-09T05:26:12.375+0000 7fd52a294700 1 -- start start
2024-05-09T05:26:13.170 INFO:teuthology.orchestra.run.smithi115.stdout:/usr/bin/ceph: stderr
2024-05-09T05:26:12.375+0000 7fd52a294700 1 --2- >> [v2:172.21.15.115:3300/0,v1:172.21.15.115:6789/0] conn(0x7fd52410a5b0 0x7fd52410c9d0 unknown :-1 s=NONE pgs=0 cs=0 l=0 rev1=0 crypto rx=0 tx=0 comp rx=0 tx=0).connect
2024-05-09T05:26:13.170 INFO:teuthology.orchestra.run.smithi115.stdout:/usr/bin/ceph: stderr
2024-05-09T05:26:12.375+0000 7fd52a294700 1 -- --> [v2:172.21.15.115:3300/0,v1:172.21.15.115:6789/0] -- mon_getmap magic: 0 -- 0x7fd52407d700 con 0x7fd52410a5b0
2024-05-09T05:26:13.170 INFO:teuthology.orchestra.run.smithi115.stdout:/usr/bin/ceph: stderr
2024-05-09T05:26:12.375+0000 7fd523fff700 1 --2- >> [v2:172.21.15.115:3300/0,v1:172.21.15.115:6789/0] conn(0x7fd52410a5b0 0x7fd52410c9d0 unknown :-1 s=BANNER_CONNECTING pgs=0 cs=0 l=0 rev1=0 crypto rx=0 tx=0 comp rx=0 tx=0)._handle_peer_banner_payload supported=3 required=0
2024-05-09T05:26:13.170 INFO:teuthology.orchestra.run.smithi115.stdout:/usr/bin/ceph: stderr
2024-05-09T05:26:12.375+0000 7fd523fff700 1 --2- >> [v2:172.21.15.115:3300/0,v1:172.21.15.115:6789/0] conn(0x7fd52410a5b0 0x7fd52410c9d0 unknown :-1 s=HELLO_CONNECTING pgs=0 cs=0 l=0 rev1=1 crypto rx=0 tx=0 comp rx=0 tx=0).handle_hello peer v2:172.21.15.115:3300/0 says I am v2:172.21.15.115:36242/0 (socket says 172.21.15.115:36242)
2024-05-09T05:26:13.170 INFO:teuthology.orchestra.run.smithi115.stdout:/usr/bin/ceph: stderr
2024-05-09T05:26:12.375+0000 7fd523fff700 1 -- 172.21.15.115:0/2285373800 learned_addr learned my addr 172.21.15.115:0/2285373800 (peer_addr_for_me v2:172.21.15.115:0/0)
2024-05-09T05:26:13.170 INFO:teuthology.orchestra.run.smithi115.stdout:/usr/bin/ceph: stderr
2024-05-09T05:26:12.375+0000 7fd523fff700 1 -- 172.21.15.115:0/2285373800 --> [v2:172.21.15.115:3300/0,v1:172.21.15.115:6789/0] -- mon_subscribe({config=0+,monmap=0+}) -- 0x7fd52410cf10 con 0x7fd52410a5b0
2024-05-09T05:26:13.170 INFO:teuthology.orchestra.run.smithi115.stdout:/usr/bin/ceph: stderr
2024-05-09T05:26:12.376+0000 7fd523fff700 1 --2- 172.21.15.115:0/2285373800 >> [v2:172.21.15.115:3300/0,v1:172.21.15.115:6789/0] conn(0x7fd52410a5b0 0x7fd52410c9d0 secure :-1 s=READY pgs=41 cs=0 l=1 rev1=1 crypto rx=0x7fd5140098a0 tx=0x7fd514009bb0 comp rx=0 tx=0).ready entity=mon.0 client_cookie=2b55eca2feee7fde server_cookie=0 in_seq=0 out_seq=0
2024-05-09T05:26:13.170 INFO:teuthology.orchestra.run.smithi115.stdout:/usr/bin/ceph: stderr
2024-05-09T05:26:12.376+0000 7fd522ffd700 1 -- 172.21.15.115:0/2285373800 <== mon.0 v2:172.21.15.115:3300/0 1 ==== mon_map magic: 0 ==== 205+0+0 (secure 0 0 0) 0x7fd514004160 con 0x7fd52410a5b0
2024-05-09T05:26:13.170 INFO:teuthology.orchestra.run.smithi115.stdout:/usr/bin/ceph: stderr
2024-05-09T05:26:12.376+0000 7fd522ffd700 1 -- 172.21.15.115:0/2285373800 <== mon.0 v2:172.21.15.115:3300/0 2 ==== config(25 keys) ==== 1032+0+0 (secure 0 0 0) 0x7fd514004300 con 0x7fd52410a5b0
2024-05-09T05:26:13.171 INFO:teuthology.orchestra.run.smithi115.stdout:/usr/bin/ceph: stderr
2024-05-09T05:26:12.376+0000 7fd522ffd700 1 -- 172.21.15.115:0/2285373800 <== mon.0 v2:172.21.15.115:3300/0 3 ==== mon_map magic: 0 ==== 205+0+0 (secure 0 0 0) 0x7fd5140119e0 con 0x7fd52410a5b0
2024-05-09T05:26:13.171 INFO:teuthology.orchestra.run.smithi115.stdout:/usr/bin/ceph: stderr
2024-05-09T05:26:12.376+0000 7fd52a294700 1 -- 172.21.15.115:0/2285373800 >> [v2:172.21.15.115:3300/0,v1:172.21.15.115:6789/0] conn(0x7fd52410a5b0 msgr2=0x7fd52410c9d0 secure :-1 s=STATE_CONNECTION_ESTABLISHED l=1).mark_down
2024-05-09T05:26:13.171 INFO:teuthology.orchestra.run.smithi115.stdout:/usr/bin/ceph: stderr
2024-05-09T05:26:12.376+0000 7fd52a294700 1 --2- 172.21.15.115:0/2285373800 >> [v2:172.21.15.115:3300/0,v1:172.21.15.115:6789/0] conn(0x7fd52410a5b0 0x7fd52410c9d0 secure :-1 s=READY pgs=41 cs=0 l=1 rev1=1 crypto rx=0x7fd5140098a0 tx=0x7fd514009bb0 comp rx=0 tx=0).stop
2024-05-09T05:26:13.171 INFO:teuthology.orchestra.run.smithi115.stdout:/usr/bin/ceph: stderr
2024-05-09T05:26:12.377+0000 7fd52a294700 1 -- 172.21.15.115:0/2285373800 shutdown_connections
2024-05-09T05:26:13.171 INFO:teuthology.orchestra.run.smithi115.stdout:/usr/bin/ceph: stderr
2024-05-09T05:26:12.377+0000 7fd52a294700 1 --2- 172.21.15.115:0/2285373800 >> [v2:172.21.15.115:3300/0,v1:172.21.15.115:6789/0] conn(0x7fd52410a5b0 0x7fd52410c9d0 unknown :-1 s=CLOSED pgs=41 cs=0 l=1 rev1=1 crypto rx=0 tx=0 comp rx=0 tx=0).stop
2024-05-09T05:26:13.171 INFO:teuthology.orchestra.run.smithi115.stdout:/usr/bin/ceph: stderr
2024-05-09T05:26:12.377+0000 7fd52a294700 1 -- 172.21.15.115:0/2285373800 >> 172.21.15.115:0/2285373800 conn(0x7fd5241040b0 msgr2=0x7fd524106500 unknown :-1 s=STATE_NONE l=0).mark_down
2024-05-09T05:26:13.171 INFO:teuthology.orchestra.run.smithi115.stdout:/usr/bin/ceph: stderr
2024-05-09T05:26:12.377+0000 7fd52a294700 1 -- 172.21.15.115:0/2285373800 shutdown_connections
2024-05-09T05:26:13.171 INFO:teuthology.orchestra.run.smithi115.stdout:/usr/bin/ceph: stderr
2024-05-09T05:26:12.377+0000 7fd52a294700 1 -- 172.21.15.115:0/2285373800 wait complete.
2024-05-09T05:26:13.171 INFO:teuthology.orchestra.run.smithi115.stdout:/usr/bin/ceph: stderr
2024-05-09T05:26:12.377+0000 7fd52a294700 1 Processor -- start
2024-05-09T05:26:13.171 INFO:teuthology.orchestra.run.smithi115.stdout:/usr/bin/ceph: stderr
2024-05-09T05:26:12.377+0000 7fd52a294700 1 -- start start
2024-05-09T05:26:13.171 INFO:teuthology.orchestra.run.smithi115.stdout:/usr/bin/ceph: stderr
