2024-05-09T05:26:24.767+0000 7f8586133700 1 -- 172.21.15.115:0/4230003096 learned_addr learned my addr 172.21.15.115:0/4230003096 (peer_addr_for_me v2:172.21.15.115:0/0)
2024-05-09T05:26:25.818 INFO:teuthology.orchestra.run.smithi115.stdout:/usr/bin/ceph: stderr
2024-05-09T05:26:24.767+0000 7f8586133700 1 -- 172.21.15.115:0/4230003096 --> [v2:172.21.15.115:3300/0,v1:172.21.15.115:6789/0] -- mon_subscribe({config=0+,monmap=0+}) -- 0x7f858007cee0 con 0x7f8580108960
2024-05-09T05:26:25.818 INFO:teuthology.orchestra.run.smithi115.stdout:/usr/bin/ceph: stderr
2024-05-09T05:26:24.768+0000 7f8586133700 1 --2- 172.21.15.115:0/4230003096 >> [v2:172.21.15.115:3300/0,v1:172.21.15.115:6789/0] conn(0x7f8580108960 0x7f858007c9a0 secure :-1 s=READY pgs=54 cs=0 l=1 rev1=1 crypto rx=0x7f857c0119b0 tx=0x7f857c011a90 comp rx=0 tx=0).ready entity=mon.0 client_cookie=0 server_cookie=0 in_seq=0 out_seq=0
2024-05-09T05:26:25.818 INFO:teuthology.orchestra.run.smithi115.stdout:/usr/bin/ceph: stderr
2024-05-09T05:26:24.768+0000 7f85777fe700 1 -- 172.21.15.115:0/4230003096 <== mon.0 v2:172.21.15.115:3300/0 1 ==== mon_map magic: 0 ==== 205+0+0 (secure 0 0 0) 0x7f857c003aa0 con 0x7f8580108960
2024-05-09T05:26:25.818 INFO:teuthology.orchestra.run.smithi115.stdout:/usr/bin/ceph: stderr
2024-05-09T05:26:24.768+0000 7f85777fe700 1 -- 172.21.15.115:0/4230003096 <== mon.0 v2:172.21.15.115:3300/0 2 ==== config(25 keys) ==== 1063+0+0 (secure 0 0 0) 0x7f857c01b8d0 con 0x7f8580108960
2024-05-09T05:26:25.818 INFO:teuthology.orchestra.run.smithi115.stdout:/usr/bin/ceph: stderr
2024-05-09T05:26:24.768+0000 7f8588397700 1 -- 172.21.15.115:0/4230003096 --> [v2:172.21.15.115:3300/0,v1:172.21.15.115:6789/0] -- mon_subscribe({mgrmap=0+}) -- 0x7f85801a0b50 con 0x7f8580108960
2024-05-09T05:26:25.818 INFO:teuthology.orchestra.run.smithi115.stdout:/usr/bin/ceph: stderr
2024-05-09T05:26:24.768+0000 7f85777fe700 1 -- 172.21.15.115:0/4230003096 <== mon.0 v2:172.21.15.115:3300/0 3 ==== mon_map magic: 0 ==== 205+0+0 (secure 0 0 0) 0x7f857c023860 con 0x7f8580108960
2024-05-09T05:26:25.818 INFO:teuthology.orchestra.run.smithi115.stdout:/usr/bin/ceph: stderr
2024-05-09T05:26:24.768+0000 7f8588397700 1 -- 172.21.15.115:0/4230003096 --> [v2:172.21.15.115:3300/0,v1:172.21.15.115:6789/0] -- mon_subscribe({osdmap=0}) -- 0x7f85801a1030 con 0x7f8580108960
2024-05-09T05:26:25.818 INFO:teuthology.orchestra.run.smithi115.stdout:/usr/bin/ceph: stderr
2024-05-09T05:26:24.769+0000 7f85777fe700 1 -- 172.21.15.115:0/4230003096 <== mon.0 v2:172.21.15.115:3300/0 4 ==== mgrmap(e 8) ==== 50222+0+0 (secure 0 0 0) 0x7f857c02c3f0 con 0x7f8580108960
2024-05-09T05:26:25.818 INFO:teuthology.orchestra.run.smithi115.stdout:/usr/bin/ceph: stderr
2024-05-09T05:26:24.769+0000 7f8588397700 1 -- 172.21.15.115:0/4230003096 --> [v2:172.21.15.115:3300/0,v1:172.21.15.115:6789/0] -- mon_command({"prefix": "get_command_descriptions"} v 0) -- 0x7f8580064e20 con 0x7f8580108960
2024-05-09T05:26:25.818 INFO:teuthology.orchestra.run.smithi115.stdout:/usr/bin/ceph: stderr
2024-05-09T05:26:24.769+0000 7f85777fe700 1 --2- 172.21.15.115:0/4230003096 >> [v2:172.21.15.115:6800/792641138,v1:172.21.15.115:6801/792641138] conn(0x7f856c03e530 0x7f856c040a40 unknown :-1 s=NONE pgs=0 cs=0 l=1 rev1=0 crypto rx=0 tx=0 comp rx=0 tx=0).connect
2024-05-09T05:26:25.819 INFO:teuthology.orchestra.run.smithi115.stdout:/usr/bin/ceph: stderr
2024-05-09T05:26:24.769+0000 7f85777fe700 1 -- 172.21.15.115:0/4230003096 <== mon.0 v2:172.21.15.115:3300/0 5 ==== osd_map(2..2 src has 1..2) ==== 940+0+0 (secure 0 0 0) 0x7f857c054d00 con 0x7f8580108960
2024-05-09T05:26:25.819 INFO:teuthology.orchestra.run.smithi115.stdout:/usr/bin/ceph: stderr
2024-05-09T05:26:24.769+0000 7f8585932700 1 --2- 172.21.15.115:0/4230003096 >> [v2:172.21.15.115:6800/792641138,v1:172.21.15.115:6801/792641138] conn(0x7f856c03e530 0x7f856c040a40 unknown :-1 s=BANNER_CONNECTING pgs=0 cs=0 l=1 rev1=0 crypto rx=0 tx=0 comp rx=0 tx=0)._handle_peer_banner_payload supported=3 required=0
2024-05-09T05:26:25.819 INFO:teuthology.orchestra.run.smithi115.stdout:/usr/bin/ceph: stderr
2024-05-09T05:26:24.770+0000 7f8585932700 1 --2- 172.21.15.115:0/4230003096 >> [v2:172.21.15.115:6800/792641138,v1:172.21.15.115:6801/792641138] conn(0x7f856c03e530 0x7f856c040a40 secure :-1 s=READY pgs=16 cs=0 l=1 rev1=1 crypto rx=0x7f8570006fd0 tx=0x7f8570006e40 comp rx=0 tx=0).ready entity=mgr.14118 client_cookie=0 server_cookie=0 in_seq=0 out_seq=0
2024-05-09T05:26:25.819 INFO:teuthology.orchestra.run.smithi115.stdout:/usr/bin/ceph: stderr
2024-05-09T05:26:24.775+0000 7f85777fe700 1 -- 172.21.15.115:0/4230003096 <== mon.0 v2:172.21.15.115:3300/0 6 ==== mon_command_ack([{"prefix": "get_command_descriptions"}]=0 v0) ==== 72+0+191963 (secure 0 0 0) 0x7f857c01f030 con 0x7f8580108960
2024-05-09T05:26:25.819 INFO:teuthology.orchestra.run.smithi115.stdout:/usr/bin/ceph: stderr
2024-05-09T05:26:25.122+0000 7f8588397700 1 -- 172.21.15.115:0/4230003096 --> [v2:172.21.15.115:3300/0,v1:172.21.15.115:6789/0] -- mon_command({"prefix": "mgr module enable", "module": "dashboard"} v 0) -- 0x7f85801a13d0 con 0x7f8580108960
2024-05-09T05:26:25.819 INFO:teuthology.orchestra.run.smithi115.stdout:/usr/bin/ceph: stderr
2024-05-09T05:26:25.280+0000 7f85777fe700 1 -- 172.21.15.115:0/4230003096 <== mon.0 v2:172.21.15.115:3300/0 7 ==== mon_command_ack([{"prefix": "mgr module enable", "module": "dashboard"}]=0 v9) ==== 88+0+0 (secure 0 0 0) 0x7f857c00f2e0 con 0x7f8580108960
2024-05-09T05:26:25.819 INFO:teuthology.orchestra.run.smithi115.stdout:/usr/bin/ceph: stderr
2024-05-09T05:26:25.282+0000 7f85777fe700 1 -- 172.21.15.115:0/4230003096 <== mon.0 v2:172.21.15.115:3300/0 8 ==== mgrmap(e 9) ==== 50235+0+0 (secure 0 0 0) 0x7f857c01b490 con 0x7f8580108960
2024-05-09T05:26:25.819 INFO:teuthology.orchestra.run.smithi115.stdout:/usr/bin/ceph: stderr
2024-05-09T05:26:25.283+0000 7f8588397700 1 -- 172.21.15.115:0/4230003096 >> [v2:172.21.15.115:6800/792641138,v1:172.21.15.115:6801/792641138] conn(0x7f856c03e530 msgr2=0x7f856c040a40 secure :-1 s=STATE_CONNECTION_ESTABLISHED l=1).mark_down
2024-05-09T05:26:25.819 INFO:teuthology.orchestra.run.smithi115.stdout:/usr/bin/ceph: stderr
2024-05-09T05:26:25.283+0000 7f8588397700 1 --2- 172.21.15.115:0/4230003096 >> [v2:172.21.15.115:6800/792641138,v1:172.21.15.115:6801/792641138] conn(0x7f856c03e530 0x7f856c040a40 secure :-1 s=READY pgs=16 cs=0 l=1 rev1=1 crypto rx=0x7f8570006fd0 tx=0x7f8570006e40 comp rx=0 tx=0).stop
2024-05-09T05:26:25.819 INFO:teuthology.orchestra.run.smithi115.stdout:/usr/bin/ceph: stderr
2024-05-09T05:26:25.283+0000 7f8588397700 1 -- 172.21.15.115:0/4230003096 >> [v2:172.21.15.115:3300/0,v1:172.21.15.115:6789/0] conn(0x7f8580108960 msgr2=0x7f858007c9a0 secure :-1 s=STATE_CONNECTION_ESTABLISHED l=1).mark_down
2024-05-09T05:26:25.819 INFO:teuthology.orchestra.run.smithi115.stdout:/usr/bin/ceph: stderr
2024-05-09T05:26:25.283+0000 7f8588397700 1 --2- 172.21.15.115:0/4230003096 >> [v2:172.21.15.115:3300/0,v1:172.21.15.115:6789/0] conn(0x7f8580108960 0x7f858007c9a0 secure :-1 s=READY pgs=54 cs=0 l=1 rev1=1 crypto rx=0x7f857c0119b0 tx=0x7f857c011a90 comp rx=0 tx=0).stop
2024-05-09T05:26:25.819 INFO:teuthology.orchestra.run.smithi115.stdout:/usr/bin/ceph: stderr
2024-05-09T05:26:25.283+0000 7f8588397700 1 -- 172.21.15.115:0/4230003096 shutdown_connections
2024-05-09T05:26:25.819 INFO:teuthology.orchestra.run.smithi115.stdout:/usr/bin/ceph: stderr
2024-05-09T05:26:25.283+0000 7f8588397700 1 --2- 172.21.15.115:0/4230003096 >> [v2:172.21.15.115:6800/792641138,v1:172.21.15.115:6801/792641138] conn(0x7f856c03e530 0x7f856c040a40 secure :-1 s=CLOSED pgs=16 cs=0 l=1 rev1=1 crypto rx=0x7f8570006fd0 tx=0x7f8570006e40 comp rx=0 tx=0).stop
2024-05-09T05:26:25.819 INFO:teuthology.orchestra.run.smithi115.stdout:/usr/bin/ceph: stderr
2024-05-09T05:26:25.283+0000 7f8588397700 1 --2- 172.21.15.115:0/4230003096 >> [v2:172.21.15.115:3300/0,v1:172.21.15.115:6789/0] conn(0x7f8580108960 0x7f858007c9a0 unknown :-1 s=CLOSED pgs=54 cs=0 l=1 rev1=1 crypto rx=0 tx=0 comp rx=0 tx=0).stop
2024-05-09T05:26:25.820 INFO:teuthology.orchestra.run.smithi115.stdout:/usr/bin/ceph: stderr
2024-05-09T05:26:25.283+0000 7f8588397700 1 -- 172.21.15.115:0/4230003096 >> 172.21.15.115:0/4230003096 conn(0x7f8580103fe0 msgr2=0x7f85801048d0 unknown :-1 s=STATE_NONE l=0).mark_down
2024-05-09T05:26:25.820 INFO:teuthology.orchestra.run.smithi115.stdout:/usr/bin/ceph: stderr
2024-05-09T05:26:25.284+0000 7f8588397700 1 -- 172.21.15.115:0/4230003096 shutdown_connections
2024-05-09T05:26:25.820 INFO:teuthology.orchestra.run.smithi115.stdout:/usr/bin/ceph: stderr
2024-05-09T05:26:25.284+0000 7f8588397700 1 -- 172.21.15.115:0/4230003096 wait complete.
2024-05-09T05:26:26.042 INFO:journalctl@ceph.mgr.x.smithi115.stdout:May 09 05:26:25 smithi115 ceph-69de8a38-0dc4-11ef-bc97-c7b262605968-mgr-x[30580]:
2024-05-09T05:26:25.709+0000 7fd1a65e1200 -1 mgr[py] Module orchestrator has missing NOTIFY_TYPES member
2024-05-09T05:26:26.043 INFO:journalctl@ceph.mgr.x.smithi115.stdout:May 09 05:26:25 smithi115 ceph-69de8a38-0dc4-11ef-bc97-c7b262605968-mgr-x[30580]:
2024-05-09T05:26:25.816+0000 7fd1a65e1200 -1 mgr[py] Module snap_schedule has missing NOTIFY_TYPES member
2024-05-09T05:26:26.398 INFO:journalctl@ceph.mon.a.smithi115.stdout:May 09 05:26:26 smithi115 ceph-mon[30349]: from='client.? 172.21.15.115:0/4230003096' entity='client.admin' cmd='[{"prefix": "mgr module enable", "module": "dashboard"}]': finished
2024-05-09T05:26:26.398 INFO:journalctl@ceph.mon.a.smithi115.stdout:May 09 05:26:26 smithi115 ceph-mon[30349]: mgrmap e9: x(active, since 18s)
2024-05-09T05:26:26.398 INFO:journalctl@ceph.mgr.x.smithi115.stdout:May 09 05:26:26 smithi115 ceph-69de8a38-0dc4-11ef-bc97-c7b262605968-mgr-x[30580]:
2024-05-09T05:26:26.138+0000 7fd1a65e1200 -1 mgr[py] Module progress has missing NOTIFY_TYPES member
2024-05-09T05:26:26.399 INFO:journalctl@ceph.mgr.x.smithi115.stdout:May 09 05:26:26 smithi115 ceph-69de8a38-0dc4-11ef-bc97-c7b262605968-mgr-x[30580]:
2024-05-09T05:26:26.230+0000 7fd1a65e1200 -1 mgr[py] Module influx has missing NOTIFY_TYPES member
2024-05-09T05:26:27.107 INFO:teuthology.orchestra.run.smithi115.stdout:/usr/bin/ceph: stdout {
2024-05-09T05:26:27.108 INFO:teuthology.orchestra.run.smithi115.stdout:/usr/bin/ceph: stdout "epoch": 9,
2024-05-09T05:26:27.108 INFO:teuthology.orchestra.run.smithi115.stdout:/usr/bin/ceph: stdout "available": true,
2024-05-09T05:26:27.108 INFO:teuthology.orchestra.run.smithi115.stdout:/usr/bin/ceph: stdout "active_name": "x",
2024-05-09T05:26:27.108 INFO:teuthology.orchestra.run.smithi115.stdout:/usr/bin/ceph: stdout "num_standby": 0
2024-05-09T05:26:27.108 INFO:teuthology.orchestra.run.smithi115.stdout:/usr/bin/ceph: stdout }
2024-05-09T05:26:27.108 INFO:teuthology.orchestra.run.smithi115.stdout:/usr/bin/ceph: stderr
2024-05-09T05:26:26.261+0000 7fad0daf6700 1 Processor -- start
2024-05-09T05:26:27.108 INFO:teuthology.orchestra.run.smithi115.stdout:/usr/bin/ceph: stderr
2024-05-09T05:26:26.261+0000 7fad0daf6700 1 -- start start
2024-05-09T05:26:27.108 INFO:teuthology.orchestra.run.smithi115.stdout:/usr/bin/ceph: stderr
2024-05-09T05:26:26.261+0000 7fad0daf6700 1 --2- >> [v2:172.21.15.115:3300/0,v1:172.21.15.115:6789/0] conn(0x7fad08109f40 0x7fad0810a350 unknown :-1 s=NONE pgs=0 cs=0 l=0 rev1=0 crypto rx=0 tx=0 comp rx=0 tx=0).connect
2024-05-09T05:26:27.108 INFO:teuthology.orchestra.run.smithi115.stdout:/usr/bin/ceph: stderr
2024-05-09T05:26:26.261+0000 7fad0daf6700 1 -- --> [v2:172.21.15.115:3300/0,v1:172.21.15.115:6789/0] -- mon_getmap magic: 0 -- 0x7fad0810a940 con 0x7fad08109f40
2024-05-09T05:26:27.108 INFO:teuthology.orchestra.run.smithi115.stdout:/usr/bin/ceph: stderr
2024-05-09T05:26:26.262+0000 7fad077fe700 1 --2- >> [v2:172.21.15.115:3300/0,v1:172.21.15.115:6789/0] conn(0x7fad08109f40 0x7fad0810a350 unknown :-1 s=BANNER_CONNECTING pgs=0 cs=0 l=0 rev1=0 crypto rx=0 tx=0 comp rx=0 tx=0)._handle_peer_banner_payload supported=3 required=0
2024-05-09T05:26:27.108 INFO:teuthology.orchestra.run.smithi115.stdout:/usr/bin/ceph: stderr
2024-05-09T05:26:26.262+0000 7fad077fe700 1 --2- >> [v2:172.21.15.115:3300/0,v1:172.21.15.115:6789/0] conn(0x7fad08109f40 0x7fad0810a350 unknown :-1 s=HELLO_CONNECTING pgs=0 cs=0 l=0 rev1=1 crypto rx=0 tx=0 comp rx=0 tx=0).handle_hello peer v2:172.21.15.115:3300/0 says I am v2:172.21.15.115:55200/0 (socket says 172.21.15.115:55200)
2024-05-09T05:26:27.108 INFO:teuthology.orchestra.run.smithi115.stdout:/usr/bin/ceph: stderr
2024-05-09T05:26:26.262+0000 7fad077fe700 1 -- 172.21.15.115:0/4125278714 learned_addr learned my addr 172.21.15.115:0/4125278714 (peer_addr_for_me v2:172.21.15.115:0/0)
2024-05-09T05:26:27.109 INFO:teuthology.orchestra.run.smithi115.stdout:/usr/bin/ceph: stderr
2024-05-09T05:26:26.262+0000 7fad077fe700 1 -- 172.21.15.115:0/4125278714 --> [v2:172.21.15.115:3300/0,v1:172.21.15.115:6789/0] -- mon_subscribe({config=0+,monmap=0+}) -- 0x7fad08108bc0 con 0x7fad08109f40
2024-05-09T05:26:27.109 INFO:teuthology.orchestra.run.smithi115.stdout:/usr/bin/ceph: stderr
2024-05-09T05:26:26.262+0000 7fad077fe700 1 --2- 172.21.15.115:0/4125278714 >> [v2:172.21.15.115:3300/0,v1:172.21.15.115:6789/0] conn(0x7fad08109f40 0x7fad0810a350 secure :-1 s=READY pgs=57 cs=0 l=1 rev1=1 crypto rx=0x7facfc0098a0 tx=0x7facfc009bb0 comp rx=0 tx=0).ready entity=mon.0 client_cookie=b3afa82853d61ab6 server_cookie=0 in_seq=0 out_seq=0
2024-05-09T05:26:27.109 INFO:teuthology.orchestra.run.smithi115.stdout:/usr/bin/ceph: stderr
2024-05-09T05:26:26.262+0000 7fad067fc700 1 -- 172.21.15.115:0/4125278714 <== mon.0 v2:172.21.15.115:3300/0 1 ==== mon_map magic: 0 ==== 205+0+0 (secure 0 0 0) 0x7facfc004160 con 0x7fad08109f40
2024-05-09T05:26:27.109 INFO:teuthology.orchestra.run.smithi115.stdout:/usr/bin/ceph: stderr
2024-05-09T05:26:26.262+0000 7fad067fc700 1 -- 172.21.15.115:0/4125278714 <== mon.0 v2:172.21.15.115:3300/0 2 ==== config(25 keys) ==== 1063+0+0 (secure 0 0 0) 0x7facfc004300 con 0x7fad08109f40
2024-05-09T05:26:27.109 INFO:teuthology.orchestra.run.smithi115.stdout:/usr/bin/ceph: stderr
2024-05-09T05:26:26.262+0000 7fad067fc700 1 -- 172.21.15.115:0/4125278714 <== mon.0 v2:172.21.15.115:3300/0 3 ==== mon_map magic: 0 ==== 205+0+0 (secure 0 0 0) 0x7facfc011960 con 0x7fad08109f40
2024-05-09T05:26:27.109 INFO:teuthology.orchestra.run.smithi115.stdout:/usr/bin/ceph: stderr
2024-05-09T05:26:26.263+0000 7fad0daf6700 1 -- 172.21.15.115:0/4125278714 >> [v2:172.21.15.115:3300/0,v1:172.21.15.115:6789/0] conn(0x7fad08109f40 msgr2=0x7fad0810a350 secure :-1 s=STATE_CONNECTION_ESTABLISHED l=1).mark_down
2024-05-09T05:26:27.109 INFO:teuthology.orchestra.run.smithi115.stdout:/usr/bin/ceph: stderr
2024-05-09T05:26:26.263+0000 7fad0daf6700 1 --2- 172.21.15.115:0/4125278714 >> [v2:172.21.15.115:3300/0,v1:172.21.15.115:6789/0] conn(0x7fad08109f40 0x7fad0810a350 secure :-1 s=READY pgs=57 cs=0 l=1 rev1=1 crypto rx=0x7facfc0098a0 tx=0x7facfc009bb0 comp rx=0 tx=0).stop
2024-05-09T05:26:27.109 INFO:teuthology.orchestra.run.smithi115.stdout:/usr/bin/ceph: stderr
2024-05-09T05:26:26.263+0000 7fad0daf6700 1 -- 172.21.15.115:0/4125278714 shutdown_connections
2024-05-09T05:26:27.109 INFO:teuthology.orchestra.run.smithi115.stdout:/usr/bin/ceph: stderr
2024-05-09T05:26:26.263+0000 7fad0daf6700 1 --2- 172.21.15.115:0/4125278714 >> [v2:172.21.15.115:3300/0,v1:172.21.15.115:6789/0] conn(0x7fad08109f40 0x7fad0810a350 unknown :-1 s=CLOSED pgs=57 cs=0 l=1 rev1=1 crypto rx=0 tx=0 comp rx=0 tx=0).stop
2024-05-09T05:26:27.109 INFO:teuthology.orchestra.run.smithi115.stdout:/usr/bin/ceph: stderr
2024-05-09T05:26:26.263+0000 7fad0daf6700 1 -- 172.21.15.115:0/4125278714 >> 172.21.15.115:0/4125278714 conn(0x7fad08103780 msgr2=0x7fad08105bd0 unknown :-1 s=STATE_NONE l=0).mark_down
2024-05-09T05:26:27.109 INFO:teuthology.orchestra.run.smithi115.stdout:/usr/bin/ceph: stderr
2024-05-09T05:26:26.263+0000 7fad0daf6700 1 -- 172.21.15.115:0/4125278714 shutdown_connections
2024-05-09T05:26:27.109 INFO:teuthology.orchestra.run.smithi115.stdout:/usr/bin/ceph: stderr
2024-05-09T05:26:26.263+0000 7fad0daf6700 1 -- 172.21.15.115:0/4125278714 wait complete.
2024-05-09T05:26:27.109 INFO:teuthology.orchestra.run.smithi115.stdout:/usr/bin/ceph: stderr
2024-05-09T05:26:26.264+0000 7fad0daf6700 1 Processor -- start
2024-05-09T05:26:27.109 INFO:teuthology.orchestra.run.smithi115.stdout:/usr/bin/ceph: stderr
2024-05-09T05:26:26.264+0000 7fad0daf6700 1 -- start start
2024-05-09T05:26:27.110 INFO:teuthology.orchestra.run.smithi115.stdout:/usr/bin/ceph: stderr
2024-05-09T05:26:26.264+0000 7fad0daf6700 1 --2- >> [v2:172.21.15.115:3300/0,v1:172.21.15.115:6789/0] conn(0x7fad08109f40 0x7fad08108450 unknown :-1 s=NONE pgs=0 cs=0 l=1 rev1=0 crypto rx=0 tx=0 comp rx=0 tx=0).connect
2024-05-09T05:26:27.110 INFO:teuthology.orchestra.run.smithi115.stdout:/usr/bin/ceph: stderr
2024-05-09T05:26:26.264+0000 7fad0daf6700 1 -- --> [v2:172.21.15.115:3300/0,v1:172.21.15.115:6789/0] -- mon_getmap magic: 0 -- 0x7fad0810cf80 con 0x7fad08109f40
2024-05-09T05:26:27.110 INFO:teuthology.orchestra.run.smithi115.stdout:/usr/bin/ceph: stderr
2024-05-09T05:26:26.265+0000 7fad077fe700 1 --2- >> [v2:172.21.15.115:3300/0,v1:172.21.15.115:6789/0] conn(0x7fad08109f40 0x7fad08108450 unknown :-1 s=BANNER_CONNECTING pgs=0 cs=0 l=1 rev1=0 crypto rx=0 tx=0 comp rx=0 tx=0)._handle_peer_banner_payload supported=3 required=0
2024-05-09T05:26:27.110 INFO:teuthology.orchestra.run.smithi115.stdout:/usr/bin/ceph: stderr
2024-05-09T05:26:26.265+0000 7fad077fe700 1 --2- >> [v2:172.21.15.115:3300/0,v1:172.21.15.115:6789/0] conn(0x7fad08109f40 0x7fad08108450 unknown :-1 s=HELLO_CONNECTING pgs=0 cs=0 l=1 rev1=1 crypto rx=0 tx=0 comp rx=0 tx=0).handle_hello peer v2:172.21.15.115:3300/0 says I am v2:172.21.15.115:55202/0 (socket says 172.21.15.115:55202)
2024-05-09T05:26:27.110 INFO:teuthology.orchestra.run.smithi115.stdout:/usr/bin/ceph: stderr
2024-05-09T05:26:26.265+0000 7fad077fe700 1 -- 172.21.15.115:0/1651454578 learned_addr learned my addr 172.21.15.115:0/1651454578 (peer_addr_for_me v2:172.21.15.115:0/0)
2024-05-09T05:26:27.110 INFO:teuthology.orchestra.run.smithi115.stdout:/usr/bin/ceph: stderr
2024-05-09T05:26:26.265+0000 7fad077fe700 1 -- 172.21.15.115:0/1651454578 --> [v2:172.21.15.115:3300/0,v1:172.21.15.115:6789/0] -- mon_subscribe({config=0+,monmap=0+}) -- 0x7fad08108990 con 0x7fad08109f40
2024-05-09T05:26:27.110 INFO:teuthology.orchestra.run.smithi115.stdout:/usr/bin/ceph: stderr
2024-05-09T05:26:26.265+0000 7fad077fe700 1 --2- 172.21.15.115:0/1651454578 >> [v2:172.21.15.115:3300/0,v1:172.21.15.115:6789/0] conn(0x7fad08109f40 0x7fad08108450 secure :-1 s=READY pgs=58 cs=0 l=1 rev1=1 crypto rx=0x7facfc011980 tx=0x7facfc011a60 comp rx=0 tx=0).ready entity=mon.0 client_cookie=0 server_cookie=0 in_seq=0 out_seq=0
2024-05-09T05:26:27.110 INFO:teuthology.orchestra.run.smithi115.stdout:/usr/bin/ceph: stderr
2024-05-09T05:26:26.265+0000 7fad04ff9700 1 -- 172.21.15.115:0/1651454578 <== mon.0 v2:172.21.15.115:3300/0 1 ==== mon_map magic: 0 ==== 205+0+0 (secure 0 0 0) 0x7facfc003a60 con 0x7fad08109f40
2024-05-09T05:26:27.110 INFO:teuthology.orchestra.run.smithi115.stdout:/usr/bin/ceph: stderr
2024-05-09T05:26:26.265+0000 7fad0daf6700 1 -- 172.21.15.115:0/1651454578 --> [v2:172.21.15.115:3300/0,v1:172.21.15.115:6789/0] -- mon_subscribe({mgrmap=0+}) -- 0x7fad081a0b50 con 0x7fad08109f40
2024-05-09T05:26:27.110 INFO:teuthology.orchestra.run.smithi115.stdout:/usr/bin/ceph: stderr
2024-05-09T05:26:26.265+0000 7fad04ff9700 1 -- 172.21.15.115:0/1651454578 <== mon.0 v2:172.21.15.115:3300/0 2 ==== config(25 keys) ==== 1063+0+0 (secure 0 0 0) 0x7facfc01b8d0 con 0x7fad08109f40
2024-05-09T05:26:27.110 INFO:teuthology.orchestra.run.smithi115.stdout:/usr/bin/ceph: stderr
2024-05-09T05:26:26.265+0000 7fad04ff9700 1 -- 172.21.15.115:0/1651454578 <== mon.0 v2:172.21.15.115:3300/0 3 ==== mon_map magic: 0 ==== 205+0+0 (secure 0 0 0) 0x7facfc0237d0 con 0x7fad08109f40
2024-05-09T05:26:27.110 INFO:teuthology.orchestra.run.smithi115.stdout:/usr/bin/ceph: stderr
2024-05-09T05:26:26.265+0000 7fad0daf6700 1 -- 172.21.15.115:0/1651454578 --> [v2:172.21.15.115:3300/0,v1:172.21.15.115:6789/0] -- mon_subscribe({osdmap=0}) -- 0x7fad081a0fd0 con 0x7fad08109f40
2024-05-09T05:26:27.110 INFO:teuthology.orchestra.run.smithi115.stdout:/usr/bin/ceph: stderr
2024-05-09T05:26:26.266+0000 7fad0daf6700 1 -- 172.21.15.115:0/1651454578 --> [v2:172.21.15.115:3300/0,v1:172.21.15.115:6789/0] -- mon_command({"prefix": "get_command_descriptions"} v 0) -- 0x7fad08064e20 con 0x7fad08109f40
2024-05-09T05:26:27.110 INFO:teuthology.orchestra.run.smithi115.stdout:/usr/bin/ceph: stderr
2024-05-09T05:26:26.266+0000 7fad04ff9700 1 -- 172.21.15.115:0/1651454578 <== mon.0 v2:172.21.15.115:3300/0 4 ==== mgrmap(e 9) ==== 50235+0+0 (secure 0 0 0) 0x7facfc023a80 con 0x7fad08109f40
2024-05-09T05:26:27.110 INFO:teuthology.orchestra.run.smithi115.stdout:/usr/bin/ceph: stderr
2024-05-09T05:26:26.267+0000 7fad04ff9700 1 --2- 172.21.15.115:0/1651454578 >> [v2:172.21.15.115:6800/792641138,v1:172.21.15.115:6801/792641138] conn(0x7facf003e530 0x7facf0040a40 unknown :-1 s=NONE pgs=0 cs=0 l=1 rev1=0 crypto rx=0 tx=0 comp rx=0 tx=0).connect
2024-05-09T05:26:27.111 INFO:teuthology.orchestra.run.smithi115.stdout:/usr/bin/ceph: stderr
2024-05-09T05:26:26.267+0000 7fad04ff9700 1 -- 172.21.15.115:0/1651454578 <== mon.0 v2:172.21.15.115:3300/0 5 ==== osd_map(2..2 src has 1..2) ==== 940+0+0 (secure 0 0 0) 0x7facfc053f70 con 0x7fad08109f40
2024-05-09T05:26:27.111 INFO:teuthology.orchestra.run.smithi115.stdout:/usr/bin/ceph: stderr
2024-05-09T05:26:26.267+0000 7fad06ffd700 1 -- 172.21.15.115:0/1651454578 >> [v2:172.21.15.115:6800/792641138,v1:172.21.15.115:6801/792641138] conn(0x7facf003e530 msgr2=0x7facf0040a40 unknown :-1 s=STATE_CONNECTING_RE l=1).process reconnect failed to v2:172.21.15.115:6800/792641138
2024-05-09T05:26:27.111 INFO:teuthology.orchestra.run.smithi115.stdout:/usr/bin/ceph: stderr
2024-05-09T05:26:26.267+0000 7fad06ffd700 1 --2- 172.21.15.115:0/1651454578 >> [v2:172.21.15.115:6800/792641138,v1:172.21.15.115:6801/792641138] conn(0x7facf003e530 0x7facf0040a40 unknown :-1 s=START_CONNECT pgs=0 cs=0 l=1 rev1=0 crypto rx=0 tx=0 comp rx=0 tx=0)._fault waiting 0.200000
2024-05-09T05:26:27.111 INFO:teuthology.orchestra.run.smithi115.stdout:/usr/bin/ceph: stderr
2024-05-09T05:26:26.276+0000 7fad04ff9700 1 -- 172.21.15.115:0/1651454578 <== mon.0 v2:172.21.15.115:3300/0 6 ==== mon_command_ack([{"prefix": "get_command_descriptions"}]=0 v0) ==== 72+0+191963 (secure 0 0 0) 0x7facfc01f030 con 0x7fad08109f40
2024-05-09T05:26:27.111 INFO:teuthology.orchestra.run.smithi115.stdout:/usr/bin/ceph: stderr
2024-05-09T05:26:26.468+0000 7fad06ffd700 1 -- 172.21.15.115:0/1651454578 >> [v2:172.21.15.115:6800/792641138,v1:172.21.15.115:6801/792641138] conn(0x7facf003e530 msgr2=0x7facf0040a40 unknown :-1 s=STATE_CONNECTING_RE l=1).process reconnect failed to v2:172.21.15.115:6800/792641138
2024-05-09T05:26:27.111 INFO:teuthology.orchestra.run.smithi115.stdout:/usr/bin/ceph: stderr
2024-05-09T05:26:26.468+0000 7fad06ffd700 1 --2- 172.21.15.115:0/1651454578 >> [v2:172.21.15.115:6800/792641138,v1:172.21.15.115:6801/792641138] conn(0x7facf003e530 0x7facf0040a40 unknown :-1 s=START_CONNECT pgs=0 cs=0 l=1 rev1=0 crypto rx=0 tx=0 comp rx=0 tx=0)._fault waiting 0.400000
2024-05-09T05:26:27.111 INFO:teuthology.orchestra.run.smithi115.stdout:/usr/bin/ceph: stderr
2024-05-09T05:26:26.547+0000 7fad0daf6700 1 -- 172.21.15.115:0/1651454578 --> [v2:172.21.15.115:3300/0,v1:172.21.15.115:6789/0] -- mon_command({"prefix": "mgr stat"} v 0) -- 0x7fad081a1820 con 0x7fad08109f40
2024-05-09T05:26:27.111 INFO:teuthology.orchestra.run.smithi115.stdout:/usr/bin/ceph: stderr
2024-05-09T05:26:26.548+0000 7fad04ff9700 1 -- 172.21.15.115:0/1651454578 <== mon.0 v2:172.21.15.115:3300/0 7 ==== mon_command_ack([{"prefix": "mgr stat"}]=0 v9) ==== 56+0+88 (secure 0 0 0) 0x7facfc01bda0 con 0x7fad08109f40
2024-05-09T05:26:27.111 INFO:teuthology.orchestra.run.smithi115.stdout:/usr/bin/ceph: stderr
2024-05-09T05:26:26.550+0000 7fad0daf6700 1 -- 172.21.15.115:0/1651454578 >> [v2:172.21.15.115:6800/792641138,v1:172.21.15.115:6801/792641138] conn(0x7facf003e530 msgr2=0x7facf0040a40 unknown :-1 s=STATE_CONNECTING l=1).mark_down
2024-05-09T05:26:27.111 INFO:teuthology.orchestra.run.smithi115.stdout:/usr/bin/ceph: stderr
2024-05-09T05:26:26.550+0000 7fad0daf6700 1 --2- 172.21.15.115:0/1651454578 >> [v2:172.21.15.115:6800/792641138,v1:172.21.15.115:6801/792641138] conn(0x7facf003e530 0x7facf0040a40 unknown :-1 s=START_CONNECT pgs=0 cs=0 l=1 rev1=0 crypto rx=0 tx=0 comp rx=0 tx=0).stop
2024-05-09T05:26:27.111 INFO:teuthology.orchestra.run.smithi115.stdout:/usr/bin/ceph: stderr
2024-05-09T05:26:26.550+0000 7fad0daf6700 1 -- 172.21.15.115:0/1651454578 >> [v2:172.21.15.115:3300/0,v1:172.21.15.115:6789/0] conn(0x7fad08109f40 msgr2=0x7fad08108450 secure :-1 s=STATE_CONNECTION_ESTABLISHED l=1).mark_down
2024-05-09T05:26:27.111 INFO:teuthology.orchestra.run.smithi115.stdout:/usr/bin/ceph: stderr
2024-05-09T05:26:26.550+0000 7fad0daf6700 1 --2- 172.21.15.115:0/1651454578 >> [v2:172.21.15.115:3300/0,v1:172.21.15.115:6789/0] conn(0x7fad08109f40 0x7fad08108450 secure :-1 s=READY pgs=58 cs=0 l=1 rev1=1 crypto rx=0x7facfc011980 tx=0x7facfc011a60 comp rx=0 tx=0).stop
2024-05-09T05:26:27.111 INFO:teuthology.orchestra.run.smithi115.stdout:/usr/bin/ceph: stderr
2024-05-09T05:26:26.550+0000 7fad0daf6700 1 -- 172.21.15.115:0/1651454578 shutdown_connections
2024-05-09T05:26:27.111 INFO:teuthology.orchestra.run.smithi115.stdout:/usr/bin/ceph: stderr
2024-05-09T05:26:26.550+0000 7fad0daf6700 1 --2- 172.21.15.115:0/1651454578 >> [v2:172.21.15.115:6800/792641138,v1:172.21.15.115:6801/792641138] conn(0x7facf003e530 0x7facf0040a40 unknown :-1 s=CLOSED pgs=0 cs=0 l=1 rev1=0 crypto rx=0 tx=0 comp rx=0 tx=0).stop
2024-05-09T05:26:27.112 INFO:teuthology.orchestra.run.smithi115.stdout:/usr/bin/ceph: stderr
2024-05-09T05:26:26.550+0000 7fad0daf6700 1 --2- 172.21.15.115:0/1651454578 >> [v2:172.21.15.115:3300/0,v1:172.21.15.115:6789/0] conn(0x7fad08109f40 0x7fad08108450 unknown :-1 s=CLOSED pgs=58 cs=0 l=1 rev1=1 crypto rx=0 tx=0 comp rx=0 tx=0).stop
2024-05-09T05:26:27.112 INFO:teuthology.orchestra.run.smithi115.stdout:/usr/bin/ceph: stderr
2024-05-09T05:26:26.550+0000 7fad0daf6700 1 -- 172.21.15.115:0/1651454578 >> 172.21.15.115:0/1651454578 conn(0x7fad08103780 msgr2=0x7fad08103fe0 unknown :-1 s=STATE_NONE l=0).mark_down
2024-05-09T05:26:27.112 INFO:teuthology.orchestra.run.smithi115.stdout:/usr/bin/ceph: stderr
2024-05-09T05:26:26.551+0000 7fad0daf6700 1 -- 172.21.15.115:0/1651454578 shutdown_connections
2024-05-09T05:26:27.112 INFO:teuthology.orchestra.run.smithi115.stdout:/usr/bin/ceph: stderr
2024-05-09T05:26:26.551+0000 7fad0daf6700 1 -- 172.21.15.115:0/1651454578 wait complete.
2024-05-09T05:26:27.112 INFO:teuthology.orchestra.run.smithi115.stdout:Waiting for the mgr to restart...
2024-05-09T05:26:27.112 INFO:teuthology.orchestra.run.smithi115.stdout:Waiting for mgr epoch 9...
2024-05-09T05:26:27.398 INFO:journalctl@ceph.mon.a.smithi115.stdout:May 09 05:26:27 smithi115 ceph-mon[30349]: from='client.? 172.21.15.115:0/1651454578' entity='client.admin' cmd=[{"prefix": "mgr stat"}]: dispatch
2024-05-09T05:26:27.747 INFO:journalctl@ceph.mgr.x.smithi115.stdout:May 09 05:26:27 smithi115 ceph-69de8a38-0dc4-11ef-bc97-c7b262605968-mgr-x[30580]:
2024-05-09T05:26:27.461+0000 7fd1a65e1200 -1 mgr[py] Module telegraf has missing NOTIFY_TYPES member
2024-05-09T05:26:27.748 INFO:journalctl@ceph.mgr.x.smithi115.stdout:May 09 05:26:27 smithi115 ceph-69de8a38-0dc4-11ef-bc97-c7b262605968-mgr-x[30580]:
2024-05-09T05:26:27.643+0000 7fd1a65e1200 -1 mgr[py] Module osd_support has missing NOTIFY_TYPES member
2024-05-09T05:26:28.107 INFO:journalctl@ceph.mgr.x.smithi115.stdout:May 09 05:26:27 smithi115 ceph-69de8a38-0dc4-11ef-bc97-c7b262605968-mgr-x[30580]:
2024-05-09T05:26:27.816+0000 7fd1a65e1200 -1 mgr[py] Module iostat has missing NOTIFY_TYPES member
2024-05-09T05:26:28.108 INFO:journalctl@ceph.mgr.x.smithi115.stdout:May 09 05:26:28 smithi115 ceph-69de8a38-0dc4-11ef-bc97-c7b262605968-mgr-x[30580]:
2024-05-09T05:26:28.112+0000 7fd1a65e1200 -1 mgr[py] Module alerts has missing NOTIFY_TYPES member
2024-05-09T05:26:28.397 INFO:journalctl@ceph.mgr.x.smithi115.stdout:May 09 05:26:28 smithi115 ceph-69de8a38-0dc4-11ef-bc97-c7b262605968-mgr-x[30580]:
2024-05-09T05:26:28.207+0000 7fd1a65e1200 -1 mgr[py] Module selftest has missing NOTIFY_TYPES member
2024-05-09T05:26:28.897 INFO:journalctl@ceph.mgr.x.smithi115.stdout:May 09 05:26:28 smithi115 ceph-69de8a38-0dc4-11ef-bc97-c7b262605968-mgr-x[30580]:
2024-05-09T05:26:28.412+0000 7fd1a65e1200 -1 mgr[py] Module pg_autoscaler has missing NOTIFY_TYPES member
2024-05-09T05:26:28.898 INFO:journalctl@ceph.mgr.x.smithi115.stdout:May 09 05:26:28 smithi115 ceph-69de8a38-0dc4-11ef-bc97-c7b262605968-mgr-x[30580]:
2024-05-09T05:26:28.609+0000 7fd1a65e1200 -1 mgr[py] Module test_orchestrator has missing NOTIFY_TYPES member
2024-05-09T05:26:29.647 INFO:journalctl@ceph.mgr.x.smithi115.stdout:May 09 05:26:29 smithi115 ceph-69de8a38-0dc4-11ef-bc97-c7b262605968-mgr-x[30580]:
2024-05-09T05:26:29.210+0000 7fd1a65e1200 -1 mgr[py] Module rook has missing NOTIFY_TYPES member
2024-05-09T05:26:29.648 INFO:journalctl@ceph.mgr.x.smithi115.stdout:May 09 05:26:29 smithi115 ceph-69de8a38-0dc4-11ef-bc97-c7b262605968-mgr-x[30580]:
2024-05-09T05:26:29.438+0000 7fd1a65e1200 -1 mgr[py] Module smb has missing NOTIFY_TYPES member
2024-05-09T05:26:30.147 INFO:journalctl@ceph.mgr.x.smithi115.stdout:May 09 05:26:29 smithi115 ceph-69de8a38-0dc4-11ef-bc97-c7b262605968-mgr-x[30580]:
2024-05-09T05:26:29.871+0000 7fd1a65e1200 -1 mgr[py] Module volumes has missing NOTIFY_TYPES member
2024-05-09T05:26:30.148 INFO:journalctl@ceph.mgr.x.smithi115.stdout:May 09 05:26:29 smithi115 ceph-69de8a38-0dc4-11ef-bc97-c7b262605968-mgr-x[30580]:
2024-05-09T05:26:29.971+0000 7fd1a65e1200 -1 mgr[py] Module crash has missing NOTIFY_TYPES member
2024-05-09T05:26:30.647 INFO:journalctl@ceph.mgr.x.smithi115.stdout:May 09 05:26:30 smithi115 ceph-69de8a38-0dc4-11ef-bc97-c7b262605968-mgr-x[30580]:
2024-05-09T05:26:30.344+0000 7fd1a65e1200 -1 mgr[py] Module rgw has missing NOTIFY_TYPES member
2024-05-09T05:26:31.043 INFO:journalctl@ceph.mgr.x.smithi115.stdout:May 09 05:26:30 smithi115 ceph-69de8a38-0dc4-11ef-bc97-c7b262605968-mgr-x[30580]:
2024-05-09T05:26:30.706+0000 7fd1a65e1200 -1 mgr[py] Module prometheus has missing NOTIFY_TYPES member
2024-05-09T05:26:31.043 INFO:journalctl@ceph.mgr.x.smithi115.stdout:May 09 05:26:30 smithi115 ceph-69de8a38-0dc4-11ef-bc97-c7b262605968-mgr-x[30580]:
2024-05-09T05:26:30.801+0000 7fd1a65e1200 -1 mgr[py] Module devicehealth has missing NOTIFY_TYPES member
2024-05-09T05:26:31.397 INFO:journalctl@ceph.mgr.x.smithi115.stdout:May 09 05:26:31 smithi115 ceph-69de8a38-0dc4-11ef-bc97-c7b262605968-mgr-x[30580]:
2024-05-09T05:26:31.047+0000 7fd1a65e1200 -1 mgr[py] Module telemetry has missing NOTIFY_TYPES member
2024-05-09T05:26:31.398 INFO:journalctl@ceph.mgr.x.smithi115.stdout:May 09 05:26:31 smithi115 ceph-69de8a38-0dc4-11ef-bc97-c7b262605968-mgr-x[30580]:
2024-05-09T05:26:31.183+0000 7fd1a65e1200 -1 mgr[py] Module diskprediction_local has missing NOTIFY_TYPES member
2024-05-09T05:26:31.398 INFO:journalctl@ceph.mgr.x.smithi115.stdout:May 09 05:26:31 smithi115 ceph-69de8a38-0dc4-11ef-bc97-c7b262605968-mgr-x[30580]:
2024-05-09T05:26:31.282+0000 7fd1a65e1200 -1 mgr[py] Module osd_perf_query has missing NOTIFY_TYPES member
2024-05-09T05:26:31.897 INFO:journalctl@ceph.mgr.x.smithi115.stdout:May 09 05:26:31 smithi115 ceph-69de8a38-0dc4-11ef-bc97-c7b262605968-mgr-x[30580]:
2024-05-09T05:26:31.612+0000 7fd1a65e1200 -1 mgr[py] Module rbd_support has missing NOTIFY_TYPES member
2024-05-09T05:26:31.897 INFO:journalctl@ceph.mgr.x.smithi115.stdout:May 09 05:26:31 smithi115 ceph-69de8a38-0dc4-11ef-bc97-c7b262605968-mgr-x[30580]:
2024-05-09T05:26:31.707+0000 7fd1a65e1200 -1 mgr[py] Module zabbix has missing NOTIFY_TYPES member
2024-05-09T05:26:32.594 INFO:journalctl@ceph.mgr.x.smithi115.stdout:May 09 05:26:32 smithi115 ceph-69de8a38-0dc4-11ef-bc97-c7b262605968-mgr-x[30580]:
2024-05-09T05:26:32.321+0000 7fd1a65e1200 -1 mgr[py] Module status has missing NOTIFY_TYPES member
2024-05-09T05:26:32.595 INFO:journalctl@ceph.mgr.x.smithi115.stdout:May 09 05:26:32 smithi115 ceph-69de8a38-0dc4-11ef-bc97-c7b262605968-mgr-x[30580]:
2024-05-09T05:26:32.545+0000 7fd1a65e1200 -1 mgr[py] Module nfs has missing NOTIFY_TYPES member
2024-05-09T05:26:32.897 INFO:journalctl@ceph.mon.a.smithi115.stdout:May 09 05:26:32 smithi115 ceph-mon[30349]: Active manager daemon x restarted
2024-05-09T05:26:32.898 INFO:journalctl@ceph.mon.a.smithi115.stdout:May 09 05:26:32 smithi115 ceph-mon[30349]: Activating manager daemon x
2024-05-09T05:26:32.898 INFO:journalctl@ceph.mon.a.smithi115.stdout:May 09 05:26:32 smithi115 ceph-mon[30349]: osdmap e3: 0 total, 0 up, 0 in
2024-05-09T05:26:32.898 INFO:journalctl@ceph.mon.a.smithi115.stdout:May 09 05:26:32 smithi115 ceph-mon[30349]: mgrmap e10: x(active, starting, since 0.00459389s)
2024-05-09T05:26:32.898 INFO:journalctl@ceph.mon.a.smithi115.stdout:May 09 05:26:32 smithi115 ceph-mon[30349]: from='mgr.14150 172.21.15.115:0/3501107835' entity='mgr.x' cmd=[{"prefix": "mon metadata", "id": "a"}]: dispatch
2024-05-09T05:26:32.898 INFO:journalctl@ceph.mon.a.smithi115.stdout:May 09 05:26:32 smithi115 ceph-mon[30349]: from='mgr.14150 172.21.15.115:0/3501107835' entity='mgr.x' cmd=[{"prefix": "mgr metadata", "who": "x", "id": "x"}]: dispatch
2024-05-09T05:26:32.898 INFO:journalctl@ceph.mon.a.smithi115.stdout:May 09 05:26:32 smithi115 ceph-mon[30349]: from='mgr.14150 172.21.15.115:0/3501107835' entity='mgr.x' cmd=[{"prefix": "mds metadata"}]: dispatch
2024-05-09T05:26:32.898 INFO:journalctl@ceph.mon.a.smithi115.stdout:May 09 05:26:32 smithi115 ceph-mon[30349]: from='mgr.14150 172.21.15.115:0/3501107835' entity='mgr.x' cmd=[{"prefix": "osd metadata"}]: dispatch
2024-05-09T05:26:32.898 INFO:journalctl@ceph.mon.a.smithi115.stdout:May 09 05:26:32 smithi115 ceph-mon[30349]: from='mgr.14150 172.21.15.115:0/3501107835' entity='mgr.x' cmd=[{"prefix": "mon metadata"}]: dispatch
2024-05-09T05:26:32.898 INFO:journalctl@ceph.mon.a.smithi115.stdout:May 09 05:26:32 smithi115 ceph-mon[30349]: Manager daemon x is now available
2024-05-09T05:26:32.898 INFO:journalctl@ceph.mon.a.smithi115.stdout:May 09 05:26:32 smithi115 ceph-mon[30349]: from='mgr.14150 172.21.15.115:0/3501107835' entity='mgr.x' cmd=[{"prefix": "config dump", "format": "json"}]: dispatch
2024-05-09T05:26:33.814 INFO:journalctl@ceph.mon.a.smithi115.stdout:May 09 05:26:33 smithi115 ceph-mon[30349]: from='mgr.14150 172.21.15.115:0/3501107835' entity='mgr.x' cmd=[{"prefix":"config rm","who":"mgr","name":"mgr/rbd_support/x/mirror_snapshot_schedule"}]: dispatch
2024-05-09T05:26:33.815 INFO:journalctl@ceph.mon.a.smithi115.stdout:May 09 05:26:33 smithi115 ceph-mon[30349]: from='mgr.14150 172.21.15.115:0/3501107835' entity='mgr.x' cmd=[{"prefix":"config rm","who":"mgr","name":"mgr/rbd_support/x/trash_purge_schedule"}]: dispatch
2024-05-09T05:26:33.815 INFO:journalctl@ceph.mon.a.smithi115.stdout:May 09 05:26:33 smithi115 ceph-mon[30349]: [09/May/2024:05:26:33] ENGINE Bus STARTING
2024-05-09T05:26:33.815 INFO:journalctl@ceph.mon.a.smithi115.stdout:May 09 05:26:33 smithi115 ceph-mon[30349]: [09/May/2024:05:26:33] ENGINE Serving on http://172.21.15.115:8765
2024-05-09T05:26:33.815 INFO:journalctl@ceph.mon.a.smithi115.stdout:May 09 05:26:33 smithi115 ceph-mon[30349]: [09/May/2024:05:26:33] ENGINE Serving on https://172.21.15.115:7150
2024-05-09T05:26:33.815 INFO:journalctl@ceph.mon.a.smithi115.stdout:May 09 05:26:33 smithi115 ceph-mon[30349]: [09/May/2024:05:26:33] ENGINE Bus STARTED
2024-05-09T05:26:33.815 INFO:journalctl@ceph.mon.a.smithi115.stdout:May 09 05:26:33 smithi115 ceph-mon[30349]: mgrmap e11: x(active, since 1.00669s)
2024-05-09T05:26:34.332 INFO:teuthology.orchestra.run.smithi115.stdout:/usr/bin/ceph: stdout {
2024-05-09T05:26:34.332 INFO:teuthology.orchestra.run.smithi115.stdout:/usr/bin/ceph: stdout "mgrmap_epoch": 11,
2024-05-09T05:26:34.333 INFO:teuthology.orchestra.run.smithi115.stdout:/usr/bin/ceph: stdout "initialized": true
2024-05-09T05:26:34.333 INFO:teuthology.orchestra.run.smithi115.stdout:/usr/bin/ceph: stdout }
2024-05-09T05:26:34.333 INFO:teuthology.orchestra.run.smithi115.stdout:/usr/bin/ceph: stderr
2024-05-09T05:26:27.545+0000 7f4f9a5dd700 1 Processor -- start
2024-05-09T05:26:34.333 INFO:teuthology.orchestra.run.smithi115.stdout:/usr/bin/ceph: stderr
2024-05-09T05:26:27.545+0000 7f4f9a5dd700 1 -- start start
2024-05-09T05:26:34.333 INFO:teuthology.orchestra.run.smithi115.stdout:/usr/bin/ceph: stderr
2024-05-09T05:26:27.545+0000 7f4f9a5dd700 1 --2- >> [v2:172.21.15.115:3300/0,v1:172.21.15.115:6789/0] conn(0x7f4f94109a90 0x7f4f94109ea0 unknown :-1 s=NONE pgs=0 cs=0 l=0 rev1=0 crypto rx=0 tx=0 comp rx=0 tx=0).connect
2024-05-09T05:26:34.333 INFO:teuthology.orchestra.run.smithi115.stdout:/usr/bin/ceph: stderr
2024-05-09T05:26:27.545+0000 7f4f9a5dd700 1 -- --> [v2:172.21.15.115:3300/0,v1:172.21.15.115:6789/0] -- mon_getmap magic: 0 -- 0x7f4f9410a490 con 0x7f4f94109a90
2024-05-09T05:26:34.333 INFO:teuthology.orchestra.run.smithi115.stdout:/usr/bin/ceph: stderr
2024-05-09T05:26:27.546+0000 7f4f93fff700 1 --2- >> [v2:172.21.15.115:3300/0,v1:172.21.15.115:6789/0] conn(0x7f4f94109a90 0x7f4f94109ea0 unknown :-1 s=BANNER_CONNECTING pgs=0 cs=0 l=0 rev1=0 crypto rx=0 tx=0 comp rx=0 tx=0)._handle_peer_banner_payload supported=3 required=0
2024-05-09T05:26:34.333 INFO:teuthology.orchestra.run.smithi115.stdout:/usr/bin/ceph: stderr
2024-05-09T05:26:27.546+0000 7f4f93fff700 1 --2- >> [v2:172.21.15.115:3300/0,v1:172.21.15.115:6789/0] conn(0x7f4f94109a90 0x7f4f94109ea0 unknown :-1 s=HELLO_CONNECTING pgs=0 cs=0 l=0 rev1=1 crypto rx=0 tx=0 comp rx=0 tx=0).handle_hello peer v2:172.21.15.115:3300/0 says I am v2:172.21.15.115:55210/0 (socket says 172.21.15.115:55210)
2024-05-09T05:26:34.333 INFO:teuthology.orchestra.run.smithi115.stdout:/usr/bin/ceph: stderr
2024-05-09T05:26:27.546+0000 7f4f93fff700 1 -- 172.21.15.115:0/3334041221 learned_addr learned my addr 172.21.15.115:0/3334041221 (peer_addr_for_me v2:172.21.15.115:0/0)
2024-05-09T05:26:34.333 INFO:teuthology.orchestra.run.smithi115.stdout:/usr/bin/ceph: stderr
2024-05-09T05:26:27.546+0000 7f4f93fff700 1 -- 172.21.15.115:0/3334041221 --> [v2:172.21.15.115:3300/0,v1:172.21.15.115:6789/0] -- mon_subscribe({config=0+,monmap=0+}) -- 0x7f4f9410ac60 con 0x7f4f94109a90
2024-05-09T05:26:34.333 INFO:teuthology.orchestra.run.smithi115.stdout:/usr/bin/ceph: stderr
2024-05-09T05:26:27.546+0000 7f4f93fff700 1 --2- 172.21.15.115:0/3334041221 >> [v2:172.21.15.115:3300/0,v1:172.21.15.115:6789/0] conn(0x7f4f94109a90 0x7f4f94109ea0 secure :-1 s=READY pgs=59 cs=0 l=1 rev1=1 crypto rx=0x7f4f840098a0 tx=0x7f4f84009bb0 comp rx=0 tx=0).ready entity=mon.0 client_cookie=ec926f73516016b0 server_cookie=0 in_seq=0 out_seq=0
2024-05-09T05:26:34.333 INFO:teuthology.orchestra.run.smithi115.stdout:/usr/bin/ceph: stderr
2024-05-09T05:26:27.546+0000 7f4f937fe700 1 -- 172.21.15.115:0/3334041221 <== mon.0 v2:172.21.15.115:3300/0 1 ==== mon_map magic: 0 ==== 205+0+0 (secure 0 0 0) 0x7f4f84004160 con 0x7f4f94109a90
2024-05-09T05:26:34.333 INFO:teuthology.orchestra.run.smithi115.stdout:/usr/bin/ceph: stderr
2024-05-09T05:26:27.546+0000 7f4f937fe700 1 -- 172.21.15.115:0/3334041221 <== mon.0 v2:172.21.15.115:3300/0 2 ==== config(25 keys) ==== 1063+0+0 (secure 0 0 0) 0x7f4f84004300 con 0x7f4f94109a90
2024-05-09T05:26:34.333 INFO:teuthology.orchestra.run.smithi115.stdout:/usr/bin/ceph: stderr
2024-05-09T05:26:27.546+0000 7f4f937fe700 1 -- 172.21.15.115:0/3334041221 <== mon.0 v2:172.21.15.115:3300/0 3 ==== mon_map magic: 0 ==== 205+0+0 (secure 0 0 0) 0x7f4f84011960 con 0x7f4f94109a90
2024-05-09T05:26:34.334 INFO:teuthology.orchestra.run.smithi115.stdout:/usr/bin/ceph: stderr
2024-05-09T05:26:27.547+0000 7f4f9a5dd700 1 -- 172.21.15.115:0/3334041221 >> [v2:172.21.15.115:3300/0,v1:172.21.15.115:6789/0] conn(0x7f4f94109a90 msgr2=0x7f4f94109ea0 secure :-1 s=STATE_CONNECTION_ESTABLISHED l=1).mark_down
2024-05-09T05:26:34.334 INFO:teuthology.orchestra.run.smithi115.stdout:/usr/bin/ceph: stderr
2024-05-09T05:26:27.547+0000 7f4f9a5dd700 1 --2- 172.21.15.115:0/3334041221 >> [v2:172.21.15.115:3300/0,v1:172.21.15.115:6789/0] conn(0x7f4f94109a90 0x7f4f94109ea0 secure :-1 s=READY pgs=59 cs=0 l=1 rev1=1 crypto rx=0x7f4f840098a0 tx=0x7f4f84009bb0 comp rx=0 tx=0).stop
2024-05-09T05:26:34.334 INFO:teuthology.orchestra.run.smithi115.stdout:/usr/bin/ceph: stderr
2024-05-09T05:26:27.547+0000 7f4f9a5dd700 1 -- 172.21.15.115:0/3334041221 shutdown_connections
2024-05-09T05:26:34.334 INFO:teuthology.orchestra.run.smithi115.stdout:/usr/bin/ceph: stderr
2024-05-09T05:26:27.547+0000 7f4f9a5dd700 1 --2- 172.21.15.115:0/3334041221 >> [v2:172.21.15.115:3300/0,v1:172.21.15.115:6789/0] conn(0x7f4f94109a90 0x7f4f94109ea0 unknown :-1 s=CLOSED pgs=59 cs=0 l=1 rev1=1 crypto rx=0 tx=0 comp rx=0 tx=0).stop
2024-05-09T05:26:34.334 INFO:teuthology.orchestra.run.smithi115.stdout:/usr/bin/ceph: stderr
2024-05-09T05:26:27.547+0000 7f4f9a5dd700 1 -- 172.21.15.115:0/3334041221 >> 172.21.15.115:0/3334041221 conn(0x7f4f941050b0 msgr2=0x7f4f94107580 unknown :-1 s=STATE_NONE l=0).mark_down
2024-05-09T05:26:34.334 INFO:teuthology.orchestra.run.smithi115.stdout:/usr/bin/ceph: stderr
2024-05-09T05:26:27.547+0000 7f4f9a5dd700 1 -- 172.21.15.115:0/3334041221 shutdown_connections
2024-05-09T05:26:34.334 INFO:teuthology.orchestra.run.smithi115.stdout:/usr/bin/ceph: stderr
2024-05-09T05:26:27.547+0000 7f4f9a5dd700 1 -- 172.21.15.115:0/3334041221 wait complete.
2024-05-09T05:26:34.334 INFO:teuthology.orchestra.run.smithi115.stdout:/usr/bin/ceph: stderr
2024-05-09T05:26:27.548+0000 7f4f9a5dd700 1 Processor -- start
2024-05-09T05:26:34.334 INFO:teuthology.orchestra.run.smithi115.stdout:/usr/bin/ceph: stderr
2024-05-09T05:26:27.548+0000 7f4f9a5dd700 1 -- start start
2024-05-09T05:26:34.334 INFO:teuthology.orchestra.run.smithi115.stdout:/usr/bin/ceph: stderr
2024-05-09T05:26:27.549+0000 7f4f9a5dd700 1 --2- >> [v2:172.21.15.115:3300/0,v1:172.21.15.115:6789/0] conn(0x7f4f94109a90 0x7f4f9419de30 unknown :-1 s=NONE pgs=0 cs=0 l=1 rev1=0 crypto rx=0 tx=0 comp rx=0 tx=0).connect
2024-05-09T05:26:34.334 INFO:teuthology.orchestra.run.smithi115.stdout:/usr/bin/ceph: stderr
2024-05-09T05:26:27.549+0000 7f4f9a5dd700 1 -- --> [v2:172.21.15.115:3300/0,v1:172.21.15.115:6789/0] -- mon_getmap magic: 0 -- 0x7f4f9410e010 con 0x7f4f94109a90
2024-05-09T05:26:34.334 INFO:teuthology.orchestra.run.smithi115.stdout:/usr/bin/ceph: stderr
2024-05-09T05:26:27.549+0000 7f4f93fff700 1 --2- >> [v2:172.21.15.115:3300/0,v1:172.21.15.115:6789/0] conn(0x7f4f94109a90 0x7f4f9419de30 unknown :-1 s=BANNER_CONNECTING pgs=0 cs=0 l=1 rev1=0 crypto rx=0 tx=0 comp rx=0 tx=0)._handle_peer_banner_payload supported=3 required=0
2024-05-09T05:26:34.334 INFO:teuthology.orchestra.run.smithi115.stdout:/usr/bin/ceph: stderr
2024-05-09T05:26:27.549+0000 7f4f93fff700 1 --2- >> [v2:172.21.15.115:3300/0,v1:172.21.15.115:6789/0] conn(0x7f4f94109a90 0x7f4f9419de30 unknown :-1 s=HELLO_CONNECTING pgs=0 cs=0 l=1 rev1=1 crypto rx=0 tx=0 comp rx=0 tx=0).handle_hello peer v2:172.21.15.115:3300/0 says I am v2:172.21.15.115:55224/0 (socket says 172.21.15.115:55224)
2024-05-09T05:26:34.334 INFO:teuthology.orchestra.run.smithi115.stdout:/usr/bin/ceph: stderr
2024-05-09T05:26:27.549+0000 7f4f93fff700 1 -- 172.21.15.115:0/4015850126 learned_addr learned my addr 172.21.15.115:0/4015850126 (peer_addr_for_me v2:172.21.15.115:0/0)
2024-05-09T05:26:34.335 INFO:teuthology.orchestra.run.smithi115.stdout:/usr/bin/ceph: stderr
2024-05-09T05:26:27.549+0000 7f4f93fff700 1 -- 172.21.15.115:0/4015850126 --> [v2:172.21.15.115:3300/0,v1:172.21.15.115:6789/0] -- mon_subscribe({config=0+,monmap=0+}) -- 0x7f4f9419e370 con 0x7f4f94109a90
2024-05-09T05:26:34.335 INFO:teuthology.orchestra.run.smithi115.stdout:/usr/bin/ceph: stderr
2024-05-09T05:26:27.549+0000 7f4f93fff700 1 --2- 172.21.15.115:0/4015850126 >> [v2:172.21.15.115:3300/0,v1:172.21.15.115:6789/0] conn(0x7f4f94109a90 0x7f4f9419de30 secure :-1 s=READY pgs=60 cs=0 l=1 rev1=1 crypto rx=0x7f4f84006af0 tx=0x7f4f84011a30 comp rx=0 tx=0).ready entity=mon.0 client_cookie=0 server_cookie=0 in_seq=0 out_seq=0
2024-05-09T05:26:34.335 INFO:teuthology.orchestra.run.smithi115.stdout:/usr/bin/ceph: stderr
2024-05-09T05:26:27.549+0000 7f4f91ffb700 1 -- 172.21.15.115:0/4015850126 <== mon.0 v2:172.21.15.115:3300/0 1 ==== mon_map magic: 0 ==== 205+0+0 (secure 0 0 0) 0x7f4f84003af0 con 0x7f4f94109a90
2024-05-09T05:26:34.335 INFO:teuthology.orchestra.run.smithi115.stdout:/usr/bin/ceph: stderr
2024-05-09T05:26:27.549+0000 7f4f91ffb700 1 -- 172.21.15.115:0/4015850126 <== mon.0 v2:172.21.15.115:3300/0 2 ==== config(25 keys) ==== 1063+0+0 (secure 0 0 0) 0x7f4f8401b8d0 con 0x7f4f94109a90
2024-05-09T05:26:34.335 INFO:teuthology.orchestra.run.smithi115.stdout:/usr/bin/ceph: stderr
2024-05-09T05:26:27.549+0000 7f4f9a5dd700 1 -- 172.21.15.115:0/4015850126 --> [v2:172.21.15.115:3300/0,v1:172.21.15.115:6789/0] -- mon_subscribe({mgrmap=0+}) -- 0x7f4f9419e600 con 0x7f4f94109a90
2024-05-09T05:26:34.335 INFO:teuthology.orchestra.run.smithi115.stdout:/usr/bin/ceph: stderr
2024-05-09T05:26:27.549+0000 7f4f91ffb700 1 -- 172.21.15.115:0/4015850126 <== mon.0 v2:172.21.15.115:3300/0 3 ==== mon_map magic: 0 ==== 205+0+0 (secure 0 0 0) 0x7f4f84023820 con 0x7f4f94109a90
2024-05-09T05:26:34.335 INFO:teuthology.orchestra.run.smithi115.stdout:/usr/bin/ceph: stderr
2024-05-09T05:26:27.550+0000 7f4f9a5dd700 1 -- 172.21.15.115:0/4015850126 --> [v2:172.21.15.115:3300/0,v1:172.21.15.115:6789/0] -- mon_subscribe({osdmap=0}) -- 0x7f4f941a1210 con 0x7f4f94109a90
2024-05-09T05:26:34.335 INFO:teuthology.orchestra.run.smithi115.stdout:/usr/bin/ceph: stderr
2024-05-09T05:26:27.551+0000 7f4f91ffb700 1 -- 172.21.15.115:0/4015850126 <== mon.0 v2:172.21.15.115:3300/0 4 ==== mgrmap(e 9) ==== 50235+0+0 (secure 0 0 0) 0x7f4f8402c3f0 con 0x7f4f94109a90
2024-05-09T05:26:34.335 INFO:teuthology.orchestra.run.smithi115.stdout:/usr/bin/ceph: stderr
2024-05-09T05:26:27.551+0000 7f4f91ffb700 1 --2- 172.21.15.115:0/4015850126 >> [v2:172.21.15.115:6800/792641138,v1:172.21.15.115:6801/792641138] conn(0x7f4f8003e5e0 0x7f4f80040af0 unknown :-1 s=NONE pgs=0 cs=0 l=1 rev1=0 crypto rx=0 tx=0 comp rx=0 tx=0).connect
2024-05-09T05:26:34.335 INFO:teuthology.orchestra.run.smithi115.stdout:/usr/bin/ceph: stderr
2024-05-09T05:26:27.551+0000 7f4f91ffb700 1 -- 172.21.15.115:0/4015850126 --> [v2:172.21.15.115:6800/792641138,v1:172.21.15.115:6801/792641138] -- command(tid 0: {"prefix": "get_command_descriptions"}) -- 0x7f4f80041200 con 0x7f4f8003e5e0
2024-05-09T05:26:34.335 INFO:teuthology.orchestra.run.smithi115.stdout:/usr/bin/ceph: stderr
2024-05-09T05:26:27.551+0000 7f4f91ffb700 1 -- 172.21.15.115:0/4015850126 <== mon.0 v2:172.21.15.115:3300/0 5 ==== osd_map(2..2 src has 1..2) ==== 940+0+0 (secure 0 0 0) 0x7f4f84053f40 con 0x7f4f94109a90
2024-05-09T05:26:34.335 INFO:teuthology.orchestra.run.smithi115.stdout:/usr/bin/ceph: stderr
2024-05-09T05:26:27.551+0000 7f4f8bfff700 1 -- 172.21.15.115:0/4015850126 >> [v2:172.21.15.115:6800/792641138,v1:172.21.15.115:6801/792641138] conn(0x7f4f8003e5e0 msgr2=0x7f4f80040af0 unknown :-1 s=STATE_CONNECTING_RE l=1).process reconnect failed to v2:172.21.15.115:6800/792641138
2024-05-09T05:26:34.335 INFO:teuthology.orchestra.run.smithi115.stdout:/usr/bin/ceph: stderr
2024-05-09T05:26:27.551+0000 7f4f8bfff700 1 --2- 172.21.15.115:0/4015850126 >> [v2:172.21.15.115:6800/792641138,v1:172.21.15.115:6801/792641138] conn(0x7f4f8003e5e0 0x7f4f80040af0 unknown :-1 s=START_CONNECT pgs=0 cs=0 l=1 rev1=0 crypto rx=0 tx=0 comp rx=0 tx=0)._fault waiting 0.200000
2024-05-09T05:26:34.335 INFO:teuthology.orchestra.run.smithi115.stdout:/usr/bin/ceph: stderr
2024-05-09T05:26:27.752+0000 7f4f8bfff700 1 -- 172.21.15.115:0/4015850126 >> [v2:172.21.15.115:6800/792641138,v1:172.21.15.115:6801/792641138] conn(0x7f4f8003e5e0 msgr2=0x7f4f80040af0 unknown :-1 s=STATE_CONNECTING_RE l=1).process reconnect failed to v2:172.21.15.115:6800/792641138
2024-05-09T05:26:34.336 INFO:teuthology.orchestra.run.smithi115.stdout:/usr/bin/ceph: stderr
2024-05-09T05:26:27.752+0000 7f4f8bfff700 1 --2- 172.21.15.115:0/4015850126 >> [v2:172.21.15.115:6800/792641138,v1:172.21.15.115:6801/792641138] conn(0x7f4f8003e5e0 0x7f4f80040af0 unknown :-1 s=START_CONNECT pgs=0 cs=0 l=1 rev1=0 crypto rx=0 tx=0 comp rx=0 tx=0)._fault waiting 0.400000
2024-05-09T05:26:34.336 INFO:teuthology.orchestra.run.smithi115.stdout:/usr/bin/ceph: stderr
2024-05-09T05:26:28.153+0000 7f4f8bfff700 1 -- 172.21.15.115:0/4015850126 >> [v2:172.21.15.115:6800/792641138,v1:172.21.15.115:6801/792641138] conn(0x7f4f8003e5e0 msgr2=0x7f4f80040af0 unknown :-1 s=STATE_CONNECTING_RE l=1).process reconnect failed to v2:172.21.15.115:6800/792641138
2024-05-09T05:26:34.336 INFO:teuthology.orchestra.run.smithi115.stdout:/usr/bin/ceph: stderr
2024-05-09T05:26:28.153+0000 7f4f8bfff700 1 --2- 172.21.15.115:0/4015850126 >> [v2:172.21.15.115:6800/792641138,v1:172.21.15.115:6801/792641138] conn(0x7f4f8003e5e0 0x7f4f80040af0 unknown :-1 s=START_CONNECT pgs=0 cs=0 l=1 rev1=0 crypto rx=0 tx=0 comp rx=0 tx=0)._fault waiting 0.800000
2024-05-09T05:26:34.336 INFO:teuthology.orchestra.run.smithi115.stdout:/usr/bin/ceph: stderr
2024-05-09T05:26:28.954+0000 7f4f8bfff700 1 -- 172.21.15.115:0/4015850126 >> [v2:172.21.15.115:6800/792641138,v1:172.21.15.115:6801/792641138] conn(0x7f4f8003e5e0 msgr2=0x7f4f80040af0 unknown :-1 s=STATE_CONNECTING_RE l=1).process reconnect failed to v2:172.21.15.115:6800/792641138
2024-05-09T05:26:34.336 INFO:teuthology.orchestra.run.smithi115.stdout:/usr/bin/ceph: stderr
