2024-05-09T06:20:08.462+0000 7fce85adf700 1 -- 172.21.15.143:0/2508909094 learned_addr learned my addr 172.21.15.143:0/2508909094 (peer_addr_for_me v2:172.21.15.143:0/0)
2024-05-09T06:20:09.359 INFO:teuthology.orchestra.run.smithi143.stdout:/usr/bin/ceph: stderr
2024-05-09T06:20:08.463+0000 7fce85adf700 1 -- 172.21.15.143:0/2508909094 --> [v2:172.21.15.143:3300/0,v1:172.21.15.143:6789/0] -- mon_subscribe({config=0+,monmap=0+}) v3 -- 0x7fce801021c0 con 0x7fce80101730
2024-05-09T06:20:09.359 INFO:teuthology.orchestra.run.smithi143.stdout:/usr/bin/ceph: stderr
2024-05-09T06:20:08.463+0000 7fce85adf700 1 --2- 172.21.15.143:0/2508909094 >> [v2:172.21.15.143:3300/0,v1:172.21.15.143:6789/0] conn(0x7fce80101730 0x7fce80101b40 secure :-1 s=READY pgs=80 cs=0 l=1 rev1=1 crypto rx=0x7fce7c00bb80 tx=0x7fce7c00b4f0 comp rx=0 tx=0).ready entity=mon.0 client_cookie=4daa7594ad7250b0 server_cookie=0 in_seq=0 out_seq=0
2024-05-09T06:20:09.359 INFO:teuthology.orchestra.run.smithi143.stdout:/usr/bin/ceph: stderr
2024-05-09T06:20:08.463+0000 7fce84add700 1 -- 172.21.15.143:0/2508909094 <== mon.0 v2:172.21.15.143:3300/0 1 ==== mon_map magic: 0 v1 ==== 229+0+0 (secure 0 0 0) 0x7fce7c00dd00 con 0x7fce80101730
2024-05-09T06:20:09.360 INFO:teuthology.orchestra.run.smithi143.stdout:/usr/bin/ceph: stderr
2024-05-09T06:20:08.463+0000 7fce84add700 1 -- 172.21.15.143:0/2508909094 <== mon.0 v2:172.21.15.143:3300/0 2 ==== config(27 keys) v1 ==== 1109+0+0 (secure 0 0 0) 0x7fce7c00de60 con 0x7fce80101730
2024-05-09T06:20:09.360 INFO:teuthology.orchestra.run.smithi143.stdout:/usr/bin/ceph: stderr
2024-05-09T06:20:08.463+0000 7fce84add700 1 -- 172.21.15.143:0/2508909094 <== mon.0 v2:172.21.15.143:3300/0 3 ==== mon_map magic: 0 v1 ==== 229+0+0 (secure 0 0 0) 0x7fce7c018920 con 0x7fce80101730
2024-05-09T06:20:09.360 INFO:teuthology.orchestra.run.smithi143.stdout:/usr/bin/ceph: stderr
2024-05-09T06:20:08.463+0000 7fce87d43700 1 -- 172.21.15.143:0/2508909094 >> [v2:172.21.15.143:3300/0,v1:172.21.15.143:6789/0] conn(0x7fce80101730 msgr2=0x7fce80101b40 secure :-1 s=STATE_CONNECTION_ESTABLISHED l=1).mark_down
2024-05-09T06:20:09.360 INFO:teuthology.orchestra.run.smithi143.stdout:/usr/bin/ceph: stderr
2024-05-09T06:20:08.463+0000 7fce87d43700 1 --2- 172.21.15.143:0/2508909094 >> [v2:172.21.15.143:3300/0,v1:172.21.15.143:6789/0] conn(0x7fce80101730 0x7fce80101b40 secure :-1 s=READY pgs=80 cs=0 l=1 rev1=1 crypto rx=0x7fce7c00bb80 tx=0x7fce7c00b4f0 comp rx=0 tx=0).stop
2024-05-09T06:20:09.360 INFO:teuthology.orchestra.run.smithi143.stdout:/usr/bin/ceph: stderr
2024-05-09T06:20:08.463+0000 7fce87d43700 1 -- 172.21.15.143:0/2508909094 shutdown_connections
2024-05-09T06:20:09.360 INFO:teuthology.orchestra.run.smithi143.stdout:/usr/bin/ceph: stderr
2024-05-09T06:20:08.463+0000 7fce87d43700 1 --2- 172.21.15.143:0/2508909094 >> [v2:172.21.15.143:3300/0,v1:172.21.15.143:6789/0] conn(0x7fce80101730 0x7fce80101b40 unknown :-1 s=CLOSED pgs=80 cs=0 l=1 rev1=1 crypto rx=0 tx=0 comp rx=0 tx=0).stop
2024-05-09T06:20:09.360 INFO:teuthology.orchestra.run.smithi143.stdout:/usr/bin/ceph: stderr
2024-05-09T06:20:08.463+0000 7fce87d43700 1 -- 172.21.15.143:0/2508909094 >> 172.21.15.143:0/2508909094 conn(0x7fce800fcef0 msgr2=0x7fce800ff300 unknown :-1 s=STATE_NONE l=0).mark_down
2024-05-09T06:20:09.360 INFO:teuthology.orchestra.run.smithi143.stdout:/usr/bin/ceph: stderr
2024-05-09T06:20:08.464+0000 7fce87d43700 1 -- 172.21.15.143:0/2508909094 shutdown_connections
2024-05-09T06:20:09.360 INFO:teuthology.orchestra.run.smithi143.stdout:/usr/bin/ceph: stderr
2024-05-09T06:20:08.464+0000 7fce87d43700 1 -- 172.21.15.143:0/2508909094 wait complete.
2024-05-09T06:20:09.360 INFO:teuthology.orchestra.run.smithi143.stdout:/usr/bin/ceph: stderr
2024-05-09T06:20:08.464+0000 7fce87d43700 1 Processor -- start
2024-05-09T06:20:09.360 INFO:teuthology.orchestra.run.smithi143.stdout:/usr/bin/ceph: stderr
2024-05-09T06:20:08.464+0000 7fce87d43700 1 -- start start
2024-05-09T06:20:09.360 INFO:teuthology.orchestra.run.smithi143.stdout:/usr/bin/ceph: stderr
2024-05-09T06:20:08.464+0000 7fce87d43700 1 --2- >> [v2:172.21.15.143:3300/0,v1:172.21.15.143:6789/0] conn(0x7fce80101730 0x7fce8010f3d0 unknown :-1 s=NONE pgs=0 cs=0 l=1 rev1=0 crypto rx=0 tx=0 comp rx=0 tx=0).connect
2024-05-09T06:20:09.360 INFO:teuthology.orchestra.run.smithi143.stdout:/usr/bin/ceph: stderr
2024-05-09T06:20:08.464+0000 7fce87d43700 1 -- --> [v2:172.21.15.143:3300/0,v1:172.21.15.143:6789/0] -- mon_getmap magic: 0 v1 -- 0x7fce8010f910 con 0x7fce80101730
2024-05-09T06:20:09.360 INFO:teuthology.orchestra.run.smithi143.stdout:/usr/bin/ceph: stderr
2024-05-09T06:20:08.464+0000 7fce85adf700 1 --2- >> [v2:172.21.15.143:3300/0,v1:172.21.15.143:6789/0] conn(0x7fce80101730 0x7fce8010f3d0 unknown :-1 s=BANNER_CONNECTING pgs=0 cs=0 l=1 rev1=0 crypto rx=0 tx=0 comp rx=0 tx=0)._handle_peer_banner_payload supported=3 required=0
2024-05-09T06:20:09.360 INFO:teuthology.orchestra.run.smithi143.stdout:/usr/bin/ceph: stderr
2024-05-09T06:20:08.464+0000 7fce85adf700 1 --2- >> [v2:172.21.15.143:3300/0,v1:172.21.15.143:6789/0] conn(0x7fce80101730 0x7fce8010f3d0 unknown :-1 s=HELLO_CONNECTING pgs=0 cs=0 l=1 rev1=1 crypto rx=0 tx=0 comp rx=0 tx=0).handle_hello peer v2:172.21.15.143:3300/0 says I am v2:172.21.15.143:39920/0 (socket says 172.21.15.143:39920)
2024-05-09T06:20:09.361 INFO:teuthology.orchestra.run.smithi143.stdout:/usr/bin/ceph: stderr
2024-05-09T06:20:08.464+0000 7fce85adf700 1 -- 172.21.15.143:0/1613714563 learned_addr learned my addr 172.21.15.143:0/1613714563 (peer_addr_for_me v2:172.21.15.143:0/0)
2024-05-09T06:20:09.361 INFO:teuthology.orchestra.run.smithi143.stdout:/usr/bin/ceph: stderr
2024-05-09T06:20:08.465+0000 7fce85adf700 1 -- 172.21.15.143:0/1613714563 --> [v2:172.21.15.143:3300/0,v1:172.21.15.143:6789/0] -- mon_subscribe({config=0+,monmap=0+}) v3 -- 0x7fce7c00b790 con 0x7fce80101730
2024-05-09T06:20:09.361 INFO:teuthology.orchestra.run.smithi143.stdout:/usr/bin/ceph: stderr
2024-05-09T06:20:08.465+0000 7fce85adf700 1 --2- 172.21.15.143:0/1613714563 >> [v2:172.21.15.143:3300/0,v1:172.21.15.143:6789/0] conn(0x7fce80101730 0x7fce8010f3d0 secure :-1 s=READY pgs=81 cs=0 l=1 rev1=1 crypto rx=0x7fce7c006d40 tx=0x7fce7c00b4f0 comp rx=0 tx=0).ready entity=mon.0 client_cookie=0 server_cookie=0 in_seq=0 out_seq=0
2024-05-09T06:20:09.361 INFO:teuthology.orchestra.run.smithi143.stdout:/usr/bin/ceph: stderr
2024-05-09T06:20:08.465+0000 7fce767fc700 1 -- 172.21.15.143:0/1613714563 <== mon.0 v2:172.21.15.143:3300/0 1 ==== mon_map magic: 0 v1 ==== 229+0+0 (secure 0 0 0) 0x7fce7c00dc70 con 0x7fce80101730
2024-05-09T06:20:09.361 INFO:teuthology.orchestra.run.smithi143.stdout:/usr/bin/ceph: stderr
2024-05-09T06:20:08.465+0000 7fce767fc700 1 -- 172.21.15.143:0/1613714563 <== mon.0 v2:172.21.15.143:3300/0 2 ==== config(27 keys) v1 ==== 1109+0+0 (secure 0 0 0) 0x7fce7c01d050 con 0x7fce80101730
2024-05-09T06:20:09.361 INFO:teuthology.orchestra.run.smithi143.stdout:/usr/bin/ceph: stderr
2024-05-09T06:20:08.465+0000 7fce87d43700 1 -- 172.21.15.143:0/1613714563 --> [v2:172.21.15.143:3300/0,v1:172.21.15.143:6789/0] -- mon_subscribe({mgrmap=0+}) v3 -- 0x7fce8010fb10 con 0x7fce80101730
2024-05-09T06:20:09.361 INFO:teuthology.orchestra.run.smithi143.stdout:/usr/bin/ceph: stderr
2024-05-09T06:20:08.465+0000 7fce767fc700 1 -- 172.21.15.143:0/1613714563 <== mon.0 v2:172.21.15.143:3300/0 3 ==== mon_map magic: 0 v1 ==== 229+0+0 (secure 0 0 0) 0x7fce7c0223d0 con 0x7fce80101730
2024-05-09T06:20:09.361 INFO:teuthology.orchestra.run.smithi143.stdout:/usr/bin/ceph: stderr
2024-05-09T06:20:08.465+0000 7fce87d43700 1 -- 172.21.15.143:0/1613714563 --> [v2:172.21.15.143:3300/0,v1:172.21.15.143:6789/0] -- mon_subscribe({osdmap=0}) v3 -- 0x7fce80110680 con 0x7fce80101730
2024-05-09T06:20:09.361 INFO:teuthology.orchestra.run.smithi143.stdout:/usr/bin/ceph: stderr
2024-05-09T06:20:08.466+0000 7fce767fc700 1 -- 172.21.15.143:0/1613714563 <== mon.0 v2:172.21.15.143:3300/0 4 ==== mgrmap(e 11) v1 ==== 43283+0+0 (secure 0 0 0) 0x7fce7c022650 con 0x7fce80101730
2024-05-09T06:20:09.361 INFO:teuthology.orchestra.run.smithi143.stdout:/usr/bin/ceph: stderr
2024-05-09T06:20:08.466+0000 7fce767fc700 1 --2- 172.21.15.143:0/1613714563 >> [v2:172.21.15.143:6800/993035705,v1:172.21.15.143:6801/993035705] conn(0x7fce6c036770 0x7fce6c038c20 unknown :-1 s=NONE pgs=0 cs=0 l=1 rev1=0 crypto rx=0 tx=0 comp rx=0 tx=0).connect
2024-05-09T06:20:09.361 INFO:teuthology.orchestra.run.smithi143.stdout:/usr/bin/ceph: stderr
2024-05-09T06:20:08.466+0000 7fce87d43700 1 -- 172.21.15.143:0/1613714563 --> [v2:172.21.15.143:3300/0,v1:172.21.15.143:6789/0] -- mon_command({"prefix": "get_command_descriptions"} v 0) v1 -- 0x7fce8005f5c0 con 0x7fce80101730
2024-05-09T06:20:09.361 INFO:teuthology.orchestra.run.smithi143.stdout:/usr/bin/ceph: stderr
2024-05-09T06:20:08.466+0000 7fce767fc700 1 -- 172.21.15.143:0/1613714563 <== mon.0 v2:172.21.15.143:3300/0 5 ==== osd_map(3..3 src has 1..3) v4 ==== 1151+0+0 (secure 0 0 0) 0x7fce7c014070 con 0x7fce80101730
2024-05-09T06:20:09.361 INFO:teuthology.orchestra.run.smithi143.stdout:/usr/bin/ceph: stderr
2024-05-09T06:20:08.466+0000 7fce852de700 1 --2- 172.21.15.143:0/1613714563 >> [v2:172.21.15.143:6800/993035705,v1:172.21.15.143:6801/993035705] conn(0x7fce6c036770 0x7fce6c038c20 unknown :-1 s=BANNER_CONNECTING pgs=0 cs=0 l=1 rev1=0 crypto rx=0 tx=0 comp rx=0 tx=0)._handle_peer_banner_payload supported=3 required=0
2024-05-09T06:20:09.361 INFO:teuthology.orchestra.run.smithi143.stdout:/usr/bin/ceph: stderr
2024-05-09T06:20:08.466+0000 7fce852de700 1 --2- 172.21.15.143:0/1613714563 >> [v2:172.21.15.143:6800/993035705,v1:172.21.15.143:6801/993035705] conn(0x7fce6c036770 0x7fce6c038c20 secure :-1 s=READY pgs=7 cs=0 l=1 rev1=1 crypto rx=0x7fce70009990 tx=0x7fce70006e40 comp rx=0 tx=0).ready entity=mgr.14162 client_cookie=0 server_cookie=0 in_seq=0 out_seq=0
2024-05-09T06:20:09.361 INFO:teuthology.orchestra.run.smithi143.stdout:/usr/bin/ceph: stderr
2024-05-09T06:20:08.470+0000 7fce767fc700 1 -- 172.21.15.143:0/1613714563 <== mon.0 v2:172.21.15.143:3300/0 6 ==== mon_command_ack([{"prefix": "get_command_descriptions"}]=0 v0) v1 ==== 72+0+176702 (secure 0 0 0) 0x7fce7c00ebe0 con 0x7fce80101730
2024-05-09T06:20:09.362 INFO:teuthology.orchestra.run.smithi143.stdout:/usr/bin/ceph: stderr
2024-05-09T06:20:08.669+0000 7fce87d43700 1 -- 172.21.15.143:0/1613714563 --> [v2:172.21.15.143:6800/993035705,v1:172.21.15.143:6801/993035705] -- mgr_command(tid 0: {"prefix": "dashboard create-self-signed-cert", "target": ["mon-mgr", ""]}) v1 -- 0x7fce80110a30 con 0x7fce6c036770
2024-05-09T06:20:09.362 INFO:teuthology.orchestra.run.smithi143.stdout:/usr/bin/ceph: stderr
2024-05-09T06:20:08.739+0000 7fce767fc700 1 -- 172.21.15.143:0/1613714563 <== mgr.14162 v2:172.21.15.143:6800/993035705 1 ==== mgr_command_reply(tid 0: 0 ) v1 ==== 8+0+32 (secure 0 0 0) 0x7fce80110a30 con 0x7fce6c036770
2024-05-09T06:20:09.362 INFO:teuthology.orchestra.run.smithi143.stdout:/usr/bin/ceph: stderr
2024-05-09T06:20:08.741+0000 7fce87d43700 1 -- 172.21.15.143:0/1613714563 >> [v2:172.21.15.143:6800/993035705,v1:172.21.15.143:6801/993035705] conn(0x7fce6c036770 msgr2=0x7fce6c038c20 secure :-1 s=STATE_CONNECTION_ESTABLISHED l=1).mark_down
2024-05-09T06:20:09.362 INFO:teuthology.orchestra.run.smithi143.stdout:/usr/bin/ceph: stderr
2024-05-09T06:20:08.741+0000 7fce87d43700 1 --2- 172.21.15.143:0/1613714563 >> [v2:172.21.15.143:6800/993035705,v1:172.21.15.143:6801/993035705] conn(0x7fce6c036770 0x7fce6c038c20 secure :-1 s=READY pgs=7 cs=0 l=1 rev1=1 crypto rx=0x7fce70009990 tx=0x7fce70006e40 comp rx=0 tx=0).stop
2024-05-09T06:20:09.362 INFO:teuthology.orchestra.run.smithi143.stdout:/usr/bin/ceph: stderr
2024-05-09T06:20:08.741+0000 7fce87d43700 1 -- 172.21.15.143:0/1613714563 >> [v2:172.21.15.143:3300/0,v1:172.21.15.143:6789/0] conn(0x7fce80101730 msgr2=0x7fce8010f3d0 secure :-1 s=STATE_CONNECTION_ESTABLISHED l=1).mark_down
2024-05-09T06:20:09.362 INFO:teuthology.orchestra.run.smithi143.stdout:/usr/bin/ceph: stderr
2024-05-09T06:20:08.741+0000 7fce87d43700 1 --2- 172.21.15.143:0/1613714563 >> [v2:172.21.15.143:3300/0,v1:172.21.15.143:6789/0] conn(0x7fce80101730 0x7fce8010f3d0 secure :-1 s=READY pgs=81 cs=0 l=1 rev1=1 crypto rx=0x7fce7c006d40 tx=0x7fce7c00b4f0 comp rx=0 tx=0).stop
2024-05-09T06:20:09.362 INFO:teuthology.orchestra.run.smithi143.stdout:/usr/bin/ceph: stderr
2024-05-09T06:20:08.741+0000 7fce87d43700 1 -- 172.21.15.143:0/1613714563 shutdown_connections
2024-05-09T06:20:09.362 INFO:teuthology.orchestra.run.smithi143.stdout:/usr/bin/ceph: stderr
2024-05-09T06:20:08.741+0000 7fce87d43700 1 --2- 172.21.15.143:0/1613714563 >> [v2:172.21.15.143:6800/993035705,v1:172.21.15.143:6801/993035705] conn(0x7fce6c036770 0x7fce6c038c20 unknown :-1 s=CLOSED pgs=7 cs=0 l=1 rev1=1 crypto rx=0 tx=0 comp rx=0 tx=0).stop
2024-05-09T06:20:09.362 INFO:teuthology.orchestra.run.smithi143.stdout:/usr/bin/ceph: stderr
2024-05-09T06:20:08.741+0000 7fce87d43700 1 --2- 172.21.15.143:0/1613714563 >> [v2:172.21.15.143:3300/0,v1:172.21.15.143:6789/0] conn(0x7fce80101730 0x7fce8010f3d0 unknown :-1 s=CLOSED pgs=81 cs=0 l=1 rev1=1 crypto rx=0 tx=0 comp rx=0 tx=0).stop
2024-05-09T06:20:09.362 INFO:teuthology.orchestra.run.smithi143.stdout:/usr/bin/ceph: stderr
2024-05-09T06:20:08.741+0000 7fce87d43700 1 -- 172.21.15.143:0/1613714563 >> 172.21.15.143:0/1613714563 conn(0x7fce800fcef0 msgr2=0x7fce80105bc0 unknown :-1 s=STATE_NONE l=0).mark_down
2024-05-09T06:20:09.362 INFO:teuthology.orchestra.run.smithi143.stdout:/usr/bin/ceph: stderr
2024-05-09T06:20:08.741+0000 7fce87d43700 1 -- 172.21.15.143:0/1613714563 shutdown_connections
2024-05-09T06:20:09.362 INFO:teuthology.orchestra.run.smithi143.stdout:/usr/bin/ceph: stderr
2024-05-09T06:20:08.741+0000 7fce87d43700 1 -- 172.21.15.143:0/1613714563 wait complete.
2024-05-09T06:20:09.362 INFO:teuthology.orchestra.run.smithi143.stdout:Creating initial admin user...
2024-05-09T06:20:09.746 INFO:journalctl@ceph.mon.smithi143.smithi143.stdout:May 09 06:20:09 smithi143 ceph-mon[27159]: from='client.14174 -' entity='client.admin' cmd=[{"prefix": "dashboard create-self-signed-cert", "target": ["mon-mgr", ""]}]: dispatch
2024-05-09T06:20:09.747 INFO:journalctl@ceph.mon.smithi143.smithi143.stdout:May 09 06:20:09 smithi143 ceph-mon[27159]: from='mgr.14162 172.21.15.143:0/3123047678' entity='mgr.smithi143.pcplti'
2024-05-09T06:20:09.747 INFO:journalctl@ceph.mon.smithi143.smithi143.stdout:May 09 06:20:09 smithi143 ceph-mon[27159]: from='mgr.14162 172.21.15.143:0/3123047678' entity='mgr.smithi143.pcplti'
2024-05-09T06:20:09.747 INFO:journalctl@ceph.mon.smithi143.smithi143.stdout:May 09 06:20:09 smithi143 ceph-mon[27159]: from='mgr.14162 172.21.15.143:0/3123047678' entity='mgr.smithi143.pcplti'
2024-05-09T06:20:09.747 INFO:journalctl@ceph.mon.smithi143.smithi143.stdout:May 09 06:20:09 smithi143 ceph-mon[27159]: mgrmap e12: smithi143.pcplti(active, since 2s)
2024-05-09T06:20:10.860 INFO:teuthology.orchestra.run.smithi143.stdout:/usr/bin/ceph: stdout {"username": "admin", "password": "$2b$12$egsonUQH5jYC3n4rVCSmk.6v3CUKCklBgkEdW3y28mlWnNnINPwe6", "roles": ["administrator"], "name": null, "email": null, "lastUpdate": 1715235610, "enabled": true, "pwdExpirationDate": null, "pwdUpdateRequired": true}
2024-05-09T06:20:10.860 INFO:teuthology.orchestra.run.smithi143.stdout:/usr/bin/ceph: stderr
2024-05-09T06:20:09.791+0000 7fb58b8dc700 1 Processor -- start
2024-05-09T06:20:10.860 INFO:teuthology.orchestra.run.smithi143.stdout:/usr/bin/ceph: stderr
2024-05-09T06:20:09.791+0000 7fb58b8dc700 1 -- start start
2024-05-09T06:20:10.860 INFO:teuthology.orchestra.run.smithi143.stdout:/usr/bin/ceph: stderr
2024-05-09T06:20:09.791+0000 7fb58b8dc700 1 --2- >> [v2:172.21.15.143:3300/0,v1:172.21.15.143:6789/0] conn(0x7fb584101710 0x7fb584101b20 unknown :-1 s=NONE pgs=0 cs=0 l=0 rev1=0 crypto rx=0 tx=0 comp rx=0 tx=0).connect
2024-05-09T06:20:10.860 INFO:teuthology.orchestra.run.smithi143.stdout:/usr/bin/ceph: stderr
2024-05-09T06:20:09.791+0000 7fb58b8dc700 1 -- --> [v2:172.21.15.143:3300/0,v1:172.21.15.143:6789/0] -- mon_getmap magic: 0 v1 -- 0x7fb584102060 con 0x7fb584101710
2024-05-09T06:20:10.860 INFO:teuthology.orchestra.run.smithi143.stdout:/usr/bin/ceph: stderr
2024-05-09T06:20:09.792+0000 7fb589678700 1 --2- >> [v2:172.21.15.143:3300/0,v1:172.21.15.143:6789/0] conn(0x7fb584101710 0x7fb584101b20 unknown :-1 s=BANNER_CONNECTING pgs=0 cs=0 l=0 rev1=0 crypto rx=0 tx=0 comp rx=0 tx=0)._handle_peer_banner_payload supported=3 required=0
2024-05-09T06:20:10.860 INFO:teuthology.orchestra.run.smithi143.stdout:/usr/bin/ceph: stderr
2024-05-09T06:20:09.792+0000 7fb589678700 1 --2- >> [v2:172.21.15.143:3300/0,v1:172.21.15.143:6789/0] conn(0x7fb584101710 0x7fb584101b20 unknown :-1 s=HELLO_CONNECTING pgs=0 cs=0 l=0 rev1=1 crypto rx=0 tx=0 comp rx=0 tx=0).handle_hello peer v2:172.21.15.143:3300/0 says I am v2:172.21.15.143:39930/0 (socket says 172.21.15.143:39930)
2024-05-09T06:20:10.860 INFO:teuthology.orchestra.run.smithi143.stdout:/usr/bin/ceph: stderr
2024-05-09T06:20:09.792+0000 7fb589678700 1 -- 172.21.15.143:0/1409726428 learned_addr learned my addr 172.21.15.143:0/1409726428 (peer_addr_for_me v2:172.21.15.143:0/0)
2024-05-09T06:20:10.860 INFO:teuthology.orchestra.run.smithi143.stdout:/usr/bin/ceph: stderr
2024-05-09T06:20:09.792+0000 7fb589678700 1 -- 172.21.15.143:0/1409726428 --> [v2:172.21.15.143:3300/0,v1:172.21.15.143:6789/0] -- mon_subscribe({config=0+,monmap=0+}) v3 -- 0x7fb5841021a0 con 0x7fb584101710
2024-05-09T06:20:10.860 INFO:teuthology.orchestra.run.smithi143.stdout:/usr/bin/ceph: stderr
2024-05-09T06:20:09.792+0000 7fb589678700 1 --2- 172.21.15.143:0/1409726428 >> [v2:172.21.15.143:3300/0,v1:172.21.15.143:6789/0] conn(0x7fb584101710 0x7fb584101b20 secure :-1 s=READY pgs=82 cs=0 l=1 rev1=1 crypto rx=0x7fb5740098e0 tx=0x7fb574009250 comp rx=0 tx=0).ready entity=mon.0 client_cookie=e6d7bdbfa07996c7 server_cookie=0 in_seq=0 out_seq=0
2024-05-09T06:20:10.860 INFO:teuthology.orchestra.run.smithi143.stdout:/usr/bin/ceph: stderr
2024-05-09T06:20:09.792+0000 7fb57bfff700 1 -- 172.21.15.143:0/1409726428 <== mon.0 v2:172.21.15.143:3300/0 1 ==== mon_map magic: 0 v1 ==== 229+0+0 (secure 0 0 0) 0x7fb57400b860 con 0x7fb584101710
2024-05-09T06:20:10.860 INFO:teuthology.orchestra.run.smithi143.stdout:/usr/bin/ceph: stderr
2024-05-09T06:20:09.792+0000 7fb57bfff700 1 -- 172.21.15.143:0/1409726428 <== mon.0 v2:172.21.15.143:3300/0 2 ==== config(27 keys) v1 ==== 1109+0+0 (secure 0 0 0) 0x7fb57400be90 con 0x7fb584101710
2024-05-09T06:20:10.861 INFO:teuthology.orchestra.run.smithi143.stdout:/usr/bin/ceph: stderr
2024-05-09T06:20:09.792+0000 7fb57bfff700 1 -- 172.21.15.143:0/1409726428 <== mon.0 v2:172.21.15.143:3300/0 3 ==== mon_map magic: 0 v1 ==== 229+0+0 (secure 0 0 0) 0x7fb5740103c0 con 0x7fb584101710
2024-05-09T06:20:10.861 INFO:teuthology.orchestra.run.smithi143.stdout:/usr/bin/ceph: stderr
2024-05-09T06:20:09.793+0000 7fb58b8dc700 1 -- 172.21.15.143:0/1409726428 >> [v2:172.21.15.143:3300/0,v1:172.21.15.143:6789/0] conn(0x7fb584101710 msgr2=0x7fb584101b20 secure :-1 s=STATE_CONNECTION_ESTABLISHED l=1).mark_down
2024-05-09T06:20:10.861 INFO:teuthology.orchestra.run.smithi143.stdout:/usr/bin/ceph: stderr
2024-05-09T06:20:09.793+0000 7fb58b8dc700 1 --2- 172.21.15.143:0/1409726428 >> [v2:172.21.15.143:3300/0,v1:172.21.15.143:6789/0] conn(0x7fb584101710 0x7fb584101b20 secure :-1 s=READY pgs=82 cs=0 l=1 rev1=1 crypto rx=0x7fb5740098e0 tx=0x7fb574009250 comp rx=0 tx=0).stop
2024-05-09T06:20:10.861 INFO:teuthology.orchestra.run.smithi143.stdout:/usr/bin/ceph: stderr
2024-05-09T06:20:09.793+0000 7fb58b8dc700 1 -- 172.21.15.143:0/1409726428 shutdown_connections
2024-05-09T06:20:10.861 INFO:teuthology.orchestra.run.smithi143.stdout:/usr/bin/ceph: stderr
2024-05-09T06:20:09.793+0000 7fb58b8dc700 1 --2- 172.21.15.143:0/1409726428 >> [v2:172.21.15.143:3300/0,v1:172.21.15.143:6789/0] conn(0x7fb584101710 0x7fb584101b20 secure :-1 s=CLOSED pgs=82 cs=0 l=1 rev1=1 crypto rx=0x7fb5740098e0 tx=0x7fb574009250 comp rx=0 tx=0).stop
2024-05-09T06:20:10.861 INFO:teuthology.orchestra.run.smithi143.stdout:/usr/bin/ceph: stderr
2024-05-09T06:20:09.793+0000 7fb58b8dc700 1 -- 172.21.15.143:0/1409726428 >> 172.21.15.143:0/1409726428 conn(0x7fb5840fced0 msgr2=0x7fb5840ff2e0 unknown :-1 s=STATE_NONE l=0).mark_down
2024-05-09T06:20:10.861 INFO:teuthology.orchestra.run.smithi143.stdout:/usr/bin/ceph: stderr
2024-05-09T06:20:09.793+0000 7fb58b8dc700 1 -- 172.21.15.143:0/1409726428 shutdown_connections
2024-05-09T06:20:10.861 INFO:teuthology.orchestra.run.smithi143.stdout:/usr/bin/ceph: stderr
2024-05-09T06:20:09.794+0000 7fb58b8dc700 1 -- 172.21.15.143:0/1409726428 wait complete.
2024-05-09T06:20:10.861 INFO:teuthology.orchestra.run.smithi143.stdout:/usr/bin/ceph: stderr
2024-05-09T06:20:09.794+0000 7fb58b8dc700 1 Processor -- start
2024-05-09T06:20:10.861 INFO:teuthology.orchestra.run.smithi143.stdout:/usr/bin/ceph: stderr
2024-05-09T06:20:09.794+0000 7fb58b8dc700 1 -- start start
2024-05-09T06:20:10.861 INFO:teuthology.orchestra.run.smithi143.stdout:/usr/bin/ceph: stderr
2024-05-09T06:20:09.794+0000 7fb58b8dc700 1 --2- >> [v2:172.21.15.143:3300/0,v1:172.21.15.143:6789/0] conn(0x7fb584111760 0x7fb584111b70 unknown :-1 s=NONE pgs=0 cs=0 l=1 rev1=0 crypto rx=0 tx=0 comp rx=0 tx=0).connect
2024-05-09T06:20:10.861 INFO:teuthology.orchestra.run.smithi143.stdout:/usr/bin/ceph: stderr
2024-05-09T06:20:09.794+0000 7fb58b8dc700 1 -- --> [v2:172.21.15.143:3300/0,v1:172.21.15.143:6789/0] -- mon_getmap magic: 0 v1 -- 0x7fb5841120b0 con 0x7fb584111760
2024-05-09T06:20:10.861 INFO:teuthology.orchestra.run.smithi143.stdout:/usr/bin/ceph: stderr
2024-05-09T06:20:09.794+0000 7fb589678700 1 --2- >> [v2:172.21.15.143:3300/0,v1:172.21.15.143:6789/0] conn(0x7fb584111760 0x7fb584111b70 unknown :-1 s=BANNER_CONNECTING pgs=0 cs=0 l=1 rev1=0 crypto rx=0 tx=0 comp rx=0 tx=0)._handle_peer_banner_payload supported=3 required=0
2024-05-09T06:20:10.862 INFO:teuthology.orchestra.run.smithi143.stdout:/usr/bin/ceph: stderr
2024-05-09T06:20:09.795+0000 7fb589678700 1 --2- >> [v2:172.21.15.143:3300/0,v1:172.21.15.143:6789/0] conn(0x7fb584111760 0x7fb584111b70 unknown :-1 s=HELLO_CONNECTING pgs=0 cs=0 l=1 rev1=1 crypto rx=0 tx=0 comp rx=0 tx=0).handle_hello peer v2:172.21.15.143:3300/0 says I am v2:172.21.15.143:39942/0 (socket says 172.21.15.143:39942)
2024-05-09T06:20:10.862 INFO:teuthology.orchestra.run.smithi143.stdout:/usr/bin/ceph: stderr
2024-05-09T06:20:09.795+0000 7fb589678700 1 -- 172.21.15.143:0/2748220917 learned_addr learned my addr 172.21.15.143:0/2748220917 (peer_addr_for_me v2:172.21.15.143:0/0)
2024-05-09T06:20:10.862 INFO:teuthology.orchestra.run.smithi143.stdout:/usr/bin/ceph: stderr
2024-05-09T06:20:09.795+0000 7fb589678700 1 -- 172.21.15.143:0/2748220917 --> [v2:172.21.15.143:3300/0,v1:172.21.15.143:6789/0] -- mon_subscribe({config=0+,monmap=0+}) v3 -- 0x7fb5740094f0 con 0x7fb584111760
2024-05-09T06:20:10.862 INFO:teuthology.orchestra.run.smithi143.stdout:/usr/bin/ceph: stderr
2024-05-09T06:20:09.795+0000 7fb589678700 1 --2- 172.21.15.143:0/2748220917 >> [v2:172.21.15.143:3300/0,v1:172.21.15.143:6789/0] conn(0x7fb584111760 0x7fb584111b70 secure :-1 s=READY pgs=83 cs=0 l=1 rev1=1 crypto rx=0x7fb574011d50 tx=0x7fb574009250 comp rx=0 tx=0).ready entity=mon.0 client_cookie=0 server_cookie=0 in_seq=0 out_seq=0
2024-05-09T06:20:10.862 INFO:teuthology.orchestra.run.smithi143.stdout:/usr/bin/ceph: stderr
2024-05-09T06:20:09.795+0000 7fb579ffb700 1 -- 172.21.15.143:0/2748220917 <== mon.0 v2:172.21.15.143:3300/0 1 ==== mon_map magic: 0 v1 ==== 229+0+0 (secure 0 0 0) 0x7fb57401a7b0 con 0x7fb584111760
2024-05-09T06:20:10.862 INFO:teuthology.orchestra.run.smithi143.stdout:/usr/bin/ceph: stderr
2024-05-09T06:20:09.795+0000 7fb579ffb700 1 -- 172.21.15.143:0/2748220917 <== mon.0 v2:172.21.15.143:3300/0 2 ==== config(27 keys) v1 ==== 1109+0+0 (secure 0 0 0) 0x7fb57401f070 con 0x7fb584111760
2024-05-09T06:20:10.862 INFO:teuthology.orchestra.run.smithi143.stdout:/usr/bin/ceph: stderr
2024-05-09T06:20:09.795+0000 7fb579ffb700 1 -- 172.21.15.143:0/2748220917 <== mon.0 v2:172.21.15.143:3300/0 3 ==== mon_map magic: 0 v1 ==== 229+0+0 (secure 0 0 0) 0x7fb574026b10 con 0x7fb584111760
2024-05-09T06:20:10.862 INFO:teuthology.orchestra.run.smithi143.stdout:/usr/bin/ceph: stderr
2024-05-09T06:20:09.795+0000 7fb58b8dc700 1 -- 172.21.15.143:0/2748220917 --> [v2:172.21.15.143:3300/0,v1:172.21.15.143:6789/0] -- mon_subscribe({mgrmap=0+}) v3 -- 0x7fb5841122b0 con 0x7fb584111760
2024-05-09T06:20:10.862 INFO:teuthology.orchestra.run.smithi143.stdout:/usr/bin/ceph: stderr
2024-05-09T06:20:09.795+0000 7fb58b8dc700 1 -- 172.21.15.143:0/2748220917 --> [v2:172.21.15.143:3300/0,v1:172.21.15.143:6789/0] -- mon_subscribe({osdmap=0}) v3 -- 0x7fb584112c90 con 0x7fb584111760
2024-05-09T06:20:10.862 INFO:teuthology.orchestra.run.smithi143.stdout:/usr/bin/ceph: stderr
2024-05-09T06:20:09.796+0000 7fb579ffb700 1 -- 172.21.15.143:0/2748220917 <== mon.0 v2:172.21.15.143:3300/0 4 ==== mgrmap(e 12) v1 ==== 43389+0+0 (secure 0 0 0) 0x7fb57401b440 con 0x7fb584111760
2024-05-09T06:20:10.862 INFO:teuthology.orchestra.run.smithi143.stdout:/usr/bin/ceph: stderr
2024-05-09T06:20:09.796+0000 7fb579ffb700 1 --2- 172.21.15.143:0/2748220917 >> [v2:172.21.15.143:6800/993035705,v1:172.21.15.143:6801/993035705] conn(0x7fb5700368f0 0x7fb570038da0 unknown :-1 s=NONE pgs=0 cs=0 l=1 rev1=0 crypto rx=0 tx=0 comp rx=0 tx=0).connect
2024-05-09T06:20:10.862 INFO:teuthology.orchestra.run.smithi143.stdout:/usr/bin/ceph: stderr
2024-05-09T06:20:09.797+0000 7fb579ffb700 1 -- 172.21.15.143:0/2748220917 <== mon.0 v2:172.21.15.143:3300/0 5 ==== osd_map(3..3 src has 1..3) v4 ==== 1151+0+0 (secure 0 0 0) 0x7fb574021070 con 0x7fb584111760
2024-05-09T06:20:10.862 INFO:teuthology.orchestra.run.smithi143.stdout:/usr/bin/ceph: stderr
2024-05-09T06:20:09.797+0000 7fb58b8dc700 1 -- 172.21.15.143:0/2748220917 --> [v2:172.21.15.143:3300/0,v1:172.21.15.143:6789/0] -- mon_command({"prefix": "get_command_descriptions"} v 0) v1 -- 0x7fb58404bed0 con 0x7fb584111760
2024-05-09T06:20:10.862 INFO:teuthology.orchestra.run.smithi143.stdout:/usr/bin/ceph: stderr
2024-05-09T06:20:09.797+0000 7fb588e77700 1 --2- 172.21.15.143:0/2748220917 >> [v2:172.21.15.143:6800/993035705,v1:172.21.15.143:6801/993035705] conn(0x7fb5700368f0 0x7fb570038da0 unknown :-1 s=BANNER_CONNECTING pgs=0 cs=0 l=1 rev1=0 crypto rx=0 tx=0 comp rx=0 tx=0)._handle_peer_banner_payload supported=3 required=0
2024-05-09T06:20:10.863 INFO:teuthology.orchestra.run.smithi143.stdout:/usr/bin/ceph: stderr
2024-05-09T06:20:09.797+0000 7fb588e77700 1 --2- 172.21.15.143:0/2748220917 >> [v2:172.21.15.143:6800/993035705,v1:172.21.15.143:6801/993035705] conn(0x7fb5700368f0 0x7fb570038da0 secure :-1 s=READY pgs=8 cs=0 l=1 rev1=1 crypto rx=0x7fb580009990 tx=0x7fb580006e40 comp rx=0 tx=0).ready entity=mgr.14162 client_cookie=0 server_cookie=0 in_seq=0 out_seq=0
2024-05-09T06:20:10.863 INFO:teuthology.orchestra.run.smithi143.stdout:/usr/bin/ceph: stderr
2024-05-09T06:20:09.803+0000 7fb579ffb700 1 -- 172.21.15.143:0/2748220917 <== mon.0 v2:172.21.15.143:3300/0 6 ==== mon_command_ack([{"prefix": "get_command_descriptions"}]=0 v0) v1 ==== 72+0+176702 (secure 0 0 0) 0x7fb57401b740 con 0x7fb584111760
2024-05-09T06:20:10.863 INFO:teuthology.orchestra.run.smithi143.stdout:/usr/bin/ceph: stderr
2024-05-09T06:20:10.014+0000 7fb58b8dc700 1 -- 172.21.15.143:0/2748220917 --> [v2:172.21.15.143:6800/993035705,v1:172.21.15.143:6801/993035705] -- mgr_command(tid 0: {"prefix": "dashboard ac-user-create", "username": "admin", "rolename": "administrator", "force_password": true, "pwd_update_required": true, "target": ["mon-mgr", ""]}) v1 -- 0x7fb5841138f0 con 0x7fb5700368f0
2024-05-09T06:20:10.863 INFO:teuthology.orchestra.run.smithi143.stdout:/usr/bin/ceph: stderr
2024-05-09T06:20:10.237+0000 7fb579ffb700 1 -- 172.21.15.143:0/2748220917 <== mgr.14162 v2:172.21.15.143:6800/993035705 1 ==== mgr_command_reply(tid 0: 0 ) v1 ==== 8+0+252 (secure 0 0 0) 0x7fb5841138f0 con 0x7fb5700368f0
2024-05-09T06:20:10.863 INFO:teuthology.orchestra.run.smithi143.stdout:/usr/bin/ceph: stderr
2024-05-09T06:20:10.239+0000 7fb58b8dc700 1 -- 172.21.15.143:0/2748220917 >> [v2:172.21.15.143:6800/993035705,v1:172.21.15.143:6801/993035705] conn(0x7fb5700368f0 msgr2=0x7fb570038da0 secure :-1 s=STATE_CONNECTION_ESTABLISHED l=1).mark_down
2024-05-09T06:20:10.863 INFO:teuthology.orchestra.run.smithi143.stdout:/usr/bin/ceph: stderr
2024-05-09T06:20:10.239+0000 7fb58b8dc700 1 --2- 172.21.15.143:0/2748220917 >> [v2:172.21.15.143:6800/993035705,v1:172.21.15.143:6801/993035705] conn(0x7fb5700368f0 0x7fb570038da0 secure :-1 s=READY pgs=8 cs=0 l=1 rev1=1 crypto rx=0x7fb580009990 tx=0x7fb580006e40 comp rx=0 tx=0).stop
2024-05-09T06:20:10.863 INFO:teuthology.orchestra.run.smithi143.stdout:/usr/bin/ceph: stderr
2024-05-09T06:20:10.239+0000 7fb58b8dc700 1 -- 172.21.15.143:0/2748220917 >> [v2:172.21.15.143:3300/0,v1:172.21.15.143:6789/0] conn(0x7fb584111760 msgr2=0x7fb584111b70 secure :-1 s=STATE_CONNECTION_ESTABLISHED l=1).mark_down
2024-05-09T06:20:10.863 INFO:teuthology.orchestra.run.smithi143.stdout:/usr/bin/ceph: stderr
2024-05-09T06:20:10.239+0000 7fb58b8dc700 1 --2- 172.21.15.143:0/2748220917 >> [v2:172.21.15.143:3300/0,v1:172.21.15.143:6789/0] conn(0x7fb584111760 0x7fb584111b70 secure :-1 s=READY pgs=83 cs=0 l=1 rev1=1 crypto rx=0x7fb574011d50 tx=0x7fb574009250 comp rx=0 tx=0).stop
2024-05-09T06:20:10.863 INFO:teuthology.orchestra.run.smithi143.stdout:/usr/bin/ceph: stderr
2024-05-09T06:20:10.239+0000 7fb58b8dc700 1 -- 172.21.15.143:0/2748220917 shutdown_connections
2024-05-09T06:20:10.863 INFO:teuthology.orchestra.run.smithi143.stdout:/usr/bin/ceph: stderr
2024-05-09T06:20:10.239+0000 7fb58b8dc700 1 --2- 172.21.15.143:0/2748220917 >> [v2:172.21.15.143:6800/993035705,v1:172.21.15.143:6801/993035705] conn(0x7fb5700368f0 0x7fb570038da0 unknown :-1 s=CLOSED pgs=8 cs=0 l=1 rev1=1 crypto rx=0 tx=0 comp rx=0 tx=0).stop
2024-05-09T06:20:10.863 INFO:teuthology.orchestra.run.smithi143.stdout:/usr/bin/ceph: stderr
2024-05-09T06:20:10.239+0000 7fb58b8dc700 1 --2- 172.21.15.143:0/2748220917 >> [v2:172.21.15.143:3300/0,v1:172.21.15.143:6789/0] conn(0x7fb584111760 0x7fb584111b70 unknown :-1 s=CLOSED pgs=83 cs=0 l=1 rev1=1 crypto rx=0 tx=0 comp rx=0 tx=0).stop
2024-05-09T06:20:10.863 INFO:teuthology.orchestra.run.smithi143.stdout:/usr/bin/ceph: stderr
2024-05-09T06:20:10.239+0000 7fb58b8dc700 1 -- 172.21.15.143:0/2748220917 >> 172.21.15.143:0/2748220917 conn(0x7fb5840fced0 msgr2=0x7fb5840fde80 unknown :-1 s=STATE_NONE l=0).mark_down
2024-05-09T06:20:10.863 INFO:teuthology.orchestra.run.smithi143.stdout:/usr/bin/ceph: stderr
2024-05-09T06:20:10.240+0000 7fb58b8dc700 1 -- 172.21.15.143:0/2748220917 shutdown_connections
2024-05-09T06:20:10.863 INFO:teuthology.orchestra.run.smithi143.stdout:/usr/bin/ceph: stderr
2024-05-09T06:20:10.240+0000 7fb58b8dc700 1 -- 172.21.15.143:0/2748220917 wait complete.
2024-05-09T06:20:10.863 INFO:teuthology.orchestra.run.smithi143.stdout:Fetching dashboard port number...
2024-05-09T06:20:11.675 INFO:journalctl@ceph.mon.smithi143.smithi143.stdout:May 09 06:20:11 smithi143 ceph-mon[27159]: from='client.14176 -' entity='client.admin' cmd=[{"prefix": "dashboard ac-user-create", "username": "admin", "rolename": "administrator", "force_password": true, "pwd_update_required": true, "target": ["mon-mgr", ""]}]: dispatch
2024-05-09T06:20:11.675 INFO:journalctl@ceph.mon.smithi143.smithi143.stdout:May 09 06:20:11 smithi143 ceph-mon[27159]: from='mgr.14162 172.21.15.143:0/3123047678' entity='mgr.smithi143.pcplti'
2024-05-09T06:20:12.335 INFO:teuthology.orchestra.run.smithi143.stdout:/usr/bin/ceph: stdout 8443
2024-05-09T06:20:12.335 INFO:teuthology.orchestra.run.smithi143.stdout:/usr/bin/ceph: stderr
2024-05-09T06:20:11.270+0000 7f1a5ef9c700 1 Processor -- start
2024-05-09T06:20:12.335 INFO:teuthology.orchestra.run.smithi143.stdout:/usr/bin/ceph: stderr
2024-05-09T06:20:11.270+0000 7f1a5ef9c700 1 -- start start
2024-05-09T06:20:12.336 INFO:teuthology.orchestra.run.smithi143.stdout:/usr/bin/ceph: stderr
2024-05-09T06:20:11.270+0000 7f1a5ef9c700 1 --2- >> [v2:172.21.15.143:3300/0,v1:172.21.15.143:6789/0] conn(0x7f1a58078cc0 0x7f1a58077270 unknown :-1 s=NONE pgs=0 cs=0 l=0 rev1=0 crypto rx=0 tx=0 comp rx=0 tx=0).connect
2024-05-09T06:20:12.336 INFO:teuthology.orchestra.run.smithi143.stdout:/usr/bin/ceph: stderr
2024-05-09T06:20:11.270+0000 7f1a5ef9c700 1 -- --> [v2:172.21.15.143:3300/0,v1:172.21.15.143:6789/0] -- mon_getmap magic: 0 v1 -- 0x7f1a580790d0 con 0x7f1a58078cc0
2024-05-09T06:20:12.336 INFO:teuthology.orchestra.run.smithi143.stdout:/usr/bin/ceph: stderr
2024-05-09T06:20:11.270+0000 7f1a5cd38700 1 --2- >> [v2:172.21.15.143:3300/0,v1:172.21.15.143:6789/0] conn(0x7f1a58078cc0 0x7f1a58077270 unknown :-1 s=BANNER_CONNECTING pgs=0 cs=0 l=0 rev1=0 crypto rx=0 tx=0 comp rx=0 tx=0)._handle_peer_banner_payload supported=3 required=0
2024-05-09T06:20:12.336 INFO:teuthology.orchestra.run.smithi143.stdout:/usr/bin/ceph: stderr
2024-05-09T06:20:11.270+0000 7f1a5cd38700 1 --2- >> [v2:172.21.15.143:3300/0,v1:172.21.15.143:6789/0] conn(0x7f1a58078cc0 0x7f1a58077270 unknown :-1 s=HELLO_CONNECTING pgs=0 cs=0 l=0 rev1=1 crypto rx=0 tx=0 comp rx=0 tx=0).handle_hello peer v2:172.21.15.143:3300/0 says I am v2:172.21.15.143:39946/0 (socket says 172.21.15.143:39946)
2024-05-09T06:20:12.336 INFO:teuthology.orchestra.run.smithi143.stdout:/usr/bin/ceph: stderr
2024-05-09T06:20:11.270+0000 7f1a5cd38700 1 -- 172.21.15.143:0/3679385885 learned_addr learned my addr 172.21.15.143:0/3679385885 (peer_addr_for_me v2:172.21.15.143:0/0)
2024-05-09T06:20:12.336 INFO:teuthology.orchestra.run.smithi143.stdout:/usr/bin/ceph: stderr
2024-05-09T06:20:11.271+0000 7f1a5cd38700 1 -- 172.21.15.143:0/3679385885 --> [v2:172.21.15.143:3300/0,v1:172.21.15.143:6789/0] -- mon_subscribe({config=0+,monmap=0+}) v3 -- 0x7f1a580777b0 con 0x7f1a58078cc0
2024-05-09T06:20:12.336 INFO:teuthology.orchestra.run.smithi143.stdout:/usr/bin/ceph: stderr
2024-05-09T06:20:11.271+0000 7f1a5cd38700 1 --2- 172.21.15.143:0/3679385885 >> [v2:172.21.15.143:3300/0,v1:172.21.15.143:6789/0] conn(0x7f1a58078cc0 0x7f1a58077270 secure :-1 s=READY pgs=84 cs=0 l=1 rev1=1 crypto rx=0x7f1a4c0098e0 tx=0x7f1a4c009250 comp rx=0 tx=0).ready entity=mon.0 client_cookie=f804a8b393b06eed server_cookie=0 in_seq=0 out_seq=0
2024-05-09T06:20:12.336 INFO:teuthology.orchestra.run.smithi143.stdout:/usr/bin/ceph: stderr
2024-05-09T06:20:11.271+0000 7f1a577fe700 1 -- 172.21.15.143:0/3679385885 <== mon.0 v2:172.21.15.143:3300/0 1 ==== mon_map magic: 0 v1 ==== 229+0+0 (secure 0 0 0) 0x7f1a4c00b860 con 0x7f1a58078cc0
2024-05-09T06:20:12.336 INFO:teuthology.orchestra.run.smithi143.stdout:/usr/bin/ceph: stderr
2024-05-09T06:20:11.271+0000 7f1a577fe700 1 -- 172.21.15.143:0/3679385885 <== mon.0 v2:172.21.15.143:3300/0 2 ==== config(27 keys) v1 ==== 1109+0+0 (secure 0 0 0) 0x7f1a4c00be90 con 0x7f1a58078cc0
2024-05-09T06:20:12.336 INFO:teuthology.orchestra.run.smithi143.stdout:/usr/bin/ceph: stderr
2024-05-09T06:20:11.271+0000 7f1a577fe700 1 -- 172.21.15.143:0/3679385885 <== mon.0 v2:172.21.15.143:3300/0 3 ==== mon_map magic: 0 v1 ==== 229+0+0 (secure 0 0 0) 0x7f1a4c0103c0 con 0x7f1a58078cc0
2024-05-09T06:20:12.336 INFO:teuthology.orchestra.run.smithi143.stdout:/usr/bin/ceph: stderr
2024-05-09T06:20:11.271+0000 7f1a5ef9c700 1 -- 172.21.15.143:0/3679385885 >> [v2:172.21.15.143:3300/0,v1:172.21.15.143:6789/0] conn(0x7f1a58078cc0 msgr2=0x7f1a58077270 secure :-1 s=STATE_CONNECTION_ESTABLISHED l=1).mark_down
2024-05-09T06:20:12.336 INFO:teuthology.orchestra.run.smithi143.stdout:/usr/bin/ceph: stderr
2024-05-09T06:20:11.271+0000 7f1a5ef9c700 1 --2- 172.21.15.143:0/3679385885 >> [v2:172.21.15.143:3300/0,v1:172.21.15.143:6789/0] conn(0x7f1a58078cc0 0x7f1a58077270 secure :-1 s=READY pgs=84 cs=0 l=1 rev1=1 crypto rx=0x7f1a4c0098e0 tx=0x7f1a4c009250 comp rx=0 tx=0).stop
2024-05-09T06:20:12.336 INFO:teuthology.orchestra.run.smithi143.stdout:/usr/bin/ceph: stderr
2024-05-09T06:20:11.272+0000 7f1a5ef9c700 1 -- 172.21.15.143:0/3679385885 shutdown_connections
2024-05-09T06:20:12.336 INFO:teuthology.orchestra.run.smithi143.stdout:/usr/bin/ceph: stderr
2024-05-09T06:20:11.272+0000 7f1a5ef9c700 1 --2- 172.21.15.143:0/3679385885 >> [v2:172.21.15.143:3300/0,v1:172.21.15.143:6789/0] conn(0x7f1a58078cc0 0x7f1a58077270 unknown :-1 s=CLOSED pgs=84 cs=0 l=1 rev1=1 crypto rx=0 tx=0 comp rx=0 tx=0).stop
2024-05-09T06:20:12.337 INFO:teuthology.orchestra.run.smithi143.stdout:/usr/bin/ceph: stderr
2024-05-09T06:20:11.272+0000 7f1a5ef9c700 1 -- 172.21.15.143:0/3679385885 >> 172.21.15.143:0/3679385885 conn(0x7f1a580fe060 msgr2=0x7f1a58100470 unknown :-1 s=STATE_NONE l=0).mark_down
2024-05-09T06:20:12.337 INFO:teuthology.orchestra.run.smithi143.stdout:/usr/bin/ceph: stderr
2024-05-09T06:20:11.272+0000 7f1a5ef9c700 1 -- 172.21.15.143:0/3679385885 shutdown_connections
2024-05-09T06:20:12.337 INFO:teuthology.orchestra.run.smithi143.stdout:/usr/bin/ceph: stderr
2024-05-09T06:20:11.272+0000 7f1a5ef9c700 1 -- 172.21.15.143:0/3679385885 wait complete.
2024-05-09T06:20:12.337 INFO:teuthology.orchestra.run.smithi143.stdout:/usr/bin/ceph: stderr
2024-05-09T06:20:11.272+0000 7f1a5ef9c700 1 Processor -- start
2024-05-09T06:20:12.337 INFO:teuthology.orchestra.run.smithi143.stdout:/usr/bin/ceph: stderr
2024-05-09T06:20:11.272+0000 7f1a5ef9c700 1 -- start start
2024-05-09T06:20:12.337 INFO:teuthology.orchestra.run.smithi143.stdout:/usr/bin/ceph: stderr
2024-05-09T06:20:11.272+0000 7f1a5ef9c700 1 --2- >> [v2:172.21.15.143:3300/0,v1:172.21.15.143:6789/0] conn(0x7f1a58078cc0 0x7f1a58113860 unknown :-1 s=NONE pgs=0 cs=0 l=1 rev1=0 crypto rx=0 tx=0 comp rx=0 tx=0).connect
2024-05-09T06:20:12.337 INFO:teuthology.orchestra.run.smithi143.stdout:/usr/bin/ceph: stderr
2024-05-09T06:20:11.272+0000 7f1a5ef9c700 1 -- --> [v2:172.21.15.143:3300/0,v1:172.21.15.143:6789/0] -- mon_getmap magic: 0 v1 -- 0x7f1a58113da0 con 0x7f1a58078cc0
2024-05-09T06:20:12.337 INFO:teuthology.orchestra.run.smithi143.stdout:/usr/bin/ceph: stderr
2024-05-09T06:20:11.272+0000 7f1a5cd38700 1 --2- >> [v2:172.21.15.143:3300/0,v1:172.21.15.143:6789/0] conn(0x7f1a58078cc0 0x7f1a58113860 unknown :-1 s=BANNER_CONNECTING pgs=0 cs=0 l=1 rev1=0 crypto rx=0 tx=0 comp rx=0 tx=0)._handle_peer_banner_payload supported=3 required=0
2024-05-09T06:20:12.337 INFO:teuthology.orchestra.run.smithi143.stdout:/usr/bin/ceph: stderr
2024-05-09T06:20:11.272+0000 7f1a5cd38700 1 --2- >> [v2:172.21.15.143:3300/0,v1:172.21.15.143:6789/0] conn(0x7f1a58078cc0 0x7f1a58113860 unknown :-1 s=HELLO_CONNECTING pgs=0 cs=0 l=1 rev1=1 crypto rx=0 tx=0 comp rx=0 tx=0).handle_hello peer v2:172.21.15.143:3300/0 says I am v2:172.21.15.143:39960/0 (socket says 172.21.15.143:39960)
2024-05-09T06:20:12.337 INFO:teuthology.orchestra.run.smithi143.stdout:/usr/bin/ceph: stderr
2024-05-09T06:20:11.272+0000 7f1a5cd38700 1 -- 172.21.15.143:0/3426114092 learned_addr learned my addr 172.21.15.143:0/3426114092 (peer_addr_for_me v2:172.21.15.143:0/0)
2024-05-09T06:20:12.337 INFO:teuthology.orchestra.run.smithi143.stdout:/usr/bin/ceph: stderr
2024-05-09T06:20:11.273+0000 7f1a5cd38700 1 -- 172.21.15.143:0/3426114092 --> [v2:172.21.15.143:3300/0,v1:172.21.15.143:6789/0] -- mon_subscribe({config=0+,monmap=0+}) v3 -- 0x7f1a4c0094f0 con 0x7f1a58078cc0
2024-05-09T06:20:12.337 INFO:teuthology.orchestra.run.smithi143.stdout:/usr/bin/ceph: stderr
2024-05-09T06:20:11.273+0000 7f1a5cd38700 1 --2- 172.21.15.143:0/3426114092 >> [v2:172.21.15.143:3300/0,v1:172.21.15.143:6789/0] conn(0x7f1a58078cc0 0x7f1a58113860 secure :-1 s=READY pgs=85 cs=0 l=1 rev1=1 crypto rx=0x7f1a4c0094c0 tx=0x7f1a4c009250 comp rx=0 tx=0).ready entity=mon.0 client_cookie=0 server_cookie=0 in_seq=0 out_seq=0
2024-05-09T06:20:12.337 INFO:teuthology.orchestra.run.smithi143.stdout:/usr/bin/ceph: stderr
2024-05-09T06:20:11.273+0000 7f1a557fa700 1 -- 172.21.15.143:0/3426114092 <== mon.0 v2:172.21.15.143:3300/0 1 ==== mon_map magic: 0 v1 ==== 229+0+0 (secure 0 0 0) 0x7f1a4c010890 con 0x7f1a58078cc0
2024-05-09T06:20:12.337 INFO:teuthology.orchestra.run.smithi143.stdout:/usr/bin/ceph: stderr
2024-05-09T06:20:11.273+0000 7f1a557fa700 1 -- 172.21.15.143:0/3426114092 <== mon.0 v2:172.21.15.143:3300/0 2 ==== config(27 keys) v1 ==== 1109+0+0 (secure 0 0 0) 0x7f1a4c010ec0 con 0x7f1a58078cc0
2024-05-09T06:20:12.337 INFO:teuthology.orchestra.run.smithi143.stdout:/usr/bin/ceph: stderr
2024-05-09T06:20:11.273+0000 7f1a5ef9c700 1 -- 172.21.15.143:0/3426114092 --> [v2:172.21.15.143:3300/0,v1:172.21.15.143:6789/0] -- mon_subscribe({mgrmap=0+}) v3 -- 0x7f1a58113fa0 con 0x7f1a58078cc0
2024-05-09T06:20:12.338 INFO:teuthology.orchestra.run.smithi143.stdout:/usr/bin/ceph: stderr
2024-05-09T06:20:11.273+0000 7f1a557fa700 1 -- 172.21.15.143:0/3426114092 <== mon.0 v2:172.21.15.143:3300/0 3 ==== mon_map magic: 0 v1 ==== 229+0+0 (secure 0 0 0) 0x7f1a4c0243f0 con 0x7f1a58078cc0
2024-05-09T06:20:12.338 INFO:teuthology.orchestra.run.smithi143.stdout:/usr/bin/ceph: stderr
2024-05-09T06:20:11.273+0000 7f1a5ef9c700 1 -- 172.21.15.143:0/3426114092 --> [v2:172.21.15.143:3300/0,v1:172.21.15.143:6789/0] -- mon_subscribe({osdmap=0}) v3 -- 0x7f1a58114b10 con 0x7f1a58078cc0
2024-05-09T06:20:12.338 INFO:teuthology.orchestra.run.smithi143.stdout:/usr/bin/ceph: stderr
2024-05-09T06:20:11.274+0000 7f1a557fa700 1 -- 172.21.15.143:0/3426114092 <== mon.0 v2:172.21.15.143:3300/0 4 ==== mgrmap(e 12) v1 ==== 43389+0+0 (secure 0 0 0) 0x7f1a4c02d3f0 con 0x7f1a58078cc0
2024-05-09T06:20:12.338 INFO:teuthology.orchestra.run.smithi143.stdout:/usr/bin/ceph: stderr
2024-05-09T06:20:11.274+0000 7f1a5ef9c700 1 -- 172.21.15.143:0/3426114092 --> [v2:172.21.15.143:3300/0,v1:172.21.15.143:6789/0] -- mon_command({"prefix": "get_command_descriptions"} v 0) v1 -- 0x7f1a5805f5c0 con 0x7f1a58078cc0
2024-05-09T06:20:12.338 INFO:teuthology.orchestra.run.smithi143.stdout:/usr/bin/ceph: stderr
2024-05-09T06:20:11.274+0000 7f1a557fa700 1 --2- 172.21.15.143:0/3426114092 >> [v2:172.21.15.143:6800/993035705,v1:172.21.15.143:6801/993035705] conn(0x7f1a480368a0 0x7f1a48038d50 unknown :-1 s=NONE pgs=0 cs=0 l=1 rev1=0 crypto rx=0 tx=0 comp rx=0 tx=0).connect
2024-05-09T06:20:12.338 INFO:teuthology.orchestra.run.smithi143.stdout:/usr/bin/ceph: stderr
2024-05-09T06:20:11.274+0000 7f1a557fa700 1 -- 172.21.15.143:0/3426114092 <== mon.0 v2:172.21.15.143:3300/0 5 ==== osd_map(3..3 src has 1..3) v4 ==== 1151+0+0 (secure 0 0 0) 0x7f1a4c04a400 con 0x7f1a58078cc0
2024-05-09T06:20:12.338 INFO:teuthology.orchestra.run.smithi143.stdout:/usr/bin/ceph: stderr
2024-05-09T06:20:11.274+0000 7f1a57fff700 1 --2- 172.21.15.143:0/3426114092 >> [v2:172.21.15.143:6800/993035705,v1:172.21.15.143:6801/993035705] conn(0x7f1a480368a0 0x7f1a48038d50 unknown :-1 s=BANNER_CONNECTING pgs=0 cs=0 l=1 rev1=0 crypto rx=0 tx=0 comp rx=0 tx=0)._handle_peer_banner_payload supported=3 required=0
2024-05-09T06:20:12.338 INFO:teuthology.orchestra.run.smithi143.stdout:/usr/bin/ceph: stderr
2024-05-09T06:20:11.274+0000 7f1a57fff700 1 --2- 172.21.15.143:0/3426114092 >> [v2:172.21.15.143:6800/993035705,v1:172.21.15.143:6801/993035705] conn(0x7f1a480368a0 0x7f1a48038d50 secure :-1 s=READY pgs=9 cs=0 l=1 rev1=1 crypto rx=0x7f1a44009990 tx=0x7f1a44006e40 comp rx=0 tx=0).ready entity=mgr.14162 client_cookie=0 server_cookie=0 in_seq=0 out_seq=0
2024-05-09T06:20:12.338 INFO:teuthology.orchestra.run.smithi143.stdout:/usr/bin/ceph: stderr
2024-05-09T06:20:11.279+0000 7f1a557fa700 1 -- 172.21.15.143:0/3426114092 <== mon.0 v2:172.21.15.143:3300/0 6 ==== mon_command_ack([{"prefix": "get_command_descriptions"}]=0 v0) v1 ==== 72+0+176702 (secure 0 0 0) 0x7f1a4c02b6b0 con 0x7f1a58078cc0
2024-05-09T06:20:12.338 INFO:teuthology.orchestra.run.smithi143.stdout:/usr/bin/ceph: stderr
2024-05-09T06:20:11.473+0000 7f1a5ef9c700 1 -- 172.21.15.143:0/3426114092 --> [v2:172.21.15.143:3300/0,v1:172.21.15.143:6789/0] -- mon_command({"prefix": "config get", "who": "mgr", "key": "mgr/dashboard/ssl_server_port"} v 0) v1 -- 0x7f1a5804bed0 con 0x7f1a58078cc0
2024-05-09T06:20:12.338 INFO:teuthology.orchestra.run.smithi143.stdout:/usr/bin/ceph: stderr
2024-05-09T06:20:11.473+0000 7f1a557fa700 1 -- 172.21.15.143:0/3426114092 <== mon.0 v2:172.21.15.143:3300/0 7 ==== mon_command_ack([{"prefix": "config get", "who": "mgr", "key": "mgr/dashboard/ssl_server_port"}]=0 v8) v1 ==== 112+0+5 (secure 0 0 0) 0x7f1a4c02b2f0 con 0x7f1a58078cc0
2024-05-09T06:20:12.338 INFO:teuthology.orchestra.run.smithi143.stdout:/usr/bin/ceph: stderr
2024-05-09T06:20:11.475+0000 7f1a5ef9c700 1 -- 172.21.15.143:0/3426114092 >> [v2:172.21.15.143:6800/993035705,v1:172.21.15.143:6801/993035705] conn(0x7f1a480368a0 msgr2=0x7f1a48038d50 secure :-1 s=STATE_CONNECTION_ESTABLISHED l=1).mark_down
2024-05-09T06:20:12.338 INFO:teuthology.orchestra.run.smithi143.stdout:/usr/bin/ceph: stderr
2024-05-09T06:20:11.475+0000 7f1a5ef9c700 1 --2- 172.21.15.143:0/3426114092 >> [v2:172.21.15.143:6800/993035705,v1:172.21.15.143:6801/993035705] conn(0x7f1a480368a0 0x7f1a48038d50 secure :-1 s=READY pgs=9 cs=0 l=1 rev1=1 crypto rx=0x7f1a44009990 tx=0x7f1a44006e40 comp rx=0 tx=0).stop
2024-05-09T06:20:12.339 INFO:teuthology.orchestra.run.smithi143.stdout:/usr/bin/ceph: stderr
2024-05-09T06:20:11.475+0000 7f1a5ef9c700 1 -- 172.21.15.143:0/3426114092 >> [v2:172.21.15.143:3300/0,v1:172.21.15.143:6789/0] conn(0x7f1a58078cc0 msgr2=0x7f1a58113860 secure :-1 s=STATE_CONNECTION_ESTABLISHED l=1).mark_down
2024-05-09T06:20:12.339 INFO:teuthology.orchestra.run.smithi143.stdout:/usr/bin/ceph: stderr
2024-05-09T06:20:11.475+0000 7f1a5ef9c700 1 --2- 172.21.15.143:0/3426114092 >> [v2:172.21.15.143:3300/0,v1:172.21.15.143:6789/0] conn(0x7f1a58078cc0 0x7f1a58113860 secure :-1 s=READY pgs=85 cs=0 l=1 rev1=1 crypto rx=0x7f1a4c0094c0 tx=0x7f1a4c009250 comp rx=0 tx=0).stop
2024-05-09T06:20:12.339 INFO:teuthology.orchestra.run.smithi143.stdout:/usr/bin/ceph: stderr
2024-05-09T06:20:11.475+0000 7f1a5ef9c700 1 -- 172.21.15.143:0/3426114092 shutdown_connections
2024-05-09T06:20:12.339 INFO:teuthology.orchestra.run.smithi143.stdout:/usr/bin/ceph: stderr
2024-05-09T06:20:11.475+0000 7f1a5ef9c700 1 --2- 172.21.15.143:0/3426114092 >> [v2:172.21.15.143:6800/993035705,v1:172.21.15.143:6801/993035705] conn(0x7f1a480368a0 0x7f1a48038d50 unknown :-1 s=CLOSED pgs=9 cs=0 l=1 rev1=1 crypto rx=0 tx=0 comp rx=0 tx=0).stop
2024-05-09T06:20:12.339 INFO:teuthology.orchestra.run.smithi143.stdout:/usr/bin/ceph: stderr
2024-05-09T06:20:11.475+0000 7f1a5ef9c700 1 --2- 172.21.15.143:0/3426114092 >> [v2:172.21.15.143:3300/0,v1:172.21.15.143:6789/0] conn(0x7f1a58078cc0 0x7f1a58113860 unknown :-1 s=CLOSED pgs=85 cs=0 l=1 rev1=1 crypto rx=0 tx=0 comp rx=0 tx=0).stop
2024-05-09T06:20:12.339 INFO:teuthology.orchestra.run.smithi143.stdout:/usr/bin/ceph: stderr
2024-05-09T06:20:11.475+0000 7f1a5ef9c700 1 -- 172.21.15.143:0/3426114092 >> 172.21.15.143:0/3426114092 conn(0x7f1a580fe060 msgr2=0x7f1a580feb80 unknown :-1 s=STATE_NONE l=0).mark_down
2024-05-09T06:20:12.339 INFO:teuthology.orchestra.run.smithi143.stdout:/usr/bin/ceph: stderr
2024-05-09T06:20:11.476+0000 7f1a5ef9c700 1 -- 172.21.15.143:0/3426114092 shutdown_connections
2024-05-09T06:20:12.339 INFO:teuthology.orchestra.run.smithi143.stdout:/usr/bin/ceph: stderr
2024-05-09T06:20:11.476+0000 7f1a5ef9c700 1 -- 172.21.15.143:0/3426114092 wait complete.
2024-05-09T06:20:12.342 INFO:teuthology.orchestra.run.smithi143.stdout:Non-zero exit code 1 from systemctl is-enabled firewalld.service
2024-05-09T06:20:12.342 INFO:teuthology.orchestra.run.smithi143.stdout:systemctl: stdout disabled
2024-05-09T06:20:12.350 INFO:teuthology.orchestra.run.smithi143.stdout:Non-zero exit code 3 from systemctl is-active firewalld.service
2024-05-09T06:20:12.350 INFO:teuthology.orchestra.run.smithi143.stdout:systemctl: stdout inactive
2024-05-09T06:20:12.350 INFO:teuthology.orchestra.run.smithi143.stdout:firewalld.service is not enabled
2024-05-09T06:20:12.350 INFO:teuthology.orchestra.run.smithi143.stdout:Not possible to open ports <[8443]>. firewalld.service is not available
2024-05-09T06:20:12.352 INFO:teuthology.orchestra.run.smithi143.stdout:Ceph Dashboard is now available at:
2024-05-09T06:20:12.352 INFO:teuthology.orchestra.run.smithi143.stdout:
2024-05-09T06:20:12.353 INFO:teuthology.orchestra.run.smithi143.stdout: URL: https://smithi143.front.sepia.ceph.com:8443/
2024-05-09T06:20:12.353 INFO:teuthology.orchestra.run.smithi143.stdout: User: admin
2024-05-09T06:20:12.353 INFO:teuthology.orchestra.run.smithi143.stdout: Password: tfxitkagov
2024-05-09T06:20:12.353 INFO:teuthology.orchestra.run.smithi143.stdout:
2024-05-09T06:20:12.353 INFO:teuthology.orchestra.run.smithi143.stdout:Saving cluster configuration to /var/lib/ceph/b091cb8c-0dcb-11ef-bc97-c7b262605968/config directory
2024-05-09T06:20:12.354 INFO:teuthology.orchestra.run.smithi143.stdout:Enabling autotune for osd_memory_target
2024-05-09T06:20:12.439 INFO:journalctl@ceph.mon.smithi143.smithi143.stdout:May 09 06:20:12 smithi143 ceph-mon[27159]: from='client.? 172.21.15.143:0/3426114092' entity='client.admin' cmd=[{"prefix": "config get", "who": "mgr", "key": "mgr/dashboard/ssl_server_port"}]: dispatch
2024-05-09T06:20:13.566 INFO:teuthology.orchestra.run.smithi143.stdout:/usr/bin/ceph: stderr
2024-05-09T06:20:12.779+0000 7f4402088700 1 Processor -- start
2024-05-09T06:20:13.567 INFO:teuthology.orchestra.run.smithi143.stdout:/usr/bin/ceph: stderr
2024-05-09T06:20:12.779+0000 7f4402088700 1 -- start start
2024-05-09T06:20:13.567 INFO:teuthology.orchestra.run.smithi143.stdout:/usr/bin/ceph: stderr
2024-05-09T06:20:12.779+0000 7f4402088700 1 --2- >> [v2:172.21.15.143:3300/0,v1:172.21.15.143:6789/0] conn(0x7f43fc101d60 0x7f43fc102170 unknown :-1 s=NONE pgs=0 cs=0 l=0 rev1=0 crypto rx=0 tx=0 comp rx=0 tx=0).connect
2024-05-09T06:20:13.567 INFO:teuthology.orchestra.run.smithi143.stdout:/usr/bin/ceph: stderr
