2024-05-09T06:20:34.737+0000 7f6d1b872700 1 -- 172.21.15.62:0/2439604868 >> [v2:172.21.15.62:3300/0,v1:172.21.15.62:6789/0] conn(0x7f6d14076bb0 msgr2=0x7f6d14113800 secure :-1 s=STATE_CONNECTION_ESTABLISHED l=1).mark_down
2024-05-09T06:20:35.280 INFO:teuthology.orchestra.run.smithi062.stdout:/usr/bin/ceph: stderr
2024-05-09T06:20:34.737+0000 7f6d1b872700 1 --2- 172.21.15.62:0/2439604868 >> [v2:172.21.15.62:3300/0,v1:172.21.15.62:6789/0] conn(0x7f6d14076bb0 0x7f6d14113800 secure :-1 s=READY pgs=42 cs=0 l=1 rev1=1 crypto rx=0x7f6d10003050 tx=0x7f6d10009250 comp rx=0 tx=0).stop
2024-05-09T06:20:35.280 INFO:teuthology.orchestra.run.smithi062.stdout:/usr/bin/ceph: stderr
2024-05-09T06:20:34.737+0000 7f6d1b872700 1 -- 172.21.15.62:0/2439604868 shutdown_connections
2024-05-09T06:20:35.280 INFO:teuthology.orchestra.run.smithi062.stdout:/usr/bin/ceph: stderr
2024-05-09T06:20:34.737+0000 7f6d1b872700 1 --2- 172.21.15.62:0/2439604868 >> [v2:172.21.15.62:6800/942541084,v1:172.21.15.62:6801/942541084] conn(0x7f6d000368a0 0x7f6d00038d50 unknown :-1 s=CLOSED pgs=9 cs=0 l=1 rev1=1 crypto rx=0 tx=0 comp rx=0 tx=0).stop
2024-05-09T06:20:35.281 INFO:teuthology.orchestra.run.smithi062.stdout:/usr/bin/ceph: stderr
2024-05-09T06:20:34.737+0000 7f6d1b872700 1 --2- 172.21.15.62:0/2439604868 >> [v2:172.21.15.62:3300/0,v1:172.21.15.62:6789/0] conn(0x7f6d14076bb0 0x7f6d14113800 unknown :-1 s=CLOSED pgs=42 cs=0 l=1 rev1=1 crypto rx=0 tx=0 comp rx=0 tx=0).stop
2024-05-09T06:20:35.281 INFO:teuthology.orchestra.run.smithi062.stdout:/usr/bin/ceph: stderr
2024-05-09T06:20:34.737+0000 7f6d1b872700 1 -- 172.21.15.62:0/2439604868 >> 172.21.15.62:0/2439604868 conn(0x7f6d140fcef0 msgr2=0x7f6d140fda40 unknown :-1 s=STATE_NONE l=0).mark_down
2024-05-09T06:20:35.281 INFO:teuthology.orchestra.run.smithi062.stdout:/usr/bin/ceph: stderr
2024-05-09T06:20:34.737+0000 7f6d1b872700 1 -- 172.21.15.62:0/2439604868 shutdown_connections
2024-05-09T06:20:35.281 INFO:teuthology.orchestra.run.smithi062.stdout:/usr/bin/ceph: stderr
2024-05-09T06:20:34.737+0000 7f6d1b872700 1 -- 172.21.15.62:0/2439604868 wait complete.
2024-05-09T06:20:35.888 INFO:journalctl@ceph.mon.smithi062.smithi062.stdout:May 09 06:20:35 smithi062 ceph-mon[26920]: from='client.14136 -' entity='client.admin' cmd=[{"prefix": "cephadm generate-key", "target": ["mon-mgr", ""]}]: dispatch
2024-05-09T06:20:35.888 INFO:journalctl@ceph.mon.smithi062.smithi062.stdout:May 09 06:20:35 smithi062 ceph-mon[26920]: Generating ssh key...
2024-05-09T06:20:35.888 INFO:journalctl@ceph.mon.smithi062.smithi062.stdout:May 09 06:20:35 smithi062 ceph-mon[26920]: from='mgr.14120 172.21.15.62:0/1366453683' entity='mgr.smithi062.juuasl'
2024-05-09T06:20:35.888 INFO:journalctl@ceph.mon.smithi062.smithi062.stdout:May 09 06:20:35 smithi062 ceph-mon[26920]: from='mgr.14120 172.21.15.62:0/1366453683' entity='mgr.smithi062.juuasl'
2024-05-09T06:20:36.437 INFO:teuthology.orchestra.run.smithi062.stdout:/usr/bin/ceph: stdout ssh-rsa AAAAB3NzaC1yc2EAAAADAQABAAABgQC/AzAMTK0zmrX0pb30fAmwmHPXNhcPzURobtEpLvVpXoaAmym/rQ4JG90+EOVn6F9JnA7FfnuOkcMdpxxxfpq/bygOggjWCgRbTjKBvH4zmX2ZjIIKogC5Fntqh0B0BU0cemXTbZIhdLBSyjMDJTdWL6eQr0HBMjwXm5iNgcB97m8FYfZftEhQkLqllNsfRAYk9Pm+oCNRrahvVczemzSaFXAlx8VfN3ww7JONk33X3vCtIXdYHGwXwL2uJH8XiB8a6fNWGrLw6UyFJpwNrLuakZsSiggrOE9sCai5qjD5ESkSmEVb+YXWWV8XoRy4ekI1/1aAvqMYXL+5g62PbWESLjAKSRyaBwKfAatEepzPUxdi/iUiWzOyZqMNb3zLeVvGt5qFwnYvzv5CMtDDC+2xrNpjo7GWBmcBz3l4Szg0HRehVG+ULZTz52bBQbxiScj10jDpOF3m2p4If8OMsj/f3U+TOtlVQ56q7yYkIbb3V/zyZOW4vJzVpkzAn+koMsM= ceph-f8b094b6-0dcb-11ef-bc97-c7b262605968
2024-05-09T06:20:36.437 INFO:teuthology.orchestra.run.smithi062.stdout:/usr/bin/ceph: stderr
2024-05-09T06:20:35.696+0000 7ffa8b540700 1 Processor -- start
2024-05-09T06:20:36.437 INFO:teuthology.orchestra.run.smithi062.stdout:/usr/bin/ceph: stderr
2024-05-09T06:20:35.697+0000 7ffa8b540700 1 -- start start
2024-05-09T06:20:36.437 INFO:teuthology.orchestra.run.smithi062.stdout:/usr/bin/ceph: stderr
2024-05-09T06:20:35.697+0000 7ffa8b540700 1 --2- >> [v2:172.21.15.62:3300/0,v1:172.21.15.62:6789/0] conn(0x7ffa84076bf0 0x7ffa84107860 unknown :-1 s=NONE pgs=0 cs=0 l=0 rev1=0 crypto rx=0 tx=0 comp rx=0 tx=0).connect
2024-05-09T06:20:36.437 INFO:teuthology.orchestra.run.smithi062.stdout:/usr/bin/ceph: stderr
2024-05-09T06:20:35.697+0000 7ffa8b540700 1 -- --> [v2:172.21.15.62:3300/0,v1:172.21.15.62:6789/0] -- mon_getmap magic: 0 v1 -- 0x7ffa84103250 con 0x7ffa84076bf0
2024-05-09T06:20:36.437 INFO:teuthology.orchestra.run.smithi062.stdout:/usr/bin/ceph: stderr
2024-05-09T06:20:35.697+0000 7ffa892dc700 1 --2- >> [v2:172.21.15.62:3300/0,v1:172.21.15.62:6789/0] conn(0x7ffa84076bf0 0x7ffa84107860 unknown :-1 s=BANNER_CONNECTING pgs=0 cs=0 l=0 rev1=0 crypto rx=0 tx=0 comp rx=0 tx=0)._handle_peer_banner_payload supported=3 required=0
2024-05-09T06:20:36.437 INFO:teuthology.orchestra.run.smithi062.stdout:/usr/bin/ceph: stderr
2024-05-09T06:20:35.697+0000 7ffa892dc700 1 --2- >> [v2:172.21.15.62:3300/0,v1:172.21.15.62:6789/0] conn(0x7ffa84076bf0 0x7ffa84107860 unknown :-1 s=HELLO_CONNECTING pgs=0 cs=0 l=0 rev1=1 crypto rx=0 tx=0 comp rx=0 tx=0).handle_hello peer v2:172.21.15.62:3300/0 says I am v2:172.21.15.62:48116/0 (socket says 172.21.15.62:48116)
2024-05-09T06:20:36.437 INFO:teuthology.orchestra.run.smithi062.stdout:/usr/bin/ceph: stderr
2024-05-09T06:20:35.697+0000 7ffa892dc700 1 -- 172.21.15.62:0/1498213157 learned_addr learned my addr 172.21.15.62:0/1498213157 (peer_addr_for_me v2:172.21.15.62:0/0)
2024-05-09T06:20:36.437 INFO:teuthology.orchestra.run.smithi062.stdout:/usr/bin/ceph: stderr
2024-05-09T06:20:35.697+0000 7ffa892dc700 1 -- 172.21.15.62:0/1498213157 --> [v2:172.21.15.62:3300/0,v1:172.21.15.62:6789/0] -- mon_subscribe({config=0+,monmap=0+}) v3 -- 0x7ffa84107da0 con 0x7ffa84076bf0
2024-05-09T06:20:36.437 INFO:teuthology.orchestra.run.smithi062.stdout:/usr/bin/ceph: stderr
2024-05-09T06:20:35.697+0000 7ffa892dc700 1 --2- 172.21.15.62:0/1498213157 >> [v2:172.21.15.62:3300/0,v1:172.21.15.62:6789/0] conn(0x7ffa84076bf0 0x7ffa84107860 secure :-1 s=READY pgs=43 cs=0 l=1 rev1=1 crypto rx=0x7ffa800098e0 tx=0x7ffa80009250 comp rx=0 tx=0).ready entity=mon.0 client_cookie=77e1cd25b3418233 server_cookie=0 in_seq=0 out_seq=0
2024-05-09T06:20:36.438 INFO:teuthology.orchestra.run.smithi062.stdout:/usr/bin/ceph: stderr
2024-05-09T06:20:35.698+0000 7ffa7bfff700 1 -- 172.21.15.62:0/1498213157 <== mon.0 v2:172.21.15.62:3300/0 1 ==== mon_map magic: 0 v1 ==== 229+0+0 (secure 0 0 0) 0x7ffa8000b860 con 0x7ffa84076bf0
2024-05-09T06:20:36.438 INFO:teuthology.orchestra.run.smithi062.stdout:/usr/bin/ceph: stderr
2024-05-09T06:20:35.698+0000 7ffa7bfff700 1 -- 172.21.15.62:0/1498213157 <== mon.0 v2:172.21.15.62:3300/0 2 ==== config(27 keys) v1 ==== 1044+0+0 (secure 0 0 0) 0x7ffa8000be50 con 0x7ffa84076bf0
2024-05-09T06:20:36.438 INFO:teuthology.orchestra.run.smithi062.stdout:/usr/bin/ceph: stderr
2024-05-09T06:20:35.698+0000 7ffa7bfff700 1 -- 172.21.15.62:0/1498213157 <== mon.0 v2:172.21.15.62:3300/0 3 ==== mon_map magic: 0 v1 ==== 229+0+0 (secure 0 0 0) 0x7ffa80010380 con 0x7ffa84076bf0
2024-05-09T06:20:36.438 INFO:teuthology.orchestra.run.smithi062.stdout:/usr/bin/ceph: stderr
2024-05-09T06:20:35.698+0000 7ffa8b540700 1 -- 172.21.15.62:0/1498213157 >> [v2:172.21.15.62:3300/0,v1:172.21.15.62:6789/0] conn(0x7ffa84076bf0 msgr2=0x7ffa84107860 secure :-1 s=STATE_CONNECTION_ESTABLISHED l=1).mark_down
2024-05-09T06:20:36.438 INFO:teuthology.orchestra.run.smithi062.stdout:/usr/bin/ceph: stderr
2024-05-09T06:20:35.698+0000 7ffa8b540700 1 --2- 172.21.15.62:0/1498213157 >> [v2:172.21.15.62:3300/0,v1:172.21.15.62:6789/0] conn(0x7ffa84076bf0 0x7ffa84107860 secure :-1 s=READY pgs=43 cs=0 l=1 rev1=1 crypto rx=0x7ffa800098e0 tx=0x7ffa80009250 comp rx=0 tx=0).stop
2024-05-09T06:20:36.438 INFO:teuthology.orchestra.run.smithi062.stdout:/usr/bin/ceph: stderr
2024-05-09T06:20:35.698+0000 7ffa8b540700 1 -- 172.21.15.62:0/1498213157 shutdown_connections
2024-05-09T06:20:36.438 INFO:teuthology.orchestra.run.smithi062.stdout:/usr/bin/ceph: stderr
2024-05-09T06:20:35.698+0000 7ffa8b540700 1 --2- 172.21.15.62:0/1498213157 >> [v2:172.21.15.62:3300/0,v1:172.21.15.62:6789/0] conn(0x7ffa84076bf0 0x7ffa84107860 unknown :-1 s=CLOSED pgs=43 cs=0 l=1 rev1=1 crypto rx=0 tx=0 comp rx=0 tx=0).stop
2024-05-09T06:20:36.438 INFO:teuthology.orchestra.run.smithi062.stdout:/usr/bin/ceph: stderr
2024-05-09T06:20:35.698+0000 7ffa8b540700 1 -- 172.21.15.62:0/1498213157 >> 172.21.15.62:0/1498213157 conn(0x7ffa840fcef0 msgr2=0x7ffa840ff300 unknown :-1 s=STATE_NONE l=0).mark_down
2024-05-09T06:20:36.438 INFO:teuthology.orchestra.run.smithi062.stdout:/usr/bin/ceph: stderr
2024-05-09T06:20:35.698+0000 7ffa8b540700 1 -- 172.21.15.62:0/1498213157 shutdown_connections
2024-05-09T06:20:36.438 INFO:teuthology.orchestra.run.smithi062.stdout:/usr/bin/ceph: stderr
2024-05-09T06:20:35.698+0000 7ffa8b540700 1 -- 172.21.15.62:0/1498213157 wait complete.
2024-05-09T06:20:36.438 INFO:teuthology.orchestra.run.smithi062.stdout:/usr/bin/ceph: stderr
2024-05-09T06:20:35.699+0000 7ffa8b540700 1 Processor -- start
2024-05-09T06:20:36.438 INFO:teuthology.orchestra.run.smithi062.stdout:/usr/bin/ceph: stderr
2024-05-09T06:20:35.699+0000 7ffa8b540700 1 -- start start
2024-05-09T06:20:36.438 INFO:teuthology.orchestra.run.smithi062.stdout:/usr/bin/ceph: stderr
2024-05-09T06:20:35.699+0000 7ffa8b540700 1 --2- >> [v2:172.21.15.62:3300/0,v1:172.21.15.62:6789/0] conn(0x7ffa84076bf0 0x7ffa84113800 unknown :-1 s=NONE pgs=0 cs=0 l=1 rev1=0 crypto rx=0 tx=0 comp rx=0 tx=0).connect
2024-05-09T06:20:36.438 INFO:teuthology.orchestra.run.smithi062.stdout:/usr/bin/ceph: stderr
2024-05-09T06:20:35.699+0000 7ffa8b540700 1 -- --> [v2:172.21.15.62:3300/0,v1:172.21.15.62:6789/0] -- mon_getmap magic: 0 v1 -- 0x7ffa84113d40 con 0x7ffa84076bf0
2024-05-09T06:20:36.439 INFO:teuthology.orchestra.run.smithi062.stdout:/usr/bin/ceph: stderr
2024-05-09T06:20:35.699+0000 7ffa892dc700 1 --2- >> [v2:172.21.15.62:3300/0,v1:172.21.15.62:6789/0] conn(0x7ffa84076bf0 0x7ffa84113800 unknown :-1 s=BANNER_CONNECTING pgs=0 cs=0 l=1 rev1=0 crypto rx=0 tx=0 comp rx=0 tx=0)._handle_peer_banner_payload supported=3 required=0
2024-05-09T06:20:36.439 INFO:teuthology.orchestra.run.smithi062.stdout:/usr/bin/ceph: stderr
2024-05-09T06:20:35.699+0000 7ffa892dc700 1 --2- >> [v2:172.21.15.62:3300/0,v1:172.21.15.62:6789/0] conn(0x7ffa84076bf0 0x7ffa84113800 unknown :-1 s=HELLO_CONNECTING pgs=0 cs=0 l=1 rev1=1 crypto rx=0 tx=0 comp rx=0 tx=0).handle_hello peer v2:172.21.15.62:3300/0 says I am v2:172.21.15.62:48132/0 (socket says 172.21.15.62:48132)
2024-05-09T06:20:36.439 INFO:teuthology.orchestra.run.smithi062.stdout:/usr/bin/ceph: stderr
2024-05-09T06:20:35.699+0000 7ffa892dc700 1 -- 172.21.15.62:0/979719795 learned_addr learned my addr 172.21.15.62:0/979719795 (peer_addr_for_me v2:172.21.15.62:0/0)
2024-05-09T06:20:36.439 INFO:teuthology.orchestra.run.smithi062.stdout:/usr/bin/ceph: stderr
2024-05-09T06:20:35.700+0000 7ffa892dc700 1 -- 172.21.15.62:0/979719795 --> [v2:172.21.15.62:3300/0,v1:172.21.15.62:6789/0] -- mon_subscribe({config=0+,monmap=0+}) v3 -- 0x7ffa800094f0 con 0x7ffa84076bf0
2024-05-09T06:20:36.439 INFO:teuthology.orchestra.run.smithi062.stdout:/usr/bin/ceph: stderr
2024-05-09T06:20:35.700+0000 7ffa892dc700 1 --2- 172.21.15.62:0/979719795 >> [v2:172.21.15.62:3300/0,v1:172.21.15.62:6789/0] conn(0x7ffa84076bf0 0x7ffa84113800 secure :-1 s=READY pgs=44 cs=0 l=1 rev1=1 crypto rx=0x7ffa80006b00 tx=0x7ffa80009250 comp rx=0 tx=0).ready entity=mon.0 client_cookie=0 server_cookie=0 in_seq=0 out_seq=0
2024-05-09T06:20:36.439 INFO:teuthology.orchestra.run.smithi062.stdout:/usr/bin/ceph: stderr
2024-05-09T06:20:35.700+0000 7ffa79ffb700 1 -- 172.21.15.62:0/979719795 <== mon.0 v2:172.21.15.62:3300/0 1 ==== mon_map magic: 0 v1 ==== 229+0+0 (secure 0 0 0) 0x7ffa800107c0 con 0x7ffa84076bf0
2024-05-09T06:20:36.439 INFO:teuthology.orchestra.run.smithi062.stdout:/usr/bin/ceph: stderr
2024-05-09T06:20:35.700+0000 7ffa79ffb700 1 -- 172.21.15.62:0/979719795 <== mon.0 v2:172.21.15.62:3300/0 2 ==== config(27 keys) v1 ==== 1044+0+0 (secure 0 0 0) 0x7ffa80010db0 con 0x7ffa84076bf0
2024-05-09T06:20:36.439 INFO:teuthology.orchestra.run.smithi062.stdout:/usr/bin/ceph: stderr
2024-05-09T06:20:35.700+0000 7ffa79ffb700 1 -- 172.21.15.62:0/979719795 <== mon.0 v2:172.21.15.62:3300/0 3 ==== mon_map magic: 0 v1 ==== 229+0+0 (secure 0 0 0) 0x7ffa8001acf0 con 0x7ffa84076bf0
2024-05-09T06:20:36.439 INFO:teuthology.orchestra.run.smithi062.stdout:/usr/bin/ceph: stderr
2024-05-09T06:20:35.700+0000 7ffa8b540700 1 -- 172.21.15.62:0/979719795 --> [v2:172.21.15.62:3300/0,v1:172.21.15.62:6789/0] -- mon_subscribe({mgrmap=0+}) v3 -- 0x7ffa84113f40 con 0x7ffa84076bf0
2024-05-09T06:20:36.439 INFO:teuthology.orchestra.run.smithi062.stdout:/usr/bin/ceph: stderr
2024-05-09T06:20:35.700+0000 7ffa8b540700 1 -- 172.21.15.62:0/979719795 --> [v2:172.21.15.62:3300/0,v1:172.21.15.62:6789/0] -- mon_subscribe({osdmap=0}) v3 -- 0x7ffa84114ab0 con 0x7ffa84076bf0
2024-05-09T06:20:36.439 INFO:teuthology.orchestra.run.smithi062.stdout:/usr/bin/ceph: stderr
2024-05-09T06:20:35.701+0000 7ffa79ffb700 1 -- 172.21.15.62:0/979719795 <== mon.0 v2:172.21.15.62:3300/0 4 ==== mgrmap(e 8) v1 ==== 43376+0+0 (secure 0 0 0) 0x7ffa80010920 con 0x7ffa84076bf0
2024-05-09T06:20:36.439 INFO:teuthology.orchestra.run.smithi062.stdout:/usr/bin/ceph: stderr
2024-05-09T06:20:35.701+0000 7ffa8b540700 1 -- 172.21.15.62:0/979719795 --> [v2:172.21.15.62:3300/0,v1:172.21.15.62:6789/0] -- mon_command({"prefix": "get_command_descriptions"} v 0) v1 -- 0x7ffa8405f5c0 con 0x7ffa84076bf0
2024-05-09T06:20:36.439 INFO:teuthology.orchestra.run.smithi062.stdout:/usr/bin/ceph: stderr
2024-05-09T06:20:35.701+0000 7ffa79ffb700 1 --2- 172.21.15.62:0/979719795 >> [v2:172.21.15.62:6800/942541084,v1:172.21.15.62:6801/942541084] conn(0x7ffa70036850 0x7ffa70038d00 unknown :-1 s=NONE pgs=0 cs=0 l=1 rev1=0 crypto rx=0 tx=0 comp rx=0 tx=0).connect
2024-05-09T06:20:36.439 INFO:teuthology.orchestra.run.smithi062.stdout:/usr/bin/ceph: stderr
2024-05-09T06:20:35.701+0000 7ffa79ffb700 1 -- 172.21.15.62:0/979719795 <== mon.0 v2:172.21.15.62:3300/0 5 ==== osd_map(2..2 src has 1..2) v4 ==== 936+0+0 (secure 0 0 0) 0x7ffa8004a650 con 0x7ffa84076bf0
2024-05-09T06:20:36.439 INFO:teuthology.orchestra.run.smithi062.stdout:/usr/bin/ceph: stderr
2024-05-09T06:20:35.702+0000 7ffa88adb700 1 --2- 172.21.15.62:0/979719795 >> [v2:172.21.15.62:6800/942541084,v1:172.21.15.62:6801/942541084] conn(0x7ffa70036850 0x7ffa70038d00 unknown :-1 s=BANNER_CONNECTING pgs=0 cs=0 l=1 rev1=0 crypto rx=0 tx=0 comp rx=0 tx=0)._handle_peer_banner_payload supported=3 required=0
2024-05-09T06:20:36.440 INFO:teuthology.orchestra.run.smithi062.stdout:/usr/bin/ceph: stderr
2024-05-09T06:20:35.702+0000 7ffa88adb700 1 --2- 172.21.15.62:0/979719795 >> [v2:172.21.15.62:6800/942541084,v1:172.21.15.62:6801/942541084] conn(0x7ffa70036850 0x7ffa70038d00 secure :-1 s=READY pgs=10 cs=0 l=1 rev1=1 crypto rx=0x7ffa74009990 tx=0x7ffa74006e40 comp rx=0 tx=0).ready entity=mgr.14120 client_cookie=0 server_cookie=0 in_seq=0 out_seq=0
2024-05-09T06:20:36.440 INFO:teuthology.orchestra.run.smithi062.stdout:/usr/bin/ceph: stderr
2024-05-09T06:20:35.706+0000 7ffa79ffb700 1 -- 172.21.15.62:0/979719795 <== mon.0 v2:172.21.15.62:3300/0 6 ==== mon_command_ack([{"prefix": "get_command_descriptions"}]=0 v0) v1 ==== 72+0+176702 (secure 0 0 0) 0x7ffa8001a530 con 0x7ffa84076bf0
2024-05-09T06:20:36.440 INFO:teuthology.orchestra.run.smithi062.stdout:/usr/bin/ceph: stderr
2024-05-09T06:20:35.905+0000 7ffa8b540700 1 -- 172.21.15.62:0/979719795 --> [v2:172.21.15.62:6800/942541084,v1:172.21.15.62:6801/942541084] -- mgr_command(tid 0: {"prefix": "cephadm get-pub-key", "target": ["mon-mgr", ""]}) v1 -- 0x7ffa840fe0e0 con 0x7ffa70036850
2024-05-09T06:20:36.440 INFO:teuthology.orchestra.run.smithi062.stdout:/usr/bin/ceph: stderr
2024-05-09T06:20:35.905+0000 7ffa79ffb700 1 -- 172.21.15.62:0/979719795 <== mgr.14120 v2:172.21.15.62:6800/942541084 1 ==== mgr_command_reply(tid 0: 0 ) v1 ==== 8+0+595 (secure 0 0 0) 0x7ffa840fe0e0 con 0x7ffa70036850
2024-05-09T06:20:36.440 INFO:teuthology.orchestra.run.smithi062.stdout:/usr/bin/ceph: stderr
2024-05-09T06:20:35.907+0000 7ffa8b540700 1 -- 172.21.15.62:0/979719795 >> [v2:172.21.15.62:6800/942541084,v1:172.21.15.62:6801/942541084] conn(0x7ffa70036850 msgr2=0x7ffa70038d00 secure :-1 s=STATE_CONNECTION_ESTABLISHED l=1).mark_down
2024-05-09T06:20:36.440 INFO:teuthology.orchestra.run.smithi062.stdout:/usr/bin/ceph: stderr
2024-05-09T06:20:35.907+0000 7ffa8b540700 1 --2- 172.21.15.62:0/979719795 >> [v2:172.21.15.62:6800/942541084,v1:172.21.15.62:6801/942541084] conn(0x7ffa70036850 0x7ffa70038d00 secure :-1 s=READY pgs=10 cs=0 l=1 rev1=1 crypto rx=0x7ffa74009990 tx=0x7ffa74006e40 comp rx=0 tx=0).stop
2024-05-09T06:20:36.440 INFO:teuthology.orchestra.run.smithi062.stdout:/usr/bin/ceph: stderr
2024-05-09T06:20:35.907+0000 7ffa8b540700 1 -- 172.21.15.62:0/979719795 >> [v2:172.21.15.62:3300/0,v1:172.21.15.62:6789/0] conn(0x7ffa84076bf0 msgr2=0x7ffa84113800 secure :-1 s=STATE_CONNECTION_ESTABLISHED l=1).mark_down
2024-05-09T06:20:36.440 INFO:teuthology.orchestra.run.smithi062.stdout:/usr/bin/ceph: stderr
2024-05-09T06:20:35.907+0000 7ffa8b540700 1 --2- 172.21.15.62:0/979719795 >> [v2:172.21.15.62:3300/0,v1:172.21.15.62:6789/0] conn(0x7ffa84076bf0 0x7ffa84113800 secure :-1 s=READY pgs=44 cs=0 l=1 rev1=1 crypto rx=0x7ffa80006b00 tx=0x7ffa80009250 comp rx=0 tx=0).stop
2024-05-09T06:20:36.440 INFO:teuthology.orchestra.run.smithi062.stdout:/usr/bin/ceph: stderr
2024-05-09T06:20:35.907+0000 7ffa8b540700 1 -- 172.21.15.62:0/979719795 shutdown_connections
2024-05-09T06:20:36.440 INFO:teuthology.orchestra.run.smithi062.stdout:/usr/bin/ceph: stderr
2024-05-09T06:20:35.907+0000 7ffa8b540700 1 --2- 172.21.15.62:0/979719795 >> [v2:172.21.15.62:6800/942541084,v1:172.21.15.62:6801/942541084] conn(0x7ffa70036850 0x7ffa70038d00 unknown :-1 s=CLOSED pgs=10 cs=0 l=1 rev1=1 crypto rx=0 tx=0 comp rx=0 tx=0).stop
2024-05-09T06:20:36.440 INFO:teuthology.orchestra.run.smithi062.stdout:/usr/bin/ceph: stderr
2024-05-09T06:20:35.907+0000 7ffa8b540700 1 --2- 172.21.15.62:0/979719795 >> [v2:172.21.15.62:3300/0,v1:172.21.15.62:6789/0] conn(0x7ffa84076bf0 0x7ffa84113800 unknown :-1 s=CLOSED pgs=44 cs=0 l=1 rev1=1 crypto rx=0 tx=0 comp rx=0 tx=0).stop
2024-05-09T06:20:36.440 INFO:teuthology.orchestra.run.smithi062.stdout:/usr/bin/ceph: stderr
2024-05-09T06:20:35.907+0000 7ffa8b540700 1 -- 172.21.15.62:0/979719795 >> 172.21.15.62:0/979719795 conn(0x7ffa840fcef0 msgr2=0x7ffa840fd9d0 unknown :-1 s=STATE_NONE l=0).mark_down
2024-05-09T06:20:36.440 INFO:teuthology.orchestra.run.smithi062.stdout:/usr/bin/ceph: stderr
2024-05-09T06:20:35.908+0000 7ffa8b540700 1 -- 172.21.15.62:0/979719795 shutdown_connections
2024-05-09T06:20:36.440 INFO:teuthology.orchestra.run.smithi062.stdout:/usr/bin/ceph: stderr
2024-05-09T06:20:35.908+0000 7ffa8b540700 1 -- 172.21.15.62:0/979719795 wait complete.
2024-05-09T06:20:36.441 INFO:teuthology.orchestra.run.smithi062.stdout:Wrote public SSH key to /home/ubuntu/cephtest/ceph.pub
2024-05-09T06:20:36.441 INFO:teuthology.orchestra.run.smithi062.stdout:Adding key to root@localhost authorized_keys...
2024-05-09T06:20:36.441 INFO:teuthology.orchestra.run.smithi062.stdout:Adding host smithi062...
2024-05-09T06:20:36.824 INFO:journalctl@ceph.mon.smithi062.smithi062.stdout:May 09 06:20:36 smithi062 ceph-mon[26920]: from='client.14138 -' entity='client.admin' cmd=[{"prefix": "cephadm get-pub-key", "target": ["mon-mgr", ""]}]: dispatch
2024-05-09T06:20:38.413 INFO:journalctl@ceph.mon.smithi062.smithi062.stdout:May 09 06:20:38 smithi062 ceph-mon[26920]: from='client.14140 -' entity='client.admin' cmd=[{"prefix": "orch host add", "hostname": "smithi062", "addr": "172.21.15.62", "target": ["mon-mgr", ""]}]: dispatch
2024-05-09T06:20:38.413 INFO:journalctl@ceph.mon.smithi062.smithi062.stdout:May 09 06:20:38 smithi062 ceph-mon[26920]: Deploying cephadm binary to smithi062
2024-05-09T06:20:39.537 INFO:teuthology.orchestra.run.smithi062.stdout:/usr/bin/ceph: stdout Added host 'smithi062' with addr '172.21.15.62'
2024-05-09T06:20:39.537 INFO:teuthology.orchestra.run.smithi062.stdout:/usr/bin/ceph: stderr
2024-05-09T06:20:36.840+0000 7f4de2977700 1 Processor -- start
2024-05-09T06:20:39.537 INFO:teuthology.orchestra.run.smithi062.stdout:/usr/bin/ceph: stderr
2024-05-09T06:20:36.840+0000 7f4de2977700 1 -- start start
2024-05-09T06:20:39.537 INFO:teuthology.orchestra.run.smithi062.stdout:/usr/bin/ceph: stderr
2024-05-09T06:20:36.840+0000 7f4de2977700 1 --2- >> [v2:172.21.15.62:3300/0,v1:172.21.15.62:6789/0] conn(0x7f4ddc078c60 0x7f4ddc077210 unknown :-1 s=NONE pgs=0 cs=0 l=0 rev1=0 crypto rx=0 tx=0 comp rx=0 tx=0).connect
2024-05-09T06:20:39.537 INFO:teuthology.orchestra.run.smithi062.stdout:/usr/bin/ceph: stderr
2024-05-09T06:20:36.840+0000 7f4de2977700 1 -- --> [v2:172.21.15.62:3300/0,v1:172.21.15.62:6789/0] -- mon_getmap magic: 0 v1 -- 0x7f4ddc079070 con 0x7f4ddc078c60
2024-05-09T06:20:39.537 INFO:teuthology.orchestra.run.smithi062.stdout:/usr/bin/ceph: stderr
2024-05-09T06:20:36.841+0000 7f4ddbfff700 1 --2- >> [v2:172.21.15.62:3300/0,v1:172.21.15.62:6789/0] conn(0x7f4ddc078c60 0x7f4ddc077210 unknown :-1 s=BANNER_CONNECTING pgs=0 cs=0 l=0 rev1=0 crypto rx=0 tx=0 comp rx=0 tx=0)._handle_peer_banner_payload supported=3 required=0
2024-05-09T06:20:39.537 INFO:teuthology.orchestra.run.smithi062.stdout:/usr/bin/ceph: stderr
2024-05-09T06:20:36.841+0000 7f4ddbfff700 1 --2- >> [v2:172.21.15.62:3300/0,v1:172.21.15.62:6789/0] conn(0x7f4ddc078c60 0x7f4ddc077210 unknown :-1 s=HELLO_CONNECTING pgs=0 cs=0 l=0 rev1=1 crypto rx=0 tx=0 comp rx=0 tx=0).handle_hello peer v2:172.21.15.62:3300/0 says I am v2:172.21.15.62:48146/0 (socket says 172.21.15.62:48146)
2024-05-09T06:20:39.537 INFO:teuthology.orchestra.run.smithi062.stdout:/usr/bin/ceph: stderr
2024-05-09T06:20:36.841+0000 7f4ddbfff700 1 -- 172.21.15.62:0/1236409416 learned_addr learned my addr 172.21.15.62:0/1236409416 (peer_addr_for_me v2:172.21.15.62:0/0)
2024-05-09T06:20:39.537 INFO:teuthology.orchestra.run.smithi062.stdout:/usr/bin/ceph: stderr
2024-05-09T06:20:36.841+0000 7f4ddbfff700 1 -- 172.21.15.62:0/1236409416 --> [v2:172.21.15.62:3300/0,v1:172.21.15.62:6789/0] -- mon_subscribe({config=0+,monmap=0+}) v3 -- 0x7f4ddc077750 con 0x7f4ddc078c60
2024-05-09T06:20:39.537 INFO:teuthology.orchestra.run.smithi062.stdout:/usr/bin/ceph: stderr
2024-05-09T06:20:36.841+0000 7f4ddbfff700 1 --2- 172.21.15.62:0/1236409416 >> [v2:172.21.15.62:3300/0,v1:172.21.15.62:6789/0] conn(0x7f4ddc078c60 0x7f4ddc077210 secure :-1 s=READY pgs=45 cs=0 l=1 rev1=1 crypto rx=0x7f4dcc0098e0 tx=0x7f4dcc009250 comp rx=0 tx=0).ready entity=mon.0 client_cookie=e40e79dfd490552b server_cookie=0 in_seq=0 out_seq=0
2024-05-09T06:20:39.537 INFO:teuthology.orchestra.run.smithi062.stdout:/usr/bin/ceph: stderr
2024-05-09T06:20:36.841+0000 7f4ddb7fe700 1 -- 172.21.15.62:0/1236409416 <== mon.0 v2:172.21.15.62:3300/0 1 ==== mon_map magic: 0 v1 ==== 229+0+0 (secure 0 0 0) 0x7f4dcc00b860 con 0x7f4ddc078c60
2024-05-09T06:20:39.538 INFO:teuthology.orchestra.run.smithi062.stdout:/usr/bin/ceph: stderr
2024-05-09T06:20:36.841+0000 7f4ddb7fe700 1 -- 172.21.15.62:0/1236409416 <== mon.0 v2:172.21.15.62:3300/0 2 ==== config(27 keys) v1 ==== 1044+0+0 (secure 0 0 0) 0x7f4dcc00be50 con 0x7f4ddc078c60
2024-05-09T06:20:39.538 INFO:teuthology.orchestra.run.smithi062.stdout:/usr/bin/ceph: stderr
2024-05-09T06:20:36.841+0000 7f4ddb7fe700 1 -- 172.21.15.62:0/1236409416 <== mon.0 v2:172.21.15.62:3300/0 3 ==== mon_map magic: 0 v1 ==== 229+0+0 (secure 0 0 0) 0x7f4dcc010380 con 0x7f4ddc078c60
2024-05-09T06:20:39.538 INFO:teuthology.orchestra.run.smithi062.stdout:/usr/bin/ceph: stderr
2024-05-09T06:20:36.842+0000 7f4de2977700 1 -- 172.21.15.62:0/1236409416 >> [v2:172.21.15.62:3300/0,v1:172.21.15.62:6789/0] conn(0x7f4ddc078c60 msgr2=0x7f4ddc077210 secure :-1 s=STATE_CONNECTION_ESTABLISHED l=1).mark_down
2024-05-09T06:20:39.538 INFO:teuthology.orchestra.run.smithi062.stdout:/usr/bin/ceph: stderr
2024-05-09T06:20:36.842+0000 7f4de2977700 1 --2- 172.21.15.62:0/1236409416 >> [v2:172.21.15.62:3300/0,v1:172.21.15.62:6789/0] conn(0x7f4ddc078c60 0x7f4ddc077210 secure :-1 s=READY pgs=45 cs=0 l=1 rev1=1 crypto rx=0x7f4dcc0098e0 tx=0x7f4dcc009250 comp rx=0 tx=0).stop
2024-05-09T06:20:39.538 INFO:teuthology.orchestra.run.smithi062.stdout:/usr/bin/ceph: stderr
2024-05-09T06:20:36.842+0000 7f4de2977700 1 -- 172.21.15.62:0/1236409416 shutdown_connections
2024-05-09T06:20:39.538 INFO:teuthology.orchestra.run.smithi062.stdout:/usr/bin/ceph: stderr
2024-05-09T06:20:36.842+0000 7f4de2977700 1 --2- 172.21.15.62:0/1236409416 >> [v2:172.21.15.62:3300/0,v1:172.21.15.62:6789/0] conn(0x7f4ddc078c60 0x7f4ddc077210 unknown :-1 s=CLOSED pgs=45 cs=0 l=1 rev1=1 crypto rx=0 tx=0 comp rx=0 tx=0).stop
2024-05-09T06:20:39.538 INFO:teuthology.orchestra.run.smithi062.stdout:/usr/bin/ceph: stderr
2024-05-09T06:20:36.842+0000 7f4de2977700 1 -- 172.21.15.62:0/1236409416 >> 172.21.15.62:0/1236409416 conn(0x7f4ddc0fe060 msgr2=0x7f4ddc100470 unknown :-1 s=STATE_NONE l=0).mark_down
2024-05-09T06:20:39.538 INFO:teuthology.orchestra.run.smithi062.stdout:/usr/bin/ceph: stderr
2024-05-09T06:20:36.842+0000 7f4de2977700 1 -- 172.21.15.62:0/1236409416 shutdown_connections
2024-05-09T06:20:39.538 INFO:teuthology.orchestra.run.smithi062.stdout:/usr/bin/ceph: stderr
2024-05-09T06:20:36.842+0000 7f4de2977700 1 -- 172.21.15.62:0/1236409416 wait complete.
2024-05-09T06:20:39.538 INFO:teuthology.orchestra.run.smithi062.stdout:/usr/bin/ceph: stderr
2024-05-09T06:20:36.843+0000 7f4de2977700 1 Processor -- start
2024-05-09T06:20:39.538 INFO:teuthology.orchestra.run.smithi062.stdout:/usr/bin/ceph: stderr
2024-05-09T06:20:36.843+0000 7f4de2977700 1 -- start start
2024-05-09T06:20:39.538 INFO:teuthology.orchestra.run.smithi062.stdout:/usr/bin/ceph: stderr
2024-05-09T06:20:36.843+0000 7f4de2977700 1 --2- >> [v2:172.21.15.62:3300/0,v1:172.21.15.62:6789/0] conn(0x7f4ddc078c60 0x7f4ddc113840 unknown :-1 s=NONE pgs=0 cs=0 l=1 rev1=0 crypto rx=0 tx=0 comp rx=0 tx=0).connect
2024-05-09T06:20:39.538 INFO:teuthology.orchestra.run.smithi062.stdout:/usr/bin/ceph: stderr
2024-05-09T06:20:36.843+0000 7f4de2977700 1 -- --> [v2:172.21.15.62:3300/0,v1:172.21.15.62:6789/0] -- mon_getmap magic: 0 v1 -- 0x7f4ddc113d80 con 0x7f4ddc078c60
2024-05-09T06:20:39.539 INFO:teuthology.orchestra.run.smithi062.stdout:/usr/bin/ceph: stderr
2024-05-09T06:20:36.843+0000 7f4ddbfff700 1 --2- >> [v2:172.21.15.62:3300/0,v1:172.21.15.62:6789/0] conn(0x7f4ddc078c60 0x7f4ddc113840 unknown :-1 s=BANNER_CONNECTING pgs=0 cs=0 l=1 rev1=0 crypto rx=0 tx=0 comp rx=0 tx=0)._handle_peer_banner_payload supported=3 required=0
2024-05-09T06:20:39.539 INFO:teuthology.orchestra.run.smithi062.stdout:/usr/bin/ceph: stderr
2024-05-09T06:20:36.843+0000 7f4ddbfff700 1 --2- >> [v2:172.21.15.62:3300/0,v1:172.21.15.62:6789/0] conn(0x7f4ddc078c60 0x7f4ddc113840 unknown :-1 s=HELLO_CONNECTING pgs=0 cs=0 l=1 rev1=1 crypto rx=0 tx=0 comp rx=0 tx=0).handle_hello peer v2:172.21.15.62:3300/0 says I am v2:172.21.15.62:48160/0 (socket says 172.21.15.62:48160)
2024-05-09T06:20:39.539 INFO:teuthology.orchestra.run.smithi062.stdout:/usr/bin/ceph: stderr
2024-05-09T06:20:36.843+0000 7f4ddbfff700 1 -- 172.21.15.62:0/3317950556 learned_addr learned my addr 172.21.15.62:0/3317950556 (peer_addr_for_me v2:172.21.15.62:0/0)
2024-05-09T06:20:39.539 INFO:teuthology.orchestra.run.smithi062.stdout:/usr/bin/ceph: stderr
2024-05-09T06:20:36.844+0000 7f4ddbfff700 1 -- 172.21.15.62:0/3317950556 --> [v2:172.21.15.62:3300/0,v1:172.21.15.62:6789/0] -- mon_subscribe({config=0+,monmap=0+}) v3 -- 0x7f4dcc0094f0 con 0x7f4ddc078c60
2024-05-09T06:20:39.539 INFO:teuthology.orchestra.run.smithi062.stdout:/usr/bin/ceph: stderr
2024-05-09T06:20:36.844+0000 7f4ddbfff700 1 --2- 172.21.15.62:0/3317950556 >> [v2:172.21.15.62:3300/0,v1:172.21.15.62:6789/0] conn(0x7f4ddc078c60 0x7f4ddc113840 secure :-1 s=READY pgs=46 cs=0 l=1 rev1=1 crypto rx=0x7f4dcc006fd0 tx=0x7f4dcc009250 comp rx=0 tx=0).ready entity=mon.0 client_cookie=0 server_cookie=0 in_seq=0 out_seq=0
2024-05-09T06:20:39.539 INFO:teuthology.orchestra.run.smithi062.stdout:/usr/bin/ceph: stderr
2024-05-09T06:20:36.844+0000 7f4dd97fa700 1 -- 172.21.15.62:0/3317950556 <== mon.0 v2:172.21.15.62:3300/0 1 ==== mon_map magic: 0 v1 ==== 229+0+0 (secure 0 0 0) 0x7f4dcc0107c0 con 0x7f4ddc078c60
2024-05-09T06:20:39.539 INFO:teuthology.orchestra.run.smithi062.stdout:/usr/bin/ceph: stderr
2024-05-09T06:20:36.844+0000 7f4dd97fa700 1 -- 172.21.15.62:0/3317950556 <== mon.0 v2:172.21.15.62:3300/0 2 ==== config(27 keys) v1 ==== 1044+0+0 (secure 0 0 0) 0x7f4dcc010db0 con 0x7f4ddc078c60
2024-05-09T06:20:39.539 INFO:teuthology.orchestra.run.smithi062.stdout:/usr/bin/ceph: stderr
2024-05-09T06:20:36.844+0000 7f4de2977700 1 -- 172.21.15.62:0/3317950556 --> [v2:172.21.15.62:3300/0,v1:172.21.15.62:6789/0] -- mon_subscribe({mgrmap=0+}) v3 -- 0x7f4ddc113f80 con 0x7f4ddc078c60
2024-05-09T06:20:39.539 INFO:teuthology.orchestra.run.smithi062.stdout:/usr/bin/ceph: stderr
2024-05-09T06:20:36.844+0000 7f4dd97fa700 1 -- 172.21.15.62:0/3317950556 <== mon.0 v2:172.21.15.62:3300/0 3 ==== mon_map magic: 0 v1 ==== 229+0+0 (secure 0 0 0) 0x7f4dcc01ada0 con 0x7f4ddc078c60
2024-05-09T06:20:39.539 INFO:teuthology.orchestra.run.smithi062.stdout:/usr/bin/ceph: stderr
2024-05-09T06:20:36.844+0000 7f4de2977700 1 -- 172.21.15.62:0/3317950556 --> [v2:172.21.15.62:3300/0,v1:172.21.15.62:6789/0] -- mon_subscribe({osdmap=0}) v3 -- 0x7f4ddc114af0 con 0x7f4ddc078c60
2024-05-09T06:20:39.539 INFO:teuthology.orchestra.run.smithi062.stdout:/usr/bin/ceph: stderr
2024-05-09T06:20:36.845+0000 7f4dd97fa700 1 -- 172.21.15.62:0/3317950556 <== mon.0 v2:172.21.15.62:3300/0 4 ==== mgrmap(e 8) v1 ==== 43376+0+0 (secure 0 0 0) 0x7f4dcc019410 con 0x7f4ddc078c60
2024-05-09T06:20:39.539 INFO:teuthology.orchestra.run.smithi062.stdout:/usr/bin/ceph: stderr
2024-05-09T06:20:36.845+0000 7f4de2977700 1 -- 172.21.15.62:0/3317950556 --> [v2:172.21.15.62:3300/0,v1:172.21.15.62:6789/0] -- mon_command({"prefix": "get_command_descriptions"} v 0) v1 -- 0x7f4ddc05f5c0 con 0x7f4ddc078c60
2024-05-09T06:20:39.539 INFO:teuthology.orchestra.run.smithi062.stdout:/usr/bin/ceph: stderr
2024-05-09T06:20:36.845+0000 7f4dd97fa700 1 --2- 172.21.15.62:0/3317950556 >> [v2:172.21.15.62:6800/942541084,v1:172.21.15.62:6801/942541084] conn(0x7f4dc80368a0 0x7f4dc8038d50 unknown :-1 s=NONE pgs=0 cs=0 l=1 rev1=0 crypto rx=0 tx=0 comp rx=0 tx=0).connect
2024-05-09T06:20:39.540 INFO:teuthology.orchestra.run.smithi062.stdout:/usr/bin/ceph: stderr
2024-05-09T06:20:36.845+0000 7f4dd97fa700 1 -- 172.21.15.62:0/3317950556 <== mon.0 v2:172.21.15.62:3300/0 5 ==== osd_map(2..2 src has 1..2) v4 ==== 936+0+0 (secure 0 0 0) 0x7f4dcc049de0 con 0x7f4ddc078c60
2024-05-09T06:20:39.540 INFO:teuthology.orchestra.run.smithi062.stdout:/usr/bin/ceph: stderr
2024-05-09T06:20:36.845+0000 7f4dd3fff700 1 --2- 172.21.15.62:0/3317950556 >> [v2:172.21.15.62:6800/942541084,v1:172.21.15.62:6801/942541084] conn(0x7f4dc80368a0 0x7f4dc8038d50 unknown :-1 s=BANNER_CONNECTING pgs=0 cs=0 l=1 rev1=0 crypto rx=0 tx=0 comp rx=0 tx=0)._handle_peer_banner_payload supported=3 required=0
2024-05-09T06:20:39.540 INFO:teuthology.orchestra.run.smithi062.stdout:/usr/bin/ceph: stderr
2024-05-09T06:20:36.846+0000 7f4dd3fff700 1 --2- 172.21.15.62:0/3317950556 >> [v2:172.21.15.62:6800/942541084,v1:172.21.15.62:6801/942541084] conn(0x7f4dc80368a0 0x7f4dc8038d50 secure :-1 s=READY pgs=11 cs=0 l=1 rev1=1 crypto rx=0x7f4dc4009990 tx=0x7f4dc4006e40 comp rx=0 tx=0).ready entity=mgr.14120 client_cookie=0 server_cookie=0 in_seq=0 out_seq=0
2024-05-09T06:20:39.540 INFO:teuthology.orchestra.run.smithi062.stdout:/usr/bin/ceph: stderr
2024-05-09T06:20:36.850+0000 7f4dd97fa700 1 -- 172.21.15.62:0/3317950556 <== mon.0 v2:172.21.15.62:3300/0 6 ==== mon_command_ack([{"prefix": "get_command_descriptions"}]=0 v0) v1 ==== 72+0+176702 (secure 0 0 0) 0x7f4dcc0239b0 con 0x7f4ddc078c60
2024-05-09T06:20:39.540 INFO:teuthology.orchestra.run.smithi062.stdout:/usr/bin/ceph: stderr
2024-05-09T06:20:37.049+0000 7f4de2977700 1 -- 172.21.15.62:0/3317950556 --> [v2:172.21.15.62:6800/942541084,v1:172.21.15.62:6801/942541084] -- mgr_command(tid 0: {"prefix": "orch host add", "hostname": "smithi062", "addr": "172.21.15.62", "target": ["mon-mgr", ""]}) v1 -- 0x7f4ddc0ff2f0 con 0x7f4dc80368a0
2024-05-09T06:20:39.540 INFO:teuthology.orchestra.run.smithi062.stdout:/usr/bin/ceph: stderr
2024-05-09T06:20:38.984+0000 7f4dd97fa700 1 -- 172.21.15.62:0/3317950556 <== mgr.14120 v2:172.21.15.62:6800/942541084 1 ==== mgr_command_reply(tid 0: 0 ) v1 ==== 8+0+48 (secure 0 0 0) 0x7f4ddc0ff2f0 con 0x7f4dc80368a0
2024-05-09T06:20:39.540 INFO:teuthology.orchestra.run.smithi062.stdout:/usr/bin/ceph: stderr
2024-05-09T06:20:38.987+0000 7f4de2977700 1 -- 172.21.15.62:0/3317950556 >> [v2:172.21.15.62:6800/942541084,v1:172.21.15.62:6801/942541084] conn(0x7f4dc80368a0 msgr2=0x7f4dc8038d50 secure :-1 s=STATE_CONNECTION_ESTABLISHED l=1).mark_down
2024-05-09T06:20:39.540 INFO:teuthology.orchestra.run.smithi062.stdout:/usr/bin/ceph: stderr
2024-05-09T06:20:38.987+0000 7f4de2977700 1 --2- 172.21.15.62:0/3317950556 >> [v2:172.21.15.62:6800/942541084,v1:172.21.15.62:6801/942541084] conn(0x7f4dc80368a0 0x7f4dc8038d50 secure :-1 s=READY pgs=11 cs=0 l=1 rev1=1 crypto rx=0x7f4dc4009990 tx=0x7f4dc4006e40 comp rx=0 tx=0).stop
2024-05-09T06:20:39.540 INFO:teuthology.orchestra.run.smithi062.stdout:/usr/bin/ceph: stderr
2024-05-09T06:20:38.987+0000 7f4de2977700 1 -- 172.21.15.62:0/3317950556 >> [v2:172.21.15.62:3300/0,v1:172.21.15.62:6789/0] conn(0x7f4ddc078c60 msgr2=0x7f4ddc113840 secure :-1 s=STATE_CONNECTION_ESTABLISHED l=1).mark_down
2024-05-09T06:20:39.540 INFO:teuthology.orchestra.run.smithi062.stdout:/usr/bin/ceph: stderr
2024-05-09T06:20:38.987+0000 7f4de2977700 1 --2- 172.21.15.62:0/3317950556 >> [v2:172.21.15.62:3300/0,v1:172.21.15.62:6789/0] conn(0x7f4ddc078c60 0x7f4ddc113840 secure :-1 s=READY pgs=46 cs=0 l=1 rev1=1 crypto rx=0x7f4dcc006fd0 tx=0x7f4dcc009250 comp rx=0 tx=0).stop
2024-05-09T06:20:39.540 INFO:teuthology.orchestra.run.smithi062.stdout:/usr/bin/ceph: stderr
2024-05-09T06:20:38.987+0000 7f4de2977700 1 -- 172.21.15.62:0/3317950556 shutdown_connections
2024-05-09T06:20:39.540 INFO:teuthology.orchestra.run.smithi062.stdout:/usr/bin/ceph: stderr
2024-05-09T06:20:38.987+0000 7f4de2977700 1 --2- 172.21.15.62:0/3317950556 >> [v2:172.21.15.62:6800/942541084,v1:172.21.15.62:6801/942541084] conn(0x7f4dc80368a0 0x7f4dc8038d50 unknown :-1 s=CLOSED pgs=11 cs=0 l=1 rev1=1 crypto rx=0 tx=0 comp rx=0 tx=0).stop
2024-05-09T06:20:39.541 INFO:teuthology.orchestra.run.smithi062.stdout:/usr/bin/ceph: stderr
2024-05-09T06:20:38.987+0000 7f4de2977700 1 --2- 172.21.15.62:0/3317950556 >> [v2:172.21.15.62:3300/0,v1:172.21.15.62:6789/0] conn(0x7f4ddc078c60 0x7f4ddc113840 unknown :-1 s=CLOSED pgs=46 cs=0 l=1 rev1=1 crypto rx=0 tx=0 comp rx=0 tx=0).stop
2024-05-09T06:20:39.541 INFO:teuthology.orchestra.run.smithi062.stdout:/usr/bin/ceph: stderr
2024-05-09T06:20:38.987+0000 7f4de2977700 1 -- 172.21.15.62:0/3317950556 >> 172.21.15.62:0/3317950556 conn(0x7f4ddc0fe060 msgr2=0x7f4ddc0febe0 unknown :-1 s=STATE_NONE l=0).mark_down
2024-05-09T06:20:39.541 INFO:teuthology.orchestra.run.smithi062.stdout:/usr/bin/ceph: stderr
2024-05-09T06:20:38.987+0000 7f4de2977700 1 -- 172.21.15.62:0/3317950556 shutdown_connections
2024-05-09T06:20:39.541 INFO:teuthology.orchestra.run.smithi062.stdout:/usr/bin/ceph: stderr
2024-05-09T06:20:38.987+0000 7f4de2977700 1 -- 172.21.15.62:0/3317950556 wait complete.
2024-05-09T06:20:39.541 INFO:teuthology.orchestra.run.smithi062.stdout:Deploying mon service with default placement...
2024-05-09T06:20:40.176 INFO:journalctl@ceph.mon.smithi062.smithi062.stdout:May 09 06:20:39 smithi062 ceph-mon[26920]: from='mgr.14120 172.21.15.62:0/1366453683' entity='mgr.smithi062.juuasl'
2024-05-09T06:20:40.176 INFO:journalctl@ceph.mon.smithi062.smithi062.stdout:May 09 06:20:39 smithi062 ceph-mon[26920]: Added host smithi062
2024-05-09T06:20:40.176 INFO:journalctl@ceph.mon.smithi062.smithi062.stdout:May 09 06:20:39 smithi062 ceph-mon[26920]: from='mgr.14120 172.21.15.62:0/1366453683' entity='mgr.smithi062.juuasl' cmd=[{"prefix": "config dump", "format": "json"}]: dispatch
2024-05-09T06:20:40.922 INFO:teuthology.orchestra.run.smithi062.stdout:/usr/bin/ceph: stdout Scheduled mon update...
2024-05-09T06:20:40.922 INFO:teuthology.orchestra.run.smithi062.stdout:/usr/bin/ceph: stderr
2024-05-09T06:20:40.042+0000 7ff402622700 1 Processor -- start
2024-05-09T06:20:40.922 INFO:teuthology.orchestra.run.smithi062.stdout:/usr/bin/ceph: stderr
2024-05-09T06:20:40.042+0000 7ff402622700 1 -- start start
2024-05-09T06:20:40.922 INFO:teuthology.orchestra.run.smithi062.stdout:/usr/bin/ceph: stderr
2024-05-09T06:20:40.042+0000 7ff402622700 1 --2- >> [v2:172.21.15.62:3300/0,v1:172.21.15.62:6789/0] conn(0x7ff3fc101750 0x7ff3fc101b60 unknown :-1 s=NONE pgs=0 cs=0 l=0 rev1=0 crypto rx=0 tx=0 comp rx=0 tx=0).connect
2024-05-09T06:20:40.922 INFO:teuthology.orchestra.run.smithi062.stdout:/usr/bin/ceph: stderr
2024-05-09T06:20:40.042+0000 7ff402622700 1 -- --> [v2:172.21.15.62:3300/0,v1:172.21.15.62:6789/0] -- mon_getmap magic: 0 v1 -- 0x7ff3fc1020a0 con 0x7ff3fc101750
2024-05-09T06:20:40.922 INFO:teuthology.orchestra.run.smithi062.stdout:/usr/bin/ceph: stderr
2024-05-09T06:20:40.042+0000 7ff3fbfff700 1 --2- >> [v2:172.21.15.62:3300/0,v1:172.21.15.62:6789/0] conn(0x7ff3fc101750 0x7ff3fc101b60 unknown :-1 s=BANNER_CONNECTING pgs=0 cs=0 l=0 rev1=0 crypto rx=0 tx=0 comp rx=0 tx=0)._handle_peer_banner_payload supported=3 required=0
2024-05-09T06:20:40.922 INFO:teuthology.orchestra.run.smithi062.stdout:/usr/bin/ceph: stderr
2024-05-09T06:20:40.042+0000 7ff3fbfff700 1 --2- >> [v2:172.21.15.62:3300/0,v1:172.21.15.62:6789/0] conn(0x7ff3fc101750 0x7ff3fc101b60 unknown :-1 s=HELLO_CONNECTING pgs=0 cs=0 l=0 rev1=1 crypto rx=0 tx=0 comp rx=0 tx=0).handle_hello peer v2:172.21.15.62:3300/0 says I am v2:172.21.15.62:48166/0 (socket says 172.21.15.62:48166)
2024-05-09T06:20:40.922 INFO:teuthology.orchestra.run.smithi062.stdout:/usr/bin/ceph: stderr
2024-05-09T06:20:40.042+0000 7ff3fbfff700 1 -- 172.21.15.62:0/445738306 learned_addr learned my addr 172.21.15.62:0/445738306 (peer_addr_for_me v2:172.21.15.62:0/0)
2024-05-09T06:20:40.922 INFO:teuthology.orchestra.run.smithi062.stdout:/usr/bin/ceph: stderr
2024-05-09T06:20:40.042+0000 7ff3fbfff700 1 -- 172.21.15.62:0/445738306 --> [v2:172.21.15.62:3300/0,v1:172.21.15.62:6789/0] -- mon_subscribe({config=0+,monmap=0+}) v3 -- 0x7ff3fc1021e0 con 0x7ff3fc101750
2024-05-09T06:20:40.923 INFO:teuthology.orchestra.run.smithi062.stdout:/usr/bin/ceph: stderr
2024-05-09T06:20:40.042+0000 7ff3fbfff700 1 --2- 172.21.15.62:0/445738306 >> [v2:172.21.15.62:3300/0,v1:172.21.15.62:6789/0] conn(0x7ff3fc101750 0x7ff3fc101b60 secure :-1 s=READY pgs=47 cs=0 l=1 rev1=1 crypto rx=0x7ff3ec0098e0 tx=0x7ff3ec009250 comp rx=0 tx=0).ready entity=mon.0 client_cookie=134285541b74dbb0 server_cookie=0 in_seq=0 out_seq=0
2024-05-09T06:20:40.923 INFO:teuthology.orchestra.run.smithi062.stdout:/usr/bin/ceph: stderr
2024-05-09T06:20:40.043+0000 7ff3faffd700 1 -- 172.21.15.62:0/445738306 <== mon.0 v2:172.21.15.62:3300/0 1 ==== mon_map magic: 0 v1 ==== 229+0+0 (secure 0 0 0) 0x7ff3ec00b860 con 0x7ff3fc101750
2024-05-09T06:20:40.923 INFO:teuthology.orchestra.run.smithi062.stdout:/usr/bin/ceph: stderr
2024-05-09T06:20:40.043+0000 7ff3faffd700 1 -- 172.21.15.62:0/445738306 <== mon.0 v2:172.21.15.62:3300/0 2 ==== config(27 keys) v1 ==== 1044+0+0 (secure 0 0 0) 0x7ff3ec00be50 con 0x7ff3fc101750
2024-05-09T06:20:40.923 INFO:teuthology.orchestra.run.smithi062.stdout:/usr/bin/ceph: stderr
2024-05-09T06:20:40.043+0000 7ff3faffd700 1 -- 172.21.15.62:0/445738306 <== mon.0 v2:172.21.15.62:3300/0 3 ==== mon_map magic: 0 v1 ==== 229+0+0 (secure 0 0 0) 0x7ff3ec010380 con 0x7ff3fc101750
2024-05-09T06:20:40.923 INFO:teuthology.orchestra.run.smithi062.stdout:/usr/bin/ceph: stderr
2024-05-09T06:20:40.043+0000 7ff402622700 1 -- 172.21.15.62:0/445738306 >> [v2:172.21.15.62:3300/0,v1:172.21.15.62:6789/0] conn(0x7ff3fc101750 msgr2=0x7ff3fc101b60 secure :-1 s=STATE_CONNECTION_ESTABLISHED l=1).mark_down
2024-05-09T06:20:40.923 INFO:teuthology.orchestra.run.smithi062.stdout:/usr/bin/ceph: stderr
2024-05-09T06:20:40.043+0000 7ff402622700 1 --2- 172.21.15.62:0/445738306 >> [v2:172.21.15.62:3300/0,v1:172.21.15.62:6789/0] conn(0x7ff3fc101750 0x7ff3fc101b60 secure :-1 s=READY pgs=47 cs=0 l=1 rev1=1 crypto rx=0x7ff3ec0098e0 tx=0x7ff3ec009250 comp rx=0 tx=0).stop
2024-05-09T06:20:40.923 INFO:teuthology.orchestra.run.smithi062.stdout:/usr/bin/ceph: stderr
2024-05-09T06:20:40.043+0000 7ff402622700 1 -- 172.21.15.62:0/445738306 shutdown_connections
2024-05-09T06:20:40.923 INFO:teuthology.orchestra.run.smithi062.stdout:/usr/bin/ceph: stderr
2024-05-09T06:20:40.043+0000 7ff402622700 1 --2- 172.21.15.62:0/445738306 >> [v2:172.21.15.62:3300/0,v1:172.21.15.62:6789/0] conn(0x7ff3fc101750 0x7ff3fc101b60 unknown :-1 s=CLOSED pgs=47 cs=0 l=1 rev1=1 crypto rx=0 tx=0 comp rx=0 tx=0).stop
2024-05-09T06:20:40.923 INFO:teuthology.orchestra.run.smithi062.stdout:/usr/bin/ceph: stderr
2024-05-09T06:20:40.043+0000 7ff402622700 1 -- 172.21.15.62:0/445738306 >> 172.21.15.62:0/445738306 conn(0x7ff3fc0fcef0 msgr2=0x7ff3fc0ff300 unknown :-1 s=STATE_NONE l=0).mark_down
2024-05-09T06:20:40.923 INFO:teuthology.orchestra.run.smithi062.stdout:/usr/bin/ceph: stderr
2024-05-09T06:20:40.043+0000 7ff402622700 1 -- 172.21.15.62:0/445738306 shutdown_connections
2024-05-09T06:20:40.923 INFO:teuthology.orchestra.run.smithi062.stdout:/usr/bin/ceph: stderr
2024-05-09T06:20:40.043+0000 7ff402622700 1 -- 172.21.15.62:0/445738306 wait complete.
2024-05-09T06:20:40.923 INFO:teuthology.orchestra.run.smithi062.stdout:/usr/bin/ceph: stderr
2024-05-09T06:20:40.044+0000 7ff402622700 1 Processor -- start
2024-05-09T06:20:40.923 INFO:teuthology.orchestra.run.smithi062.stdout:/usr/bin/ceph: stderr
2024-05-09T06:20:40.044+0000 7ff402622700 1 -- start start
2024-05-09T06:20:40.923 INFO:teuthology.orchestra.run.smithi062.stdout:/usr/bin/ceph: stderr
2024-05-09T06:20:40.044+0000 7ff402622700 1 --2- >> [v2:172.21.15.62:3300/0,v1:172.21.15.62:6789/0] conn(0x7ff3fc101750 0x7ff3fc076b20 unknown :-1 s=NONE pgs=0 cs=0 l=1 rev1=0 crypto rx=0 tx=0 comp rx=0 tx=0).connect
2024-05-09T06:20:40.924 INFO:teuthology.orchestra.run.smithi062.stdout:/usr/bin/ceph: stderr
2024-05-09T06:20:40.044+0000 7ff402622700 1 -- --> [v2:172.21.15.62:3300/0,v1:172.21.15.62:6789/0] -- mon_getmap magic: 0 v1 -- 0x7ff3fc1142d0 con 0x7ff3fc101750
2024-05-09T06:20:40.924 INFO:teuthology.orchestra.run.smithi062.stdout:/usr/bin/ceph: stderr
2024-05-09T06:20:40.044+0000 7ff3fbfff700 1 --2- >> [v2:172.21.15.62:3300/0,v1:172.21.15.62:6789/0] conn(0x7ff3fc101750 0x7ff3fc076b20 unknown :-1 s=BANNER_CONNECTING pgs=0 cs=0 l=1 rev1=0 crypto rx=0 tx=0 comp rx=0 tx=0)._handle_peer_banner_payload supported=3 required=0
2024-05-09T06:20:40.924 INFO:teuthology.orchestra.run.smithi062.stdout:/usr/bin/ceph: stderr
2024-05-09T06:20:40.044+0000 7ff3fbfff700 1 --2- >> [v2:172.21.15.62:3300/0,v1:172.21.15.62:6789/0] conn(0x7ff3fc101750 0x7ff3fc076b20 unknown :-1 s=HELLO_CONNECTING pgs=0 cs=0 l=1 rev1=1 crypto rx=0 tx=0 comp rx=0 tx=0).handle_hello peer v2:172.21.15.62:3300/0 says I am v2:172.21.15.62:48180/0 (socket says 172.21.15.62:48180)
2024-05-09T06:20:40.924 INFO:teuthology.orchestra.run.smithi062.stdout:/usr/bin/ceph: stderr
2024-05-09T06:20:40.044+0000 7ff3fbfff700 1 -- 172.21.15.62:0/2083974078 learned_addr learned my addr 172.21.15.62:0/2083974078 (peer_addr_for_me v2:172.21.15.62:0/0)
2024-05-09T06:20:40.924 INFO:teuthology.orchestra.run.smithi062.stdout:/usr/bin/ceph: stderr
2024-05-09T06:20:40.045+0000 7ff3fbfff700 1 -- 172.21.15.62:0/2083974078 --> [v2:172.21.15.62:3300/0,v1:172.21.15.62:6789/0] -- mon_subscribe({config=0+,monmap=0+}) v3 -- 0x7ff3ec0094f0 con 0x7ff3fc101750
2024-05-09T06:20:40.924 INFO:teuthology.orchestra.run.smithi062.stdout:/usr/bin/ceph: stderr
2024-05-09T06:20:40.045+0000 7ff3fbfff700 1 --2- 172.21.15.62:0/2083974078 >> [v2:172.21.15.62:3300/0,v1:172.21.15.62:6789/0] conn(0x7ff3fc101750 0x7ff3fc076b20 secure :-1 s=READY pgs=48 cs=0 l=1 rev1=1 crypto rx=0x7ff3ec00b440 tx=0x7ff3ec009250 comp rx=0 tx=0).ready entity=mon.0 client_cookie=0 server_cookie=0 in_seq=0 out_seq=0
2024-05-09T06:20:40.924 INFO:teuthology.orchestra.run.smithi062.stdout:/usr/bin/ceph: stderr
2024-05-09T06:20:40.045+0000 7ff3f8ff9700 1 -- 172.21.15.62:0/2083974078 <== mon.0 v2:172.21.15.62:3300/0 1 ==== mon_map magic: 0 v1 ==== 229+0+0 (secure 0 0 0) 0x7ff3ec010760 con 0x7ff3fc101750
2024-05-09T06:20:40.924 INFO:teuthology.orchestra.run.smithi062.stdout:/usr/bin/ceph: stderr
2024-05-09T06:20:40.045+0000 7ff3f8ff9700 1 -- 172.21.15.62:0/2083974078 <== mon.0 v2:172.21.15.62:3300/0 2 ==== config(27 keys) v1 ==== 1044+0+0 (secure 0 0 0) 0x7ff3ec010d50 con 0x7ff3fc101750
2024-05-09T06:20:40.924 INFO:teuthology.orchestra.run.smithi062.stdout:/usr/bin/ceph: stderr
2024-05-09T06:20:40.045+0000 7ff402622700 1 -- 172.21.15.62:0/2083974078 --> [v2:172.21.15.62:3300/0,v1:172.21.15.62:6789/0] -- mon_subscribe({mgrmap=0+}) v3 -- 0x7ff3fc114410 con 0x7ff3fc101750
2024-05-09T06:20:40.924 INFO:teuthology.orchestra.run.smithi062.stdout:/usr/bin/ceph: stderr
2024-05-09T06:20:40.045+0000 7ff3f8ff9700 1 -- 172.21.15.62:0/2083974078 <== mon.0 v2:172.21.15.62:3300/0 3 ==== mon_map magic: 0 v1 ==== 229+0+0 (secure 0 0 0) 0x7ff3ec01ae20 con 0x7ff3fc101750
2024-05-09T06:20:40.924 INFO:teuthology.orchestra.run.smithi062.stdout:/usr/bin/ceph: stderr
2024-05-09T06:20:40.045+0000 7ff402622700 1 -- 172.21.15.62:0/2083974078 --> [v2:172.21.15.62:3300/0,v1:172.21.15.62:6789/0] -- mon_subscribe({osdmap=0}) v3 -- 0x7ff3fc1148a0 con 0x7ff3fc101750
2024-05-09T06:20:40.924 INFO:teuthology.orchestra.run.smithi062.stdout:/usr/bin/ceph: stderr
2024-05-09T06:20:40.046+0000 7ff3f8ff9700 1 -- 172.21.15.62:0/2083974078 <== mon.0 v2:172.21.15.62:3300/0 4 ==== mgrmap(e 8) v1 ==== 43376+0+0 (secure 0 0 0) 0x7ff3ec02e440 con 0x7ff3fc101750
2024-05-09T06:20:40.924 INFO:teuthology.orchestra.run.smithi062.stdout:/usr/bin/ceph: stderr
2024-05-09T06:20:40.046+0000 7ff402622700 1 -- 172.21.15.62:0/2083974078 --> [v2:172.21.15.62:3300/0,v1:172.21.15.62:6789/0] -- mon_command({"prefix": "get_command_descriptions"} v 0) v1 -- 0x7ff3fc04bed0 con 0x7ff3fc101750
2024-05-09T06:20:40.924 INFO:teuthology.orchestra.run.smithi062.stdout:/usr/bin/ceph: stderr
2024-05-09T06:20:40.046+0000 7ff3f8ff9700 1 --2- 172.21.15.62:0/2083974078 >> [v2:172.21.15.62:6800/942541084,v1:172.21.15.62:6801/942541084] conn(0x7ff3e40368a0 0x7ff3e4038d50 unknown :-1 s=NONE pgs=0 cs=0 l=1 rev1=0 crypto rx=0 tx=0 comp rx=0 tx=0).connect
2024-05-09T06:20:40.925 INFO:teuthology.orchestra.run.smithi062.stdout:/usr/bin/ceph: stderr
2024-05-09T06:20:40.046+0000 7ff3f8ff9700 1 -- 172.21.15.62:0/2083974078 <== mon.0 v2:172.21.15.62:3300/0 5 ==== osd_map(2..2 src has 1..2) v4 ==== 936+0+0 (secure 0 0 0) 0x7ff3ec04a6c0 con 0x7ff3fc101750
2024-05-09T06:20:40.925 INFO:teuthology.orchestra.run.smithi062.stdout:/usr/bin/ceph: stderr
2024-05-09T06:20:40.046+0000 7ff3fb7fe700 1 --2- 172.21.15.62:0/2083974078 >> [v2:172.21.15.62:6800/942541084,v1:172.21.15.62:6801/942541084] conn(0x7ff3e40368a0 0x7ff3e4038d50 unknown :-1 s=BANNER_CONNECTING pgs=0 cs=0 l=1 rev1=0 crypto rx=0 tx=0 comp rx=0 tx=0)._handle_peer_banner_payload supported=3 required=0
2024-05-09T06:20:40.925 INFO:teuthology.orchestra.run.smithi062.stdout:/usr/bin/ceph: stderr
2024-05-09T06:20:40.047+0000 7ff3fb7fe700 1 --2- 172.21.15.62:0/2083974078 >> [v2:172.21.15.62:6800/942541084,v1:172.21.15.62:6801/942541084] conn(0x7ff3e40368a0 0x7ff3e4038d50 secure :-1 s=READY pgs=12 cs=0 l=1 rev1=1 crypto rx=0x7ff3f0009990 tx=0x7ff3f0006e40 comp rx=0 tx=0).ready entity=mgr.14120 client_cookie=0 server_cookie=0 in_seq=0 out_seq=0
2024-05-09T06:20:40.925 INFO:teuthology.orchestra.run.smithi062.stdout:/usr/bin/ceph: stderr
2024-05-09T06:20:40.051+0000 7ff3f8ff9700 1 -- 172.21.15.62:0/2083974078 <== mon.0 v2:172.21.15.62:3300/0 6 ==== mon_command_ack([{"prefix": "get_command_descriptions"}]=0 v0) v1 ==== 72+0+176702 (secure 0 0 0) 0x7ff3ec023d20 con 0x7ff3fc101750
2024-05-09T06:20:40.925 INFO:teuthology.orchestra.run.smithi062.stdout:/usr/bin/ceph: stderr
2024-05-09T06:20:40.259+0000 7ff402622700 1 -- 172.21.15.62:0/2083974078 --> [v2:172.21.15.62:6800/942541084,v1:172.21.15.62:6801/942541084] -- mgr_command(tid 0: {"prefix": "orch apply", "service_type": "mon", "target": ["mon-mgr", ""]}) v1 -- 0x7ff3fc0fe090 con 0x7ff3e40368a0
2024-05-09T06:20:40.925 INFO:teuthology.orchestra.run.smithi062.stdout:/usr/bin/ceph: stderr
2024-05-09T06:20:40.267+0000 7ff3f8ff9700 1 -- 172.21.15.62:0/2083974078 <== mgr.14120 v2:172.21.15.62:6800/942541084 1 ==== mgr_command_reply(tid 0: 0 ) v1 ==== 8+0+24 (secure 0 0 0) 0x7ff3fc0fe090 con 0x7ff3e40368a0
2024-05-09T06:20:40.925 INFO:teuthology.orchestra.run.smithi062.stdout:/usr/bin/ceph: stderr
2024-05-09T06:20:40.269+0000 7ff402622700 1 -- 172.21.15.62:0/2083974078 >> [v2:172.21.15.62:6800/942541084,v1:172.21.15.62:6801/942541084] conn(0x7ff3e40368a0 msgr2=0x7ff3e4038d50 secure :-1 s=STATE_CONNECTION_ESTABLISHED l=1).mark_down
2024-05-09T06:20:40.925 INFO:teuthology.orchestra.run.smithi062.stdout:/usr/bin/ceph: stderr
2024-05-09T06:20:40.269+0000 7ff402622700 1 --2- 172.21.15.62:0/2083974078 >> [v2:172.21.15.62:6800/942541084,v1:172.21.15.62:6801/942541084] conn(0x7ff3e40368a0 0x7ff3e4038d50 secure :-1 s=READY pgs=12 cs=0 l=1 rev1=1 crypto rx=0x7ff3f0009990 tx=0x7ff3f0006e40 comp rx=0 tx=0).stop
2024-05-09T06:20:40.925 INFO:teuthology.orchestra.run.smithi062.stdout:/usr/bin/ceph: stderr
