2024-05-09T06:20:56.980+0000 7ff552d7e700 1 --2- 172.21.15.46:0/2937079618 >> [v2:172.21.15.46:3300/0,v1:172.21.15.46:6789/0] conn(0x7ff54c076c20 0x7ff54c105440 secure :-1 s=READY pgs=22 cs=0 l=1 rev1=1 crypto rx=0x7ff5340098e0 tx=0x7ff534009250 comp rx=0 tx=0).stop
2024-05-09T06:20:57.885 INFO:teuthology.orchestra.run.smithi046.stdout:/usr/bin/ceph: stderr
2024-05-09T06:20:56.980+0000 7ff552d7e700 1 -- 172.21.15.46:0/2937079618 shutdown_connections
2024-05-09T06:20:57.885 INFO:teuthology.orchestra.run.smithi046.stdout:/usr/bin/ceph: stderr
2024-05-09T06:20:56.980+0000 7ff552d7e700 1 --2- 172.21.15.46:0/2937079618 >> [v2:172.21.15.46:3300/0,v1:172.21.15.46:6789/0] conn(0x7ff54c076c20 0x7ff54c105440 unknown :-1 s=CLOSED pgs=22 cs=0 l=1 rev1=1 crypto rx=0 tx=0 comp rx=0 tx=0).stop
2024-05-09T06:20:57.885 INFO:teuthology.orchestra.run.smithi046.stdout:/usr/bin/ceph: stderr
2024-05-09T06:20:56.980+0000 7ff552d7e700 1 -- 172.21.15.46:0/2937079618 >> 172.21.15.46:0/2937079618 conn(0x7ff54c0fced0 msgr2=0x7ff54c0ff2e0 unknown :-1 s=STATE_NONE l=0).mark_down
2024-05-09T06:20:57.885 INFO:teuthology.orchestra.run.smithi046.stdout:/usr/bin/ceph: stderr
2024-05-09T06:20:56.980+0000 7ff552d7e700 1 -- 172.21.15.46:0/2937079618 shutdown_connections
2024-05-09T06:20:57.885 INFO:teuthology.orchestra.run.smithi046.stdout:/usr/bin/ceph: stderr
2024-05-09T06:20:56.980+0000 7ff552d7e700 1 -- 172.21.15.46:0/2937079618 wait complete.
2024-05-09T06:20:57.885 INFO:teuthology.orchestra.run.smithi046.stdout:/usr/bin/ceph: stderr
2024-05-09T06:20:56.980+0000 7ff552d7e700 1 Processor -- start
2024-05-09T06:20:57.885 INFO:teuthology.orchestra.run.smithi046.stdout:/usr/bin/ceph: stderr
2024-05-09T06:20:56.981+0000 7ff552d7e700 1 -- start start
2024-05-09T06:20:57.885 INFO:teuthology.orchestra.run.smithi046.stdout:/usr/bin/ceph: stderr
2024-05-09T06:20:56.981+0000 7ff552d7e700 1 --2- >> [v2:172.21.15.46:3300/0,v1:172.21.15.46:6789/0] conn(0x7ff54c076c20 0x7ff54c1115e0 unknown :-1 s=NONE pgs=0 cs=0 l=1 rev1=0 crypto rx=0 tx=0 comp rx=0 tx=0).connect
2024-05-09T06:20:57.885 INFO:teuthology.orchestra.run.smithi046.stdout:/usr/bin/ceph: stderr
2024-05-09T06:20:56.981+0000 7ff552d7e700 1 -- --> [v2:172.21.15.46:3300/0,v1:172.21.15.46:6789/0] -- mon_getmap magic: 0 v1 -- 0x7ff54c111b20 con 0x7ff54c076c20
2024-05-09T06:20:57.885 INFO:teuthology.orchestra.run.smithi046.stdout:/usr/bin/ceph: stderr
2024-05-09T06:20:56.981+0000 7ff550b1a700 1 --2- >> [v2:172.21.15.46:3300/0,v1:172.21.15.46:6789/0] conn(0x7ff54c076c20 0x7ff54c1115e0 unknown :-1 s=BANNER_CONNECTING pgs=0 cs=0 l=1 rev1=0 crypto rx=0 tx=0 comp rx=0 tx=0)._handle_peer_banner_payload supported=3 required=0
2024-05-09T06:20:57.885 INFO:teuthology.orchestra.run.smithi046.stdout:/usr/bin/ceph: stderr
2024-05-09T06:20:56.981+0000 7ff550b1a700 1 --2- >> [v2:172.21.15.46:3300/0,v1:172.21.15.46:6789/0] conn(0x7ff54c076c20 0x7ff54c1115e0 unknown :-1 s=HELLO_CONNECTING pgs=0 cs=0 l=1 rev1=1 crypto rx=0 tx=0 comp rx=0 tx=0).handle_hello peer v2:172.21.15.46:3300/0 says I am v2:172.21.15.46:52746/0 (socket says 172.21.15.46:52746)
2024-05-09T06:20:57.885 INFO:teuthology.orchestra.run.smithi046.stdout:/usr/bin/ceph: stderr
2024-05-09T06:20:56.981+0000 7ff550b1a700 1 -- 172.21.15.46:0/3875218309 learned_addr learned my addr 172.21.15.46:0/3875218309 (peer_addr_for_me v2:172.21.15.46:0/0)
2024-05-09T06:20:57.885 INFO:teuthology.orchestra.run.smithi046.stdout:/usr/bin/ceph: stderr
2024-05-09T06:20:56.981+0000 7ff550b1a700 1 -- 172.21.15.46:0/3875218309 --> [v2:172.21.15.46:3300/0,v1:172.21.15.46:6789/0] -- mon_subscribe({config=0+,monmap=0+}) v3 -- 0x7ff5340094f0 con 0x7ff54c076c20
2024-05-09T06:20:57.886 INFO:teuthology.orchestra.run.smithi046.stdout:/usr/bin/ceph: stderr
2024-05-09T06:20:56.981+0000 7ff550b1a700 1 --2- 172.21.15.46:0/3875218309 >> [v2:172.21.15.46:3300/0,v1:172.21.15.46:6789/0] conn(0x7ff54c076c20 0x7ff54c1115e0 secure :-1 s=READY pgs=23 cs=0 l=1 rev1=1 crypto rx=0x7ff534003050 tx=0x7ff534009250 comp rx=0 tx=0).ready entity=mon.0 client_cookie=0 server_cookie=0 in_seq=0 out_seq=0
2024-05-09T06:20:57.886 INFO:teuthology.orchestra.run.smithi046.stdout:/usr/bin/ceph: stderr
2024-05-09T06:20:56.982+0000 7ff5497fa700 1 -- 172.21.15.46:0/3875218309 <== mon.0 v2:172.21.15.46:3300/0 1 ==== mon_map magic: 0 v1 ==== 229+0+0 (secure 0 0 0) 0x7ff534010760 con 0x7ff54c076c20
2024-05-09T06:20:57.886 INFO:teuthology.orchestra.run.smithi046.stdout:/usr/bin/ceph: stderr
2024-05-09T06:20:56.982+0000 7ff552d7e700 1 -- 172.21.15.46:0/3875218309 --> [v2:172.21.15.46:3300/0,v1:172.21.15.46:6789/0] -- mon_subscribe({mgrmap=0+}) v3 -- 0x7ff54c111d20 con 0x7ff54c076c20
2024-05-09T06:20:57.886 INFO:teuthology.orchestra.run.smithi046.stdout:/usr/bin/ceph: stderr
2024-05-09T06:20:56.982+0000 7ff5497fa700 1 -- 172.21.15.46:0/3875218309 <== mon.0 v2:172.21.15.46:3300/0 2 ==== config(27 keys) v1 ==== 1044+0+0 (secure 0 0 0) 0x7ff534010d50 con 0x7ff54c076c20
2024-05-09T06:20:57.886 INFO:teuthology.orchestra.run.smithi046.stdout:/usr/bin/ceph: stderr
2024-05-09T06:20:56.982+0000 7ff5497fa700 1 -- 172.21.15.46:0/3875218309 <== mon.0 v2:172.21.15.46:3300/0 3 ==== mon_map magic: 0 v1 ==== 229+0+0 (secure 0 0 0) 0x7ff53401ae20 con 0x7ff54c076c20
2024-05-09T06:20:57.886 INFO:teuthology.orchestra.run.smithi046.stdout:/usr/bin/ceph: stderr
2024-05-09T06:20:56.982+0000 7ff552d7e700 1 -- 172.21.15.46:0/3875218309 --> [v2:172.21.15.46:3300/0,v1:172.21.15.46:6789/0] -- mon_subscribe({osdmap=0}) v3 -- 0x7ff54c112890 con 0x7ff54c076c20
2024-05-09T06:20:57.886 INFO:teuthology.orchestra.run.smithi046.stdout:/usr/bin/ceph: stderr
2024-05-09T06:20:56.982+0000 7ff5497fa700 1 -- 172.21.15.46:0/3875218309 <== mon.0 v2:172.21.15.46:3300/0 4 ==== mgrmap(e 4) v1 ==== 43365+0+0 (secure 0 0 0) 0x7ff53402e440 con 0x7ff54c076c20
2024-05-09T06:20:57.886 INFO:teuthology.orchestra.run.smithi046.stdout:/usr/bin/ceph: stderr
2024-05-09T06:20:56.983+0000 7ff552d7e700 1 -- 172.21.15.46:0/3875218309 --> [v2:172.21.15.46:3300/0,v1:172.21.15.46:6789/0] -- mon_command({"prefix": "get_command_descriptions"} v 0) v1 -- 0x7ff54c05f5c0 con 0x7ff54c076c20
2024-05-09T06:20:57.886 INFO:teuthology.orchestra.run.smithi046.stdout:/usr/bin/ceph: stderr
2024-05-09T06:20:56.983+0000 7ff5497fa700 1 --2- 172.21.15.46:0/3875218309 >> [v2:172.21.15.46:6800/544704645,v1:172.21.15.46:6801/544704645] conn(0x7ff5380367e0 0x7ff538038c90 unknown :-1 s=NONE pgs=0 cs=0 l=1 rev1=0 crypto rx=0 tx=0 comp rx=0 tx=0).connect
2024-05-09T06:20:57.886 INFO:teuthology.orchestra.run.smithi046.stdout:/usr/bin/ceph: stderr
2024-05-09T06:20:56.983+0000 7ff5497fa700 1 -- 172.21.15.46:0/3875218309 <== mon.0 v2:172.21.15.46:3300/0 5 ==== osd_map(1..1 src has 1..1) v4 ==== 721+0+0 (secure 0 0 0) 0x7ff53404a620 con 0x7ff54c076c20
2024-05-09T06:20:57.886 INFO:teuthology.orchestra.run.smithi046.stdout:/usr/bin/ceph: stderr
2024-05-09T06:20:56.983+0000 7ff54bfff700 1 --2- 172.21.15.46:0/3875218309 >> [v2:172.21.15.46:6800/544704645,v1:172.21.15.46:6801/544704645] conn(0x7ff5380367e0 0x7ff538038c90 unknown :-1 s=BANNER_CONNECTING pgs=0 cs=0 l=1 rev1=0 crypto rx=0 tx=0 comp rx=0 tx=0)._handle_peer_banner_payload supported=3 required=0
2024-05-09T06:20:57.886 INFO:teuthology.orchestra.run.smithi046.stdout:/usr/bin/ceph: stderr
2024-05-09T06:20:56.983+0000 7ff54bfff700 1 --2- 172.21.15.46:0/3875218309 >> [v2:172.21.15.46:6800/544704645,v1:172.21.15.46:6801/544704645] conn(0x7ff5380367e0 0x7ff538038c90 secure :-1 s=READY pgs=8 cs=0 l=1 rev1=1 crypto rx=0x7ff53c00ad90 tx=0x7ff53c009410 comp rx=0 tx=0).ready entity=mgr.14100 client_cookie=0 server_cookie=0 in_seq=0 out_seq=0
2024-05-09T06:20:57.887 INFO:teuthology.orchestra.run.smithi046.stdout:/usr/bin/ceph: stderr
2024-05-09T06:20:56.987+0000 7ff5497fa700 1 -- 172.21.15.46:0/3875218309 <== mon.0 v2:172.21.15.46:3300/0 6 ==== mon_command_ack([{"prefix": "get_command_descriptions"}]=0 v0) v1 ==== 72+0+176702 (secure 0 0 0) 0x7ff534018760 con 0x7ff54c076c20
2024-05-09T06:20:57.887 INFO:teuthology.orchestra.run.smithi046.stdout:/usr/bin/ceph: stderr
2024-05-09T06:20:57.236+0000 7ff552d7e700 1 -- 172.21.15.46:0/3875218309 --> [v2:172.21.15.46:3300/0,v1:172.21.15.46:6789/0] -- mon_command({"prefix": "mgr module enable", "module": "cephadm"} v 0) v1 -- 0x7ff54c04bed0 con 0x7ff54c076c20
2024-05-09T06:20:57.887 INFO:teuthology.orchestra.run.smithi046.stdout:/usr/bin/ceph: stderr
2024-05-09T06:20:57.368+0000 7ff5497fa700 1 -- 172.21.15.46:0/3875218309 <== mon.0 v2:172.21.15.46:3300/0 7 ==== mgrmap(e 5) v1 ==== 43376+0+0 (secure 0 0 0) 0x7ff53402ed50 con 0x7ff54c076c20
2024-05-09T06:20:57.887 INFO:teuthology.orchestra.run.smithi046.stdout:/usr/bin/ceph: stderr
2024-05-09T06:20:57.369+0000 7ff5497fa700 1 -- 172.21.15.46:0/3875218309 <== mon.0 v2:172.21.15.46:3300/0 8 ==== mon_command_ack([{"prefix": "mgr module enable", "module": "cephadm"}]=0 v5) v1 ==== 86+0+0 (secure 0 0 0) 0x7ff534018350 con 0x7ff54c076c20
2024-05-09T06:20:57.887 INFO:teuthology.orchestra.run.smithi046.stdout:/usr/bin/ceph: stderr
2024-05-09T06:20:57.371+0000 7ff552d7e700 1 -- 172.21.15.46:0/3875218309 >> [v2:172.21.15.46:6800/544704645,v1:172.21.15.46:6801/544704645] conn(0x7ff5380367e0 msgr2=0x7ff538038c90 secure :-1 s=STATE_CONNECTION_ESTABLISHED l=1).mark_down
2024-05-09T06:20:57.887 INFO:teuthology.orchestra.run.smithi046.stdout:/usr/bin/ceph: stderr
2024-05-09T06:20:57.371+0000 7ff552d7e700 1 --2- 172.21.15.46:0/3875218309 >> [v2:172.21.15.46:6800/544704645,v1:172.21.15.46:6801/544704645] conn(0x7ff5380367e0 0x7ff538038c90 secure :-1 s=READY pgs=8 cs=0 l=1 rev1=1 crypto rx=0x7ff53c00ad90 tx=0x7ff53c009410 comp rx=0 tx=0).stop
2024-05-09T06:20:57.887 INFO:teuthology.orchestra.run.smithi046.stdout:/usr/bin/ceph: stderr
2024-05-09T06:20:57.371+0000 7ff552d7e700 1 -- 172.21.15.46:0/3875218309 >> [v2:172.21.15.46:3300/0,v1:172.21.15.46:6789/0] conn(0x7ff54c076c20 msgr2=0x7ff54c1115e0 secure :-1 s=STATE_CONNECTION_ESTABLISHED l=1).mark_down
2024-05-09T06:20:57.887 INFO:teuthology.orchestra.run.smithi046.stdout:/usr/bin/ceph: stderr
2024-05-09T06:20:57.371+0000 7ff552d7e700 1 --2- 172.21.15.46:0/3875218309 >> [v2:172.21.15.46:3300/0,v1:172.21.15.46:6789/0] conn(0x7ff54c076c20 0x7ff54c1115e0 secure :-1 s=READY pgs=23 cs=0 l=1 rev1=1 crypto rx=0x7ff534003050 tx=0x7ff534009250 comp rx=0 tx=0).stop
2024-05-09T06:20:57.887 INFO:teuthology.orchestra.run.smithi046.stdout:/usr/bin/ceph: stderr
2024-05-09T06:20:57.371+0000 7ff552d7e700 1 -- 172.21.15.46:0/3875218309 shutdown_connections
2024-05-09T06:20:57.887 INFO:teuthology.orchestra.run.smithi046.stdout:/usr/bin/ceph: stderr
2024-05-09T06:20:57.371+0000 7ff552d7e700 1 --2- 172.21.15.46:0/3875218309 >> [v2:172.21.15.46:6800/544704645,v1:172.21.15.46:6801/544704645] conn(0x7ff5380367e0 0x7ff538038c90 unknown :-1 s=CLOSED pgs=8 cs=0 l=1 rev1=1 crypto rx=0 tx=0 comp rx=0 tx=0).stop
2024-05-09T06:20:57.887 INFO:teuthology.orchestra.run.smithi046.stdout:/usr/bin/ceph: stderr
2024-05-09T06:20:57.371+0000 7ff552d7e700 1 --2- 172.21.15.46:0/3875218309 >> [v2:172.21.15.46:3300/0,v1:172.21.15.46:6789/0] conn(0x7ff54c076c20 0x7ff54c1115e0 unknown :-1 s=CLOSED pgs=23 cs=0 l=1 rev1=1 crypto rx=0 tx=0 comp rx=0 tx=0).stop
2024-05-09T06:20:57.887 INFO:teuthology.orchestra.run.smithi046.stdout:/usr/bin/ceph: stderr
2024-05-09T06:20:57.371+0000 7ff552d7e700 1 -- 172.21.15.46:0/3875218309 >> 172.21.15.46:0/3875218309 conn(0x7ff54c0fced0 msgr2=0x7ff54c0fd9b0 unknown :-1 s=STATE_NONE l=0).mark_down
2024-05-09T06:20:57.887 INFO:teuthology.orchestra.run.smithi046.stdout:/usr/bin/ceph: stderr
2024-05-09T06:20:57.371+0000 7ff552d7e700 1 -- 172.21.15.46:0/3875218309 shutdown_connections
2024-05-09T06:20:57.887 INFO:teuthology.orchestra.run.smithi046.stdout:/usr/bin/ceph: stderr
2024-05-09T06:20:57.371+0000 7ff552d7e700 1 -- 172.21.15.46:0/3875218309 wait complete.
2024-05-09T06:20:58.798 INFO:journalctl@ceph.mon.smithi046.smithi046.stdout:May 09 06:20:58 smithi046 ceph-mon[26924]: from='client.? 172.21.15.46:0/3875218309' entity='client.admin' cmd='[{"prefix": "mgr module enable", "module": "cephadm"}]': finished
2024-05-09T06:20:58.799 INFO:journalctl@ceph.mon.smithi046.smithi046.stdout:May 09 06:20:58 smithi046 ceph-mon[26924]: mgrmap e5: smithi046.nvpcui(active, since 6s)
2024-05-09T06:20:59.091 INFO:teuthology.orchestra.run.smithi046.stdout:/usr/bin/ceph: stdout {
2024-05-09T06:20:59.092 INFO:teuthology.orchestra.run.smithi046.stdout:/usr/bin/ceph: stdout "epoch": 5,
2024-05-09T06:20:59.092 INFO:teuthology.orchestra.run.smithi046.stdout:/usr/bin/ceph: stdout "available": true,
2024-05-09T06:20:59.092 INFO:teuthology.orchestra.run.smithi046.stdout:/usr/bin/ceph: stdout "active_name": "smithi046.nvpcui",
2024-05-09T06:20:59.092 INFO:teuthology.orchestra.run.smithi046.stdout:/usr/bin/ceph: stdout "num_standby": 0
2024-05-09T06:20:59.092 INFO:teuthology.orchestra.run.smithi046.stdout:/usr/bin/ceph: stdout }
2024-05-09T06:20:59.092 INFO:teuthology.orchestra.run.smithi046.stdout:/usr/bin/ceph: stderr
2024-05-09T06:20:58.314+0000 7ff8e2347700 1 Processor -- start
2024-05-09T06:20:59.092 INFO:teuthology.orchestra.run.smithi046.stdout:/usr/bin/ceph: stderr
2024-05-09T06:20:58.314+0000 7ff8e2347700 1 -- start start
2024-05-09T06:20:59.092 INFO:teuthology.orchestra.run.smithi046.stdout:/usr/bin/ceph: stderr
2024-05-09T06:20:58.314+0000 7ff8e2347700 1 --2- >> [v2:172.21.15.46:3300/0,v1:172.21.15.46:6789/0] conn(0x7ff8dc0712b0 0x7ff8dc107870 unknown :-1 s=NONE pgs=0 cs=0 l=0 rev1=0 crypto rx=0 tx=0 comp rx=0 tx=0).connect
2024-05-09T06:20:59.092 INFO:teuthology.orchestra.run.smithi046.stdout:/usr/bin/ceph: stderr
2024-05-09T06:20:58.314+0000 7ff8e2347700 1 -- --> [v2:172.21.15.46:3300/0,v1:172.21.15.46:6789/0] -- mon_getmap magic: 0 v1 -- 0x7ff8dc103260 con 0x7ff8dc0712b0
2024-05-09T06:20:59.092 INFO:teuthology.orchestra.run.smithi046.stdout:/usr/bin/ceph: stderr
2024-05-09T06:20:58.314+0000 7ff8dbfff700 1 --2- >> [v2:172.21.15.46:3300/0,v1:172.21.15.46:6789/0] conn(0x7ff8dc0712b0 0x7ff8dc107870 unknown :-1 s=BANNER_CONNECTING pgs=0 cs=0 l=0 rev1=0 crypto rx=0 tx=0 comp rx=0 tx=0)._handle_peer_banner_payload supported=3 required=0
2024-05-09T06:20:59.092 INFO:teuthology.orchestra.run.smithi046.stdout:/usr/bin/ceph: stderr
2024-05-09T06:20:58.314+0000 7ff8dbfff700 1 --2- >> [v2:172.21.15.46:3300/0,v1:172.21.15.46:6789/0] conn(0x7ff8dc0712b0 0x7ff8dc107870 unknown :-1 s=HELLO_CONNECTING pgs=0 cs=0 l=0 rev1=1 crypto rx=0 tx=0 comp rx=0 tx=0).handle_hello peer v2:172.21.15.46:3300/0 says I am v2:172.21.15.46:52774/0 (socket says 172.21.15.46:52774)
2024-05-09T06:20:59.092 INFO:teuthology.orchestra.run.smithi046.stdout:/usr/bin/ceph: stderr
2024-05-09T06:20:58.315+0000 7ff8dbfff700 1 -- 172.21.15.46:0/649596607 learned_addr learned my addr 172.21.15.46:0/649596607 (peer_addr_for_me v2:172.21.15.46:0/0)
2024-05-09T06:20:59.092 INFO:teuthology.orchestra.run.smithi046.stdout:/usr/bin/ceph: stderr
2024-05-09T06:20:58.315+0000 7ff8dbfff700 1 -- 172.21.15.46:0/649596607 --> [v2:172.21.15.46:3300/0,v1:172.21.15.46:6789/0] -- mon_subscribe({config=0+,monmap=0+}) v3 -- 0x7ff8dc107db0 con 0x7ff8dc0712b0
2024-05-09T06:20:59.093 INFO:teuthology.orchestra.run.smithi046.stdout:/usr/bin/ceph: stderr
2024-05-09T06:20:58.315+0000 7ff8dbfff700 1 --2- 172.21.15.46:0/649596607 >> [v2:172.21.15.46:3300/0,v1:172.21.15.46:6789/0] conn(0x7ff8dc0712b0 0x7ff8dc107870 secure :-1 s=READY pgs=26 cs=0 l=1 rev1=1 crypto rx=0x7ff8cc0098e0 tx=0x7ff8cc009250 comp rx=0 tx=0).ready entity=mon.0 client_cookie=c0ede0f6fee4c2c9 server_cookie=0 in_seq=0 out_seq=0
2024-05-09T06:20:59.093 INFO:teuthology.orchestra.run.smithi046.stdout:/usr/bin/ceph: stderr
2024-05-09T06:20:58.315+0000 7ff8db7fe700 1 -- 172.21.15.46:0/649596607 <== mon.0 v2:172.21.15.46:3300/0 1 ==== mon_map magic: 0 v1 ==== 229+0+0 (secure 0 0 0) 0x7ff8cc00b860 con 0x7ff8dc0712b0
2024-05-09T06:20:59.093 INFO:teuthology.orchestra.run.smithi046.stdout:/usr/bin/ceph: stderr
2024-05-09T06:20:58.315+0000 7ff8db7fe700 1 -- 172.21.15.46:0/649596607 <== mon.0 v2:172.21.15.46:3300/0 2 ==== config(27 keys) v1 ==== 1044+0+0 (secure 0 0 0) 0x7ff8cc00be50 con 0x7ff8dc0712b0
2024-05-09T06:20:59.093 INFO:teuthology.orchestra.run.smithi046.stdout:/usr/bin/ceph: stderr
2024-05-09T06:20:58.315+0000 7ff8db7fe700 1 -- 172.21.15.46:0/649596607 <== mon.0 v2:172.21.15.46:3300/0 3 ==== mon_map magic: 0 v1 ==== 229+0+0 (secure 0 0 0) 0x7ff8cc010380 con 0x7ff8dc0712b0
2024-05-09T06:20:59.093 INFO:teuthology.orchestra.run.smithi046.stdout:/usr/bin/ceph: stderr
2024-05-09T06:20:58.316+0000 7ff8e2347700 1 -- 172.21.15.46:0/649596607 >> [v2:172.21.15.46:3300/0,v1:172.21.15.46:6789/0] conn(0x7ff8dc0712b0 msgr2=0x7ff8dc107870 secure :-1 s=STATE_CONNECTION_ESTABLISHED l=1).mark_down
2024-05-09T06:20:59.093 INFO:teuthology.orchestra.run.smithi046.stdout:/usr/bin/ceph: stderr
2024-05-09T06:20:58.316+0000 7ff8e2347700 1 --2- 172.21.15.46:0/649596607 >> [v2:172.21.15.46:3300/0,v1:172.21.15.46:6789/0] conn(0x7ff8dc0712b0 0x7ff8dc107870 secure :-1 s=READY pgs=26 cs=0 l=1 rev1=1 crypto rx=0x7ff8cc0098e0 tx=0x7ff8cc009250 comp rx=0 tx=0).stop
2024-05-09T06:20:59.093 INFO:teuthology.orchestra.run.smithi046.stdout:/usr/bin/ceph: stderr
2024-05-09T06:20:58.316+0000 7ff8e2347700 1 -- 172.21.15.46:0/649596607 shutdown_connections
2024-05-09T06:20:59.093 INFO:teuthology.orchestra.run.smithi046.stdout:/usr/bin/ceph: stderr
2024-05-09T06:20:58.316+0000 7ff8e2347700 1 --2- 172.21.15.46:0/649596607 >> [v2:172.21.15.46:3300/0,v1:172.21.15.46:6789/0] conn(0x7ff8dc0712b0 0x7ff8dc107870 unknown :-1 s=CLOSED pgs=26 cs=0 l=1 rev1=1 crypto rx=0 tx=0 comp rx=0 tx=0).stop
2024-05-09T06:20:59.093 INFO:teuthology.orchestra.run.smithi046.stdout:/usr/bin/ceph: stderr
2024-05-09T06:20:58.316+0000 7ff8e2347700 1 -- 172.21.15.46:0/649596607 >> 172.21.15.46:0/649596607 conn(0x7ff8dc0fcec0 msgr2=0x7ff8dc0ff2d0 unknown :-1 s=STATE_NONE l=0).mark_down
2024-05-09T06:20:59.093 INFO:teuthology.orchestra.run.smithi046.stdout:/usr/bin/ceph: stderr
2024-05-09T06:20:58.316+0000 7ff8e2347700 1 -- 172.21.15.46:0/649596607 shutdown_connections
2024-05-09T06:20:59.093 INFO:teuthology.orchestra.run.smithi046.stdout:/usr/bin/ceph: stderr
2024-05-09T06:20:58.316+0000 7ff8e2347700 1 -- 172.21.15.46:0/649596607 wait complete.
2024-05-09T06:20:59.093 INFO:teuthology.orchestra.run.smithi046.stdout:/usr/bin/ceph: stderr
2024-05-09T06:20:58.317+0000 7ff8e2347700 1 Processor -- start
2024-05-09T06:20:59.093 INFO:teuthology.orchestra.run.smithi046.stdout:/usr/bin/ceph: stderr
2024-05-09T06:20:58.317+0000 7ff8e2347700 1 -- start start
2024-05-09T06:20:59.093 INFO:teuthology.orchestra.run.smithi046.stdout:/usr/bin/ceph: stderr
2024-05-09T06:20:58.317+0000 7ff8e2347700 1 --2- >> [v2:172.21.15.46:3300/0,v1:172.21.15.46:6789/0] conn(0x7ff8dc0712b0 0x7ff8dc113810 unknown :-1 s=NONE pgs=0 cs=0 l=1 rev1=0 crypto rx=0 tx=0 comp rx=0 tx=0).connect
2024-05-09T06:20:59.093 INFO:teuthology.orchestra.run.smithi046.stdout:/usr/bin/ceph: stderr
2024-05-09T06:20:58.317+0000 7ff8e2347700 1 -- --> [v2:172.21.15.46:3300/0,v1:172.21.15.46:6789/0] -- mon_getmap magic: 0 v1 -- 0x7ff8dc113d50 con 0x7ff8dc0712b0
2024-05-09T06:20:59.094 INFO:teuthology.orchestra.run.smithi046.stdout:/usr/bin/ceph: stderr
2024-05-09T06:20:58.317+0000 7ff8dbfff700 1 --2- >> [v2:172.21.15.46:3300/0,v1:172.21.15.46:6789/0] conn(0x7ff8dc0712b0 0x7ff8dc113810 unknown :-1 s=BANNER_CONNECTING pgs=0 cs=0 l=1 rev1=0 crypto rx=0 tx=0 comp rx=0 tx=0)._handle_peer_banner_payload supported=3 required=0
2024-05-09T06:20:59.094 INFO:teuthology.orchestra.run.smithi046.stdout:/usr/bin/ceph: stderr
2024-05-09T06:20:58.317+0000 7ff8dbfff700 1 --2- >> [v2:172.21.15.46:3300/0,v1:172.21.15.46:6789/0] conn(0x7ff8dc0712b0 0x7ff8dc113810 unknown :-1 s=HELLO_CONNECTING pgs=0 cs=0 l=1 rev1=1 crypto rx=0 tx=0 comp rx=0 tx=0).handle_hello peer v2:172.21.15.46:3300/0 says I am v2:172.21.15.46:52784/0 (socket says 172.21.15.46:52784)
2024-05-09T06:20:59.094 INFO:teuthology.orchestra.run.smithi046.stdout:/usr/bin/ceph: stderr
2024-05-09T06:20:58.317+0000 7ff8dbfff700 1 -- 172.21.15.46:0/4236946920 learned_addr learned my addr 172.21.15.46:0/4236946920 (peer_addr_for_me v2:172.21.15.46:0/0)
2024-05-09T06:20:59.094 INFO:teuthology.orchestra.run.smithi046.stdout:/usr/bin/ceph: stderr
2024-05-09T06:20:58.318+0000 7ff8dbfff700 1 -- 172.21.15.46:0/4236946920 --> [v2:172.21.15.46:3300/0,v1:172.21.15.46:6789/0] -- mon_subscribe({config=0+,monmap=0+}) v3 -- 0x7ff8cc0094f0 con 0x7ff8dc0712b0
2024-05-09T06:20:59.094 INFO:teuthology.orchestra.run.smithi046.stdout:/usr/bin/ceph: stderr
2024-05-09T06:20:58.318+0000 7ff8dbfff700 1 --2- 172.21.15.46:0/4236946920 >> [v2:172.21.15.46:3300/0,v1:172.21.15.46:6789/0] conn(0x7ff8dc0712b0 0x7ff8dc113810 secure :-1 s=READY pgs=27 cs=0 l=1 rev1=1 crypto rx=0x7ff8cc00b440 tx=0x7ff8cc009250 comp rx=0 tx=0).ready entity=mon.0 client_cookie=0 server_cookie=0 in_seq=0 out_seq=0
2024-05-09T06:20:59.094 INFO:teuthology.orchestra.run.smithi046.stdout:/usr/bin/ceph: stderr
2024-05-09T06:20:58.318+0000 7ff8d97fa700 1 -- 172.21.15.46:0/4236946920 <== mon.0 v2:172.21.15.46:3300/0 1 ==== mon_map magic: 0 v1 ==== 229+0+0 (secure 0 0 0) 0x7ff8cc010760 con 0x7ff8dc0712b0
2024-05-09T06:20:59.094 INFO:teuthology.orchestra.run.smithi046.stdout:/usr/bin/ceph: stderr
2024-05-09T06:20:58.318+0000 7ff8d97fa700 1 -- 172.21.15.46:0/4236946920 <== mon.0 v2:172.21.15.46:3300/0 2 ==== config(27 keys) v1 ==== 1044+0+0 (secure 0 0 0) 0x7ff8cc010d50 con 0x7ff8dc0712b0
2024-05-09T06:20:59.094 INFO:teuthology.orchestra.run.smithi046.stdout:/usr/bin/ceph: stderr
2024-05-09T06:20:58.318+0000 7ff8e2347700 1 -- 172.21.15.46:0/4236946920 --> [v2:172.21.15.46:3300/0,v1:172.21.15.46:6789/0] -- mon_subscribe({mgrmap=0+}) v3 -- 0x7ff8dc113f50 con 0x7ff8dc0712b0
2024-05-09T06:20:59.094 INFO:teuthology.orchestra.run.smithi046.stdout:/usr/bin/ceph: stderr
2024-05-09T06:20:58.318+0000 7ff8e2347700 1 -- 172.21.15.46:0/4236946920 --> [v2:172.21.15.46:3300/0,v1:172.21.15.46:6789/0] -- mon_subscribe({osdmap=0}) v3 -- 0x7ff8dc114ac0 con 0x7ff8dc0712b0
2024-05-09T06:20:59.094 INFO:teuthology.orchestra.run.smithi046.stdout:/usr/bin/ceph: stderr
2024-05-09T06:20:58.318+0000 7ff8d97fa700 1 -- 172.21.15.46:0/4236946920 <== mon.0 v2:172.21.15.46:3300/0 3 ==== mon_map magic: 0 v1 ==== 229+0+0 (secure 0 0 0) 0x7ff8cc01adc0 con 0x7ff8dc0712b0
2024-05-09T06:20:59.094 INFO:teuthology.orchestra.run.smithi046.stdout:/usr/bin/ceph: stderr
2024-05-09T06:20:58.319+0000 7ff8d97fa700 1 -- 172.21.15.46:0/4236946920 <== mon.0 v2:172.21.15.46:3300/0 4 ==== mgrmap(e 5) v1 ==== 43376+0+0 (secure 0 0 0) 0x7ff8cc019470 con 0x7ff8dc0712b0
2024-05-09T06:20:59.094 INFO:teuthology.orchestra.run.smithi046.stdout:/usr/bin/ceph: stderr
2024-05-09T06:20:58.319+0000 7ff8e2347700 1 -- 172.21.15.46:0/4236946920 --> [v2:172.21.15.46:3300/0,v1:172.21.15.46:6789/0] -- mon_command({"prefix": "get_command_descriptions"} v 0) v1 -- 0x7ff8bc0052e0 con 0x7ff8dc0712b0
2024-05-09T06:20:59.094 INFO:teuthology.orchestra.run.smithi046.stdout:/usr/bin/ceph: stderr
2024-05-09T06:20:58.319+0000 7ff8d97fa700 1 --2- 172.21.15.46:0/4236946920 >> [v2:172.21.15.46:6800/544704645,v1:172.21.15.46:6801/544704645] conn(0x7ff8c8036830 0x7ff8c8038ce0 unknown :-1 s=NONE pgs=0 cs=0 l=1 rev1=0 crypto rx=0 tx=0 comp rx=0 tx=0).connect
2024-05-09T06:20:59.094 INFO:teuthology.orchestra.run.smithi046.stdout:/usr/bin/ceph: stderr
2024-05-09T06:20:58.319+0000 7ff8d97fa700 1 -- 172.21.15.46:0/4236946920 <== mon.0 v2:172.21.15.46:3300/0 5 ==== osd_map(1..1 src has 1..1) v4 ==== 721+0+0 (secure 0 0 0) 0x7ff8cc04af50 con 0x7ff8dc0712b0
2024-05-09T06:20:59.095 INFO:teuthology.orchestra.run.smithi046.stdout:/usr/bin/ceph: stderr
2024-05-09T06:20:58.319+0000 7ff8d3fff700 1 -- 172.21.15.46:0/4236946920 >> [v2:172.21.15.46:6800/544704645,v1:172.21.15.46:6801/544704645] conn(0x7ff8c8036830 msgr2=0x7ff8c8038ce0 unknown :-1 s=STATE_CONNECTING_RE l=1).process reconnect failed to v2:172.21.15.46:6800/544704645
2024-05-09T06:20:59.095 INFO:teuthology.orchestra.run.smithi046.stdout:/usr/bin/ceph: stderr
2024-05-09T06:20:58.319+0000 7ff8d3fff700 1 --2- 172.21.15.46:0/4236946920 >> [v2:172.21.15.46:6800/544704645,v1:172.21.15.46:6801/544704645] conn(0x7ff8c8036830 0x7ff8c8038ce0 unknown :-1 s=START_CONNECT pgs=0 cs=0 l=1 rev1=0 crypto rx=0 tx=0 comp rx=0 tx=0)._fault waiting 0.200000
2024-05-09T06:20:59.095 INFO:teuthology.orchestra.run.smithi046.stdout:/usr/bin/ceph: stderr
2024-05-09T06:20:58.324+0000 7ff8d97fa700 1 -- 172.21.15.46:0/4236946920 <== mon.0 v2:172.21.15.46:3300/0 6 ==== mon_command_ack([{"prefix": "get_command_descriptions"}]=0 v0) v1 ==== 72+0+176702 (secure 0 0 0) 0x7ff8cc023940 con 0x7ff8dc0712b0
2024-05-09T06:20:59.095 INFO:teuthology.orchestra.run.smithi046.stdout:/usr/bin/ceph: stderr
2024-05-09T06:20:58.520+0000 7ff8d3fff700 1 -- 172.21.15.46:0/4236946920 >> [v2:172.21.15.46:6800/544704645,v1:172.21.15.46:6801/544704645] conn(0x7ff8c8036830 msgr2=0x7ff8c8038ce0 unknown :-1 s=STATE_CONNECTING_RE l=1).process reconnect failed to v2:172.21.15.46:6800/544704645
2024-05-09T06:20:59.095 INFO:teuthology.orchestra.run.smithi046.stdout:/usr/bin/ceph: stderr
2024-05-09T06:20:58.520+0000 7ff8d3fff700 1 --2- 172.21.15.46:0/4236946920 >> [v2:172.21.15.46:6800/544704645,v1:172.21.15.46:6801/544704645] conn(0x7ff8c8036830 0x7ff8c8038ce0 unknown :-1 s=START_CONNECT pgs=0 cs=0 l=1 rev1=0 crypto rx=0 tx=0 comp rx=0 tx=0)._fault waiting 0.400000
2024-05-09T06:20:59.095 INFO:teuthology.orchestra.run.smithi046.stdout:/usr/bin/ceph: stderr
2024-05-09T06:20:58.579+0000 7ff8e2347700 1 -- 172.21.15.46:0/4236946920 --> [v2:172.21.15.46:3300/0,v1:172.21.15.46:6789/0] -- mon_command({"prefix": "mgr stat"} v 0) v1 -- 0x7ff8bc005da0 con 0x7ff8dc0712b0
2024-05-09T06:20:59.095 INFO:teuthology.orchestra.run.smithi046.stdout:/usr/bin/ceph: stderr
2024-05-09T06:20:58.580+0000 7ff8d97fa700 1 -- 172.21.15.46:0/4236946920 <== mon.0 v2:172.21.15.46:3300/0 7 ==== mon_command_ack([{"prefix": "mgr stat"}]=0 v5) v1 ==== 56+0+103 (secure 0 0 0) 0x7ff8cc023350 con 0x7ff8dc0712b0
2024-05-09T06:20:59.095 INFO:teuthology.orchestra.run.smithi046.stdout:/usr/bin/ceph: stderr
2024-05-09T06:20:58.582+0000 7ff8e2347700 1 -- 172.21.15.46:0/4236946920 >> [v2:172.21.15.46:6800/544704645,v1:172.21.15.46:6801/544704645] conn(0x7ff8c8036830 msgr2=0x7ff8c8038ce0 unknown :-1 s=STATE_CONNECTING l=1).mark_down
2024-05-09T06:20:59.095 INFO:teuthology.orchestra.run.smithi046.stdout:/usr/bin/ceph: stderr
2024-05-09T06:20:58.582+0000 7ff8e2347700 1 --2- 172.21.15.46:0/4236946920 >> [v2:172.21.15.46:6800/544704645,v1:172.21.15.46:6801/544704645] conn(0x7ff8c8036830 0x7ff8c8038ce0 unknown :-1 s=START_CONNECT pgs=0 cs=0 l=1 rev1=0 crypto rx=0 tx=0 comp rx=0 tx=0).stop
2024-05-09T06:20:59.095 INFO:teuthology.orchestra.run.smithi046.stdout:/usr/bin/ceph: stderr
2024-05-09T06:20:58.582+0000 7ff8e2347700 1 -- 172.21.15.46:0/4236946920 >> [v2:172.21.15.46:3300/0,v1:172.21.15.46:6789/0] conn(0x7ff8dc0712b0 msgr2=0x7ff8dc113810 secure :-1 s=STATE_CONNECTION_ESTABLISHED l=1).mark_down
2024-05-09T06:20:59.095 INFO:teuthology.orchestra.run.smithi046.stdout:/usr/bin/ceph: stderr
2024-05-09T06:20:58.582+0000 7ff8e2347700 1 --2- 172.21.15.46:0/4236946920 >> [v2:172.21.15.46:3300/0,v1:172.21.15.46:6789/0] conn(0x7ff8dc0712b0 0x7ff8dc113810 secure :-1 s=READY pgs=27 cs=0 l=1 rev1=1 crypto rx=0x7ff8cc00b440 tx=0x7ff8cc009250 comp rx=0 tx=0).stop
2024-05-09T06:20:59.095 INFO:teuthology.orchestra.run.smithi046.stdout:/usr/bin/ceph: stderr
2024-05-09T06:20:58.582+0000 7ff8e2347700 1 -- 172.21.15.46:0/4236946920 shutdown_connections
2024-05-09T06:20:59.095 INFO:teuthology.orchestra.run.smithi046.stdout:/usr/bin/ceph: stderr
2024-05-09T06:20:58.582+0000 7ff8e2347700 1 --2- 172.21.15.46:0/4236946920 >> [v2:172.21.15.46:6800/544704645,v1:172.21.15.46:6801/544704645] conn(0x7ff8c8036830 0x7ff8c8038ce0 unknown :-1 s=CLOSED pgs=0 cs=0 l=1 rev1=0 crypto rx=0 tx=0 comp rx=0 tx=0).stop
2024-05-09T06:20:59.095 INFO:teuthology.orchestra.run.smithi046.stdout:/usr/bin/ceph: stderr
2024-05-09T06:20:58.582+0000 7ff8e2347700 1 --2- 172.21.15.46:0/4236946920 >> [v2:172.21.15.46:3300/0,v1:172.21.15.46:6789/0] conn(0x7ff8dc0712b0 0x7ff8dc113810 unknown :-1 s=CLOSED pgs=27 cs=0 l=1 rev1=1 crypto rx=0 tx=0 comp rx=0 tx=0).stop
2024-05-09T06:20:59.095 INFO:teuthology.orchestra.run.smithi046.stdout:/usr/bin/ceph: stderr
2024-05-09T06:20:58.582+0000 7ff8e2347700 1 -- 172.21.15.46:0/4236946920 >> 172.21.15.46:0/4236946920 conn(0x7ff8dc0fcec0 msgr2=0x7ff8dc0fda10 unknown :-1 s=STATE_NONE l=0).mark_down
2024-05-09T06:20:59.096 INFO:teuthology.orchestra.run.smithi046.stdout:/usr/bin/ceph: stderr
2024-05-09T06:20:58.583+0000 7ff8e2347700 1 -- 172.21.15.46:0/4236946920 shutdown_connections
2024-05-09T06:20:59.096 INFO:teuthology.orchestra.run.smithi046.stdout:/usr/bin/ceph: stderr
2024-05-09T06:20:58.583+0000 7ff8e2347700 1 -- 172.21.15.46:0/4236946920 wait complete.
2024-05-09T06:20:59.096 INFO:teuthology.orchestra.run.smithi046.stdout:Waiting for the mgr to restart...
2024-05-09T06:20:59.096 INFO:teuthology.orchestra.run.smithi046.stdout:Waiting for mgr epoch 5...
2024-05-09T06:20:59.587 INFO:journalctl@ceph.mon.smithi046.smithi046.stdout:May 09 06:20:59 smithi046 ceph-mon[26924]: from='client.? 172.21.15.46:0/4236946920' entity='client.admin' cmd=[{"prefix": "mgr stat"}]: dispatch
2024-05-09T06:21:04.337 INFO:journalctl@ceph.mon.smithi046.smithi046.stdout:May 09 06:21:04 smithi046 ceph-mon[26924]: Active manager daemon smithi046.nvpcui restarted
2024-05-09T06:21:04.338 INFO:journalctl@ceph.mon.smithi046.smithi046.stdout:May 09 06:21:04 smithi046 ceph-mon[26924]: Activating manager daemon smithi046.nvpcui
2024-05-09T06:21:04.338 INFO:journalctl@ceph.mon.smithi046.smithi046.stdout:May 09 06:21:04 smithi046 ceph-mon[26924]: osdmap e2: 0 total, 0 up, 0 in
2024-05-09T06:21:04.338 INFO:journalctl@ceph.mon.smithi046.smithi046.stdout:May 09 06:21:04 smithi046 ceph-mon[26924]: mgrmap e6: smithi046.nvpcui(active, starting, since 0.00327438s)
2024-05-09T06:21:04.338 INFO:journalctl@ceph.mon.smithi046.smithi046.stdout:May 09 06:21:04 smithi046 ceph-mon[26924]: from='mgr.14120 172.21.15.46:0/102538923' entity='mgr.smithi046.nvpcui' cmd=[{"prefix": "mon metadata", "id": "smithi046"}]: dispatch
2024-05-09T06:21:04.338 INFO:journalctl@ceph.mon.smithi046.smithi046.stdout:May 09 06:21:04 smithi046 ceph-mon[26924]: from='mgr.14120 172.21.15.46:0/102538923' entity='mgr.smithi046.nvpcui' cmd=[{"prefix": "mgr metadata", "who": "smithi046.nvpcui", "id": "smithi046.nvpcui"}]: dispatch
2024-05-09T06:21:04.338 INFO:journalctl@ceph.mon.smithi046.smithi046.stdout:May 09 06:21:04 smithi046 ceph-mon[26924]: from='mgr.14120 172.21.15.46:0/102538923' entity='mgr.smithi046.nvpcui' cmd=[{"prefix": "mds metadata"}]: dispatch
2024-05-09T06:21:04.338 INFO:journalctl@ceph.mon.smithi046.smithi046.stdout:May 09 06:21:04 smithi046 ceph-mon[26924]: from='mgr.14120 172.21.15.46:0/102538923' entity='mgr.smithi046.nvpcui' cmd=[{"prefix": "osd metadata"}]: dispatch
2024-05-09T06:21:04.338 INFO:journalctl@ceph.mon.smithi046.smithi046.stdout:May 09 06:21:04 smithi046 ceph-mon[26924]: from='mgr.14120 172.21.15.46:0/102538923' entity='mgr.smithi046.nvpcui' cmd=[{"prefix": "mon metadata"}]: dispatch
2024-05-09T06:21:04.338 INFO:journalctl@ceph.mon.smithi046.smithi046.stdout:May 09 06:21:04 smithi046 ceph-mon[26924]: Manager daemon smithi046.nvpcui is now available
2024-05-09T06:21:04.338 INFO:journalctl@ceph.mon.smithi046.smithi046.stdout:May 09 06:21:04 smithi046 ceph-mon[26924]: from='mgr.14120 172.21.15.46:0/102538923' entity='mgr.smithi046.nvpcui'
2024-05-09T06:21:04.338 INFO:journalctl@ceph.mon.smithi046.smithi046.stdout:May 09 06:21:04 smithi046 ceph-mon[26924]: from='mgr.14120 172.21.15.46:0/102538923' entity='mgr.smithi046.nvpcui'
2024-05-09T06:21:04.338 INFO:journalctl@ceph.mon.smithi046.smithi046.stdout:May 09 06:21:04 smithi046 ceph-mon[26924]: from='mgr.14120 172.21.15.46:0/102538923' entity='mgr.smithi046.nvpcui' cmd=[{"prefix": "config dump", "format": "json"}]: dispatch
2024-05-09T06:21:04.338 INFO:journalctl@ceph.mon.smithi046.smithi046.stdout:May 09 06:21:04 smithi046 ceph-mon[26924]: from='mgr.14120 172.21.15.46:0/102538923' entity='mgr.smithi046.nvpcui' cmd=[{"prefix": "config dump", "format": "json"}]: dispatch
2024-05-09T06:21:04.339 INFO:journalctl@ceph.mon.smithi046.smithi046.stdout:May 09 06:21:04 smithi046 ceph-mon[26924]: from='mgr.14120 172.21.15.46:0/102538923' entity='mgr.smithi046.nvpcui' cmd=[{"prefix": "config dump", "format": "json"}]: dispatch
2024-05-09T06:21:04.339 INFO:journalctl@ceph.mon.smithi046.smithi046.stdout:May 09 06:21:04 smithi046 ceph-mon[26924]: from='mgr.14120 172.21.15.46:0/102538923' entity='mgr.smithi046.nvpcui' cmd=[{"prefix":"config rm","who":"mgr","name":"mgr/rbd_support/smithi046.nvpcui/mirror_snapshot_schedule"}]: dispatch
2024-05-09T06:21:04.339 INFO:journalctl@ceph.mon.smithi046.smithi046.stdout:May 09 06:21:04 smithi046 ceph-mon[26924]: from='mgr.14120 172.21.15.46:0/102538923' entity='mgr.smithi046.nvpcui' cmd=[{"prefix":"config rm","who":"mgr","name":"mgr/rbd_support/smithi046.nvpcui/trash_purge_schedule"}]: dispatch
2024-05-09T06:21:05.587 INFO:journalctl@ceph.mon.smithi046.smithi046.stdout:May 09 06:21:05 smithi046 ceph-mon[26924]: Found migration_current of "None". Setting to last migration.
2024-05-09T06:21:05.588 INFO:journalctl@ceph.mon.smithi046.smithi046.stdout:May 09 06:21:05 smithi046 ceph-mon[26924]: mgrmap e7: smithi046.nvpcui(active, since 1.00518s)
2024-05-09T06:21:05.615 INFO:teuthology.orchestra.run.smithi046.stdout:/usr/bin/ceph: stdout {
2024-05-09T06:21:05.615 INFO:teuthology.orchestra.run.smithi046.stdout:/usr/bin/ceph: stdout "mgrmap_epoch": 7,
2024-05-09T06:21:05.615 INFO:teuthology.orchestra.run.smithi046.stdout:/usr/bin/ceph: stdout "initialized": true
2024-05-09T06:21:05.616 INFO:teuthology.orchestra.run.smithi046.stdout:/usr/bin/ceph: stdout }
2024-05-09T06:21:05.616 INFO:teuthology.orchestra.run.smithi046.stdout:/usr/bin/ceph: stderr
2024-05-09T06:20:59.589+0000 7f011bc21700 1 Processor -- start
2024-05-09T06:21:05.616 INFO:teuthology.orchestra.run.smithi046.stdout:/usr/bin/ceph: stderr
2024-05-09T06:20:59.589+0000 7f011bc21700 1 -- start start
2024-05-09T06:21:05.616 INFO:teuthology.orchestra.run.smithi046.stdout:/usr/bin/ceph: stderr
2024-05-09T06:20:59.589+0000 7f011bc21700 1 --2- >> [v2:172.21.15.46:3300/0,v1:172.21.15.46:6789/0] conn(0x7f0114101760 0x7f0114101b70 unknown :-1 s=NONE pgs=0 cs=0 l=0 rev1=0 crypto rx=0 tx=0 comp rx=0 tx=0).connect
2024-05-09T06:21:05.616 INFO:teuthology.orchestra.run.smithi046.stdout:/usr/bin/ceph: stderr
2024-05-09T06:20:59.589+0000 7f011bc21700 1 -- --> [v2:172.21.15.46:3300/0,v1:172.21.15.46:6789/0] -- mon_getmap magic: 0 v1 -- 0x7f01141020b0 con 0x7f0114101760
2024-05-09T06:21:05.616 INFO:teuthology.orchestra.run.smithi046.stdout:/usr/bin/ceph: stderr
2024-05-09T06:20:59.589+0000 7f01199bd700 1 --2- >> [v2:172.21.15.46:3300/0,v1:172.21.15.46:6789/0] conn(0x7f0114101760 0x7f0114101b70 unknown :-1 s=BANNER_CONNECTING pgs=0 cs=0 l=0 rev1=0 crypto rx=0 tx=0 comp rx=0 tx=0)._handle_peer_banner_payload supported=3 required=0
2024-05-09T06:21:05.616 INFO:teuthology.orchestra.run.smithi046.stdout:/usr/bin/ceph: stderr
2024-05-09T06:20:59.589+0000 7f01199bd700 1 --2- >> [v2:172.21.15.46:3300/0,v1:172.21.15.46:6789/0] conn(0x7f0114101760 0x7f0114101b70 unknown :-1 s=HELLO_CONNECTING pgs=0 cs=0 l=0 rev1=1 crypto rx=0 tx=0 comp rx=0 tx=0).handle_hello peer v2:172.21.15.46:3300/0 says I am v2:172.21.15.46:52792/0 (socket says 172.21.15.46:52792)
2024-05-09T06:21:05.616 INFO:teuthology.orchestra.run.smithi046.stdout:/usr/bin/ceph: stderr
2024-05-09T06:20:59.589+0000 7f01199bd700 1 -- 172.21.15.46:0/3782571563 learned_addr learned my addr 172.21.15.46:0/3782571563 (peer_addr_for_me v2:172.21.15.46:0/0)
2024-05-09T06:21:05.616 INFO:teuthology.orchestra.run.smithi046.stdout:/usr/bin/ceph: stderr
2024-05-09T06:20:59.590+0000 7f01199bd700 1 -- 172.21.15.46:0/3782571563 --> [v2:172.21.15.46:3300/0,v1:172.21.15.46:6789/0] -- mon_subscribe({config=0+,monmap=0+}) v3 -- 0x7f01141021f0 con 0x7f0114101760
2024-05-09T06:21:05.616 INFO:teuthology.orchestra.run.smithi046.stdout:/usr/bin/ceph: stderr
2024-05-09T06:20:59.590+0000 7f01199bd700 1 --2- 172.21.15.46:0/3782571563 >> [v2:172.21.15.46:3300/0,v1:172.21.15.46:6789/0] conn(0x7f0114101760 0x7f0114101b70 secure :-1 s=READY pgs=28 cs=0 l=1 rev1=1 crypto rx=0x7f01100098e0 tx=0x7f0110009250 comp rx=0 tx=0).ready entity=mon.0 client_cookie=96c7ed26e427e87b server_cookie=0 in_seq=0 out_seq=0
2024-05-09T06:21:05.616 INFO:teuthology.orchestra.run.smithi046.stdout:/usr/bin/ceph: stderr
2024-05-09T06:20:59.590+0000 7f01189bb700 1 -- 172.21.15.46:0/3782571563 <== mon.0 v2:172.21.15.46:3300/0 1 ==== mon_map magic: 0 v1 ==== 229+0+0 (secure 0 0 0) 0x7f011000b860 con 0x7f0114101760
2024-05-09T06:21:05.616 INFO:teuthology.orchestra.run.smithi046.stdout:/usr/bin/ceph: stderr
2024-05-09T06:20:59.590+0000 7f01189bb700 1 -- 172.21.15.46:0/3782571563 <== mon.0 v2:172.21.15.46:3300/0 2 ==== config(27 keys) v1 ==== 1044+0+0 (secure 0 0 0) 0x7f011000be50 con 0x7f0114101760
2024-05-09T06:21:05.616 INFO:teuthology.orchestra.run.smithi046.stdout:/usr/bin/ceph: stderr
2024-05-09T06:20:59.590+0000 7f01189bb700 1 -- 172.21.15.46:0/3782571563 <== mon.0 v2:172.21.15.46:3300/0 3 ==== mon_map magic: 0 v1 ==== 229+0+0 (secure 0 0 0) 0x7f0110010380 con 0x7f0114101760
2024-05-09T06:21:05.616 INFO:teuthology.orchestra.run.smithi046.stdout:/usr/bin/ceph: stderr
2024-05-09T06:20:59.591+0000 7f011bc21700 1 -- 172.21.15.46:0/3782571563 >> [v2:172.21.15.46:3300/0,v1:172.21.15.46:6789/0] conn(0x7f0114101760 msgr2=0x7f0114101b70 secure :-1 s=STATE_CONNECTION_ESTABLISHED l=1).mark_down
2024-05-09T06:21:05.617 INFO:teuthology.orchestra.run.smithi046.stdout:/usr/bin/ceph: stderr
2024-05-09T06:20:59.591+0000 7f011bc21700 1 --2- 172.21.15.46:0/3782571563 >> [v2:172.21.15.46:3300/0,v1:172.21.15.46:6789/0] conn(0x7f0114101760 0x7f0114101b70 secure :-1 s=READY pgs=28 cs=0 l=1 rev1=1 crypto rx=0x7f01100098e0 tx=0x7f0110009250 comp rx=0 tx=0).stop
2024-05-09T06:21:05.617 INFO:teuthology.orchestra.run.smithi046.stdout:/usr/bin/ceph: stderr
2024-05-09T06:20:59.591+0000 7f011bc21700 1 -- 172.21.15.46:0/3782571563 shutdown_connections
2024-05-09T06:21:05.617 INFO:teuthology.orchestra.run.smithi046.stdout:/usr/bin/ceph: stderr
2024-05-09T06:20:59.591+0000 7f011bc21700 1 --2- 172.21.15.46:0/3782571563 >> [v2:172.21.15.46:3300/0,v1:172.21.15.46:6789/0] conn(0x7f0114101760 0x7f0114101b70 unknown :-1 s=CLOSED pgs=28 cs=0 l=1 rev1=1 crypto rx=0 tx=0 comp rx=0 tx=0).stop
2024-05-09T06:21:05.617 INFO:teuthology.orchestra.run.smithi046.stdout:/usr/bin/ceph: stderr
2024-05-09T06:20:59.591+0000 7f011bc21700 1 -- 172.21.15.46:0/3782571563 >> 172.21.15.46:0/3782571563 conn(0x7f01140fcea0 msgr2=0x7f01140ff2f0 unknown :-1 s=STATE_NONE l=0).mark_down
2024-05-09T06:21:05.617 INFO:teuthology.orchestra.run.smithi046.stdout:/usr/bin/ceph: stderr
2024-05-09T06:20:59.591+0000 7f011bc21700 1 -- 172.21.15.46:0/3782571563 shutdown_connections
2024-05-09T06:21:05.617 INFO:teuthology.orchestra.run.smithi046.stdout:/usr/bin/ceph: stderr
2024-05-09T06:20:59.591+0000 7f011bc21700 1 -- 172.21.15.46:0/3782571563 wait complete.
2024-05-09T06:21:05.617 INFO:teuthology.orchestra.run.smithi046.stdout:/usr/bin/ceph: stderr
2024-05-09T06:20:59.591+0000 7f011bc21700 1 Processor -- start
2024-05-09T06:21:05.617 INFO:teuthology.orchestra.run.smithi046.stdout:/usr/bin/ceph: stderr
2024-05-09T06:20:59.591+0000 7f011bc21700 1 -- start start
2024-05-09T06:21:05.617 INFO:teuthology.orchestra.run.smithi046.stdout:/usr/bin/ceph: stderr
2024-05-09T06:20:59.592+0000 7f011bc21700 1 --2- >> [v2:172.21.15.46:3300/0,v1:172.21.15.46:6789/0] conn(0x7f0114101760 0x7f01141137c0 unknown :-1 s=NONE pgs=0 cs=0 l=1 rev1=0 crypto rx=0 tx=0 comp rx=0 tx=0).connect
2024-05-09T06:21:05.618 INFO:teuthology.orchestra.run.smithi046.stdout:/usr/bin/ceph: stderr
2024-05-09T06:20:59.592+0000 7f011bc21700 1 -- --> [v2:172.21.15.46:3300/0,v1:172.21.15.46:6789/0] -- mon_getmap magic: 0 v1 -- 0x7f0114113d00 con 0x7f0114101760
2024-05-09T06:21:05.618 INFO:teuthology.orchestra.run.smithi046.stdout:/usr/bin/ceph: stderr
2024-05-09T06:20:59.592+0000 7f01199bd700 1 --2- >> [v2:172.21.15.46:3300/0,v1:172.21.15.46:6789/0] conn(0x7f0114101760 0x7f01141137c0 unknown :-1 s=BANNER_CONNECTING pgs=0 cs=0 l=1 rev1=0 crypto rx=0 tx=0 comp rx=0 tx=0)._handle_peer_banner_payload supported=3 required=0
2024-05-09T06:21:05.618 INFO:teuthology.orchestra.run.smithi046.stdout:/usr/bin/ceph: stderr
2024-05-09T06:20:59.592+0000 7f01199bd700 1 --2- >> [v2:172.21.15.46:3300/0,v1:172.21.15.46:6789/0] conn(0x7f0114101760 0x7f01141137c0 unknown :-1 s=HELLO_CONNECTING pgs=0 cs=0 l=1 rev1=1 crypto rx=0 tx=0 comp rx=0 tx=0).handle_hello peer v2:172.21.15.46:3300/0 says I am v2:172.21.15.46:52804/0 (socket says 172.21.15.46:52804)
2024-05-09T06:21:05.618 INFO:teuthology.orchestra.run.smithi046.stdout:/usr/bin/ceph: stderr
2024-05-09T06:20:59.592+0000 7f01199bd700 1 -- 172.21.15.46:0/3214139366 learned_addr learned my addr 172.21.15.46:0/3214139366 (peer_addr_for_me v2:172.21.15.46:0/0)
2024-05-09T06:21:05.618 INFO:teuthology.orchestra.run.smithi046.stdout:/usr/bin/ceph: stderr
2024-05-09T06:20:59.592+0000 7f01199bd700 1 -- 172.21.15.46:0/3214139366 --> [v2:172.21.15.46:3300/0,v1:172.21.15.46:6789/0] -- mon_subscribe({config=0+,monmap=0+}) v3 -- 0x7f01100094f0 con 0x7f0114101760
2024-05-09T06:21:05.618 INFO:teuthology.orchestra.run.smithi046.stdout:/usr/bin/ceph: stderr
2024-05-09T06:20:59.592+0000 7f01199bd700 1 --2- 172.21.15.46:0/3214139366 >> [v2:172.21.15.46:3300/0,v1:172.21.15.46:6789/0] conn(0x7f0114101760 0x7f01141137c0 secure :-1 s=READY pgs=29 cs=0 l=1 rev1=1 crypto rx=0x7f011000b440 tx=0x7f0110009250 comp rx=0 tx=0).ready entity=mon.0 client_cookie=0 server_cookie=0 in_seq=0 out_seq=0
2024-05-09T06:21:05.618 INFO:teuthology.orchestra.run.smithi046.stdout:/usr/bin/ceph: stderr
2024-05-09T06:20:59.592+0000 7f010a7fc700 1 -- 172.21.15.46:0/3214139366 <== mon.0 v2:172.21.15.46:3300/0 1 ==== mon_map magic: 0 v1 ==== 229+0+0 (secure 0 0 0) 0x7f0110010760 con 0x7f0114101760
2024-05-09T06:21:05.618 INFO:teuthology.orchestra.run.smithi046.stdout:/usr/bin/ceph: stderr
2024-05-09T06:20:59.592+0000 7f010a7fc700 1 -- 172.21.15.46:0/3214139366 <== mon.0 v2:172.21.15.46:3300/0 2 ==== config(27 keys) v1 ==== 1044+0+0 (secure 0 0 0) 0x7f0110010d50 con 0x7f0114101760
2024-05-09T06:21:05.618 INFO:teuthology.orchestra.run.smithi046.stdout:/usr/bin/ceph: stderr
2024-05-09T06:20:59.592+0000 7f010a7fc700 1 -- 172.21.15.46:0/3214139366 <== mon.0 v2:172.21.15.46:3300/0 3 ==== mon_map magic: 0 v1 ==== 229+0+0 (secure 0 0 0) 0x7f011001ae20 con 0x7f0114101760
2024-05-09T06:21:05.618 INFO:teuthology.orchestra.run.smithi046.stdout:/usr/bin/ceph: stderr
2024-05-09T06:20:59.592+0000 7f011bc21700 1 -- 172.21.15.46:0/3214139366 --> [v2:172.21.15.46:3300/0,v1:172.21.15.46:6789/0] -- mon_subscribe({mgrmap=0+}) v3 -- 0x7f0114113f00 con 0x7f0114101760
2024-05-09T06:21:05.618 INFO:teuthology.orchestra.run.smithi046.stdout:/usr/bin/ceph: stderr
2024-05-09T06:20:59.592+0000 7f011bc21700 1 -- 172.21.15.46:0/3214139366 --> [v2:172.21.15.46:3300/0,v1:172.21.15.46:6789/0] -- mon_subscribe({osdmap=0}) v3 -- 0x7f0114114a70 con 0x7f0114101760
2024-05-09T06:21:05.618 INFO:teuthology.orchestra.run.smithi046.stdout:/usr/bin/ceph: stderr
2024-05-09T06:20:59.594+0000 7f010a7fc700 1 -- 172.21.15.46:0/3214139366 <== mon.0 v2:172.21.15.46:3300/0 4 ==== mgrmap(e 5) v1 ==== 43376+0+0 (secure 0 0 0) 0x7f01100108c0 con 0x7f0114101760
2024-05-09T06:21:05.618 INFO:teuthology.orchestra.run.smithi046.stdout:/usr/bin/ceph: stderr
2024-05-09T06:20:59.594+0000 7f010a7fc700 1 --2- 172.21.15.46:0/3214139366 >> [v2:172.21.15.46:6800/544704645,v1:172.21.15.46:6801/544704645] conn(0x7f0100036830 0x7f0100038ce0 unknown :-1 s=NONE pgs=0 cs=0 l=1 rev1=0 crypto rx=0 tx=0 comp rx=0 tx=0).connect
2024-05-09T06:21:05.618 INFO:teuthology.orchestra.run.smithi046.stdout:/usr/bin/ceph: stderr
2024-05-09T06:20:59.594+0000 7f010a7fc700 1 -- 172.21.15.46:0/3214139366 --> [v2:172.21.15.46:6800/544704645,v1:172.21.15.46:6801/544704645] -- command(tid 0: {"prefix": "get_command_descriptions"}) v1 -- 0x7f01000393f0 con 0x7f0100036830
2024-05-09T06:21:05.619 INFO:teuthology.orchestra.run.smithi046.stdout:/usr/bin/ceph: stderr
2024-05-09T06:20:59.594+0000 7f010a7fc700 1 -- 172.21.15.46:0/3214139366 <== mon.0 v2:172.21.15.46:3300/0 5 ==== osd_map(1..1 src has 1..1) v4 ==== 721+0+0 (secure 0 0 0) 0x7f011004a5d0 con 0x7f0114101760
2024-05-09T06:21:05.619 INFO:teuthology.orchestra.run.smithi046.stdout:/usr/bin/ceph: stderr
2024-05-09T06:20:59.594+0000 7f01191bc700 1 -- 172.21.15.46:0/3214139366 >> [v2:172.21.15.46:6800/544704645,v1:172.21.15.46:6801/544704645] conn(0x7f0100036830 msgr2=0x7f0100038ce0 unknown :-1 s=STATE_CONNECTING_RE l=1).process reconnect failed to v2:172.21.15.46:6800/544704645
2024-05-09T06:21:05.619 INFO:teuthology.orchestra.run.smithi046.stdout:/usr/bin/ceph: stderr
2024-05-09T06:20:59.594+0000 7f01191bc700 1 --2- 172.21.15.46:0/3214139366 >> [v2:172.21.15.46:6800/544704645,v1:172.21.15.46:6801/544704645] conn(0x7f0100036830 0x7f0100038ce0 unknown :-1 s=START_CONNECT pgs=0 cs=0 l=1 rev1=0 crypto rx=0 tx=0 comp rx=0 tx=0)._fault waiting 0.200000
2024-05-09T06:21:05.619 INFO:teuthology.orchestra.run.smithi046.stdout:/usr/bin/ceph: stderr
2024-05-09T06:20:59.795+0000 7f01191bc700 1 -- 172.21.15.46:0/3214139366 >> [v2:172.21.15.46:6800/544704645,v1:172.21.15.46:6801/544704645] conn(0x7f0100036830 msgr2=0x7f0100038ce0 unknown :-1 s=STATE_CONNECTING_RE l=1).process reconnect failed to v2:172.21.15.46:6800/544704645
2024-05-09T06:21:05.619 INFO:teuthology.orchestra.run.smithi046.stdout:/usr/bin/ceph: stderr
2024-05-09T06:20:59.795+0000 7f01191bc700 1 --2- 172.21.15.46:0/3214139366 >> [v2:172.21.15.46:6800/544704645,v1:172.21.15.46:6801/544704645] conn(0x7f0100036830 0x7f0100038ce0 unknown :-1 s=START_CONNECT pgs=0 cs=0 l=1 rev1=0 crypto rx=0 tx=0 comp rx=0 tx=0)._fault waiting 0.400000
2024-05-09T06:21:05.619 INFO:teuthology.orchestra.run.smithi046.stdout:/usr/bin/ceph: stderr
2024-05-09T06:21:00.196+0000 7f01191bc700 1 -- 172.21.15.46:0/3214139366 >> [v2:172.21.15.46:6800/544704645,v1:172.21.15.46:6801/544704645] conn(0x7f0100036830 msgr2=0x7f0100038ce0 unknown :-1 s=STATE_CONNECTING_RE l=1).process reconnect failed to v2:172.21.15.46:6800/544704645
2024-05-09T06:21:05.619 INFO:teuthology.orchestra.run.smithi046.stdout:/usr/bin/ceph: stderr
2024-05-09T06:21:00.196+0000 7f01191bc700 1 --2- 172.21.15.46:0/3214139366 >> [v2:172.21.15.46:6800/544704645,v1:172.21.15.46:6801/544704645] conn(0x7f0100036830 0x7f0100038ce0 unknown :-1 s=START_CONNECT pgs=0 cs=0 l=1 rev1=0 crypto rx=0 tx=0 comp rx=0 tx=0)._fault waiting 0.800000
2024-05-09T06:21:05.619 INFO:teuthology.orchestra.run.smithi046.stdout:/usr/bin/ceph: stderr
2024-05-09T06:21:00.997+0000 7f01191bc700 1 -- 172.21.15.46:0/3214139366 >> [v2:172.21.15.46:6800/544704645,v1:172.21.15.46:6801/544704645] conn(0x7f0100036830 msgr2=0x7f0100038ce0 unknown :-1 s=STATE_CONNECTING_RE l=1).process reconnect failed to v2:172.21.15.46:6800/544704645
2024-05-09T06:21:05.619 INFO:teuthology.orchestra.run.smithi046.stdout:/usr/bin/ceph: stderr
2024-05-09T06:21:00.997+0000 7f01191bc700 1 --2- 172.21.15.46:0/3214139366 >> [v2:172.21.15.46:6800/544704645,v1:172.21.15.46:6801/544704645] conn(0x7f0100036830 0x7f0100038ce0 unknown :-1 s=START_CONNECT pgs=0 cs=0 l=1 rev1=0 crypto rx=0 tx=0 comp rx=0 tx=0)._fault waiting 1.600000
2024-05-09T06:21:05.619 INFO:teuthology.orchestra.run.smithi046.stdout:/usr/bin/ceph: stderr
2024-05-09T06:21:02.598+0000 7f01191bc700 1 -- 172.21.15.46:0/3214139366 >> [v2:172.21.15.46:6800/544704645,v1:172.21.15.46:6801/544704645] conn(0x7f0100036830 msgr2=0x7f0100038ce0 unknown :-1 s=STATE_CONNECTING_RE l=1).process reconnect failed to v2:172.21.15.46:6800/544704645
2024-05-09T06:21:05.619 INFO:teuthology.orchestra.run.smithi046.stdout:/usr/bin/ceph: stderr
2024-05-09T06:21:02.598+0000 7f01191bc700 1 --2- 172.21.15.46:0/3214139366 >> [v2:172.21.15.46:6800/544704645,v1:172.21.15.46:6801/544704645] conn(0x7f0100036830 0x7f0100038ce0 unknown :-1 s=START_CONNECT pgs=0 cs=0 l=1 rev1=0 crypto rx=0 tx=0 comp rx=0 tx=0)._fault waiting 3.200000
2024-05-09T06:21:05.619 INFO:teuthology.orchestra.run.smithi046.stdout:/usr/bin/ceph: stderr
2024-05-09T06:21:04.125+0000 7f010a7fc700 1 -- 172.21.15.46:0/3214139366 <== mon.0 v2:172.21.15.46:3300/0 6 ==== mgrmap(e 6) v1 ==== 43143+0+0 (secure 0 0 0) 0x7f011002e7c0 con 0x7f0114101760
2024-05-09T06:21:05.619 INFO:teuthology.orchestra.run.smithi046.stdout:/usr/bin/ceph: stderr
2024-05-09T06:21:04.125+0000 7f010a7fc700 1 -- 172.21.15.46:0/3214139366 >> [v2:172.21.15.46:6800/544704645,v1:172.21.15.46:6801/544704645] conn(0x7f0100036830 msgr2=0x7f0100038ce0 unknown :-1 s=STATE_CONNECTING l=1).mark_down
2024-05-09T06:21:05.619 INFO:teuthology.orchestra.run.smithi046.stdout:/usr/bin/ceph: stderr
2024-05-09T06:21:04.125+0000 7f010a7fc700 1 --2- 172.21.15.46:0/3214139366 >> [v2:172.21.15.46:6800/544704645,v1:172.21.15.46:6801/544704645] conn(0x7f0100036830 0x7f0100038ce0 unknown :-1 s=START_CONNECT pgs=0 cs=0 l=1 rev1=0 crypto rx=0 tx=0 comp rx=0 tx=0).stop
2024-05-09T06:21:05.620 INFO:teuthology.orchestra.run.smithi046.stdout:/usr/bin/ceph: stderr
2024-05-09T06:21:05.126+0000 7f010a7fc700 1 -- 172.21.15.46:0/3214139366 <== mon.0 v2:172.21.15.46:3300/0 7 ==== mgrmap(e 7) v1 ==== 43270+0+0 (secure 0 0 0) 0x7f011002dc70 con 0x7f0114101760
2024-05-09T06:21:05.620 INFO:teuthology.orchestra.run.smithi046.stdout:/usr/bin/ceph: stderr
2024-05-09T06:21:05.126+0000 7f010a7fc700 1 --2- 172.21.15.46:0/3214139366 >> [v2:172.21.15.46:6800/3381519426,v1:172.21.15.46:6801/3381519426] conn(0x7f0100039fc0 0x7f010003c3a0 unknown :-1 s=NONE pgs=0 cs=0 l=1 rev1=0 crypto rx=0 tx=0 comp rx=0 tx=0).connect
