2024-05-09T06:21:38.150 INFO:teuthology.orchestra.run.smithi046.stdout:/usr/bin/ceph: stderr
2024-05-09T06:21:37.101+0000 7f4c302cc700 1 --2- 172.21.15.46:0/2232963374 >> [v2:172.21.15.46:3300/0,v1:172.21.15.46:6789/0] conn(0x7f4c280712d0 0x7f4c28105450 secure :-1 s=READY pgs=80 cs=0 l=1 rev1=1 crypto rx=0x7f4c240098e0 tx=0x7f4c24009250 comp rx=0 tx=0).stop
2024-05-09T06:21:38.150 INFO:teuthology.orchestra.run.smithi046.stdout:/usr/bin/ceph: stderr
2024-05-09T06:21:37.101+0000 7f4c302cc700 1 -- 172.21.15.46:0/2232963374 shutdown_connections
2024-05-09T06:21:38.150 INFO:teuthology.orchestra.run.smithi046.stdout:/usr/bin/ceph: stderr
2024-05-09T06:21:37.101+0000 7f4c302cc700 1 --2- 172.21.15.46:0/2232963374 >> [v2:172.21.15.46:3300/0,v1:172.21.15.46:6789/0] conn(0x7f4c280712d0 0x7f4c28105450 unknown :-1 s=CLOSED pgs=80 cs=0 l=1 rev1=1 crypto rx=0 tx=0 comp rx=0 tx=0).stop
2024-05-09T06:21:38.150 INFO:teuthology.orchestra.run.smithi046.stdout:/usr/bin/ceph: stderr
2024-05-09T06:21:37.101+0000 7f4c302cc700 1 -- 172.21.15.46:0/2232963374 >> 172.21.15.46:0/2232963374 conn(0x7f4c280fcec0 msgr2=0x7f4c280ff2d0 unknown :-1 s=STATE_NONE l=0).mark_down
2024-05-09T06:21:38.150 INFO:teuthology.orchestra.run.smithi046.stdout:/usr/bin/ceph: stderr
2024-05-09T06:21:37.101+0000 7f4c302cc700 1 -- 172.21.15.46:0/2232963374 shutdown_connections
2024-05-09T06:21:38.150 INFO:teuthology.orchestra.run.smithi046.stdout:/usr/bin/ceph: stderr
2024-05-09T06:21:37.101+0000 7f4c302cc700 1 -- 172.21.15.46:0/2232963374 wait complete.
2024-05-09T06:21:38.150 INFO:teuthology.orchestra.run.smithi046.stdout:/usr/bin/ceph: stderr
2024-05-09T06:21:37.102+0000 7f4c302cc700 1 Processor -- start
2024-05-09T06:21:38.150 INFO:teuthology.orchestra.run.smithi046.stdout:/usr/bin/ceph: stderr
2024-05-09T06:21:37.102+0000 7f4c302cc700 1 -- start start
2024-05-09T06:21:38.150 INFO:teuthology.orchestra.run.smithi046.stdout:/usr/bin/ceph: stderr
2024-05-09T06:21:37.102+0000 7f4c302cc700 1 --2- >> [v2:172.21.15.46:3300/0,v1:172.21.15.46:6789/0] conn(0x7f4c280712d0 0x7f4c28111630 unknown :-1 s=NONE pgs=0 cs=0 l=1 rev1=0 crypto rx=0 tx=0 comp rx=0 tx=0).connect
2024-05-09T06:21:38.150 INFO:teuthology.orchestra.run.smithi046.stdout:/usr/bin/ceph: stderr
2024-05-09T06:21:37.102+0000 7f4c302cc700 1 -- --> [v2:172.21.15.46:3300/0,v1:172.21.15.46:6789/0] -- mon_getmap magic: 0 v1 -- 0x7f4c28111b70 con 0x7f4c280712d0
2024-05-09T06:21:38.151 INFO:teuthology.orchestra.run.smithi046.stdout:/usr/bin/ceph: stderr
2024-05-09T06:21:37.102+0000 7f4c2e068700 1 --2- >> [v2:172.21.15.46:3300/0,v1:172.21.15.46:6789/0] conn(0x7f4c280712d0 0x7f4c28111630 unknown :-1 s=BANNER_CONNECTING pgs=0 cs=0 l=1 rev1=0 crypto rx=0 tx=0 comp rx=0 tx=0)._handle_peer_banner_payload supported=3 required=0
2024-05-09T06:21:38.151 INFO:teuthology.orchestra.run.smithi046.stdout:/usr/bin/ceph: stderr
2024-05-09T06:21:37.102+0000 7f4c2e068700 1 --2- >> [v2:172.21.15.46:3300/0,v1:172.21.15.46:6789/0] conn(0x7f4c280712d0 0x7f4c28111630 unknown :-1 s=HELLO_CONNECTING pgs=0 cs=0 l=1 rev1=1 crypto rx=0 tx=0 comp rx=0 tx=0).handle_hello peer v2:172.21.15.46:3300/0 says I am v2:172.21.15.46:42430/0 (socket says 172.21.15.46:42430)
2024-05-09T06:21:38.151 INFO:teuthology.orchestra.run.smithi046.stdout:/usr/bin/ceph: stderr
2024-05-09T06:21:37.102+0000 7f4c2e068700 1 -- 172.21.15.46:0/798308210 learned_addr learned my addr 172.21.15.46:0/798308210 (peer_addr_for_me v2:172.21.15.46:0/0)
2024-05-09T06:21:38.151 INFO:teuthology.orchestra.run.smithi046.stdout:/usr/bin/ceph: stderr
2024-05-09T06:21:37.102+0000 7f4c2e068700 1 -- 172.21.15.46:0/798308210 --> [v2:172.21.15.46:3300/0,v1:172.21.15.46:6789/0] -- mon_subscribe({config=0+,monmap=0+}) v3 -- 0x7f4c240094f0 con 0x7f4c280712d0
2024-05-09T06:21:38.151 INFO:teuthology.orchestra.run.smithi046.stdout:/usr/bin/ceph: stderr
2024-05-09T06:21:37.102+0000 7f4c2e068700 1 --2- 172.21.15.46:0/798308210 >> [v2:172.21.15.46:3300/0,v1:172.21.15.46:6789/0] conn(0x7f4c280712d0 0x7f4c28111630 secure :-1 s=READY pgs=81 cs=0 l=1 rev1=1 crypto rx=0x7f4c240105b0 tx=0x7f4c24009250 comp rx=0 tx=0).ready entity=mon.0 client_cookie=0 server_cookie=0 in_seq=0 out_seq=0
2024-05-09T06:21:38.151 INFO:teuthology.orchestra.run.smithi046.stdout:/usr/bin/ceph: stderr
2024-05-09T06:21:37.103+0000 7f4c1affd700 1 -- 172.21.15.46:0/798308210 <== mon.0 v2:172.21.15.46:3300/0 1 ==== mon_map magic: 0 v1 ==== 229+0+0 (secure 0 0 0) 0x7f4c24010840 con 0x7f4c280712d0
2024-05-09T06:21:38.151 INFO:teuthology.orchestra.run.smithi046.stdout:/usr/bin/ceph: stderr
2024-05-09T06:21:37.103+0000 7f4c302cc700 1 -- 172.21.15.46:0/798308210 --> [v2:172.21.15.46:3300/0,v1:172.21.15.46:6789/0] -- mon_subscribe({mgrmap=0+}) v3 -- 0x7f4c28111d70 con 0x7f4c280712d0
2024-05-09T06:21:38.151 INFO:teuthology.orchestra.run.smithi046.stdout:/usr/bin/ceph: stderr
2024-05-09T06:21:37.103+0000 7f4c1affd700 1 -- 172.21.15.46:0/798308210 <== mon.0 v2:172.21.15.46:3300/0 2 ==== config(27 keys) v1 ==== 1109+0+0 (secure 0 0 0) 0x7f4c24010e70 con 0x7f4c280712d0
2024-05-09T06:21:38.151 INFO:teuthology.orchestra.run.smithi046.stdout:/usr/bin/ceph: stderr
2024-05-09T06:21:37.103+0000 7f4c1affd700 1 -- 172.21.15.46:0/798308210 <== mon.0 v2:172.21.15.46:3300/0 3 ==== mon_map magic: 0 v1 ==== 229+0+0 (secure 0 0 0) 0x7f4c240243f0 con 0x7f4c280712d0
2024-05-09T06:21:38.151 INFO:teuthology.orchestra.run.smithi046.stdout:/usr/bin/ceph: stderr
2024-05-09T06:21:37.103+0000 7f4c302cc700 1 -- 172.21.15.46:0/798308210 --> [v2:172.21.15.46:3300/0,v1:172.21.15.46:6789/0] -- mon_subscribe({osdmap=0}) v3 -- 0x7f4c281128e0 con 0x7f4c280712d0
2024-05-09T06:21:38.151 INFO:teuthology.orchestra.run.smithi046.stdout:/usr/bin/ceph: stderr
2024-05-09T06:21:37.103+0000 7f4c1affd700 1 -- 172.21.15.46:0/798308210 <== mon.0 v2:172.21.15.46:3300/0 4 ==== mgrmap(e 11) v1 ==== 43283+0+0 (secure 0 0 0) 0x7f4c24024550 con 0x7f4c280712d0
2024-05-09T06:21:38.151 INFO:teuthology.orchestra.run.smithi046.stdout:/usr/bin/ceph: stderr
2024-05-09T06:21:37.104+0000 7f4c1affd700 1 --2- 172.21.15.46:0/798308210 >> [v2:172.21.15.46:6800/2570824935,v1:172.21.15.46:6801/2570824935] conn(0x7f4c140367d0 0x7f4c14038c80 unknown :-1 s=NONE pgs=0 cs=0 l=1 rev1=0 crypto rx=0 tx=0 comp rx=0 tx=0).connect
2024-05-09T06:21:38.151 INFO:teuthology.orchestra.run.smithi046.stdout:/usr/bin/ceph: stderr
2024-05-09T06:21:37.104+0000 7f4c1affd700 1 -- 172.21.15.46:0/798308210 <== mon.0 v2:172.21.15.46:3300/0 5 ==== osd_map(3..3 src has 1..3) v4 ==== 1151+0+0 (secure 0 0 0) 0x7f4c2404a4d0 con 0x7f4c280712d0
2024-05-09T06:21:38.151 INFO:teuthology.orchestra.run.smithi046.stdout:/usr/bin/ceph: stderr
2024-05-09T06:21:37.104+0000 7f4c302cc700 1 -- 172.21.15.46:0/798308210 --> [v2:172.21.15.46:3300/0,v1:172.21.15.46:6789/0] -- mon_command({"prefix": "get_command_descriptions"} v 0) v1 -- 0x7f4c2805f5c0 con 0x7f4c280712d0
2024-05-09T06:21:38.151 INFO:teuthology.orchestra.run.smithi046.stdout:/usr/bin/ceph: stderr
2024-05-09T06:21:37.104+0000 7f4c2d867700 1 --2- 172.21.15.46:0/798308210 >> [v2:172.21.15.46:6800/2570824935,v1:172.21.15.46:6801/2570824935] conn(0x7f4c140367d0 0x7f4c14038c80 unknown :-1 s=BANNER_CONNECTING pgs=0 cs=0 l=1 rev1=0 crypto rx=0 tx=0 comp rx=0 tx=0)._handle_peer_banner_payload supported=3 required=0
2024-05-09T06:21:38.152 INFO:teuthology.orchestra.run.smithi046.stdout:/usr/bin/ceph: stderr
2024-05-09T06:21:37.104+0000 7f4c2d867700 1 --2- 172.21.15.46:0/798308210 >> [v2:172.21.15.46:6800/2570824935,v1:172.21.15.46:6801/2570824935] conn(0x7f4c140367d0 0x7f4c14038c80 secure :-1 s=READY pgs=7 cs=0 l=1 rev1=1 crypto rx=0x7f4c1c009990 tx=0x7f4c1c006e40 comp rx=0 tx=0).ready entity=mgr.14162 client_cookie=0 server_cookie=0 in_seq=0 out_seq=0
2024-05-09T06:21:38.152 INFO:teuthology.orchestra.run.smithi046.stdout:/usr/bin/ceph: stderr
2024-05-09T06:21:37.109+0000 7f4c1affd700 1 -- 172.21.15.46:0/798308210 <== mon.0 v2:172.21.15.46:3300/0 6 ==== mon_command_ack([{"prefix": "get_command_descriptions"}]=0 v0) v1 ==== 72+0+176702 (secure 0 0 0) 0x7f4c24018940 con 0x7f4c280712d0
2024-05-09T06:21:38.152 INFO:teuthology.orchestra.run.smithi046.stdout:/usr/bin/ceph: stderr
2024-05-09T06:21:37.315+0000 7f4c302cc700 1 -- 172.21.15.46:0/798308210 --> [v2:172.21.15.46:6800/2570824935,v1:172.21.15.46:6801/2570824935] -- mgr_command(tid 0: {"prefix": "dashboard create-self-signed-cert", "target": ["mon-mgr", ""]}) v1 -- 0x7f4c280fe120 con 0x7f4c140367d0
2024-05-09T06:21:38.152 INFO:teuthology.orchestra.run.smithi046.stdout:/usr/bin/ceph: stderr
2024-05-09T06:21:37.386+0000 7f4c1affd700 1 -- 172.21.15.46:0/798308210 <== mgr.14162 v2:172.21.15.46:6800/2570824935 1 ==== mgr_command_reply(tid 0: 0 ) v1 ==== 8+0+32 (secure 0 0 0) 0x7f4c280fe120 con 0x7f4c140367d0
2024-05-09T06:21:38.152 INFO:teuthology.orchestra.run.smithi046.stdout:/usr/bin/ceph: stderr
2024-05-09T06:21:37.388+0000 7f4c302cc700 1 -- 172.21.15.46:0/798308210 >> [v2:172.21.15.46:6800/2570824935,v1:172.21.15.46:6801/2570824935] conn(0x7f4c140367d0 msgr2=0x7f4c14038c80 secure :-1 s=STATE_CONNECTION_ESTABLISHED l=1).mark_down
2024-05-09T06:21:38.152 INFO:teuthology.orchestra.run.smithi046.stdout:/usr/bin/ceph: stderr
2024-05-09T06:21:37.388+0000 7f4c302cc700 1 --2- 172.21.15.46:0/798308210 >> [v2:172.21.15.46:6800/2570824935,v1:172.21.15.46:6801/2570824935] conn(0x7f4c140367d0 0x7f4c14038c80 secure :-1 s=READY pgs=7 cs=0 l=1 rev1=1 crypto rx=0x7f4c1c009990 tx=0x7f4c1c006e40 comp rx=0 tx=0).stop
2024-05-09T06:21:38.152 INFO:teuthology.orchestra.run.smithi046.stdout:/usr/bin/ceph: stderr
2024-05-09T06:21:37.388+0000 7f4c302cc700 1 -- 172.21.15.46:0/798308210 >> [v2:172.21.15.46:3300/0,v1:172.21.15.46:6789/0] conn(0x7f4c280712d0 msgr2=0x7f4c28111630 secure :-1 s=STATE_CONNECTION_ESTABLISHED l=1).mark_down
2024-05-09T06:21:38.152 INFO:teuthology.orchestra.run.smithi046.stdout:/usr/bin/ceph: stderr
2024-05-09T06:21:37.388+0000 7f4c302cc700 1 --2- 172.21.15.46:0/798308210 >> [v2:172.21.15.46:3300/0,v1:172.21.15.46:6789/0] conn(0x7f4c280712d0 0x7f4c28111630 secure :-1 s=READY pgs=81 cs=0 l=1 rev1=1 crypto rx=0x7f4c240105b0 tx=0x7f4c24009250 comp rx=0 tx=0).stop
2024-05-09T06:21:38.152 INFO:teuthology.orchestra.run.smithi046.stdout:/usr/bin/ceph: stderr
2024-05-09T06:21:37.388+0000 7f4c302cc700 1 -- 172.21.15.46:0/798308210 shutdown_connections
2024-05-09T06:21:38.152 INFO:teuthology.orchestra.run.smithi046.stdout:/usr/bin/ceph: stderr
2024-05-09T06:21:37.388+0000 7f4c302cc700 1 --2- 172.21.15.46:0/798308210 >> [v2:172.21.15.46:6800/2570824935,v1:172.21.15.46:6801/2570824935] conn(0x7f4c140367d0 0x7f4c14038c80 unknown :-1 s=CLOSED pgs=7 cs=0 l=1 rev1=1 crypto rx=0 tx=0 comp rx=0 tx=0).stop
2024-05-09T06:21:38.152 INFO:teuthology.orchestra.run.smithi046.stdout:/usr/bin/ceph: stderr
2024-05-09T06:21:37.388+0000 7f4c302cc700 1 --2- 172.21.15.46:0/798308210 >> [v2:172.21.15.46:3300/0,v1:172.21.15.46:6789/0] conn(0x7f4c280712d0 0x7f4c28111630 unknown :-1 s=CLOSED pgs=81 cs=0 l=1 rev1=1 crypto rx=0 tx=0 comp rx=0 tx=0).stop
2024-05-09T06:21:38.152 INFO:teuthology.orchestra.run.smithi046.stdout:/usr/bin/ceph: stderr
2024-05-09T06:21:37.388+0000 7f4c302cc700 1 -- 172.21.15.46:0/798308210 >> 172.21.15.46:0/798308210 conn(0x7f4c280fcec0 msgr2=0x7f4c280fda10 unknown :-1 s=STATE_NONE l=0).mark_down
2024-05-09T06:21:38.153 INFO:teuthology.orchestra.run.smithi046.stdout:/usr/bin/ceph: stderr
2024-05-09T06:21:37.388+0000 7f4c302cc700 1 -- 172.21.15.46:0/798308210 shutdown_connections
2024-05-09T06:21:38.153 INFO:teuthology.orchestra.run.smithi046.stdout:/usr/bin/ceph: stderr
2024-05-09T06:21:37.388+0000 7f4c302cc700 1 -- 172.21.15.46:0/798308210 wait complete.
2024-05-09T06:21:38.153 INFO:teuthology.orchestra.run.smithi046.stdout:Creating initial admin user...
2024-05-09T06:21:38.587 INFO:journalctl@ceph.mon.smithi046.smithi046.stdout:May 09 06:21:38 smithi046 ceph-mon[26924]: [09/May/2024:06:21:36] ENGINE Bus STARTING
2024-05-09T06:21:38.588 INFO:journalctl@ceph.mon.smithi046.smithi046.stdout:May 09 06:21:38 smithi046 ceph-mon[26924]: [09/May/2024:06:21:36] ENGINE Serving on https://172.21.15.46:7150
2024-05-09T06:21:38.588 INFO:journalctl@ceph.mon.smithi046.smithi046.stdout:May 09 06:21:38 smithi046 ceph-mon[26924]: [09/May/2024:06:21:36] ENGINE Bus STARTED
2024-05-09T06:21:38.588 INFO:journalctl@ceph.mon.smithi046.smithi046.stdout:May 09 06:21:38 smithi046 ceph-mon[26924]: from='mgr.14162 172.21.15.46:0/2357703965' entity='mgr.smithi046.nvpcui'
2024-05-09T06:21:38.588 INFO:journalctl@ceph.mon.smithi046.smithi046.stdout:May 09 06:21:38 smithi046 ceph-mon[26924]: from='client.14174 -' entity='client.admin' cmd=[{"prefix": "dashboard create-self-signed-cert", "target": ["mon-mgr", ""]}]: dispatch
2024-05-09T06:21:38.588 INFO:journalctl@ceph.mon.smithi046.smithi046.stdout:May 09 06:21:38 smithi046 ceph-mon[26924]: from='mgr.14162 172.21.15.46:0/2357703965' entity='mgr.smithi046.nvpcui'
2024-05-09T06:21:38.588 INFO:journalctl@ceph.mon.smithi046.smithi046.stdout:May 09 06:21:38 smithi046 ceph-mon[26924]: from='mgr.14162 172.21.15.46:0/2357703965' entity='mgr.smithi046.nvpcui'
2024-05-09T06:21:38.588 INFO:journalctl@ceph.mon.smithi046.smithi046.stdout:May 09 06:21:38 smithi046 ceph-mon[26924]: mgrmap e12: smithi046.nvpcui(active, since 2s)
2024-05-09T06:21:38.588 INFO:journalctl@ceph.mon.smithi046.smithi046.stdout:May 09 06:21:38 smithi046 ceph-mon[26924]: from='mgr.14162 172.21.15.46:0/2357703965' entity='mgr.smithi046.nvpcui'
2024-05-09T06:21:39.982 INFO:journalctl@ceph.mon.smithi046.smithi046.stdout:May 09 06:21:39 smithi046 ceph-mon[26924]: from='client.14176 -' entity='client.admin' cmd=[{"prefix": "dashboard ac-user-create", "username": "admin", "rolename": "administrator", "force_password": true, "pwd_update_required": true, "target": ["mon-mgr", ""]}]: dispatch
2024-05-09T06:21:39.982 INFO:journalctl@ceph.mon.smithi046.smithi046.stdout:May 09 06:21:39 smithi046 ceph-mon[26924]: from='mgr.14162 172.21.15.46:0/2357703965' entity='mgr.smithi046.nvpcui'
2024-05-09T06:21:39.991 INFO:teuthology.orchestra.run.smithi046.stdout:/usr/bin/ceph: stdout {"username": "admin", "password": "$2b$12$qgfFl6Al4mr1X/cK0Y1srOBULFh9r5K5Cj1rO3zMsNof4EGGasgPO", "roles": ["administrator"], "name": null, "email": null, "lastUpdate": 1715235698, "enabled": true, "pwdExpirationDate": null, "pwdUpdateRequired": true}
2024-05-09T06:21:39.991 INFO:teuthology.orchestra.run.smithi046.stdout:/usr/bin/ceph: stderr
2024-05-09T06:21:38.442+0000 7f26f408b700 1 Processor -- start
2024-05-09T06:21:39.991 INFO:teuthology.orchestra.run.smithi046.stdout:/usr/bin/ceph: stderr
2024-05-09T06:21:38.442+0000 7f26f408b700 1 -- start start
2024-05-09T06:21:39.991 INFO:teuthology.orchestra.run.smithi046.stdout:/usr/bin/ceph: stderr
2024-05-09T06:21:38.442+0000 7f26f408b700 1 --2- >> [v2:172.21.15.46:3300/0,v1:172.21.15.46:6789/0] conn(0x7f26ec101740 0x7f26ec101b50 unknown :-1 s=NONE pgs=0 cs=0 l=0 rev1=0 crypto rx=0 tx=0 comp rx=0 tx=0).connect
2024-05-09T06:21:39.991 INFO:teuthology.orchestra.run.smithi046.stdout:/usr/bin/ceph: stderr
2024-05-09T06:21:38.442+0000 7f26f408b700 1 -- --> [v2:172.21.15.46:3300/0,v1:172.21.15.46:6789/0] -- mon_getmap magic: 0 v1 -- 0x7f26ec102090 con 0x7f26ec101740
2024-05-09T06:21:39.991 INFO:teuthology.orchestra.run.smithi046.stdout:/usr/bin/ceph: stderr
2024-05-09T06:21:38.443+0000 7f26f1e27700 1 --2- >> [v2:172.21.15.46:3300/0,v1:172.21.15.46:6789/0] conn(0x7f26ec101740 0x7f26ec101b50 unknown :-1 s=BANNER_CONNECTING pgs=0 cs=0 l=0 rev1=0 crypto rx=0 tx=0 comp rx=0 tx=0)._handle_peer_banner_payload supported=3 required=0
2024-05-09T06:21:39.991 INFO:teuthology.orchestra.run.smithi046.stdout:/usr/bin/ceph: stderr
2024-05-09T06:21:38.443+0000 7f26f1e27700 1 --2- >> [v2:172.21.15.46:3300/0,v1:172.21.15.46:6789/0] conn(0x7f26ec101740 0x7f26ec101b50 unknown :-1 s=HELLO_CONNECTING pgs=0 cs=0 l=0 rev1=1 crypto rx=0 tx=0 comp rx=0 tx=0).handle_hello peer v2:172.21.15.46:3300/0 says I am v2:172.21.15.46:42444/0 (socket says 172.21.15.46:42444)
2024-05-09T06:21:39.991 INFO:teuthology.orchestra.run.smithi046.stdout:/usr/bin/ceph: stderr
2024-05-09T06:21:38.443+0000 7f26f1e27700 1 -- 172.21.15.46:0/2713944169 learned_addr learned my addr 172.21.15.46:0/2713944169 (peer_addr_for_me v2:172.21.15.46:0/0)
2024-05-09T06:21:39.991 INFO:teuthology.orchestra.run.smithi046.stdout:/usr/bin/ceph: stderr
2024-05-09T06:21:38.443+0000 7f26f1e27700 1 -- 172.21.15.46:0/2713944169 --> [v2:172.21.15.46:3300/0,v1:172.21.15.46:6789/0] -- mon_subscribe({config=0+,monmap=0+}) v3 -- 0x7f26ec1021d0 con 0x7f26ec101740
2024-05-09T06:21:39.991 INFO:teuthology.orchestra.run.smithi046.stdout:/usr/bin/ceph: stderr
2024-05-09T06:21:38.443+0000 7f26f1e27700 1 --2- 172.21.15.46:0/2713944169 >> [v2:172.21.15.46:3300/0,v1:172.21.15.46:6789/0] conn(0x7f26ec101740 0x7f26ec101b50 secure :-1 s=READY pgs=82 cs=0 l=1 rev1=1 crypto rx=0x7f26e800bb80 tx=0x7f26e800b4f0 comp rx=0 tx=0).ready entity=mon.0 client_cookie=6dee6e1349418525 server_cookie=0 in_seq=0 out_seq=0
2024-05-09T06:21:39.991 INFO:teuthology.orchestra.run.smithi046.stdout:/usr/bin/ceph: stderr
2024-05-09T06:21:38.443+0000 7f26f0e25700 1 -- 172.21.15.46:0/2713944169 <== mon.0 v2:172.21.15.46:3300/0 1 ==== mon_map magic: 0 v1 ==== 229+0+0 (secure 0 0 0) 0x7f26e800dd00 con 0x7f26ec101740
2024-05-09T06:21:39.991 INFO:teuthology.orchestra.run.smithi046.stdout:/usr/bin/ceph: stderr
2024-05-09T06:21:38.443+0000 7f26f0e25700 1 -- 172.21.15.46:0/2713944169 <== mon.0 v2:172.21.15.46:3300/0 2 ==== config(27 keys) v1 ==== 1109+0+0 (secure 0 0 0) 0x7f26e800de60 con 0x7f26ec101740
2024-05-09T06:21:39.991 INFO:teuthology.orchestra.run.smithi046.stdout:/usr/bin/ceph: stderr
2024-05-09T06:21:38.443+0000 7f26f0e25700 1 -- 172.21.15.46:0/2713944169 <== mon.0 v2:172.21.15.46:3300/0 3 ==== mon_map magic: 0 v1 ==== 229+0+0 (secure 0 0 0) 0x7f26e8018920 con 0x7f26ec101740
2024-05-09T06:21:39.992 INFO:teuthology.orchestra.run.smithi046.stdout:/usr/bin/ceph: stderr
2024-05-09T06:21:38.444+0000 7f26f408b700 1 -- 172.21.15.46:0/2713944169 >> [v2:172.21.15.46:3300/0,v1:172.21.15.46:6789/0] conn(0x7f26ec101740 msgr2=0x7f26ec101b50 secure :-1 s=STATE_CONNECTION_ESTABLISHED l=1).mark_down
2024-05-09T06:21:39.992 INFO:teuthology.orchestra.run.smithi046.stdout:/usr/bin/ceph: stderr
2024-05-09T06:21:38.444+0000 7f26f408b700 1 --2- 172.21.15.46:0/2713944169 >> [v2:172.21.15.46:3300/0,v1:172.21.15.46:6789/0] conn(0x7f26ec101740 0x7f26ec101b50 secure :-1 s=READY pgs=82 cs=0 l=1 rev1=1 crypto rx=0x7f26e800bb80 tx=0x7f26e800b4f0 comp rx=0 tx=0).stop
2024-05-09T06:21:39.992 INFO:teuthology.orchestra.run.smithi046.stdout:/usr/bin/ceph: stderr
2024-05-09T06:21:38.444+0000 7f26f408b700 1 -- 172.21.15.46:0/2713944169 shutdown_connections
2024-05-09T06:21:39.992 INFO:teuthology.orchestra.run.smithi046.stdout:/usr/bin/ceph: stderr
2024-05-09T06:21:38.444+0000 7f26f408b700 1 --2- 172.21.15.46:0/2713944169 >> [v2:172.21.15.46:3300/0,v1:172.21.15.46:6789/0] conn(0x7f26ec101740 0x7f26ec101b50 unknown :-1 s=CLOSED pgs=82 cs=0 l=1 rev1=1 crypto rx=0 tx=0 comp rx=0 tx=0).stop
2024-05-09T06:21:39.992 INFO:teuthology.orchestra.run.smithi046.stdout:/usr/bin/ceph: stderr
2024-05-09T06:21:38.444+0000 7f26f408b700 1 -- 172.21.15.46:0/2713944169 >> 172.21.15.46:0/2713944169 conn(0x7f26ec0fcec0 msgr2=0x7f26ec0ff2d0 unknown :-1 s=STATE_NONE l=0).mark_down
2024-05-09T06:21:39.992 INFO:teuthology.orchestra.run.smithi046.stdout:/usr/bin/ceph: stderr
2024-05-09T06:21:38.444+0000 7f26f408b700 1 -- 172.21.15.46:0/2713944169 shutdown_connections
2024-05-09T06:21:39.992 INFO:teuthology.orchestra.run.smithi046.stdout:/usr/bin/ceph: stderr
2024-05-09T06:21:38.444+0000 7f26f408b700 1 -- 172.21.15.46:0/2713944169 wait complete.
2024-05-09T06:21:39.992 INFO:teuthology.orchestra.run.smithi046.stdout:/usr/bin/ceph: stderr
2024-05-09T06:21:38.445+0000 7f26f408b700 1 Processor -- start
2024-05-09T06:21:39.992 INFO:teuthology.orchestra.run.smithi046.stdout:/usr/bin/ceph: stderr
2024-05-09T06:21:38.445+0000 7f26f408b700 1 -- start start
2024-05-09T06:21:39.992 INFO:teuthology.orchestra.run.smithi046.stdout:/usr/bin/ceph: stderr
2024-05-09T06:21:38.445+0000 7f26f408b700 1 --2- >> [v2:172.21.15.46:3300/0,v1:172.21.15.46:6789/0] conn(0x7f26ec101740 0x7f26ec10f370 unknown :-1 s=NONE pgs=0 cs=0 l=1 rev1=0 crypto rx=0 tx=0 comp rx=0 tx=0).connect
2024-05-09T06:21:39.992 INFO:teuthology.orchestra.run.smithi046.stdout:/usr/bin/ceph: stderr
2024-05-09T06:21:38.445+0000 7f26f408b700 1 -- --> [v2:172.21.15.46:3300/0,v1:172.21.15.46:6789/0] -- mon_getmap magic: 0 v1 -- 0x7f26ec10f8b0 con 0x7f26ec101740
2024-05-09T06:21:39.992 INFO:teuthology.orchestra.run.smithi046.stdout:/usr/bin/ceph: stderr
2024-05-09T06:21:38.445+0000 7f26f1e27700 1 --2- >> [v2:172.21.15.46:3300/0,v1:172.21.15.46:6789/0] conn(0x7f26ec101740 0x7f26ec10f370 unknown :-1 s=BANNER_CONNECTING pgs=0 cs=0 l=1 rev1=0 crypto rx=0 tx=0 comp rx=0 tx=0)._handle_peer_banner_payload supported=3 required=0
2024-05-09T06:21:39.992 INFO:teuthology.orchestra.run.smithi046.stdout:/usr/bin/ceph: stderr
2024-05-09T06:21:38.445+0000 7f26f1e27700 1 --2- >> [v2:172.21.15.46:3300/0,v1:172.21.15.46:6789/0] conn(0x7f26ec101740 0x7f26ec10f370 unknown :-1 s=HELLO_CONNECTING pgs=0 cs=0 l=1 rev1=1 crypto rx=0 tx=0 comp rx=0 tx=0).handle_hello peer v2:172.21.15.46:3300/0 says I am v2:172.21.15.46:42452/0 (socket says 172.21.15.46:42452)
2024-05-09T06:21:39.992 INFO:teuthology.orchestra.run.smithi046.stdout:/usr/bin/ceph: stderr
2024-05-09T06:21:38.445+0000 7f26f1e27700 1 -- 172.21.15.46:0/4181879640 learned_addr learned my addr 172.21.15.46:0/4181879640 (peer_addr_for_me v2:172.21.15.46:0/0)
2024-05-09T06:21:39.992 INFO:teuthology.orchestra.run.smithi046.stdout:/usr/bin/ceph: stderr
2024-05-09T06:21:38.446+0000 7f26f1e27700 1 -- 172.21.15.46:0/4181879640 --> [v2:172.21.15.46:3300/0,v1:172.21.15.46:6789/0] -- mon_subscribe({config=0+,monmap=0+}) v3 -- 0x7f26e800b790 con 0x7f26ec101740
2024-05-09T06:21:39.993 INFO:teuthology.orchestra.run.smithi046.stdout:/usr/bin/ceph: stderr
2024-05-09T06:21:38.446+0000 7f26f1e27700 1 --2- 172.21.15.46:0/4181879640 >> [v2:172.21.15.46:3300/0,v1:172.21.15.46:6789/0] conn(0x7f26ec101740 0x7f26ec10f370 secure :-1 s=READY pgs=83 cs=0 l=1 rev1=1 crypto rx=0x7f26e8006b00 tx=0x7f26e800b4f0 comp rx=0 tx=0).ready entity=mon.0 client_cookie=0 server_cookie=0 in_seq=0 out_seq=0
2024-05-09T06:21:39.993 INFO:teuthology.orchestra.run.smithi046.stdout:/usr/bin/ceph: stderr
2024-05-09T06:21:38.446+0000 7f26e27fc700 1 -- 172.21.15.46:0/4181879640 <== mon.0 v2:172.21.15.46:3300/0 1 ==== mon_map magic: 0 v1 ==== 229+0+0 (secure 0 0 0) 0x7f26e8010bd0 con 0x7f26ec101740
2024-05-09T06:21:39.993 INFO:teuthology.orchestra.run.smithi046.stdout:/usr/bin/ceph: stderr
2024-05-09T06:21:38.446+0000 7f26e27fc700 1 -- 172.21.15.46:0/4181879640 <== mon.0 v2:172.21.15.46:3300/0 2 ==== config(27 keys) v1 ==== 1109+0+0 (secure 0 0 0) 0x7f26e801d050 con 0x7f26ec101740
2024-05-09T06:21:39.994 INFO:teuthology.orchestra.run.smithi046.stdout:/usr/bin/ceph: stderr
2024-05-09T06:21:38.446+0000 7f26f408b700 1 -- 172.21.15.46:0/4181879640 --> [v2:172.21.15.46:3300/0,v1:172.21.15.46:6789/0] -- mon_subscribe({mgrmap=0+}) v3 -- 0x7f26ec10fab0 con 0x7f26ec101740
2024-05-09T06:21:39.994 INFO:teuthology.orchestra.run.smithi046.stdout:/usr/bin/ceph: stderr
2024-05-09T06:21:38.446+0000 7f26e27fc700 1 -- 172.21.15.46:0/4181879640 <== mon.0 v2:172.21.15.46:3300/0 3 ==== mon_map magic: 0 v1 ==== 229+0+0 (secure 0 0 0) 0x7f26e8022590 con 0x7f26ec101740
2024-05-09T06:21:39.994 INFO:teuthology.orchestra.run.smithi046.stdout:/usr/bin/ceph: stderr
2024-05-09T06:21:38.446+0000 7f26f408b700 1 -- 172.21.15.46:0/4181879640 --> [v2:172.21.15.46:3300/0,v1:172.21.15.46:6789/0] -- mon_subscribe({osdmap=0}) v3 -- 0x7f26ec110620 con 0x7f26ec101740
2024-05-09T06:21:39.994 INFO:teuthology.orchestra.run.smithi046.stdout:/usr/bin/ceph: stderr
2024-05-09T06:21:38.447+0000 7f26e27fc700 1 -- 172.21.15.46:0/4181879640 <== mon.0 v2:172.21.15.46:3300/0 4 ==== mgrmap(e 12) v1 ==== 43389+0+0 (secure 0 0 0) 0x7f26e80227c0 con 0x7f26ec101740
2024-05-09T06:21:39.994 INFO:teuthology.orchestra.run.smithi046.stdout:/usr/bin/ceph: stderr
2024-05-09T06:21:38.447+0000 7f26f408b700 1 -- 172.21.15.46:0/4181879640 --> [v2:172.21.15.46:3300/0,v1:172.21.15.46:6789/0] -- mon_command({"prefix": "get_command_descriptions"} v 0) v1 -- 0x7f26ec05f5c0 con 0x7f26ec101740
2024-05-09T06:21:39.994 INFO:teuthology.orchestra.run.smithi046.stdout:/usr/bin/ceph: stderr
2024-05-09T06:21:38.447+0000 7f26e27fc700 1 --2- 172.21.15.46:0/4181879640 >> [v2:172.21.15.46:6800/2570824935,v1:172.21.15.46:6801/2570824935] conn(0x7f26d8036940 0x7f26d8038df0 unknown :-1 s=NONE pgs=0 cs=0 l=1 rev1=0 crypto rx=0 tx=0 comp rx=0 tx=0).connect
2024-05-09T06:21:39.994 INFO:teuthology.orchestra.run.smithi046.stdout:/usr/bin/ceph: stderr
2024-05-09T06:21:38.448+0000 7f26e27fc700 1 -- 172.21.15.46:0/4181879640 <== mon.0 v2:172.21.15.46:3300/0 5 ==== osd_map(3..3 src has 1..3) v4 ==== 1151+0+0 (secure 0 0 0) 0x7f26e8014070 con 0x7f26ec101740
2024-05-09T06:21:39.994 INFO:teuthology.orchestra.run.smithi046.stdout:/usr/bin/ceph: stderr
2024-05-09T06:21:38.448+0000 7f26f1626700 1 --2- 172.21.15.46:0/4181879640 >> [v2:172.21.15.46:6800/2570824935,v1:172.21.15.46:6801/2570824935] conn(0x7f26d8036940 0x7f26d8038df0 unknown :-1 s=BANNER_CONNECTING pgs=0 cs=0 l=1 rev1=0 crypto rx=0 tx=0 comp rx=0 tx=0)._handle_peer_banner_payload supported=3 required=0
2024-05-09T06:21:39.994 INFO:teuthology.orchestra.run.smithi046.stdout:/usr/bin/ceph: stderr
2024-05-09T06:21:38.448+0000 7f26f1626700 1 --2- 172.21.15.46:0/4181879640 >> [v2:172.21.15.46:6800/2570824935,v1:172.21.15.46:6801/2570824935] conn(0x7f26d8036940 0x7f26d8038df0 secure :-1 s=READY pgs=8 cs=0 l=1 rev1=1 crypto rx=0x7f26dc009990 tx=0x7f26dc006e40 comp rx=0 tx=0).ready entity=mgr.14162 client_cookie=0 server_cookie=0 in_seq=0 out_seq=0
2024-05-09T06:21:39.994 INFO:teuthology.orchestra.run.smithi046.stdout:/usr/bin/ceph: stderr
2024-05-09T06:21:38.453+0000 7f26e27fc700 1 -- 172.21.15.46:0/4181879640 <== mon.0 v2:172.21.15.46:3300/0 6 ==== mon_command_ack([{"prefix": "get_command_descriptions"}]=0 v0) v1 ==== 72+0+176702 (secure 0 0 0) 0x7f26e800e360 con 0x7f26ec101740
2024-05-09T06:21:39.994 INFO:teuthology.orchestra.run.smithi046.stdout:/usr/bin/ceph: stderr
2024-05-09T06:21:38.682+0000 7f26f408b700 1 -- 172.21.15.46:0/4181879640 --> [v2:172.21.15.46:6800/2570824935,v1:172.21.15.46:6801/2570824935] -- mgr_command(tid 0: {"prefix": "dashboard ac-user-create", "username": "admin", "rolename": "administrator", "force_password": true, "pwd_update_required": true, "target": ["mon-mgr", ""]}) v1 -- 0x7f26ec05f3b0 con 0x7f26d8036940
2024-05-09T06:21:39.994 INFO:teuthology.orchestra.run.smithi046.stdout:/usr/bin/ceph: stderr
2024-05-09T06:21:38.928+0000 7f26e27fc700 1 -- 172.21.15.46:0/4181879640 <== mgr.14162 v2:172.21.15.46:6800/2570824935 1 ==== mgr_command_reply(tid 0: 0 ) v1 ==== 8+0+252 (secure 0 0 0) 0x7f26ec05f3b0 con 0x7f26d8036940
2024-05-09T06:21:39.995 INFO:teuthology.orchestra.run.smithi046.stdout:/usr/bin/ceph: stderr
2024-05-09T06:21:38.930+0000 7f26f408b700 1 -- 172.21.15.46:0/4181879640 >> [v2:172.21.15.46:6800/2570824935,v1:172.21.15.46:6801/2570824935] conn(0x7f26d8036940 msgr2=0x7f26d8038df0 secure :-1 s=STATE_CONNECTION_ESTABLISHED l=1).mark_down
2024-05-09T06:21:39.995 INFO:teuthology.orchestra.run.smithi046.stdout:/usr/bin/ceph: stderr
2024-05-09T06:21:38.930+0000 7f26f408b700 1 --2- 172.21.15.46:0/4181879640 >> [v2:172.21.15.46:6800/2570824935,v1:172.21.15.46:6801/2570824935] conn(0x7f26d8036940 0x7f26d8038df0 secure :-1 s=READY pgs=8 cs=0 l=1 rev1=1 crypto rx=0x7f26dc009990 tx=0x7f26dc006e40 comp rx=0 tx=0).stop
2024-05-09T06:21:39.995 INFO:teuthology.orchestra.run.smithi046.stdout:/usr/bin/ceph: stderr
2024-05-09T06:21:38.930+0000 7f26f408b700 1 -- 172.21.15.46:0/4181879640 >> [v2:172.21.15.46:3300/0,v1:172.21.15.46:6789/0] conn(0x7f26ec101740 msgr2=0x7f26ec10f370 secure :-1 s=STATE_CONNECTION_ESTABLISHED l=1).mark_down
2024-05-09T06:21:39.995 INFO:teuthology.orchestra.run.smithi046.stdout:/usr/bin/ceph: stderr
2024-05-09T06:21:38.930+0000 7f26f408b700 1 --2- 172.21.15.46:0/4181879640 >> [v2:172.21.15.46:3300/0,v1:172.21.15.46:6789/0] conn(0x7f26ec101740 0x7f26ec10f370 secure :-1 s=READY pgs=83 cs=0 l=1 rev1=1 crypto rx=0x7f26e8006b00 tx=0x7f26e800b4f0 comp rx=0 tx=0).stop
2024-05-09T06:21:39.995 INFO:teuthology.orchestra.run.smithi046.stdout:/usr/bin/ceph: stderr
2024-05-09T06:21:38.930+0000 7f26f408b700 1 -- 172.21.15.46:0/4181879640 shutdown_connections
2024-05-09T06:21:39.995 INFO:teuthology.orchestra.run.smithi046.stdout:/usr/bin/ceph: stderr
2024-05-09T06:21:38.930+0000 7f26f408b700 1 --2- 172.21.15.46:0/4181879640 >> [v2:172.21.15.46:6800/2570824935,v1:172.21.15.46:6801/2570824935] conn(0x7f26d8036940 0x7f26d8038df0 unknown :-1 s=CLOSED pgs=8 cs=0 l=1 rev1=1 crypto rx=0 tx=0 comp rx=0 tx=0).stop
2024-05-09T06:21:39.995 INFO:teuthology.orchestra.run.smithi046.stdout:/usr/bin/ceph: stderr
2024-05-09T06:21:38.930+0000 7f26f408b700 1 --2- 172.21.15.46:0/4181879640 >> [v2:172.21.15.46:3300/0,v1:172.21.15.46:6789/0] conn(0x7f26ec101740 0x7f26ec10f370 unknown :-1 s=CLOSED pgs=83 cs=0 l=1 rev1=1 crypto rx=0 tx=0 comp rx=0 tx=0).stop
2024-05-09T06:21:39.995 INFO:teuthology.orchestra.run.smithi046.stdout:/usr/bin/ceph: stderr
2024-05-09T06:21:38.930+0000 7f26f408b700 1 -- 172.21.15.46:0/4181879640 >> 172.21.15.46:0/4181879640 conn(0x7f26ec0fcec0 msgr2=0x7f26ec105b80 unknown :-1 s=STATE_NONE l=0).mark_down
2024-05-09T06:21:39.995 INFO:teuthology.orchestra.run.smithi046.stdout:/usr/bin/ceph: stderr
2024-05-09T06:21:38.930+0000 7f26f408b700 1 -- 172.21.15.46:0/4181879640 shutdown_connections
2024-05-09T06:21:39.995 INFO:teuthology.orchestra.run.smithi046.stdout:/usr/bin/ceph: stderr
2024-05-09T06:21:38.930+0000 7f26f408b700 1 -- 172.21.15.46:0/4181879640 wait complete.
2024-05-09T06:21:39.995 INFO:teuthology.orchestra.run.smithi046.stdout:Fetching dashboard port number...
2024-05-09T06:21:41.205 INFO:journalctl@ceph.mon.smithi046.smithi046.stdout:May 09 06:21:40 smithi046 ceph-mon[26924]: from='client.? 172.21.15.46:0/1783779779' entity='client.admin' cmd=[{"prefix": "config get", "who": "mgr", "key": "mgr/dashboard/ssl_server_port"}]: dispatch
2024-05-09T06:21:41.213 INFO:teuthology.orchestra.run.smithi046.stdout:/usr/bin/ceph: stdout 8443
2024-05-09T06:21:41.214 INFO:teuthology.orchestra.run.smithi046.stdout:/usr/bin/ceph: stderr
2024-05-09T06:21:40.419+0000 7f2bb88e5700 1 Processor -- start
2024-05-09T06:21:41.214 INFO:teuthology.orchestra.run.smithi046.stdout:/usr/bin/ceph: stderr
2024-05-09T06:21:40.419+0000 7f2bb88e5700 1 -- start start
2024-05-09T06:21:41.214 INFO:teuthology.orchestra.run.smithi046.stdout:/usr/bin/ceph: stderr
2024-05-09T06:21:40.419+0000 7f2bb88e5700 1 --2- >> [v2:172.21.15.46:3300/0,v1:172.21.15.46:6789/0] conn(0x7f2bb41028b0 0x7f2bb4102cc0 unknown :-1 s=NONE pgs=0 cs=0 l=0 rev1=0 crypto rx=0 tx=0 comp rx=0 tx=0).connect
2024-05-09T06:21:41.214 INFO:teuthology.orchestra.run.smithi046.stdout:/usr/bin/ceph: stderr
2024-05-09T06:21:40.419+0000 7f2bb88e5700 1 -- --> [v2:172.21.15.46:3300/0,v1:172.21.15.46:6789/0] -- mon_getmap magic: 0 v1 -- 0x7f2bb4103200 con 0x7f2bb41028b0
2024-05-09T06:21:41.214 INFO:teuthology.orchestra.run.smithi046.stdout:/usr/bin/ceph: stderr
2024-05-09T06:21:40.420+0000 7f2bb259c700 1 --2- >> [v2:172.21.15.46:3300/0,v1:172.21.15.46:6789/0] conn(0x7f2bb41028b0 0x7f2bb4102cc0 unknown :-1 s=BANNER_CONNECTING pgs=0 cs=0 l=0 rev1=0 crypto rx=0 tx=0 comp rx=0 tx=0)._handle_peer_banner_payload supported=3 required=0
2024-05-09T06:21:41.214 INFO:teuthology.orchestra.run.smithi046.stdout:/usr/bin/ceph: stderr
2024-05-09T06:21:40.420+0000 7f2bb259c700 1 --2- >> [v2:172.21.15.46:3300/0,v1:172.21.15.46:6789/0] conn(0x7f2bb41028b0 0x7f2bb4102cc0 unknown :-1 s=HELLO_CONNECTING pgs=0 cs=0 l=0 rev1=1 crypto rx=0 tx=0 comp rx=0 tx=0).handle_hello peer v2:172.21.15.46:3300/0 says I am v2:172.21.15.46:42468/0 (socket says 172.21.15.46:42468)
2024-05-09T06:21:41.214 INFO:teuthology.orchestra.run.smithi046.stdout:/usr/bin/ceph: stderr
2024-05-09T06:21:40.420+0000 7f2bb259c700 1 -- 172.21.15.46:0/1300920731 learned_addr learned my addr 172.21.15.46:0/1300920731 (peer_addr_for_me v2:172.21.15.46:0/0)
2024-05-09T06:21:41.214 INFO:teuthology.orchestra.run.smithi046.stdout:/usr/bin/ceph: stderr
2024-05-09T06:21:40.420+0000 7f2bb259c700 1 -- 172.21.15.46:0/1300920731 --> [v2:172.21.15.46:3300/0,v1:172.21.15.46:6789/0] -- mon_subscribe({config=0+,monmap=0+}) v3 -- 0x7f2bb4103340 con 0x7f2bb41028b0
2024-05-09T06:21:41.214 INFO:teuthology.orchestra.run.smithi046.stdout:/usr/bin/ceph: stderr
2024-05-09T06:21:40.420+0000 7f2bb259c700 1 --2- 172.21.15.46:0/1300920731 >> [v2:172.21.15.46:3300/0,v1:172.21.15.46:6789/0] conn(0x7f2bb41028b0 0x7f2bb4102cc0 secure :-1 s=READY pgs=84 cs=0 l=1 rev1=1 crypto rx=0x7f2ba4009e50 tx=0x7f2ba4009840 comp rx=0 tx=0).ready entity=mon.0 client_cookie=9d2b17eb7bb4d955 server_cookie=0 in_seq=0 out_seq=0
2024-05-09T06:21:41.214 INFO:teuthology.orchestra.run.smithi046.stdout:/usr/bin/ceph: stderr
2024-05-09T06:21:40.420+0000 7f2bb159a700 1 -- 172.21.15.46:0/1300920731 <== mon.0 v2:172.21.15.46:3300/0 1 ==== mon_map magic: 0 v1 ==== 229+0+0 (secure 0 0 0) 0x7f2ba40092e0 con 0x7f2bb41028b0
2024-05-09T06:21:41.215 INFO:teuthology.orchestra.run.smithi046.stdout:/usr/bin/ceph: stderr
2024-05-09T06:21:40.420+0000 7f2bb159a700 1 -- 172.21.15.46:0/1300920731 <== mon.0 v2:172.21.15.46:3300/0 2 ==== config(27 keys) v1 ==== 1109+0+0 (secure 0 0 0) 0x7f2ba4012430 con 0x7f2bb41028b0
2024-05-09T06:21:41.215 INFO:teuthology.orchestra.run.smithi046.stdout:/usr/bin/ceph: stderr
2024-05-09T06:21:40.420+0000 7f2bb159a700 1 -- 172.21.15.46:0/1300920731 <== mon.0 v2:172.21.15.46:3300/0 3 ==== mon_map magic: 0 v1 ==== 229+0+0 (secure 0 0 0) 0x7f2ba40075a0 con 0x7f2bb41028b0
2024-05-09T06:21:41.215 INFO:teuthology.orchestra.run.smithi046.stdout:/usr/bin/ceph: stderr
2024-05-09T06:21:40.421+0000 7f2bb88e5700 1 -- 172.21.15.46:0/1300920731 >> [v2:172.21.15.46:3300/0,v1:172.21.15.46:6789/0] conn(0x7f2bb41028b0 msgr2=0x7f2bb4102cc0 secure :-1 s=STATE_CONNECTION_ESTABLISHED l=1).mark_down
2024-05-09T06:21:41.215 INFO:teuthology.orchestra.run.smithi046.stdout:/usr/bin/ceph: stderr
2024-05-09T06:21:40.421+0000 7f2bb88e5700 1 --2- 172.21.15.46:0/1300920731 >> [v2:172.21.15.46:3300/0,v1:172.21.15.46:6789/0] conn(0x7f2bb41028b0 0x7f2bb4102cc0 secure :-1 s=READY pgs=84 cs=0 l=1 rev1=1 crypto rx=0x7f2ba4009e50 tx=0x7f2ba4009840 comp rx=0 tx=0).stop
2024-05-09T06:21:41.215 INFO:teuthology.orchestra.run.smithi046.stdout:/usr/bin/ceph: stderr
2024-05-09T06:21:40.421+0000 7f2bb88e5700 1 -- 172.21.15.46:0/1300920731 shutdown_connections
2024-05-09T06:21:41.215 INFO:teuthology.orchestra.run.smithi046.stdout:/usr/bin/ceph: stderr
2024-05-09T06:21:40.421+0000 7f2bb88e5700 1 --2- 172.21.15.46:0/1300920731 >> [v2:172.21.15.46:3300/0,v1:172.21.15.46:6789/0] conn(0x7f2bb41028b0 0x7f2bb4102cc0 unknown :-1 s=CLOSED pgs=84 cs=0 l=1 rev1=1 crypto rx=0 tx=0 comp rx=0 tx=0).stop
2024-05-09T06:21:41.215 INFO:teuthology.orchestra.run.smithi046.stdout:/usr/bin/ceph: stderr
2024-05-09T06:21:40.421+0000 7f2bb88e5700 1 -- 172.21.15.46:0/1300920731 >> 172.21.15.46:0/1300920731 conn(0x7f2bb40fdff0 msgr2=0x7f2bb4100440 unknown :-1 s=STATE_NONE l=0).mark_down
2024-05-09T06:21:41.215 INFO:teuthology.orchestra.run.smithi046.stdout:/usr/bin/ceph: stderr
2024-05-09T06:21:40.421+0000 7f2bb88e5700 1 -- 172.21.15.46:0/1300920731 shutdown_connections
2024-05-09T06:21:41.215 INFO:teuthology.orchestra.run.smithi046.stdout:/usr/bin/ceph: stderr
2024-05-09T06:21:40.421+0000 7f2bb88e5700 1 -- 172.21.15.46:0/1300920731 wait complete.
2024-05-09T06:21:41.215 INFO:teuthology.orchestra.run.smithi046.stdout:/usr/bin/ceph: stderr
2024-05-09T06:21:40.422+0000 7f2bb88e5700 1 Processor -- start
2024-05-09T06:21:41.215 INFO:teuthology.orchestra.run.smithi046.stdout:/usr/bin/ceph: stderr
2024-05-09T06:21:40.422+0000 7f2bb88e5700 1 -- start start
2024-05-09T06:21:41.215 INFO:teuthology.orchestra.run.smithi046.stdout:/usr/bin/ceph: stderr
2024-05-09T06:21:40.422+0000 7f2bb88e5700 1 --2- >> [v2:172.21.15.46:3300/0,v1:172.21.15.46:6789/0] conn(0x7f2bb41028b0 0x7f2bb4111660 unknown :-1 s=NONE pgs=0 cs=0 l=1 rev1=0 crypto rx=0 tx=0 comp rx=0 tx=0).connect
2024-05-09T06:21:41.215 INFO:teuthology.orchestra.run.smithi046.stdout:/usr/bin/ceph: stderr
2024-05-09T06:21:40.422+0000 7f2bb88e5700 1 -- --> [v2:172.21.15.46:3300/0,v1:172.21.15.46:6789/0] -- mon_getmap magic: 0 v1 -- 0x7f2bb4111ba0 con 0x7f2bb41028b0
2024-05-09T06:21:41.215 INFO:teuthology.orchestra.run.smithi046.stdout:/usr/bin/ceph: stderr
2024-05-09T06:21:40.422+0000 7f2bb259c700 1 --2- >> [v2:172.21.15.46:3300/0,v1:172.21.15.46:6789/0] conn(0x7f2bb41028b0 0x7f2bb4111660 unknown :-1 s=BANNER_CONNECTING pgs=0 cs=0 l=1 rev1=0 crypto rx=0 tx=0 comp rx=0 tx=0)._handle_peer_banner_payload supported=3 required=0
2024-05-09T06:21:41.216 INFO:teuthology.orchestra.run.smithi046.stdout:/usr/bin/ceph: stderr
2024-05-09T06:21:40.422+0000 7f2bb259c700 1 --2- >> [v2:172.21.15.46:3300/0,v1:172.21.15.46:6789/0] conn(0x7f2bb41028b0 0x7f2bb4111660 unknown :-1 s=HELLO_CONNECTING pgs=0 cs=0 l=1 rev1=1 crypto rx=0 tx=0 comp rx=0 tx=0).handle_hello peer v2:172.21.15.46:3300/0 says I am v2:172.21.15.46:42470/0 (socket says 172.21.15.46:42470)
2024-05-09T06:21:41.216 INFO:teuthology.orchestra.run.smithi046.stdout:/usr/bin/ceph: stderr
2024-05-09T06:21:40.422+0000 7f2bb259c700 1 -- 172.21.15.46:0/1783779779 learned_addr learned my addr 172.21.15.46:0/1783779779 (peer_addr_for_me v2:172.21.15.46:0/0)
2024-05-09T06:21:41.216 INFO:teuthology.orchestra.run.smithi046.stdout:/usr/bin/ceph: stderr
2024-05-09T06:21:40.422+0000 7f2bb259c700 1 -- 172.21.15.46:0/1783779779 --> [v2:172.21.15.46:3300/0,v1:172.21.15.46:6789/0] -- mon_subscribe({config=0+,monmap=0+}) v3 -- 0x7f2ba4009ae0 con 0x7f2bb41028b0
2024-05-09T06:21:41.216 INFO:teuthology.orchestra.run.smithi046.stdout:/usr/bin/ceph: stderr
2024-05-09T06:21:40.422+0000 7f2bb259c700 1 --2- 172.21.15.46:0/1783779779 >> [v2:172.21.15.46:3300/0,v1:172.21.15.46:6789/0] conn(0x7f2bb41028b0 0x7f2bb4111660 secure :-1 s=READY pgs=85 cs=0 l=1 rev1=1 crypto rx=0x7f2ba4009fd0 tx=0x7f2ba4009840 comp rx=0 tx=0).ready entity=mon.0 client_cookie=0 server_cookie=0 in_seq=0 out_seq=0
2024-05-09T06:21:41.216 INFO:teuthology.orchestra.run.smithi046.stdout:/usr/bin/ceph: stderr
2024-05-09T06:21:40.422+0000 7f2baaffd700 1 -- 172.21.15.46:0/1783779779 <== mon.0 v2:172.21.15.46:3300/0 1 ==== mon_map magic: 0 v1 ==== 229+0+0 (secure 0 0 0) 0x7f2ba40092e0 con 0x7f2bb41028b0
2024-05-09T06:21:41.216 INFO:teuthology.orchestra.run.smithi046.stdout:/usr/bin/ceph: stderr
2024-05-09T06:21:40.423+0000 7f2baaffd700 1 -- 172.21.15.46:0/1783779779 <== mon.0 v2:172.21.15.46:3300/0 2 ==== config(27 keys) v1 ==== 1109+0+0 (secure 0 0 0) 0x7f2ba4007ce0 con 0x7f2bb41028b0
2024-05-09T06:21:41.216 INFO:teuthology.orchestra.run.smithi046.stdout:/usr/bin/ceph: stderr
2024-05-09T06:21:40.423+0000 7f2bb88e5700 1 -- 172.21.15.46:0/1783779779 --> [v2:172.21.15.46:3300/0,v1:172.21.15.46:6789/0] -- mon_subscribe({mgrmap=0+}) v3 -- 0x7f2bb4111da0 con 0x7f2bb41028b0
2024-05-09T06:21:41.216 INFO:teuthology.orchestra.run.smithi046.stdout:/usr/bin/ceph: stderr
2024-05-09T06:21:40.423+0000 7f2baaffd700 1 -- 172.21.15.46:0/1783779779 <== mon.0 v2:172.21.15.46:3300/0 3 ==== mon_map magic: 0 v1 ==== 229+0+0 (secure 0 0 0) 0x7f2ba4025990 con 0x7f2bb41028b0
2024-05-09T06:21:41.216 INFO:teuthology.orchestra.run.smithi046.stdout:/usr/bin/ceph: stderr
2024-05-09T06:21:40.423+0000 7f2bb88e5700 1 -- 172.21.15.46:0/1783779779 --> [v2:172.21.15.46:3300/0,v1:172.21.15.46:6789/0] -- mon_subscribe({osdmap=0}) v3 -- 0x7f2bb4112910 con 0x7f2bb41028b0
2024-05-09T06:21:41.216 INFO:teuthology.orchestra.run.smithi046.stdout:/usr/bin/ceph: stderr
2024-05-09T06:21:40.423+0000 7f2baaffd700 1 -- 172.21.15.46:0/1783779779 <== mon.0 v2:172.21.15.46:3300/0 4 ==== mgrmap(e 12) v1 ==== 43389+0+0 (secure 0 0 0) 0x7f2ba4019050 con 0x7f2bb41028b0
2024-05-09T06:21:41.216 INFO:teuthology.orchestra.run.smithi046.stdout:/usr/bin/ceph: stderr
2024-05-09T06:21:40.424+0000 7f2bb88e5700 1 -- 172.21.15.46:0/1783779779 --> [v2:172.21.15.46:3300/0,v1:172.21.15.46:6789/0] -- mon_command({"prefix": "get_command_descriptions"} v 0) v1 -- 0x7f2bb405f5c0 con 0x7f2bb41028b0
2024-05-09T06:21:41.216 INFO:teuthology.orchestra.run.smithi046.stdout:/usr/bin/ceph: stderr
2024-05-09T06:21:40.424+0000 7f2baaffd700 1 --2- 172.21.15.46:0/1783779779 >> [v2:172.21.15.46:6800/2570824935,v1:172.21.15.46:6801/2570824935] conn(0x7f2ba00368a0 0x7f2ba0038d50 unknown :-1 s=NONE pgs=0 cs=0 l=1 rev1=0 crypto rx=0 tx=0 comp rx=0 tx=0).connect
2024-05-09T06:21:41.216 INFO:teuthology.orchestra.run.smithi046.stdout:/usr/bin/ceph: stderr
2024-05-09T06:21:40.424+0000 7f2baaffd700 1 -- 172.21.15.46:0/1783779779 <== mon.0 v2:172.21.15.46:3300/0 5 ==== osd_map(3..3 src has 1..3) v4 ==== 1151+0+0 (secure 0 0 0) 0x7f2ba404a1f0 con 0x7f2bb41028b0
2024-05-09T06:21:41.217 INFO:teuthology.orchestra.run.smithi046.stdout:/usr/bin/ceph: stderr
2024-05-09T06:21:40.424+0000 7f2bb1d9b700 1 --2- 172.21.15.46:0/1783779779 >> [v2:172.21.15.46:6800/2570824935,v1:172.21.15.46:6801/2570824935] conn(0x7f2ba00368a0 0x7f2ba0038d50 unknown :-1 s=BANNER_CONNECTING pgs=0 cs=0 l=1 rev1=0 crypto rx=0 tx=0 comp rx=0 tx=0)._handle_peer_banner_payload supported=3 required=0
2024-05-09T06:21:41.217 INFO:teuthology.orchestra.run.smithi046.stdout:/usr/bin/ceph: stderr
2024-05-09T06:21:40.424+0000 7f2bb1d9b700 1 --2- 172.21.15.46:0/1783779779 >> [v2:172.21.15.46:6800/2570824935,v1:172.21.15.46:6801/2570824935] conn(0x7f2ba00368a0 0x7f2ba0038d50 secure :-1 s=READY pgs=9 cs=0 l=1 rev1=1 crypto rx=0x7f2b9c009990 tx=0x7f2b9c006e40 comp rx=0 tx=0).ready entity=mgr.14162 client_cookie=0 server_cookie=0 in_seq=0 out_seq=0
2024-05-09T06:21:41.217 INFO:teuthology.orchestra.run.smithi046.stdout:/usr/bin/ceph: stderr
2024-05-09T06:21:40.428+0000 7f2baaffd700 1 -- 172.21.15.46:0/1783779779 <== mon.0 v2:172.21.15.46:3300/0 6 ==== mon_command_ack([{"prefix": "get_command_descriptions"}]=0 v0) v1 ==== 72+0+176702 (secure 0 0 0) 0x7f2ba4007810 con 0x7f2bb41028b0
2024-05-09T06:21:41.217 INFO:teuthology.orchestra.run.smithi046.stdout:/usr/bin/ceph: stderr
2024-05-09T06:21:40.624+0000 7f2bb88e5700 1 -- 172.21.15.46:0/1783779779 --> [v2:172.21.15.46:3300/0,v1:172.21.15.46:6789/0] -- mon_command({"prefix": "config get", "who": "mgr", "key": "mgr/dashboard/ssl_server_port"} v 0) v1 -- 0x7f2bb404bed0 con 0x7f2bb41028b0
2024-05-09T06:21:41.217 INFO:teuthology.orchestra.run.smithi046.stdout:/usr/bin/ceph: stderr
2024-05-09T06:21:40.624+0000 7f2baaffd700 1 -- 172.21.15.46:0/1783779779 <== mon.0 v2:172.21.15.46:3300/0 7 ==== mon_command_ack([{"prefix": "config get", "who": "mgr", "key": "mgr/dashboard/ssl_server_port"}]=0 v8) v1 ==== 112+0+5 (secure 0 0 0) 0x7f2ba4020020 con 0x7f2bb41028b0
2024-05-09T06:21:41.217 INFO:teuthology.orchestra.run.smithi046.stdout:/usr/bin/ceph: stderr
2024-05-09T06:21:40.626+0000 7f2bb88e5700 1 -- 172.21.15.46:0/1783779779 >> [v2:172.21.15.46:6800/2570824935,v1:172.21.15.46:6801/2570824935] conn(0x7f2ba00368a0 msgr2=0x7f2ba0038d50 secure :-1 s=STATE_CONNECTION_ESTABLISHED l=1).mark_down
2024-05-09T06:21:41.217 INFO:teuthology.orchestra.run.smithi046.stdout:/usr/bin/ceph: stderr
2024-05-09T06:21:40.626+0000 7f2bb88e5700 1 --2- 172.21.15.46:0/1783779779 >> [v2:172.21.15.46:6800/2570824935,v1:172.21.15.46:6801/2570824935] conn(0x7f2ba00368a0 0x7f2ba0038d50 secure :-1 s=READY pgs=9 cs=0 l=1 rev1=1 crypto rx=0x7f2b9c009990 tx=0x7f2b9c006e40 comp rx=0 tx=0).stop
2024-05-09T06:21:41.217 INFO:teuthology.orchestra.run.smithi046.stdout:/usr/bin/ceph: stderr
2024-05-09T06:21:40.626+0000 7f2bb88e5700 1 -- 172.21.15.46:0/1783779779 >> [v2:172.21.15.46:3300/0,v1:172.21.15.46:6789/0] conn(0x7f2bb41028b0 msgr2=0x7f2bb4111660 secure :-1 s=STATE_CONNECTION_ESTABLISHED l=1).mark_down
2024-05-09T06:21:41.217 INFO:teuthology.orchestra.run.smithi046.stdout:/usr/bin/ceph: stderr
2024-05-09T06:21:40.626+0000 7f2bb88e5700 1 --2- 172.21.15.46:0/1783779779 >> [v2:172.21.15.46:3300/0,v1:172.21.15.46:6789/0] conn(0x7f2bb41028b0 0x7f2bb4111660 secure :-1 s=READY pgs=85 cs=0 l=1 rev1=1 crypto rx=0x7f2ba4009fd0 tx=0x7f2ba4009840 comp rx=0 tx=0).stop
2024-05-09T06:21:41.217 INFO:teuthology.orchestra.run.smithi046.stdout:/usr/bin/ceph: stderr
2024-05-09T06:21:40.627+0000 7f2bb88e5700 1 -- 172.21.15.46:0/1783779779 shutdown_connections
2024-05-09T06:21:41.217 INFO:teuthology.orchestra.run.smithi046.stdout:/usr/bin/ceph: stderr
2024-05-09T06:21:40.627+0000 7f2bb88e5700 1 --2- 172.21.15.46:0/1783779779 >> [v2:172.21.15.46:6800/2570824935,v1:172.21.15.46:6801/2570824935] conn(0x7f2ba00368a0 0x7f2ba0038d50 unknown :-1 s=CLOSED pgs=9 cs=0 l=1 rev1=1 crypto rx=0 tx=0 comp rx=0 tx=0).stop
2024-05-09T06:21:41.217 INFO:teuthology.orchestra.run.smithi046.stdout:/usr/bin/ceph: stderr
2024-05-09T06:21:40.627+0000 7f2bb88e5700 1 --2- 172.21.15.46:0/1783779779 >> [v2:172.21.15.46:3300/0,v1:172.21.15.46:6789/0] conn(0x7f2bb41028b0 0x7f2bb4111660 unknown :-1 s=CLOSED pgs=85 cs=0 l=1 rev1=1 crypto rx=0 tx=0 comp rx=0 tx=0).stop
2024-05-09T06:21:41.217 INFO:teuthology.orchestra.run.smithi046.stdout:/usr/bin/ceph: stderr
2024-05-09T06:21:40.627+0000 7f2bb88e5700 1 -- 172.21.15.46:0/1783779779 >> 172.21.15.46:0/1783779779 conn(0x7f2bb40fdff0 msgr2=0x7f2bb40feb10 unknown :-1 s=STATE_NONE l=0).mark_down
2024-05-09T06:21:41.217 INFO:teuthology.orchestra.run.smithi046.stdout:/usr/bin/ceph: stderr
2024-05-09T06:21:40.627+0000 7f2bb88e5700 1 -- 172.21.15.46:0/1783779779 shutdown_connections
2024-05-09T06:21:41.217 INFO:teuthology.orchestra.run.smithi046.stdout:/usr/bin/ceph: stderr
2024-05-09T06:21:40.627+0000 7f2bb88e5700 1 -- 172.21.15.46:0/1783779779 wait complete.
2024-05-09T06:21:41.223 INFO:teuthology.orchestra.run.smithi046.stdout:Non-zero exit code 1 from systemctl is-enabled firewalld.service
2024-05-09T06:21:41.223 INFO:teuthology.orchestra.run.smithi046.stdout:systemctl: stdout disabled
2024-05-09T06:21:41.232 INFO:teuthology.orchestra.run.smithi046.stdout:Non-zero exit code 3 from systemctl is-active firewalld.service
2024-05-09T06:21:41.232 INFO:teuthology.orchestra.run.smithi046.stdout:systemctl: stdout inactive
2024-05-09T06:21:41.233 INFO:teuthology.orchestra.run.smithi046.stdout:firewalld.service is not enabled
2024-05-09T06:21:41.233 INFO:teuthology.orchestra.run.smithi046.stdout:Not possible to open ports <[8443]>. firewalld.service is not available
2024-05-09T06:21:41.235 INFO:teuthology.orchestra.run.smithi046.stdout:Ceph Dashboard is now available at:
2024-05-09T06:21:41.235 INFO:teuthology.orchestra.run.smithi046.stdout:
2024-05-09T06:21:41.235 INFO:teuthology.orchestra.run.smithi046.stdout: URL: https://smithi046.front.sepia.ceph.com:8443/
2024-05-09T06:21:41.235 INFO:teuthology.orchestra.run.smithi046.stdout: User: admin
2024-05-09T06:21:41.235 INFO:teuthology.orchestra.run.smithi046.stdout: Password: d2fj83ho7u
2024-05-09T06:21:41.235 INFO:teuthology.orchestra.run.smithi046.stdout:
2024-05-09T06:21:41.236 INFO:teuthology.orchestra.run.smithi046.stdout:Saving cluster configuration to /var/lib/ceph/165d9e0a-0dcc-11ef-bc97-c7b262605968/config directory
2024-05-09T06:21:41.236 INFO:teuthology.orchestra.run.smithi046.stdout:Enabling autotune for osd_memory_target
2024-05-09T06:21:42.420 INFO:teuthology.orchestra.run.smithi046.stdout:/usr/bin/ceph: stderr
2024-05-09T06:21:41.688+0000 7fcd0f75c700 1 Processor -- start
2024-05-09T06:21:42.420 INFO:teuthology.orchestra.run.smithi046.stdout:/usr/bin/ceph: stderr
2024-05-09T06:21:41.688+0000 7fcd0f75c700 1 -- start start
2024-05-09T06:21:42.420 INFO:teuthology.orchestra.run.smithi046.stdout:/usr/bin/ceph: stderr
2024-05-09T06:21:41.688+0000 7fcd0f75c700 1 --2- >> [v2:172.21.15.46:3300/0,v1:172.21.15.46:6789/0] conn(0x7fcd08100f30 0x7fcd08101340 unknown :-1 s=NONE pgs=0 cs=0 l=0 rev1=0 crypto rx=0 tx=0 comp rx=0 tx=0).connect
2024-05-09T06:21:42.420 INFO:teuthology.orchestra.run.smithi046.stdout:/usr/bin/ceph: stderr
2024-05-09T06:21:41.688+0000 7fcd0f75c700 1 -- --> [v2:172.21.15.46:3300/0,v1:172.21.15.46:6789/0] -- mon_getmap magic: 0 v1 -- 0x7fcd08101880 con 0x7fcd08100f30
2024-05-09T06:21:42.420 INFO:teuthology.orchestra.run.smithi046.stdout:/usr/bin/ceph: stderr
2024-05-09T06:21:41.688+0000 7fcd0d4f8700 1 --2- >> [v2:172.21.15.46:3300/0,v1:172.21.15.46:6789/0] conn(0x7fcd08100f30 0x7fcd08101340 unknown :-1 s=BANNER_CONNECTING pgs=0 cs=0 l=0 rev1=0 crypto rx=0 tx=0 comp rx=0 tx=0)._handle_peer_banner_payload supported=3 required=0
2024-05-09T06:21:42.420 INFO:teuthology.orchestra.run.smithi046.stdout:/usr/bin/ceph: stderr
2024-05-09T06:21:41.688+0000 7fcd0d4f8700 1 --2- >> [v2:172.21.15.46:3300/0,v1:172.21.15.46:6789/0] conn(0x7fcd08100f30 0x7fcd08101340 unknown :-1 s=HELLO_CONNECTING pgs=0 cs=0 l=0 rev1=1 crypto rx=0 tx=0 comp rx=0 tx=0).handle_hello peer v2:172.21.15.46:3300/0 says I am v2:172.21.15.46:38560/0 (socket says 172.21.15.46:38560)
2024-05-09T06:21:42.420 INFO:teuthology.orchestra.run.smithi046.stdout:/usr/bin/ceph: stderr
2024-05-09T06:21:41.688+0000 7fcd0d4f8700 1 -- 172.21.15.46:0/700552846 learned_addr learned my addr 172.21.15.46:0/700552846 (peer_addr_for_me v2:172.21.15.46:0/0)
2024-05-09T06:21:42.421 INFO:teuthology.orchestra.run.smithi046.stdout:/usr/bin/ceph: stderr
2024-05-09T06:21:41.689+0000 7fcd0d4f8700 1 -- 172.21.15.46:0/700552846 --> [v2:172.21.15.46:3300/0,v1:172.21.15.46:6789/0] -- mon_subscribe({config=0+,monmap=0+}) v3 -- 0x7fcd081019c0 con 0x7fcd08100f30
2024-05-09T06:21:42.421 INFO:teuthology.orchestra.run.smithi046.stdout:/usr/bin/ceph: stderr
