2024-05-09T06:21:23.822+0000 7f119b7fe700 1 -- 172.21.15.46:0/1321814464 <== mon.0 v2:172.21.15.46:3300/0 6 ==== mon_command_ack([{"prefix": "get_command_descriptions"}]=0 v0) v1 ==== 72+0+176702 (secure 0 0 0) 0x7f11a402b8e0 con 0x7f11b4102810
2024-05-09T06:21:24.535 INFO:teuthology.orchestra.run.smithi046.stdout:/usr/bin/ceph: stderr
2024-05-09T06:21:24.028+0000 7f11b95ec700 1 -- 172.21.15.46:0/1321814464 --> [v2:172.21.15.46:6800/3381519426,v1:172.21.15.46:6801/3381519426] -- mgr_command(tid 0: {"prefix": "orch apply", "service_type": "alertmanager", "target": ["mon-mgr", ""]}) v1 -- 0x7f11b4077e80 con 0x7f119c0368a0
2024-05-09T06:21:24.535 INFO:teuthology.orchestra.run.smithi046.stdout:/usr/bin/ceph: stderr
2024-05-09T06:21:24.032+0000 7f119b7fe700 1 -- 172.21.15.46:0/1321814464 <== mgr.14120 v2:172.21.15.46:6800/3381519426 1 ==== mgr_command_reply(tid 0: 0 ) v1 ==== 8+0+33 (secure 0 0 0) 0x7f11b4077e80 con 0x7f119c0368a0
2024-05-09T06:21:24.535 INFO:teuthology.orchestra.run.smithi046.stdout:/usr/bin/ceph: stderr
2024-05-09T06:21:24.034+0000 7f11b95ec700 1 -- 172.21.15.46:0/1321814464 >> [v2:172.21.15.46:6800/3381519426,v1:172.21.15.46:6801/3381519426] conn(0x7f119c0368a0 msgr2=0x7f119c038d50 secure :-1 s=STATE_CONNECTION_ESTABLISHED l=1).mark_down
2024-05-09T06:21:24.535 INFO:teuthology.orchestra.run.smithi046.stdout:/usr/bin/ceph: stderr
2024-05-09T06:21:24.034+0000 7f11b95ec700 1 --2- 172.21.15.46:0/1321814464 >> [v2:172.21.15.46:6800/3381519426,v1:172.21.15.46:6801/3381519426] conn(0x7f119c0368a0 0x7f119c038d50 secure :-1 s=READY pgs=18 cs=0 l=1 rev1=1 crypto rx=0x7f11a8009990 tx=0x7f11a8006e40 comp rx=0 tx=0).stop
2024-05-09T06:21:24.535 INFO:teuthology.orchestra.run.smithi046.stdout:/usr/bin/ceph: stderr
2024-05-09T06:21:24.034+0000 7f11b95ec700 1 -- 172.21.15.46:0/1321814464 >> [v2:172.21.15.46:3300/0,v1:172.21.15.46:6789/0] conn(0x7f11b4102810 msgr2=0x7f11b4078c20 secure :-1 s=STATE_CONNECTION_ESTABLISHED l=1).mark_down
2024-05-09T06:21:24.535 INFO:teuthology.orchestra.run.smithi046.stdout:/usr/bin/ceph: stderr
2024-05-09T06:21:24.034+0000 7f11b95ec700 1 --2- 172.21.15.46:0/1321814464 >> [v2:172.21.15.46:3300/0,v1:172.21.15.46:6789/0] conn(0x7f11b4102810 0x7f11b4078c20 secure :-1 s=READY pgs=60 cs=0 l=1 rev1=1 crypto rx=0x7f11a4011c10 tx=0x7f11a4009250 comp rx=0 tx=0).stop
2024-05-09T06:21:24.535 INFO:teuthology.orchestra.run.smithi046.stdout:/usr/bin/ceph: stderr
2024-05-09T06:21:24.034+0000 7f11b95ec700 1 -- 172.21.15.46:0/1321814464 shutdown_connections
2024-05-09T06:21:24.535 INFO:teuthology.orchestra.run.smithi046.stdout:/usr/bin/ceph: stderr
2024-05-09T06:21:24.034+0000 7f11b95ec700 1 --2- 172.21.15.46:0/1321814464 >> [v2:172.21.15.46:6800/3381519426,v1:172.21.15.46:6801/3381519426] conn(0x7f119c0368a0 0x7f119c038d50 unknown :-1 s=CLOSED pgs=18 cs=0 l=1 rev1=1 crypto rx=0 tx=0 comp rx=0 tx=0).stop
2024-05-09T06:21:24.536 INFO:teuthology.orchestra.run.smithi046.stdout:/usr/bin/ceph: stderr
2024-05-09T06:21:24.034+0000 7f11b95ec700 1 --2- 172.21.15.46:0/1321814464 >> [v2:172.21.15.46:3300/0,v1:172.21.15.46:6789/0] conn(0x7f11b4102810 0x7f11b4078c20 unknown :-1 s=CLOSED pgs=60 cs=0 l=1 rev1=1 crypto rx=0 tx=0 comp rx=0 tx=0).stop
2024-05-09T06:21:24.536 INFO:teuthology.orchestra.run.smithi046.stdout:/usr/bin/ceph: stderr
2024-05-09T06:21:24.034+0000 7f11b95ec700 1 -- 172.21.15.46:0/1321814464 >> 172.21.15.46:0/1321814464 conn(0x7f11b40fdfd0 msgr2=0x7f11b40feb20 unknown :-1 s=STATE_NONE l=0).mark_down
2024-05-09T06:21:24.536 INFO:teuthology.orchestra.run.smithi046.stdout:/usr/bin/ceph: stderr
2024-05-09T06:21:24.034+0000 7f11b95ec700 1 -- 172.21.15.46:0/1321814464 shutdown_connections
2024-05-09T06:21:24.536 INFO:teuthology.orchestra.run.smithi046.stdout:/usr/bin/ceph: stderr
2024-05-09T06:21:24.034+0000 7f11b95ec700 1 -- 172.21.15.46:0/1321814464 wait complete.
2024-05-09T06:21:25.338 INFO:journalctl@ceph.mon.smithi046.smithi046.stdout:May 09 06:21:25 smithi046 ceph-mon[26924]: from='client.14154 -' entity='client.admin' cmd=[{"prefix": "orch apply", "service_type": "alertmanager", "target": ["mon-mgr", ""]}]: dispatch
2024-05-09T06:21:25.338 INFO:journalctl@ceph.mon.smithi046.smithi046.stdout:May 09 06:21:25 smithi046 ceph-mon[26924]: Saving service alertmanager spec with placement count:1
2024-05-09T06:21:25.338 INFO:journalctl@ceph.mon.smithi046.smithi046.stdout:May 09 06:21:25 smithi046 ceph-mon[26924]: from='mgr.14120 172.21.15.46:0/102538923' entity='mgr.smithi046.nvpcui'
2024-05-09T06:21:25.338 INFO:journalctl@ceph.mon.smithi046.smithi046.stdout:May 09 06:21:25 smithi046 ceph-mon[26924]: pgmap v3: 0 pgs: ; 0 B data, 0 B used, 0 B / 0 B avail
2024-05-09T06:21:25.650 INFO:teuthology.orchestra.run.smithi046.stdout:/usr/bin/ceph: stderr
2024-05-09T06:21:24.970+0000 7f6982134700 1 Processor -- start
2024-05-09T06:21:25.650 INFO:teuthology.orchestra.run.smithi046.stdout:/usr/bin/ceph: stderr
2024-05-09T06:21:24.970+0000 7f6982134700 1 -- start start
2024-05-09T06:21:25.650 INFO:teuthology.orchestra.run.smithi046.stdout:/usr/bin/ceph: stderr
2024-05-09T06:21:24.971+0000 7f6982134700 1 --2- >> [v2:172.21.15.46:3300/0,v1:172.21.15.46:6789/0] conn(0x7f697c078c10 0x7f697c077210 unknown :-1 s=NONE pgs=0 cs=0 l=0 rev1=0 crypto rx=0 tx=0 comp rx=0 tx=0).connect
2024-05-09T06:21:25.650 INFO:teuthology.orchestra.run.smithi046.stdout:/usr/bin/ceph: stderr
2024-05-09T06:21:24.971+0000 7f6982134700 1 -- --> [v2:172.21.15.46:3300/0,v1:172.21.15.46:6789/0] -- mon_getmap magic: 0 v1 -- 0x7f697c079020 con 0x7f697c078c10
2024-05-09T06:21:25.650 INFO:teuthology.orchestra.run.smithi046.stdout:/usr/bin/ceph: stderr
2024-05-09T06:21:24.971+0000 7f697b7fe700 1 --2- >> [v2:172.21.15.46:3300/0,v1:172.21.15.46:6789/0] conn(0x7f697c078c10 0x7f697c077210 unknown :-1 s=BANNER_CONNECTING pgs=0 cs=0 l=0 rev1=0 crypto rx=0 tx=0 comp rx=0 tx=0)._handle_peer_banner_payload supported=3 required=0
2024-05-09T06:21:25.650 INFO:teuthology.orchestra.run.smithi046.stdout:/usr/bin/ceph: stderr
2024-05-09T06:21:24.971+0000 7f697b7fe700 1 --2- >> [v2:172.21.15.46:3300/0,v1:172.21.15.46:6789/0] conn(0x7f697c078c10 0x7f697c077210 unknown :-1 s=HELLO_CONNECTING pgs=0 cs=0 l=0 rev1=1 crypto rx=0 tx=0 comp rx=0 tx=0).handle_hello peer v2:172.21.15.46:3300/0 says I am v2:172.21.15.46:37602/0 (socket says 172.21.15.46:37602)
2024-05-09T06:21:25.651 INFO:teuthology.orchestra.run.smithi046.stdout:/usr/bin/ceph: stderr
2024-05-09T06:21:24.971+0000 7f697b7fe700 1 -- 172.21.15.46:0/701594853 learned_addr learned my addr 172.21.15.46:0/701594853 (peer_addr_for_me v2:172.21.15.46:0/0)
2024-05-09T06:21:25.651 INFO:teuthology.orchestra.run.smithi046.stdout:/usr/bin/ceph: stderr
2024-05-09T06:21:24.971+0000 7f697b7fe700 1 -- 172.21.15.46:0/701594853 --> [v2:172.21.15.46:3300/0,v1:172.21.15.46:6789/0] -- mon_subscribe({config=0+,monmap=0+}) v3 -- 0x7f697c077750 con 0x7f697c078c10
2024-05-09T06:21:25.651 INFO:teuthology.orchestra.run.smithi046.stdout:/usr/bin/ceph: stderr
2024-05-09T06:21:24.971+0000 7f697b7fe700 1 --2- 172.21.15.46:0/701594853 >> [v2:172.21.15.46:3300/0,v1:172.21.15.46:6789/0] conn(0x7f697c078c10 0x7f697c077210 secure :-1 s=READY pgs=61 cs=0 l=1 rev1=1 crypto rx=0x7f696c0098e0 tx=0x7f696c009250 comp rx=0 tx=0).ready entity=mon.0 client_cookie=3160565a9209fb9b server_cookie=0 in_seq=0 out_seq=0
2024-05-09T06:21:25.651 INFO:teuthology.orchestra.run.smithi046.stdout:/usr/bin/ceph: stderr
2024-05-09T06:21:24.971+0000 7f697a7fc700 1 -- 172.21.15.46:0/701594853 <== mon.0 v2:172.21.15.46:3300/0 1 ==== mon_map magic: 0 v1 ==== 229+0+0 (secure 0 0 0) 0x7f696c00b860 con 0x7f697c078c10
2024-05-09T06:21:25.651 INFO:teuthology.orchestra.run.smithi046.stdout:/usr/bin/ceph: stderr
2024-05-09T06:21:24.971+0000 7f697a7fc700 1 -- 172.21.15.46:0/701594853 <== mon.0 v2:172.21.15.46:3300/0 2 ==== config(27 keys) v1 ==== 1109+0+0 (secure 0 0 0) 0x7f696c00be90 con 0x7f697c078c10
2024-05-09T06:21:25.651 INFO:teuthology.orchestra.run.smithi046.stdout:/usr/bin/ceph: stderr
2024-05-09T06:21:24.971+0000 7f697a7fc700 1 -- 172.21.15.46:0/701594853 <== mon.0 v2:172.21.15.46:3300/0 3 ==== mon_map magic: 0 v1 ==== 229+0+0 (secure 0 0 0) 0x7f696c0103c0 con 0x7f697c078c10
2024-05-09T06:21:25.651 INFO:teuthology.orchestra.run.smithi046.stdout:/usr/bin/ceph: stderr
2024-05-09T06:21:24.972+0000 7f6982134700 1 -- 172.21.15.46:0/701594853 >> [v2:172.21.15.46:3300/0,v1:172.21.15.46:6789/0] conn(0x7f697c078c10 msgr2=0x7f697c077210 secure :-1 s=STATE_CONNECTION_ESTABLISHED l=1).mark_down
2024-05-09T06:21:25.651 INFO:teuthology.orchestra.run.smithi046.stdout:/usr/bin/ceph: stderr
2024-05-09T06:21:24.972+0000 7f6982134700 1 --2- 172.21.15.46:0/701594853 >> [v2:172.21.15.46:3300/0,v1:172.21.15.46:6789/0] conn(0x7f697c078c10 0x7f697c077210 secure :-1 s=READY pgs=61 cs=0 l=1 rev1=1 crypto rx=0x7f696c0098e0 tx=0x7f696c009250 comp rx=0 tx=0).stop
2024-05-09T06:21:25.651 INFO:teuthology.orchestra.run.smithi046.stdout:/usr/bin/ceph: stderr
2024-05-09T06:21:24.972+0000 7f6982134700 1 -- 172.21.15.46:0/701594853 shutdown_connections
2024-05-09T06:21:25.651 INFO:teuthology.orchestra.run.smithi046.stdout:/usr/bin/ceph: stderr
2024-05-09T06:21:24.972+0000 7f6982134700 1 --2- 172.21.15.46:0/701594853 >> [v2:172.21.15.46:3300/0,v1:172.21.15.46:6789/0] conn(0x7f697c078c10 0x7f697c077210 unknown :-1 s=CLOSED pgs=61 cs=0 l=1 rev1=1 crypto rx=0 tx=0 comp rx=0 tx=0).stop
2024-05-09T06:21:25.651 INFO:teuthology.orchestra.run.smithi046.stdout:/usr/bin/ceph: stderr
2024-05-09T06:21:24.972+0000 7f6982134700 1 -- 172.21.15.46:0/701594853 >> 172.21.15.46:0/701594853 conn(0x7f697c0fe030 msgr2=0x7f697c100440 unknown :-1 s=STATE_NONE l=0).mark_down
2024-05-09T06:21:25.651 INFO:teuthology.orchestra.run.smithi046.stdout:/usr/bin/ceph: stderr
2024-05-09T06:21:24.972+0000 7f6982134700 1 -- 172.21.15.46:0/701594853 shutdown_connections
2024-05-09T06:21:25.652 INFO:teuthology.orchestra.run.smithi046.stdout:/usr/bin/ceph: stderr
2024-05-09T06:21:24.972+0000 7f6982134700 1 -- 172.21.15.46:0/701594853 wait complete.
2024-05-09T06:21:25.652 INFO:teuthology.orchestra.run.smithi046.stdout:/usr/bin/ceph: stderr
2024-05-09T06:21:24.973+0000 7f6982134700 1 Processor -- start
2024-05-09T06:21:25.652 INFO:teuthology.orchestra.run.smithi046.stdout:/usr/bin/ceph: stderr
2024-05-09T06:21:24.973+0000 7f6982134700 1 -- start start
2024-05-09T06:21:25.652 INFO:teuthology.orchestra.run.smithi046.stdout:/usr/bin/ceph: stderr
2024-05-09T06:21:24.973+0000 7f6982134700 1 --2- >> [v2:172.21.15.46:3300/0,v1:172.21.15.46:6789/0] conn(0x7f697c078c10 0x7f697c113860 unknown :-1 s=NONE pgs=0 cs=0 l=1 rev1=0 crypto rx=0 tx=0 comp rx=0 tx=0).connect
2024-05-09T06:21:25.652 INFO:teuthology.orchestra.run.smithi046.stdout:/usr/bin/ceph: stderr
2024-05-09T06:21:24.973+0000 7f6982134700 1 -- --> [v2:172.21.15.46:3300/0,v1:172.21.15.46:6789/0] -- mon_getmap magic: 0 v1 -- 0x7f697c113da0 con 0x7f697c078c10
2024-05-09T06:21:25.652 INFO:teuthology.orchestra.run.smithi046.stdout:/usr/bin/ceph: stderr
2024-05-09T06:21:24.973+0000 7f697b7fe700 1 --2- >> [v2:172.21.15.46:3300/0,v1:172.21.15.46:6789/0] conn(0x7f697c078c10 0x7f697c113860 unknown :-1 s=BANNER_CONNECTING pgs=0 cs=0 l=1 rev1=0 crypto rx=0 tx=0 comp rx=0 tx=0)._handle_peer_banner_payload supported=3 required=0
2024-05-09T06:21:25.652 INFO:teuthology.orchestra.run.smithi046.stdout:/usr/bin/ceph: stderr
2024-05-09T06:21:24.973+0000 7f697b7fe700 1 --2- >> [v2:172.21.15.46:3300/0,v1:172.21.15.46:6789/0] conn(0x7f697c078c10 0x7f697c113860 unknown :-1 s=HELLO_CONNECTING pgs=0 cs=0 l=1 rev1=1 crypto rx=0 tx=0 comp rx=0 tx=0).handle_hello peer v2:172.21.15.46:3300/0 says I am v2:172.21.15.46:37604/0 (socket says 172.21.15.46:37604)
2024-05-09T06:21:25.652 INFO:teuthology.orchestra.run.smithi046.stdout:/usr/bin/ceph: stderr
2024-05-09T06:21:24.973+0000 7f697b7fe700 1 -- 172.21.15.46:0/3473258753 learned_addr learned my addr 172.21.15.46:0/3473258753 (peer_addr_for_me v2:172.21.15.46:0/0)
2024-05-09T06:21:25.652 INFO:teuthology.orchestra.run.smithi046.stdout:/usr/bin/ceph: stderr
2024-05-09T06:21:24.973+0000 7f697b7fe700 1 -- 172.21.15.46:0/3473258753 --> [v2:172.21.15.46:3300/0,v1:172.21.15.46:6789/0] -- mon_subscribe({config=0+,monmap=0+}) v3 -- 0x7f696c0094f0 con 0x7f697c078c10
2024-05-09T06:21:25.652 INFO:teuthology.orchestra.run.smithi046.stdout:/usr/bin/ceph: stderr
2024-05-09T06:21:24.974+0000 7f697b7fe700 1 --2- 172.21.15.46:0/3473258753 >> [v2:172.21.15.46:3300/0,v1:172.21.15.46:6789/0] conn(0x7f697c078c10 0x7f697c113860 secure :-1 s=READY pgs=62 cs=0 l=1 rev1=1 crypto rx=0x7f696c006fd0 tx=0x7f696c009250 comp rx=0 tx=0).ready entity=mon.0 client_cookie=0 server_cookie=0 in_seq=0 out_seq=0
2024-05-09T06:21:25.652 INFO:teuthology.orchestra.run.smithi046.stdout:/usr/bin/ceph: stderr
2024-05-09T06:21:24.974+0000 7f6963fff700 1 -- 172.21.15.46:0/3473258753 <== mon.0 v2:172.21.15.46:3300/0 1 ==== mon_map magic: 0 v1 ==== 229+0+0 (secure 0 0 0) 0x7f696c010630 con 0x7f697c078c10
2024-05-09T06:21:25.652 INFO:teuthology.orchestra.run.smithi046.stdout:/usr/bin/ceph: stderr
2024-05-09T06:21:24.974+0000 7f6963fff700 1 -- 172.21.15.46:0/3473258753 <== mon.0 v2:172.21.15.46:3300/0 2 ==== config(27 keys) v1 ==== 1109+0+0 (secure 0 0 0) 0x7f696c010c60 con 0x7f697c078c10
2024-05-09T06:21:25.652 INFO:teuthology.orchestra.run.smithi046.stdout:/usr/bin/ceph: stderr
2024-05-09T06:21:24.974+0000 7f6982134700 1 -- 172.21.15.46:0/3473258753 --> [v2:172.21.15.46:3300/0,v1:172.21.15.46:6789/0] -- mon_subscribe({mgrmap=0+}) v3 -- 0x7f697c113fa0 con 0x7f697c078c10
2024-05-09T06:21:25.652 INFO:teuthology.orchestra.run.smithi046.stdout:/usr/bin/ceph: stderr
2024-05-09T06:21:24.974+0000 7f6963fff700 1 -- 172.21.15.46:0/3473258753 <== mon.0 v2:172.21.15.46:3300/0 3 ==== mon_map magic: 0 v1 ==== 229+0+0 (secure 0 0 0) 0x7f696c01ad40 con 0x7f697c078c10
2024-05-09T06:21:25.652 INFO:teuthology.orchestra.run.smithi046.stdout:/usr/bin/ceph: stderr
2024-05-09T06:21:24.974+0000 7f6982134700 1 -- 172.21.15.46:0/3473258753 --> [v2:172.21.15.46:3300/0,v1:172.21.15.46:6789/0] -- mon_subscribe({osdmap=0}) v3 -- 0x7f697c114b10 con 0x7f697c078c10
2024-05-09T06:21:25.653 INFO:teuthology.orchestra.run.smithi046.stdout:/usr/bin/ceph: stderr
2024-05-09T06:21:24.975+0000 7f6963fff700 1 -- 172.21.15.46:0/3473258753 <== mon.0 v2:172.21.15.46:3300/0 4 ==== mgrmap(e 8) v1 ==== 43376+0+0 (secure 0 0 0) 0x7f696c0193c0 con 0x7f697c078c10
2024-05-09T06:21:25.653 INFO:teuthology.orchestra.run.smithi046.stdout:/usr/bin/ceph: stderr
2024-05-09T06:21:24.975+0000 7f6982134700 1 -- 172.21.15.46:0/3473258753 --> [v2:172.21.15.46:3300/0,v1:172.21.15.46:6789/0] -- mon_command({"prefix": "get_command_descriptions"} v 0) v1 -- 0x7f697c05f5c0 con 0x7f697c078c10
2024-05-09T06:21:25.653 INFO:teuthology.orchestra.run.smithi046.stdout:/usr/bin/ceph: stderr
2024-05-09T06:21:24.975+0000 7f6963fff700 1 --2- 172.21.15.46:0/3473258753 >> [v2:172.21.15.46:6800/3381519426,v1:172.21.15.46:6801/3381519426] conn(0x7f6964036850 0x7f6964038d00 unknown :-1 s=NONE pgs=0 cs=0 l=1 rev1=0 crypto rx=0 tx=0 comp rx=0 tx=0).connect
2024-05-09T06:21:25.653 INFO:teuthology.orchestra.run.smithi046.stdout:/usr/bin/ceph: stderr
2024-05-09T06:21:24.975+0000 7f6963fff700 1 -- 172.21.15.46:0/3473258753 <== mon.0 v2:172.21.15.46:3300/0 5 ==== osd_map(2..2 src has 1..2) v4 ==== 936+0+0 (secure 0 0 0) 0x7f696c04a060 con 0x7f697c078c10
2024-05-09T06:21:25.653 INFO:teuthology.orchestra.run.smithi046.stdout:/usr/bin/ceph: stderr
2024-05-09T06:21:24.975+0000 7f697affd700 1 --2- 172.21.15.46:0/3473258753 >> [v2:172.21.15.46:6800/3381519426,v1:172.21.15.46:6801/3381519426] conn(0x7f6964036850 0x7f6964038d00 unknown :-1 s=BANNER_CONNECTING pgs=0 cs=0 l=1 rev1=0 crypto rx=0 tx=0 comp rx=0 tx=0)._handle_peer_banner_payload supported=3 required=0
2024-05-09T06:21:25.653 INFO:teuthology.orchestra.run.smithi046.stdout:/usr/bin/ceph: stderr
2024-05-09T06:21:24.975+0000 7f697affd700 1 --2- 172.21.15.46:0/3473258753 >> [v2:172.21.15.46:6800/3381519426,v1:172.21.15.46:6801/3381519426] conn(0x7f6964036850 0x7f6964038d00 secure :-1 s=READY pgs=19 cs=0 l=1 rev1=1 crypto rx=0x7f6970009990 tx=0x7f6970006e40 comp rx=0 tx=0).ready entity=mgr.14120 client_cookie=0 server_cookie=0 in_seq=0 out_seq=0
2024-05-09T06:21:25.653 INFO:teuthology.orchestra.run.smithi046.stdout:/usr/bin/ceph: stderr
2024-05-09T06:21:24.980+0000 7f6963fff700 1 -- 172.21.15.46:0/3473258753 <== mon.0 v2:172.21.15.46:3300/0 6 ==== mon_command_ack([{"prefix": "get_command_descriptions"}]=0 v0) v1 ==== 72+0+176702 (secure 0 0 0) 0x7f696c018e20 con 0x7f697c078c10
2024-05-09T06:21:25.653 INFO:teuthology.orchestra.run.smithi046.stdout:/usr/bin/ceph: stderr
2024-05-09T06:21:25.176+0000 7f6982134700 1 -- 172.21.15.46:0/3473258753 --> [v2:172.21.15.46:3300/0,v1:172.21.15.46:6789/0] -- mon_command([{prefix=config set, name=mgr/cephadm/container_init}] v 0) v1 -- 0x7f697c04bed0 con 0x7f697c078c10
2024-05-09T06:21:25.653 INFO:teuthology.orchestra.run.smithi046.stdout:/usr/bin/ceph: stderr
2024-05-09T06:21:25.178+0000 7f6963fff700 1 -- 172.21.15.46:0/3473258753 <== mon.0 v2:172.21.15.46:3300/0 7 ==== mon_command_ack([{prefix=config set, name=mgr/cephadm/container_init}]=0 v7)=0 v7) v1 ==== 142+0+0 (secure 0 0 0) 0x7f696c018e20 con 0x7f697c078c10
2024-05-09T06:21:25.653 INFO:teuthology.orchestra.run.smithi046.stdout:/usr/bin/ceph: stderr
2024-05-09T06:21:25.181+0000 7f6982134700 1 -- 172.21.15.46:0/3473258753 >> [v2:172.21.15.46:6800/3381519426,v1:172.21.15.46:6801/3381519426] conn(0x7f6964036850 msgr2=0x7f6964038d00 secure :-1 s=STATE_CONNECTION_ESTABLISHED l=1).mark_down
2024-05-09T06:21:25.653 INFO:teuthology.orchestra.run.smithi046.stdout:/usr/bin/ceph: stderr
2024-05-09T06:21:25.181+0000 7f6982134700 1 --2- 172.21.15.46:0/3473258753 >> [v2:172.21.15.46:6800/3381519426,v1:172.21.15.46:6801/3381519426] conn(0x7f6964036850 0x7f6964038d00 secure :-1 s=READY pgs=19 cs=0 l=1 rev1=1 crypto rx=0x7f6970009990 tx=0x7f6970006e40 comp rx=0 tx=0).stop
2024-05-09T06:21:25.654 INFO:teuthology.orchestra.run.smithi046.stdout:/usr/bin/ceph: stderr
2024-05-09T06:21:25.181+0000 7f6982134700 1 -- 172.21.15.46:0/3473258753 >> [v2:172.21.15.46:3300/0,v1:172.21.15.46:6789/0] conn(0x7f697c078c10 msgr2=0x7f697c113860 secure :-1 s=STATE_CONNECTION_ESTABLISHED l=1).mark_down
2024-05-09T06:21:25.654 INFO:teuthology.orchestra.run.smithi046.stdout:/usr/bin/ceph: stderr
2024-05-09T06:21:25.181+0000 7f6982134700 1 --2- 172.21.15.46:0/3473258753 >> [v2:172.21.15.46:3300/0,v1:172.21.15.46:6789/0] conn(0x7f697c078c10 0x7f697c113860 secure :-1 s=READY pgs=62 cs=0 l=1 rev1=1 crypto rx=0x7f696c006fd0 tx=0x7f696c009250 comp rx=0 tx=0).stop
2024-05-09T06:21:25.654 INFO:teuthology.orchestra.run.smithi046.stdout:/usr/bin/ceph: stderr
2024-05-09T06:21:25.181+0000 7f6982134700 1 -- 172.21.15.46:0/3473258753 shutdown_connections
2024-05-09T06:21:25.654 INFO:teuthology.orchestra.run.smithi046.stdout:/usr/bin/ceph: stderr
2024-05-09T06:21:25.181+0000 7f6982134700 1 --2- 172.21.15.46:0/3473258753 >> [v2:172.21.15.46:6800/3381519426,v1:172.21.15.46:6801/3381519426] conn(0x7f6964036850 0x7f6964038d00 unknown :-1 s=CLOSED pgs=19 cs=0 l=1 rev1=1 crypto rx=0 tx=0 comp rx=0 tx=0).stop
2024-05-09T06:21:25.654 INFO:teuthology.orchestra.run.smithi046.stdout:/usr/bin/ceph: stderr
2024-05-09T06:21:25.181+0000 7f6982134700 1 --2- 172.21.15.46:0/3473258753 >> [v2:172.21.15.46:3300/0,v1:172.21.15.46:6789/0] conn(0x7f697c078c10 0x7f697c113860 unknown :-1 s=CLOSED pgs=62 cs=0 l=1 rev1=1 crypto rx=0 tx=0 comp rx=0 tx=0).stop
2024-05-09T06:21:25.654 INFO:teuthology.orchestra.run.smithi046.stdout:/usr/bin/ceph: stderr
2024-05-09T06:21:25.181+0000 7f6982134700 1 -- 172.21.15.46:0/3473258753 >> 172.21.15.46:0/3473258753 conn(0x7f697c0fe030 msgr2=0x7f697c0feb70 unknown :-1 s=STATE_NONE l=0).mark_down
2024-05-09T06:21:25.654 INFO:teuthology.orchestra.run.smithi046.stdout:/usr/bin/ceph: stderr
2024-05-09T06:21:25.181+0000 7f6982134700 1 -- 172.21.15.46:0/3473258753 shutdown_connections
2024-05-09T06:21:25.654 INFO:teuthology.orchestra.run.smithi046.stdout:/usr/bin/ceph: stderr
2024-05-09T06:21:25.181+0000 7f6982134700 1 -- 172.21.15.46:0/3473258753 wait complete.
2024-05-09T06:21:26.337 INFO:journalctl@ceph.mon.smithi046.smithi046.stdout:May 09 06:21:26 smithi046 ceph-mon[26924]: from='client.? 172.21.15.46:0/3473258753' entity='client.admin'
2024-05-09T06:21:26.774 INFO:teuthology.orchestra.run.smithi046.stdout:/usr/bin/ceph: stderr
2024-05-09T06:21:26.041+0000 7f883a1f9700 1 Processor -- start
2024-05-09T06:21:26.775 INFO:teuthology.orchestra.run.smithi046.stdout:/usr/bin/ceph: stderr
2024-05-09T06:21:26.042+0000 7f883a1f9700 1 -- start start
2024-05-09T06:21:26.775 INFO:teuthology.orchestra.run.smithi046.stdout:/usr/bin/ceph: stderr
2024-05-09T06:21:26.042+0000 7f883a1f9700 1 --2- >> [v2:172.21.15.46:3300/0,v1:172.21.15.46:6789/0] conn(0x7f8834101d60 0x7f8834102170 unknown :-1 s=NONE pgs=0 cs=0 l=0 rev1=0 crypto rx=0 tx=0 comp rx=0 tx=0).connect
2024-05-09T06:21:26.775 INFO:teuthology.orchestra.run.smithi046.stdout:/usr/bin/ceph: stderr
2024-05-09T06:21:26.042+0000 7f883a1f9700 1 -- --> [v2:172.21.15.46:3300/0,v1:172.21.15.46:6789/0] -- mon_getmap magic: 0 v1 -- 0x7f88341026b0 con 0x7f8834101d60
2024-05-09T06:21:26.776 INFO:teuthology.orchestra.run.smithi046.stdout:/usr/bin/ceph: stderr
2024-05-09T06:21:26.042+0000 7f88337fe700 1 --2- >> [v2:172.21.15.46:3300/0,v1:172.21.15.46:6789/0] conn(0x7f8834101d60 0x7f8834102170 unknown :-1 s=BANNER_CONNECTING pgs=0 cs=0 l=0 rev1=0 crypto rx=0 tx=0 comp rx=0 tx=0)._handle_peer_banner_payload supported=3 required=0
2024-05-09T06:21:26.776 INFO:teuthology.orchestra.run.smithi046.stdout:/usr/bin/ceph: stderr
2024-05-09T06:21:26.042+0000 7f88337fe700 1 --2- >> [v2:172.21.15.46:3300/0,v1:172.21.15.46:6789/0] conn(0x7f8834101d60 0x7f8834102170 unknown :-1 s=HELLO_CONNECTING pgs=0 cs=0 l=0 rev1=1 crypto rx=0 tx=0 comp rx=0 tx=0).handle_hello peer v2:172.21.15.46:3300/0 says I am v2:172.21.15.46:37610/0 (socket says 172.21.15.46:37610)
2024-05-09T06:21:26.776 INFO:teuthology.orchestra.run.smithi046.stdout:/usr/bin/ceph: stderr
2024-05-09T06:21:26.042+0000 7f88337fe700 1 -- 172.21.15.46:0/2186803051 learned_addr learned my addr 172.21.15.46:0/2186803051 (peer_addr_for_me v2:172.21.15.46:0/0)
2024-05-09T06:21:26.776 INFO:teuthology.orchestra.run.smithi046.stdout:/usr/bin/ceph: stderr
2024-05-09T06:21:26.042+0000 7f88337fe700 1 -- 172.21.15.46:0/2186803051 --> [v2:172.21.15.46:3300/0,v1:172.21.15.46:6789/0] -- mon_subscribe({config=0+,monmap=0+}) v3 -- 0x7f88341027f0 con 0x7f8834101d60
2024-05-09T06:21:26.776 INFO:teuthology.orchestra.run.smithi046.stdout:/usr/bin/ceph: stderr
2024-05-09T06:21:26.042+0000 7f88337fe700 1 --2- 172.21.15.46:0/2186803051 >> [v2:172.21.15.46:3300/0,v1:172.21.15.46:6789/0] conn(0x7f8834101d60 0x7f8834102170 secure :-1 s=READY pgs=63 cs=0 l=1 rev1=1 crypto rx=0x7f88240098e0 tx=0x7f8824009250 comp rx=0 tx=0).ready entity=mon.0 client_cookie=8f027ff01e33299c server_cookie=0 in_seq=0 out_seq=0
2024-05-09T06:21:26.776 INFO:teuthology.orchestra.run.smithi046.stdout:/usr/bin/ceph: stderr
2024-05-09T06:21:26.043+0000 7f8832ffd700 1 -- 172.21.15.46:0/2186803051 <== mon.0 v2:172.21.15.46:3300/0 1 ==== mon_map magic: 0 v1 ==== 229+0+0 (secure 0 0 0) 0x7f882400b860 con 0x7f8834101d60
2024-05-09T06:21:26.776 INFO:teuthology.orchestra.run.smithi046.stdout:/usr/bin/ceph: stderr
2024-05-09T06:21:26.043+0000 7f8832ffd700 1 -- 172.21.15.46:0/2186803051 <== mon.0 v2:172.21.15.46:3300/0 2 ==== config(27 keys) v1 ==== 1109+0+0 (secure 0 0 0) 0x7f882400be90 con 0x7f8834101d60
2024-05-09T06:21:26.777 INFO:teuthology.orchestra.run.smithi046.stdout:/usr/bin/ceph: stderr
2024-05-09T06:21:26.043+0000 7f8832ffd700 1 -- 172.21.15.46:0/2186803051 <== mon.0 v2:172.21.15.46:3300/0 3 ==== mon_map magic: 0 v1 ==== 229+0+0 (secure 0 0 0) 0x7f88240103c0 con 0x7f8834101d60
2024-05-09T06:21:26.777 INFO:teuthology.orchestra.run.smithi046.stdout:/usr/bin/ceph: stderr
2024-05-09T06:21:26.043+0000 7f883a1f9700 1 -- 172.21.15.46:0/2186803051 >> [v2:172.21.15.46:3300/0,v1:172.21.15.46:6789/0] conn(0x7f8834101d60 msgr2=0x7f8834102170 secure :-1 s=STATE_CONNECTION_ESTABLISHED l=1).mark_down
2024-05-09T06:21:26.777 INFO:teuthology.orchestra.run.smithi046.stdout:/usr/bin/ceph: stderr
2024-05-09T06:21:26.043+0000 7f883a1f9700 1 --2- 172.21.15.46:0/2186803051 >> [v2:172.21.15.46:3300/0,v1:172.21.15.46:6789/0] conn(0x7f8834101d60 0x7f8834102170 secure :-1 s=READY pgs=63 cs=0 l=1 rev1=1 crypto rx=0x7f88240098e0 tx=0x7f8824009250 comp rx=0 tx=0).stop
2024-05-09T06:21:26.777 INFO:teuthology.orchestra.run.smithi046.stdout:/usr/bin/ceph: stderr
2024-05-09T06:21:26.043+0000 7f883a1f9700 1 -- 172.21.15.46:0/2186803051 shutdown_connections
2024-05-09T06:21:26.777 INFO:teuthology.orchestra.run.smithi046.stdout:/usr/bin/ceph: stderr
2024-05-09T06:21:26.043+0000 7f883a1f9700 1 --2- 172.21.15.46:0/2186803051 >> [v2:172.21.15.46:3300/0,v1:172.21.15.46:6789/0] conn(0x7f8834101d60 0x7f8834102170 unknown :-1 s=CLOSED pgs=63 cs=0 l=1 rev1=1 crypto rx=0 tx=0 comp rx=0 tx=0).stop
2024-05-09T06:21:26.777 INFO:teuthology.orchestra.run.smithi046.stdout:/usr/bin/ceph: stderr
2024-05-09T06:21:26.043+0000 7f883a1f9700 1 -- 172.21.15.46:0/2186803051 >> 172.21.15.46:0/2186803051 conn(0x7f88340fc6f0 msgr2=0x7f88340feb00 unknown :-1 s=STATE_NONE l=0).mark_down
2024-05-09T06:21:26.777 INFO:teuthology.orchestra.run.smithi046.stdout:/usr/bin/ceph: stderr
2024-05-09T06:21:26.043+0000 7f883a1f9700 1 -- 172.21.15.46:0/2186803051 shutdown_connections
2024-05-09T06:21:26.777 INFO:teuthology.orchestra.run.smithi046.stdout:/usr/bin/ceph: stderr
2024-05-09T06:21:26.043+0000 7f883a1f9700 1 -- 172.21.15.46:0/2186803051 wait complete.
2024-05-09T06:21:26.777 INFO:teuthology.orchestra.run.smithi046.stdout:/usr/bin/ceph: stderr
2024-05-09T06:21:26.044+0000 7f883a1f9700 1 Processor -- start
2024-05-09T06:21:26.777 INFO:teuthology.orchestra.run.smithi046.stdout:/usr/bin/ceph: stderr
2024-05-09T06:21:26.044+0000 7f883a1f9700 1 -- start start
2024-05-09T06:21:26.778 INFO:teuthology.orchestra.run.smithi046.stdout:/usr/bin/ceph: stderr
2024-05-09T06:21:26.044+0000 7f883a1f9700 1 --2- >> [v2:172.21.15.46:3300/0,v1:172.21.15.46:6789/0] conn(0x7f8834101d60 0x7f88341115c0 unknown :-1 s=NONE pgs=0 cs=0 l=1 rev1=0 crypto rx=0 tx=0 comp rx=0 tx=0).connect
2024-05-09T06:21:26.778 INFO:teuthology.orchestra.run.smithi046.stdout:/usr/bin/ceph: stderr
2024-05-09T06:21:26.044+0000 7f883a1f9700 1 -- --> [v2:172.21.15.46:3300/0,v1:172.21.15.46:6789/0] -- mon_getmap magic: 0 v1 -- 0x7f8834111b00 con 0x7f8834101d60
2024-05-09T06:21:26.778 INFO:teuthology.orchestra.run.smithi046.stdout:/usr/bin/ceph: stderr
2024-05-09T06:21:26.044+0000 7f88337fe700 1 --2- >> [v2:172.21.15.46:3300/0,v1:172.21.15.46:6789/0] conn(0x7f8834101d60 0x7f88341115c0 unknown :-1 s=BANNER_CONNECTING pgs=0 cs=0 l=1 rev1=0 crypto rx=0 tx=0 comp rx=0 tx=0)._handle_peer_banner_payload supported=3 required=0
2024-05-09T06:21:26.778 INFO:teuthology.orchestra.run.smithi046.stdout:/usr/bin/ceph: stderr
2024-05-09T06:21:26.044+0000 7f88337fe700 1 --2- >> [v2:172.21.15.46:3300/0,v1:172.21.15.46:6789/0] conn(0x7f8834101d60 0x7f88341115c0 unknown :-1 s=HELLO_CONNECTING pgs=0 cs=0 l=1 rev1=1 crypto rx=0 tx=0 comp rx=0 tx=0).handle_hello peer v2:172.21.15.46:3300/0 says I am v2:172.21.15.46:37614/0 (socket says 172.21.15.46:37614)
2024-05-09T06:21:26.778 INFO:teuthology.orchestra.run.smithi046.stdout:/usr/bin/ceph: stderr
2024-05-09T06:21:26.045+0000 7f88337fe700 1 -- 172.21.15.46:0/2946097303 learned_addr learned my addr 172.21.15.46:0/2946097303 (peer_addr_for_me v2:172.21.15.46:0/0)
2024-05-09T06:21:26.778 INFO:teuthology.orchestra.run.smithi046.stdout:/usr/bin/ceph: stderr
2024-05-09T06:21:26.045+0000 7f88337fe700 1 -- 172.21.15.46:0/2946097303 --> [v2:172.21.15.46:3300/0,v1:172.21.15.46:6789/0] -- mon_subscribe({config=0+,monmap=0+}) v3 -- 0x7f88240094f0 con 0x7f8834101d60
2024-05-09T06:21:26.778 INFO:teuthology.orchestra.run.smithi046.stdout:/usr/bin/ceph: stderr
2024-05-09T06:21:26.045+0000 7f88337fe700 1 --2- 172.21.15.46:0/2946097303 >> [v2:172.21.15.46:3300/0,v1:172.21.15.46:6789/0] conn(0x7f8834101d60 0x7f88341115c0 secure :-1 s=READY pgs=64 cs=0 l=1 rev1=1 crypto rx=0x7f88240090b0 tx=0x7f8824009250 comp rx=0 tx=0).ready entity=mon.0 client_cookie=0 server_cookie=0 in_seq=0 out_seq=0
2024-05-09T06:21:26.778 INFO:teuthology.orchestra.run.smithi046.stdout:/usr/bin/ceph: stderr
2024-05-09T06:21:26.045+0000 7f8830ff9700 1 -- 172.21.15.46:0/2946097303 <== mon.0 v2:172.21.15.46:3300/0 1 ==== mon_map magic: 0 v1 ==== 229+0+0 (secure 0 0 0) 0x7f8824010840 con 0x7f8834101d60
2024-05-09T06:21:26.778 INFO:teuthology.orchestra.run.smithi046.stdout:/usr/bin/ceph: stderr
2024-05-09T06:21:26.045+0000 7f883a1f9700 1 -- 172.21.15.46:0/2946097303 --> [v2:172.21.15.46:3300/0,v1:172.21.15.46:6789/0] -- mon_subscribe({mgrmap=0+}) v3 -- 0x7f8834111d00 con 0x7f8834101d60
2024-05-09T06:21:26.778 INFO:teuthology.orchestra.run.smithi046.stdout:/usr/bin/ceph: stderr
2024-05-09T06:21:26.045+0000 7f8830ff9700 1 -- 172.21.15.46:0/2946097303 <== mon.0 v2:172.21.15.46:3300/0 2 ==== config(27 keys) v1 ==== 1109+0+0 (secure 0 0 0) 0x7f8824010e70 con 0x7f8834101d60
2024-05-09T06:21:26.778 INFO:teuthology.orchestra.run.smithi046.stdout:/usr/bin/ceph: stderr
2024-05-09T06:21:26.045+0000 7f8830ff9700 1 -- 172.21.15.46:0/2946097303 <== mon.0 v2:172.21.15.46:3300/0 3 ==== mon_map magic: 0 v1 ==== 229+0+0 (secure 0 0 0) 0x7f8824024e40 con 0x7f8834101d60
2024-05-09T06:21:26.778 INFO:teuthology.orchestra.run.smithi046.stdout:/usr/bin/ceph: stderr
2024-05-09T06:21:26.045+0000 7f883a1f9700 1 -- 172.21.15.46:0/2946097303 --> [v2:172.21.15.46:3300/0,v1:172.21.15.46:6789/0] -- mon_subscribe({osdmap=0}) v3 -- 0x7f8834112870 con 0x7f8834101d60
2024-05-09T06:21:26.778 INFO:teuthology.orchestra.run.smithi046.stdout:/usr/bin/ceph: stderr
2024-05-09T06:21:26.046+0000 7f8830ff9700 1 -- 172.21.15.46:0/2946097303 <== mon.0 v2:172.21.15.46:3300/0 4 ==== mgrmap(e 8) v1 ==== 43376+0+0 (secure 0 0 0) 0x7f882401a530 con 0x7f8834101d60
2024-05-09T06:21:26.779 INFO:teuthology.orchestra.run.smithi046.stdout:/usr/bin/ceph: stderr
2024-05-09T06:21:26.046+0000 7f883a1f9700 1 -- 172.21.15.46:0/2946097303 --> [v2:172.21.15.46:3300/0,v1:172.21.15.46:6789/0] -- mon_command({"prefix": "get_command_descriptions"} v 0) v1 -- 0x7f883405f5c0 con 0x7f8834101d60
2024-05-09T06:21:26.779 INFO:teuthology.orchestra.run.smithi046.stdout:/usr/bin/ceph: stderr
2024-05-09T06:21:26.046+0000 7f8830ff9700 1 --2- 172.21.15.46:0/2946097303 >> [v2:172.21.15.46:6800/3381519426,v1:172.21.15.46:6801/3381519426] conn(0x7f8820036800 0x7f8820038cb0 unknown :-1 s=NONE pgs=0 cs=0 l=1 rev1=0 crypto rx=0 tx=0 comp rx=0 tx=0).connect
2024-05-09T06:21:26.779 INFO:teuthology.orchestra.run.smithi046.stdout:/usr/bin/ceph: stderr
2024-05-09T06:21:26.046+0000 7f8830ff9700 1 -- 172.21.15.46:0/2946097303 <== mon.0 v2:172.21.15.46:3300/0 5 ==== osd_map(2..2 src has 1..2) v4 ==== 936+0+0 (secure 0 0 0) 0x7f882404a7e0 con 0x7f8834101d60
2024-05-09T06:21:26.779 INFO:teuthology.orchestra.run.smithi046.stdout:/usr/bin/ceph: stderr
2024-05-09T06:21:26.046+0000 7f882affd700 1 --2- 172.21.15.46:0/2946097303 >> [v2:172.21.15.46:6800/3381519426,v1:172.21.15.46:6801/3381519426] conn(0x7f8820036800 0x7f8820038cb0 unknown :-1 s=BANNER_CONNECTING pgs=0 cs=0 l=1 rev1=0 crypto rx=0 tx=0 comp rx=0 tx=0)._handle_peer_banner_payload supported=3 required=0
2024-05-09T06:21:26.779 INFO:teuthology.orchestra.run.smithi046.stdout:/usr/bin/ceph: stderr
2024-05-09T06:21:26.047+0000 7f882affd700 1 --2- 172.21.15.46:0/2946097303 >> [v2:172.21.15.46:6800/3381519426,v1:172.21.15.46:6801/3381519426] conn(0x7f8820036800 0x7f8820038cb0 secure :-1 s=READY pgs=20 cs=0 l=1 rev1=1 crypto rx=0x7f881c009990 tx=0x7f881c006e40 comp rx=0 tx=0).ready entity=mgr.14120 client_cookie=0 server_cookie=0 in_seq=0 out_seq=0
2024-05-09T06:21:26.779 INFO:teuthology.orchestra.run.smithi046.stdout:/usr/bin/ceph: stderr
2024-05-09T06:21:26.051+0000 7f8830ff9700 1 -- 172.21.15.46:0/2946097303 <== mon.0 v2:172.21.15.46:3300/0 6 ==== mon_command_ack([{"prefix": "get_command_descriptions"}]=0 v0) v1 ==== 72+0+176702 (secure 0 0 0) 0x7f8824018940 con 0x7f8834101d60
2024-05-09T06:21:26.779 INFO:teuthology.orchestra.run.smithi046.stdout:/usr/bin/ceph: stderr
2024-05-09T06:21:26.246+0000 7f883a1f9700 1 -- 172.21.15.46:0/2946097303 --> [v2:172.21.15.46:3300/0,v1:172.21.15.46:6789/0] -- mon_command([{prefix=config set, name=mgr/dashboard/ssl_server_port}] v 0) v1 -- 0x7f883404bed0 con 0x7f8834101d60
2024-05-09T06:21:26.779 INFO:teuthology.orchestra.run.smithi046.stdout:/usr/bin/ceph: stderr
2024-05-09T06:21:26.248+0000 7f8830ff9700 1 -- 172.21.15.46:0/2946097303 <== mon.0 v2:172.21.15.46:3300/0 7 ==== mon_command_ack([{prefix=config set, name=mgr/dashboard/ssl_server_port}]=0 v8)=0 v8) v1 ==== 130+0+0 (secure 0 0 0) 0x7f8824018350 con 0x7f8834101d60
2024-05-09T06:21:26.779 INFO:teuthology.orchestra.run.smithi046.stdout:/usr/bin/ceph: stderr
2024-05-09T06:21:26.250+0000 7f883a1f9700 1 -- 172.21.15.46:0/2946097303 >> [v2:172.21.15.46:6800/3381519426,v1:172.21.15.46:6801/3381519426] conn(0x7f8820036800 msgr2=0x7f8820038cb0 secure :-1 s=STATE_CONNECTION_ESTABLISHED l=1).mark_down
2024-05-09T06:21:26.779 INFO:teuthology.orchestra.run.smithi046.stdout:/usr/bin/ceph: stderr
2024-05-09T06:21:26.250+0000 7f883a1f9700 1 --2- 172.21.15.46:0/2946097303 >> [v2:172.21.15.46:6800/3381519426,v1:172.21.15.46:6801/3381519426] conn(0x7f8820036800 0x7f8820038cb0 secure :-1 s=READY pgs=20 cs=0 l=1 rev1=1 crypto rx=0x7f881c009990 tx=0x7f881c006e40 comp rx=0 tx=0).stop
2024-05-09T06:21:26.779 INFO:teuthology.orchestra.run.smithi046.stdout:/usr/bin/ceph: stderr
2024-05-09T06:21:26.250+0000 7f883a1f9700 1 -- 172.21.15.46:0/2946097303 >> [v2:172.21.15.46:3300/0,v1:172.21.15.46:6789/0] conn(0x7f8834101d60 msgr2=0x7f88341115c0 secure :-1 s=STATE_CONNECTION_ESTABLISHED l=1).mark_down
2024-05-09T06:21:26.779 INFO:teuthology.orchestra.run.smithi046.stdout:/usr/bin/ceph: stderr
2024-05-09T06:21:26.250+0000 7f883a1f9700 1 --2- 172.21.15.46:0/2946097303 >> [v2:172.21.15.46:3300/0,v1:172.21.15.46:6789/0] conn(0x7f8834101d60 0x7f88341115c0 secure :-1 s=READY pgs=64 cs=0 l=1 rev1=1 crypto rx=0x7f88240090b0 tx=0x7f8824009250 comp rx=0 tx=0).stop
2024-05-09T06:21:26.779 INFO:teuthology.orchestra.run.smithi046.stdout:/usr/bin/ceph: stderr
2024-05-09T06:21:26.250+0000 7f883a1f9700 1 -- 172.21.15.46:0/2946097303 shutdown_connections
2024-05-09T06:21:26.779 INFO:teuthology.orchestra.run.smithi046.stdout:/usr/bin/ceph: stderr
2024-05-09T06:21:26.251+0000 7f883a1f9700 1 --2- 172.21.15.46:0/2946097303 >> [v2:172.21.15.46:6800/3381519426,v1:172.21.15.46:6801/3381519426] conn(0x7f8820036800 0x7f8820038cb0 unknown :-1 s=CLOSED pgs=20 cs=0 l=1 rev1=1 crypto rx=0 tx=0 comp rx=0 tx=0).stop
2024-05-09T06:21:26.780 INFO:teuthology.orchestra.run.smithi046.stdout:/usr/bin/ceph: stderr
2024-05-09T06:21:26.251+0000 7f883a1f9700 1 --2- 172.21.15.46:0/2946097303 >> [v2:172.21.15.46:3300/0,v1:172.21.15.46:6789/0] conn(0x7f8834101d60 0x7f88341115c0 unknown :-1 s=CLOSED pgs=64 cs=0 l=1 rev1=1 crypto rx=0 tx=0 comp rx=0 tx=0).stop
2024-05-09T06:21:26.780 INFO:teuthology.orchestra.run.smithi046.stdout:/usr/bin/ceph: stderr
2024-05-09T06:21:26.251+0000 7f883a1f9700 1 -- 172.21.15.46:0/2946097303 >> 172.21.15.46:0/2946097303 conn(0x7f88340fc6f0 msgr2=0x7f88340fd180 unknown :-1 s=STATE_NONE l=0).mark_down
2024-05-09T06:21:26.780 INFO:teuthology.orchestra.run.smithi046.stdout:/usr/bin/ceph: stderr
2024-05-09T06:21:26.251+0000 7f883a1f9700 1 -- 172.21.15.46:0/2946097303 shutdown_connections
2024-05-09T06:21:26.780 INFO:teuthology.orchestra.run.smithi046.stdout:/usr/bin/ceph: stderr
2024-05-09T06:21:26.251+0000 7f883a1f9700 1 -- 172.21.15.46:0/2946097303 wait complete.
2024-05-09T06:21:26.780 INFO:teuthology.orchestra.run.smithi046.stdout:Enabling the dashboard module...
2024-05-09T06:21:27.445 INFO:journalctl@ceph.mon.smithi046.smithi046.stdout:May 09 06:21:27 smithi046 ceph-mon[26924]: pgmap v4: 0 pgs: ; 0 B data, 0 B used, 0 B / 0 B avail
2024-05-09T06:21:27.445 INFO:journalctl@ceph.mon.smithi046.smithi046.stdout:May 09 06:21:27 smithi046 ceph-mon[26924]: from='client.? 172.21.15.46:0/2946097303' entity='client.admin'
2024-05-09T06:21:28.423 INFO:journalctl@ceph.mon.smithi046.smithi046.stdout:May 09 06:21:28 smithi046 ceph-mon[26924]: from='client.? 172.21.15.46:0/627777902' entity='client.admin' cmd=[{"prefix": "mgr module enable", "module": "dashboard"}]: dispatch
2024-05-09T06:21:28.914 INFO:teuthology.orchestra.run.smithi046.stdout:/usr/bin/ceph: stderr
2024-05-09T06:21:27.199+0000 7f8b97819700 1 Processor -- start
2024-05-09T06:21:28.914 INFO:teuthology.orchestra.run.smithi046.stdout:/usr/bin/ceph: stderr
2024-05-09T06:21:27.199+0000 7f8b97819700 1 -- start start
2024-05-09T06:21:28.914 INFO:teuthology.orchestra.run.smithi046.stdout:/usr/bin/ceph: stderr
2024-05-09T06:21:27.200+0000 7f8b97819700 1 --2- >> [v2:172.21.15.46:3300/0,v1:172.21.15.46:6789/0] conn(0x7f8b90101d60 0x7f8b90102170 unknown :-1 s=NONE pgs=0 cs=0 l=0 rev1=0 crypto rx=0 tx=0 comp rx=0 tx=0).connect
2024-05-09T06:21:28.915 INFO:teuthology.orchestra.run.smithi046.stdout:/usr/bin/ceph: stderr
2024-05-09T06:21:27.200+0000 7f8b97819700 1 -- --> [v2:172.21.15.46:3300/0,v1:172.21.15.46:6789/0] -- mon_getmap magic: 0 v1 -- 0x7f8b901026b0 con 0x7f8b90101d60
2024-05-09T06:21:28.915 INFO:teuthology.orchestra.run.smithi046.stdout:/usr/bin/ceph: stderr
2024-05-09T06:21:27.200+0000 7f8b955b5700 1 --2- >> [v2:172.21.15.46:3300/0,v1:172.21.15.46:6789/0] conn(0x7f8b90101d60 0x7f8b90102170 unknown :-1 s=BANNER_CONNECTING pgs=0 cs=0 l=0 rev1=0 crypto rx=0 tx=0 comp rx=0 tx=0)._handle_peer_banner_payload supported=3 required=0
2024-05-09T06:21:28.915 INFO:teuthology.orchestra.run.smithi046.stdout:/usr/bin/ceph: stderr
2024-05-09T06:21:27.200+0000 7f8b955b5700 1 --2- >> [v2:172.21.15.46:3300/0,v1:172.21.15.46:6789/0] conn(0x7f8b90101d60 0x7f8b90102170 unknown :-1 s=HELLO_CONNECTING pgs=0 cs=0 l=0 rev1=1 crypto rx=0 tx=0 comp rx=0 tx=0).handle_hello peer v2:172.21.15.46:3300/0 says I am v2:172.21.15.46:37616/0 (socket says 172.21.15.46:37616)
2024-05-09T06:21:28.915 INFO:teuthology.orchestra.run.smithi046.stdout:/usr/bin/ceph: stderr
2024-05-09T06:21:27.200+0000 7f8b955b5700 1 -- 172.21.15.46:0/1611368234 learned_addr learned my addr 172.21.15.46:0/1611368234 (peer_addr_for_me v2:172.21.15.46:0/0)
2024-05-09T06:21:28.915 INFO:teuthology.orchestra.run.smithi046.stdout:/usr/bin/ceph: stderr
2024-05-09T06:21:27.200+0000 7f8b955b5700 1 -- 172.21.15.46:0/1611368234 --> [v2:172.21.15.46:3300/0,v1:172.21.15.46:6789/0] -- mon_subscribe({config=0+,monmap=0+}) v3 -- 0x7f8b901027f0 con 0x7f8b90101d60
2024-05-09T06:21:28.915 INFO:teuthology.orchestra.run.smithi046.stdout:/usr/bin/ceph: stderr
2024-05-09T06:21:27.200+0000 7f8b955b5700 1 --2- 172.21.15.46:0/1611368234 >> [v2:172.21.15.46:3300/0,v1:172.21.15.46:6789/0] conn(0x7f8b90101d60 0x7f8b90102170 secure :-1 s=READY pgs=65 cs=0 l=1 rev1=1 crypto rx=0x7f8b8400d0d0 tx=0x7f8b8400ba50 comp rx=0 tx=0).ready entity=mon.0 client_cookie=6680cc3309bad121 server_cookie=0 in_seq=0 out_seq=0
2024-05-09T06:21:28.915 INFO:teuthology.orchestra.run.smithi046.stdout:/usr/bin/ceph: stderr
2024-05-09T06:21:27.200+0000 7f8b83fff700 1 -- 172.21.15.46:0/1611368234 <== mon.0 v2:172.21.15.46:3300/0 1 ==== mon_map magic: 0 v1 ==== 229+0+0 (secure 0 0 0) 0x7f8b8400ddf0 con 0x7f8b90101d60
2024-05-09T06:21:28.915 INFO:teuthology.orchestra.run.smithi046.stdout:/usr/bin/ceph: stderr
2024-05-09T06:21:27.200+0000 7f8b83fff700 1 -- 172.21.15.46:0/1611368234 <== mon.0 v2:172.21.15.46:3300/0 2 ==== config(27 keys) v1 ==== 1109+0+0 (secure 0 0 0) 0x7f8b84009610 con 0x7f8b90101d60
2024-05-09T06:21:28.915 INFO:teuthology.orchestra.run.smithi046.stdout:/usr/bin/ceph: stderr
2024-05-09T06:21:27.200+0000 7f8b83fff700 1 -- 172.21.15.46:0/1611368234 <== mon.0 v2:172.21.15.46:3300/0 3 ==== mon_map magic: 0 v1 ==== 229+0+0 (secure 0 0 0) 0x7f8b840146c0 con 0x7f8b90101d60
2024-05-09T06:21:28.915 INFO:teuthology.orchestra.run.smithi046.stdout:/usr/bin/ceph: stderr
2024-05-09T06:21:27.201+0000 7f8b97819700 1 -- 172.21.15.46:0/1611368234 >> [v2:172.21.15.46:3300/0,v1:172.21.15.46:6789/0] conn(0x7f8b90101d60 msgr2=0x7f8b90102170 secure :-1 s=STATE_CONNECTION_ESTABLISHED l=1).mark_down
2024-05-09T06:21:28.915 INFO:teuthology.orchestra.run.smithi046.stdout:/usr/bin/ceph: stderr
2024-05-09T06:21:27.201+0000 7f8b97819700 1 --2- 172.21.15.46:0/1611368234 >> [v2:172.21.15.46:3300/0,v1:172.21.15.46:6789/0] conn(0x7f8b90101d60 0x7f8b90102170 secure :-1 s=READY pgs=65 cs=0 l=1 rev1=1 crypto rx=0x7f8b8400d0d0 tx=0x7f8b8400ba50 comp rx=0 tx=0).stop
2024-05-09T06:21:28.916 INFO:teuthology.orchestra.run.smithi046.stdout:/usr/bin/ceph: stderr
2024-05-09T06:21:27.201+0000 7f8b97819700 1 -- 172.21.15.46:0/1611368234 shutdown_connections
2024-05-09T06:21:28.916 INFO:teuthology.orchestra.run.smithi046.stdout:/usr/bin/ceph: stderr
2024-05-09T06:21:27.201+0000 7f8b97819700 1 --2- 172.21.15.46:0/1611368234 >> [v2:172.21.15.46:3300/0,v1:172.21.15.46:6789/0] conn(0x7f8b90101d60 0x7f8b90102170 unknown :-1 s=CLOSED pgs=65 cs=0 l=1 rev1=1 crypto rx=0 tx=0 comp rx=0 tx=0).stop
2024-05-09T06:21:28.916 INFO:teuthology.orchestra.run.smithi046.stdout:/usr/bin/ceph: stderr
2024-05-09T06:21:27.201+0000 7f8b97819700 1 -- 172.21.15.46:0/1611368234 >> 172.21.15.46:0/1611368234 conn(0x7f8b900fc6f0 msgr2=0x7f8b900feb00 unknown :-1 s=STATE_NONE l=0).mark_down
2024-05-09T06:21:28.916 INFO:teuthology.orchestra.run.smithi046.stdout:/usr/bin/ceph: stderr
2024-05-09T06:21:27.201+0000 7f8b97819700 1 -- 172.21.15.46:0/1611368234 shutdown_connections
2024-05-09T06:21:28.916 INFO:teuthology.orchestra.run.smithi046.stdout:/usr/bin/ceph: stderr
2024-05-09T06:21:27.201+0000 7f8b97819700 1 -- 172.21.15.46:0/1611368234 wait complete.
2024-05-09T06:21:28.917 INFO:teuthology.orchestra.run.smithi046.stdout:/usr/bin/ceph: stderr
2024-05-09T06:21:27.202+0000 7f8b97819700 1 Processor -- start
2024-05-09T06:21:28.917 INFO:teuthology.orchestra.run.smithi046.stdout:/usr/bin/ceph: stderr
2024-05-09T06:21:27.202+0000 7f8b97819700 1 -- start start
2024-05-09T06:21:28.917 INFO:teuthology.orchestra.run.smithi046.stdout:/usr/bin/ceph: stderr
2024-05-09T06:21:27.202+0000 7f8b97819700 1 --2- >> [v2:172.21.15.46:3300/0,v1:172.21.15.46:6789/0] conn(0x7f8b90101d60 0x7f8b9010f440 unknown :-1 s=NONE pgs=0 cs=0 l=1 rev1=0 crypto rx=0 tx=0 comp rx=0 tx=0).connect
2024-05-09T06:21:28.917 INFO:teuthology.orchestra.run.smithi046.stdout:/usr/bin/ceph: stderr
2024-05-09T06:21:27.202+0000 7f8b97819700 1 -- --> [v2:172.21.15.46:3300/0,v1:172.21.15.46:6789/0] -- mon_getmap magic: 0 v1 -- 0x7f8b9010f980 con 0x7f8b90101d60
2024-05-09T06:21:28.917 INFO:teuthology.orchestra.run.smithi046.stdout:/usr/bin/ceph: stderr
2024-05-09T06:21:27.202+0000 7f8b955b5700 1 --2- >> [v2:172.21.15.46:3300/0,v1:172.21.15.46:6789/0] conn(0x7f8b90101d60 0x7f8b9010f440 unknown :-1 s=BANNER_CONNECTING pgs=0 cs=0 l=1 rev1=0 crypto rx=0 tx=0 comp rx=0 tx=0)._handle_peer_banner_payload supported=3 required=0
2024-05-09T06:21:28.917 INFO:teuthology.orchestra.run.smithi046.stdout:/usr/bin/ceph: stderr
2024-05-09T06:21:27.202+0000 7f8b955b5700 1 --2- >> [v2:172.21.15.46:3300/0,v1:172.21.15.46:6789/0] conn(0x7f8b90101d60 0x7f8b9010f440 unknown :-1 s=HELLO_CONNECTING pgs=0 cs=0 l=1 rev1=1 crypto rx=0 tx=0 comp rx=0 tx=0).handle_hello peer v2:172.21.15.46:3300/0 says I am v2:172.21.15.46:37622/0 (socket says 172.21.15.46:37622)
2024-05-09T06:21:28.917 INFO:teuthology.orchestra.run.smithi046.stdout:/usr/bin/ceph: stderr
2024-05-09T06:21:27.202+0000 7f8b955b5700 1 -- 172.21.15.46:0/627777902 learned_addr learned my addr 172.21.15.46:0/627777902 (peer_addr_for_me v2:172.21.15.46:0/0)
2024-05-09T06:21:28.917 INFO:teuthology.orchestra.run.smithi046.stdout:/usr/bin/ceph: stderr
2024-05-09T06:21:27.202+0000 7f8b955b5700 1 -- 172.21.15.46:0/627777902 --> [v2:172.21.15.46:3300/0,v1:172.21.15.46:6789/0] -- mon_subscribe({config=0+,monmap=0+}) v3 -- 0x7f8b8400bcf0 con 0x7f8b90101d60
2024-05-09T06:21:28.917 INFO:teuthology.orchestra.run.smithi046.stdout:/usr/bin/ceph: stderr
2024-05-09T06:21:27.203+0000 7f8b955b5700 1 --2- 172.21.15.46:0/627777902 >> [v2:172.21.15.46:3300/0,v1:172.21.15.46:6789/0] conn(0x7f8b90101d60 0x7f8b9010f440 secure :-1 s=READY pgs=66 cs=0 l=1 rev1=1 crypto rx=0x7f8b84009e20 tx=0x7f8b8400ba50 comp rx=0 tx=0).ready entity=mon.0 client_cookie=0 server_cookie=0 in_seq=0 out_seq=0
2024-05-09T06:21:28.917 INFO:teuthology.orchestra.run.smithi046.stdout:/usr/bin/ceph: stderr
2024-05-09T06:21:27.203+0000 7f8b81ffb700 1 -- 172.21.15.46:0/627777902 <== mon.0 v2:172.21.15.46:3300/0 1 ==== mon_map magic: 0 v1 ==== 229+0+0 (secure 0 0 0) 0x7f8b8400ddf0 con 0x7f8b90101d60
2024-05-09T06:21:28.917 INFO:teuthology.orchestra.run.smithi046.stdout:/usr/bin/ceph: stderr
2024-05-09T06:21:27.203+0000 7f8b81ffb700 1 -- 172.21.15.46:0/627777902 <== mon.0 v2:172.21.15.46:3300/0 2 ==== config(27 keys) v1 ==== 1109+0+0 (secure 0 0 0) 0x7f8b84014e50 con 0x7f8b90101d60
2024-05-09T06:21:28.917 INFO:teuthology.orchestra.run.smithi046.stdout:/usr/bin/ceph: stderr
2024-05-09T06:21:27.203+0000 7f8b97819700 1 -- 172.21.15.46:0/627777902 --> [v2:172.21.15.46:3300/0,v1:172.21.15.46:6789/0] -- mon_subscribe({mgrmap=0+}) v3 -- 0x7f8b9010fb80 con 0x7f8b90101d60
2024-05-09T06:21:28.917 INFO:teuthology.orchestra.run.smithi046.stdout:/usr/bin/ceph: stderr
2024-05-09T06:21:27.203+0000 7f8b81ffb700 1 -- 172.21.15.46:0/627777902 <== mon.0 v2:172.21.15.46:3300/0 3 ==== mon_map magic: 0 v1 ==== 229+0+0 (secure 0 0 0) 0x7f8b8401eb50 con 0x7f8b90101d60
2024-05-09T06:21:28.917 INFO:teuthology.orchestra.run.smithi046.stdout:/usr/bin/ceph: stderr
2024-05-09T06:21:27.203+0000 7f8b97819700 1 -- 172.21.15.46:0/627777902 --> [v2:172.21.15.46:3300/0,v1:172.21.15.46:6789/0] -- mon_subscribe({osdmap=0}) v3 -- 0x7f8b901106f0 con 0x7f8b90101d60
2024-05-09T06:21:28.917 INFO:teuthology.orchestra.run.smithi046.stdout:/usr/bin/ceph: stderr
2024-05-09T06:21:27.204+0000 7f8b81ffb700 1 -- 172.21.15.46:0/627777902 <== mon.0 v2:172.21.15.46:3300/0 4 ==== mgrmap(e 8) v1 ==== 43376+0+0 (secure 0 0 0) 0x7f8b8401e400 con 0x7f8b90101d60
2024-05-09T06:21:28.918 INFO:teuthology.orchestra.run.smithi046.stdout:/usr/bin/ceph: stderr
2024-05-09T06:21:27.204+0000 7f8b97819700 1 -- 172.21.15.46:0/627777902 --> [v2:172.21.15.46:3300/0,v1:172.21.15.46:6789/0] -- mon_command({"prefix": "get_command_descriptions"} v 0) v1 -- 0x7f8b9005f5c0 con 0x7f8b90101d60
2024-05-09T06:21:28.918 INFO:teuthology.orchestra.run.smithi046.stdout:/usr/bin/ceph: stderr
2024-05-09T06:21:27.204+0000 7f8b81ffb700 1 --2- 172.21.15.46:0/627777902 >> [v2:172.21.15.46:6800/3381519426,v1:172.21.15.46:6801/3381519426] conn(0x7f8b7c036850 0x7f8b7c038d00 unknown :-1 s=NONE pgs=0 cs=0 l=1 rev1=0 crypto rx=0 tx=0 comp rx=0 tx=0).connect
2024-05-09T06:21:28.918 INFO:teuthology.orchestra.run.smithi046.stdout:/usr/bin/ceph: stderr
2024-05-09T06:21:27.204+0000 7f8b81ffb700 1 -- 172.21.15.46:0/627777902 <== mon.0 v2:172.21.15.46:3300/0 5 ==== osd_map(2..2 src has 1..2) v4 ==== 936+0+0 (secure 0 0 0) 0x7f8b8404c080 con 0x7f8b90101d60
2024-05-09T06:21:28.918 INFO:teuthology.orchestra.run.smithi046.stdout:/usr/bin/ceph: stderr
2024-05-09T06:21:27.204+0000 7f8b94db4700 1 --2- 172.21.15.46:0/627777902 >> [v2:172.21.15.46:6800/3381519426,v1:172.21.15.46:6801/3381519426] conn(0x7f8b7c036850 0x7f8b7c038d00 unknown :-1 s=BANNER_CONNECTING pgs=0 cs=0 l=1 rev1=0 crypto rx=0 tx=0 comp rx=0 tx=0)._handle_peer_banner_payload supported=3 required=0
2024-05-09T06:21:28.918 INFO:teuthology.orchestra.run.smithi046.stdout:/usr/bin/ceph: stderr
2024-05-09T06:21:27.205+0000 7f8b94db4700 1 --2- 172.21.15.46:0/627777902 >> [v2:172.21.15.46:6800/3381519426,v1:172.21.15.46:6801/3381519426] conn(0x7f8b7c036850 0x7f8b7c038d00 secure :-1 s=READY pgs=21 cs=0 l=1 rev1=1 crypto rx=0x7f8b8c009990 tx=0x7f8b8c006e40 comp rx=0 tx=0).ready entity=mgr.14120 client_cookie=0 server_cookie=0 in_seq=0 out_seq=0
2024-05-09T06:21:28.918 INFO:teuthology.orchestra.run.smithi046.stdout:/usr/bin/ceph: stderr
2024-05-09T06:21:27.209+0000 7f8b81ffb700 1 -- 172.21.15.46:0/627777902 <== mon.0 v2:172.21.15.46:3300/0 6 ==== mon_command_ack([{"prefix": "get_command_descriptions"}]=0 v0) v1 ==== 72+0+176702 (secure 0 0 0) 0x7f8b84026d40 con 0x7f8b90101d60
2024-05-09T06:21:28.918 INFO:teuthology.orchestra.run.smithi046.stdout:/usr/bin/ceph: stderr
2024-05-09T06:21:27.461+0000 7f8b97819700 1 -- 172.21.15.46:0/627777902 --> [v2:172.21.15.46:3300/0,v1:172.21.15.46:6789/0] -- mon_command({"prefix": "mgr module enable", "module": "dashboard"} v 0) v1 -- 0x7f8b90111240 con 0x7f8b90101d60
2024-05-09T06:21:28.918 INFO:teuthology.orchestra.run.smithi046.stdout:/usr/bin/ceph: stderr
2024-05-09T06:21:28.252+0000 7f8b81ffb700 1 -- 172.21.15.46:0/627777902 <== mon.0 v2:172.21.15.46:3300/0 7 ==== mgrmap(e 9) v1 ==== 43389+0+0 (secure 0 0 0) 0x7f8b8401ed50 con 0x7f8b90101d60
2024-05-09T06:21:28.918 INFO:teuthology.orchestra.run.smithi046.stdout:/usr/bin/ceph: stderr
2024-05-09T06:21:28.253+0000 7f8b81ffb700 1 -- 172.21.15.46:0/627777902 <== mon.0 v2:172.21.15.46:3300/0 8 ==== mon_command_ack([{"prefix": "mgr module enable", "module": "dashboard"}]=0 v9) v1 ==== 88+0+0 (secure 0 0 0) 0x7f8b8401b8e0 con 0x7f8b90101d60
2024-05-09T06:21:28.918 INFO:teuthology.orchestra.run.smithi046.stdout:/usr/bin/ceph: stderr
2024-05-09T06:21:28.256+0000 7f8b97819700 1 -- 172.21.15.46:0/627777902 >> [v2:172.21.15.46:6800/3381519426,v1:172.21.15.46:6801/3381519426] conn(0x7f8b7c036850 msgr2=0x7f8b7c038d00 secure :-1 s=STATE_CONNECTION_ESTABLISHED l=1).mark_down
2024-05-09T06:21:28.918 INFO:teuthology.orchestra.run.smithi046.stdout:/usr/bin/ceph: stderr
