2024-05-09T06:21:41.689+0000 7fcd0d4f8700 1 --2- 172.21.15.46:0/700552846 >> [v2:172.21.15.46:3300/0,v1:172.21.15.46:6789/0] conn(0x7fcd08100f30 0x7fcd08101340 secure :-1 s=READY pgs=86 cs=0 l=1 rev1=1 crypto rx=0x7fcd0400aa80 tx=0x7fcd0400a3f0 comp rx=0 tx=0).ready entity=mon.0 client_cookie=ea8d1cca0289731e server_cookie=0 in_seq=0 out_seq=0
2024-05-09T06:21:42.421 INFO:teuthology.orchestra.run.smithi046.stdout:/usr/bin/ceph: stderr
2024-05-09T06:21:41.689+0000 7fccfffff700 1 -- 172.21.15.46:0/700552846 <== mon.0 v2:172.21.15.46:3300/0 1 ==== mon_map magic: 0 v1 ==== 229+0+0 (secure 0 0 0) 0x7fcd0400cba0 con 0x7fcd08100f30
2024-05-09T06:21:42.421 INFO:teuthology.orchestra.run.smithi046.stdout:/usr/bin/ceph: stderr
2024-05-09T06:21:41.689+0000 7fccfffff700 1 -- 172.21.15.46:0/700552846 <== mon.0 v2:172.21.15.46:3300/0 2 ==== config(27 keys) v1 ==== 1109+0+0 (secure 0 0 0) 0x7fcd0400cd00 con 0x7fcd08100f30
2024-05-09T06:21:42.421 INFO:teuthology.orchestra.run.smithi046.stdout:/usr/bin/ceph: stderr
2024-05-09T06:21:41.689+0000 7fccfffff700 1 -- 172.21.15.46:0/700552846 <== mon.0 v2:172.21.15.46:3300/0 3 ==== mon_map magic: 0 v1 ==== 229+0+0 (secure 0 0 0) 0x7fcd04010720 con 0x7fcd08100f30
2024-05-09T06:21:42.421 INFO:teuthology.orchestra.run.smithi046.stdout:/usr/bin/ceph: stderr
2024-05-09T06:21:41.689+0000 7fcd0f75c700 1 -- 172.21.15.46:0/700552846 >> [v2:172.21.15.46:3300/0,v1:172.21.15.46:6789/0] conn(0x7fcd08100f30 msgr2=0x7fcd08101340 secure :-1 s=STATE_CONNECTION_ESTABLISHED l=1).mark_down
2024-05-09T06:21:42.421 INFO:teuthology.orchestra.run.smithi046.stdout:/usr/bin/ceph: stderr
2024-05-09T06:21:41.689+0000 7fcd0f75c700 1 --2- 172.21.15.46:0/700552846 >> [v2:172.21.15.46:3300/0,v1:172.21.15.46:6789/0] conn(0x7fcd08100f30 0x7fcd08101340 secure :-1 s=READY pgs=86 cs=0 l=1 rev1=1 crypto rx=0x7fcd0400aa80 tx=0x7fcd0400a3f0 comp rx=0 tx=0).stop
2024-05-09T06:21:42.421 INFO:teuthology.orchestra.run.smithi046.stdout:/usr/bin/ceph: stderr
2024-05-09T06:21:41.690+0000 7fcd0f75c700 1 -- 172.21.15.46:0/700552846 shutdown_connections
2024-05-09T06:21:42.421 INFO:teuthology.orchestra.run.smithi046.stdout:/usr/bin/ceph: stderr
2024-05-09T06:21:41.690+0000 7fcd0f75c700 1 --2- 172.21.15.46:0/700552846 >> [v2:172.21.15.46:3300/0,v1:172.21.15.46:6789/0] conn(0x7fcd08100f30 0x7fcd08101340 unknown :-1 s=CLOSED pgs=86 cs=0 l=1 rev1=1 crypto rx=0 tx=0 comp rx=0 tx=0).stop
2024-05-09T06:21:42.421 INFO:teuthology.orchestra.run.smithi046.stdout:/usr/bin/ceph: stderr
2024-05-09T06:21:41.690+0000 7fcd0f75c700 1 -- 172.21.15.46:0/700552846 >> 172.21.15.46:0/700552846 conn(0x7fcd080fc6f0 msgr2=0x7fcd080feb00 unknown :-1 s=STATE_NONE l=0).mark_down
2024-05-09T06:21:42.421 INFO:teuthology.orchestra.run.smithi046.stdout:/usr/bin/ceph: stderr
2024-05-09T06:21:41.690+0000 7fcd0f75c700 1 -- 172.21.15.46:0/700552846 shutdown_connections
2024-05-09T06:21:42.421 INFO:teuthology.orchestra.run.smithi046.stdout:/usr/bin/ceph: stderr
2024-05-09T06:21:41.690+0000 7fcd0f75c700 1 -- 172.21.15.46:0/700552846 wait complete.
2024-05-09T06:21:42.421 INFO:teuthology.orchestra.run.smithi046.stdout:/usr/bin/ceph: stderr
2024-05-09T06:21:41.690+0000 7fcd0f75c700 1 Processor -- start
2024-05-09T06:21:42.421 INFO:teuthology.orchestra.run.smithi046.stdout:/usr/bin/ceph: stderr
2024-05-09T06:21:41.690+0000 7fcd0f75c700 1 -- start start
2024-05-09T06:21:42.422 INFO:teuthology.orchestra.run.smithi046.stdout:/usr/bin/ceph: stderr
2024-05-09T06:21:41.691+0000 7fcd0f75c700 1 --2- >> [v2:172.21.15.46:3300/0,v1:172.21.15.46:6789/0] conn(0x7fcd08100f30 0x7fcd08111650 unknown :-1 s=NONE pgs=0 cs=0 l=1 rev1=0 crypto rx=0 tx=0 comp rx=0 tx=0).connect
2024-05-09T06:21:42.422 INFO:teuthology.orchestra.run.smithi046.stdout:/usr/bin/ceph: stderr
2024-05-09T06:21:41.691+0000 7fcd0f75c700 1 -- --> [v2:172.21.15.46:3300/0,v1:172.21.15.46:6789/0] -- mon_getmap magic: 0 v1 -- 0x7fcd08111b90 con 0x7fcd08100f30
2024-05-09T06:21:42.422 INFO:teuthology.orchestra.run.smithi046.stdout:/usr/bin/ceph: stderr
2024-05-09T06:21:41.691+0000 7fcd0d4f8700 1 --2- >> [v2:172.21.15.46:3300/0,v1:172.21.15.46:6789/0] conn(0x7fcd08100f30 0x7fcd08111650 unknown :-1 s=BANNER_CONNECTING pgs=0 cs=0 l=1 rev1=0 crypto rx=0 tx=0 comp rx=0 tx=0)._handle_peer_banner_payload supported=3 required=0
2024-05-09T06:21:42.422 INFO:teuthology.orchestra.run.smithi046.stdout:/usr/bin/ceph: stderr
2024-05-09T06:21:41.691+0000 7fcd0d4f8700 1 --2- >> [v2:172.21.15.46:3300/0,v1:172.21.15.46:6789/0] conn(0x7fcd08100f30 0x7fcd08111650 unknown :-1 s=HELLO_CONNECTING pgs=0 cs=0 l=1 rev1=1 crypto rx=0 tx=0 comp rx=0 tx=0).handle_hello peer v2:172.21.15.46:3300/0 says I am v2:172.21.15.46:38562/0 (socket says 172.21.15.46:38562)
2024-05-09T06:21:42.422 INFO:teuthology.orchestra.run.smithi046.stdout:/usr/bin/ceph: stderr
2024-05-09T06:21:41.691+0000 7fcd0d4f8700 1 -- 172.21.15.46:0/2492954020 learned_addr learned my addr 172.21.15.46:0/2492954020 (peer_addr_for_me v2:172.21.15.46:0/0)
2024-05-09T06:21:42.422 INFO:teuthology.orchestra.run.smithi046.stdout:/usr/bin/ceph: stderr
2024-05-09T06:21:41.691+0000 7fcd0d4f8700 1 -- 172.21.15.46:0/2492954020 --> [v2:172.21.15.46:3300/0,v1:172.21.15.46:6789/0] -- mon_subscribe({config=0+,monmap=0+}) v3 -- 0x7fcd0400a690 con 0x7fcd08100f30
2024-05-09T06:21:42.422 INFO:teuthology.orchestra.run.smithi046.stdout:/usr/bin/ceph: stderr
2024-05-09T06:21:41.691+0000 7fcd0d4f8700 1 --2- 172.21.15.46:0/2492954020 >> [v2:172.21.15.46:3300/0,v1:172.21.15.46:6789/0] conn(0x7fcd08100f30 0x7fcd08111650 secure :-1 s=READY pgs=87 cs=0 l=1 rev1=1 crypto rx=0x7fcd04018fd0 tx=0x7fcd0401a040 comp rx=0 tx=0).ready entity=mon.0 client_cookie=0 server_cookie=0 in_seq=0 out_seq=0
2024-05-09T06:21:42.422 INFO:teuthology.orchestra.run.smithi046.stdout:/usr/bin/ceph: stderr
2024-05-09T06:21:41.691+0000 7fccfdffb700 1 -- 172.21.15.46:0/2492954020 <== mon.0 v2:172.21.15.46:3300/0 1 ==== mon_map magic: 0 v1 ==== 229+0+0 (secure 0 0 0) 0x7fcd04018760 con 0x7fcd08100f30
2024-05-09T06:21:42.422 INFO:teuthology.orchestra.run.smithi046.stdout:/usr/bin/ceph: stderr
2024-05-09T06:21:41.691+0000 7fccfdffb700 1 -- 172.21.15.46:0/2492954020 <== mon.0 v2:172.21.15.46:3300/0 2 ==== config(27 keys) v1 ==== 1109+0+0 (secure 0 0 0) 0x7fcd040188c0 con 0x7fcd08100f30
2024-05-09T06:21:42.422 INFO:teuthology.orchestra.run.smithi046.stdout:/usr/bin/ceph: stderr
2024-05-09T06:21:41.691+0000 7fcd0f75c700 1 -- 172.21.15.46:0/2492954020 --> [v2:172.21.15.46:3300/0,v1:172.21.15.46:6789/0] -- mon_subscribe({mgrmap=0+}) v3 -- 0x7fcd08111d90 con 0x7fcd08100f30
2024-05-09T06:21:42.422 INFO:teuthology.orchestra.run.smithi046.stdout:/usr/bin/ceph: stderr
2024-05-09T06:21:41.691+0000 7fccfdffb700 1 -- 172.21.15.46:0/2492954020 <== mon.0 v2:172.21.15.46:3300/0 3 ==== mon_map magic: 0 v1 ==== 229+0+0 (secure 0 0 0) 0x7fcd040205a0 con 0x7fcd08100f30
2024-05-09T06:21:42.423 INFO:teuthology.orchestra.run.smithi046.stdout:/usr/bin/ceph: stderr
2024-05-09T06:21:41.692+0000 7fcd0f75c700 1 -- 172.21.15.46:0/2492954020 --> [v2:172.21.15.46:3300/0,v1:172.21.15.46:6789/0] -- mon_subscribe({osdmap=0}) v3 -- 0x7fcd08112900 con 0x7fcd08100f30
2024-05-09T06:21:42.423 INFO:teuthology.orchestra.run.smithi046.stdout:/usr/bin/ceph: stderr
2024-05-09T06:21:41.693+0000 7fccfdffb700 1 -- 172.21.15.46:0/2492954020 <== mon.0 v2:172.21.15.46:3300/0 4 ==== mgrmap(e 12) v1 ==== 43389+0+0 (secure 0 0 0) 0x7fcd040207d0 con 0x7fcd08100f30
2024-05-09T06:21:42.423 INFO:teuthology.orchestra.run.smithi046.stdout:/usr/bin/ceph: stderr
2024-05-09T06:21:41.693+0000 7fcd0f75c700 1 -- 172.21.15.46:0/2492954020 --> [v2:172.21.15.46:3300/0,v1:172.21.15.46:6789/0] -- mon_command({"prefix": "get_command_descriptions"} v 0) v1 -- 0x7fcd0805f5c0 con 0x7fcd08100f30
2024-05-09T06:21:42.423 INFO:teuthology.orchestra.run.smithi046.stdout:/usr/bin/ceph: stderr
2024-05-09T06:21:41.693+0000 7fccfdffb700 1 --2- 172.21.15.46:0/2492954020 >> [v2:172.21.15.46:6800/2570824935,v1:172.21.15.46:6801/2570824935] conn(0x7fccf40368f0 0x7fccf4038da0 unknown :-1 s=NONE pgs=0 cs=0 l=1 rev1=0 crypto rx=0 tx=0 comp rx=0 tx=0).connect
2024-05-09T06:21:42.423 INFO:teuthology.orchestra.run.smithi046.stdout:/usr/bin/ceph: stderr
2024-05-09T06:21:41.693+0000 7fccfdffb700 1 -- 172.21.15.46:0/2492954020 <== mon.0 v2:172.21.15.46:3300/0 5 ==== osd_map(3..3 src has 1..3) v4 ==== 1151+0+0 (secure 0 0 0) 0x7fcd0404a690 con 0x7fcd08100f30
2024-05-09T06:21:42.423 INFO:teuthology.orchestra.run.smithi046.stdout:/usr/bin/ceph: stderr
2024-05-09T06:21:41.693+0000 7fcd0ccf7700 1 --2- 172.21.15.46:0/2492954020 >> [v2:172.21.15.46:6800/2570824935,v1:172.21.15.46:6801/2570824935] conn(0x7fccf40368f0 0x7fccf4038da0 unknown :-1 s=BANNER_CONNECTING pgs=0 cs=0 l=1 rev1=0 crypto rx=0 tx=0 comp rx=0 tx=0)._handle_peer_banner_payload supported=3 required=0
2024-05-09T06:21:42.423 INFO:teuthology.orchestra.run.smithi046.stdout:/usr/bin/ceph: stderr
2024-05-09T06:21:41.693+0000 7fcd0ccf7700 1 --2- 172.21.15.46:0/2492954020 >> [v2:172.21.15.46:6800/2570824935,v1:172.21.15.46:6801/2570824935] conn(0x7fccf40368f0 0x7fccf4038da0 secure :-1 s=READY pgs=10 cs=0 l=1 rev1=1 crypto rx=0x7fccf8009990 tx=0x7fccf8006e40 comp rx=0 tx=0).ready entity=mgr.14162 client_cookie=0 server_cookie=0 in_seq=0 out_seq=0
2024-05-09T06:21:42.423 INFO:teuthology.orchestra.run.smithi046.stdout:/usr/bin/ceph: stderr
2024-05-09T06:21:41.698+0000 7fccfdffb700 1 -- 172.21.15.46:0/2492954020 <== mon.0 v2:172.21.15.46:3300/0 6 ==== mon_command_ack([{"prefix": "get_command_descriptions"}]=0 v0) v1 ==== 72+0+176702 (secure 0 0 0) 0x7fcd0400f550 con 0x7fcd08100f30
2024-05-09T06:21:42.423 INFO:teuthology.orchestra.run.smithi046.stdout:/usr/bin/ceph: stderr
2024-05-09T06:21:41.894+0000 7fcd0f75c700 1 -- 172.21.15.46:0/2492954020 --> [v2:172.21.15.46:3300/0,v1:172.21.15.46:6789/0] -- mon_command([{prefix=config set, name=osd_memory_target_autotune}] v 0) v1 -- 0x7fcd0804bed0 con 0x7fcd08100f30
2024-05-09T06:21:42.423 INFO:teuthology.orchestra.run.smithi046.stdout:/usr/bin/ceph: stderr
2024-05-09T06:21:41.895+0000 7fccfdffb700 1 -- 172.21.15.46:0/2492954020 <== mon.0 v2:172.21.15.46:3300/0 7 ==== mon_command_ack([{prefix=config set, name=osd_memory_target_autotune}]=0 v8)=0 v8) v1 ==== 127+0+0 (secure 0 0 0) 0x7fcd04026030 con 0x7fcd08100f30
2024-05-09T06:21:42.423 INFO:teuthology.orchestra.run.smithi046.stdout:/usr/bin/ceph: stderr
2024-05-09T06:21:41.897+0000 7fcd0f75c700 1 -- 172.21.15.46:0/2492954020 >> [v2:172.21.15.46:6800/2570824935,v1:172.21.15.46:6801/2570824935] conn(0x7fccf40368f0 msgr2=0x7fccf4038da0 secure :-1 s=STATE_CONNECTION_ESTABLISHED l=1).mark_down
2024-05-09T06:21:42.423 INFO:teuthology.orchestra.run.smithi046.stdout:/usr/bin/ceph: stderr
2024-05-09T06:21:41.897+0000 7fcd0f75c700 1 --2- 172.21.15.46:0/2492954020 >> [v2:172.21.15.46:6800/2570824935,v1:172.21.15.46:6801/2570824935] conn(0x7fccf40368f0 0x7fccf4038da0 secure :-1 s=READY pgs=10 cs=0 l=1 rev1=1 crypto rx=0x7fccf8009990 tx=0x7fccf8006e40 comp rx=0 tx=0).stop
2024-05-09T06:21:42.423 INFO:teuthology.orchestra.run.smithi046.stdout:/usr/bin/ceph: stderr
2024-05-09T06:21:41.897+0000 7fcd0f75c700 1 -- 172.21.15.46:0/2492954020 >> [v2:172.21.15.46:3300/0,v1:172.21.15.46:6789/0] conn(0x7fcd08100f30 msgr2=0x7fcd08111650 secure :-1 s=STATE_CONNECTION_ESTABLISHED l=1).mark_down
2024-05-09T06:21:42.423 INFO:teuthology.orchestra.run.smithi046.stdout:/usr/bin/ceph: stderr
2024-05-09T06:21:41.897+0000 7fcd0f75c700 1 --2- 172.21.15.46:0/2492954020 >> [v2:172.21.15.46:3300/0,v1:172.21.15.46:6789/0] conn(0x7fcd08100f30 0x7fcd08111650 secure :-1 s=READY pgs=87 cs=0 l=1 rev1=1 crypto rx=0x7fcd04018fd0 tx=0x7fcd0401a040 comp rx=0 tx=0).stop
2024-05-09T06:21:42.424 INFO:teuthology.orchestra.run.smithi046.stdout:/usr/bin/ceph: stderr
2024-05-09T06:21:41.897+0000 7fcd0f75c700 1 -- 172.21.15.46:0/2492954020 shutdown_connections
2024-05-09T06:21:42.424 INFO:teuthology.orchestra.run.smithi046.stdout:/usr/bin/ceph: stderr
2024-05-09T06:21:41.897+0000 7fcd0f75c700 1 --2- 172.21.15.46:0/2492954020 >> [v2:172.21.15.46:6800/2570824935,v1:172.21.15.46:6801/2570824935] conn(0x7fccf40368f0 0x7fccf4038da0 unknown :-1 s=CLOSED pgs=10 cs=0 l=1 rev1=1 crypto rx=0 tx=0 comp rx=0 tx=0).stop
2024-05-09T06:21:42.424 INFO:teuthology.orchestra.run.smithi046.stdout:/usr/bin/ceph: stderr
2024-05-09T06:21:41.897+0000 7fcd0f75c700 1 --2- 172.21.15.46:0/2492954020 >> [v2:172.21.15.46:3300/0,v1:172.21.15.46:6789/0] conn(0x7fcd08100f30 0x7fcd08111650 unknown :-1 s=CLOSED pgs=87 cs=0 l=1 rev1=1 crypto rx=0 tx=0 comp rx=0 tx=0).stop
2024-05-09T06:21:42.424 INFO:teuthology.orchestra.run.smithi046.stdout:/usr/bin/ceph: stderr
2024-05-09T06:21:41.897+0000 7fcd0f75c700 1 -- 172.21.15.46:0/2492954020 >> 172.21.15.46:0/2492954020 conn(0x7fcd080fc6f0 msgr2=0x7fcd08105aa0 unknown :-1 s=STATE_NONE l=0).mark_down
2024-05-09T06:21:42.424 INFO:teuthology.orchestra.run.smithi046.stdout:/usr/bin/ceph: stderr
2024-05-09T06:21:41.897+0000 7fcd0f75c700 1 -- 172.21.15.46:0/2492954020 shutdown_connections
2024-05-09T06:21:42.424 INFO:teuthology.orchestra.run.smithi046.stdout:/usr/bin/ceph: stderr
2024-05-09T06:21:41.897+0000 7fcd0f75c700 1 -- 172.21.15.46:0/2492954020 wait complete.
2024-05-09T06:21:43.087 INFO:journalctl@ceph.mon.smithi046.smithi046.stdout:May 09 06:21:42 smithi046 ceph-mon[26924]: mgrmap e13: smithi046.nvpcui(active, since 6s)
2024-05-09T06:21:43.662 INFO:teuthology.orchestra.run.smithi046.stdout:/usr/bin/ceph: stderr
2024-05-09T06:21:42.851+0000 7f485b1d5700 1 Processor -- start
2024-05-09T06:21:43.662 INFO:teuthology.orchestra.run.smithi046.stdout:/usr/bin/ceph: stderr
2024-05-09T06:21:42.851+0000 7f485b1d5700 1 -- start start
2024-05-09T06:21:43.663 INFO:teuthology.orchestra.run.smithi046.stdout:/usr/bin/ceph: stderr
2024-05-09T06:21:42.851+0000 7f485b1d5700 1 --2- >> [v2:172.21.15.46:3300/0,v1:172.21.15.46:6789/0] conn(0x7f4854100c50 0x7f4854101060 unknown :-1 s=NONE pgs=0 cs=0 l=0 rev1=0 crypto rx=0 tx=0 comp rx=0 tx=0).connect
2024-05-09T06:21:43.663 INFO:teuthology.orchestra.run.smithi046.stdout:/usr/bin/ceph: stderr
2024-05-09T06:21:42.851+0000 7f485b1d5700 1 -- --> [v2:172.21.15.46:3300/0,v1:172.21.15.46:6789/0] -- mon_getmap magic: 0 v1 -- 0x7f48541015a0 con 0x7f4854100c50
2024-05-09T06:21:43.663 INFO:teuthology.orchestra.run.smithi046.stdout:/usr/bin/ceph: stderr
2024-05-09T06:21:42.851+0000 7f4858f71700 1 --2- >> [v2:172.21.15.46:3300/0,v1:172.21.15.46:6789/0] conn(0x7f4854100c50 0x7f4854101060 unknown :-1 s=BANNER_CONNECTING pgs=0 cs=0 l=0 rev1=0 crypto rx=0 tx=0 comp rx=0 tx=0)._handle_peer_banner_payload supported=3 required=0
2024-05-09T06:21:43.663 INFO:teuthology.orchestra.run.smithi046.stdout:/usr/bin/ceph: stderr
2024-05-09T06:21:42.851+0000 7f4858f71700 1 --2- >> [v2:172.21.15.46:3300/0,v1:172.21.15.46:6789/0] conn(0x7f4854100c50 0x7f4854101060 unknown :-1 s=HELLO_CONNECTING pgs=0 cs=0 l=0 rev1=1 crypto rx=0 tx=0 comp rx=0 tx=0).handle_hello peer v2:172.21.15.46:3300/0 says I am v2:172.21.15.46:38564/0 (socket says 172.21.15.46:38564)
2024-05-09T06:21:43.663 INFO:teuthology.orchestra.run.smithi046.stdout:/usr/bin/ceph: stderr
2024-05-09T06:21:42.851+0000 7f4858f71700 1 -- 172.21.15.46:0/412938574 learned_addr learned my addr 172.21.15.46:0/412938574 (peer_addr_for_me v2:172.21.15.46:0/0)
2024-05-09T06:21:43.663 INFO:teuthology.orchestra.run.smithi046.stdout:/usr/bin/ceph: stderr
2024-05-09T06:21:42.851+0000 7f4858f71700 1 -- 172.21.15.46:0/412938574 --> [v2:172.21.15.46:3300/0,v1:172.21.15.46:6789/0] -- mon_subscribe({config=0+,monmap=0+}) v3 -- 0x7f48541016e0 con 0x7f4854100c50
2024-05-09T06:21:43.663 INFO:teuthology.orchestra.run.smithi046.stdout:/usr/bin/ceph: stderr
2024-05-09T06:21:42.852+0000 7f4858f71700 1 --2- 172.21.15.46:0/412938574 >> [v2:172.21.15.46:3300/0,v1:172.21.15.46:6789/0] conn(0x7f4854100c50 0x7f4854101060 secure :-1 s=READY pgs=88 cs=0 l=1 rev1=1 crypto rx=0x7f48440098e0 tx=0x7f4844009250 comp rx=0 tx=0).ready entity=mon.0 client_cookie=64f08e0446378df server_cookie=0 in_seq=0 out_seq=0
2024-05-09T06:21:43.663 INFO:teuthology.orchestra.run.smithi046.stdout:/usr/bin/ceph: stderr
2024-05-09T06:21:42.852+0000 7f48537fe700 1 -- 172.21.15.46:0/412938574 <== mon.0 v2:172.21.15.46:3300/0 1 ==== mon_map magic: 0 v1 ==== 229+0+0 (secure 0 0 0) 0x7f484400b860 con 0x7f4854100c50
2024-05-09T06:21:43.663 INFO:teuthology.orchestra.run.smithi046.stdout:/usr/bin/ceph: stderr
2024-05-09T06:21:42.852+0000 7f48537fe700 1 -- 172.21.15.46:0/412938574 <== mon.0 v2:172.21.15.46:3300/0 2 ==== config(27 keys) v1 ==== 1109+0+0 (secure 0 0 0) 0x7f484400be90 con 0x7f4854100c50
2024-05-09T06:21:43.663 INFO:teuthology.orchestra.run.smithi046.stdout:/usr/bin/ceph: stderr
2024-05-09T06:21:42.852+0000 7f48537fe700 1 -- 172.21.15.46:0/412938574 <== mon.0 v2:172.21.15.46:3300/0 3 ==== mon_map magic: 0 v1 ==== 229+0+0 (secure 0 0 0) 0x7f48440103c0 con 0x7f4854100c50
2024-05-09T06:21:43.663 INFO:teuthology.orchestra.run.smithi046.stdout:/usr/bin/ceph: stderr
2024-05-09T06:21:42.852+0000 7f485b1d5700 1 -- 172.21.15.46:0/412938574 >> [v2:172.21.15.46:3300/0,v1:172.21.15.46:6789/0] conn(0x7f4854100c50 msgr2=0x7f4854101060 secure :-1 s=STATE_CONNECTION_ESTABLISHED l=1).mark_down
2024-05-09T06:21:43.663 INFO:teuthology.orchestra.run.smithi046.stdout:/usr/bin/ceph: stderr
2024-05-09T06:21:42.852+0000 7f485b1d5700 1 --2- 172.21.15.46:0/412938574 >> [v2:172.21.15.46:3300/0,v1:172.21.15.46:6789/0] conn(0x7f4854100c50 0x7f4854101060 secure :-1 s=READY pgs=88 cs=0 l=1 rev1=1 crypto rx=0x7f48440098e0 tx=0x7f4844009250 comp rx=0 tx=0).stop
2024-05-09T06:21:43.663 INFO:teuthology.orchestra.run.smithi046.stdout:/usr/bin/ceph: stderr
2024-05-09T06:21:42.853+0000 7f485b1d5700 1 -- 172.21.15.46:0/412938574 shutdown_connections
2024-05-09T06:21:43.663 INFO:teuthology.orchestra.run.smithi046.stdout:/usr/bin/ceph: stderr
2024-05-09T06:21:42.853+0000 7f485b1d5700 1 --2- 172.21.15.46:0/412938574 >> [v2:172.21.15.46:3300/0,v1:172.21.15.46:6789/0] conn(0x7f4854100c50 0x7f4854101060 unknown :-1 s=CLOSED pgs=88 cs=0 l=1 rev1=1 crypto rx=0 tx=0 comp rx=0 tx=0).stop
2024-05-09T06:21:43.663 INFO:teuthology.orchestra.run.smithi046.stdout:/usr/bin/ceph: stderr
2024-05-09T06:21:42.853+0000 7f485b1d5700 1 -- 172.21.15.46:0/412938574 >> 172.21.15.46:0/412938574 conn(0x7f48540fc6f0 msgr2=0x7f48540feb00 unknown :-1 s=STATE_NONE l=0).mark_down
2024-05-09T06:21:43.664 INFO:teuthology.orchestra.run.smithi046.stdout:/usr/bin/ceph: stderr
2024-05-09T06:21:42.853+0000 7f485b1d5700 1 -- 172.21.15.46:0/412938574 shutdown_connections
2024-05-09T06:21:43.664 INFO:teuthology.orchestra.run.smithi046.stdout:/usr/bin/ceph: stderr
2024-05-09T06:21:42.853+0000 7f485b1d5700 1 -- 172.21.15.46:0/412938574 wait complete.
2024-05-09T06:21:43.664 INFO:teuthology.orchestra.run.smithi046.stdout:/usr/bin/ceph: stderr
2024-05-09T06:21:42.853+0000 7f485b1d5700 1 Processor -- start
2024-05-09T06:21:43.664 INFO:teuthology.orchestra.run.smithi046.stdout:/usr/bin/ceph: stderr
2024-05-09T06:21:42.853+0000 7f485b1d5700 1 -- start start
2024-05-09T06:21:43.664 INFO:teuthology.orchestra.run.smithi046.stdout:/usr/bin/ceph: stderr
2024-05-09T06:21:42.854+0000 7f485b1d5700 1 --2- >> [v2:172.21.15.46:3300/0,v1:172.21.15.46:6789/0] conn(0x7f4854100c50 0x7f4854111600 unknown :-1 s=NONE pgs=0 cs=0 l=1 rev1=0 crypto rx=0 tx=0 comp rx=0 tx=0).connect
2024-05-09T06:21:43.664 INFO:teuthology.orchestra.run.smithi046.stdout:/usr/bin/ceph: stderr
2024-05-09T06:21:42.854+0000 7f485b1d5700 1 -- --> [v2:172.21.15.46:3300/0,v1:172.21.15.46:6789/0] -- mon_getmap magic: 0 v1 -- 0x7f4854111b40 con 0x7f4854100c50
2024-05-09T06:21:43.664 INFO:teuthology.orchestra.run.smithi046.stdout:/usr/bin/ceph: stderr
2024-05-09T06:21:42.854+0000 7f4858f71700 1 --2- >> [v2:172.21.15.46:3300/0,v1:172.21.15.46:6789/0] conn(0x7f4854100c50 0x7f4854111600 unknown :-1 s=BANNER_CONNECTING pgs=0 cs=0 l=1 rev1=0 crypto rx=0 tx=0 comp rx=0 tx=0)._handle_peer_banner_payload supported=3 required=0
2024-05-09T06:21:43.664 INFO:teuthology.orchestra.run.smithi046.stdout:/usr/bin/ceph: stderr
2024-05-09T06:21:42.854+0000 7f4858f71700 1 --2- >> [v2:172.21.15.46:3300/0,v1:172.21.15.46:6789/0] conn(0x7f4854100c50 0x7f4854111600 unknown :-1 s=HELLO_CONNECTING pgs=0 cs=0 l=1 rev1=1 crypto rx=0 tx=0 comp rx=0 tx=0).handle_hello peer v2:172.21.15.46:3300/0 says I am v2:172.21.15.46:38578/0 (socket says 172.21.15.46:38578)
2024-05-09T06:21:43.664 INFO:teuthology.orchestra.run.smithi046.stdout:/usr/bin/ceph: stderr
2024-05-09T06:21:42.854+0000 7f4858f71700 1 -- 172.21.15.46:0/1595187217 learned_addr learned my addr 172.21.15.46:0/1595187217 (peer_addr_for_me v2:172.21.15.46:0/0)
2024-05-09T06:21:43.664 INFO:teuthology.orchestra.run.smithi046.stdout:/usr/bin/ceph: stderr
2024-05-09T06:21:42.854+0000 7f4858f71700 1 -- 172.21.15.46:0/1595187217 --> [v2:172.21.15.46:3300/0,v1:172.21.15.46:6789/0] -- mon_subscribe({config=0+,monmap=0+}) v3 -- 0x7f48440094f0 con 0x7f4854100c50
2024-05-09T06:21:43.664 INFO:teuthology.orchestra.run.smithi046.stdout:/usr/bin/ceph: stderr
2024-05-09T06:21:42.854+0000 7f4858f71700 1 --2- 172.21.15.46:0/1595187217 >> [v2:172.21.15.46:3300/0,v1:172.21.15.46:6789/0] conn(0x7f4854100c50 0x7f4854111600 secure :-1 s=READY pgs=89 cs=0 l=1 rev1=1 crypto rx=0x7f4844011680 tx=0x7f4844009250 comp rx=0 tx=0).ready entity=mon.0 client_cookie=0 server_cookie=0 in_seq=0 out_seq=0
2024-05-09T06:21:43.664 INFO:teuthology.orchestra.run.smithi046.stdout:/usr/bin/ceph: stderr
2024-05-09T06:21:42.854+0000 7f48517fa700 1 -- 172.21.15.46:0/1595187217 <== mon.0 v2:172.21.15.46:3300/0 1 ==== mon_map magic: 0 v1 ==== 229+0+0 (secure 0 0 0) 0x7f4844010890 con 0x7f4854100c50
2024-05-09T06:21:43.664 INFO:teuthology.orchestra.run.smithi046.stdout:/usr/bin/ceph: stderr
2024-05-09T06:21:42.854+0000 7f48517fa700 1 -- 172.21.15.46:0/1595187217 <== mon.0 v2:172.21.15.46:3300/0 2 ==== config(27 keys) v1 ==== 1109+0+0 (secure 0 0 0) 0x7f4844010ec0 con 0x7f4854100c50
2024-05-09T06:21:43.664 INFO:teuthology.orchestra.run.smithi046.stdout:/usr/bin/ceph: stderr
2024-05-09T06:21:42.854+0000 7f485b1d5700 1 -- 172.21.15.46:0/1595187217 --> [v2:172.21.15.46:3300/0,v1:172.21.15.46:6789/0] -- mon_subscribe({mgrmap=0+}) v3 -- 0x7f4854111d40 con 0x7f4854100c50
2024-05-09T06:21:43.664 INFO:teuthology.orchestra.run.smithi046.stdout:/usr/bin/ceph: stderr
2024-05-09T06:21:42.855+0000 7f48517fa700 1 -- 172.21.15.46:0/1595187217 <== mon.0 v2:172.21.15.46:3300/0 3 ==== mon_map magic: 0 v1 ==== 229+0+0 (secure 0 0 0) 0x7f48440243f0 con 0x7f4854100c50
2024-05-09T06:21:43.665 INFO:teuthology.orchestra.run.smithi046.stdout:/usr/bin/ceph: stderr
2024-05-09T06:21:42.855+0000 7f485b1d5700 1 -- 172.21.15.46:0/1595187217 --> [v2:172.21.15.46:3300/0,v1:172.21.15.46:6789/0] -- mon_subscribe({osdmap=0}) v3 -- 0x7f48541128b0 con 0x7f4854100c50
2024-05-09T06:21:43.665 INFO:teuthology.orchestra.run.smithi046.stdout:/usr/bin/ceph: stderr
2024-05-09T06:21:42.855+0000 7f48517fa700 1 -- 172.21.15.46:0/1595187217 <== mon.0 v2:172.21.15.46:3300/0 4 ==== mgrmap(e 13) v1 ==== 43432+0+0 (secure 0 0 0) 0x7f48440109f0 con 0x7f4854100c50
2024-05-09T06:21:43.665 INFO:teuthology.orchestra.run.smithi046.stdout:/usr/bin/ceph: stderr
2024-05-09T06:21:42.856+0000 7f485b1d5700 1 -- 172.21.15.46:0/1595187217 --> [v2:172.21.15.46:3300/0,v1:172.21.15.46:6789/0] -- mon_command({"prefix": "get_command_descriptions"} v 0) v1 -- 0x7f485405f5c0 con 0x7f4854100c50
2024-05-09T06:21:43.665 INFO:teuthology.orchestra.run.smithi046.stdout:/usr/bin/ceph: stderr
2024-05-09T06:21:42.856+0000 7f48517fa700 1 --2- 172.21.15.46:0/1595187217 >> [v2:172.21.15.46:6800/2570824935,v1:172.21.15.46:6801/2570824935] conn(0x7f483c036990 0x7f483c038e40 unknown :-1 s=NONE pgs=0 cs=0 l=1 rev1=0 crypto rx=0 tx=0 comp rx=0 tx=0).connect
2024-05-09T06:21:43.665 INFO:teuthology.orchestra.run.smithi046.stdout:/usr/bin/ceph: stderr
2024-05-09T06:21:42.856+0000 7f48517fa700 1 -- 172.21.15.46:0/1595187217 <== mon.0 v2:172.21.15.46:3300/0 5 ==== osd_map(3..3 src has 1..3) v4 ==== 1151+0+0 (secure 0 0 0) 0x7f484404a460 con 0x7f4854100c50
2024-05-09T06:21:43.665 INFO:teuthology.orchestra.run.smithi046.stdout:/usr/bin/ceph: stderr
2024-05-09T06:21:42.856+0000 7f4853fff700 1 --2- 172.21.15.46:0/1595187217 >> [v2:172.21.15.46:6800/2570824935,v1:172.21.15.46:6801/2570824935] conn(0x7f483c036990 0x7f483c038e40 unknown :-1 s=BANNER_CONNECTING pgs=0 cs=0 l=1 rev1=0 crypto rx=0 tx=0 comp rx=0 tx=0)._handle_peer_banner_payload supported=3 required=0
2024-05-09T06:21:43.665 INFO:teuthology.orchestra.run.smithi046.stdout:/usr/bin/ceph: stderr
2024-05-09T06:21:42.856+0000 7f4853fff700 1 --2- 172.21.15.46:0/1595187217 >> [v2:172.21.15.46:6800/2570824935,v1:172.21.15.46:6801/2570824935] conn(0x7f483c036990 0x7f483c038e40 secure :-1 s=READY pgs=11 cs=0 l=1 rev1=1 crypto rx=0x7f4848009990 tx=0x7f4848006e40 comp rx=0 tx=0).ready entity=mgr.14162 client_cookie=0 server_cookie=0 in_seq=0 out_seq=0
2024-05-09T06:21:43.665 INFO:teuthology.orchestra.run.smithi046.stdout:/usr/bin/ceph: stderr
2024-05-09T06:21:42.861+0000 7f48517fa700 1 -- 172.21.15.46:0/1595187217 <== mon.0 v2:172.21.15.46:3300/0 6 ==== mon_command_ack([{"prefix": "get_command_descriptions"}]=0 v0) v1 ==== 72+0+176702 (secure 0 0 0) 0x7f484402b940 con 0x7f4854100c50
2024-05-09T06:21:43.665 INFO:teuthology.orchestra.run.smithi046.stdout:/usr/bin/ceph: stderr
2024-05-09T06:21:43.167+0000 7f485b1d5700 1 -- 172.21.15.46:0/1595187217 --> [v2:172.21.15.46:3300/0,v1:172.21.15.46:6789/0] -- mon_command([{prefix=config-key set, key=mgr/dashboard/cluster/status}] v 0) v1 -- 0x7f485404bed0 con 0x7f4854100c50
2024-05-09T06:21:43.665 INFO:teuthology.orchestra.run.smithi046.stdout:/usr/bin/ceph: stderr
2024-05-09T06:21:43.170+0000 7f48517fa700 1 -- 172.21.15.46:0/1595187217 <== mon.0 v2:172.21.15.46:3300/0 7 ==== mon_command_ack([{prefix=config-key set, key=mgr/dashboard/cluster/status}]=0 set mgr/dashboard/cluster/status v33)=0 set mgr/dashboard/cluster/status v33) v1 ==== 153+0+0 (secure 0 0 0) 0x7f4844006d70 con 0x7f4854100c50
2024-05-09T06:21:43.665 INFO:teuthology.orchestra.run.smithi046.stdout:/usr/bin/ceph: stderr
2024-05-09T06:21:43.172+0000 7f485b1d5700 1 -- 172.21.15.46:0/1595187217 >> [v2:172.21.15.46:6800/2570824935,v1:172.21.15.46:6801/2570824935] conn(0x7f483c036990 msgr2=0x7f483c038e40 secure :-1 s=STATE_CONNECTION_ESTABLISHED l=1).mark_down
2024-05-09T06:21:43.665 INFO:teuthology.orchestra.run.smithi046.stdout:/usr/bin/ceph: stderr
2024-05-09T06:21:43.172+0000 7f485b1d5700 1 --2- 172.21.15.46:0/1595187217 >> [v2:172.21.15.46:6800/2570824935,v1:172.21.15.46:6801/2570824935] conn(0x7f483c036990 0x7f483c038e40 secure :-1 s=READY pgs=11 cs=0 l=1 rev1=1 crypto rx=0x7f4848009990 tx=0x7f4848006e40 comp rx=0 tx=0).stop
2024-05-09T06:21:43.666 INFO:teuthology.orchestra.run.smithi046.stdout:/usr/bin/ceph: stderr
2024-05-09T06:21:43.172+0000 7f485b1d5700 1 -- 172.21.15.46:0/1595187217 >> [v2:172.21.15.46:3300/0,v1:172.21.15.46:6789/0] conn(0x7f4854100c50 msgr2=0x7f4854111600 secure :-1 s=STATE_CONNECTION_ESTABLISHED l=1).mark_down
2024-05-09T06:21:43.666 INFO:teuthology.orchestra.run.smithi046.stdout:/usr/bin/ceph: stderr
2024-05-09T06:21:43.172+0000 7f485b1d5700 1 --2- 172.21.15.46:0/1595187217 >> [v2:172.21.15.46:3300/0,v1:172.21.15.46:6789/0] conn(0x7f4854100c50 0x7f4854111600 secure :-1 s=READY pgs=89 cs=0 l=1 rev1=1 crypto rx=0x7f4844011680 tx=0x7f4844009250 comp rx=0 tx=0).stop
2024-05-09T06:21:43.666 INFO:teuthology.orchestra.run.smithi046.stdout:/usr/bin/ceph: stderr
2024-05-09T06:21:43.172+0000 7f485b1d5700 1 -- 172.21.15.46:0/1595187217 shutdown_connections
2024-05-09T06:21:43.666 INFO:teuthology.orchestra.run.smithi046.stdout:/usr/bin/ceph: stderr
2024-05-09T06:21:43.172+0000 7f485b1d5700 1 --2- 172.21.15.46:0/1595187217 >> [v2:172.21.15.46:6800/2570824935,v1:172.21.15.46:6801/2570824935] conn(0x7f483c036990 0x7f483c038e40 unknown :-1 s=CLOSED pgs=11 cs=0 l=1 rev1=1 crypto rx=0 tx=0 comp rx=0 tx=0).stop
2024-05-09T06:21:43.666 INFO:teuthology.orchestra.run.smithi046.stdout:/usr/bin/ceph: stderr
2024-05-09T06:21:43.172+0000 7f485b1d5700 1 --2- 172.21.15.46:0/1595187217 >> [v2:172.21.15.46:3300/0,v1:172.21.15.46:6789/0] conn(0x7f4854100c50 0x7f4854111600 unknown :-1 s=CLOSED pgs=89 cs=0 l=1 rev1=1 crypto rx=0 tx=0 comp rx=0 tx=0).stop
2024-05-09T06:21:43.666 INFO:teuthology.orchestra.run.smithi046.stdout:/usr/bin/ceph: stderr
2024-05-09T06:21:43.172+0000 7f485b1d5700 1 -- 172.21.15.46:0/1595187217 >> 172.21.15.46:0/1595187217 conn(0x7f48540fc6f0 msgr2=0x7f48540fd1b0 unknown :-1 s=STATE_NONE l=0).mark_down
2024-05-09T06:21:43.666 INFO:teuthology.orchestra.run.smithi046.stdout:/usr/bin/ceph: stderr
2024-05-09T06:21:43.172+0000 7f485b1d5700 1 -- 172.21.15.46:0/1595187217 shutdown_connections
2024-05-09T06:21:43.666 INFO:teuthology.orchestra.run.smithi046.stdout:/usr/bin/ceph: stderr
2024-05-09T06:21:43.172+0000 7f485b1d5700 1 -- 172.21.15.46:0/1595187217 wait complete.
2024-05-09T06:21:43.666 INFO:teuthology.orchestra.run.smithi046.stdout:/usr/bin/ceph: stderr set mgr/dashboard/cluster/status
2024-05-09T06:21:43.666 INFO:teuthology.orchestra.run.smithi046.stdout:You can access the Ceph CLI as following in case of multi-cluster or non-default config:
2024-05-09T06:21:43.666 INFO:teuthology.orchestra.run.smithi046.stdout:
2024-05-09T06:21:43.666 INFO:teuthology.orchestra.run.smithi046.stdout: sudo /home/ubuntu/cephtest/cephadm shell --fsid 165d9e0a-0dcc-11ef-bc97-c7b262605968 -c /etc/ceph/ceph.conf -k /etc/ceph/ceph.client.admin.keyring
2024-05-09T06:21:43.666 INFO:teuthology.orchestra.run.smithi046.stdout:
2024-05-09T06:21:43.666 INFO:teuthology.orchestra.run.smithi046.stdout:Or, if you are only running a single cluster on this host:
2024-05-09T06:21:43.666 INFO:teuthology.orchestra.run.smithi046.stdout:
2024-05-09T06:21:43.667 INFO:teuthology.orchestra.run.smithi046.stdout: sudo /home/ubuntu/cephtest/cephadm shell
2024-05-09T06:21:43.667 INFO:teuthology.orchestra.run.smithi046.stdout:
2024-05-09T06:21:43.667 INFO:teuthology.orchestra.run.smithi046.stdout:Please consider enabling telemetry to help improve Ceph:
2024-05-09T06:21:43.667 INFO:teuthology.orchestra.run.smithi046.stdout:
2024-05-09T06:21:43.667 INFO:teuthology.orchestra.run.smithi046.stdout: ceph telemetry on
2024-05-09T06:21:43.667 INFO:teuthology.orchestra.run.smithi046.stdout:
2024-05-09T06:21:43.667 INFO:teuthology.orchestra.run.smithi046.stdout:For more information see:
2024-05-09T06:21:43.667 INFO:teuthology.orchestra.run.smithi046.stdout:
2024-05-09T06:21:43.667 INFO:teuthology.orchestra.run.smithi046.stdout: https://docs.ceph.com/docs/master/mgr/telemetry/
2024-05-09T06:21:43.667 INFO:teuthology.orchestra.run.smithi046.stdout:
2024-05-09T06:21:43.667 INFO:teuthology.orchestra.run.smithi046.stdout:Bootstrap complete.
2024-05-09T06:21:43.694 INFO:tasks.cephadm:Fetching config...
2024-05-09T06:21:43.694 DEBUG:teuthology.orchestra.run.smithi046:> set -ex
2024-05-09T06:21:43.694 DEBUG:teuthology.orchestra.run.smithi046:> dd if=/etc/ceph/ceph.conf of=/dev/stdout
2024-05-09T06:21:43.752 INFO:tasks.cephadm:Fetching client.admin keyring...
2024-05-09T06:21:43.752 DEBUG:teuthology.orchestra.run.smithi046:> set -ex
2024-05-09T06:21:43.752 DEBUG:teuthology.orchestra.run.smithi046:> dd if=/etc/ceph/ceph.client.admin.keyring of=/dev/stdout
2024-05-09T06:21:43.808 INFO:tasks.cephadm:Fetching mon keyring...
2024-05-09T06:21:43.809 DEBUG:teuthology.orchestra.run.smithi046:> set -ex
2024-05-09T06:21:43.809 DEBUG:teuthology.orchestra.run.smithi046:> sudo dd if=/var/lib/ceph/165d9e0a-0dcc-11ef-bc97-c7b262605968/mon.smithi046/keyring of=/dev/stdout
2024-05-09T06:21:43.874 INFO:tasks.cephadm:Fetching pub ssh key...
2024-05-09T06:21:43.874 DEBUG:teuthology.orchestra.run.smithi046:> set -ex
2024-05-09T06:21:43.875 DEBUG:teuthology.orchestra.run.smithi046:> dd if=/home/ubuntu/cephtest/ceph.pub of=/dev/stdout
2024-05-09T06:21:43.930 INFO:tasks.cephadm:Installing pub ssh key for root users...
2024-05-09T06:21:43.931 DEBUG:teuthology.orchestra.run.smithi046:> sudo install -d -m 0700 /root/.ssh && echo 'ssh-rsa AAAAB3NzaC1yc2EAAAADAQABAAABgQDxO1Xtjor1cJfKpe3YXp/qOtugj7Vo7XThhaV/PGgv/IqLjE3duzlRy9LKUCTTc1IP8uaAMy02o6ibJJO/0OF7ogjfzHK4YfUAuoFajDiJXsGQRPOZdrkPU/EvGDsYExFNJUwGhexg0zB/6zdJnlmt07OCXYTc8vJ1BBMsEjKj9cDKgHjK77LWG0+MvuWGxCEwl4h6K5UAEUTKbIjQjKhN8tBkdDdHOREguwQl9kFdibATW4LfSAAp76Aa2e8LkuC5w2pgkxY2zG2K/6RCJ8ttMUSe8gUcASXjE5bwqlE+0GzHzhImTZx/m9YPI9VujGO7DFolwTQNXsif/XuzEq+F+ThfHTUpr3bIA02y+60h4+srCKW1J46m9kCdO8PyeSP1m3+s5LDhVyT2dT0Cx4+Zszav+DAE846iokpPIzZK5QvjqOzFQPIVyEEpxxS3RXNA39UYAVA+iuw0JAbsis30FHxsw1sTEkJr+gzwAsj/XMVhR3q4Hix8tPGnpEnE/gs= ceph-165d9e0a-0dcc-11ef-bc97-c7b262605968' | sudo tee -a /root/.ssh/authorized_keys && sudo chmod 0600 /root/.ssh/authorized_keys
2024-05-09T06:21:44.017 INFO:teuthology.orchestra.run.smithi046.stdout:ssh-rsa AAAAB3NzaC1yc2EAAAADAQABAAABgQDxO1Xtjor1cJfKpe3YXp/qOtugj7Vo7XThhaV/PGgv/IqLjE3duzlRy9LKUCTTc1IP8uaAMy02o6ibJJO/0OF7ogjfzHK4YfUAuoFajDiJXsGQRPOZdrkPU/EvGDsYExFNJUwGhexg0zB/6zdJnlmt07OCXYTc8vJ1BBMsEjKj9cDKgHjK77LWG0+MvuWGxCEwl4h6K5UAEUTKbIjQjKhN8tBkdDdHOREguwQl9kFdibATW4LfSAAp76Aa2e8LkuC5w2pgkxY2zG2K/6RCJ8ttMUSe8gUcASXjE5bwqlE+0GzHzhImTZx/m9YPI9VujGO7DFolwTQNXsif/XuzEq+F+ThfHTUpr3bIA02y+60h4+srCKW1J46m9kCdO8PyeSP1m3+s5LDhVyT2dT0Cx4+Zszav+DAE846iokpPIzZK5QvjqOzFQPIVyEEpxxS3RXNA39UYAVA+iuw0JAbsis30FHxsw1sTEkJr+gzwAsj/XMVhR3q4Hix8tPGnpEnE/gs= ceph-165d9e0a-0dcc-11ef-bc97-c7b262605968
2024-05-09T06:21:44.029 DEBUG:teuthology.orchestra.run.smithi106:> sudo install -d -m 0700 /root/.ssh && echo 'ssh-rsa AAAAB3NzaC1yc2EAAAADAQABAAABgQDxO1Xtjor1cJfKpe3YXp/qOtugj7Vo7XThhaV/PGgv/IqLjE3duzlRy9LKUCTTc1IP8uaAMy02o6ibJJO/0OF7ogjfzHK4YfUAuoFajDiJXsGQRPOZdrkPU/EvGDsYExFNJUwGhexg0zB/6zdJnlmt07OCXYTc8vJ1BBMsEjKj9cDKgHjK77LWG0+MvuWGxCEwl4h6K5UAEUTKbIjQjKhN8tBkdDdHOREguwQl9kFdibATW4LfSAAp76Aa2e8LkuC5w2pgkxY2zG2K/6RCJ8ttMUSe8gUcASXjE5bwqlE+0GzHzhImTZx/m9YPI9VujGO7DFolwTQNXsif/XuzEq+F+ThfHTUpr3bIA02y+60h4+srCKW1J46m9kCdO8PyeSP1m3+s5LDhVyT2dT0Cx4+Zszav+DAE846iokpPIzZK5QvjqOzFQPIVyEEpxxS3RXNA39UYAVA+iuw0JAbsis30FHxsw1sTEkJr+gzwAsj/XMVhR3q4Hix8tPGnpEnE/gs= ceph-165d9e0a-0dcc-11ef-bc97-c7b262605968' | sudo tee -a /root/.ssh/authorized_keys && sudo chmod 0600 /root/.ssh/authorized_keys
2024-05-09T06:21:44.071 INFO:teuthology.orchestra.run.smithi106.stdout:ssh-rsa AAAAB3NzaC1yc2EAAAADAQABAAABgQDxO1Xtjor1cJfKpe3YXp/qOtugj7Vo7XThhaV/PGgv/IqLjE3duzlRy9LKUCTTc1IP8uaAMy02o6ibJJO/0OF7ogjfzHK4YfUAuoFajDiJXsGQRPOZdrkPU/EvGDsYExFNJUwGhexg0zB/6zdJnlmt07OCXYTc8vJ1BBMsEjKj9cDKgHjK77LWG0+MvuWGxCEwl4h6K5UAEUTKbIjQjKhN8tBkdDdHOREguwQl9kFdibATW4LfSAAp76Aa2e8LkuC5w2pgkxY2zG2K/6RCJ8ttMUSe8gUcASXjE5bwqlE+0GzHzhImTZx/m9YPI9VujGO7DFolwTQNXsif/XuzEq+F+ThfHTUpr3bIA02y+60h4+srCKW1J46m9kCdO8PyeSP1m3+s5LDhVyT2dT0Cx4+Zszav+DAE846iokpPIzZK5QvjqOzFQPIVyEEpxxS3RXNA39UYAVA+iuw0JAbsis30FHxsw1sTEkJr+gzwAsj/XMVhR3q4Hix8tPGnpEnE/gs= ceph-165d9e0a-0dcc-11ef-bc97-c7b262605968
2024-05-09T06:21:44.083 DEBUG:teuthology.orchestra.run.smithi046:> sudo /home/ubuntu/cephtest/cephadm --image quay.ceph.io/ceph-ci/ceph:quincy shell -c /etc/ceph/ceph.conf -k /etc/ceph/ceph.client.admin.keyring --fsid 165d9e0a-0dcc-11ef-bc97-c7b262605968 -- ceph config set mgr mgr/cephadm/allow_ptrace true
2024-05-09T06:21:44.247 INFO:journalctl@ceph.mon.smithi046.smithi046.stdout:May 09 06:21:44 smithi046 ceph-mon[26924]: from='client.? 172.21.15.46:0/1595187217' entity='client.admin'
2024-05-09T06:21:44.347 INFO:teuthology.orchestra.run.smithi046.stderr:Inferring config /var/lib/ceph/165d9e0a-0dcc-11ef-bc97-c7b262605968/mon.smithi046/config
2024-05-09T06:21:46.740 INFO:teuthology.orchestra.run.smithi046.stderr:2024-05-09T06:21:46.755+0000 7fac39feb700 1 -- 172.21.15.46:0/462131200 >> [v2:172.21.15.46:3300/0,v1:172.21.15.46:6789/0] conn(0x7fac34065d30 msgr2=0x7fac340ff630 secure :-1 s=STATE_CONNECTION_ESTABLISHED l=1).mark_down
2024-05-09T06:21:46.740 INFO:teuthology.orchestra.run.smithi046.stderr:2024-05-09T06:21:46.755+0000 7fac39feb700 1 --2- 172.21.15.46:0/462131200 >> [v2:172.21.15.46:3300/0,v1:172.21.15.46:6789/0] conn(0x7fac34065d30 0x7fac340ff630 secure :-1 s=READY pgs=90 cs=0 l=1 rev1=1 crypto rx=0x7fac240048c0 tx=0x7fac24009e30 comp rx=0 tx=0).stop
2024-05-09T06:21:46.740 INFO:teuthology.orchestra.run.smithi046.stderr:2024-05-09T06:21:46.755+0000 7fac39feb700 1 -- 172.21.15.46:0/462131200 shutdown_connections
2024-05-09T06:21:46.741 INFO:teuthology.orchestra.run.smithi046.stderr:2024-05-09T06:21:46.755+0000 7fac39feb700 1 --2- 172.21.15.46:0/462131200 >> [v2:172.21.15.46:3300/0,v1:172.21.15.46:6789/0] conn(0x7fac34065d30 0x7fac340ff630 unknown :-1 s=CLOSED pgs=90 cs=0 l=1 rev1=1 crypto rx=0 tx=0 comp rx=0 tx=0).stop
2024-05-09T06:21:46.741 INFO:teuthology.orchestra.run.smithi046.stderr:2024-05-09T06:21:46.755+0000 7fac39feb700 1 -- 172.21.15.46:0/462131200 >> 172.21.15.46:0/462131200 conn(0x7fac340f70a0 msgr2=0x7fac340f94d0 unknown :-1 s=STATE_NONE l=0).mark_down
2024-05-09T06:21:46.741 INFO:teuthology.orchestra.run.smithi046.stderr:2024-05-09T06:21:46.755+0000 7fac39feb700 1 -- 172.21.15.46:0/462131200 shutdown_connections
2024-05-09T06:21:46.741 INFO:teuthology.orchestra.run.smithi046.stderr:2024-05-09T06:21:46.755+0000 7fac39feb700 1 -- 172.21.15.46:0/462131200 wait complete.
2024-05-09T06:21:46.741 INFO:teuthology.orchestra.run.smithi046.stderr:2024-05-09T06:21:46.755+0000 7fac39feb700 1 Processor -- start
2024-05-09T06:21:46.741 INFO:teuthology.orchestra.run.smithi046.stderr:2024-05-09T06:21:46.756+0000 7fac39feb700 1 -- start start
2024-05-09T06:21:46.741 INFO:teuthology.orchestra.run.smithi046.stderr:2024-05-09T06:21:46.756+0000 7fac39feb700 1 --2- >> [v2:172.21.15.46:3300/0,v1:172.21.15.46:6789/0] conn(0x7fac34065d30 0x7fac3410d090 unknown :-1 s=NONE pgs=0 cs=0 l=1 rev1=0 crypto rx=0 tx=0 comp rx=0 tx=0).connect
2024-05-09T06:21:46.741 INFO:teuthology.orchestra.run.smithi046.stderr:2024-05-09T06:21:46.756+0000 7fac39feb700 1 -- --> [v2:172.21.15.46:3300/0,v1:172.21.15.46:6789/0] -- mon_getmap magic: 0 v1 -- 0x7fac3410d5d0 con 0x7fac34065d30
2024-05-09T06:21:46.741 INFO:teuthology.orchestra.run.smithi046.stderr:2024-05-09T06:21:46.756+0000 7fac337fe700 1 --2- >> [v2:172.21.15.46:3300/0,v1:172.21.15.46:6789/0] conn(0x7fac34065d30 0x7fac3410d090 unknown :-1 s=BANNER_CONNECTING pgs=0 cs=0 l=1 rev1=0 crypto rx=0 tx=0 comp rx=0 tx=0)._handle_peer_banner_payload supported=3 required=0
2024-05-09T06:21:46.741 INFO:teuthology.orchestra.run.smithi046.stderr:2024-05-09T06:21:46.756+0000 7fac337fe700 1 --2- >> [v2:172.21.15.46:3300/0,v1:172.21.15.46:6789/0] conn(0x7fac34065d30 0x7fac3410d090 unknown :-1 s=HELLO_CONNECTING pgs=0 cs=0 l=1 rev1=1 crypto rx=0 tx=0 comp rx=0 tx=0).handle_hello peer v2:172.21.15.46:3300/0 says I am v2:172.21.15.46:38586/0 (socket says 172.21.15.46:38586)
2024-05-09T06:21:46.741 INFO:teuthology.orchestra.run.smithi046.stderr:2024-05-09T06:21:46.756+0000 7fac337fe700 1 -- 172.21.15.46:0/3257243117 learned_addr learned my addr 172.21.15.46:0/3257243117 (peer_addr_for_me v2:172.21.15.46:0/0)
2024-05-09T06:21:46.741 INFO:teuthology.orchestra.run.smithi046.stderr:2024-05-09T06:21:46.756+0000 7fac337fe700 1 -- 172.21.15.46:0/3257243117 --> [v2:172.21.15.46:3300/0,v1:172.21.15.46:6789/0] -- mon_subscribe({config=0+,monmap=0+}) v3 -- 0x7fac24005040 con 0x7fac34065d30
2024-05-09T06:21:46.741 INFO:teuthology.orchestra.run.smithi046.stderr:2024-05-09T06:21:46.756+0000 7fac337fe700 1 --2- 172.21.15.46:0/3257243117 >> [v2:172.21.15.46:3300/0,v1:172.21.15.46:6789/0] conn(0x7fac34065d30 0x7fac3410d090 secure :-1 s=READY pgs=91 cs=0 l=1 rev1=1 crypto rx=0x7fac24009680 tx=0x7fac24009e30 comp rx=0 tx=0).ready entity=mon.0 client_cookie=0 server_cookie=0 in_seq=0 out_seq=0
2024-05-09T06:21:46.741 INFO:teuthology.orchestra.run.smithi046.stderr:2024-05-09T06:21:46.757+0000 7fac2bfff700 1 -- 172.21.15.46:0/3257243117 <== mon.0 v2:172.21.15.46:3300/0 1 ==== mon_map magic: 0 v1 ==== 229+0+0 (secure 0 0 0) 0x7fac2400bed0 con 0x7fac34065d30
2024-05-09T06:21:46.742 INFO:teuthology.orchestra.run.smithi046.stderr:2024-05-09T06:21:46.757+0000 7fac2bfff700 1 -- 172.21.15.46:0/3257243117 <== mon.0 v2:172.21.15.46:3300/0 2 ==== config(27 keys) v1 ==== 1109+0+0 (secure 0 0 0) 0x7fac2400b5c0 con 0x7fac34065d30
2024-05-09T06:21:46.742 INFO:teuthology.orchestra.run.smithi046.stderr:2024-05-09T06:21:46.757+0000 7fac2bfff700 1 -- 172.21.15.46:0/3257243117 <== mon.0 v2:172.21.15.46:3300/0 3 ==== mon_map magic: 0 v1 ==== 229+0+0 (secure 0 0 0) 0x7fac2401c5b0 con 0x7fac34065d30
2024-05-09T06:21:46.742 INFO:teuthology.orchestra.run.smithi046.stderr:2024-05-09T06:21:46.757+0000 7fac39feb700 1 -- 172.21.15.46:0/3257243117 --> [v2:172.21.15.46:3300/0,v1:172.21.15.46:6789/0] -- mon_subscribe({mgrmap=0+}) v3 -- 0x7fac3410d7d0 con 0x7fac34065d30
2024-05-09T06:21:46.742 INFO:teuthology.orchestra.run.smithi046.stderr:2024-05-09T06:21:46.757+0000 7fac39feb700 1 -- 172.21.15.46:0/3257243117 --> [v2:172.21.15.46:3300/0,v1:172.21.15.46:6789/0] -- mon_subscribe({osdmap=0}) v3 -- 0x7fac3410e340 con 0x7fac34065d30
2024-05-09T06:21:46.744 INFO:teuthology.orchestra.run.smithi046.stderr:2024-05-09T06:21:46.758+0000 7fac2bfff700 1 -- 172.21.15.46:0/3257243117 <== mon.0 v2:172.21.15.46:3300/0 4 ==== mgrmap(e 13) v1 ==== 43432+0+0 (secure 0 0 0) 0x7fac24004d30 con 0x7fac34065d30
2024-05-09T06:21:46.744 INFO:teuthology.orchestra.run.smithi046.stderr:2024-05-09T06:21:46.758+0000 7fac39feb700 1 -- 172.21.15.46:0/3257243117 --> [v2:172.21.15.46:3300/0,v1:172.21.15.46:6789/0] -- mon_command({"prefix": "get_command_descriptions"} v 0) v1 -- 0x7fac34102f40 con 0x7fac34065d30
2024-05-09T06:21:46.745 INFO:teuthology.orchestra.run.smithi046.stderr:2024-05-09T06:21:46.758+0000 7fac2bfff700 1 --2- 172.21.15.46:0/3257243117 >> [v2:172.21.15.46:6800/2570824935,v1:172.21.15.46:6801/2570824935] conn(0x7fac20036880 0x7fac20038d30 unknown :-1 s=NONE pgs=0 cs=0 l=1 rev1=0 crypto rx=0 tx=0 comp rx=0 tx=0).connect
2024-05-09T06:21:46.745 INFO:teuthology.orchestra.run.smithi046.stderr:2024-05-09T06:21:46.758+0000 7fac2bfff700 1 -- 172.21.15.46:0/3257243117 <== mon.0 v2:172.21.15.46:3300/0 5 ==== osd_map(3..3 src has 1..3) v4 ==== 1151+0+0 (secure 0 0 0) 0x7fac24049990 con 0x7fac34065d30
2024-05-09T06:21:46.745 INFO:teuthology.orchestra.run.smithi046.stderr:2024-05-09T06:21:46.758+0000 7fac32ffd700 1 --2- 172.21.15.46:0/3257243117 >> [v2:172.21.15.46:6800/2570824935,v1:172.21.15.46:6801/2570824935] conn(0x7fac20036880 0x7fac20038d30 unknown :-1 s=BANNER_CONNECTING pgs=0 cs=0 l=1 rev1=0 crypto rx=0 tx=0 comp rx=0 tx=0)._handle_peer_banner_payload supported=3 required=0
2024-05-09T06:21:46.745 INFO:teuthology.orchestra.run.smithi046.stderr:2024-05-09T06:21:46.759+0000 7fac32ffd700 1 --2- 172.21.15.46:0/3257243117 >> [v2:172.21.15.46:6800/2570824935,v1:172.21.15.46:6801/2570824935] conn(0x7fac20036880 0x7fac20038d30 secure :-1 s=READY pgs=12 cs=0 l=1 rev1=1 crypto rx=0x7fac1c009990 tx=0x7fac1c006e40 comp rx=0 tx=0).ready entity=mgr.14162 client_cookie=0 server_cookie=0 in_seq=0 out_seq=0
2024-05-09T06:21:46.746 INFO:teuthology.orchestra.run.smithi046.stderr:2024-05-09T06:21:46.763+0000 7fac2bfff700 1 -- 172.21.15.46:0/3257243117 <== mon.0 v2:172.21.15.46:3300/0 6 ==== mon_command_ack([{"prefix": "get_command_descriptions"}]=0 v0) v1 ==== 72+0+176702 (secure 0 0 0) 0x7fac24011550 con 0x7fac34065d30
2024-05-09T06:21:46.837 INFO:journalctl@ceph.mon.smithi046.smithi046.stdout:May 09 06:21:46 smithi046 ceph-mon[26924]: from='mgr.14162 172.21.15.46:0/2357703965' entity='mgr.smithi046.nvpcui'
2024-05-09T06:21:46.838 INFO:journalctl@ceph.mon.smithi046.smithi046.stdout:May 09 06:21:46 smithi046 ceph-mon[26924]: from='mgr.14162 172.21.15.46:0/2357703965' entity='mgr.smithi046.nvpcui'
2024-05-09T06:21:46.838 INFO:journalctl@ceph.mon.smithi046.smithi046.stdout:May 09 06:21:46 smithi046 ceph-mon[26924]: from='mgr.14162 172.21.15.46:0/2357703965' entity='mgr.smithi046.nvpcui' cmd=[{"prefix": "config rm", "who": "osd/host:smithi046", "name": "osd_memory_target"}]: dispatch
2024-05-09T06:21:46.838 INFO:journalctl@ceph.mon.smithi046.smithi046.stdout:May 09 06:21:46 smithi046 ceph-mon[26924]: from='mgr.14162 172.21.15.46:0/2357703965' entity='mgr.smithi046.nvpcui'
2024-05-09T06:21:46.838 INFO:journalctl@ceph.mon.smithi046.smithi046.stdout:May 09 06:21:46 smithi046 ceph-mon[26924]: from='mgr.14162 172.21.15.46:0/2357703965' entity='mgr.smithi046.nvpcui' cmd=[{"prefix": "auth get-or-create", "entity": "client.crash.smithi046", "caps": ["mon", "profile crash", "mgr", "profile crash"]}]: dispatch
2024-05-09T06:21:46.838 INFO:journalctl@ceph.mon.smithi046.smithi046.stdout:May 09 06:21:46 smithi046 ceph-mon[26924]: from='mgr.14162 172.21.15.46:0/2357703965' entity='mgr.smithi046.nvpcui' cmd='[{"prefix": "auth get-or-create", "entity": "client.crash.smithi046", "caps": ["mon", "profile crash", "mgr", "profile crash"]}]': finished
2024-05-09T06:21:46.838 INFO:journalctl@ceph.mon.smithi046.smithi046.stdout:May 09 06:21:46 smithi046 ceph-mon[26924]: from='mgr.14162 172.21.15.46:0/2357703965' entity='mgr.smithi046.nvpcui' cmd=[{"prefix": "config generate-minimal-conf"}]: dispatch
2024-05-09T06:21:46.838 INFO:journalctl@ceph.mon.smithi046.smithi046.stdout:May 09 06:21:46 smithi046 ceph-mon[26924]: Deploying daemon crash.smithi046 on smithi046
2024-05-09T06:21:47.005 INFO:teuthology.orchestra.run.smithi046.stderr:2024-05-09T06:21:47.021+0000 7fac39feb700 1 -- 172.21.15.46:0/3257243117 --> [v2:172.21.15.46:3300/0,v1:172.21.15.46:6789/0] -- mon_command([{prefix=config set, name=mgr/cephadm/allow_ptrace}] v 0) v1 -- 0x7fac3405f5c0 con 0x7fac34065d30
2024-05-09T06:21:47.008 INFO:teuthology.orchestra.run.smithi046.stderr:2024-05-09T06:21:47.025+0000 7fac2bfff700 1 -- 172.21.15.46:0/3257243117 <== mon.0 v2:172.21.15.46:3300/0 7 ==== mon_command_ack([{prefix=config set, name=mgr/cephadm/allow_ptrace}]=0 v9)=0 v9) v1 ==== 125+0+0 (secure 0 0 0) 0x7fac24011370 con 0x7fac34065d30
2024-05-09T06:21:47.010 INFO:teuthology.orchestra.run.smithi046.stderr:2024-05-09T06:21:47.027+0000 7fac39feb700 1 -- 172.21.15.46:0/3257243117 >> [v2:172.21.15.46:6800/2570824935,v1:172.21.15.46:6801/2570824935] conn(0x7fac20036880 msgr2=0x7fac20038d30 secure :-1 s=STATE_CONNECTION_ESTABLISHED l=1).mark_down
2024-05-09T06:21:47.010 INFO:teuthology.orchestra.run.smithi046.stderr:2024-05-09T06:21:47.027+0000 7fac39feb700 1 --2- 172.21.15.46:0/3257243117 >> [v2:172.21.15.46:6800/2570824935,v1:172.21.15.46:6801/2570824935] conn(0x7fac20036880 0x7fac20038d30 secure :-1 s=READY pgs=12 cs=0 l=1 rev1=1 crypto rx=0x7fac1c009990 tx=0x7fac1c006e40 comp rx=0 tx=0).stop
2024-05-09T06:21:47.011 INFO:teuthology.orchestra.run.smithi046.stderr:2024-05-09T06:21:47.027+0000 7fac39feb700 1 -- 172.21.15.46:0/3257243117 >> [v2:172.21.15.46:3300/0,v1:172.21.15.46:6789/0] conn(0x7fac34065d30 msgr2=0x7fac3410d090 secure :-1 s=STATE_CONNECTION_ESTABLISHED l=1).mark_down
2024-05-09T06:21:47.011 INFO:teuthology.orchestra.run.smithi046.stderr:2024-05-09T06:21:47.027+0000 7fac39feb700 1 --2- 172.21.15.46:0/3257243117 >> [v2:172.21.15.46:3300/0,v1:172.21.15.46:6789/0] conn(0x7fac34065d30 0x7fac3410d090 secure :-1 s=READY pgs=91 cs=0 l=1 rev1=1 crypto rx=0x7fac24009680 tx=0x7fac24009e30 comp rx=0 tx=0).stop
2024-05-09T06:21:47.011 INFO:teuthology.orchestra.run.smithi046.stderr:2024-05-09T06:21:47.027+0000 7fac39feb700 1 -- 172.21.15.46:0/3257243117 shutdown_connections
2024-05-09T06:21:47.011 INFO:teuthology.orchestra.run.smithi046.stderr:2024-05-09T06:21:47.027+0000 7fac39feb700 1 --2- 172.21.15.46:0/3257243117 >> [v2:172.21.15.46:6800/2570824935,v1:172.21.15.46:6801/2570824935] conn(0x7fac20036880 0x7fac20038d30 unknown :-1 s=CLOSED pgs=12 cs=0 l=1 rev1=1 crypto rx=0 tx=0 comp rx=0 tx=0).stop
2024-05-09T06:21:47.011 INFO:teuthology.orchestra.run.smithi046.stderr:2024-05-09T06:21:47.027+0000 7fac39feb700 1 --2- 172.21.15.46:0/3257243117 >> [v2:172.21.15.46:3300/0,v1:172.21.15.46:6789/0] conn(0x7fac34065d30 0x7fac3410d090 unknown :-1 s=CLOSED pgs=91 cs=0 l=1 rev1=1 crypto rx=0 tx=0 comp rx=0 tx=0).stop
2024-05-09T06:21:47.011 INFO:teuthology.orchestra.run.smithi046.stderr:2024-05-09T06:21:47.027+0000 7fac39feb700 1 -- 172.21.15.46:0/3257243117 >> 172.21.15.46:0/3257243117 conn(0x7fac340f70a0 msgr2=0x7fac34103b70 unknown :-1 s=STATE_NONE l=0).mark_down
2024-05-09T06:21:47.011 INFO:teuthology.orchestra.run.smithi046.stderr:2024-05-09T06:21:47.027+0000 7fac39feb700 1 -- 172.21.15.46:0/3257243117 shutdown_connections
2024-05-09T06:21:47.011 INFO:teuthology.orchestra.run.smithi046.stderr:2024-05-09T06:21:47.027+0000 7fac39feb700 1 -- 172.21.15.46:0/3257243117 wait complete.
2024-05-09T06:21:47.782 INFO:tasks.cephadm:Distributing conf and client.admin keyring to all hosts + 0755
2024-05-09T06:21:47.782 DEBUG:teuthology.orchestra.run.smithi046:> sudo /home/ubuntu/cephtest/cephadm --image quay.ceph.io/ceph-ci/ceph:quincy shell -c /etc/ceph/ceph.conf -k /etc/ceph/ceph.client.admin.keyring --fsid 165d9e0a-0dcc-11ef-bc97-c7b262605968 -- ceph orch client-keyring set client.admin '*' --mode 0755
2024-05-09T06:21:48.087 INFO:journalctl@ceph.mon.smithi046.smithi046.stdout:May 09 06:21:48 smithi046 ceph-mon[26924]: from='client.? 172.21.15.46:0/3257243117' entity='client.admin'
2024-05-09T06:21:48.186 INFO:teuthology.orchestra.run.smithi046.stderr:Inferring config /var/lib/ceph/165d9e0a-0dcc-11ef-bc97-c7b262605968/mon.smithi046/config
2024-05-09T06:21:50.622 INFO:teuthology.orchestra.run.smithi046.stderr:2024-05-09T06:21:50.636+0000 7f7238f91700 1 -- 172.21.15.46:0/1550441286 >> [v2:172.21.15.46:3300/0,v1:172.21.15.46:6789/0] conn(0x7f72340fb930 msgr2=0x7f72340fbd40 secure :-1 s=STATE_CONNECTION_ESTABLISHED l=1).mark_down
2024-05-09T06:21:50.622 INFO:teuthology.orchestra.run.smithi046.stderr:2024-05-09T06:21:50.636+0000 7f7238f91700 1 --2- 172.21.15.46:0/1550441286 >> [v2:172.21.15.46:3300/0,v1:172.21.15.46:6789/0] conn(0x7f72340fb930 0x7f72340fbd40 secure :-1 s=READY pgs=92 cs=0 l=1 rev1=1 crypto rx=0x7f7224009c60 tx=0x7f7224004d10 comp rx=0 tx=0).stop
