2024-05-10T03:40:15.249 INFO:teuthology.orchestra.run.smithi018.stdout:/usr/bin/ceph: stderr
2024-05-10T03:40:14.433+0000 7f944ffff700 1 -- 172.21.15.18:0/1256518267 <== mon.0 v2:172.21.15.18:3300/0 3 ==== mon_map magic: 0 v1 ==== 229+0+0 (secure 0 0 0) 0x7f9448011a40 con 0x7f9458106e10
2024-05-10T03:40:15.249 INFO:teuthology.orchestra.run.smithi018.stdout:/usr/bin/ceph: stderr
2024-05-10T03:40:14.433+0000 7f945f941700 1 -- 172.21.15.18:0/1256518267 >> [v2:172.21.15.18:3300/0,v1:172.21.15.18:6789/0] conn(0x7f9458106e10 msgr2=0x7f9458109200 secure :-1 s=STATE_CONNECTION_ESTABLISHED l=1).mark_down
2024-05-10T03:40:15.249 INFO:teuthology.orchestra.run.smithi018.stdout:/usr/bin/ceph: stderr
2024-05-10T03:40:14.433+0000 7f945f941700 1 --2- 172.21.15.18:0/1256518267 >> [v2:172.21.15.18:3300/0,v1:172.21.15.18:6789/0] conn(0x7f9458106e10 0x7f9458109200 secure :-1 s=READY pgs=86 cs=0 l=1 rev1=1 crypto rx=0x7f94480098a0 tx=0x7f9448009bb0 comp rx=0 tx=0).stop
2024-05-10T03:40:15.249 INFO:teuthology.orchestra.run.smithi018.stdout:/usr/bin/ceph: stderr
2024-05-10T03:40:14.433+0000 7f945f941700 1 -- 172.21.15.18:0/1256518267 shutdown_connections
2024-05-10T03:40:15.249 INFO:teuthology.orchestra.run.smithi018.stdout:/usr/bin/ceph: stderr
2024-05-10T03:40:14.433+0000 7f945f941700 1 --2- 172.21.15.18:0/1256518267 >> [v2:172.21.15.18:3300/0,v1:172.21.15.18:6789/0] conn(0x7f9458106e10 0x7f9458109200 unknown :-1 s=CLOSED pgs=86 cs=0 l=1 rev1=1 crypto rx=0 tx=0 comp rx=0 tx=0).stop
2024-05-10T03:40:15.249 INFO:teuthology.orchestra.run.smithi018.stdout:/usr/bin/ceph: stderr
2024-05-10T03:40:14.433+0000 7f945f941700 1 -- 172.21.15.18:0/1256518267 >> 172.21.15.18:0/1256518267 conn(0x7f94581008a0 msgr2=0x7f9458102cc0 unknown :-1 s=STATE_NONE l=0).mark_down
2024-05-10T03:40:15.249 INFO:teuthology.orchestra.run.smithi018.stdout:/usr/bin/ceph: stderr
2024-05-10T03:40:14.434+0000 7f945f941700 1 -- 172.21.15.18:0/1256518267 shutdown_connections
2024-05-10T03:40:15.249 INFO:teuthology.orchestra.run.smithi018.stdout:/usr/bin/ceph: stderr
2024-05-10T03:40:14.434+0000 7f945f941700 1 -- 172.21.15.18:0/1256518267 wait complete.
2024-05-10T03:40:15.249 INFO:teuthology.orchestra.run.smithi018.stdout:/usr/bin/ceph: stderr
2024-05-10T03:40:14.434+0000 7f945f941700 1 Processor -- start
2024-05-10T03:40:15.249 INFO:teuthology.orchestra.run.smithi018.stdout:/usr/bin/ceph: stderr
2024-05-10T03:40:14.434+0000 7f945f941700 1 -- start start
2024-05-10T03:40:15.249 INFO:teuthology.orchestra.run.smithi018.stdout:/usr/bin/ceph: stderr
2024-05-10T03:40:14.434+0000 7f945f941700 1 --2- >> [v2:172.21.15.18:3300/0,v1:172.21.15.18:6789/0] conn(0x7f9458106e10 0x7f945819a0a0 unknown :-1 s=NONE pgs=0 cs=0 l=1 rev1=0 crypto rx=0 tx=0 comp rx=0 tx=0).connect
2024-05-10T03:40:15.249 INFO:teuthology.orchestra.run.smithi018.stdout:/usr/bin/ceph: stderr
2024-05-10T03:40:14.434+0000 7f945f941700 1 -- --> [v2:172.21.15.18:3300/0,v1:172.21.15.18:6789/0] -- mon_getmap magic: 0 v1 -- 0x7f945819a5e0 con 0x7f9458106e10
2024-05-10T03:40:15.249 INFO:teuthology.orchestra.run.smithi018.stdout:/usr/bin/ceph: stderr
2024-05-10T03:40:14.435+0000 7f945d6dd700 1 --2- >> [v2:172.21.15.18:3300/0,v1:172.21.15.18:6789/0] conn(0x7f9458106e10 0x7f945819a0a0 unknown :-1 s=BANNER_CONNECTING pgs=0 cs=0 l=1 rev1=0 crypto rx=0 tx=0 comp rx=0 tx=0)._handle_peer_banner_payload supported=3 required=0
2024-05-10T03:40:15.249 INFO:teuthology.orchestra.run.smithi018.stdout:/usr/bin/ceph: stderr
2024-05-10T03:40:14.435+0000 7f945d6dd700 1 --2- >> [v2:172.21.15.18:3300/0,v1:172.21.15.18:6789/0] conn(0x7f9458106e10 0x7f945819a0a0 unknown :-1 s=HELLO_CONNECTING pgs=0 cs=0 l=1 rev1=1 crypto rx=0 tx=0 comp rx=0 tx=0).handle_hello peer v2:172.21.15.18:3300/0 says I am v2:172.21.15.18:53610/0 (socket says 172.21.15.18:53610)
2024-05-10T03:40:15.250 INFO:teuthology.orchestra.run.smithi018.stdout:/usr/bin/ceph: stderr
2024-05-10T03:40:14.435+0000 7f945d6dd700 1 -- 172.21.15.18:0/3107082111 learned_addr learned my addr 172.21.15.18:0/3107082111 (peer_addr_for_me v2:172.21.15.18:0/0)
2024-05-10T03:40:15.250 INFO:teuthology.orchestra.run.smithi018.stdout:/usr/bin/ceph: stderr
2024-05-10T03:40:14.435+0000 7f945d6dd700 1 -- 172.21.15.18:0/3107082111 --> [v2:172.21.15.18:3300/0,v1:172.21.15.18:6789/0] -- mon_subscribe({config=0+,monmap=0+}) v3 -- 0x7f9448009550 con 0x7f9458106e10
2024-05-10T03:40:15.250 INFO:teuthology.orchestra.run.smithi018.stdout:/usr/bin/ceph: stderr
2024-05-10T03:40:14.435+0000 7f945d6dd700 1 --2- 172.21.15.18:0/3107082111 >> [v2:172.21.15.18:3300/0,v1:172.21.15.18:6789/0] conn(0x7f9458106e10 0x7f945819a0a0 secure :-1 s=READY pgs=87 cs=0 l=1 rev1=1 crypto rx=0x7f94480119f0 tx=0x7f9448011ad0 comp rx=0 tx=0).ready entity=mon.0 client_cookie=0 server_cookie=0 in_seq=0 out_seq=0
2024-05-10T03:40:15.250 INFO:teuthology.orchestra.run.smithi018.stdout:/usr/bin/ceph: stderr
2024-05-10T03:40:14.435+0000 7f944e7fc700 1 -- 172.21.15.18:0/3107082111 <== mon.0 v2:172.21.15.18:3300/0 1 ==== mon_map magic: 0 v1 ==== 229+0+0 (secure 0 0 0) 0x7f9448003b90 con 0x7f9458106e10
2024-05-10T03:40:15.250 INFO:teuthology.orchestra.run.smithi018.stdout:/usr/bin/ceph: stderr
2024-05-10T03:40:14.435+0000 7f944e7fc700 1 -- 172.21.15.18:0/3107082111 <== mon.0 v2:172.21.15.18:3300/0 2 ==== config(26 keys) v1 ==== 1074+0+0 (secure 0 0 0) 0x7f94480248e0 con 0x7f9458106e10
2024-05-10T03:40:15.250 INFO:teuthology.orchestra.run.smithi018.stdout:/usr/bin/ceph: stderr
2024-05-10T03:40:14.435+0000 7f945f941700 1 -- 172.21.15.18:0/3107082111 --> [v2:172.21.15.18:3300/0,v1:172.21.15.18:6789/0] -- mon_subscribe({mgrmap=0+}) v3 -- 0x7f945819a7e0 con 0x7f9458106e10
2024-05-10T03:40:15.250 INFO:teuthology.orchestra.run.smithi018.stdout:/usr/bin/ceph: stderr
2024-05-10T03:40:14.435+0000 7f944e7fc700 1 -- 172.21.15.18:0/3107082111 <== mon.0 v2:172.21.15.18:3300/0 3 ==== mon_map magic: 0 v1 ==== 229+0+0 (secure 0 0 0) 0x7f944801a810 con 0x7f9458106e10
2024-05-10T03:40:15.250 INFO:teuthology.orchestra.run.smithi018.stdout:/usr/bin/ceph: stderr
2024-05-10T03:40:14.435+0000 7f945f941700 1 -- 172.21.15.18:0/3107082111 --> [v2:172.21.15.18:3300/0,v1:172.21.15.18:6789/0] -- mon_subscribe({osdmap=0}) v3 -- 0x7f945819ac80 con 0x7f9458106e10
2024-05-10T03:40:15.250 INFO:teuthology.orchestra.run.smithi018.stdout:/usr/bin/ceph: stderr
2024-05-10T03:40:14.436+0000 7f944e7fc700 1 -- 172.21.15.18:0/3107082111 <== mon.0 v2:172.21.15.18:3300/0 4 ==== mgrmap(e 13) v1 ==== 45612+0+0 (secure 0 0 0) 0x7f944801aa80 con 0x7f9458106e10
2024-05-10T03:40:15.250 INFO:teuthology.orchestra.run.smithi018.stdout:/usr/bin/ceph: stderr
2024-05-10T03:40:14.436+0000 7f945f941700 1 -- 172.21.15.18:0/3107082111 --> [v2:172.21.15.18:3300/0,v1:172.21.15.18:6789/0] -- mon_command({"prefix": "get_command_descriptions"} v 0) v1 -- 0x7f945810a470 con 0x7f9458106e10
2024-05-10T03:40:15.250 INFO:teuthology.orchestra.run.smithi018.stdout:/usr/bin/ceph: stderr
2024-05-10T03:40:14.436+0000 7f944e7fc700 1 --2- 172.21.15.18:0/3107082111 >> [v2:172.21.15.18:6800/2838471170,v1:172.21.15.18:6801/2838471170] conn(0x7f9444038860 0x7f944403ad20 unknown :-1 s=NONE pgs=0 cs=0 l=1 rev1=0 crypto rx=0 tx=0 comp rx=0 tx=0).connect
2024-05-10T03:40:15.250 INFO:teuthology.orchestra.run.smithi018.stdout:/usr/bin/ceph: stderr
2024-05-10T03:40:14.436+0000 7f944e7fc700 1 -- 172.21.15.18:0/3107082111 <== mon.0 v2:172.21.15.18:3300/0 5 ==== osd_map(3..3 src has 1..3) v4 ==== 1155+0+0 (secure 0 0 0) 0x7f944804cc50 con 0x7f9458106e10
2024-05-10T03:40:15.250 INFO:teuthology.orchestra.run.smithi018.stdout:/usr/bin/ceph: stderr
2024-05-10T03:40:14.436+0000 7f945cedc700 1 --2- 172.21.15.18:0/3107082111 >> [v2:172.21.15.18:6800/2838471170,v1:172.21.15.18:6801/2838471170] conn(0x7f9444038860 0x7f944403ad20 unknown :-1 s=BANNER_CONNECTING pgs=0 cs=0 l=1 rev1=0 crypto rx=0 tx=0 comp rx=0 tx=0)._handle_peer_banner_payload supported=3 required=0
2024-05-10T03:40:15.250 INFO:teuthology.orchestra.run.smithi018.stdout:/usr/bin/ceph: stderr
2024-05-10T03:40:14.437+0000 7f945cedc700 1 --2- 172.21.15.18:0/3107082111 >> [v2:172.21.15.18:6800/2838471170,v1:172.21.15.18:6801/2838471170] conn(0x7f9444038860 0x7f944403ad20 secure :-1 s=READY pgs=10 cs=0 l=1 rev1=1 crypto rx=0x7f9454006fd0 tx=0x7f9454006e40 comp rx=0 tx=0).ready entity=mgr.14162 client_cookie=0 server_cookie=0 in_seq=0 out_seq=0
2024-05-10T03:40:15.251 INFO:teuthology.orchestra.run.smithi018.stdout:/usr/bin/ceph: stderr
2024-05-10T03:40:14.441+0000 7f944e7fc700 1 -- 172.21.15.18:0/3107082111 <== mon.0 v2:172.21.15.18:3300/0 6 ==== mon_command_ack([{"prefix": "get_command_descriptions"}]=0 v0) v1 ==== 72+0+183622 (secure 0 0 0) 0x7f9448024620 con 0x7f9458106e10
2024-05-10T03:40:15.251 INFO:teuthology.orchestra.run.smithi018.stdout:/usr/bin/ceph: stderr
2024-05-10T03:40:14.642+0000 7f945f941700 1 -- 172.21.15.18:0/3107082111 --> [v2:172.21.15.18:3300/0,v1:172.21.15.18:6789/0] -- mon_command([{prefix=config set, name=osd_memory_target_autotune}] v 0) v1 -- 0x7f945810a6b0 con 0x7f9458106e10
2024-05-10T03:40:15.251 INFO:teuthology.orchestra.run.smithi018.stdout:/usr/bin/ceph: stderr
2024-05-10T03:40:14.643+0000 7f944e7fc700 1 -- 172.21.15.18:0/3107082111 <== mon.0 v2:172.21.15.18:3300/0 7 ==== mon_command_ack([{prefix=config set, name=osd_memory_target_autotune}]=0 v8)=0 v8) v1 ==== 127+0+0 (secure 0 0 0) 0x7f944802c350 con 0x7f9458106e10
2024-05-10T03:40:15.251 INFO:teuthology.orchestra.run.smithi018.stdout:/usr/bin/ceph: stderr
2024-05-10T03:40:14.645+0000 7f945f941700 1 -- 172.21.15.18:0/3107082111 >> [v2:172.21.15.18:6800/2838471170,v1:172.21.15.18:6801/2838471170] conn(0x7f9444038860 msgr2=0x7f944403ad20 secure :-1 s=STATE_CONNECTION_ESTABLISHED l=1).mark_down
2024-05-10T03:40:15.251 INFO:teuthology.orchestra.run.smithi018.stdout:/usr/bin/ceph: stderr
2024-05-10T03:40:14.645+0000 7f945f941700 1 --2- 172.21.15.18:0/3107082111 >> [v2:172.21.15.18:6800/2838471170,v1:172.21.15.18:6801/2838471170] conn(0x7f9444038860 0x7f944403ad20 secure :-1 s=READY pgs=10 cs=0 l=1 rev1=1 crypto rx=0x7f9454006fd0 tx=0x7f9454006e40 comp rx=0 tx=0).stop
2024-05-10T03:40:15.251 INFO:teuthology.orchestra.run.smithi018.stdout:/usr/bin/ceph: stderr
2024-05-10T03:40:14.645+0000 7f945f941700 1 -- 172.21.15.18:0/3107082111 >> [v2:172.21.15.18:3300/0,v1:172.21.15.18:6789/0] conn(0x7f9458106e10 msgr2=0x7f945819a0a0 secure :-1 s=STATE_CONNECTION_ESTABLISHED l=1).mark_down
2024-05-10T03:40:15.251 INFO:teuthology.orchestra.run.smithi018.stdout:/usr/bin/ceph: stderr
2024-05-10T03:40:14.645+0000 7f945f941700 1 --2- 172.21.15.18:0/3107082111 >> [v2:172.21.15.18:3300/0,v1:172.21.15.18:6789/0] conn(0x7f9458106e10 0x7f945819a0a0 secure :-1 s=READY pgs=87 cs=0 l=1 rev1=1 crypto rx=0x7f94480119f0 tx=0x7f9448011ad0 comp rx=0 tx=0).stop
2024-05-10T03:40:15.251 INFO:teuthology.orchestra.run.smithi018.stdout:/usr/bin/ceph: stderr
2024-05-10T03:40:14.645+0000 7f945f941700 1 -- 172.21.15.18:0/3107082111 shutdown_connections
2024-05-10T03:40:15.251 INFO:teuthology.orchestra.run.smithi018.stdout:/usr/bin/ceph: stderr
2024-05-10T03:40:14.645+0000 7f945f941700 1 --2- 172.21.15.18:0/3107082111 >> [v2:172.21.15.18:6800/2838471170,v1:172.21.15.18:6801/2838471170] conn(0x7f9444038860 0x7f944403ad20 unknown :-1 s=CLOSED pgs=10 cs=0 l=1 rev1=1 crypto rx=0 tx=0 comp rx=0 tx=0).stop
2024-05-10T03:40:15.251 INFO:teuthology.orchestra.run.smithi018.stdout:/usr/bin/ceph: stderr
2024-05-10T03:40:14.645+0000 7f945f941700 1 --2- 172.21.15.18:0/3107082111 >> [v2:172.21.15.18:3300/0,v1:172.21.15.18:6789/0] conn(0x7f9458106e10 0x7f945819a0a0 unknown :-1 s=CLOSED pgs=87 cs=0 l=1 rev1=1 crypto rx=0 tx=0 comp rx=0 tx=0).stop
2024-05-10T03:40:15.251 INFO:teuthology.orchestra.run.smithi018.stdout:/usr/bin/ceph: stderr
2024-05-10T03:40:14.645+0000 7f945f941700 1 -- 172.21.15.18:0/3107082111 >> 172.21.15.18:0/3107082111 conn(0x7f94581008a0 msgr2=0x7f9458101430 unknown :-1 s=STATE_NONE l=0).mark_down
2024-05-10T03:40:15.251 INFO:teuthology.orchestra.run.smithi018.stdout:/usr/bin/ceph: stderr
2024-05-10T03:40:14.645+0000 7f945f941700 1 -- 172.21.15.18:0/3107082111 shutdown_connections
2024-05-10T03:40:15.251 INFO:teuthology.orchestra.run.smithi018.stdout:/usr/bin/ceph: stderr
2024-05-10T03:40:14.645+0000 7f945f941700 1 -- 172.21.15.18:0/3107082111 wait complete.
2024-05-10T03:40:16.789 INFO:teuthology.orchestra.run.smithi018.stdout:/usr/bin/ceph: stderr
2024-05-10T03:40:15.829+0000 7f79f99c0700 1 Processor -- start
2024-05-10T03:40:16.789 INFO:teuthology.orchestra.run.smithi018.stdout:/usr/bin/ceph: stderr
2024-05-10T03:40:15.829+0000 7f79f99c0700 1 -- start start
2024-05-10T03:40:16.790 INFO:teuthology.orchestra.run.smithi018.stdout:/usr/bin/ceph: stderr
2024-05-10T03:40:15.829+0000 7f79f99c0700 1 --2- >> [v2:172.21.15.18:3300/0,v1:172.21.15.18:6789/0] conn(0x7f79f4106e50 0x7f79f4109240 unknown :-1 s=NONE pgs=0 cs=0 l=0 rev1=0 crypto rx=0 tx=0 comp rx=0 tx=0).connect
2024-05-10T03:40:16.790 INFO:teuthology.orchestra.run.smithi018.stdout:/usr/bin/ceph: stderr
2024-05-10T03:40:15.829+0000 7f79f99c0700 1 -- --> [v2:172.21.15.18:3300/0,v1:172.21.15.18:6789/0] -- mon_getmap magic: 0 v1 -- 0x7f79f4079df0 con 0x7f79f4106e50
2024-05-10T03:40:16.790 INFO:teuthology.orchestra.run.smithi018.stdout:/usr/bin/ceph: stderr
2024-05-10T03:40:15.829+0000 7f79f2ffd700 1 --2- >> [v2:172.21.15.18:3300/0,v1:172.21.15.18:6789/0] conn(0x7f79f4106e50 0x7f79f4109240 unknown :-1 s=BANNER_CONNECTING pgs=0 cs=0 l=0 rev1=0 crypto rx=0 tx=0 comp rx=0 tx=0)._handle_peer_banner_payload supported=3 required=0
2024-05-10T03:40:16.790 INFO:teuthology.orchestra.run.smithi018.stdout:/usr/bin/ceph: stderr
2024-05-10T03:40:15.829+0000 7f79f2ffd700 1 --2- >> [v2:172.21.15.18:3300/0,v1:172.21.15.18:6789/0] conn(0x7f79f4106e50 0x7f79f4109240 unknown :-1 s=HELLO_CONNECTING pgs=0 cs=0 l=0 rev1=1 crypto rx=0 tx=0 comp rx=0 tx=0).handle_hello peer v2:172.21.15.18:3300/0 says I am v2:172.21.15.18:53622/0 (socket says 172.21.15.18:53622)
2024-05-10T03:40:16.790 INFO:teuthology.orchestra.run.smithi018.stdout:/usr/bin/ceph: stderr
2024-05-10T03:40:15.829+0000 7f79f2ffd700 1 -- 172.21.15.18:0/3654883312 learned_addr learned my addr 172.21.15.18:0/3654883312 (peer_addr_for_me v2:172.21.15.18:0/0)
2024-05-10T03:40:16.790 INFO:teuthology.orchestra.run.smithi018.stdout:/usr/bin/ceph: stderr
2024-05-10T03:40:15.830+0000 7f79f2ffd700 1 -- 172.21.15.18:0/3654883312 --> [v2:172.21.15.18:3300/0,v1:172.21.15.18:6789/0] -- mon_subscribe({config=0+,monmap=0+}) v3 -- 0x7f79f4109780 con 0x7f79f4106e50
2024-05-10T03:40:16.790 INFO:teuthology.orchestra.run.smithi018.stdout:/usr/bin/ceph: stderr
2024-05-10T03:40:15.830+0000 7f79f2ffd700 1 --2- 172.21.15.18:0/3654883312 >> [v2:172.21.15.18:3300/0,v1:172.21.15.18:6789/0] conn(0x7f79f4106e50 0x7f79f4109240 secure :-1 s=READY pgs=88 cs=0 l=1 rev1=1 crypto rx=0x7f79e40098a0 tx=0x7f79e4009bb0 comp rx=0 tx=0).ready entity=mon.0 client_cookie=2dc1195d89ccdfc2 server_cookie=0 in_seq=0 out_seq=0
2024-05-10T03:40:16.790 INFO:teuthology.orchestra.run.smithi018.stdout:/usr/bin/ceph: stderr
2024-05-10T03:40:15.830+0000 7f79f1ffb700 1 -- 172.21.15.18:0/3654883312 <== mon.0 v2:172.21.15.18:3300/0 1 ==== mon_map magic: 0 v1 ==== 229+0+0 (secure 0 0 0) 0x7f79e4004180 con 0x7f79f4106e50
2024-05-10T03:40:16.790 INFO:teuthology.orchestra.run.smithi018.stdout:/usr/bin/ceph: stderr
2024-05-10T03:40:15.830+0000 7f79f1ffb700 1 -- 172.21.15.18:0/3654883312 <== mon.0 v2:172.21.15.18:3300/0 2 ==== config(26 keys) v1 ==== 1074+0+0 (secure 0 0 0) 0x7f79e40042e0 con 0x7f79f4106e50
2024-05-10T03:40:16.790 INFO:teuthology.orchestra.run.smithi018.stdout:/usr/bin/ceph: stderr
2024-05-10T03:40:15.830+0000 7f79f1ffb700 1 -- 172.21.15.18:0/3654883312 <== mon.0 v2:172.21.15.18:3300/0 3 ==== mon_map magic: 0 v1 ==== 229+0+0 (secure 0 0 0) 0x7f79e4011a40 con 0x7f79f4106e50
2024-05-10T03:40:16.790 INFO:teuthology.orchestra.run.smithi018.stdout:/usr/bin/ceph: stderr
2024-05-10T03:40:15.830+0000 7f79f99c0700 1 -- 172.21.15.18:0/3654883312 >> [v2:172.21.15.18:3300/0,v1:172.21.15.18:6789/0] conn(0x7f79f4106e50 msgr2=0x7f79f4109240 secure :-1 s=STATE_CONNECTION_ESTABLISHED l=1).mark_down
2024-05-10T03:40:16.790 INFO:teuthology.orchestra.run.smithi018.stdout:/usr/bin/ceph: stderr
2024-05-10T03:40:15.830+0000 7f79f99c0700 1 --2- 172.21.15.18:0/3654883312 >> [v2:172.21.15.18:3300/0,v1:172.21.15.18:6789/0] conn(0x7f79f4106e50 0x7f79f4109240 secure :-1 s=READY pgs=88 cs=0 l=1 rev1=1 crypto rx=0x7f79e40098a0 tx=0x7f79e4009bb0 comp rx=0 tx=0).stop
2024-05-10T03:40:16.790 INFO:teuthology.orchestra.run.smithi018.stdout:/usr/bin/ceph: stderr
2024-05-10T03:40:15.831+0000 7f79f99c0700 1 -- 172.21.15.18:0/3654883312 shutdown_connections
2024-05-10T03:40:16.791 INFO:teuthology.orchestra.run.smithi018.stdout:/usr/bin/ceph: stderr
2024-05-10T03:40:15.831+0000 7f79f99c0700 1 --2- 172.21.15.18:0/3654883312 >> [v2:172.21.15.18:3300/0,v1:172.21.15.18:6789/0] conn(0x7f79f4106e50 0x7f79f4109240 unknown :-1 s=CLOSED pgs=88 cs=0 l=1 rev1=1 crypto rx=0 tx=0 comp rx=0 tx=0).stop
2024-05-10T03:40:16.791 INFO:teuthology.orchestra.run.smithi018.stdout:/usr/bin/ceph: stderr
2024-05-10T03:40:15.831+0000 7f79f99c0700 1 -- 172.21.15.18:0/3654883312 >> 172.21.15.18:0/3654883312 conn(0x7f79f4100840 msgr2=0x7f79f4102c80 unknown :-1 s=STATE_NONE l=0).mark_down
2024-05-10T03:40:16.791 INFO:teuthology.orchestra.run.smithi018.stdout:/usr/bin/ceph: stderr
2024-05-10T03:40:15.831+0000 7f79f99c0700 1 -- 172.21.15.18:0/3654883312 shutdown_connections
2024-05-10T03:40:16.791 INFO:teuthology.orchestra.run.smithi018.stdout:/usr/bin/ceph: stderr
2024-05-10T03:40:15.831+0000 7f79f99c0700 1 -- 172.21.15.18:0/3654883312 wait complete.
2024-05-10T03:40:16.791 INFO:teuthology.orchestra.run.smithi018.stdout:/usr/bin/ceph: stderr
2024-05-10T03:40:15.831+0000 7f79f99c0700 1 Processor -- start
2024-05-10T03:40:16.791 INFO:teuthology.orchestra.run.smithi018.stdout:/usr/bin/ceph: stderr
2024-05-10T03:40:15.831+0000 7f79f99c0700 1 -- start start
2024-05-10T03:40:16.791 INFO:teuthology.orchestra.run.smithi018.stdout:/usr/bin/ceph: stderr
2024-05-10T03:40:15.832+0000 7f79f99c0700 1 --2- >> [v2:172.21.15.18:3300/0,v1:172.21.15.18:6789/0] conn(0x7f79f4106e50 0x7f79f4106680 unknown :-1 s=NONE pgs=0 cs=0 l=1 rev1=0 crypto rx=0 tx=0 comp rx=0 tx=0).connect
2024-05-10T03:40:16.791 INFO:teuthology.orchestra.run.smithi018.stdout:/usr/bin/ceph: stderr
2024-05-10T03:40:15.832+0000 7f79f99c0700 1 -- --> [v2:172.21.15.18:3300/0,v1:172.21.15.18:6789/0] -- mon_getmap magic: 0 v1 -- 0x7f79f4106bc0 con 0x7f79f4106e50
2024-05-10T03:40:16.791 INFO:teuthology.orchestra.run.smithi018.stdout:/usr/bin/ceph: stderr
2024-05-10T03:40:15.832+0000 7f79f2ffd700 1 --2- >> [v2:172.21.15.18:3300/0,v1:172.21.15.18:6789/0] conn(0x7f79f4106e50 0x7f79f4106680 unknown :-1 s=BANNER_CONNECTING pgs=0 cs=0 l=1 rev1=0 crypto rx=0 tx=0 comp rx=0 tx=0)._handle_peer_banner_payload supported=3 required=0
2024-05-10T03:40:16.791 INFO:teuthology.orchestra.run.smithi018.stdout:/usr/bin/ceph: stderr
2024-05-10T03:40:15.832+0000 7f79f2ffd700 1 --2- >> [v2:172.21.15.18:3300/0,v1:172.21.15.18:6789/0] conn(0x7f79f4106e50 0x7f79f4106680 unknown :-1 s=HELLO_CONNECTING pgs=0 cs=0 l=1 rev1=1 crypto rx=0 tx=0 comp rx=0 tx=0).handle_hello peer v2:172.21.15.18:3300/0 says I am v2:172.21.15.18:53630/0 (socket says 172.21.15.18:53630)
2024-05-10T03:40:16.791 INFO:teuthology.orchestra.run.smithi018.stdout:/usr/bin/ceph: stderr
2024-05-10T03:40:15.832+0000 7f79f2ffd700 1 -- 172.21.15.18:0/461559357 learned_addr learned my addr 172.21.15.18:0/461559357 (peer_addr_for_me v2:172.21.15.18:0/0)
2024-05-10T03:40:16.791 INFO:teuthology.orchestra.run.smithi018.stdout:/usr/bin/ceph: stderr
2024-05-10T03:40:15.832+0000 7f79f2ffd700 1 -- 172.21.15.18:0/461559357 --> [v2:172.21.15.18:3300/0,v1:172.21.15.18:6789/0] -- mon_subscribe({config=0+,monmap=0+}) v3 -- 0x7f79e4009550 con 0x7f79f4106e50
2024-05-10T03:40:16.791 INFO:teuthology.orchestra.run.smithi018.stdout:/usr/bin/ceph: stderr
2024-05-10T03:40:15.832+0000 7f79f2ffd700 1 --2- 172.21.15.18:0/461559357 >> [v2:172.21.15.18:3300/0,v1:172.21.15.18:6789/0] conn(0x7f79f4106e50 0x7f79f4106680 secure :-1 s=READY pgs=89 cs=0 l=1 rev1=1 crypto rx=0x7f79e4003f70 tx=0x7f79e4011a80 comp rx=0 tx=0).ready entity=mon.0 client_cookie=0 server_cookie=0 in_seq=0 out_seq=0
2024-05-10T03:40:16.791 INFO:teuthology.orchestra.run.smithi018.stdout:/usr/bin/ceph: stderr
2024-05-10T03:40:15.832+0000 7f79f89be700 1 -- 172.21.15.18:0/461559357 <== mon.0 v2:172.21.15.18:3300/0 1 ==== mon_map magic: 0 v1 ==== 229+0+0 (secure 0 0 0) 0x7f79e4003b10 con 0x7f79f4106e50
2024-05-10T03:40:16.791 INFO:teuthology.orchestra.run.smithi018.stdout:/usr/bin/ceph: stderr
2024-05-10T03:40:15.832+0000 7f79f89be700 1 -- 172.21.15.18:0/461559357 <== mon.0 v2:172.21.15.18:3300/0 2 ==== config(26 keys) v1 ==== 1074+0+0 (secure 0 0 0) 0x7f79e4003c70 con 0x7f79f4106e50
2024-05-10T03:40:16.792 INFO:teuthology.orchestra.run.smithi018.stdout:/usr/bin/ceph: stderr
2024-05-10T03:40:15.832+0000 7f79f99c0700 1 -- 172.21.15.18:0/461559357 --> [v2:172.21.15.18:3300/0,v1:172.21.15.18:6789/0] -- mon_subscribe({mgrmap=0+}) v3 -- 0x7f79f4104e00 con 0x7f79f4106e50
2024-05-10T03:40:16.792 INFO:teuthology.orchestra.run.smithi018.stdout:/usr/bin/ceph: stderr
2024-05-10T03:40:15.832+0000 7f79f99c0700 1 -- 172.21.15.18:0/461559357 --> [v2:172.21.15.18:3300/0,v1:172.21.15.18:6789/0] -- mon_subscribe({osdmap=0}) v3 -- 0x7f79f41052a0 con 0x7f79f4106e50
2024-05-10T03:40:16.792 INFO:teuthology.orchestra.run.smithi018.stdout:/usr/bin/ceph: stderr
2024-05-10T03:40:15.832+0000 7f79f89be700 1 -- 172.21.15.18:0/461559357 <== mon.0 v2:172.21.15.18:3300/0 3 ==== mon_map magic: 0 v1 ==== 229+0+0 (secure 0 0 0) 0x7f79e40198b0 con 0x7f79f4106e50
2024-05-10T03:40:16.792 INFO:teuthology.orchestra.run.smithi018.stdout:/usr/bin/ceph: stderr
2024-05-10T03:40:15.833+0000 7f79f89be700 1 -- 172.21.15.18:0/461559357 <== mon.0 v2:172.21.15.18:3300/0 4 ==== mgrmap(e 13) v1 ==== 45612+0+0 (secure 0 0 0) 0x7f79e4019b20 con 0x7f79f4106e50
2024-05-10T03:40:16.792 INFO:teuthology.orchestra.run.smithi018.stdout:/usr/bin/ceph: stderr
2024-05-10T03:40:15.833+0000 7f79f99c0700 1 -- 172.21.15.18:0/461559357 --> [v2:172.21.15.18:3300/0,v1:172.21.15.18:6789/0] -- mon_command({"prefix": "get_command_descriptions"} v 0) v1 -- 0x7f79e0005320 con 0x7f79f4106e50
2024-05-10T03:40:16.792 INFO:teuthology.orchestra.run.smithi018.stdout:/usr/bin/ceph: stderr
2024-05-10T03:40:15.834+0000 7f79f89be700 1 --2- 172.21.15.18:0/461559357 >> [v2:172.21.15.18:6800/2838471170,v1:172.21.15.18:6801/2838471170] conn(0x7f79dc038820 0x7f79dc03ace0 unknown :-1 s=NONE pgs=0 cs=0 l=1 rev1=0 crypto rx=0 tx=0 comp rx=0 tx=0).connect
2024-05-10T03:40:16.792 INFO:teuthology.orchestra.run.smithi018.stdout:/usr/bin/ceph: stderr
2024-05-10T03:40:15.834+0000 7f79f89be700 1 -- 172.21.15.18:0/461559357 <== mon.0 v2:172.21.15.18:3300/0 5 ==== osd_map(3..3 src has 1..3) v4 ==== 1155+0+0 (secure 0 0 0) 0x7f79e404cc40 con 0x7f79f4106e50
2024-05-10T03:40:16.792 INFO:teuthology.orchestra.run.smithi018.stdout:/usr/bin/ceph: stderr
2024-05-10T03:40:15.834+0000 7f79f27fc700 1 --2- 172.21.15.18:0/461559357 >> [v2:172.21.15.18:6800/2838471170,v1:172.21.15.18:6801/2838471170] conn(0x7f79dc038820 0x7f79dc03ace0 unknown :-1 s=BANNER_CONNECTING pgs=0 cs=0 l=1 rev1=0 crypto rx=0 tx=0 comp rx=0 tx=0)._handle_peer_banner_payload supported=3 required=0
2024-05-10T03:40:16.792 INFO:teuthology.orchestra.run.smithi018.stdout:/usr/bin/ceph: stderr
2024-05-10T03:40:15.834+0000 7f79f27fc700 1 --2- 172.21.15.18:0/461559357 >> [v2:172.21.15.18:6800/2838471170,v1:172.21.15.18:6801/2838471170] conn(0x7f79dc038820 0x7f79dc03ace0 secure :-1 s=READY pgs=11 cs=0 l=1 rev1=1 crypto rx=0x7f79e8006fd0 tx=0x7f79e8006e40 comp rx=0 tx=0).ready entity=mgr.14162 client_cookie=0 server_cookie=0 in_seq=0 out_seq=0
2024-05-10T03:40:16.792 INFO:teuthology.orchestra.run.smithi018.stdout:/usr/bin/ceph: stderr
2024-05-10T03:40:15.839+0000 7f79f89be700 1 -- 172.21.15.18:0/461559357 <== mon.0 v2:172.21.15.18:3300/0 6 ==== mon_command_ack([{"prefix": "get_command_descriptions"}]=0 v0) v1 ==== 72+0+183622 (secure 0 0 0) 0x7f79e402d430 con 0x7f79f4106e50
2024-05-10T03:40:16.792 INFO:teuthology.orchestra.run.smithi018.stdout:/usr/bin/ceph: stderr
2024-05-10T03:40:16.151+0000 7f79f99c0700 1 -- 172.21.15.18:0/461559357 --> [v2:172.21.15.18:3300/0,v1:172.21.15.18:6789/0] -- mon_command([{prefix=config-key set, key=mgr/dashboard/cluster/status}] v 0) v1 -- 0x7f79e00055d0 con 0x7f79f4106e50
2024-05-10T03:40:16.792 INFO:teuthology.orchestra.run.smithi018.stdout:/usr/bin/ceph: stderr
2024-05-10T03:40:16.153+0000 7f79f89be700 1 -- 172.21.15.18:0/461559357 <== mon.0 v2:172.21.15.18:3300/0 7 ==== mon_command_ack([{prefix=config-key set, key=mgr/dashboard/cluster/status}]=0 set mgr/dashboard/cluster/status v34)=0 set mgr/dashboard/cluster/status v34) v1 ==== 153+0+0 (secure 0 0 0) 0x7f79e4018350 con 0x7f79f4106e50
2024-05-10T03:40:16.793 INFO:teuthology.orchestra.run.smithi018.stdout:/usr/bin/ceph: stderr
2024-05-10T03:40:16.155+0000 7f79f99c0700 1 -- 172.21.15.18:0/461559357 >> [v2:172.21.15.18:6800/2838471170,v1:172.21.15.18:6801/2838471170] conn(0x7f79dc038820 msgr2=0x7f79dc03ace0 secure :-1 s=STATE_CONNECTION_ESTABLISHED l=1).mark_down
2024-05-10T03:40:16.793 INFO:teuthology.orchestra.run.smithi018.stdout:/usr/bin/ceph: stderr
2024-05-10T03:40:16.155+0000 7f79f99c0700 1 --2- 172.21.15.18:0/461559357 >> [v2:172.21.15.18:6800/2838471170,v1:172.21.15.18:6801/2838471170] conn(0x7f79dc038820 0x7f79dc03ace0 secure :-1 s=READY pgs=11 cs=0 l=1 rev1=1 crypto rx=0x7f79e8006fd0 tx=0x7f79e8006e40 comp rx=0 tx=0).stop
2024-05-10T03:40:16.793 INFO:teuthology.orchestra.run.smithi018.stdout:/usr/bin/ceph: stderr
2024-05-10T03:40:16.155+0000 7f79f99c0700 1 -- 172.21.15.18:0/461559357 >> [v2:172.21.15.18:3300/0,v1:172.21.15.18:6789/0] conn(0x7f79f4106e50 msgr2=0x7f79f4106680 secure :-1 s=STATE_CONNECTION_ESTABLISHED l=1).mark_down
2024-05-10T03:40:16.793 INFO:teuthology.orchestra.run.smithi018.stdout:/usr/bin/ceph: stderr
2024-05-10T03:40:16.155+0000 7f79f99c0700 1 --2- 172.21.15.18:0/461559357 >> [v2:172.21.15.18:3300/0,v1:172.21.15.18:6789/0] conn(0x7f79f4106e50 0x7f79f4106680 secure :-1 s=READY pgs=89 cs=0 l=1 rev1=1 crypto rx=0x7f79e4003f70 tx=0x7f79e4011a80 comp rx=0 tx=0).stop
2024-05-10T03:40:16.793 INFO:teuthology.orchestra.run.smithi018.stdout:/usr/bin/ceph: stderr
2024-05-10T03:40:16.155+0000 7f79f99c0700 1 -- 172.21.15.18:0/461559357 shutdown_connections
2024-05-10T03:40:16.793 INFO:teuthology.orchestra.run.smithi018.stdout:/usr/bin/ceph: stderr
2024-05-10T03:40:16.155+0000 7f79f99c0700 1 --2- 172.21.15.18:0/461559357 >> [v2:172.21.15.18:6800/2838471170,v1:172.21.15.18:6801/2838471170] conn(0x7f79dc038820 0x7f79dc03ace0 unknown :-1 s=CLOSED pgs=11 cs=0 l=1 rev1=1 crypto rx=0 tx=0 comp rx=0 tx=0).stop
2024-05-10T03:40:16.793 INFO:teuthology.orchestra.run.smithi018.stdout:/usr/bin/ceph: stderr
2024-05-10T03:40:16.155+0000 7f79f99c0700 1 --2- 172.21.15.18:0/461559357 >> [v2:172.21.15.18:3300/0,v1:172.21.15.18:6789/0] conn(0x7f79f4106e50 0x7f79f4106680 unknown :-1 s=CLOSED pgs=89 cs=0 l=1 rev1=1 crypto rx=0 tx=0 comp rx=0 tx=0).stop
2024-05-10T03:40:16.793 INFO:teuthology.orchestra.run.smithi018.stdout:/usr/bin/ceph: stderr
2024-05-10T03:40:16.155+0000 7f79f99c0700 1 -- 172.21.15.18:0/461559357 >> 172.21.15.18:0/461559357 conn(0x7f79f4100840 msgr2=0x7f79f4101400 unknown :-1 s=STATE_NONE l=0).mark_down
2024-05-10T03:40:16.793 INFO:teuthology.orchestra.run.smithi018.stdout:/usr/bin/ceph: stderr
2024-05-10T03:40:16.155+0000 7f79f99c0700 1 -- 172.21.15.18:0/461559357 shutdown_connections
2024-05-10T03:40:16.793 INFO:teuthology.orchestra.run.smithi018.stdout:/usr/bin/ceph: stderr
2024-05-10T03:40:16.156+0000 7f79f99c0700 1 -- 172.21.15.18:0/461559357 wait complete.
2024-05-10T03:40:16.793 INFO:teuthology.orchestra.run.smithi018.stdout:/usr/bin/ceph: stderr set mgr/dashboard/cluster/status
2024-05-10T03:40:16.794 INFO:teuthology.orchestra.run.smithi018.stdout:You can access the Ceph CLI as following in case of multi-cluster or non-default config:
2024-05-10T03:40:16.794 INFO:teuthology.orchestra.run.smithi018.stdout:
2024-05-10T03:40:16.794 INFO:teuthology.orchestra.run.smithi018.stdout: sudo /home/ubuntu/cephtest/cephadm shell --fsid b9228486-0e7e-11ef-bc98-c7b262605968 -c /etc/ceph/ceph.conf -k /etc/ceph/ceph.client.admin.keyring
2024-05-10T03:40:16.794 INFO:teuthology.orchestra.run.smithi018.stdout:
2024-05-10T03:40:16.794 INFO:teuthology.orchestra.run.smithi018.stdout:Or, if you are only running a single cluster on this host:
2024-05-10T03:40:16.794 INFO:teuthology.orchestra.run.smithi018.stdout:
2024-05-10T03:40:16.794 INFO:teuthology.orchestra.run.smithi018.stdout: sudo /home/ubuntu/cephtest/cephadm shell
2024-05-10T03:40:16.794 INFO:teuthology.orchestra.run.smithi018.stdout:
2024-05-10T03:40:16.794 INFO:teuthology.orchestra.run.smithi018.stdout:Please consider enabling telemetry to help improve Ceph:
2024-05-10T03:40:16.794 INFO:teuthology.orchestra.run.smithi018.stdout:
2024-05-10T03:40:16.794 INFO:teuthology.orchestra.run.smithi018.stdout: ceph telemetry on
2024-05-10T03:40:16.794 INFO:teuthology.orchestra.run.smithi018.stdout:
2024-05-10T03:40:16.794 INFO:teuthology.orchestra.run.smithi018.stdout:For more information see:
2024-05-10T03:40:16.794 INFO:teuthology.orchestra.run.smithi018.stdout:
2024-05-10T03:40:16.795 INFO:teuthology.orchestra.run.smithi018.stdout: https://docs.ceph.com/en/latest/mgr/telemetry/
2024-05-10T03:40:16.795 INFO:teuthology.orchestra.run.smithi018.stdout:
2024-05-10T03:40:16.795 INFO:teuthology.orchestra.run.smithi018.stdout:Bootstrap complete.
2024-05-10T03:40:16.832 INFO:tasks.cephadm:Fetching config...
2024-05-10T03:40:16.832 DEBUG:teuthology.orchestra.run.smithi018:> set -ex
2024-05-10T03:40:16.833 DEBUG:teuthology.orchestra.run.smithi018:> dd if=/etc/ceph/ceph.conf of=/dev/stdout
2024-05-10T03:40:16.894 INFO:tasks.cephadm:Fetching client.admin keyring...
2024-05-10T03:40:16.894 DEBUG:teuthology.orchestra.run.smithi018:> set -ex
2024-05-10T03:40:16.894 DEBUG:teuthology.orchestra.run.smithi018:> dd if=/etc/ceph/ceph.client.admin.keyring of=/dev/stdout
2024-05-10T03:40:16.952 INFO:tasks.cephadm:Fetching mon keyring...
2024-05-10T03:40:16.953 DEBUG:teuthology.orchestra.run.smithi018:> set -ex
2024-05-10T03:40:16.953 DEBUG:teuthology.orchestra.run.smithi018:> sudo dd if=/var/lib/ceph/b9228486-0e7e-11ef-bc98-c7b262605968/mon.smithi018/keyring of=/dev/stdout
2024-05-10T03:40:17.022 INFO:tasks.cephadm:Fetching pub ssh key...
2024-05-10T03:40:17.022 DEBUG:teuthology.orchestra.run.smithi018:> set -ex
2024-05-10T03:40:17.023 DEBUG:teuthology.orchestra.run.smithi018:> dd if=/home/ubuntu/cephtest/ceph.pub of=/dev/stdout
2024-05-10T03:40:17.083 INFO:tasks.cephadm:Installing pub ssh key for root users...
2024-05-10T03:40:17.084 DEBUG:teuthology.orchestra.run.smithi018:> sudo install -d -m 0700 /root/.ssh && echo 'ssh-rsa AAAAB3NzaC1yc2EAAAADAQABAAABgQC7AcsJrKTCv5tyD2a5QB8TrMBUqX+m2J8GXeOIWGVCdHMmG1HdVWo54dCa1emDOFmzRmNRjLzYdBcgbwVr0PY5kmag432zLk1KDqMQ4O94Y52QiSeMJLOMM3K6NbzVzMMyCwdD5kNcepJz7iIgyyOaO61n1q5B0cmTnOJge2wPyONxcUpZ1PiluFGHLQobjZh/n7ubkBilrGqwMweI0ZXc93mhSCImw/UVPscaFPyzmu/3iIjICob6qgOOZti6/BO5/XXhbpjJc5REYpSl4YAgKIGh6zXZfomSU2H2cd2KYfw+X9oBbNi5JJfBfeNPX3WXHAb4FHnq5NhXpokuG/4weML4PEihUyb1qrDdrlEb+ffV4tyIbpqlMhbB7sIQU+cG52BbZUkv8fs4+cC2CtNCruJmM9CZCjnLAgQuiX9iECWGUSSollMsZdNxIB+oduUDcoRWSKLBNhvb31CBkA2SbZjJeF2JRLZ0Yfdd+0S3rPjK1CjTXx3YNNy17OEKtFk= ceph-b9228486-0e7e-11ef-bc98-c7b262605968' | sudo tee -a /root/.ssh/authorized_keys && sudo chmod 0600 /root/.ssh/authorized_keys
2024-05-10T03:40:17.164 INFO:teuthology.orchestra.run.smithi018.stdout:ssh-rsa AAAAB3NzaC1yc2EAAAADAQABAAABgQC7AcsJrKTCv5tyD2a5QB8TrMBUqX+m2J8GXeOIWGVCdHMmG1HdVWo54dCa1emDOFmzRmNRjLzYdBcgbwVr0PY5kmag432zLk1KDqMQ4O94Y52QiSeMJLOMM3K6NbzVzMMyCwdD5kNcepJz7iIgyyOaO61n1q5B0cmTnOJge2wPyONxcUpZ1PiluFGHLQobjZh/n7ubkBilrGqwMweI0ZXc93mhSCImw/UVPscaFPyzmu/3iIjICob6qgOOZti6/BO5/XXhbpjJc5REYpSl4YAgKIGh6zXZfomSU2H2cd2KYfw+X9oBbNi5JJfBfeNPX3WXHAb4FHnq5NhXpokuG/4weML4PEihUyb1qrDdrlEb+ffV4tyIbpqlMhbB7sIQU+cG52BbZUkv8fs4+cC2CtNCruJmM9CZCjnLAgQuiX9iECWGUSSollMsZdNxIB+oduUDcoRWSKLBNhvb31CBkA2SbZjJeF2JRLZ0Yfdd+0S3rPjK1CjTXx3YNNy17OEKtFk= ceph-b9228486-0e7e-11ef-bc98-c7b262605968
2024-05-10T03:40:17.175 DEBUG:teuthology.orchestra.run.smithi172:> sudo install -d -m 0700 /root/.ssh && echo 'ssh-rsa AAAAB3NzaC1yc2EAAAADAQABAAABgQC7AcsJrKTCv5tyD2a5QB8TrMBUqX+m2J8GXeOIWGVCdHMmG1HdVWo54dCa1emDOFmzRmNRjLzYdBcgbwVr0PY5kmag432zLk1KDqMQ4O94Y52QiSeMJLOMM3K6NbzVzMMyCwdD5kNcepJz7iIgyyOaO61n1q5B0cmTnOJge2wPyONxcUpZ1PiluFGHLQobjZh/n7ubkBilrGqwMweI0ZXc93mhSCImw/UVPscaFPyzmu/3iIjICob6qgOOZti6/BO5/XXhbpjJc5REYpSl4YAgKIGh6zXZfomSU2H2cd2KYfw+X9oBbNi5JJfBfeNPX3WXHAb4FHnq5NhXpokuG/4weML4PEihUyb1qrDdrlEb+ffV4tyIbpqlMhbB7sIQU+cG52BbZUkv8fs4+cC2CtNCruJmM9CZCjnLAgQuiX9iECWGUSSollMsZdNxIB+oduUDcoRWSKLBNhvb31CBkA2SbZjJeF2JRLZ0Yfdd+0S3rPjK1CjTXx3YNNy17OEKtFk= ceph-b9228486-0e7e-11ef-bc98-c7b262605968' | sudo tee -a /root/.ssh/authorized_keys && sudo chmod 0600 /root/.ssh/authorized_keys
2024-05-10T03:40:17.221 INFO:teuthology.orchestra.run.smithi172.stdout:ssh-rsa AAAAB3NzaC1yc2EAAAADAQABAAABgQC7AcsJrKTCv5tyD2a5QB8TrMBUqX+m2J8GXeOIWGVCdHMmG1HdVWo54dCa1emDOFmzRmNRjLzYdBcgbwVr0PY5kmag432zLk1KDqMQ4O94Y52QiSeMJLOMM3K6NbzVzMMyCwdD5kNcepJz7iIgyyOaO61n1q5B0cmTnOJge2wPyONxcUpZ1PiluFGHLQobjZh/n7ubkBilrGqwMweI0ZXc93mhSCImw/UVPscaFPyzmu/3iIjICob6qgOOZti6/BO5/XXhbpjJc5REYpSl4YAgKIGh6zXZfomSU2H2cd2KYfw+X9oBbNi5JJfBfeNPX3WXHAb4FHnq5NhXpokuG/4weML4PEihUyb1qrDdrlEb+ffV4tyIbpqlMhbB7sIQU+cG52BbZUkv8fs4+cC2CtNCruJmM9CZCjnLAgQuiX9iECWGUSSollMsZdNxIB+oduUDcoRWSKLBNhvb31CBkA2SbZjJeF2JRLZ0Yfdd+0S3rPjK1CjTXx3YNNy17OEKtFk= ceph-b9228486-0e7e-11ef-bc98-c7b262605968
2024-05-10T03:40:17.233 DEBUG:teuthology.orchestra.run.smithi018:> sudo /home/ubuntu/cephtest/cephadm --image quay.ceph.io/ceph-ci/ceph:reef shell -c /etc/ceph/ceph.conf -k /etc/ceph/ceph.client.admin.keyring --fsid b9228486-0e7e-11ef-bc98-c7b262605968 -- ceph config set mgr mgr/cephadm/allow_ptrace true
2024-05-10T03:40:17.411 INFO:journalctl@ceph.mon.smithi018.smithi018.stdout:May 10 03:40:17 smithi018 ceph-mon[40044]: from='client.? 172.21.15.18:0/461559357' entity='client.admin'
2024-05-10T03:40:17.461 INFO:teuthology.orchestra.run.smithi018.stderr:Inferring config /var/lib/ceph/b9228486-0e7e-11ef-bc98-c7b262605968/mon.smithi018/config
2024-05-10T03:40:19.950 INFO:teuthology.orchestra.run.smithi018.stderr:2024-05-10T03:40:19.737+0000 7f2a219ea700 1 -- 172.21.15.18:0/1443392977 >> [v2:172.21.15.18:3300/0,v1:172.21.15.18:6789/0] conn(0x7f2a1c0ff780 msgr2=0x7f2a1c0ffba0 secure :-1 s=STATE_CONNECTION_ESTABLISHED l=1).mark_down
2024-05-10T03:40:19.950 INFO:teuthology.orchestra.run.smithi018.stderr:2024-05-10T03:40:19.737+0000 7f2a219ea700 1 --2- 172.21.15.18:0/1443392977 >> [v2:172.21.15.18:3300/0,v1:172.21.15.18:6789/0] conn(0x7f2a1c0ff780 0x7f2a1c0ffba0 secure :-1 s=READY pgs=90 cs=0 l=1 rev1=1 crypto rx=0x7f2a0c009910 tx=0x7f2a0c009c20 comp rx=0 tx=0).stop
2024-05-10T03:40:19.951 INFO:teuthology.orchestra.run.smithi018.stderr:2024-05-10T03:40:19.737+0000 7f2a219ea700 1 -- 172.21.15.18:0/1443392977 shutdown_connections
2024-05-10T03:40:19.951 INFO:teuthology.orchestra.run.smithi018.stderr:2024-05-10T03:40:19.737+0000 7f2a219ea700 1 --2- 172.21.15.18:0/1443392977 >> [v2:172.21.15.18:3300/0,v1:172.21.15.18:6789/0] conn(0x7f2a1c0ff780 0x7f2a1c0ffba0 unknown :-1 s=CLOSED pgs=90 cs=0 l=1 rev1=1 crypto rx=0 tx=0 comp rx=0 tx=0).stop
2024-05-10T03:40:19.951 INFO:teuthology.orchestra.run.smithi018.stderr:2024-05-10T03:40:19.737+0000 7f2a219ea700 1 -- 172.21.15.18:0/1443392977 >> 172.21.15.18:0/1443392977 conn(0x7f2a1c0fad20 msgr2=0x7f2a1c0fd160 unknown :-1 s=STATE_NONE l=0).mark_down
2024-05-10T03:40:19.951 INFO:teuthology.orchestra.run.smithi018.stderr:2024-05-10T03:40:19.737+0000 7f2a219ea700 1 -- 172.21.15.18:0/1443392977 shutdown_connections
2024-05-10T03:40:19.951 INFO:teuthology.orchestra.run.smithi018.stderr:2024-05-10T03:40:19.737+0000 7f2a219ea700 1 -- 172.21.15.18:0/1443392977 wait complete.
2024-05-10T03:40:19.951 INFO:teuthology.orchestra.run.smithi018.stderr:2024-05-10T03:40:19.737+0000 7f2a219ea700 1 Processor -- start
2024-05-10T03:40:19.951 INFO:teuthology.orchestra.run.smithi018.stderr:2024-05-10T03:40:19.738+0000 7f2a219ea700 1 -- start start
2024-05-10T03:40:19.951 INFO:teuthology.orchestra.run.smithi018.stderr:2024-05-10T03:40:19.738+0000 7f2a219ea700 1 --2- >> [v2:172.21.15.18:3300/0,v1:172.21.15.18:6789/0] conn(0x7f2a1c0ff780 0x7f2a1c0fcb90 unknown :-1 s=NONE pgs=0 cs=0 l=1 rev1=0 crypto rx=0 tx=0 comp rx=0 tx=0).connect
2024-05-10T03:40:19.951 INFO:teuthology.orchestra.run.smithi018.stderr:2024-05-10T03:40:19.738+0000 7f2a219ea700 1 -- --> [v2:172.21.15.18:3300/0,v1:172.21.15.18:6789/0] -- mon_getmap magic: 0 v1 -- 0x7f2a1c0fd0d0 con 0x7f2a1c0ff780
2024-05-10T03:40:19.951 INFO:teuthology.orchestra.run.smithi018.stderr:2024-05-10T03:40:19.738+0000 7f2a1affd700 1 --2- >> [v2:172.21.15.18:3300/0,v1:172.21.15.18:6789/0] conn(0x7f2a1c0ff780 0x7f2a1c0fcb90 unknown :-1 s=BANNER_CONNECTING pgs=0 cs=0 l=1 rev1=0 crypto rx=0 tx=0 comp rx=0 tx=0)._handle_peer_banner_payload supported=3 required=0
2024-05-10T03:40:19.951 INFO:teuthology.orchestra.run.smithi018.stderr:2024-05-10T03:40:19.738+0000 7f2a1affd700 1 --2- >> [v2:172.21.15.18:3300/0,v1:172.21.15.18:6789/0] conn(0x7f2a1c0ff780 0x7f2a1c0fcb90 unknown :-1 s=HELLO_CONNECTING pgs=0 cs=0 l=1 rev1=1 crypto rx=0 tx=0 comp rx=0 tx=0).handle_hello peer v2:172.21.15.18:3300/0 says I am v2:172.21.15.18:53118/0 (socket says 172.21.15.18:53118)
2024-05-10T03:40:19.951 INFO:teuthology.orchestra.run.smithi018.stderr:2024-05-10T03:40:19.738+0000 7f2a1affd700 1 -- 172.21.15.18:0/3997881565 learned_addr learned my addr 172.21.15.18:0/3997881565 (peer_addr_for_me v2:172.21.15.18:0/0)
2024-05-10T03:40:19.951 INFO:teuthology.orchestra.run.smithi018.stderr:2024-05-10T03:40:19.738+0000 7f2a1affd700 1 -- 172.21.15.18:0/3997881565 --> [v2:172.21.15.18:3300/0,v1:172.21.15.18:6789/0] -- mon_subscribe({config=0+,monmap=0+}) v3 -- 0x7f2a0c0095f0 con 0x7f2a1c0ff780
2024-05-10T03:40:19.952 INFO:teuthology.orchestra.run.smithi018.stderr:2024-05-10T03:40:19.738+0000 7f2a1affd700 1 --2- 172.21.15.18:0/3997881565 >> [v2:172.21.15.18:3300/0,v1:172.21.15.18:6789/0] conn(0x7f2a1c0ff780 0x7f2a1c0fcb90 secure :-1 s=READY pgs=91 cs=0 l=1 rev1=1 crypto rx=0x7f2a0c005950 tx=0x7f2a0c0057f0 comp rx=0 tx=0).ready entity=mon.0 client_cookie=0 server_cookie=0 in_seq=0 out_seq=0
2024-05-10T03:40:19.952 INFO:teuthology.orchestra.run.smithi018.stderr:2024-05-10T03:40:19.738+0000 7f2a209e8700 1 -- 172.21.15.18:0/3997881565 <== mon.0 v2:172.21.15.18:3300/0 1 ==== mon_map magic: 0 v1 ==== 229+0+0 (secure 0 0 0) 0x7f2a0c01d070 con 0x7f2a1c0ff780
2024-05-10T03:40:19.952 INFO:teuthology.orchestra.run.smithi018.stderr:2024-05-10T03:40:19.739+0000 7f2a209e8700 1 -- 172.21.15.18:0/3997881565 <== mon.0 v2:172.21.15.18:3300/0 2 ==== config(26 keys) v1 ==== 1074+0+0 (secure 0 0 0) 0x7f2a0c00b750 con 0x7f2a1c0ff780
2024-05-10T03:40:19.952 INFO:teuthology.orchestra.run.smithi018.stderr:2024-05-10T03:40:19.739+0000 7f2a209e8700 1 -- 172.21.15.18:0/3997881565 <== mon.0 v2:172.21.15.18:3300/0 3 ==== mon_map magic: 0 v1 ==== 229+0+0 (secure 0 0 0) 0x7f2a0c003950 con 0x7f2a1c0ff780
2024-05-10T03:40:19.952 INFO:teuthology.orchestra.run.smithi018.stderr:2024-05-10T03:40:19.739+0000 7f2a219ea700 1 -- 172.21.15.18:0/3997881565 --> [v2:172.21.15.18:3300/0,v1:172.21.15.18:6789/0] -- mon_subscribe({mgrmap=0+}) v3 -- 0x7f2a1c0fb310 con 0x7f2a1c0ff780
2024-05-10T03:40:19.952 INFO:teuthology.orchestra.run.smithi018.stderr:2024-05-10T03:40:19.739+0000 7f2a219ea700 1 -- 172.21.15.18:0/3997881565 --> [v2:172.21.15.18:3300/0,v1:172.21.15.18:6789/0] -- mon_subscribe({osdmap=0}) v3 -- 0x7f2a1c0fb7b0 con 0x7f2a1c0ff780
2024-05-10T03:40:19.952 INFO:teuthology.orchestra.run.smithi018.stderr:2024-05-10T03:40:19.740+0000 7f2a209e8700 1 -- 172.21.15.18:0/3997881565 <== mon.0 v2:172.21.15.18:3300/0 4 ==== mgrmap(e 13) v1 ==== 45612+0+0 (secure 0 0 0) 0x7f2a0c003bc0 con 0x7f2a1c0ff780
2024-05-10T03:40:19.952 INFO:teuthology.orchestra.run.smithi018.stderr:2024-05-10T03:40:19.740+0000 7f2a219ea700 1 -- 172.21.15.18:0/3997881565 --> [v2:172.21.15.18:3300/0,v1:172.21.15.18:6789/0] -- mon_command({"prefix": "get_command_descriptions"} v 0) v1 -- 0x7f2a1c105da0 con 0x7f2a1c0ff780
2024-05-10T03:40:19.952 INFO:teuthology.orchestra.run.smithi018.stderr:2024-05-10T03:40:19.740+0000 7f2a209e8700 1 --2- 172.21.15.18:0/3997881565 >> [v2:172.21.15.18:6800/2838471170,v1:172.21.15.18:6801/2838471170] conn(0x7f2a040387c0 0x7f2a0403ac80 unknown :-1 s=NONE pgs=0 cs=0 l=1 rev1=0 crypto rx=0 tx=0 comp rx=0 tx=0).connect
2024-05-10T03:40:19.952 INFO:teuthology.orchestra.run.smithi018.stderr:2024-05-10T03:40:19.740+0000 7f2a209e8700 1 -- 172.21.15.18:0/3997881565 <== mon.0 v2:172.21.15.18:3300/0 5 ==== osd_map(3..3 src has 1..3) v4 ==== 1155+0+0 (secure 0 0 0) 0x7f2a0c04c490 con 0x7f2a1c0ff780
2024-05-10T03:40:19.952 INFO:teuthology.orchestra.run.smithi018.stderr:2024-05-10T03:40:19.740+0000 7f2a1a7fc700 1 --2- 172.21.15.18:0/3997881565 >> [v2:172.21.15.18:6800/2838471170,v1:172.21.15.18:6801/2838471170] conn(0x7f2a040387c0 0x7f2a0403ac80 unknown :-1 s=BANNER_CONNECTING pgs=0 cs=0 l=1 rev1=0 crypto rx=0 tx=0 comp rx=0 tx=0)._handle_peer_banner_payload supported=3 required=0
2024-05-10T03:40:19.953 INFO:teuthology.orchestra.run.smithi018.stderr:2024-05-10T03:40:19.740+0000 7f2a1a7fc700 1 --2- 172.21.15.18:0/3997881565 >> [v2:172.21.15.18:6800/2838471170,v1:172.21.15.18:6801/2838471170] conn(0x7f2a040387c0 0x7f2a0403ac80 secure :-1 s=READY pgs=12 cs=0 l=1 rev1=1 crypto rx=0x7f2a10006fd0 tx=0x7f2a10006e40 comp rx=0 tx=0).ready entity=mgr.14162 client_cookie=0 server_cookie=0 in_seq=0 out_seq=0
2024-05-10T03:40:19.953 INFO:teuthology.orchestra.run.smithi018.stderr:2024-05-10T03:40:19.745+0000 7f2a209e8700 1 -- 172.21.15.18:0/3997881565 <== mon.0 v2:172.21.15.18:3300/0 6 ==== mon_command_ack([{"prefix": "get_command_descriptions"}]=0 v0) v1 ==== 72+0+183622 (secure 0 0 0) 0x7f2a0c029360 con 0x7f2a1c0ff780
2024-05-10T03:40:19.953 INFO:teuthology.orchestra.run.smithi018.stderr:2024-05-10T03:40:19.949+0000 7f2a219ea700 1 -- 172.21.15.18:0/3997881565 --> [v2:172.21.15.18:3300/0,v1:172.21.15.18:6789/0] -- mon_command([{prefix=config set, name=mgr/cephadm/allow_ptrace}] v 0) v1 -- 0x7f2a1c062520 con 0x7f2a1c0ff780
2024-05-10T03:40:19.956 INFO:teuthology.orchestra.run.smithi018.stderr:2024-05-10T03:40:19.953+0000 7f2a209e8700 1 -- 172.21.15.18:0/3997881565 <== mon.0 v2:172.21.15.18:3300/0 7 ==== mon_command_ack([{prefix=config set, name=mgr/cephadm/allow_ptrace}]=0 v9)=0 v9) v1 ==== 125+0+0 (secure 0 0 0) 0x7f2a0c026020 con 0x7f2a1c0ff780
2024-05-10T03:40:19.958 INFO:teuthology.orchestra.run.smithi018.stderr:2024-05-10T03:40:19.955+0000 7f2a219ea700 1 -- 172.21.15.18:0/3997881565 >> [v2:172.21.15.18:6800/2838471170,v1:172.21.15.18:6801/2838471170] conn(0x7f2a040387c0 msgr2=0x7f2a0403ac80 secure :-1 s=STATE_CONNECTION_ESTABLISHED l=1).mark_down
2024-05-10T03:40:19.959 INFO:teuthology.orchestra.run.smithi018.stderr:2024-05-10T03:40:19.955+0000 7f2a219ea700 1 --2- 172.21.15.18:0/3997881565 >> [v2:172.21.15.18:6800/2838471170,v1:172.21.15.18:6801/2838471170] conn(0x7f2a040387c0 0x7f2a0403ac80 secure :-1 s=READY pgs=12 cs=0 l=1 rev1=1 crypto rx=0x7f2a10006fd0 tx=0x7f2a10006e40 comp rx=0 tx=0).stop
2024-05-10T03:40:19.959 INFO:teuthology.orchestra.run.smithi018.stderr:2024-05-10T03:40:19.955+0000 7f2a219ea700 1 -- 172.21.15.18:0/3997881565 >> [v2:172.21.15.18:3300/0,v1:172.21.15.18:6789/0] conn(0x7f2a1c0ff780 msgr2=0x7f2a1c0fcb90 secure :-1 s=STATE_CONNECTION_ESTABLISHED l=1).mark_down
2024-05-10T03:40:19.959 INFO:teuthology.orchestra.run.smithi018.stderr:2024-05-10T03:40:19.955+0000 7f2a219ea700 1 --2- 172.21.15.18:0/3997881565 >> [v2:172.21.15.18:3300/0,v1:172.21.15.18:6789/0] conn(0x7f2a1c0ff780 0x7f2a1c0fcb90 secure :-1 s=READY pgs=91 cs=0 l=1 rev1=1 crypto rx=0x7f2a0c005950 tx=0x7f2a0c0057f0 comp rx=0 tx=0).stop
2024-05-10T03:40:19.959 INFO:teuthology.orchestra.run.smithi018.stderr:2024-05-10T03:40:19.955+0000 7f2a219ea700 1 -- 172.21.15.18:0/3997881565 shutdown_connections
2024-05-10T03:40:19.959 INFO:teuthology.orchestra.run.smithi018.stderr:2024-05-10T03:40:19.955+0000 7f2a219ea700 1 --2- 172.21.15.18:0/3997881565 >> [v2:172.21.15.18:6800/2838471170,v1:172.21.15.18:6801/2838471170] conn(0x7f2a040387c0 0x7f2a0403ac80 unknown :-1 s=CLOSED pgs=12 cs=0 l=1 rev1=1 crypto rx=0 tx=0 comp rx=0 tx=0).stop
2024-05-10T03:40:19.959 INFO:teuthology.orchestra.run.smithi018.stderr:2024-05-10T03:40:19.955+0000 7f2a219ea700 1 --2- 172.21.15.18:0/3997881565 >> [v2:172.21.15.18:3300/0,v1:172.21.15.18:6789/0] conn(0x7f2a1c0ff780 0x7f2a1c0fcb90 unknown :-1 s=CLOSED pgs=91 cs=0 l=1 rev1=1 crypto rx=0 tx=0 comp rx=0 tx=0).stop
2024-05-10T03:40:19.959 INFO:teuthology.orchestra.run.smithi018.stderr:2024-05-10T03:40:19.955+0000 7f2a219ea700 1 -- 172.21.15.18:0/3997881565 >> 172.21.15.18:0/3997881565 conn(0x7f2a1c0fad20 msgr2=0x7f2a1c068850 unknown :-1 s=STATE_NONE l=0).mark_down
2024-05-10T03:40:19.959 INFO:teuthology.orchestra.run.smithi018.stderr:2024-05-10T03:40:19.955+0000 7f2a219ea700 1 -- 172.21.15.18:0/3997881565 shutdown_connections
2024-05-10T03:40:19.959 INFO:teuthology.orchestra.run.smithi018.stderr:2024-05-10T03:40:19.955+0000 7f2a219ea700 1 -- 172.21.15.18:0/3997881565 wait complete.
2024-05-10T03:40:20.703 INFO:tasks.cephadm:Distributing conf and client.admin keyring to all hosts + 0755
2024-05-10T03:40:20.703 DEBUG:teuthology.orchestra.run.smithi018:> sudo /home/ubuntu/cephtest/cephadm --image quay.ceph.io/ceph-ci/ceph:reef shell -c /etc/ceph/ceph.conf -k /etc/ceph/ceph.client.admin.keyring --fsid b9228486-0e7e-11ef-bc98-c7b262605968 -- ceph orch client-keyring set client.admin '*' --mode 0755
2024-05-10T03:40:21.289 INFO:journalctl@ceph.mon.smithi018.smithi018.stdout:May 10 03:40:20 smithi018 ceph-mon[40044]: from='client.? 172.21.15.18:0/3997881565' entity='client.admin'
2024-05-10T03:40:21.367 INFO:teuthology.orchestra.run.smithi018.stderr:Inferring config /var/lib/ceph/b9228486-0e7e-11ef-bc98-c7b262605968/mon.smithi018/config
2024-05-10T03:40:22.412 INFO:journalctl@ceph.mon.smithi018.smithi018.stdout:May 10 03:40:22 smithi018 ceph-mon[40044]: from='mgr.14162 172.21.15.18:0/186499873' entity='mgr.smithi018.rslgjf'
2024-05-10T03:40:22.412 INFO:journalctl@ceph.mon.smithi018.smithi018.stdout:May 10 03:40:22 smithi018 ceph-mon[40044]: from='mgr.14162 172.21.15.18:0/186499873' entity='mgr.smithi018.rslgjf'
2024-05-10T03:40:22.412 INFO:journalctl@ceph.mon.smithi018.smithi018.stdout:May 10 03:40:22 smithi018 ceph-mon[40044]: from='mgr.14162 172.21.15.18:0/186499873' entity='mgr.smithi018.rslgjf' cmd=[{"prefix": "config rm", "who": "osd/host:smithi018", "name": "osd_memory_target"}]: dispatch
2024-05-10T03:40:22.412 INFO:journalctl@ceph.mon.smithi018.smithi018.stdout:May 10 03:40:22 smithi018 ceph-mon[40044]: from='mgr.14162 172.21.15.18:0/186499873' entity='mgr.smithi018.rslgjf'
2024-05-10T03:40:22.412 INFO:journalctl@ceph.mon.smithi018.smithi018.stdout:May 10 03:40:22 smithi018 ceph-mon[40044]: from='mgr.14162 172.21.15.18:0/186499873' entity='mgr.smithi018.rslgjf' cmd=[{"prefix": "auth get-or-create", "entity": "client.ceph-exporter.smithi018", "caps": ["mon", "profile ceph-exporter", "mon", "allow r", "mgr", "allow r", "osd", "allow r"]}]: dispatch
2024-05-10T03:40:22.412 INFO:journalctl@ceph.mon.smithi018.smithi018.stdout:May 10 03:40:22 smithi018 ceph-mon[40044]: from='mgr.14162 172.21.15.18:0/186499873' entity='mgr.smithi018.rslgjf' cmd='[{"prefix": "auth get-or-create", "entity": "client.ceph-exporter.smithi018", "caps": ["mon", "profile ceph-exporter", "mon", "allow r", "mgr", "allow r", "osd", "allow r"]}]': finished
2024-05-10T03:40:22.412 INFO:journalctl@ceph.mon.smithi018.smithi018.stdout:May 10 03:40:22 smithi018 ceph-mon[40044]: from='mgr.14162 172.21.15.18:0/186499873' entity='mgr.smithi018.rslgjf' cmd=[{"prefix": "config generate-minimal-conf"}]: dispatch
2024-05-10T03:40:22.412 INFO:journalctl@ceph.mon.smithi018.smithi018.stdout:May 10 03:40:22 smithi018 ceph-mon[40044]: Deploying daemon ceph-exporter.smithi018 on smithi018
2024-05-10T03:40:23.971 INFO:teuthology.orchestra.run.smithi018.stderr:2024-05-10T03:40:23.967+0000 7f2a3a241700 1 -- 172.21.15.18:0/653506643 >> [v2:172.21.15.18:3300/0,v1:172.21.15.18:6789/0] conn(0x7f2a34100880 msgr2=0x7f2a34100ca0 secure :-1 s=STATE_CONNECTION_ESTABLISHED l=1).mark_down
2024-05-10T03:40:23.971 INFO:teuthology.orchestra.run.smithi018.stderr:2024-05-10T03:40:23.967+0000 7f2a3a241700 1 --2- 172.21.15.18:0/653506643 >> [v2:172.21.15.18:3300/0,v1:172.21.15.18:6789/0] conn(0x7f2a34100880 0x7f2a34100ca0 secure :-1 s=READY pgs=92 cs=0 l=1 rev1=1 crypto rx=0x7f2a28009910 tx=0x7f2a28009c20 comp rx=0 tx=0).stop
2024-05-10T03:40:23.971 INFO:teuthology.orchestra.run.smithi018.stderr:2024-05-10T03:40:23.967+0000 7f2a3a241700 1 -- 172.21.15.18:0/653506643 shutdown_connections
2024-05-10T03:40:23.972 INFO:teuthology.orchestra.run.smithi018.stderr:2024-05-10T03:40:23.967+0000 7f2a3a241700 1 --2- 172.21.15.18:0/653506643 >> [v2:172.21.15.18:3300/0,v1:172.21.15.18:6789/0] conn(0x7f2a34100880 0x7f2a34100ca0 unknown :-1 s=CLOSED pgs=92 cs=0 l=1 rev1=1 crypto rx=0 tx=0 comp rx=0 tx=0).stop
2024-05-10T03:40:23.972 INFO:teuthology.orchestra.run.smithi018.stderr:2024-05-10T03:40:23.967+0000 7f2a3a241700 1 -- 172.21.15.18:0/653506643 >> 172.21.15.18:0/653506643 conn(0x7f2a340fbe20 msgr2=0x7f2a340fe260 unknown :-1 s=STATE_NONE l=0).mark_down
2024-05-10T03:40:23.972 INFO:teuthology.orchestra.run.smithi018.stderr:2024-05-10T03:40:23.967+0000 7f2a3a241700 1 -- 172.21.15.18:0/653506643 shutdown_connections
2024-05-10T03:40:23.972 INFO:teuthology.orchestra.run.smithi018.stderr:2024-05-10T03:40:23.967+0000 7f2a3a241700 1 -- 172.21.15.18:0/653506643 wait complete.
