2024-05-10T03:33:05.191 INFO:teuthology.orchestra.run.smithi045.stdout:/usr/bin/ceph: stderr
2024-05-10T03:33:04.588+0000 7f83bd7fa700 1 -- 172.21.15.45:0/1786840898 <== mon.0 v2:172.21.15.45:3300/0 2 ==== config(27 keys) v1 ==== 1108+0+0 (secure 0 0 0) 0x7f83b0003b20 con 0x7f83c0107520
2024-05-10T03:33:05.191 INFO:teuthology.orchestra.run.smithi045.stdout:/usr/bin/ceph: stderr
2024-05-10T03:33:04.588+0000 7f83c6446700 1 -- 172.21.15.45:0/1786840898 --> [v2:172.21.15.45:3300/0,v1:172.21.15.45:6789/0] -- mon_subscribe({mgrmap=0+}) v3 -- 0x7f83c019dfa0 con 0x7f83c0107520
2024-05-10T03:33:05.192 INFO:teuthology.orchestra.run.smithi045.stdout:/usr/bin/ceph: stderr
2024-05-10T03:33:04.588+0000 7f83bd7fa700 1 -- 172.21.15.45:0/1786840898 <== mon.0 v2:172.21.15.45:3300/0 3 ==== mon_map magic: 0 v1 ==== 205+0+0 (secure 0 0 0) 0x7f83b0024630 con 0x7f83c0107520
2024-05-10T03:33:05.192 INFO:teuthology.orchestra.run.smithi045.stdout:/usr/bin/ceph: stderr
2024-05-10T03:33:04.588+0000 7f83c6446700 1 -- 172.21.15.45:0/1786840898 --> [v2:172.21.15.45:3300/0,v1:172.21.15.45:6789/0] -- mon_subscribe({osdmap=0}) v3 -- 0x7f83c019e440 con 0x7f83c0107520
2024-05-10T03:33:05.192 INFO:teuthology.orchestra.run.smithi045.stdout:/usr/bin/ceph: stderr
2024-05-10T03:33:04.589+0000 7f83bd7fa700 1 -- 172.21.15.45:0/1786840898 <== mon.0 v2:172.21.15.45:3300/0 4 ==== mgrmap(e 7) v1 ==== 45435+0+0 (secure 0 0 0) 0x7f83b00248a0 con 0x7f83c0107520
2024-05-10T03:33:05.192 INFO:teuthology.orchestra.run.smithi045.stdout:/usr/bin/ceph: stderr
2024-05-10T03:33:04.589+0000 7f83c6446700 1 -- 172.21.15.45:0/1786840898 --> [v2:172.21.15.45:3300/0,v1:172.21.15.45:6789/0] -- mon_command({"prefix": "get_command_descriptions"} v 0) v1 -- 0x7f83c0197760 con 0x7f83c0107520
2024-05-10T03:33:05.192 INFO:teuthology.orchestra.run.smithi045.stdout:/usr/bin/ceph: stderr
2024-05-10T03:33:04.590+0000 7f83bd7fa700 1 --2- 172.21.15.45:0/1786840898 >> [v2:172.21.15.45:6800/485502847,v1:172.21.15.45:6801/485502847] conn(0x7f83a80386e0 0x7f83a803abf0 unknown :-1 s=NONE pgs=0 cs=0 l=1 rev1=0 crypto rx=0 tx=0 comp rx=0 tx=0).connect
2024-05-10T03:33:05.192 INFO:teuthology.orchestra.run.smithi045.stdout:/usr/bin/ceph: stderr
2024-05-10T03:33:04.590+0000 7f83bd7fa700 1 -- 172.21.15.45:0/1786840898 <== mon.0 v2:172.21.15.45:3300/0 5 ==== osd_map(2..2 src has 1..2) v4 ==== 940+0+0 (secure 0 0 0) 0x7f83b004c3f0 con 0x7f83c0107520
2024-05-10T03:33:05.192 INFO:teuthology.orchestra.run.smithi045.stdout:/usr/bin/ceph: stderr
2024-05-10T03:33:04.590+0000 7f83bf7fe700 1 --2- 172.21.15.45:0/1786840898 >> [v2:172.21.15.45:6800/485502847,v1:172.21.15.45:6801/485502847] conn(0x7f83a80386e0 0x7f83a803abf0 unknown :-1 s=BANNER_CONNECTING pgs=0 cs=0 l=1 rev1=0 crypto rx=0 tx=0 comp rx=0 tx=0)._handle_peer_banner_payload supported=3 required=0
2024-05-10T03:33:05.192 INFO:teuthology.orchestra.run.smithi045.stdout:/usr/bin/ceph: stderr
2024-05-10T03:33:04.590+0000 7f83bf7fe700 1 --2- 172.21.15.45:0/1786840898 >> [v2:172.21.15.45:6800/485502847,v1:172.21.15.45:6801/485502847] conn(0x7f83a80386e0 0x7f83a803abf0 secure :-1 s=READY pgs=7 cs=0 l=1 rev1=1 crypto rx=0x7f83b4006fd0 tx=0x7f83b4006e40 comp rx=0 tx=0).ready entity=mgr.14120 client_cookie=0 server_cookie=0 in_seq=0 out_seq=0
2024-05-10T03:33:05.192 INFO:teuthology.orchestra.run.smithi045.stdout:/usr/bin/ceph: stderr
2024-05-10T03:33:04.595+0000 7f83bd7fa700 1 -- 172.21.15.45:0/1786840898 <== mon.0 v2:172.21.15.45:3300/0 6 ==== mon_command_ack([{"prefix": "get_command_descriptions"}]=0 v0) v1 ==== 72+0+183622 (secure 0 0 0) 0x7f83b0024b50 con 0x7f83c0107520
2024-05-10T03:33:05.192 INFO:teuthology.orchestra.run.smithi045.stdout:/usr/bin/ceph: stderr
2024-05-10T03:33:04.826+0000 7f83c6446700 1 -- 172.21.15.45:0/1786840898 --> [v2:172.21.15.45:6800/485502847,v1:172.21.15.45:6801/485502847] -- mgr_command(tid 0: {"prefix": "orch set backend", "module_name": "cephadm", "target": ["mon-mgr", ""]}) v1 -- 0x7f83c002d020 con 0x7f83a80386e0
2024-05-10T03:33:05.192 INFO:teuthology.orchestra.run.smithi045.stdout:/usr/bin/ceph: stderr
2024-05-10T03:33:04.837+0000 7f83bd7fa700 1 -- 172.21.15.45:0/1786840898 <== mgr.14120 v2:172.21.15.45:6800/485502847 1 ==== mgr_command_reply(tid 0: 0 ) v1 ==== 8+0+0 (secure 0 0 0) 0x7f83c002d020 con 0x7f83a80386e0
2024-05-10T03:33:05.192 INFO:teuthology.orchestra.run.smithi045.stdout:/usr/bin/ceph: stderr
2024-05-10T03:33:04.839+0000 7f83c6446700 1 -- 172.21.15.45:0/1786840898 >> [v2:172.21.15.45:6800/485502847,v1:172.21.15.45:6801/485502847] conn(0x7f83a80386e0 msgr2=0x7f83a803abf0 secure :-1 s=STATE_CONNECTION_ESTABLISHED l=1).mark_down
2024-05-10T03:33:05.192 INFO:teuthology.orchestra.run.smithi045.stdout:/usr/bin/ceph: stderr
2024-05-10T03:33:04.839+0000 7f83c6446700 1 --2- 172.21.15.45:0/1786840898 >> [v2:172.21.15.45:6800/485502847,v1:172.21.15.45:6801/485502847] conn(0x7f83a80386e0 0x7f83a803abf0 secure :-1 s=READY pgs=7 cs=0 l=1 rev1=1 crypto rx=0x7f83b4006fd0 tx=0x7f83b4006e40 comp rx=0 tx=0).stop
2024-05-10T03:33:05.193 INFO:teuthology.orchestra.run.smithi045.stdout:/usr/bin/ceph: stderr
2024-05-10T03:33:04.839+0000 7f83c6446700 1 -- 172.21.15.45:0/1786840898 >> [v2:172.21.15.45:3300/0,v1:172.21.15.45:6789/0] conn(0x7f83c0107520 msgr2=0x7f83c019d860 secure :-1 s=STATE_CONNECTION_ESTABLISHED l=1).mark_down
2024-05-10T03:33:05.193 INFO:teuthology.orchestra.run.smithi045.stdout:/usr/bin/ceph: stderr
2024-05-10T03:33:04.839+0000 7f83c6446700 1 --2- 172.21.15.45:0/1786840898 >> [v2:172.21.15.45:3300/0,v1:172.21.15.45:6789/0] conn(0x7f83c0107520 0x7f83c019d860 secure :-1 s=READY pgs=38 cs=0 l=1 rev1=1 crypto rx=0x7f83b0011a70 tx=0x7f83b0011b50 comp rx=0 tx=0).stop
2024-05-10T03:33:05.193 INFO:teuthology.orchestra.run.smithi045.stdout:/usr/bin/ceph: stderr
2024-05-10T03:33:04.840+0000 7f83c6446700 1 -- 172.21.15.45:0/1786840898 shutdown_connections
2024-05-10T03:33:05.193 INFO:teuthology.orchestra.run.smithi045.stdout:/usr/bin/ceph: stderr
2024-05-10T03:33:04.840+0000 7f83c6446700 1 --2- 172.21.15.45:0/1786840898 >> [v2:172.21.15.45:6800/485502847,v1:172.21.15.45:6801/485502847] conn(0x7f83a80386e0 0x7f83a803abf0 unknown :-1 s=CLOSED pgs=7 cs=0 l=1 rev1=1 crypto rx=0 tx=0 comp rx=0 tx=0).stop
2024-05-10T03:33:05.193 INFO:teuthology.orchestra.run.smithi045.stdout:/usr/bin/ceph: stderr
2024-05-10T03:33:04.840+0000 7f83c6446700 1 --2- 172.21.15.45:0/1786840898 >> [v2:172.21.15.45:3300/0,v1:172.21.15.45:6789/0] conn(0x7f83c0107520 0x7f83c019d860 unknown :-1 s=CLOSED pgs=38 cs=0 l=1 rev1=1 crypto rx=0 tx=0 comp rx=0 tx=0).stop
2024-05-10T03:33:05.193 INFO:teuthology.orchestra.run.smithi045.stdout:/usr/bin/ceph: stderr
2024-05-10T03:33:04.840+0000 7f83c6446700 1 -- 172.21.15.45:0/1786840898 >> 172.21.15.45:0/1786840898 conn(0x7f83c0102b40 msgr2=0x7f83c007b1d0 unknown :-1 s=STATE_NONE l=0).mark_down
2024-05-10T03:33:05.193 INFO:teuthology.orchestra.run.smithi045.stdout:/usr/bin/ceph: stderr
2024-05-10T03:33:04.840+0000 7f83c6446700 1 -- 172.21.15.45:0/1786840898 shutdown_connections
2024-05-10T03:33:05.193 INFO:teuthology.orchestra.run.smithi045.stdout:/usr/bin/ceph: stderr
2024-05-10T03:33:04.840+0000 7f83c6446700 1 -- 172.21.15.45:0/1786840898 wait complete.
2024-05-10T03:33:06.097 INFO:journalctl@ceph.mon.a.smithi045.stdout:May 10 03:33:05 smithi045 ceph-mon[42520]: from='client.14132 -' entity='client.admin' cmd=[{"prefix": "orch set backend", "module_name": "cephadm", "target": ["mon-mgr", ""]}]: dispatch
2024-05-10T03:33:06.097 INFO:journalctl@ceph.mon.a.smithi045.stdout:May 10 03:33:05 smithi045 ceph-mon[42520]: mgrmap e8: x(active, since 2s)
2024-05-10T03:33:06.172 INFO:teuthology.orchestra.run.smithi045.stdout:/usr/bin/ceph: stdout value unchanged
2024-05-10T03:33:06.172 INFO:teuthology.orchestra.run.smithi045.stdout:/usr/bin/ceph: stderr
2024-05-10T03:33:05.589+0000 7f89ace4b700 1 Processor -- start
2024-05-10T03:33:06.172 INFO:teuthology.orchestra.run.smithi045.stdout:/usr/bin/ceph: stderr
2024-05-10T03:33:05.589+0000 7f89ace4b700 1 -- start start
2024-05-10T03:33:06.172 INFO:teuthology.orchestra.run.smithi045.stdout:/usr/bin/ceph: stderr
2024-05-10T03:33:05.589+0000 7f89ace4b700 1 --2- >> [v2:172.21.15.45:3300/0,v1:172.21.15.45:6789/0] conn(0x7f89a8107520 0x7f89a8107930 unknown :-1 s=NONE pgs=0 cs=0 l=0 rev1=0 crypto rx=0 tx=0 comp rx=0 tx=0).connect
2024-05-10T03:33:06.172 INFO:teuthology.orchestra.run.smithi045.stdout:/usr/bin/ceph: stderr
2024-05-10T03:33:05.589+0000 7f89ace4b700 1 -- --> [v2:172.21.15.45:3300/0,v1:172.21.15.45:6789/0] -- mon_getmap magic: 0 v1 -- 0x7f89a8107f20 con 0x7f89a8107520
2024-05-10T03:33:06.173 INFO:teuthology.orchestra.run.smithi045.stdout:/usr/bin/ceph: stderr
2024-05-10T03:33:05.589+0000 7f89a659c700 1 --2- >> [v2:172.21.15.45:3300/0,v1:172.21.15.45:6789/0] conn(0x7f89a8107520 0x7f89a8107930 unknown :-1 s=BANNER_CONNECTING pgs=0 cs=0 l=0 rev1=0 crypto rx=0 tx=0 comp rx=0 tx=0)._handle_peer_banner_payload supported=3 required=0
2024-05-10T03:33:06.173 INFO:teuthology.orchestra.run.smithi045.stdout:/usr/bin/ceph: stderr
2024-05-10T03:33:05.589+0000 7f89a659c700 1 --2- >> [v2:172.21.15.45:3300/0,v1:172.21.15.45:6789/0] conn(0x7f89a8107520 0x7f89a8107930 unknown :-1 s=HELLO_CONNECTING pgs=0 cs=0 l=0 rev1=1 crypto rx=0 tx=0 comp rx=0 tx=0).handle_hello peer v2:172.21.15.45:3300/0 says I am v2:172.21.15.45:49986/0 (socket says 172.21.15.45:49986)
2024-05-10T03:33:06.173 INFO:teuthology.orchestra.run.smithi045.stdout:/usr/bin/ceph: stderr
2024-05-10T03:33:05.589+0000 7f89a659c700 1 -- 172.21.15.45:0/992064777 learned_addr learned my addr 172.21.15.45:0/992064777 (peer_addr_for_me v2:172.21.15.45:0/0)
2024-05-10T03:33:06.173 INFO:teuthology.orchestra.run.smithi045.stdout:/usr/bin/ceph: stderr
2024-05-10T03:33:05.590+0000 7f89a659c700 1 -- 172.21.15.45:0/992064777 --> [v2:172.21.15.45:3300/0,v1:172.21.15.45:6789/0] -- mon_subscribe({config=0+,monmap=0+}) v3 -- 0x7f89a8108650 con 0x7f89a8107520
2024-05-10T03:33:06.173 INFO:teuthology.orchestra.run.smithi045.stdout:/usr/bin/ceph: stderr
2024-05-10T03:33:05.590+0000 7f89a659c700 1 --2- 172.21.15.45:0/992064777 >> [v2:172.21.15.45:3300/0,v1:172.21.15.45:6789/0] conn(0x7f89a8107520 0x7f89a8107930 secure :-1 s=READY pgs=39 cs=0 l=1 rev1=1 crypto rx=0x7f89980098a0 tx=0x7f8998009bb0 comp rx=0 tx=0).ready entity=mon.0 client_cookie=f7b9607077f34242 server_cookie=0 in_seq=0 out_seq=0
2024-05-10T03:33:06.173 INFO:teuthology.orchestra.run.smithi045.stdout:/usr/bin/ceph: stderr
2024-05-10T03:33:05.590+0000 7f89a559a700 1 -- 172.21.15.45:0/992064777 <== mon.0 v2:172.21.15.45:3300/0 1 ==== mon_map magic: 0 v1 ==== 205+0+0 (secure 0 0 0) 0x7f8998004160 con 0x7f89a8107520
2024-05-10T03:33:06.173 INFO:teuthology.orchestra.run.smithi045.stdout:/usr/bin/ceph: stderr
2024-05-10T03:33:05.590+0000 7f89a559a700 1 -- 172.21.15.45:0/992064777 <== mon.0 v2:172.21.15.45:3300/0 2 ==== config(27 keys) v1 ==== 1108+0+0 (secure 0 0 0) 0x7f89980042c0 con 0x7f89a8107520
2024-05-10T03:33:06.173 INFO:teuthology.orchestra.run.smithi045.stdout:/usr/bin/ceph: stderr
2024-05-10T03:33:05.590+0000 7f89a559a700 1 -- 172.21.15.45:0/992064777 <== mon.0 v2:172.21.15.45:3300/0 3 ==== mon_map magic: 0 v1 ==== 205+0+0 (secure 0 0 0) 0x7f8998011ac0 con 0x7f89a8107520
2024-05-10T03:33:06.173 INFO:teuthology.orchestra.run.smithi045.stdout:/usr/bin/ceph: stderr
2024-05-10T03:33:05.591+0000 7f89ace4b700 1 -- 172.21.15.45:0/992064777 >> [v2:172.21.15.45:3300/0,v1:172.21.15.45:6789/0] conn(0x7f89a8107520 msgr2=0x7f89a8107930 secure :-1 s=STATE_CONNECTION_ESTABLISHED l=1).mark_down
2024-05-10T03:33:06.173 INFO:teuthology.orchestra.run.smithi045.stdout:/usr/bin/ceph: stderr
2024-05-10T03:33:05.591+0000 7f89ace4b700 1 --2- 172.21.15.45:0/992064777 >> [v2:172.21.15.45:3300/0,v1:172.21.15.45:6789/0] conn(0x7f89a8107520 0x7f89a8107930 secure :-1 s=READY pgs=39 cs=0 l=1 rev1=1 crypto rx=0x7f89980098a0 tx=0x7f8998009bb0 comp rx=0 tx=0).stop
2024-05-10T03:33:06.173 INFO:teuthology.orchestra.run.smithi045.stdout:/usr/bin/ceph: stderr
2024-05-10T03:33:05.591+0000 7f89ace4b700 1 -- 172.21.15.45:0/992064777 shutdown_connections
2024-05-10T03:33:06.173 INFO:teuthology.orchestra.run.smithi045.stdout:/usr/bin/ceph: stderr
2024-05-10T03:33:05.591+0000 7f89ace4b700 1 --2- 172.21.15.45:0/992064777 >> [v2:172.21.15.45:3300/0,v1:172.21.15.45:6789/0] conn(0x7f89a8107520 0x7f89a8107930 unknown :-1 s=CLOSED pgs=39 cs=0 l=1 rev1=1 crypto rx=0 tx=0 comp rx=0 tx=0).stop
2024-05-10T03:33:06.173 INFO:teuthology.orchestra.run.smithi045.stdout:/usr/bin/ceph: stderr
2024-05-10T03:33:05.591+0000 7f89ace4b700 1 -- 172.21.15.45:0/992064777 >> 172.21.15.45:0/992064777 conn(0x7f89a8102b40 msgr2=0x7f89a8105010 unknown :-1 s=STATE_NONE l=0).mark_down
2024-05-10T03:33:06.173 INFO:teuthology.orchestra.run.smithi045.stdout:/usr/bin/ceph: stderr
2024-05-10T03:33:05.591+0000 7f89ace4b700 1 -- 172.21.15.45:0/992064777 shutdown_connections
2024-05-10T03:33:06.174 INFO:teuthology.orchestra.run.smithi045.stdout:/usr/bin/ceph: stderr
2024-05-10T03:33:05.591+0000 7f89ace4b700 1 -- 172.21.15.45:0/992064777 wait complete.
2024-05-10T03:33:06.174 INFO:teuthology.orchestra.run.smithi045.stdout:/usr/bin/ceph: stderr
2024-05-10T03:33:05.592+0000 7f89ace4b700 1 Processor -- start
2024-05-10T03:33:06.174 INFO:teuthology.orchestra.run.smithi045.stdout:/usr/bin/ceph: stderr
2024-05-10T03:33:05.592+0000 7f89ace4b700 1 -- start start
2024-05-10T03:33:06.174 INFO:teuthology.orchestra.run.smithi045.stdout:/usr/bin/ceph: stderr
2024-05-10T03:33:05.592+0000 7f89ace4b700 1 --2- >> [v2:172.21.15.45:3300/0,v1:172.21.15.45:6789/0] conn(0x7f89a8107520 0x7f89a807c9f0 unknown :-1 s=NONE pgs=0 cs=0 l=1 rev1=0 crypto rx=0 tx=0 comp rx=0 tx=0).connect
2024-05-10T03:33:06.174 INFO:teuthology.orchestra.run.smithi045.stdout:/usr/bin/ceph: stderr
2024-05-10T03:33:05.592+0000 7f89ace4b700 1 -- --> [v2:172.21.15.45:3300/0,v1:172.21.15.45:6789/0] -- mon_getmap magic: 0 v1 -- 0x7f89a807cf30 con 0x7f89a8107520
2024-05-10T03:33:06.174 INFO:teuthology.orchestra.run.smithi045.stdout:/usr/bin/ceph: stderr
2024-05-10T03:33:05.592+0000 7f89a659c700 1 --2- >> [v2:172.21.15.45:3300/0,v1:172.21.15.45:6789/0] conn(0x7f89a8107520 0x7f89a807c9f0 unknown :-1 s=BANNER_CONNECTING pgs=0 cs=0 l=1 rev1=0 crypto rx=0 tx=0 comp rx=0 tx=0)._handle_peer_banner_payload supported=3 required=0
2024-05-10T03:33:06.174 INFO:teuthology.orchestra.run.smithi045.stdout:/usr/bin/ceph: stderr
2024-05-10T03:33:05.593+0000 7f89a659c700 1 --2- >> [v2:172.21.15.45:3300/0,v1:172.21.15.45:6789/0] conn(0x7f89a8107520 0x7f89a807c9f0 unknown :-1 s=HELLO_CONNECTING pgs=0 cs=0 l=1 rev1=1 crypto rx=0 tx=0 comp rx=0 tx=0).handle_hello peer v2:172.21.15.45:3300/0 says I am v2:172.21.15.45:49994/0 (socket says 172.21.15.45:49994)
2024-05-10T03:33:06.174 INFO:teuthology.orchestra.run.smithi045.stdout:/usr/bin/ceph: stderr
2024-05-10T03:33:05.593+0000 7f89a659c700 1 -- 172.21.15.45:0/1900424847 learned_addr learned my addr 172.21.15.45:0/1900424847 (peer_addr_for_me v2:172.21.15.45:0/0)
2024-05-10T03:33:06.174 INFO:teuthology.orchestra.run.smithi045.stdout:/usr/bin/ceph: stderr
2024-05-10T03:33:05.593+0000 7f89a659c700 1 -- 172.21.15.45:0/1900424847 --> [v2:172.21.15.45:3300/0,v1:172.21.15.45:6789/0] -- mon_subscribe({config=0+,monmap=0+}) v3 -- 0x7f8998009550 con 0x7f89a8107520
2024-05-10T03:33:06.174 INFO:teuthology.orchestra.run.smithi045.stdout:/usr/bin/ceph: stderr
2024-05-10T03:33:05.593+0000 7f89a659c700 1 --2- 172.21.15.45:0/1900424847 >> [v2:172.21.15.45:3300/0,v1:172.21.15.45:6789/0] conn(0x7f89a8107520 0x7f89a807c9f0 secure :-1 s=READY pgs=40 cs=0 l=1 rev1=1 crypto rx=0x7f8998009fb0 tx=0x7f8998011b20 comp rx=0 tx=0).ready entity=mon.0 client_cookie=0 server_cookie=0 in_seq=0 out_seq=0
2024-05-10T03:33:06.174 INFO:teuthology.orchestra.run.smithi045.stdout:/usr/bin/ceph: stderr
2024-05-10T03:33:05.593+0000 7f89977fe700 1 -- 172.21.15.45:0/1900424847 <== mon.0 v2:172.21.15.45:3300/0 1 ==== mon_map magic: 0 v1 ==== 205+0+0 (secure 0 0 0) 0x7f89980038b0 con 0x7f89a8107520
2024-05-10T03:33:06.174 INFO:teuthology.orchestra.run.smithi045.stdout:/usr/bin/ceph: stderr
2024-05-10T03:33:05.593+0000 7f89977fe700 1 -- 172.21.15.45:0/1900424847 <== mon.0 v2:172.21.15.45:3300/0 2 ==== config(27 keys) v1 ==== 1108+0+0 (secure 0 0 0) 0x7f8998003a10 con 0x7f89a8107520
2024-05-10T03:33:06.174 INFO:teuthology.orchestra.run.smithi045.stdout:/usr/bin/ceph: stderr
2024-05-10T03:33:05.593+0000 7f89ace4b700 1 -- 172.21.15.45:0/1900424847 --> [v2:172.21.15.45:3300/0,v1:172.21.15.45:6789/0] -- mon_subscribe({mgrmap=0+}) v3 -- 0x7f89a807b180 con 0x7f89a8107520
2024-05-10T03:33:06.175 INFO:teuthology.orchestra.run.smithi045.stdout:/usr/bin/ceph: stderr
2024-05-10T03:33:05.593+0000 7f89977fe700 1 -- 172.21.15.45:0/1900424847 <== mon.0 v2:172.21.15.45:3300/0 3 ==== mon_map magic: 0 v1 ==== 205+0+0 (secure 0 0 0) 0x7f89980195e0 con 0x7f89a8107520
2024-05-10T03:33:06.175 INFO:teuthology.orchestra.run.smithi045.stdout:/usr/bin/ceph: stderr
2024-05-10T03:33:05.593+0000 7f89ace4b700 1 -- 172.21.15.45:0/1900424847 --> [v2:172.21.15.45:3300/0,v1:172.21.15.45:6789/0] -- mon_subscribe({osdmap=0}) v3 -- 0x7f89a807b620 con 0x7f89a8107520
2024-05-10T03:33:06.175 INFO:teuthology.orchestra.run.smithi045.stdout:/usr/bin/ceph: stderr
2024-05-10T03:33:05.594+0000 7f89977fe700 1 -- 172.21.15.45:0/1900424847 <== mon.0 v2:172.21.15.45:3300/0 4 ==== mgrmap(e 7) v1 ==== 45435+0+0 (secure 0 0 0) 0x7f8998019850 con 0x7f89a8107520
2024-05-10T03:33:06.175 INFO:teuthology.orchestra.run.smithi045.stdout:/usr/bin/ceph: stderr
2024-05-10T03:33:05.594+0000 7f89ace4b700 1 -- 172.21.15.45:0/1900424847 --> [v2:172.21.15.45:3300/0,v1:172.21.15.45:6789/0] -- mon_command({"prefix": "get_command_descriptions"} v 0) v1 -- 0x7f89a8062840 con 0x7f89a8107520
2024-05-10T03:33:06.175 INFO:teuthology.orchestra.run.smithi045.stdout:/usr/bin/ceph: stderr
2024-05-10T03:33:05.594+0000 7f89977fe700 1 --2- 172.21.15.45:0/1900424847 >> [v2:172.21.15.45:6800/485502847,v1:172.21.15.45:6801/485502847] conn(0x7f89900386a0 0x7f899003abb0 unknown :-1 s=NONE pgs=0 cs=0 l=1 rev1=0 crypto rx=0 tx=0 comp rx=0 tx=0).connect
2024-05-10T03:33:06.175 INFO:teuthology.orchestra.run.smithi045.stdout:/usr/bin/ceph: stderr
2024-05-10T03:33:05.594+0000 7f89977fe700 1 -- 172.21.15.45:0/1900424847 <== mon.0 v2:172.21.15.45:3300/0 5 ==== osd_map(2..2 src has 1..2) v4 ==== 940+0+0 (secure 0 0 0) 0x7f899804c640 con 0x7f89a8107520
2024-05-10T03:33:06.175 INFO:teuthology.orchestra.run.smithi045.stdout:/usr/bin/ceph: stderr
2024-05-10T03:33:05.595+0000 7f89a5d9b700 1 --2- 172.21.15.45:0/1900424847 >> [v2:172.21.15.45:6800/485502847,v1:172.21.15.45:6801/485502847] conn(0x7f89900386a0 0x7f899003abb0 unknown :-1 s=BANNER_CONNECTING pgs=0 cs=0 l=1 rev1=0 crypto rx=0 tx=0 comp rx=0 tx=0)._handle_peer_banner_payload supported=3 required=0
2024-05-10T03:33:06.175 INFO:teuthology.orchestra.run.smithi045.stdout:/usr/bin/ceph: stderr
2024-05-10T03:33:05.595+0000 7f89a5d9b700 1 --2- 172.21.15.45:0/1900424847 >> [v2:172.21.15.45:6800/485502847,v1:172.21.15.45:6801/485502847] conn(0x7f89900386a0 0x7f899003abb0 secure :-1 s=READY pgs=8 cs=0 l=1 rev1=1 crypto rx=0x7f899c006fd0 tx=0x7f899c006e40 comp rx=0 tx=0).ready entity=mgr.14120 client_cookie=0 server_cookie=0 in_seq=0 out_seq=0
2024-05-10T03:33:06.175 INFO:teuthology.orchestra.run.smithi045.stdout:/usr/bin/ceph: stderr
2024-05-10T03:33:05.600+0000 7f89977fe700 1 -- 172.21.15.45:0/1900424847 <== mon.0 v2:172.21.15.45:3300/0 6 ==== mon_command_ack([{"prefix": "get_command_descriptions"}]=0 v0) v1 ==== 72+0+183622 (secure 0 0 0) 0x7f899802b340 con 0x7f89a8107520
2024-05-10T03:33:06.175 INFO:teuthology.orchestra.run.smithi045.stdout:/usr/bin/ceph: stderr
2024-05-10T03:33:05.813+0000 7f89ace4b700 1 -- 172.21.15.45:0/1900424847 --> [v2:172.21.15.45:6800/485502847,v1:172.21.15.45:6801/485502847] -- mgr_command(tid 0: {"prefix": "cephadm set-user", "user": "root", "target": ["mon-mgr", ""]}) v1 -- 0x7f89a807bae0 con 0x7f89900386a0
2024-05-10T03:33:06.175 INFO:teuthology.orchestra.run.smithi045.stdout:/usr/bin/ceph: stderr
2024-05-10T03:33:05.814+0000 7f89977fe700 1 -- 172.21.15.45:0/1900424847 <== mgr.14120 v2:172.21.15.45:6800/485502847 1 ==== mgr_command_reply(tid 0: 0 ) v1 ==== 8+0+16 (secure 0 0 0) 0x7f89a807bae0 con 0x7f89900386a0
2024-05-10T03:33:06.175 INFO:teuthology.orchestra.run.smithi045.stdout:/usr/bin/ceph: stderr
2024-05-10T03:33:05.816+0000 7f89ace4b700 1 -- 172.21.15.45:0/1900424847 >> [v2:172.21.15.45:6800/485502847,v1:172.21.15.45:6801/485502847] conn(0x7f89900386a0 msgr2=0x7f899003abb0 secure :-1 s=STATE_CONNECTION_ESTABLISHED l=1).mark_down
2024-05-10T03:33:06.175 INFO:teuthology.orchestra.run.smithi045.stdout:/usr/bin/ceph: stderr
2024-05-10T03:33:05.816+0000 7f89ace4b700 1 --2- 172.21.15.45:0/1900424847 >> [v2:172.21.15.45:6800/485502847,v1:172.21.15.45:6801/485502847] conn(0x7f89900386a0 0x7f899003abb0 secure :-1 s=READY pgs=8 cs=0 l=1 rev1=1 crypto rx=0x7f899c006fd0 tx=0x7f899c006e40 comp rx=0 tx=0).stop
2024-05-10T03:33:06.176 INFO:teuthology.orchestra.run.smithi045.stdout:/usr/bin/ceph: stderr
2024-05-10T03:33:05.816+0000 7f89ace4b700 1 -- 172.21.15.45:0/1900424847 >> [v2:172.21.15.45:3300/0,v1:172.21.15.45:6789/0] conn(0x7f89a8107520 msgr2=0x7f89a807c9f0 secure :-1 s=STATE_CONNECTION_ESTABLISHED l=1).mark_down
2024-05-10T03:33:06.177 INFO:teuthology.orchestra.run.smithi045.stdout:/usr/bin/ceph: stderr
2024-05-10T03:33:05.816+0000 7f89ace4b700 1 --2- 172.21.15.45:0/1900424847 >> [v2:172.21.15.45:3300/0,v1:172.21.15.45:6789/0] conn(0x7f89a8107520 0x7f89a807c9f0 secure :-1 s=READY pgs=40 cs=0 l=1 rev1=1 crypto rx=0x7f8998009fb0 tx=0x7f8998011b20 comp rx=0 tx=0).stop
2024-05-10T03:33:06.177 INFO:teuthology.orchestra.run.smithi045.stdout:/usr/bin/ceph: stderr
2024-05-10T03:33:05.816+0000 7f89ace4b700 1 -- 172.21.15.45:0/1900424847 shutdown_connections
2024-05-10T03:33:06.177 INFO:teuthology.orchestra.run.smithi045.stdout:/usr/bin/ceph: stderr
2024-05-10T03:33:05.816+0000 7f89ace4b700 1 --2- 172.21.15.45:0/1900424847 >> [v2:172.21.15.45:6800/485502847,v1:172.21.15.45:6801/485502847] conn(0x7f89900386a0 0x7f899003abb0 unknown :-1 s=CLOSED pgs=8 cs=0 l=1 rev1=1 crypto rx=0 tx=0 comp rx=0 tx=0).stop
2024-05-10T03:33:06.177 INFO:teuthology.orchestra.run.smithi045.stdout:/usr/bin/ceph: stderr
2024-05-10T03:33:05.816+0000 7f89ace4b700 1 --2- 172.21.15.45:0/1900424847 >> [v2:172.21.15.45:3300/0,v1:172.21.15.45:6789/0] conn(0x7f89a8107520 0x7f89a807c9f0 unknown :-1 s=CLOSED pgs=40 cs=0 l=1 rev1=1 crypto rx=0 tx=0 comp rx=0 tx=0).stop
2024-05-10T03:33:06.177 INFO:teuthology.orchestra.run.smithi045.stdout:/usr/bin/ceph: stderr
2024-05-10T03:33:05.817+0000 7f89ace4b700 1 -- 172.21.15.45:0/1900424847 >> 172.21.15.45:0/1900424847 conn(0x7f89a8102b40 msgr2=0x7f89a8103490 unknown :-1 s=STATE_NONE l=0).mark_down
2024-05-10T03:33:06.177 INFO:teuthology.orchestra.run.smithi045.stdout:/usr/bin/ceph: stderr
2024-05-10T03:33:05.817+0000 7f89ace4b700 1 -- 172.21.15.45:0/1900424847 shutdown_connections
2024-05-10T03:33:06.177 INFO:teuthology.orchestra.run.smithi045.stdout:/usr/bin/ceph: stderr
2024-05-10T03:33:05.817+0000 7f89ace4b700 1 -- 172.21.15.45:0/1900424847 wait complete.
2024-05-10T03:33:06.177 INFO:teuthology.orchestra.run.smithi045.stdout:Generating ssh key...
2024-05-10T03:33:07.157 INFO:journalctl@ceph.mon.a.smithi045.stdout:May 10 03:33:06 smithi045 ceph-mon[42520]: from='client.14134 -' entity='client.admin' cmd=[{"prefix": "cephadm set-user", "user": "root", "target": ["mon-mgr", ""]}]: dispatch
2024-05-10T03:33:07.157 INFO:journalctl@ceph.mgr.x.smithi045.stdout:May 10 03:33:06 smithi045 ceph-d2a0bafa-0e7d-11ef-bc98-c7b262605968-mgr-x[42769]: Generating public/private rsa key pair.
2024-05-10T03:33:07.157 INFO:journalctl@ceph.mgr.x.smithi045.stdout:May 10 03:33:06 smithi045 ceph-d2a0bafa-0e7d-11ef-bc98-c7b262605968-mgr-x[42769]: Your identification has been saved in /tmp/tmpalunwvrr/key.
2024-05-10T03:33:07.157 INFO:journalctl@ceph.mgr.x.smithi045.stdout:May 10 03:33:06 smithi045 ceph-d2a0bafa-0e7d-11ef-bc98-c7b262605968-mgr-x[42769]: Your public key has been saved in /tmp/tmpalunwvrr/key.pub.
2024-05-10T03:33:07.157 INFO:journalctl@ceph.mgr.x.smithi045.stdout:May 10 03:33:06 smithi045 ceph-d2a0bafa-0e7d-11ef-bc98-c7b262605968-mgr-x[42769]: The key fingerprint is:
2024-05-10T03:33:07.157 INFO:journalctl@ceph.mgr.x.smithi045.stdout:May 10 03:33:06 smithi045 ceph-d2a0bafa-0e7d-11ef-bc98-c7b262605968-mgr-x[42769]: SHA256:t1X28nCOGZvt2ZSfdomNIolupw7UhegJPKN7ryfBAGM ceph-d2a0bafa-0e7d-11ef-bc98-c7b262605968
2024-05-10T03:33:07.157 INFO:journalctl@ceph.mgr.x.smithi045.stdout:May 10 03:33:06 smithi045 ceph-d2a0bafa-0e7d-11ef-bc98-c7b262605968-mgr-x[42769]: The key's randomart image is:
2024-05-10T03:33:07.157 INFO:journalctl@ceph.mgr.x.smithi045.stdout:May 10 03:33:06 smithi045 ceph-d2a0bafa-0e7d-11ef-bc98-c7b262605968-mgr-x[42769]: +---[RSA 3072]----+
2024-05-10T03:33:07.157 INFO:journalctl@ceph.mgr.x.smithi045.stdout:May 10 03:33:06 smithi045 ceph-d2a0bafa-0e7d-11ef-bc98-c7b262605968-mgr-x[42769]: | |
2024-05-10T03:33:07.158 INFO:journalctl@ceph.mgr.x.smithi045.stdout:May 10 03:33:06 smithi045 ceph-d2a0bafa-0e7d-11ef-bc98-c7b262605968-mgr-x[42769]: |oE. . . |
2024-05-10T03:33:07.158 INFO:journalctl@ceph.mgr.x.smithi045.stdout:May 10 03:33:06 smithi045 ceph-d2a0bafa-0e7d-11ef-bc98-c7b262605968-mgr-x[42769]: |o. = . . . o |
2024-05-10T03:33:07.158 INFO:journalctl@ceph.mgr.x.smithi045.stdout:May 10 03:33:06 smithi045 ceph-d2a0bafa-0e7d-11ef-bc98-c7b262605968-mgr-x[42769]: | .. = o . o . |
2024-05-10T03:33:07.158 INFO:journalctl@ceph.mgr.x.smithi045.stdout:May 10 03:33:06 smithi045 ceph-d2a0bafa-0e7d-11ef-bc98-c7b262605968-mgr-x[42769]: | .o + .S . . + o|
2024-05-10T03:33:07.158 INFO:journalctl@ceph.mgr.x.smithi045.stdout:May 10 03:33:06 smithi045 ceph-d2a0bafa-0e7d-11ef-bc98-c7b262605968-mgr-x[42769]: | .o. . o &.|
2024-05-10T03:33:07.158 INFO:journalctl@ceph.mgr.x.smithi045.stdout:May 10 03:33:06 smithi045 ceph-d2a0bafa-0e7d-11ef-bc98-c7b262605968-mgr-x[42769]: | . ... . o O.*|
2024-05-10T03:33:07.158 INFO:journalctl@ceph.mgr.x.smithi045.stdout:May 10 03:33:06 smithi045 ceph-d2a0bafa-0e7d-11ef-bc98-c7b262605968-mgr-x[42769]: | .....o + . o **|
2024-05-10T03:33:07.158 INFO:journalctl@ceph.mgr.x.smithi045.stdout:May 10 03:33:06 smithi045 ceph-d2a0bafa-0e7d-11ef-bc98-c7b262605968-mgr-x[42769]: | .+.++o . . .o=|
2024-05-10T03:33:07.158 INFO:journalctl@ceph.mgr.x.smithi045.stdout:May 10 03:33:06 smithi045 ceph-d2a0bafa-0e7d-11ef-bc98-c7b262605968-mgr-x[42769]: +----[SHA256]-----+
2024-05-10T03:33:07.330 INFO:teuthology.orchestra.run.smithi045.stdout:/usr/bin/ceph: stderr
2024-05-10T03:33:06.545+0000 7f8cfb073700 1 Processor -- start
2024-05-10T03:33:07.330 INFO:teuthology.orchestra.run.smithi045.stdout:/usr/bin/ceph: stderr
2024-05-10T03:33:06.545+0000 7f8cfb073700 1 -- start start
2024-05-10T03:33:07.330 INFO:teuthology.orchestra.run.smithi045.stdout:/usr/bin/ceph: stderr
2024-05-10T03:33:06.545+0000 7f8cfb073700 1 --2- >> [v2:172.21.15.45:3300/0,v1:172.21.15.45:6789/0] conn(0x7f8cf407ac50 0x7f8cf410a040 unknown :-1 s=NONE pgs=0 cs=0 l=0 rev1=0 crypto rx=0 tx=0 comp rx=0 tx=0).connect
2024-05-10T03:33:07.330 INFO:teuthology.orchestra.run.smithi045.stdout:/usr/bin/ceph: stderr
2024-05-10T03:33:06.545+0000 7f8cfb073700 1 -- --> [v2:172.21.15.45:3300/0,v1:172.21.15.45:6789/0] -- mon_getmap magic: 0 v1 -- 0x7f8cf410a650 con 0x7f8cf407ac50
2024-05-10T03:33:07.330 INFO:teuthology.orchestra.run.smithi045.stdout:/usr/bin/ceph: stderr
2024-05-10T03:33:06.546+0000 7f8cf8e0f700 1 --2- >> [v2:172.21.15.45:3300/0,v1:172.21.15.45:6789/0] conn(0x7f8cf407ac50 0x7f8cf410a040 unknown :-1 s=BANNER_CONNECTING pgs=0 cs=0 l=0 rev1=0 crypto rx=0 tx=0 comp rx=0 tx=0)._handle_peer_banner_payload supported=3 required=0
2024-05-10T03:33:07.330 INFO:teuthology.orchestra.run.smithi045.stdout:/usr/bin/ceph: stderr
2024-05-10T03:33:06.546+0000 7f8cf8e0f700 1 --2- >> [v2:172.21.15.45:3300/0,v1:172.21.15.45:6789/0] conn(0x7f8cf407ac50 0x7f8cf410a040 unknown :-1 s=HELLO_CONNECTING pgs=0 cs=0 l=0 rev1=1 crypto rx=0 tx=0 comp rx=0 tx=0).handle_hello peer v2:172.21.15.45:3300/0 says I am v2:172.21.15.45:50008/0 (socket says 172.21.15.45:50008)
2024-05-10T03:33:07.331 INFO:teuthology.orchestra.run.smithi045.stdout:/usr/bin/ceph: stderr
2024-05-10T03:33:06.546+0000 7f8cf8e0f700 1 -- 172.21.15.45:0/855900602 learned_addr learned my addr 172.21.15.45:0/855900602 (peer_addr_for_me v2:172.21.15.45:0/0)
2024-05-10T03:33:07.331 INFO:teuthology.orchestra.run.smithi045.stdout:/usr/bin/ceph: stderr
2024-05-10T03:33:06.546+0000 7f8cf8e0f700 1 -- 172.21.15.45:0/855900602 --> [v2:172.21.15.45:3300/0,v1:172.21.15.45:6789/0] -- mon_subscribe({config=0+,monmap=0+}) v3 -- 0x7f8cf410a790 con 0x7f8cf407ac50
2024-05-10T03:33:07.331 INFO:teuthology.orchestra.run.smithi045.stdout:/usr/bin/ceph: stderr
2024-05-10T03:33:06.546+0000 7f8cf8e0f700 1 --2- 172.21.15.45:0/855900602 >> [v2:172.21.15.45:3300/0,v1:172.21.15.45:6789/0] conn(0x7f8cf407ac50 0x7f8cf410a040 secure :-1 s=READY pgs=41 cs=0 l=1 rev1=1 crypto rx=0x7f8ce80098a0 tx=0x7f8ce8009bb0 comp rx=0 tx=0).ready entity=mon.0 client_cookie=5364fe4c495403c1 server_cookie=0 in_seq=0 out_seq=0
2024-05-10T03:33:07.331 INFO:teuthology.orchestra.run.smithi045.stdout:/usr/bin/ceph: stderr
2024-05-10T03:33:06.546+0000 7f8cf37fe700 1 -- 172.21.15.45:0/855900602 <== mon.0 v2:172.21.15.45:3300/0 1 ==== mon_map magic: 0 v1 ==== 205+0+0 (secure 0 0 0) 0x7f8ce8004160 con 0x7f8cf407ac50
2024-05-10T03:33:07.331 INFO:teuthology.orchestra.run.smithi045.stdout:/usr/bin/ceph: stderr
2024-05-10T03:33:06.546+0000 7f8cf37fe700 1 -- 172.21.15.45:0/855900602 <== mon.0 v2:172.21.15.45:3300/0 2 ==== config(27 keys) v1 ==== 1108+0+0 (secure 0 0 0) 0x7f8ce80042c0 con 0x7f8cf407ac50
2024-05-10T03:33:07.331 INFO:teuthology.orchestra.run.smithi045.stdout:/usr/bin/ceph: stderr
2024-05-10T03:33:06.546+0000 7f8cf37fe700 1 -- 172.21.15.45:0/855900602 <== mon.0 v2:172.21.15.45:3300/0 3 ==== mon_map magic: 0 v1 ==== 205+0+0 (secure 0 0 0) 0x7f8ce8011ac0 con 0x7f8cf407ac50
2024-05-10T03:33:07.331 INFO:teuthology.orchestra.run.smithi045.stdout:/usr/bin/ceph: stderr
2024-05-10T03:33:06.547+0000 7f8cfb073700 1 -- 172.21.15.45:0/855900602 >> [v2:172.21.15.45:3300/0,v1:172.21.15.45:6789/0] conn(0x7f8cf407ac50 msgr2=0x7f8cf410a040 secure :-1 s=STATE_CONNECTION_ESTABLISHED l=1).mark_down
2024-05-10T03:33:07.331 INFO:teuthology.orchestra.run.smithi045.stdout:/usr/bin/ceph: stderr
2024-05-10T03:33:06.547+0000 7f8cfb073700 1 --2- 172.21.15.45:0/855900602 >> [v2:172.21.15.45:3300/0,v1:172.21.15.45:6789/0] conn(0x7f8cf407ac50 0x7f8cf410a040 secure :-1 s=READY pgs=41 cs=0 l=1 rev1=1 crypto rx=0x7f8ce80098a0 tx=0x7f8ce8009bb0 comp rx=0 tx=0).stop
2024-05-10T03:33:07.331 INFO:teuthology.orchestra.run.smithi045.stdout:/usr/bin/ceph: stderr
2024-05-10T03:33:06.547+0000 7f8cfb073700 1 -- 172.21.15.45:0/855900602 shutdown_connections
2024-05-10T03:33:07.331 INFO:teuthology.orchestra.run.smithi045.stdout:/usr/bin/ceph: stderr
2024-05-10T03:33:06.547+0000 7f8cfb073700 1 --2- 172.21.15.45:0/855900602 >> [v2:172.21.15.45:3300/0,v1:172.21.15.45:6789/0] conn(0x7f8cf407ac50 0x7f8cf410a040 unknown :-1 s=CLOSED pgs=41 cs=0 l=1 rev1=1 crypto rx=0 tx=0 comp rx=0 tx=0).stop
2024-05-10T03:33:07.331 INFO:teuthology.orchestra.run.smithi045.stdout:/usr/bin/ceph: stderr
2024-05-10T03:33:06.547+0000 7f8cfb073700 1 -- 172.21.15.45:0/855900602 >> 172.21.15.45:0/855900602 conn(0x7f8cf4101a30 msgr2=0x7f8cf4103f00 unknown :-1 s=STATE_NONE l=0).mark_down
2024-05-10T03:33:07.331 INFO:teuthology.orchestra.run.smithi045.stdout:/usr/bin/ceph: stderr
2024-05-10T03:33:06.547+0000 7f8cfb073700 1 -- 172.21.15.45:0/855900602 shutdown_connections
2024-05-10T03:33:07.331 INFO:teuthology.orchestra.run.smithi045.stdout:/usr/bin/ceph: stderr
2024-05-10T03:33:06.547+0000 7f8cfb073700 1 -- 172.21.15.45:0/855900602 wait complete.
2024-05-10T03:33:07.331 INFO:teuthology.orchestra.run.smithi045.stdout:/usr/bin/ceph: stderr
2024-05-10T03:33:06.548+0000 7f8cfb073700 1 Processor -- start
2024-05-10T03:33:07.332 INFO:teuthology.orchestra.run.smithi045.stdout:/usr/bin/ceph: stderr
2024-05-10T03:33:06.548+0000 7f8cfb073700 1 -- start start
2024-05-10T03:33:07.332 INFO:teuthology.orchestra.run.smithi045.stdout:/usr/bin/ceph: stderr
2024-05-10T03:33:06.548+0000 7f8cfb073700 1 --2- >> [v2:172.21.15.45:3300/0,v1:172.21.15.45:6789/0] conn(0x7f8cf407ac50 0x7f8cf419b580 unknown :-1 s=NONE pgs=0 cs=0 l=1 rev1=0 crypto rx=0 tx=0 comp rx=0 tx=0).connect
2024-05-10T03:33:07.332 INFO:teuthology.orchestra.run.smithi045.stdout:/usr/bin/ceph: stderr
2024-05-10T03:33:06.548+0000 7f8cfb073700 1 -- --> [v2:172.21.15.45:3300/0,v1:172.21.15.45:6789/0] -- mon_getmap magic: 0 v1 -- 0x7f8cf419bac0 con 0x7f8cf407ac50
2024-05-10T03:33:07.332 INFO:teuthology.orchestra.run.smithi045.stdout:/usr/bin/ceph: stderr
2024-05-10T03:33:06.548+0000 7f8cf8e0f700 1 --2- >> [v2:172.21.15.45:3300/0,v1:172.21.15.45:6789/0] conn(0x7f8cf407ac50 0x7f8cf419b580 unknown :-1 s=BANNER_CONNECTING pgs=0 cs=0 l=1 rev1=0 crypto rx=0 tx=0 comp rx=0 tx=0)._handle_peer_banner_payload supported=3 required=0
2024-05-10T03:33:07.332 INFO:teuthology.orchestra.run.smithi045.stdout:/usr/bin/ceph: stderr
2024-05-10T03:33:06.548+0000 7f8cf8e0f700 1 --2- >> [v2:172.21.15.45:3300/0,v1:172.21.15.45:6789/0] conn(0x7f8cf407ac50 0x7f8cf419b580 unknown :-1 s=HELLO_CONNECTING pgs=0 cs=0 l=1 rev1=1 crypto rx=0 tx=0 comp rx=0 tx=0).handle_hello peer v2:172.21.15.45:3300/0 says I am v2:172.21.15.45:50018/0 (socket says 172.21.15.45:50018)
2024-05-10T03:33:07.332 INFO:teuthology.orchestra.run.smithi045.stdout:/usr/bin/ceph: stderr
2024-05-10T03:33:06.548+0000 7f8cf8e0f700 1 -- 172.21.15.45:0/3403932693 learned_addr learned my addr 172.21.15.45:0/3403932693 (peer_addr_for_me v2:172.21.15.45:0/0)
2024-05-10T03:33:07.332 INFO:teuthology.orchestra.run.smithi045.stdout:/usr/bin/ceph: stderr
2024-05-10T03:33:06.549+0000 7f8cf8e0f700 1 -- 172.21.15.45:0/3403932693 --> [v2:172.21.15.45:3300/0,v1:172.21.15.45:6789/0] -- mon_subscribe({config=0+,monmap=0+}) v3 -- 0x7f8ce8009550 con 0x7f8cf407ac50
2024-05-10T03:33:07.332 INFO:teuthology.orchestra.run.smithi045.stdout:/usr/bin/ceph: stderr
2024-05-10T03:33:06.549+0000 7f8cf8e0f700 1 --2- 172.21.15.45:0/3403932693 >> [v2:172.21.15.45:3300/0,v1:172.21.15.45:6789/0] conn(0x7f8cf407ac50 0x7f8cf419b580 secure :-1 s=READY pgs=42 cs=0 l=1 rev1=1 crypto rx=0x7f8ce8011780 tx=0x7f8ce8011b40 comp rx=0 tx=0).ready entity=mon.0 client_cookie=0 server_cookie=0 in_seq=0 out_seq=0
2024-05-10T03:33:07.332 INFO:teuthology.orchestra.run.smithi045.stdout:/usr/bin/ceph: stderr
2024-05-10T03:33:06.549+0000 7f8cf1ffb700 1 -- 172.21.15.45:0/3403932693 <== mon.0 v2:172.21.15.45:3300/0 1 ==== mon_map magic: 0 v1 ==== 205+0+0 (secure 0 0 0) 0x7f8ce8003af0 con 0x7f8cf407ac50
2024-05-10T03:33:07.332 INFO:teuthology.orchestra.run.smithi045.stdout:/usr/bin/ceph: stderr
2024-05-10T03:33:06.549+0000 7f8cf1ffb700 1 -- 172.21.15.45:0/3403932693 <== mon.0 v2:172.21.15.45:3300/0 2 ==== config(27 keys) v1 ==== 1108+0+0 (secure 0 0 0) 0x7f8ce8003c50 con 0x7f8cf407ac50
2024-05-10T03:33:07.332 INFO:teuthology.orchestra.run.smithi045.stdout:/usr/bin/ceph: stderr
2024-05-10T03:33:06.549+0000 7f8cfb073700 1 -- 172.21.15.45:0/3403932693 --> [v2:172.21.15.45:3300/0,v1:172.21.15.45:6789/0] -- mon_subscribe({mgrmap=0+}) v3 -- 0x7f8cf419bcc0 con 0x7f8cf407ac50
2024-05-10T03:33:07.332 INFO:teuthology.orchestra.run.smithi045.stdout:/usr/bin/ceph: stderr
2024-05-10T03:33:06.549+0000 7f8cf1ffb700 1 -- 172.21.15.45:0/3403932693 <== mon.0 v2:172.21.15.45:3300/0 3 ==== mon_map magic: 0 v1 ==== 205+0+0 (secure 0 0 0) 0x7f8ce8019800 con 0x7f8cf407ac50
2024-05-10T03:33:07.332 INFO:teuthology.orchestra.run.smithi045.stdout:/usr/bin/ceph: stderr
2024-05-10T03:33:06.549+0000 7f8cfb073700 1 -- 172.21.15.45:0/3403932693 --> [v2:172.21.15.45:3300/0,v1:172.21.15.45:6789/0] -- mon_subscribe({osdmap=0}) v3 -- 0x7f8cf419c160 con 0x7f8cf407ac50
2024-05-10T03:33:07.332 INFO:teuthology.orchestra.run.smithi045.stdout:/usr/bin/ceph: stderr
2024-05-10T03:33:06.550+0000 7f8cfb073700 1 -- 172.21.15.45:0/3403932693 --> [v2:172.21.15.45:3300/0,v1:172.21.15.45:6789/0] -- mon_command({"prefix": "get_command_descriptions"} v 0) v1 -- 0x7f8cf410b6b0 con 0x7f8cf407ac50
2024-05-10T03:33:07.333 INFO:teuthology.orchestra.run.smithi045.stdout:/usr/bin/ceph: stderr
2024-05-10T03:33:06.551+0000 7f8cf1ffb700 1 -- 172.21.15.45:0/3403932693 <== mon.0 v2:172.21.15.45:3300/0 4 ==== mgrmap(e 8) v1 ==== 45541+0+0 (secure 0 0 0) 0x7f8ce8019a80 con 0x7f8cf407ac50
2024-05-10T03:33:07.333 INFO:teuthology.orchestra.run.smithi045.stdout:/usr/bin/ceph: stderr
2024-05-10T03:33:06.551+0000 7f8cf1ffb700 1 --2- 172.21.15.45:0/3403932693 >> [v2:172.21.15.45:6800/485502847,v1:172.21.15.45:6801/485502847] conn(0x7f8ce40387c0 0x7f8ce403acd0 unknown :-1 s=NONE pgs=0 cs=0 l=1 rev1=0 crypto rx=0 tx=0 comp rx=0 tx=0).connect
2024-05-10T03:33:07.333 INFO:teuthology.orchestra.run.smithi045.stdout:/usr/bin/ceph: stderr
2024-05-10T03:33:06.551+0000 7f8cf1ffb700 1 -- 172.21.15.45:0/3403932693 <== mon.0 v2:172.21.15.45:3300/0 5 ==== osd_map(2..2 src has 1..2) v4 ==== 940+0+0 (secure 0 0 0) 0x7f8ce804ca40 con 0x7f8cf407ac50
2024-05-10T03:33:07.333 INFO:teuthology.orchestra.run.smithi045.stdout:/usr/bin/ceph: stderr
2024-05-10T03:33:06.551+0000 7f8cf3fff700 1 --2- 172.21.15.45:0/3403932693 >> [v2:172.21.15.45:6800/485502847,v1:172.21.15.45:6801/485502847] conn(0x7f8ce40387c0 0x7f8ce403acd0 unknown :-1 s=BANNER_CONNECTING pgs=0 cs=0 l=1 rev1=0 crypto rx=0 tx=0 comp rx=0 tx=0)._handle_peer_banner_payload supported=3 required=0
2024-05-10T03:33:07.333 INFO:teuthology.orchestra.run.smithi045.stdout:/usr/bin/ceph: stderr
2024-05-10T03:33:06.551+0000 7f8cf3fff700 1 --2- 172.21.15.45:0/3403932693 >> [v2:172.21.15.45:6800/485502847,v1:172.21.15.45:6801/485502847] conn(0x7f8ce40387c0 0x7f8ce403acd0 secure :-1 s=READY pgs=9 cs=0 l=1 rev1=1 crypto rx=0x7f8ce0006fd0 tx=0x7f8ce0006e40 comp rx=0 tx=0).ready entity=mgr.14120 client_cookie=0 server_cookie=0 in_seq=0 out_seq=0
2024-05-10T03:33:07.333 INFO:teuthology.orchestra.run.smithi045.stdout:/usr/bin/ceph: stderr
2024-05-10T03:33:06.556+0000 7f8cf1ffb700 1 -- 172.21.15.45:0/3403932693 <== mon.0 v2:172.21.15.45:3300/0 6 ==== mon_command_ack([{"prefix": "get_command_descriptions"}]=0 v0) v1 ==== 72+0+183622 (secure 0 0 0) 0x7f8ce8018db0 con 0x7f8cf407ac50
2024-05-10T03:33:07.333 INFO:teuthology.orchestra.run.smithi045.stdout:/usr/bin/ceph: stderr
2024-05-10T03:33:06.769+0000 7f8cfb073700 1 -- 172.21.15.45:0/3403932693 --> [v2:172.21.15.45:6800/485502847,v1:172.21.15.45:6801/485502847] -- mgr_command(tid 0: {"prefix": "cephadm generate-key", "target": ["mon-mgr", ""]}) v1 -- 0x7f8cf41029c0 con 0x7f8ce40387c0
2024-05-10T03:33:07.333 INFO:teuthology.orchestra.run.smithi045.stdout:/usr/bin/ceph: stderr
2024-05-10T03:33:06.978+0000 7f8cf1ffb700 1 -- 172.21.15.45:0/3403932693 <== mgr.14120 v2:172.21.15.45:6800/485502847 1 ==== mgr_command_reply(tid 0: 0 ) v1 ==== 8+0+0 (secure 0 0 0) 0x7f8cf41029c0 con 0x7f8ce40387c0
2024-05-10T03:33:07.333 INFO:teuthology.orchestra.run.smithi045.stdout:/usr/bin/ceph: stderr
2024-05-10T03:33:06.980+0000 7f8cfb073700 1 -- 172.21.15.45:0/3403932693 >> [v2:172.21.15.45:6800/485502847,v1:172.21.15.45:6801/485502847] conn(0x7f8ce40387c0 msgr2=0x7f8ce403acd0 secure :-1 s=STATE_CONNECTION_ESTABLISHED l=1).mark_down
2024-05-10T03:33:07.333 INFO:teuthology.orchestra.run.smithi045.stdout:/usr/bin/ceph: stderr
2024-05-10T03:33:06.980+0000 7f8cfb073700 1 --2- 172.21.15.45:0/3403932693 >> [v2:172.21.15.45:6800/485502847,v1:172.21.15.45:6801/485502847] conn(0x7f8ce40387c0 0x7f8ce403acd0 secure :-1 s=READY pgs=9 cs=0 l=1 rev1=1 crypto rx=0x7f8ce0006fd0 tx=0x7f8ce0006e40 comp rx=0 tx=0).stop
2024-05-10T03:33:07.333 INFO:teuthology.orchestra.run.smithi045.stdout:/usr/bin/ceph: stderr
2024-05-10T03:33:06.980+0000 7f8cfb073700 1 -- 172.21.15.45:0/3403932693 >> [v2:172.21.15.45:3300/0,v1:172.21.15.45:6789/0] conn(0x7f8cf407ac50 msgr2=0x7f8cf419b580 secure :-1 s=STATE_CONNECTION_ESTABLISHED l=1).mark_down
2024-05-10T03:33:07.333 INFO:teuthology.orchestra.run.smithi045.stdout:/usr/bin/ceph: stderr
2024-05-10T03:33:06.980+0000 7f8cfb073700 1 --2- 172.21.15.45:0/3403932693 >> [v2:172.21.15.45:3300/0,v1:172.21.15.45:6789/0] conn(0x7f8cf407ac50 0x7f8cf419b580 secure :-1 s=READY pgs=42 cs=0 l=1 rev1=1 crypto rx=0x7f8ce8011780 tx=0x7f8ce8011b40 comp rx=0 tx=0).stop
2024-05-10T03:33:07.333 INFO:teuthology.orchestra.run.smithi045.stdout:/usr/bin/ceph: stderr
2024-05-10T03:33:06.980+0000 7f8cfb073700 1 -- 172.21.15.45:0/3403932693 shutdown_connections
2024-05-10T03:33:07.334 INFO:teuthology.orchestra.run.smithi045.stdout:/usr/bin/ceph: stderr
2024-05-10T03:33:06.980+0000 7f8cfb073700 1 --2- 172.21.15.45:0/3403932693 >> [v2:172.21.15.45:6800/485502847,v1:172.21.15.45:6801/485502847] conn(0x7f8ce40387c0 0x7f8ce403acd0 unknown :-1 s=CLOSED pgs=9 cs=0 l=1 rev1=1 crypto rx=0 tx=0 comp rx=0 tx=0).stop
2024-05-10T03:33:07.334 INFO:teuthology.orchestra.run.smithi045.stdout:/usr/bin/ceph: stderr
2024-05-10T03:33:06.980+0000 7f8cfb073700 1 --2- 172.21.15.45:0/3403932693 >> [v2:172.21.15.45:3300/0,v1:172.21.15.45:6789/0] conn(0x7f8cf407ac50 0x7f8cf419b580 unknown :-1 s=CLOSED pgs=42 cs=0 l=1 rev1=1 crypto rx=0 tx=0 comp rx=0 tx=0).stop
2024-05-10T03:33:07.334 INFO:teuthology.orchestra.run.smithi045.stdout:/usr/bin/ceph: stderr
2024-05-10T03:33:06.980+0000 7f8cfb073700 1 -- 172.21.15.45:0/3403932693 >> 172.21.15.45:0/3403932693 conn(0x7f8cf4101a30 msgr2=0x7f8cf41022b0 unknown :-1 s=STATE_NONE l=0).mark_down
2024-05-10T03:33:07.334 INFO:teuthology.orchestra.run.smithi045.stdout:/usr/bin/ceph: stderr
2024-05-10T03:33:06.981+0000 7f8cfb073700 1 -- 172.21.15.45:0/3403932693 shutdown_connections
2024-05-10T03:33:07.334 INFO:teuthology.orchestra.run.smithi045.stdout:/usr/bin/ceph: stderr
2024-05-10T03:33:06.981+0000 7f8cfb073700 1 -- 172.21.15.45:0/3403932693 wait complete.
2024-05-10T03:33:08.253 INFO:journalctl@ceph.mon.a.smithi045.stdout:May 10 03:33:07 smithi045 ceph-mon[42520]: from='client.14136 -' entity='client.admin' cmd=[{"prefix": "cephadm generate-key", "target": ["mon-mgr", ""]}]: dispatch
2024-05-10T03:33:08.253 INFO:journalctl@ceph.mon.a.smithi045.stdout:May 10 03:33:07 smithi045 ceph-mon[42520]: Generating ssh key...
2024-05-10T03:33:08.253 INFO:journalctl@ceph.mon.a.smithi045.stdout:May 10 03:33:07 smithi045 ceph-mon[42520]: from='mgr.14120 172.21.15.45:0/3849515715' entity='mgr.x'
2024-05-10T03:33:08.253 INFO:journalctl@ceph.mon.a.smithi045.stdout:May 10 03:33:07 smithi045 ceph-mon[42520]: from='mgr.14120 172.21.15.45:0/3849515715' entity='mgr.x'
2024-05-10T03:33:08.322 INFO:teuthology.orchestra.run.smithi045.stdout:/usr/bin/ceph: stdout ssh-rsa AAAAB3NzaC1yc2EAAAADAQABAAABgQCfyzPWKT6S3e4YdioutXBYLIT9gpLQpDRlZR/UGXcMPVdYP3VSXH0Jp0QnYfxZXBglSchmlq8exGwCJT0VtQqVO50vhYLYNp/LCyVyBfB1BuR5O65buYf996u4C+D8tbcA2/JcH/6uUXQzDbl4Xf9KhXswmdE60FQsUrlivDOGotFKKVqODcwOxLYp4XVY/z3ywFyumLCL8cvz/zEIxaP9x1e00p4xZc+0FThBt4JLXYMVkJ+QJ+CgKqFy9enG406/Y2an3eRV5ko2Q87m2ZxGKzFdM/jjeJbpECZbscn5qIu6UHTpv4AoP6jhR5OPp80NNwQRMrk2dREnmA1dMMB9A969heJbLGqjimn5OIz2gInvH6aTZl+jvH6Kb13Y7UYXf0qUhP+nes7hY4IKCM1KXmBFcy0kDW9OHg8ezDzqbNtj+NaD+vSulz7iVujk84AiwMiNYm2KvbzuF9V2VOUq8nOlwoxqZ67+ZtrDx7+ZQveLfPV2Otp6Mspd9FnZT58= ceph-d2a0bafa-0e7d-11ef-bc98-c7b262605968
2024-05-10T03:33:08.322 INFO:teuthology.orchestra.run.smithi045.stdout:/usr/bin/ceph: stderr
2024-05-10T03:33:07.703+0000 7f12b971b700 1 Processor -- start
2024-05-10T03:33:08.322 INFO:teuthology.orchestra.run.smithi045.stdout:/usr/bin/ceph: stderr
2024-05-10T03:33:07.703+0000 7f12b971b700 1 -- start start
2024-05-10T03:33:08.323 INFO:teuthology.orchestra.run.smithi045.stdout:/usr/bin/ceph: stderr
2024-05-10T03:33:07.703+0000 7f12b971b700 1 --2- >> [v2:172.21.15.45:3300/0,v1:172.21.15.45:6789/0] conn(0x7f12b4107fe0 0x7f12b410a400 unknown :-1 s=NONE pgs=0 cs=0 l=0 rev1=0 crypto rx=0 tx=0 comp rx=0 tx=0).connect
2024-05-10T03:33:08.323 INFO:teuthology.orchestra.run.smithi045.stdout:/usr/bin/ceph: stderr
2024-05-10T03:33:07.704+0000 7f12b971b700 1 -- --> [v2:172.21.15.45:3300/0,v1:172.21.15.45:6789/0] -- mon_getmap magic: 0 v1 -- 0x7f12b407ad60 con 0x7f12b4107fe0
2024-05-10T03:33:08.323 INFO:teuthology.orchestra.run.smithi045.stdout:/usr/bin/ceph: stderr
2024-05-10T03:33:07.704+0000 7f12b2ffd700 1 --2- >> [v2:172.21.15.45:3300/0,v1:172.21.15.45:6789/0] conn(0x7f12b4107fe0 0x7f12b410a400 unknown :-1 s=BANNER_CONNECTING pgs=0 cs=0 l=0 rev1=0 crypto rx=0 tx=0 comp rx=0 tx=0)._handle_peer_banner_payload supported=3 required=0
2024-05-10T03:33:08.323 INFO:teuthology.orchestra.run.smithi045.stdout:/usr/bin/ceph: stderr
2024-05-10T03:33:07.704+0000 7f12b2ffd700 1 --2- >> [v2:172.21.15.45:3300/0,v1:172.21.15.45:6789/0] conn(0x7f12b4107fe0 0x7f12b410a400 unknown :-1 s=HELLO_CONNECTING pgs=0 cs=0 l=0 rev1=1 crypto rx=0 tx=0 comp rx=0 tx=0).handle_hello peer v2:172.21.15.45:3300/0 says I am v2:172.21.15.45:43166/0 (socket says 172.21.15.45:43166)
2024-05-10T03:33:08.323 INFO:teuthology.orchestra.run.smithi045.stdout:/usr/bin/ceph: stderr
2024-05-10T03:33:07.704+0000 7f12b2ffd700 1 -- 172.21.15.45:0/762824732 learned_addr learned my addr 172.21.15.45:0/762824732 (peer_addr_for_me v2:172.21.15.45:0/0)
2024-05-10T03:33:08.323 INFO:teuthology.orchestra.run.smithi045.stdout:/usr/bin/ceph: stderr
2024-05-10T03:33:07.704+0000 7f12b2ffd700 1 -- 172.21.15.45:0/762824732 --> [v2:172.21.15.45:3300/0,v1:172.21.15.45:6789/0] -- mon_subscribe({config=0+,monmap=0+}) v3 -- 0x7f12b407aea0 con 0x7f12b4107fe0
2024-05-10T03:33:08.323 INFO:teuthology.orchestra.run.smithi045.stdout:/usr/bin/ceph: stderr
2024-05-10T03:33:07.705+0000 7f12b2ffd700 1 --2- 172.21.15.45:0/762824732 >> [v2:172.21.15.45:3300/0,v1:172.21.15.45:6789/0] conn(0x7f12b4107fe0 0x7f12b410a400 secure :-1 s=READY pgs=43 cs=0 l=1 rev1=1 crypto rx=0x7f12a80098a0 tx=0x7f12a8009bb0 comp rx=0 tx=0).ready entity=mon.0 client_cookie=92e19ff76a164640 server_cookie=0 in_seq=0 out_seq=0
2024-05-10T03:33:08.323 INFO:teuthology.orchestra.run.smithi045.stdout:/usr/bin/ceph: stderr
2024-05-10T03:33:07.705+0000 7f12b1ffb700 1 -- 172.21.15.45:0/762824732 <== mon.0 v2:172.21.15.45:3300/0 1 ==== mon_map magic: 0 v1 ==== 205+0+0 (secure 0 0 0) 0x7f12a8004160 con 0x7f12b4107fe0
2024-05-10T03:33:08.323 INFO:teuthology.orchestra.run.smithi045.stdout:/usr/bin/ceph: stderr
2024-05-10T03:33:07.705+0000 7f12b1ffb700 1 -- 172.21.15.45:0/762824732 <== mon.0 v2:172.21.15.45:3300/0 2 ==== config(27 keys) v1 ==== 1108+0+0 (secure 0 0 0) 0x7f12a80042c0 con 0x7f12b4107fe0
2024-05-10T03:33:08.323 INFO:teuthology.orchestra.run.smithi045.stdout:/usr/bin/ceph: stderr
2024-05-10T03:33:07.705+0000 7f12b1ffb700 1 -- 172.21.15.45:0/762824732 <== mon.0 v2:172.21.15.45:3300/0 3 ==== mon_map magic: 0 v1 ==== 205+0+0 (secure 0 0 0) 0x7f12a8011ac0 con 0x7f12b4107fe0
2024-05-10T03:33:08.323 INFO:teuthology.orchestra.run.smithi045.stdout:/usr/bin/ceph: stderr
2024-05-10T03:33:07.705+0000 7f12b971b700 1 -- 172.21.15.45:0/762824732 >> [v2:172.21.15.45:3300/0,v1:172.21.15.45:6789/0] conn(0x7f12b4107fe0 msgr2=0x7f12b410a400 secure :-1 s=STATE_CONNECTION_ESTABLISHED l=1).mark_down
2024-05-10T03:33:08.323 INFO:teuthology.orchestra.run.smithi045.stdout:/usr/bin/ceph: stderr
2024-05-10T03:33:07.705+0000 7f12b971b700 1 --2- 172.21.15.45:0/762824732 >> [v2:172.21.15.45:3300/0,v1:172.21.15.45:6789/0] conn(0x7f12b4107fe0 0x7f12b410a400 secure :-1 s=READY pgs=43 cs=0 l=1 rev1=1 crypto rx=0x7f12a80098a0 tx=0x7f12a8009bb0 comp rx=0 tx=0).stop
2024-05-10T03:33:08.323 INFO:teuthology.orchestra.run.smithi045.stdout:/usr/bin/ceph: stderr
2024-05-10T03:33:07.705+0000 7f12b971b700 1 -- 172.21.15.45:0/762824732 shutdown_connections
2024-05-10T03:33:08.324 INFO:teuthology.orchestra.run.smithi045.stdout:/usr/bin/ceph: stderr
2024-05-10T03:33:07.705+0000 7f12b971b700 1 --2- 172.21.15.45:0/762824732 >> [v2:172.21.15.45:3300/0,v1:172.21.15.45:6789/0] conn(0x7f12b4107fe0 0x7f12b410a400 unknown :-1 s=CLOSED pgs=43 cs=0 l=1 rev1=1 crypto rx=0 tx=0 comp rx=0 tx=0).stop
2024-05-10T03:33:08.324 INFO:teuthology.orchestra.run.smithi045.stdout:/usr/bin/ceph: stderr
2024-05-10T03:33:07.705+0000 7f12b971b700 1 -- 172.21.15.45:0/762824732 >> 172.21.15.45:0/762824732 conn(0x7f12b4101a60 msgr2=0x7f12b4103ef0 unknown :-1 s=STATE_NONE l=0).mark_down
2024-05-10T03:33:08.324 INFO:teuthology.orchestra.run.smithi045.stdout:/usr/bin/ceph: stderr
2024-05-10T03:33:07.706+0000 7f12b971b700 1 -- 172.21.15.45:0/762824732 shutdown_connections
2024-05-10T03:33:08.324 INFO:teuthology.orchestra.run.smithi045.stdout:/usr/bin/ceph: stderr
2024-05-10T03:33:07.706+0000 7f12b971b700 1 -- 172.21.15.45:0/762824732 wait complete.
2024-05-10T03:33:08.324 INFO:teuthology.orchestra.run.smithi045.stdout:/usr/bin/ceph: stderr
2024-05-10T03:33:07.706+0000 7f12b971b700 1 Processor -- start
2024-05-10T03:33:08.324 INFO:teuthology.orchestra.run.smithi045.stdout:/usr/bin/ceph: stderr
2024-05-10T03:33:07.706+0000 7f12b971b700 1 -- start start
2024-05-10T03:33:08.324 INFO:teuthology.orchestra.run.smithi045.stdout:/usr/bin/ceph: stderr
2024-05-10T03:33:07.707+0000 7f12b971b700 1 --2- >> [v2:172.21.15.45:3300/0,v1:172.21.15.45:6789/0] conn(0x7f12b4107fe0 0x7f12b419b5e0 unknown :-1 s=NONE pgs=0 cs=0 l=1 rev1=0 crypto rx=0 tx=0 comp rx=0 tx=0).connect
2024-05-10T03:33:08.324 INFO:teuthology.orchestra.run.smithi045.stdout:/usr/bin/ceph: stderr
2024-05-10T03:33:07.707+0000 7f12b971b700 1 -- --> [v2:172.21.15.45:3300/0,v1:172.21.15.45:6789/0] -- mon_getmap magic: 0 v1 -- 0x7f12b419bb20 con 0x7f12b4107fe0
2024-05-10T03:33:08.324 INFO:teuthology.orchestra.run.smithi045.stdout:/usr/bin/ceph: stderr
2024-05-10T03:33:07.707+0000 7f12b2ffd700 1 --2- >> [v2:172.21.15.45:3300/0,v1:172.21.15.45:6789/0] conn(0x7f12b4107fe0 0x7f12b419b5e0 unknown :-1 s=BANNER_CONNECTING pgs=0 cs=0 l=1 rev1=0 crypto rx=0 tx=0 comp rx=0 tx=0)._handle_peer_banner_payload supported=3 required=0
